May 02 02:44:09.394484 np0000171481 nova-conductor[111770]: DEBUG cotyledon.oslo_config_glue [-] vmware.vnc_keymap = en-us {{(pid=111770) log_opt_values /opt/stack/data/venv/lib/python3.12/site-packages/oslo_config/cfg.py:3006}}
May 02 02:44:09.394484 np0000171481 nova-conductor[111770]: DEBUG cotyledon.oslo_config_glue [-] vmware.vnc_port = 5900 {{(pid=111770) log_opt_values /opt/stack/data/venv/lib/python3.12/site-packages/oslo_config/cfg.py:3006}}
May 02 02:44:09.394973 np0000171481 nova-conductor[111770]: DEBUG cotyledon.oslo_config_glue [-] vmware.vnc_port_total = 10000 {{(pid=111770) log_opt_values /opt/stack/data/venv/lib/python3.12/site-packages/oslo_config/cfg.py:3006}}
May 02 02:44:09.394973 np0000171481 nova-conductor[111770]: DEBUG cotyledon.oslo_config_glue [-] vnc.auth_schemes = ['none'] {{(pid=111770) log_opt_values /opt/stack/data/venv/lib/python3.12/site-packages/oslo_config/cfg.py:3006}}
May 02 02:44:09.395053 np0000171481 nova-conductor[111761]: INFO dbcounter [None req-0d36240c-ac65-457c-92a4-0067d9980ccc None None] Registered counter for database nova_cell0
May 02 02:44:09.395097 np0000171481 nova-conductor[111770]: DEBUG cotyledon.oslo_config_glue [-] vnc.enabled = True {{(pid=111770) log_opt_values /opt/stack/data/venv/lib/python3.12/site-packages/oslo_config/cfg.py:3006}}
May 02 02:44:09.395097 np0000171481 nova-conductor[111770]: DEBUG cotyledon.oslo_config_glue [-] vnc.novncproxy_base_url = http://127.0.0.1:6080/vnc_auto.html {{(pid=111770) log_opt_values /opt/stack/data/venv/lib/python3.12/site-packages/oslo_config/cfg.py:3006}}
May 02 02:44:09.395097 np0000171481 nova-conductor[111770]: DEBUG cotyledon.oslo_config_glue [-] vnc.novncproxy_host = 0.0.0.0 {{(pid=111770) log_opt_values /opt/stack/data/venv/lib/python3.12/site-packages/oslo_config/cfg.py:3006}}
May 02 02:44:09.395097 np0000171481 nova-conductor[111770]: DEBUG cotyledon.oslo_config_glue [-] vnc.novncproxy_port = 6080 {{(pid=111770) log_opt_values /opt/stack/data/venv/lib/python3.12/site-packages/oslo_config/cfg.py:3006}}
May 02 02:44:09.395097 np0000171481 nova-conductor[111770]: DEBUG cotyledon.oslo_config_glue [-] vnc.server_listen = 127.0.0.1 {{(pid=111770) log_opt_values /opt/stack/data/venv/lib/python3.12/site-packages/oslo_config/cfg.py:3006}}
May 02 02:44:09.395097 np0000171481 nova-conductor[111770]: DEBUG cotyledon.oslo_config_glue [-] vnc.server_proxyclient_address = 127.0.0.1 {{(pid=111770) log_opt_values /opt/stack/data/venv/lib/python3.12/site-packages/oslo_config/cfg.py:3006}}
May 02 02:44:09.395097 np0000171481 nova-conductor[111770]: DEBUG cotyledon.oslo_config_glue [-] vnc.vencrypt_ca_certs = None {{(pid=111770) log_opt_values /opt/stack/data/venv/lib/python3.12/site-packages/oslo_config/cfg.py:3006}}
May 02 02:44:09.395097 np0000171481 nova-conductor[111770]: DEBUG cotyledon.oslo_config_glue [-] vnc.vencrypt_client_cert = None {{(pid=111770) log_opt_values /opt/stack/data/venv/lib/python3.12/site-packages/oslo_config/cfg.py:3006}}
May 02 02:44:09.395097 np0000171481 nova-conductor[111770]: DEBUG cotyledon.oslo_config_glue [-] vnc.vencrypt_client_key = None {{(pid=111770) log_opt_values /opt/stack/data/venv/lib/python3.12/site-packages/oslo_config/cfg.py:3006}}
May 02 02:44:09.395354 np0000171481 nova-conductor[111770]: DEBUG cotyledon.oslo_config_glue [-] workarounds.disable_compute_service_check_for_ffu = False {{(pid=111770) log_opt_values /opt/stack/data/venv/lib/python3.12/site-packages/oslo_config/cfg.py:3006}}
May 02 02:44:09.395354 np0000171481 nova-conductor[111770]: DEBUG cotyledon.oslo_config_glue [-] workarounds.disable_deep_image_inspection = False {{(pid=111770) log_opt_values /opt/stack/data/venv/lib/python3.12/site-packages/oslo_config/cfg.py:3006}}
May 02 02:44:09.395354 np0000171481 nova-conductor[111770]: DEBUG cotyledon.oslo_config_glue [-] workarounds.disable_fallback_pcpu_query = False {{(pid=111770) log_opt_values /opt/stack/data/venv/lib/python3.12/site-packages/oslo_config/cfg.py:3006}}
May 02 02:44:09.395354 np0000171481 nova-conductor[111770]: DEBUG cotyledon.oslo_config_glue [-] workarounds.disable_group_policy_check_upcall = False {{(pid=111770) log_opt_values /opt/stack/data/venv/lib/python3.12/site-packages/oslo_config/cfg.py:3006}}
May 02 02:44:09.395354 np0000171481 nova-conductor[111770]: DEBUG cotyledon.oslo_config_glue [-] workarounds.disable_libvirt_livesnapshot = False {{(pid=111770) log_opt_values /opt/stack/data/venv/lib/python3.12/site-packages/oslo_config/cfg.py:3006}}
May 02 02:44:09.395354 np0000171481 nova-conductor[111770]: DEBUG cotyledon.oslo_config_glue [-] workarounds.disable_rootwrap = False {{(pid=111770) log_opt_values /opt/stack/data/venv/lib/python3.12/site-packages/oslo_config/cfg.py:3006}}
May 02 02:44:09.395354 np0000171481 nova-conductor[111770]: DEBUG cotyledon.oslo_config_glue [-] workarounds.enable_numa_live_migration = False {{(pid=111770) log_opt_values /opt/stack/data/venv/lib/python3.12/site-packages/oslo_config/cfg.py:3006}}
May 02 02:44:09.395354 np0000171481 nova-conductor[111770]: DEBUG cotyledon.oslo_config_glue [-] workarounds.enable_qemu_monitor_announce_self = False {{(pid=111770) log_opt_values /opt/stack/data/venv/lib/python3.12/site-packages/oslo_config/cfg.py:3006}}
May 02 02:44:09.395354 np0000171481 nova-conductor[111770]: DEBUG cotyledon.oslo_config_glue [-] workarounds.ensure_libvirt_rbd_instance_dir_cleanup = False {{(pid=111770) log_opt_values /opt/stack/data/venv/lib/python3.12/site-packages/oslo_config/cfg.py:3006}}
May 02 02:44:09.395592 np0000171481 nova-conductor[111770]: DEBUG cotyledon.oslo_config_glue [-] workarounds.handle_virt_lifecycle_events = True {{(pid=111770) log_opt_values /opt/stack/data/venv/lib/python3.12/site-packages/oslo_config/cfg.py:3006}}
May 02 02:44:09.395592 np0000171481 nova-conductor[111770]: DEBUG cotyledon.oslo_config_glue [-] workarounds.libvirt_disable_apic = False {{(pid=111770) log_opt_values /opt/stack/data/venv/lib/python3.12/site-packages/oslo_config/cfg.py:3006}}
May 02 02:44:09.395592 np0000171481 nova-conductor[111770]: DEBUG cotyledon.oslo_config_glue [-] workarounds.never_download_image_if_on_rbd = False {{(pid=111770) log_opt_values /opt/stack/data/venv/lib/python3.12/site-packages/oslo_config/cfg.py:3006}}
May 02 02:44:09.395592 np0000171481 nova-conductor[111770]: DEBUG cotyledon.oslo_config_glue [-] workarounds.qemu_monitor_announce_self_count = 3 {{(pid=111770) log_opt_values /opt/stack/data/venv/lib/python3.12/site-packages/oslo_config/cfg.py:3006}}
May 02 02:44:09.395592 np0000171481 nova-conductor[111770]: DEBUG cotyledon.oslo_config_glue [-] workarounds.qemu_monitor_announce_self_interval = 1 {{(pid=111770) log_opt_values /opt/stack/data/venv/lib/python3.12/site-packages/oslo_config/cfg.py:3006}}
May 02 02:44:09.395592 np0000171481 nova-conductor[111770]: DEBUG cotyledon.oslo_config_glue [-] workarounds.reserve_disk_resource_for_image_cache = False {{(pid=111770) log_opt_values /opt/stack/data/venv/lib/python3.12/site-packages/oslo_config/cfg.py:3006}}
May 02 02:44:09.395592 np0000171481 nova-conductor[111770]: DEBUG cotyledon.oslo_config_glue [-] workarounds.skip_cpu_compare_at_startup = False {{(pid=111770) log_opt_values /opt/stack/data/venv/lib/python3.12/site-packages/oslo_config/cfg.py:3006}}
May 02 02:44:09.395592 np0000171481 nova-conductor[111770]: DEBUG cotyledon.oslo_config_glue [-] workarounds.skip_cpu_compare_on_dest = False {{(pid=111770) log_opt_values /opt/stack/data/venv/lib/python3.12/site-packages/oslo_config/cfg.py:3006}}
May 02 02:44:09.395592 np0000171481 nova-conductor[111770]: DEBUG cotyledon.oslo_config_glue [-] workarounds.skip_hypervisor_version_check_on_lm = False {{(pid=111770) log_opt_values /opt/stack/data/venv/lib/python3.12/site-packages/oslo_config/cfg.py:3006}}
May 02 02:44:09.395816 np0000171481 nova-conductor[111770]: DEBUG cotyledon.oslo_config_glue [-] workarounds.skip_reserve_in_use_ironic_nodes = False {{(pid=111770) log_opt_values /opt/stack/data/venv/lib/python3.12/site-packages/oslo_config/cfg.py:3006}}
May 02 02:44:09.395816 np0000171481 nova-conductor[111770]: DEBUG cotyledon.oslo_config_glue [-] workarounds.unified_limits_count_pcpu_as_vcpu = False {{(pid=111770) log_opt_values /opt/stack/data/venv/lib/python3.12/site-packages/oslo_config/cfg.py:3006}}
May 02 02:44:09.395816 np0000171481 nova-conductor[111770]: DEBUG cotyledon.oslo_config_glue [-] workarounds.wait_for_vif_plugged_event_during_hard_reboot = [] {{(pid=111770) log_opt_values /opt/stack/data/venv/lib/python3.12/site-packages/oslo_config/cfg.py:3006}}
May 02 02:44:09.395816 np0000171481 nova-conductor[111770]: DEBUG cotyledon.oslo_config_glue [-] wsgi.api_paste_config = /etc/nova/api-paste.ini {{(pid=111770) log_opt_values /opt/stack/data/venv/lib/python3.12/site-packages/oslo_config/cfg.py:3006}}
May 02 02:44:09.395816 np0000171481 nova-conductor[111770]: DEBUG cotyledon.oslo_config_glue [-] wsgi.secure_proxy_ssl_header = None {{(pid=111770) log_opt_values /opt/stack/data/venv/lib/python3.12/site-packages/oslo_config/cfg.py:3006}}
May 02 02:44:09.395816 np0000171481 nova-conductor[111770]: DEBUG cotyledon.oslo_config_glue [-] zvm.ca_file = None {{(pid=111770) log_opt_values /opt/stack/data/venv/lib/python3.12/site-packages/oslo_config/cfg.py:3006}}
May 02 02:44:09.395816 np0000171481 nova-conductor[111770]: DEBUG cotyledon.oslo_config_glue [-] zvm.cloud_connector_url = None {{(pid=111770) log_opt_values /opt/stack/data/venv/lib/python3.12/site-packages/oslo_config/cfg.py:3006}}
May 02 02:44:09.395816 np0000171481 nova-conductor[111770]: DEBUG cotyledon.oslo_config_glue [-] zvm.image_tmp_path = /opt/stack/data/nova/images {{(pid=111770) log_opt_values /opt/stack/data/venv/lib/python3.12/site-packages/oslo_config/cfg.py:3006}}
May 02 02:44:09.395816 np0000171481 nova-conductor[111770]: DEBUG cotyledon.oslo_config_glue [-] zvm.reachable_timeout = 300 {{(pid=111770) log_opt_values /opt/stack/data/venv/lib/python3.12/site-packages/oslo_config/cfg.py:3006}}
May 02 02:44:09.396033 np0000171481 nova-conductor[111770]: DEBUG cotyledon.oslo_config_glue [-] oslo_versionedobjects.fatal_exception_format_errors = False {{(pid=111770) log_opt_values /opt/stack/data/venv/lib/python3.12/site-packages/oslo_config/cfg.py:3006}}
May 02 02:44:09.396033 np0000171481 nova-conductor[111770]: DEBUG cotyledon.oslo_config_glue [-] oslo_middleware.http_basic_auth_user_file = /etc/htpasswd {{(pid=111770) log_opt_values /opt/stack/data/venv/lib/python3.12/site-packages/oslo_config/cfg.py:3006}}
May 02 02:44:09.396033 np0000171481 nova-conductor[111770]: DEBUG cotyledon.oslo_config_glue [-] profiler.connection_string = messaging:// {{(pid=111770) log_opt_values /opt/stack/data/venv/lib/python3.12/site-packages/oslo_config/cfg.py:3006}}
May 02 02:44:09.396033 np0000171481 nova-conductor[111770]: DEBUG cotyledon.oslo_config_glue [-] profiler.enabled = False {{(pid=111770) log_opt_values /opt/stack/data/venv/lib/python3.12/site-packages/oslo_config/cfg.py:3006}}
May 02 02:44:09.396033 np0000171481 nova-conductor[111770]: DEBUG cotyledon.oslo_config_glue [-] profiler.es_doc_type = notification {{(pid=111770) log_opt_values /opt/stack/data/venv/lib/python3.12/site-packages/oslo_config/cfg.py:3006}}
May 02 02:44:09.396033 np0000171481 nova-conductor[111770]: DEBUG cotyledon.oslo_config_glue [-] profiler.es_scroll_size = 10000 {{(pid=111770) log_opt_values /opt/stack/data/venv/lib/python3.12/site-packages/oslo_config/cfg.py:3006}}
May 02 02:44:09.396033 np0000171481 nova-conductor[111770]: DEBUG cotyledon.oslo_config_glue [-] profiler.es_scroll_time = 2m {{(pid=111770) log_opt_values /opt/stack/data/venv/lib/python3.12/site-packages/oslo_config/cfg.py:3006}}
May 02 02:44:09.396033 np0000171481 nova-conductor[111770]: DEBUG cotyledon.oslo_config_glue [-] profiler.filter_error_trace = False {{(pid=111770) log_opt_values /opt/stack/data/venv/lib/python3.12/site-packages/oslo_config/cfg.py:3006}}
May 02 02:44:09.396033 np0000171481 nova-conductor[111770]: DEBUG cotyledon.oslo_config_glue [-] profiler.hmac_keys = **** {{(pid=111770) log_opt_values /opt/stack/data/venv/lib/python3.12/site-packages/oslo_config/cfg.py:3006}}
May 02 02:44:09.396253 np0000171481 nova-conductor[111770]: DEBUG cotyledon.oslo_config_glue [-] profiler.sentinel_service_name = mymaster {{(pid=111770) log_opt_values /opt/stack/data/venv/lib/python3.12/site-packages/oslo_config/cfg.py:3006}}
May 02 02:44:09.396253 np0000171481 nova-conductor[111770]: DEBUG cotyledon.oslo_config_glue [-] profiler.socket_timeout = 0.1 {{(pid=111770) log_opt_values /opt/stack/data/venv/lib/python3.12/site-packages/oslo_config/cfg.py:3006}}
May 02 02:44:09.396253 np0000171481 nova-conductor[111770]: DEBUG cotyledon.oslo_config_glue [-] profiler.trace_requests = False {{(pid=111770) log_opt_values /opt/stack/data/venv/lib/python3.12/site-packages/oslo_config/cfg.py:3006}}
May 02 02:44:09.396329 np0000171481 nova-conductor[111754]: DEBUG dbcounter [-] [111754] Writer thread running {{(pid=111754) stat_writer /opt/stack/data/venv/lib/python3.12/site-packages/dbcounter.py:102}}
May 02 02:44:09.396360 np0000171481 nova-conductor[111770]: DEBUG cotyledon.oslo_config_glue [-] profiler.trace_sqlalchemy = False {{(pid=111770) log_opt_values /opt/stack/data/venv/lib/python3.12/site-packages/oslo_config/cfg.py:3006}}
May 02 02:44:09.396360 np0000171481 nova-conductor[111770]: DEBUG cotyledon.oslo_config_glue [-] profiler_jaeger.process_tags = {} {{(pid=111770) log_opt_values /opt/stack/data/venv/lib/python3.12/site-packages/oslo_config/cfg.py:3006}}
May 02 02:44:09.396360 np0000171481 nova-conductor[111770]: DEBUG cotyledon.oslo_config_glue [-] profiler_jaeger.service_name_prefix = None {{(pid=111770) log_opt_values /opt/stack/data/venv/lib/python3.12/site-packages/oslo_config/cfg.py:3006}}
May 02 02:44:09.396360 np0000171481 nova-conductor[111770]: DEBUG cotyledon.oslo_config_glue [-] profiler_otlp.service_name_prefix = None {{(pid=111770) log_opt_values /opt/stack/data/venv/lib/python3.12/site-packages/oslo_config/cfg.py:3006}}
May 02 02:44:09.396360 np0000171481 nova-conductor[111770]: DEBUG cotyledon.oslo_config_glue [-] oslo_messaging_rabbit.amqp_auto_delete = False {{(pid=111770) log_opt_values /opt/stack/data/venv/lib/python3.12/site-packages/oslo_config/cfg.py:3006}}
May 02 02:44:09.396360 np0000171481 nova-conductor[111770]: DEBUG cotyledon.oslo_config_glue [-] oslo_messaging_rabbit.amqp_durable_queues = False {{(pid=111770) log_opt_values /opt/stack/data/venv/lib/python3.12/site-packages/oslo_config/cfg.py:3006}}
May 02 02:44:09.396360 np0000171481 nova-conductor[111770]: DEBUG cotyledon.oslo_config_glue [-] oslo_messaging_rabbit.conn_pool_min_size = 2 {{(pid=111770) log_opt_values /opt/stack/data/venv/lib/python3.12/site-packages/oslo_config/cfg.py:3006}}
May 02 02:44:09.396360 np0000171481 nova-conductor[111770]: DEBUG cotyledon.oslo_config_glue [-] oslo_messaging_rabbit.conn_pool_ttl = 1200 {{(pid=111770) log_opt_values /opt/stack/data/venv/lib/python3.12/site-packages/oslo_config/cfg.py:3006}}
May 02 02:44:09.396360 np0000171481 nova-conductor[111770]: DEBUG cotyledon.oslo_config_glue [-] oslo_messaging_rabbit.direct_mandatory_flag = True {{(pid=111770) log_opt_values /opt/stack/data/venv/lib/python3.12/site-packages/oslo_config/cfg.py:3006}}
May 02 02:44:09.396598 np0000171481 nova-conductor[111770]: DEBUG cotyledon.oslo_config_glue [-] oslo_messaging_rabbit.enable_cancel_on_failover = False {{(pid=111770) log_opt_values /opt/stack/data/venv/lib/python3.12/site-packages/oslo_config/cfg.py:3006}}
May 02 02:44:09.396598 np0000171481 nova-conductor[111770]: DEBUG cotyledon.oslo_config_glue [-] oslo_messaging_rabbit.heartbeat_in_pthread = False {{(pid=111770) log_opt_values /opt/stack/data/venv/lib/python3.12/site-packages/oslo_config/cfg.py:3006}}
May 02 02:44:09.396598 np0000171481 nova-conductor[111770]: DEBUG cotyledon.oslo_config_glue [-] oslo_messaging_rabbit.heartbeat_rate = 3 {{(pid=111770) log_opt_values /opt/stack/data/venv/lib/python3.12/site-packages/oslo_config/cfg.py:3006}}
May 02 02:44:09.396598 np0000171481 nova-conductor[111770]: DEBUG cotyledon.oslo_config_glue [-] oslo_messaging_rabbit.heartbeat_timeout_threshold = 60 {{(pid=111770) log_opt_values /opt/stack/data/venv/lib/python3.12/site-packages/oslo_config/cfg.py:3006}}
May 02 02:44:09.396598 np0000171481 nova-conductor[111770]: DEBUG cotyledon.oslo_config_glue [-] oslo_messaging_rabbit.hostname = np0000171481 {{(pid=111770) log_opt_values /opt/stack/data/venv/lib/python3.12/site-packages/oslo_config/cfg.py:3006}}
May 02 02:44:09.396598 np0000171481 nova-conductor[111770]: DEBUG cotyledon.oslo_config_glue [-] oslo_messaging_rabbit.kombu_compression = None {{(pid=111770) log_opt_values /opt/stack/data/venv/lib/python3.12/site-packages/oslo_config/cfg.py:3006}}
May 02 02:44:09.396598 np0000171481 nova-conductor[111770]: DEBUG cotyledon.oslo_config_glue [-] oslo_messaging_rabbit.kombu_failover_strategy = round-robin {{(pid=111770) log_opt_values /opt/stack/data/venv/lib/python3.12/site-packages/oslo_config/cfg.py:3006}}
May 02 02:44:09.396598 np0000171481 nova-conductor[111770]: DEBUG cotyledon.oslo_config_glue [-] oslo_messaging_rabbit.kombu_missing_consumer_retry_timeout = 60 {{(pid=111770) log_opt_values /opt/stack/data/venv/lib/python3.12/site-packages/oslo_config/cfg.py:3006}}
May 02 02:44:09.396813 np0000171481 nova-conductor[111770]: DEBUG cotyledon.oslo_config_glue [-] oslo_messaging_rabbit.kombu_reconnect_delay = 1.0 {{(pid=111770) log_opt_values /opt/stack/data/venv/lib/python3.12/site-packages/oslo_config/cfg.py:3006}}
May 02 02:44:09.396813 np0000171481 nova-conductor[111770]: DEBUG cotyledon.oslo_config_glue [-] oslo_messaging_rabbit.kombu_reconnect_splay = 0.0 {{(pid=111770) log_opt_values /opt/stack/data/venv/lib/python3.12/site-packages/oslo_config/cfg.py:3006}}
May 02 02:44:09.396813 np0000171481 nova-conductor[111770]: DEBUG cotyledon.oslo_config_glue [-] oslo_messaging_rabbit.processname = nova-conductor {{(pid=111770) log_opt_values /opt/stack/data/venv/lib/python3.12/site-packages/oslo_config/cfg.py:3006}}
May 02 02:44:09.396813 np0000171481 nova-conductor[111770]: DEBUG cotyledon.oslo_config_glue [-] oslo_messaging_rabbit.rabbit_ha_queues = False {{(pid=111770) log_opt_values /opt/stack/data/venv/lib/python3.12/site-packages/oslo_config/cfg.py:3006}}
May 02 02:44:09.396813 np0000171481 nova-conductor[111770]: DEBUG cotyledon.oslo_config_glue [-] oslo_messaging_rabbit.rabbit_interval_max = 30 {{(pid=111770) log_opt_values /opt/stack/data/venv/lib/python3.12/site-packages/oslo_config/cfg.py:3006}}
May 02 02:44:09.396813 np0000171481 nova-conductor[111770]: DEBUG cotyledon.oslo_config_glue [-] oslo_messaging_rabbit.rabbit_login_method = AMQPLAIN {{(pid=111770) log_opt_values /opt/stack/data/venv/lib/python3.12/site-packages/oslo_config/cfg.py:3006}}
May 02 02:44:09.396813 np0000171481 nova-conductor[111770]: DEBUG cotyledon.oslo_config_glue [-] oslo_messaging_rabbit.rabbit_qos_prefetch_count = 0 {{(pid=111770) log_opt_values /opt/stack/data/venv/lib/python3.12/site-packages/oslo_config/cfg.py:3006}}
May 02 02:44:09.396813 np0000171481 nova-conductor[111770]: DEBUG cotyledon.oslo_config_glue [-] oslo_messaging_rabbit.rabbit_quorum_delivery_limit = 0 {{(pid=111770) log_opt_values /opt/stack/data/venv/lib/python3.12/site-packages/oslo_config/cfg.py:3006}}
May 02 02:44:09.396813 np0000171481 nova-conductor[111770]: DEBUG cotyledon.oslo_config_glue [-] oslo_messaging_rabbit.rabbit_quorum_max_memory_bytes = 0 {{(pid=111770) log_opt_values /opt/stack/data/venv/lib/python3.12/site-packages/oslo_config/cfg.py:3006}}
May 02 02:44:09.397023 np0000171481 nova-conductor[111770]: DEBUG cotyledon.oslo_config_glue [-] oslo_messaging_rabbit.rabbit_quorum_max_memory_length = 0 {{(pid=111770) log_opt_values /opt/stack/data/venv/lib/python3.12/site-packages/oslo_config/cfg.py:3006}}
May 02 02:44:09.397023 np0000171481 nova-conductor[111770]: DEBUG cotyledon.oslo_config_glue [-] oslo_messaging_rabbit.rabbit_quorum_queue = False {{(pid=111770) log_opt_values /opt/stack/data/venv/lib/python3.12/site-packages/oslo_config/cfg.py:3006}}
May 02 02:44:09.397023 np0000171481 nova-conductor[111770]: DEBUG cotyledon.oslo_config_glue [-] oslo_messaging_rabbit.rabbit_retry_backoff = 2 {{(pid=111770) log_opt_values /opt/stack/data/venv/lib/python3.12/site-packages/oslo_config/cfg.py:3006}}
May 02 02:44:09.397023 np0000171481 nova-conductor[111770]: DEBUG cotyledon.oslo_config_glue [-] oslo_messaging_rabbit.rabbit_retry_interval = 1 {{(pid=111770) log_opt_values /opt/stack/data/venv/lib/python3.12/site-packages/oslo_config/cfg.py:3006}}
May 02 02:44:09.397023 np0000171481 nova-conductor[111770]: DEBUG cotyledon.oslo_config_glue [-] oslo_messaging_rabbit.rabbit_stream_fanout = False {{(pid=111770) log_opt_values /opt/stack/data/venv/lib/python3.12/site-packages/oslo_config/cfg.py:3006}}
May 02 02:44:09.397023 np0000171481 nova-conductor[111770]: DEBUG cotyledon.oslo_config_glue [-] oslo_messaging_rabbit.rabbit_transient_queues_ttl = 1800 {{(pid=111770) log_opt_values /opt/stack/data/venv/lib/python3.12/site-packages/oslo_config/cfg.py:3006}}
May 02 02:44:09.397023 np0000171481 nova-conductor[111770]: DEBUG cotyledon.oslo_config_glue [-] oslo_messaging_rabbit.rabbit_transient_quorum_queue = False {{(pid=111770) log_opt_values /opt/stack/data/venv/lib/python3.12/site-packages/oslo_config/cfg.py:3006}}
May 02 02:44:09.397023 np0000171481 nova-conductor[111770]: DEBUG cotyledon.oslo_config_glue [-] oslo_messaging_rabbit.rpc_conn_pool_size = 30 {{(pid=111770) log_opt_values /opt/stack/data/venv/lib/python3.12/site-packages/oslo_config/cfg.py:3006}}
May 02 02:44:09.397023 np0000171481 nova-conductor[111770]: DEBUG cotyledon.oslo_config_glue [-] oslo_messaging_rabbit.ssl = False {{(pid=111770) log_opt_values /opt/stack/data/venv/lib/python3.12/site-packages/oslo_config/cfg.py:3006}}
May 02 02:44:09.397231 np0000171481 nova-conductor[111770]: DEBUG cotyledon.oslo_config_glue [-] oslo_messaging_rabbit.ssl_ca_file = {{(pid=111770) log_opt_values /opt/stack/data/venv/lib/python3.12/site-packages/oslo_config/cfg.py:3006}}
May 02 02:44:09.397231 np0000171481 nova-conductor[111770]: DEBUG cotyledon.oslo_config_glue [-] oslo_messaging_rabbit.ssl_cert_file = {{(pid=111770) log_opt_values /opt/stack/data/venv/lib/python3.12/site-packages/oslo_config/cfg.py:3006}}
May 02 02:44:09.397231 np0000171481 nova-conductor[111770]: DEBUG cotyledon.oslo_config_glue [-] oslo_messaging_rabbit.ssl_enforce_fips_mode = False {{(pid=111770) log_opt_values /opt/stack/data/venv/lib/python3.12/site-packages/oslo_config/cfg.py:3006}}
May 02 02:44:09.397231 np0000171481 nova-conductor[111770]: DEBUG cotyledon.oslo_config_glue [-] oslo_messaging_rabbit.ssl_key_file = {{(pid=111770) log_opt_values /opt/stack/data/venv/lib/python3.12/site-packages/oslo_config/cfg.py:3006}}
May 02 02:44:09.397231 np0000171481 nova-conductor[111770]: DEBUG cotyledon.oslo_config_glue [-] oslo_messaging_rabbit.ssl_version = {{(pid=111770) log_opt_values /opt/stack/data/venv/lib/python3.12/site-packages/oslo_config/cfg.py:3006}}
May 02 02:44:09.397231 np0000171481 nova-conductor[111770]: DEBUG cotyledon.oslo_config_glue [-] oslo_messaging_rabbit.use_queue_manager = False {{(pid=111770) log_opt_values /opt/stack/data/venv/lib/python3.12/site-packages/oslo_config/cfg.py:3006}}
May 02 02:44:09.397231 np0000171481 nova-conductor[111770]: DEBUG cotyledon.oslo_config_glue [-] oslo_messaging_notifications.driver = ['messagingv2'] {{(pid=111770) log_opt_values /opt/stack/data/venv/lib/python3.12/site-packages/oslo_config/cfg.py:3006}}
May 02 02:44:09.397231 np0000171481 nova-conductor[111770]: DEBUG cotyledon.oslo_config_glue [-] oslo_messaging_notifications.retry = -1 {{(pid=111770) log_opt_values /opt/stack/data/venv/lib/python3.12/site-packages/oslo_config/cfg.py:3006}}
May 02 02:44:09.397231 np0000171481 nova-conductor[111770]: DEBUG cotyledon.oslo_config_glue [-] oslo_messaging_notifications.topics = ['notifications'] {{(pid=111770) log_opt_values /opt/stack/data/venv/lib/python3.12/site-packages/oslo_config/cfg.py:3006}}
May 02 02:44:09.397443 np0000171481 nova-conductor[111770]: DEBUG cotyledon.oslo_config_glue [-] oslo_messaging_notifications.transport_url = **** {{(pid=111770) log_opt_values /opt/stack/data/venv/lib/python3.12/site-packages/oslo_config/cfg.py:3006}}
May 02 02:44:09.397443 np0000171481 nova-conductor[111770]: DEBUG cotyledon.oslo_config_glue [-] oslo_limit.auth_section = None {{(pid=111770) log_opt_values /opt/stack/data/venv/lib/python3.12/site-packages/oslo_config/cfg.py:3006}}
May 02 02:44:09.397443 np0000171481 nova-conductor[111770]: DEBUG cotyledon.oslo_config_glue [-] oslo_limit.auth_type = None {{(pid=111770) log_opt_values /opt/stack/data/venv/lib/python3.12/site-packages/oslo_config/cfg.py:3006}}
May 02 02:44:09.397443 np0000171481 nova-conductor[111770]: DEBUG cotyledon.oslo_config_glue [-] oslo_limit.cafile = None {{(pid=111770) log_opt_values /opt/stack/data/venv/lib/python3.12/site-packages/oslo_config/cfg.py:3006}}
May 02 02:44:09.397443 np0000171481 nova-conductor[111770]: DEBUG cotyledon.oslo_config_glue [-] oslo_limit.certfile = None {{(pid=111770) log_opt_values /opt/stack/data/venv/lib/python3.12/site-packages/oslo_config/cfg.py:3006}}
May 02 02:44:09.397443 np0000171481 nova-conductor[111770]: DEBUG cotyledon.oslo_config_glue [-] oslo_limit.collect_timing = False {{(pid=111770) log_opt_values /opt/stack/data/venv/lib/python3.12/site-packages/oslo_config/cfg.py:3006}}
May 02 02:44:09.397443 np0000171481 nova-conductor[111770]: DEBUG cotyledon.oslo_config_glue [-] oslo_limit.connect_retries = None {{(pid=111770) log_opt_values /opt/stack/data/venv/lib/python3.12/site-packages/oslo_config/cfg.py:3006}}
May 02 02:44:09.397443 np0000171481 nova-conductor[111770]: DEBUG cotyledon.oslo_config_glue [-] oslo_limit.connect_retry_delay = None {{(pid=111770) log_opt_values /opt/stack/data/venv/lib/python3.12/site-packages/oslo_config/cfg.py:3006}}
May 02 02:44:09.397443 np0000171481 nova-conductor[111770]: DEBUG cotyledon.oslo_config_glue [-] oslo_limit.endpoint_id = None {{(pid=111770) log_opt_values /opt/stack/data/venv/lib/python3.12/site-packages/oslo_config/cfg.py:3006}}
May 02 02:44:09.397678 np0000171481 nova-conductor[111770]: DEBUG cotyledon.oslo_config_glue [-] oslo_limit.endpoint_interface = public {{(pid=111770) log_opt_values /opt/stack/data/venv/lib/python3.12/site-packages/oslo_config/cfg.py:3006}}
May 02 02:44:09.397678 np0000171481 nova-conductor[111770]: DEBUG cotyledon.oslo_config_glue [-] oslo_limit.endpoint_override = None {{(pid=111770) log_opt_values /opt/stack/data/venv/lib/python3.12/site-packages/oslo_config/cfg.py:3006}}
May 02 02:44:09.397678 np0000171481 nova-conductor[111770]: DEBUG cotyledon.oslo_config_glue [-] oslo_limit.endpoint_region_name = None {{(pid=111770) log_opt_values /opt/stack/data/venv/lib/python3.12/site-packages/oslo_config/cfg.py:3006}}
May 02 02:44:09.397678 np0000171481 nova-conductor[111770]: DEBUG cotyledon.oslo_config_glue [-] oslo_limit.endpoint_service_name = None {{(pid=111770) log_opt_values /opt/stack/data/venv/lib/python3.12/site-packages/oslo_config/cfg.py:3006}}
May 02 02:44:09.397678 np0000171481 nova-conductor[111770]: DEBUG cotyledon.oslo_config_glue [-] oslo_limit.endpoint_service_type = None {{(pid=111770) log_opt_values /opt/stack/data/venv/lib/python3.12/site-packages/oslo_config/cfg.py:3006}}
May 02 02:44:09.397678 np0000171481 nova-conductor[111770]: DEBUG cotyledon.oslo_config_glue [-] oslo_limit.insecure = False {{(pid=111770) log_opt_values /opt/stack/data/venv/lib/python3.12/site-packages/oslo_config/cfg.py:3006}}
May 02 02:44:09.397678 np0000171481 nova-conductor[111770]: DEBUG cotyledon.oslo_config_glue [-] oslo_limit.keyfile = None {{(pid=111770) log_opt_values /opt/stack/data/venv/lib/python3.12/site-packages/oslo_config/cfg.py:3006}}
May 02 02:44:09.397678 np0000171481 nova-conductor[111770]: DEBUG cotyledon.oslo_config_glue [-] oslo_limit.max_version = None {{(pid=111770) log_opt_values /opt/stack/data/venv/lib/python3.12/site-packages/oslo_config/cfg.py:3006}}
May 02 02:44:09.397678 np0000171481 nova-conductor[111770]: DEBUG cotyledon.oslo_config_glue [-] oslo_limit.min_version = None {{(pid=111770) log_opt_values /opt/stack/data/venv/lib/python3.12/site-packages/oslo_config/cfg.py:3006}}
May 02 02:44:09.397901 np0000171481 nova-conductor[111770]: DEBUG cotyledon.oslo_config_glue [-] oslo_limit.region_name = None {{(pid=111770) log_opt_values /opt/stack/data/venv/lib/python3.12/site-packages/oslo_config/cfg.py:3006}}
May 02 02:44:09.397901 np0000171481 nova-conductor[111770]: DEBUG cotyledon.oslo_config_glue [-] oslo_limit.retriable_status_codes = None {{(pid=111770) log_opt_values /opt/stack/data/venv/lib/python3.12/site-packages/oslo_config/cfg.py:3006}}
May 02 02:44:09.397901 np0000171481 nova-conductor[111770]: DEBUG cotyledon.oslo_config_glue [-] oslo_limit.service_name = None {{(pid=111770) log_opt_values /opt/stack/data/venv/lib/python3.12/site-packages/oslo_config/cfg.py:3006}}
May 02 02:44:09.397901 np0000171481 nova-conductor[111770]: DEBUG cotyledon.oslo_config_glue [-] oslo_limit.service_type = None {{(pid=111770) log_opt_values /opt/stack/data/venv/lib/python3.12/site-packages/oslo_config/cfg.py:3006}}
May 02 02:44:09.397901 np0000171481 nova-conductor[111770]: DEBUG cotyledon.oslo_config_glue [-] oslo_limit.split_loggers = False {{(pid=111770) log_opt_values /opt/stack/data/venv/lib/python3.12/site-packages/oslo_config/cfg.py:3006}}
May 02 02:44:09.397901 np0000171481 nova-conductor[111770]: DEBUG cotyledon.oslo_config_glue [-] oslo_limit.status_code_retries = None {{(pid=111770) log_opt_values /opt/stack/data/venv/lib/python3.12/site-packages/oslo_config/cfg.py:3006}}
May 02 02:44:09.397901 np0000171481 nova-conductor[111770]: DEBUG cotyledon.oslo_config_glue [-] oslo_limit.status_code_retry_delay = None {{(pid=111770) log_opt_values /opt/stack/data/venv/lib/python3.12/site-packages/oslo_config/cfg.py:3006}}
May 02 02:44:09.397901 np0000171481 nova-conductor[111770]: DEBUG cotyledon.oslo_config_glue [-] oslo_limit.timeout = None {{(pid=111770) log_opt_values /opt/stack/data/venv/lib/python3.12/site-packages/oslo_config/cfg.py:3006}}
May 02 02:44:09.397901 np0000171481 nova-conductor[111770]: DEBUG cotyledon.oslo_config_glue [-] oslo_limit.valid_interfaces = None {{(pid=111770) log_opt_values /opt/stack/data/venv/lib/python3.12/site-packages/oslo_config/cfg.py:3006}}
May 02 02:44:09.398121 np0000171481 nova-conductor[111770]: DEBUG cotyledon.oslo_config_glue [-] oslo_limit.version = None {{(pid=111770) log_opt_values /opt/stack/data/venv/lib/python3.12/site-packages/oslo_config/cfg.py:3006}}
May 02 02:44:09.398121 np0000171481 nova-conductor[111770]: DEBUG cotyledon.oslo_config_glue [-] oslo_reports.file_event_handler = None {{(pid=111770) log_opt_values /opt/stack/data/venv/lib/python3.12/site-packages/oslo_config/cfg.py:3006}}
May 02 02:44:09.398121 np0000171481 nova-conductor[111770]: DEBUG cotyledon.oslo_config_glue [-] oslo_reports.file_event_handler_interval = 1 {{(pid=111770) log_opt_values /opt/stack/data/venv/lib/python3.12/site-packages/oslo_config/cfg.py:3006}}
May 02 02:44:09.398121 np0000171481 nova-conductor[111770]: DEBUG cotyledon.oslo_config_glue [-] oslo_reports.log_dir = None {{(pid=111770) log_opt_values /opt/stack/data/venv/lib/python3.12/site-packages/oslo_config/cfg.py:3006}}
May 02 02:44:09.398121 np0000171481 nova-conductor[111770]: DEBUG cotyledon.oslo_config_glue [-] ******************************************************************************** {{(pid=111770) log_opt_values /opt/stack/data/venv/lib/python3.12/site-packages/oslo_config/cfg.py:3013}}
May 02 02:44:09.398121 np0000171481 nova-conductor[111770]: DEBUG cotyledon._service_worker [-] Run service ServiceWrapper(3) [111770] {{(pid=111770) wait_forever /opt/stack/data/venv/lib/python3.12/site-packages/cotyledon/_service_worker.py:218}}
May 02 02:44:09.398121 np0000171481 nova-conductor[111770]: INFO nova.service [-] Starting conductor node (version 33.1.0)
May 02 02:44:09.398281 np0000171481 nova-conductor[111761]: DEBUG oslo_db.sqlalchemy.engines [None req-0d36240c-ac65-457c-92a4-0067d9980ccc None None] MySQL server mode set to STRICT_TRANS_TABLES,STRICT_ALL_TABLES,NO_ZERO_IN_DATE,NO_ZERO_DATE,ERROR_FOR_DIVISION_BY_ZERO,TRADITIONAL,NO_ENGINE_SUBSTITUTION {{(pid=111761) _check_effective_sql_mode /opt/stack/data/venv/lib/python3.12/site-packages/oslo_db/sqlalchemy/engines.py:325}}
May 02 02:44:09.398311 np0000171481 nova-conductor[111747]: DEBUG dbcounter [-] [111747] Writer thread running {{(pid=111747) stat_writer /opt/stack/data/venv/lib/python3.12/site-packages/dbcounter.py:102}}
May 02 02:44:09.398339 np0000171481 nova-conductor[111770]: INFO dbcounter [None req-ac1222a1-364b-4cf8-9655-22b6bb0759ba None None] Registered counter for database nova_cell0
May 02 02:44:09.398371 np0000171481 nova-conductor[111761]: DEBUG dbcounter [-] [111761] Writer thread running {{(pid=111761) stat_writer /opt/stack/data/venv/lib/python3.12/site-packages/dbcounter.py:102}}
May 02 02:44:09.398398 np0000171481 nova-conductor[111754]: DEBUG nova.service [None req-4049b457-14ef-492f-b5ce-f882b772825d None None] Creating RPC server for service: nova-conductor on topic: conductor {{(pid=111754) start /opt/stack/nova/nova/service.py:195}}
May 02 02:44:09.398426 np0000171481 nova-conductor[111761]: DEBUG nova.service [None req-0d36240c-ac65-457c-92a4-0067d9980ccc None None] Creating RPC server for service: nova-conductor on topic: conductor {{(pid=111761) start /opt/stack/nova/nova/service.py:195}}
May 02 02:44:09.398453 np0000171481 nova-conductor[111770]: DEBUG oslo_db.sqlalchemy.engines [None req-ac1222a1-364b-4cf8-9655-22b6bb0759ba None None] MySQL server mode set to STRICT_TRANS_TABLES,STRICT_ALL_TABLES,NO_ZERO_IN_DATE,NO_ZERO_DATE,ERROR_FOR_DIVISION_BY_ZERO,TRADITIONAL,NO_ENGINE_SUBSTITUTION {{(pid=111770) _check_effective_sql_mode /opt/stack/data/venv/lib/python3.12/site-packages/oslo_db/sqlalchemy/engines.py:325}}
May 02 02:44:09.398492 np0000171481 nova-conductor[111747]: DEBUG nova.service [None req-4d0ed3fe-ce02-4d4a-9234-1663ceaa052f None None] Creating RPC server for service: nova-conductor on topic: conductor {{(pid=111747) start /opt/stack/nova/nova/service.py:195}}
May 02 02:44:09.398539 np0000171481 nova-conductor[111770]: DEBUG dbcounter [-] [111770] Writer thread running {{(pid=111770) stat_writer /opt/stack/data/venv/lib/python3.12/site-packages/dbcounter.py:102}}
May 02 02:44:09.398539 np0000171481 nova-conductor[111770]: DEBUG nova.service [None req-ac1222a1-364b-4cf8-9655-22b6bb0759ba None None] Creating RPC server for service: nova-conductor on topic: conductor {{(pid=111770) start /opt/stack/nova/nova/service.py:195}}
May 02 02:44:09.410950 np0000171481 nova-conductor[111747]: DEBUG nova.service [None req-4d0ed3fe-ce02-4d4a-9234-1663ceaa052f None None] Join ServiceGroup membership for this service conductor {{(pid=111747) start /opt/stack/nova/nova/service.py:221}}
May 02 02:44:09.411273 np0000171481 nova-conductor[111747]: DEBUG nova.servicegroup.drivers.db [None req-4d0ed3fe-ce02-4d4a-9234-1663ceaa052f None None] DB_Driver: join new ServiceGroup member np0000171481 to the conductor group, service = {{(pid=111747) join /opt/stack/nova/nova/servicegroup/drivers/db.py:44}}
May 02 02:44:09.413722 np0000171481 nova-conductor[111770]: DEBUG nova.service [None req-ac1222a1-364b-4cf8-9655-22b6bb0759ba None None] Join ServiceGroup membership for this service conductor {{(pid=111770) start /opt/stack/nova/nova/service.py:221}}
May 02 02:44:09.413927 np0000171481 nova-conductor[111770]: DEBUG nova.servicegroup.drivers.db [None req-ac1222a1-364b-4cf8-9655-22b6bb0759ba None None] DB_Driver: join new ServiceGroup member np0000171481 to the conductor group, service = {{(pid=111770) join /opt/stack/nova/nova/servicegroup/drivers/db.py:44}}
May 02 02:44:09.414200 np0000171481 nova-conductor[111754]: DEBUG nova.service [None req-4049b457-14ef-492f-b5ce-f882b772825d None None] Join ServiceGroup membership for this service conductor {{(pid=111754) start /opt/stack/nova/nova/service.py:221}}
May 02 02:44:09.414519 np0000171481 nova-conductor[111754]: DEBUG nova.servicegroup.drivers.db [None req-4049b457-14ef-492f-b5ce-f882b772825d None None] DB_Driver: join new ServiceGroup member np0000171481 to the conductor group, service = {{(pid=111754) join /opt/stack/nova/nova/servicegroup/drivers/db.py:44}}
May 02 02:44:09.417256 np0000171481 nova-conductor[111761]: DEBUG nova.service [None req-0d36240c-ac65-457c-92a4-0067d9980ccc None None] Join ServiceGroup membership for this service conductor {{(pid=111761) start /opt/stack/nova/nova/service.py:221}}
May 02 02:44:09.417359 np0000171481 nova-conductor[111761]: DEBUG nova.servicegroup.drivers.db [None req-0d36240c-ac65-457c-92a4-0067d9980ccc None None] DB_Driver: join new ServiceGroup member np0000171481 to the conductor group, service = {{(pid=111761) join /opt/stack/nova/nova/servicegroup/drivers/db.py:44}}
May 02 02:44:14.434097 np0000171481 nova-conductor[111747]: DEBUG oslo.service.backend._threading.loopingcall [-] Fixed interval looping call 'nova.servicegroup.drivers.db.DbDriver._report_state' sleeping for 119.98 seconds {{(pid=111747) _run_loop /opt/stack/data/venv/lib/python3.12/site-packages/oslo_service/backend/_threading/loopingcall.py:125}}
May 02 02:44:14.434825 np0000171481 nova-conductor[111770]: DEBUG oslo.service.backend._threading.loopingcall [-] Fixed interval looping call 'nova.servicegroup.drivers.db.DbDriver._report_state' sleeping for 119.98 seconds {{(pid=111770) _run_loop /opt/stack/data/venv/lib/python3.12/site-packages/oslo_service/backend/_threading/loopingcall.py:125}}
May 02 02:44:14.435307 np0000171481 nova-conductor[111754]: DEBUG oslo.service.backend._threading.loopingcall [-] Fixed interval looping call 'nova.servicegroup.drivers.db.DbDriver._report_state' sleeping for 119.98 seconds {{(pid=111754) _run_loop /opt/stack/data/venv/lib/python3.12/site-packages/oslo_service/backend/_threading/loopingcall.py:125}}
May 02 02:44:14.436053 np0000171481 nova-conductor[111761]: DEBUG oslo.service.backend._threading.loopingcall [-] Fixed interval looping call 'nova.servicegroup.drivers.db.DbDriver._report_state' sleeping for 119.98 seconds {{(pid=111761) _run_loop /opt/stack/data/venv/lib/python3.12/site-packages/oslo_service/backend/_threading/loopingcall.py:125}}
May 02 02:44:18.020864 np0000171481 nova-conductor[110962]: DEBUG dbcounter [-] [110962] Writing DB stats nova_api:SELECT=1 {{(pid=110962) stat_writer /opt/stack/data/venv/lib/python3.12/site-packages/dbcounter.py:115}}
May 02 02:44:18.122016 np0000171481 nova-conductor[110962]: DEBUG dbcounter [-] [110962] Writing DB stats nova_cell0:SELECT=1 {{(pid=110962) stat_writer /opt/stack/data/venv/lib/python3.12/site-packages/dbcounter.py:115}}
May 02 02:44:18.126720 np0000171481 nova-conductor[110962]: DEBUG dbcounter [-] [110962] Writing DB stats nova_cell1:SELECT=1 {{(pid=110962) stat_writer /opt/stack/data/venv/lib/python3.12/site-packages/dbcounter.py:115}}
May 02 02:44:24.425139 np0000171481 nova-conductor[111747]: DEBUG dbcounter [-] [111747] Writing DB stats nova_cell0:SELECT=5,nova_cell0:INSERT=1,nova_cell0:UPDATE=1 {{(pid=111747) stat_writer /opt/stack/data/venv/lib/python3.12/site-packages/dbcounter.py:115}}
May 02 02:44:24.429657 np0000171481 nova-conductor[111770]: DEBUG dbcounter [-] [111770] Writing DB stats nova_cell0:SELECT=3,nova_cell0:UPDATE=1 {{(pid=111770) stat_writer /opt/stack/data/venv/lib/python3.12/site-packages/dbcounter.py:115}}
May 02 02:44:24.430552 np0000171481 nova-conductor[111754]: DEBUG dbcounter [-] [111754] Writing DB stats nova_cell0:SELECT=4,nova_cell0:INSERT=1,nova_cell0:UPDATE=1 {{(pid=111754) stat_writer /opt/stack/data/venv/lib/python3.12/site-packages/dbcounter.py:115}}
May 02 02:44:24.432251 np0000171481 nova-conductor[111761]: DEBUG dbcounter [-] [111761] Writing DB stats nova_cell0:SELECT=3,nova_cell0:UPDATE=1 {{(pid=111761) stat_writer /opt/stack/data/venv/lib/python3.12/site-packages/dbcounter.py:115}}
May 02 02:44:36.420104 np0000171481 nova-conductor[111761]: DEBUG oslo.service.backend._threading.loopingcall [None req-f49acf45-3576-41e4-a097-5785f6324df1 None None] Dynamic interval looping call 'nova.service.Service.periodic_tasks' sleeping for 60.00 seconds {{(pid=111761) _run_loop /opt/stack/data/venv/lib/python3.12/site-packages/oslo_service/backend/_threading/loopingcall.py:125}}
May 02 02:44:54.550618 np0000171481 nova-conductor[111770]: DEBUG oslo.service.backend._threading.loopingcall [None req-3dd51adf-7e47-47b3-883b-8b53685bf378 None None] Dynamic interval looping call 'nova.service.Service.periodic_tasks' sleeping for 60.00 seconds {{(pid=111770) _run_loop /opt/stack/data/venv/lib/python3.12/site-packages/oslo_service/backend/_threading/loopingcall.py:125}}
May 02 02:45:01.414280 np0000171481 nova-conductor[111747]: DEBUG oslo.service.backend._threading.loopingcall [None req-813a4c85-c161-4176-915d-9cd97144c9c1 None None] Dynamic interval looping call 'nova.service.Service.periodic_tasks' sleeping for 60.00 seconds {{(pid=111747) _run_loop /opt/stack/data/venv/lib/python3.12/site-packages/oslo_service/backend/_threading/loopingcall.py:125}}
May 02 02:45:08.417361 np0000171481 nova-conductor[111754]: DEBUG oslo.service.backend._threading.loopingcall [None req-26cb2d33-c816-4f2b-97cf-de23a3bdef5c None None] Dynamic interval looping call 'nova.service.Service.periodic_tasks' sleeping for 60.00 seconds {{(pid=111754) _run_loop /opt/stack/data/venv/lib/python3.12/site-packages/oslo_service/backend/_threading/loopingcall.py:125}}
May 02 02:45:36.420748 np0000171481 nova-conductor[111761]: DEBUG oslo.service.backend._threading.loopingcall [None req-f49acf45-3576-41e4-a097-5785f6324df1 None None] Dynamic interval looping call 'nova.service.Service.periodic_tasks' sleeping for 60.00 seconds {{(pid=111761) _run_loop /opt/stack/data/venv/lib/python3.12/site-packages/oslo_service/backend/_threading/loopingcall.py:125}}
May 02 02:45:54.417332 np0000171481 nova-conductor[111770]: DEBUG oslo.service.backend._threading.loopingcall [None req-3dd51adf-7e47-47b3-883b-8b53685bf378 None None] Dynamic interval looping call 'nova.service.Service.periodic_tasks' sleeping for 60.00 seconds {{(pid=111770) _run_loop /opt/stack/data/venv/lib/python3.12/site-packages/oslo_service/backend/_threading/loopingcall.py:125}}
May 02 02:46:01.415053 np0000171481 nova-conductor[111747]: DEBUG oslo.service.backend._threading.loopingcall [None req-813a4c85-c161-4176-915d-9cd97144c9c1 None None] Dynamic interval looping call 'nova.service.Service.periodic_tasks' sleeping for 60.00 seconds {{(pid=111747) _run_loop /opt/stack/data/venv/lib/python3.12/site-packages/oslo_service/backend/_threading/loopingcall.py:125}}
May 02 02:46:08.418406 np0000171481 nova-conductor[111754]: DEBUG oslo.service.backend._threading.loopingcall [None req-26cb2d33-c816-4f2b-97cf-de23a3bdef5c None None] Dynamic interval looping call 'nova.service.Service.periodic_tasks' sleeping for 60.00 seconds {{(pid=111754) _run_loop /opt/stack/data/venv/lib/python3.12/site-packages/oslo_service/backend/_threading/loopingcall.py:125}}
May 02 02:46:14.488911 np0000171481 nova-conductor[111754]: DEBUG oslo.service.backend._threading.loopingcall [-] Fixed interval looping call 'nova.servicegroup.drivers.db.DbDriver._report_state' sleeping for 119.93 seconds {{(pid=111754) _run_loop /opt/stack/data/venv/lib/python3.12/site-packages/oslo_service/backend/_threading/loopingcall.py:125}}
May 02 02:46:14.490164 np0000171481 nova-conductor[111770]: DEBUG oslo.service.backend._threading.loopingcall [-] Fixed interval looping call 'nova.servicegroup.drivers.db.DbDriver._report_state' sleeping for 119.93 seconds {{(pid=111770) _run_loop /opt/stack/data/venv/lib/python3.12/site-packages/oslo_service/backend/_threading/loopingcall.py:125}}
May 02 02:46:14.490833 np0000171481 nova-conductor[111747]: DEBUG oslo.service.backend._threading.loopingcall [-] Fixed interval looping call 'nova.servicegroup.drivers.db.DbDriver._report_state' sleeping for 119.92 seconds {{(pid=111747) _run_loop /opt/stack/data/venv/lib/python3.12/site-packages/oslo_service/backend/_threading/loopingcall.py:125}}
May 02 02:46:14.492049 np0000171481 nova-conductor[111761]: DEBUG oslo.service.backend._threading.loopingcall [-] Fixed interval looping call 'nova.servicegroup.drivers.db.DbDriver._report_state' sleeping for 119.92 seconds {{(pid=111761) _run_loop /opt/stack/data/venv/lib/python3.12/site-packages/oslo_service/backend/_threading/loopingcall.py:125}}
May 02 02:46:24.420429 np0000171481 nova-conductor[111754]: DEBUG dbcounter [-] [111754] Writing DB stats nova_cell0:SELECT=1,nova_cell0:UPDATE=1 {{(pid=111754) stat_writer /opt/stack/data/venv/lib/python3.12/site-packages/dbcounter.py:115}}
May 02 02:46:24.421004 np0000171481 nova-conductor[111770]: DEBUG dbcounter [-] [111770] Writing DB stats nova_cell0:SELECT=1,nova_cell0:UPDATE=1 {{(pid=111770) stat_writer /opt/stack/data/venv/lib/python3.12/site-packages/dbcounter.py:115}}
May 02 02:46:24.421942 np0000171481 nova-conductor[111747]: DEBUG dbcounter [-] [111747] Writing DB stats nova_cell0:SELECT=1,nova_cell0:UPDATE=1 {{(pid=111747) stat_writer /opt/stack/data/venv/lib/python3.12/site-packages/dbcounter.py:115}}
May 02 02:46:24.422420 np0000171481 nova-conductor[111761]: DEBUG dbcounter [-] [111761] Writing DB stats nova_cell0:SELECT=1,nova_cell0:UPDATE=1 {{(pid=111761) stat_writer /opt/stack/data/venv/lib/python3.12/site-packages/dbcounter.py:115}}
May 02 02:46:36.422313 np0000171481 nova-conductor[111761]: DEBUG oslo.service.backend._threading.loopingcall [None req-f49acf45-3576-41e4-a097-5785f6324df1 None None] Dynamic interval looping call 'nova.service.Service.periodic_tasks' sleeping for 60.00 seconds {{(pid=111761) _run_loop /opt/stack/data/venv/lib/python3.12/site-packages/oslo_service/backend/_threading/loopingcall.py:125}}
May 02 02:46:54.418352 np0000171481 nova-conductor[111770]: DEBUG oslo.service.backend._threading.loopingcall [None req-3dd51adf-7e47-47b3-883b-8b53685bf378 None None] Dynamic interval looping call 'nova.service.Service.periodic_tasks' sleeping for 60.00 seconds {{(pid=111770) _run_loop /opt/stack/data/venv/lib/python3.12/site-packages/oslo_service/backend/_threading/loopingcall.py:125}}
May 02 02:47:01.415919 np0000171481 nova-conductor[111747]: DEBUG oslo.service.backend._threading.loopingcall [None req-813a4c85-c161-4176-915d-9cd97144c9c1 None None] Dynamic interval looping call 'nova.service.Service.periodic_tasks' sleeping for 60.00 seconds {{(pid=111747) _run_loop /opt/stack/data/venv/lib/python3.12/site-packages/oslo_service/backend/_threading/loopingcall.py:125}}
May 02 02:47:08.419204 np0000171481 nova-conductor[111754]: DEBUG oslo.service.backend._threading.loopingcall [None req-26cb2d33-c816-4f2b-97cf-de23a3bdef5c None None] Dynamic interval looping call 'nova.service.Service.periodic_tasks' sleeping for 60.00 seconds {{(pid=111754) _run_loop /opt/stack/data/venv/lib/python3.12/site-packages/oslo_service/backend/_threading/loopingcall.py:125}}
May 02 02:47:36.423253 np0000171481 nova-conductor[111761]: DEBUG oslo.service.backend._threading.loopingcall [None req-f49acf45-3576-41e4-a097-5785f6324df1 None None] Dynamic interval looping call 'nova.service.Service.periodic_tasks' sleeping for 60.00 seconds {{(pid=111761) _run_loop /opt/stack/data/venv/lib/python3.12/site-packages/oslo_service/backend/_threading/loopingcall.py:125}}
May 02 02:47:54.419658 np0000171481 nova-conductor[111770]: DEBUG oslo.service.backend._threading.loopingcall [None req-3dd51adf-7e47-47b3-883b-8b53685bf378 None None] Dynamic interval looping call 'nova.service.Service.periodic_tasks' sleeping for 60.00 seconds {{(pid=111770) _run_loop /opt/stack/data/venv/lib/python3.12/site-packages/oslo_service/backend/_threading/loopingcall.py:125}}
May 02 02:48:01.416718 np0000171481 nova-conductor[111747]: DEBUG oslo.service.backend._threading.loopingcall [None req-813a4c85-c161-4176-915d-9cd97144c9c1 None None] Dynamic interval looping call 'nova.service.Service.periodic_tasks' sleeping for 60.00 seconds {{(pid=111747) _run_loop /opt/stack/data/venv/lib/python3.12/site-packages/oslo_service/backend/_threading/loopingcall.py:125}}
May 02 02:48:08.419788 np0000171481 nova-conductor[111754]: DEBUG oslo.service.backend._threading.loopingcall [None req-26cb2d33-c816-4f2b-97cf-de23a3bdef5c None None] Dynamic interval looping call 'nova.service.Service.periodic_tasks' sleeping for 60.00 seconds {{(pid=111754) _run_loop /opt/stack/data/venv/lib/python3.12/site-packages/oslo_service/backend/_threading/loopingcall.py:125}}
May 02 02:48:10.762491 np0000171481 nova-conductor[111747]: INFO nova.utils [None req-3ca0bd13-fd48-48ce-920e-3c1ec9582c3e demo demo] The cell worker thread pool ForkProcess-1.cell_worker is initialized
May 02 02:48:10.763244 np0000171481 nova-conductor[111747]: DEBUG oslo_concurrency.lockutils [None req-3ca0bd13-fd48-48ce-920e-3c1ec9582c3e demo demo] Acquiring lock "0a546d42-61d0-4a19-bb76-cdb6721bbe69" by "nova.context.set_target_cell..get_or_set_cached_cell_and_set_connections" {{(pid=111747) inner /opt/stack/data/venv/lib/python3.12/site-packages/oslo_concurrency/lockutils.py:506}}
May 02 02:48:10.763683 np0000171481 nova-conductor[111747]: DEBUG oslo_concurrency.lockutils [None req-3ca0bd13-fd48-48ce-920e-3c1ec9582c3e demo demo] Lock "0a546d42-61d0-4a19-bb76-cdb6721bbe69" acquired by "nova.context.set_target_cell..get_or_set_cached_cell_and_set_connections" :: waited 0.001s {{(pid=111747) inner /opt/stack/data/venv/lib/python3.12/site-packages/oslo_concurrency/lockutils.py:519}}
