May 06 03:46:19.768378 np0000172158 neutron-periodic-workers[104970]: DEBUG cotyledon.oslo_config_glue [-] database.connection = **** {{(pid=104970) log_opt_values /opt/stack/data/venv/lib/python3.12/site-packages/oslo_config/cfg.py:3006}}
May 06 03:46:19.768415 np0000172158 neutron-periodic-workers[104970]: DEBUG cotyledon.oslo_config_glue [-] database.connection_debug = 0 {{(pid=104970) log_opt_values /opt/stack/data/venv/lib/python3.12/site-packages/oslo_config/cfg.py:3006}}
May 06 03:46:19.768461 np0000172158 neutron-periodic-workers[104970]: DEBUG cotyledon.oslo_config_glue [-] database.connection_parameters = {{(pid=104970) log_opt_values /opt/stack/data/venv/lib/python3.12/site-packages/oslo_config/cfg.py:3006}}
May 06 03:46:19.768512 np0000172158 neutron-periodic-workers[104970]: DEBUG cotyledon.oslo_config_glue [-] database.connection_recycle_time = 3600 {{(pid=104970) log_opt_values /opt/stack/data/venv/lib/python3.12/site-packages/oslo_config/cfg.py:3006}}
May 06 03:46:19.768546 np0000172158 neutron-periodic-workers[104970]: DEBUG cotyledon.oslo_config_glue [-] database.connection_trace = False {{(pid=104970) log_opt_values /opt/stack/data/venv/lib/python3.12/site-packages/oslo_config/cfg.py:3006}}
May 06 03:46:19.768586 np0000172158 neutron-periodic-workers[104970]: DEBUG cotyledon.oslo_config_glue [-] database.db_inc_retry_interval = True {{(pid=104970) log_opt_values /opt/stack/data/venv/lib/python3.12/site-packages/oslo_config/cfg.py:3006}}
May 06 03:46:19.768623 np0000172158 neutron-periodic-workers[104970]: DEBUG cotyledon.oslo_config_glue [-] database.db_max_retries = 20 {{(pid=104970) log_opt_values /opt/stack/data/venv/lib/python3.12/site-packages/oslo_config/cfg.py:3006}}
May 06 03:46:19.768658 np0000172158 neutron-periodic-workers[104970]: DEBUG cotyledon.oslo_config_glue [-] database.db_max_retry_interval = 10 {{(pid=104970) log_opt_values /opt/stack/data/venv/lib/python3.12/site-packages/oslo_config/cfg.py:3006}}
May 06 03:46:19.768706 np0000172158 neutron-periodic-workers[104970]: DEBUG cotyledon.oslo_config_glue [-] database.db_retry_interval = 1 {{(pid=104970) log_opt_values /opt/stack/data/venv/lib/python3.12/site-packages/oslo_config/cfg.py:3006}}
May 06 03:46:19.768750 np0000172158 neutron-periodic-workers[104970]: DEBUG cotyledon.oslo_config_glue [-] database.max_overflow = 50 {{(pid=104970) log_opt_values /opt/stack/data/venv/lib/python3.12/site-packages/oslo_config/cfg.py:3006}}
May 06 03:46:19.768779 np0000172158 neutron-periodic-workers[104970]: DEBUG cotyledon.oslo_config_glue [-] database.max_pool_size = 5 {{(pid=104970) log_opt_values /opt/stack/data/venv/lib/python3.12/site-packages/oslo_config/cfg.py:3006}}
May 06 03:46:19.768820 np0000172158 neutron-periodic-workers[104970]: DEBUG cotyledon.oslo_config_glue [-] database.max_retries = 10 {{(pid=104970) log_opt_values /opt/stack/data/venv/lib/python3.12/site-packages/oslo_config/cfg.py:3006}}
May 06 03:46:19.768854 np0000172158 neutron-periodic-workers[104970]: DEBUG cotyledon.oslo_config_glue [-] database.mysql_sql_mode = TRADITIONAL {{(pid=104970) log_opt_values /opt/stack/data/venv/lib/python3.12/site-packages/oslo_config/cfg.py:3006}}
May 06 03:46:19.768902 np0000172158 neutron-periodic-workers[104970]: DEBUG cotyledon.oslo_config_glue [-] database.mysql_wsrep_sync_wait = None {{(pid=104970) log_opt_values /opt/stack/data/venv/lib/python3.12/site-packages/oslo_config/cfg.py:3006}}
May 06 03:46:19.768933 np0000172158 neutron-periodic-workers[104970]: DEBUG cotyledon.oslo_config_glue [-] database.pool_timeout = None {{(pid=104970) log_opt_values /opt/stack/data/venv/lib/python3.12/site-packages/oslo_config/cfg.py:3006}}
May 06 03:46:19.768968 np0000172158 neutron-periodic-workers[104970]: DEBUG cotyledon.oslo_config_glue [-] database.retry_interval = 10 {{(pid=104970) log_opt_values /opt/stack/data/venv/lib/python3.12/site-packages/oslo_config/cfg.py:3006}}
May 06 03:46:19.769023 np0000172158 neutron-periodic-workers[104970]: DEBUG cotyledon.oslo_config_glue [-] database.slave_connection = **** {{(pid=104970) log_opt_values /opt/stack/data/venv/lib/python3.12/site-packages/oslo_config/cfg.py:3006}}
May 06 03:46:19.769070 np0000172158 neutron-periodic-workers[104970]: DEBUG cotyledon.oslo_config_glue [-] database.sqlite_synchronous = True {{(pid=104970) log_opt_values /opt/stack/data/venv/lib/python3.12/site-packages/oslo_config/cfg.py:3006}}
May 06 03:46:19.769115 np0000172158 neutron-periodic-workers[104970]: DEBUG cotyledon.oslo_config_glue [-] database.synchronous_reader = True {{(pid=104970) log_opt_values /opt/stack/data/venv/lib/python3.12/site-packages/oslo_config/cfg.py:3006}}
May 06 03:46:19.769152 np0000172158 neutron-periodic-workers[104970]: DEBUG cotyledon.oslo_config_glue [-] database.use_db_reconnect = False {{(pid=104970) log_opt_values /opt/stack/data/venv/lib/python3.12/site-packages/oslo_config/cfg.py:3006}}
May 06 03:46:19.769227 np0000172158 neutron-periodic-workers[104970]: DEBUG cotyledon.oslo_config_glue [-] ovn.bfd_min_rx = 1000 {{(pid=104970) log_opt_values /opt/stack/data/venv/lib/python3.12/site-packages/oslo_config/cfg.py:3006}}
May 06 03:46:19.769273 np0000172158 neutron-periodic-workers[104970]: DEBUG cotyledon.oslo_config_glue [-] ovn.bfd_min_tx = 100 {{(pid=104970) log_opt_values /opt/stack/data/venv/lib/python3.12/site-packages/oslo_config/cfg.py:3006}}
May 06 03:46:19.769310 np0000172158 neutron-periodic-workers[104970]: DEBUG cotyledon.oslo_config_glue [-] ovn.bfd_mult = 3 {{(pid=104970) log_opt_values /opt/stack/data/venv/lib/python3.12/site-packages/oslo_config/cfg.py:3006}}
May 06 03:46:19.769345 np0000172158 neutron-periodic-workers[104970]: DEBUG cotyledon.oslo_config_glue [-] ovn.broadcast_arps_to_all_routers = True {{(pid=104970) log_opt_values /opt/stack/data/venv/lib/python3.12/site-packages/oslo_config/cfg.py:3006}}
May 06 03:46:19.769391 np0000172158 neutron-periodic-workers[104970]: DEBUG cotyledon.oslo_config_glue [-] ovn.dhcp_default_lease_time = 43200 {{(pid=104970) log_opt_values /opt/stack/data/venv/lib/python3.12/site-packages/oslo_config/cfg.py:3006}}
May 06 03:46:19.769425 np0000172158 neutron-periodic-workers[104970]: DEBUG cotyledon.oslo_config_glue [-] ovn.disable_ovn_dhcp_for_baremetal_ports = False {{(pid=104970) log_opt_values /opt/stack/data/venv/lib/python3.12/site-packages/oslo_config/cfg.py:3006}}
May 06 03:46:19.769464 np0000172158 neutron-periodic-workers[104970]: DEBUG cotyledon.oslo_config_glue [-] ovn.dns_records_ovn_owned = False {{(pid=104970) log_opt_values /opt/stack/data/venv/lib/python3.12/site-packages/oslo_config/cfg.py:3006}}
May 06 03:46:19.769508 np0000172158 neutron-periodic-workers[104970]: DEBUG cotyledon.oslo_config_glue [-] ovn.dns_servers = [] {{(pid=104970) log_opt_values /opt/stack/data/venv/lib/python3.12/site-packages/oslo_config/cfg.py:3006}}
May 06 03:46:19.769536 np0000172158 neutron-periodic-workers[104970]: DEBUG cotyledon.oslo_config_glue [-] ovn.enable_distributed_floating_ip = False {{(pid=104970) log_opt_values /opt/stack/data/venv/lib/python3.12/site-packages/oslo_config/cfg.py:3006}}
May 06 03:46:19.769576 np0000172158 neutron-periodic-workers[104970]: DEBUG cotyledon.oslo_config_glue [-] ovn.fdb_age_threshold = 300 {{(pid=104970) log_opt_values /opt/stack/data/venv/lib/python3.12/site-packages/oslo_config/cfg.py:3006}}
May 06 03:46:19.769620 np0000172158 neutron-periodic-workers[104970]: DEBUG cotyledon.oslo_config_glue [-] ovn.ha_failover_strategy = normal {{(pid=104970) log_opt_values /opt/stack/data/venv/lib/python3.12/site-packages/oslo_config/cfg.py:3006}}
May 06 03:46:19.769660 np0000172158 neutron-periodic-workers[104970]: DEBUG cotyledon.oslo_config_glue [-] ovn.live_migration_activation_strategy = rarp {{(pid=104970) log_opt_values /opt/stack/data/venv/lib/python3.12/site-packages/oslo_config/cfg.py:3006}}
May 06 03:46:19.769700 np0000172158 neutron-periodic-workers[104970]: DEBUG cotyledon.oslo_config_glue [-] ovn.localnet_learn_fdb = False {{(pid=104970) log_opt_values /opt/stack/data/venv/lib/python3.12/site-packages/oslo_config/cfg.py:3006}}
May 06 03:46:19.769740 np0000172158 neutron-periodic-workers[104970]: DEBUG cotyledon.oslo_config_glue [-] ovn.mac_binding_age_threshold = 300 {{(pid=104970) log_opt_values /opt/stack/data/venv/lib/python3.12/site-packages/oslo_config/cfg.py:3006}}
May 06 03:46:19.769784 np0000172158 neutron-periodic-workers[104970]: DEBUG cotyledon.oslo_config_glue [-] ovn.neutron_sync_mode = log {{(pid=104970) log_opt_values /opt/stack/data/venv/lib/python3.12/site-packages/oslo_config/cfg.py:3006}}
May 06 03:46:19.769821 np0000172158 neutron-periodic-workers[104970]: DEBUG cotyledon.oslo_config_glue [-] ovn.ovn_dhcp4_global_options = {} {{(pid=104970) log_opt_values /opt/stack/data/venv/lib/python3.12/site-packages/oslo_config/cfg.py:3006}}
May 06 03:46:19.769865 np0000172158 neutron-periodic-workers[104970]: DEBUG cotyledon.oslo_config_glue [-] ovn.ovn_dhcp6_global_options = {} {{(pid=104970) log_opt_values /opt/stack/data/venv/lib/python3.12/site-packages/oslo_config/cfg.py:3006}}
May 06 03:46:19.769904 np0000172158 neutron-periodic-workers[104970]: DEBUG cotyledon.oslo_config_glue [-] ovn.ovn_l3_scheduler = leastloaded {{(pid=104970) log_opt_values /opt/stack/data/venv/lib/python3.12/site-packages/oslo_config/cfg.py:3006}}
May 06 03:46:19.769947 np0000172158 neutron-periodic-workers[104970]: DEBUG cotyledon.oslo_config_glue [-] ovn.ovn_metadata_enabled = True {{(pid=104970) log_opt_values /opt/stack/data/venv/lib/python3.12/site-packages/oslo_config/cfg.py:3006}}
May 06 03:46:19.769988 np0000172158 neutron-periodic-workers[104970]: DEBUG cotyledon.oslo_config_glue [-] ovn.ovn_nb_ca_cert = /opt/stack/data/CA/int-ca/ca-chain.pem {{(pid=104970) log_opt_values /opt/stack/data/venv/lib/python3.12/site-packages/oslo_config/cfg.py:3006}}
May 06 03:46:19.770033 np0000172158 neutron-periodic-workers[104970]: DEBUG cotyledon.oslo_config_glue [-] ovn.ovn_nb_certificate = /opt/stack/data/CA/int-ca/devstack-cert.crt {{(pid=104970) log_opt_values /opt/stack/data/venv/lib/python3.12/site-packages/oslo_config/cfg.py:3006}}
May 06 03:46:19.770088 np0000172158 neutron-periodic-workers[104970]: DEBUG cotyledon.oslo_config_glue [-] ovn.ovn_nb_connection = ['ssl:199.204.45.244:6641'] {{(pid=104970) log_opt_values /opt/stack/data/venv/lib/python3.12/site-packages/oslo_config/cfg.py:3006}}
May 06 03:46:19.770134 np0000172158 neutron-periodic-workers[104970]: DEBUG cotyledon.oslo_config_glue [-] ovn.ovn_nb_private_key = /opt/stack/data/CA/int-ca/private/devstack-cert.key {{(pid=104970) log_opt_values /opt/stack/data/venv/lib/python3.12/site-packages/oslo_config/cfg.py:3006}}
May 06 03:46:19.770169 np0000172158 neutron-periodic-workers[104970]: DEBUG cotyledon.oslo_config_glue [-] ovn.ovn_router_indirect_snat = False {{(pid=104970) log_opt_values /opt/stack/data/venv/lib/python3.12/site-packages/oslo_config/cfg.py:3006}}
May 06 03:46:19.770209 np0000172158 neutron-periodic-workers[104970]: DEBUG cotyledon.oslo_config_glue [-] ovn.ovn_sb_ca_cert = /opt/stack/data/CA/int-ca/ca-chain.pem {{(pid=104970) log_opt_values /opt/stack/data/venv/lib/python3.12/site-packages/oslo_config/cfg.py:3006}}
May 06 03:46:19.770253 np0000172158 neutron-periodic-workers[104970]: DEBUG cotyledon.oslo_config_glue [-] ovn.ovn_sb_certificate = /opt/stack/data/CA/int-ca/devstack-cert.crt {{(pid=104970) log_opt_values /opt/stack/data/venv/lib/python3.12/site-packages/oslo_config/cfg.py:3006}}
May 06 03:46:19.770288 np0000172158 neutron-periodic-workers[104970]: DEBUG cotyledon.oslo_config_glue [-] ovn.ovn_sb_connection = ['ssl:199.204.45.244:6642'] {{(pid=104970) log_opt_values /opt/stack/data/venv/lib/python3.12/site-packages/oslo_config/cfg.py:3006}}
May 06 03:46:19.770319 np0000172158 neutron-periodic-workers[104970]: DEBUG cotyledon.oslo_config_glue [-] ovn.ovn_sb_private_key = /opt/stack/data/CA/int-ca/private/devstack-cert.key {{(pid=104970) log_opt_values /opt/stack/data/venv/lib/python3.12/site-packages/oslo_config/cfg.py:3006}}
May 06 03:46:19.770354 np0000172158 neutron-periodic-workers[104970]: DEBUG cotyledon.oslo_config_glue [-] ovn.ovs_create_tap = False {{(pid=104970) log_opt_values /opt/stack/data/venv/lib/python3.12/site-packages/oslo_config/cfg.py:3006}}
May 06 03:46:19.770394 np0000172158 neutron-periodic-workers[104970]: DEBUG cotyledon.oslo_config_glue [-] ovn.ovsdb_connection_timeout = 180 {{(pid=104970) log_opt_values /opt/stack/data/venv/lib/python3.12/site-packages/oslo_config/cfg.py:3006}}
May 06 03:46:19.770438 np0000172158 neutron-periodic-workers[104970]: DEBUG cotyledon.oslo_config_glue [-] ovn.ovsdb_log_level = INFO {{(pid=104970) log_opt_values /opt/stack/data/venv/lib/python3.12/site-packages/oslo_config/cfg.py:3006}}
May 06 03:46:19.770471 np0000172158 neutron-periodic-workers[104970]: DEBUG cotyledon.oslo_config_glue [-] ovn.ovsdb_probe_interval = 60000 {{(pid=104970) log_opt_values /opt/stack/data/venv/lib/python3.12/site-packages/oslo_config/cfg.py:3006}}
May 06 03:46:19.770504 np0000172158 neutron-periodic-workers[104970]: DEBUG cotyledon.oslo_config_glue [-] ovn.ovsdb_retry_max_interval = 180 {{(pid=104970) log_opt_values /opt/stack/data/venv/lib/python3.12/site-packages/oslo_config/cfg.py:3006}}
May 06 03:46:19.770538 np0000172158 neutron-periodic-workers[104970]: DEBUG cotyledon.oslo_config_glue [-] ovn.stateless_nat_enabled = False {{(pid=104970) log_opt_values /opt/stack/data/venv/lib/python3.12/site-packages/oslo_config/cfg.py:3006}}
May 06 03:46:19.770585 np0000172158 neutron-periodic-workers[104970]: DEBUG cotyledon.oslo_config_glue [-] ovn.vhost_sock_dir = /var/run/openvswitch {{(pid=104970) log_opt_values /opt/stack/data/venv/lib/python3.12/site-packages/oslo_config/cfg.py:3006}}
May 06 03:46:19.770639 np0000172158 neutron-periodic-workers[104970]: DEBUG cotyledon.oslo_config_glue [-] OVS.bridge_mac_table_size = 50000 {{(pid=104970) log_opt_values /opt/stack/data/venv/lib/python3.12/site-packages/oslo_config/cfg.py:3006}}
May 06 03:46:19.770677 np0000172158 neutron-periodic-workers[104970]: DEBUG cotyledon.oslo_config_glue [-] OVS.igmp_flood = False {{(pid=104970) log_opt_values /opt/stack/data/venv/lib/python3.12/site-packages/oslo_config/cfg.py:3006}}
May 06 03:46:19.770722 np0000172158 neutron-periodic-workers[104970]: DEBUG cotyledon.oslo_config_glue [-] OVS.igmp_flood_reports = True {{(pid=104970) log_opt_values /opt/stack/data/venv/lib/python3.12/site-packages/oslo_config/cfg.py:3006}}
May 06 03:46:19.770767 np0000172158 neutron-periodic-workers[104970]: DEBUG cotyledon.oslo_config_glue [-] OVS.igmp_flood_unregistered = False {{(pid=104970) log_opt_values /opt/stack/data/venv/lib/python3.12/site-packages/oslo_config/cfg.py:3006}}
May 06 03:46:19.770813 np0000172158 neutron-periodic-workers[104970]: DEBUG cotyledon.oslo_config_glue [-] OVS.igmp_snooping_enable = False {{(pid=104970) log_opt_values /opt/stack/data/venv/lib/python3.12/site-packages/oslo_config/cfg.py:3006}}
May 06 03:46:19.770851 np0000172158 neutron-periodic-workers[104970]: DEBUG cotyledon.oslo_config_glue [-] OVS.ovsdb_timeout = 10 {{(pid=104970) log_opt_values /opt/stack/data/venv/lib/python3.12/site-packages/oslo_config/cfg.py:3006}}
May 06 03:46:19.770899 np0000172158 neutron-periodic-workers[104970]: DEBUG cotyledon.oslo_config_glue [-] ovn_nb_global.fdb_removal_limit = 0 {{(pid=104970) log_opt_values /opt/stack/data/venv/lib/python3.12/site-packages/oslo_config/cfg.py:3006}}
May 06 03:46:19.770931 np0000172158 neutron-periodic-workers[104970]: DEBUG cotyledon.oslo_config_glue [-] ovn_nb_global.ignore_lsp_down = False {{(pid=104970) log_opt_values /opt/stack/data/venv/lib/python3.12/site-packages/oslo_config/cfg.py:3006}}
May 06 03:46:19.770975 np0000172158 neutron-periodic-workers[104970]: DEBUG cotyledon.oslo_config_glue [-] ovn_nb_global.mac_binding_removal_limit = 0 {{(pid=104970) log_opt_values /opt/stack/data/venv/lib/python3.12/site-packages/oslo_config/cfg.py:3006}}
May 06 03:46:19.771007 np0000172158 neutron-periodic-workers[104970]: DEBUG cotyledon.oslo_config_glue [-] ******************************************************************************** {{(pid=104970) log_opt_values /opt/stack/data/venv/lib/python3.12/site-packages/oslo_config/cfg.py:3013}}
May 06 03:46:19.771228 np0000172158 neutron-periodic-workers[104970]: DEBUG cotyledon._service_worker [-] Run service ServiceWrapper(0) [104970] {{(pid=104970) wait_forever /opt/stack/data/venv/lib/python3.12/site-packages/cotyledon/_service_worker.py:218}}
May 06 03:46:29.413240 np0000172158 neutron-periodic-workers[104231]: DEBUG dbcounter [-] [104231] Writing DB stats neutron:SELECT=4 {{(pid=104231) stat_writer /opt/stack/data/venv/lib/python3.12/site-packages/dbcounter.py:115}}
May 06 03:47:06.739802 np0000172158 neutron-periodic-workers[104946]: DEBUG oslo_db.sqlalchemy.engines [None req-60943003-0837-4cdf-a3b9-b15f6b001f75 None None] Parent process 104231 forked (104946) with an open database connection, which is being discarded and recreated. {{(pid=104946) checkout /opt/stack/data/venv/lib/python3.12/site-packages/oslo_db/sqlalchemy/engines.py:402}}
May 06 03:47:06.748396 np0000172158 neutron-periodic-workers[104946]: DEBUG dbcounter [-] [104946] Writer thread running {{(pid=104946) stat_writer /opt/stack/data/venv/lib/python3.12/site-packages/dbcounter.py:102}}
May 06 03:47:06.765403 np0000172158 neutron-periodic-workers[104946]: DEBUG oslo.service.backend._threading.loopingcall [None req-60943003-0837-4cdf-a3b9-b15f6b001f75 None None] Fixed interval looping call 'neutron.plugins.ml2.plugin.DhcpAgentSchedulerDbMixin.remove_networks_from_down_agents' sleeping for 36.97 seconds {{(pid=104946) _run_loop /opt/stack/data/venv/lib/python3.12/site-packages/oslo_service/backend/_threading/loopingcall.py:125}}
May 06 03:47:16.764391 np0000172158 neutron-periodic-workers[104946]: DEBUG dbcounter [-] [104946] Writing DB stats neutron:SELECT=3 {{(pid=104946) stat_writer /opt/stack/data/venv/lib/python3.12/site-packages/dbcounter.py:115}}
May 06 03:47:21.777657 np0000172158 neutron-periodic-workers[104957]: DEBUG dbcounter [-] [104957] Writer thread running {{(pid=104957) stat_writer /opt/stack/data/venv/lib/python3.12/site-packages/dbcounter.py:102}}
May 06 03:47:21.781939 np0000172158 neutron-periodic-workers[104957]: DEBUG neutron.db.agents_db [None req-fca07516-1583-49c6-a07c-5ce6b2408ad2 None None] Agent healthcheck: found 0 active agents {{(pid=104957) agent_health_check /opt/stack/neutron/neutron/db/agents_db.py:317}}
May 06 03:47:21.782163 np0000172158 neutron-periodic-workers[104957]: DEBUG oslo.service.backend._threading.loopingcall [None req-fca07516-1583-49c6-a07c-5ce6b2408ad2 None None] Fixed interval looping call 'neutron.plugins.ml2.plugin.AgentDbMixin.agent_health_check' sleeping for 36.98 seconds {{(pid=104957) _run_loop /opt/stack/data/venv/lib/python3.12/site-packages/oslo_service/backend/_threading/loopingcall.py:125}}
May 06 03:47:31.778341 np0000172158 neutron-periodic-workers[104957]: DEBUG dbcounter [-] [104957] Writing DB stats neutron:SELECT=1 {{(pid=104957) stat_writer /opt/stack/data/venv/lib/python3.12/site-packages/dbcounter.py:115}}
May 06 03:47:43.753917 np0000172158 neutron-periodic-workers[104946]: DEBUG oslo.service.backend._threading.loopingcall [None req-60943003-0837-4cdf-a3b9-b15f6b001f75 None None] Fixed interval looping call 'neutron.plugins.ml2.plugin.DhcpAgentSchedulerDbMixin.remove_networks_from_down_agents' sleeping for 36.98 seconds {{(pid=104946) _run_loop /opt/stack/data/venv/lib/python3.12/site-packages/oslo_service/backend/_threading/loopingcall.py:125}}
May 06 03:47:53.752553 np0000172158 neutron-periodic-workers[104946]: DEBUG dbcounter [-] [104946] Writing DB stats neutron:SELECT=3 {{(pid=104946) stat_writer /opt/stack/data/venv/lib/python3.12/site-packages/dbcounter.py:115}}
May 06 03:47:58.769271 np0000172158 neutron-periodic-workers[104957]: DEBUG neutron.db.agents_db [None req-fca07516-1583-49c6-a07c-5ce6b2408ad2 None None] Agent healthcheck: found 0 active agents {{(pid=104957) agent_health_check /opt/stack/neutron/neutron/db/agents_db.py:317}}
May 06 03:47:58.769961 np0000172158 neutron-periodic-workers[104957]: DEBUG oslo.service.backend._threading.loopingcall [None req-fca07516-1583-49c6-a07c-5ce6b2408ad2 None None] Fixed interval looping call 'neutron.plugins.ml2.plugin.AgentDbMixin.agent_health_check' sleeping for 36.99 seconds {{(pid=104957) _run_loop /opt/stack/data/venv/lib/python3.12/site-packages/oslo_service/backend/_threading/loopingcall.py:125}}
May 06 03:48:08.767197 np0000172158 neutron-periodic-workers[104957]: DEBUG dbcounter [-] [104957] Writing DB stats neutron:SELECT=1 {{(pid=104957) stat_writer /opt/stack/data/venv/lib/python3.12/site-packages/dbcounter.py:115}}
May 06 03:48:19.794992 np0000172158 neutron-periodic-workers[104970]: DEBUG dbcounter [-] [104970] Writer thread running {{(pid=104970) stat_writer /opt/stack/data/venv/lib/python3.12/site-packages/dbcounter.py:102}}
May 06 03:48:19.797413 np0000172158 neutron-periodic-workers[104970]: DEBUG oslo.service.backend._threading.loopingcall [None req-fdff9ef0-9f6f-4fba-b839-84d75f80ea37 None None] Fixed interval looping call 'neutron.db.quota.driver_nolock.DbQuotaNoLockDriver._remove_expired_reservations' sleeping for 119.98 seconds {{(pid=104970) _run_loop /opt/stack/data/venv/lib/python3.12/site-packages/oslo_service/backend/_threading/loopingcall.py:125}}
May 06 03:48:20.743027 np0000172158 neutron-periodic-workers[104946]: DEBUG oslo.service.backend._threading.loopingcall [None req-60943003-0837-4cdf-a3b9-b15f6b001f75 None None] Fixed interval looping call 'neutron.plugins.ml2.plugin.DhcpAgentSchedulerDbMixin.remove_networks_from_down_agents' sleeping for 36.99 seconds {{(pid=104946) _run_loop /opt/stack/data/venv/lib/python3.12/site-packages/oslo_service/backend/_threading/loopingcall.py:125}}
May 06 03:48:29.797340 np0000172158 neutron-periodic-workers[104970]: DEBUG dbcounter [-] [104970] Writing DB stats neutron:DELETE=1 {{(pid=104970) stat_writer /opt/stack/data/venv/lib/python3.12/site-packages/dbcounter.py:115}}
May 06 03:48:30.743538 np0000172158 neutron-periodic-workers[104946]: DEBUG dbcounter [-] [104946] Writing DB stats neutron:SELECT=3 {{(pid=104946) stat_writer /opt/stack/data/venv/lib/python3.12/site-packages/dbcounter.py:115}}
May 06 03:48:35.762394 np0000172158 neutron-periodic-workers[104957]: DEBUG neutron.db.agents_db [None req-fca07516-1583-49c6-a07c-5ce6b2408ad2 None None] Agent healthcheck: found 0 active agents {{(pid=104957) agent_health_check /opt/stack/neutron/neutron/db/agents_db.py:317}}
May 06 03:48:35.762877 np0000172158 neutron-periodic-workers[104957]: DEBUG oslo.service.backend._threading.loopingcall [None req-fca07516-1583-49c6-a07c-5ce6b2408ad2 None None] Fixed interval looping call 'neutron.plugins.ml2.plugin.AgentDbMixin.agent_health_check' sleeping for 37.00 seconds {{(pid=104957) _run_loop /opt/stack/data/venv/lib/python3.12/site-packages/oslo_service/backend/_threading/loopingcall.py:125}}
May 06 03:48:45.761790 np0000172158 neutron-periodic-workers[104957]: DEBUG dbcounter [-] [104957] Writing DB stats neutron:SELECT=1 {{(pid=104957) stat_writer /opt/stack/data/venv/lib/python3.12/site-packages/dbcounter.py:115}}
May 06 03:48:57.741762 np0000172158 neutron-periodic-workers[104946]: DEBUG oslo.service.backend._threading.loopingcall [None req-60943003-0837-4cdf-a3b9-b15f6b001f75 None None] Fixed interval looping call 'neutron.plugins.ml2.plugin.DhcpAgentSchedulerDbMixin.remove_networks_from_down_agents' sleeping for 36.99 seconds {{(pid=104946) _run_loop /opt/stack/data/venv/lib/python3.12/site-packages/oslo_service/backend/_threading/loopingcall.py:125}}
May 06 03:49:07.740736 np0000172158 neutron-periodic-workers[104946]: DEBUG dbcounter [-] [104946] Writing DB stats neutron:SELECT=3 {{(pid=104946) stat_writer /opt/stack/data/venv/lib/python3.12/site-packages/dbcounter.py:115}}
May 06 03:49:12.765491 np0000172158 neutron-periodic-workers[104957]: DEBUG neutron.db.agents_db [None req-fca07516-1583-49c6-a07c-5ce6b2408ad2 None None] Agent healthcheck: found 0 active agents {{(pid=104957) agent_health_check /opt/stack/neutron/neutron/db/agents_db.py:317}}
May 06 03:49:12.766377 np0000172158 neutron-periodic-workers[104957]: DEBUG oslo.service.backend._threading.loopingcall [None req-fca07516-1583-49c6-a07c-5ce6b2408ad2 None None] Fixed interval looping call 'neutron.plugins.ml2.plugin.AgentDbMixin.agent_health_check' sleeping for 37.00 seconds {{(pid=104957) _run_loop /opt/stack/data/venv/lib/python3.12/site-packages/oslo_service/backend/_threading/loopingcall.py:125}}
May 06 03:49:22.764864 np0000172158 neutron-periodic-workers[104957]: DEBUG dbcounter [-] [104957] Writing DB stats neutron:SELECT=1 {{(pid=104957) stat_writer /opt/stack/data/venv/lib/python3.12/site-packages/dbcounter.py:115}}
May 06 03:49:33.747400 np0000172158 neutron-periodic-workers[104940]: DEBUG dbcounter [-] [104940] Writer thread running {{(pid=104940) stat_writer /opt/stack/data/venv/lib/python3.12/site-packages/dbcounter.py:102}}
May 06 03:49:33.758034 np0000172158 neutron-periodic-workers[104940]: DEBUG oslo.service.backend._threading.loopingcall [None req-1cc6c388-2e60-46e7-a17c-3e5ac66dfb26 None None] Fixed interval looping call 'neutron.services.ovn_l3.plugin.L3_NAT_dbonly_mixin._clean_garbage' sleeping for 299.96 seconds {{(pid=104940) _run_loop /opt/stack/data/venv/lib/python3.12/site-packages/oslo_service/backend/_threading/loopingcall.py:125}}
May 06 03:49:34.743657 np0000172158 neutron-periodic-workers[104946]: DEBUG oslo.service.backend._threading.loopingcall [None req-60943003-0837-4cdf-a3b9-b15f6b001f75 None None] Fixed interval looping call 'neutron.plugins.ml2.plugin.DhcpAgentSchedulerDbMixin.remove_networks_from_down_agents' sleeping for 36.99 seconds {{(pid=104946) _run_loop /opt/stack/data/venv/lib/python3.12/site-packages/oslo_service/backend/_threading/loopingcall.py:125}}
May 06 03:49:43.747807 np0000172158 neutron-periodic-workers[104940]: DEBUG dbcounter [-] [104940] Writing DB stats neutron:SELECT=1 {{(pid=104940) stat_writer /opt/stack/data/venv/lib/python3.12/site-packages/dbcounter.py:115}}
May 06 03:49:44.741971 np0000172158 neutron-periodic-workers[104946]: DEBUG dbcounter [-] [104946] Writing DB stats neutron:SELECT=3 {{(pid=104946) stat_writer /opt/stack/data/venv/lib/python3.12/site-packages/dbcounter.py:115}}
May 06 03:49:49.772141 np0000172158 neutron-periodic-workers[104957]: DEBUG neutron.db.agents_db [None req-fca07516-1583-49c6-a07c-5ce6b2408ad2 None None] Agent healthcheck: found 0 active agents {{(pid=104957) agent_health_check /opt/stack/neutron/neutron/db/agents_db.py:317}}
May 06 03:49:49.772644 np0000172158 neutron-periodic-workers[104957]: DEBUG oslo.service.backend._threading.loopingcall [None req-fca07516-1583-49c6-a07c-5ce6b2408ad2 None None] Fixed interval looping call 'neutron.plugins.ml2.plugin.AgentDbMixin.agent_health_check' sleeping for 36.99 seconds {{(pid=104957) _run_loop /opt/stack/data/venv/lib/python3.12/site-packages/oslo_service/backend/_threading/loopingcall.py:125}}
May 06 03:49:59.770825 np0000172158 neutron-periodic-workers[104957]: DEBUG dbcounter [-] [104957] Writing DB stats neutron:SELECT=1 {{(pid=104957) stat_writer /opt/stack/data/venv/lib/python3.12/site-packages/dbcounter.py:115}}
May 06 03:50:11.741482 np0000172158 neutron-periodic-workers[104946]: DEBUG oslo.service.backend._threading.loopingcall [None req-60943003-0837-4cdf-a3b9-b15f6b001f75 None None] Fixed interval looping call 'neutron.plugins.ml2.plugin.DhcpAgentSchedulerDbMixin.remove_networks_from_down_agents' sleeping for 36.99 seconds {{(pid=104946) _run_loop /opt/stack/data/venv/lib/python3.12/site-packages/oslo_service/backend/_threading/loopingcall.py:125}}
May 06 03:50:19.782645 np0000172158 neutron-periodic-workers[104970]: DEBUG oslo.service.backend._threading.loopingcall [None req-fdff9ef0-9f6f-4fba-b839-84d75f80ea37 None None] Fixed interval looping call 'neutron.db.quota.driver_nolock.DbQuotaNoLockDriver._remove_expired_reservations' sleeping for 120.00 seconds {{(pid=104970) _run_loop /opt/stack/data/venv/lib/python3.12/site-packages/oslo_service/backend/_threading/loopingcall.py:125}}
May 06 03:50:21.740568 np0000172158 neutron-periodic-workers[104946]: DEBUG dbcounter [-] [104946] Writing DB stats neutron:SELECT=3 {{(pid=104946) stat_writer /opt/stack/data/venv/lib/python3.12/site-packages/dbcounter.py:115}}
May 06 03:50:26.767668 np0000172158 neutron-periodic-workers[104957]: DEBUG neutron.db.agents_db [None req-fca07516-1583-49c6-a07c-5ce6b2408ad2 None None] Agent healthcheck: found 0 active agents {{(pid=104957) agent_health_check /opt/stack/neutron/neutron/db/agents_db.py:317}}
May 06 03:50:26.768091 np0000172158 neutron-periodic-workers[104957]: DEBUG oslo.service.backend._threading.loopingcall [None req-fca07516-1583-49c6-a07c-5ce6b2408ad2 None None] Fixed interval looping call 'neutron.plugins.ml2.plugin.AgentDbMixin.agent_health_check' sleeping for 36.99 seconds {{(pid=104957) _run_loop /opt/stack/data/venv/lib/python3.12/site-packages/oslo_service/backend/_threading/loopingcall.py:125}}
May 06 03:50:29.781370 np0000172158 neutron-periodic-workers[104970]: DEBUG dbcounter [-] [104970] Writing DB stats neutron:DELETE=1 {{(pid=104970) stat_writer /opt/stack/data/venv/lib/python3.12/site-packages/dbcounter.py:115}}
May 06 03:50:36.766029 np0000172158 neutron-periodic-workers[104957]: DEBUG dbcounter [-] [104957] Writing DB stats neutron:SELECT=1 {{(pid=104957) stat_writer /opt/stack/data/venv/lib/python3.12/site-packages/dbcounter.py:115}}
May 06 03:50:48.742079 np0000172158 neutron-periodic-workers[104946]: DEBUG oslo.service.backend._threading.loopingcall [None req-60943003-0837-4cdf-a3b9-b15f6b001f75 None None] Fixed interval looping call 'neutron.plugins.ml2.plugin.DhcpAgentSchedulerDbMixin.remove_networks_from_down_agents' sleeping for 36.99 seconds {{(pid=104946) _run_loop /opt/stack/data/venv/lib/python3.12/site-packages/oslo_service/backend/_threading/loopingcall.py:125}}
May 06 03:50:58.741402 np0000172158 neutron-periodic-workers[104946]: DEBUG dbcounter [-] [104946] Writing DB stats neutron:SELECT=3 {{(pid=104946) stat_writer /opt/stack/data/venv/lib/python3.12/site-packages/dbcounter.py:115}}
May 06 03:51:03.763320 np0000172158 neutron-periodic-workers[104957]: DEBUG neutron.db.agents_db [None req-fca07516-1583-49c6-a07c-5ce6b2408ad2 None None] Agent healthcheck: found 0 active agents {{(pid=104957) agent_health_check /opt/stack/neutron/neutron/db/agents_db.py:317}}
May 06 03:51:03.763865 np0000172158 neutron-periodic-workers[104957]: DEBUG oslo.service.backend._threading.loopingcall [None req-fca07516-1583-49c6-a07c-5ce6b2408ad2 None None] Fixed interval looping call 'neutron.plugins.ml2.plugin.AgentDbMixin.agent_health_check' sleeping for 36.99 seconds {{(pid=104957) _run_loop /opt/stack/data/venv/lib/python3.12/site-packages/oslo_service/backend/_threading/loopingcall.py:125}}
May 06 03:51:13.761997 np0000172158 neutron-periodic-workers[104957]: DEBUG dbcounter [-] [104957] Writing DB stats neutron:SELECT=1 {{(pid=104957) stat_writer /opt/stack/data/venv/lib/python3.12/site-packages/dbcounter.py:115}}
May 06 03:51:25.739193 np0000172158 neutron-periodic-workers[104946]: DEBUG oslo.service.backend._threading.loopingcall [None req-60943003-0837-4cdf-a3b9-b15f6b001f75 None None] Fixed interval looping call 'neutron.plugins.ml2.plugin.DhcpAgentSchedulerDbMixin.remove_networks_from_down_agents' sleeping for 36.99 seconds {{(pid=104946) _run_loop /opt/stack/data/venv/lib/python3.12/site-packages/oslo_service/backend/_threading/loopingcall.py:125}}
May 06 03:51:35.738269 np0000172158 neutron-periodic-workers[104946]: DEBUG dbcounter [-] [104946] Writing DB stats neutron:SELECT=3 {{(pid=104946) stat_writer /opt/stack/data/venv/lib/python3.12/site-packages/dbcounter.py:115}}
May 06 03:51:40.758936 np0000172158 neutron-periodic-workers[104957]: DEBUG neutron.db.agents_db [None req-fca07516-1583-49c6-a07c-5ce6b2408ad2 None None] Agent healthcheck: found 0 active agents {{(pid=104957) agent_health_check /opt/stack/neutron/neutron/db/agents_db.py:317}}
May 06 03:51:40.759690 np0000172158 neutron-periodic-workers[104957]: DEBUG oslo.service.backend._threading.loopingcall [None req-fca07516-1583-49c6-a07c-5ce6b2408ad2 None None] Fixed interval looping call 'neutron.plugins.ml2.plugin.AgentDbMixin.agent_health_check' sleeping for 36.99 seconds {{(pid=104957) _run_loop /opt/stack/data/venv/lib/python3.12/site-packages/oslo_service/backend/_threading/loopingcall.py:125}}
May 06 03:51:50.757859 np0000172158 neutron-periodic-workers[104957]: DEBUG dbcounter [-] [104957] Writing DB stats neutron:SELECT=1 {{(pid=104957) stat_writer /opt/stack/data/venv/lib/python3.12/site-packages/dbcounter.py:115}}
May 06 03:52:02.738974 np0000172158 neutron-periodic-workers[104946]: DEBUG oslo.service.backend._threading.loopingcall [None req-60943003-0837-4cdf-a3b9-b15f6b001f75 None None] Fixed interval looping call 'neutron.plugins.ml2.plugin.DhcpAgentSchedulerDbMixin.remove_networks_from_down_agents' sleeping for 36.99 seconds {{(pid=104946) _run_loop /opt/stack/data/venv/lib/python3.12/site-packages/oslo_service/backend/_threading/loopingcall.py:125}}
May 06 03:52:12.738127 np0000172158 neutron-periodic-workers[104946]: DEBUG dbcounter [-] [104946] Writing DB stats neutron:SELECT=3 {{(pid=104946) stat_writer /opt/stack/data/venv/lib/python3.12/site-packages/dbcounter.py:115}}
May 06 03:52:17.755973 np0000172158 neutron-periodic-workers[104957]: DEBUG neutron.db.agents_db [None req-fca07516-1583-49c6-a07c-5ce6b2408ad2 None None] Agent healthcheck: found 0 active agents {{(pid=104957) agent_health_check /opt/stack/neutron/neutron/db/agents_db.py:317}}
May 06 03:52:17.755973 np0000172158 neutron-periodic-workers[104957]: DEBUG oslo.service.backend._threading.loopingcall [None req-fca07516-1583-49c6-a07c-5ce6b2408ad2 None None] Fixed interval looping call 'neutron.plugins.ml2.plugin.AgentDbMixin.agent_health_check' sleeping for 36.99 seconds {{(pid=104957) _run_loop /opt/stack/data/venv/lib/python3.12/site-packages/oslo_service/backend/_threading/loopingcall.py:125}}
May 06 03:52:19.787474 np0000172158 neutron-periodic-workers[104970]: DEBUG oslo.service.backend._threading.loopingcall [None req-fdff9ef0-9f6f-4fba-b839-84d75f80ea37 None None] Fixed interval looping call 'neutron.db.quota.driver_nolock.DbQuotaNoLockDriver._remove_expired_reservations' sleeping for 120.00 seconds {{(pid=104970) _run_loop /opt/stack/data/venv/lib/python3.12/site-packages/oslo_service/backend/_threading/loopingcall.py:125}}
May 06 03:52:27.753275 np0000172158 neutron-periodic-workers[104957]: DEBUG dbcounter [-] [104957] Writing DB stats neutron:SELECT=1 {{(pid=104957) stat_writer /opt/stack/data/venv/lib/python3.12/site-packages/dbcounter.py:115}}
May 06 03:52:29.786295 np0000172158 neutron-periodic-workers[104970]: DEBUG dbcounter [-] [104970] Writing DB stats neutron:DELETE=1 {{(pid=104970) stat_writer /opt/stack/data/venv/lib/python3.12/site-packages/dbcounter.py:115}}
May 06 03:52:39.739598 np0000172158 neutron-periodic-workers[104946]: DEBUG oslo.service.backend._threading.loopingcall [None req-60943003-0837-4cdf-a3b9-b15f6b001f75 None None] Fixed interval looping call 'neutron.plugins.ml2.plugin.DhcpAgentSchedulerDbMixin.remove_networks_from_down_agents' sleeping for 36.99 seconds {{(pid=104946) _run_loop /opt/stack/data/venv/lib/python3.12/site-packages/oslo_service/backend/_threading/loopingcall.py:125}}
May 06 03:52:49.737520 np0000172158 neutron-periodic-workers[104946]: DEBUG dbcounter [-] [104946] Writing DB stats neutron:SELECT=3 {{(pid=104946) stat_writer /opt/stack/data/venv/lib/python3.12/site-packages/dbcounter.py:115}}
May 06 03:52:54.750448 np0000172158 neutron-periodic-workers[104957]: DEBUG neutron.db.agents_db [None req-fca07516-1583-49c6-a07c-5ce6b2408ad2 None None] Agent healthcheck: found 0 active agents {{(pid=104957) agent_health_check /opt/stack/neutron/neutron/db/agents_db.py:317}}
May 06 03:52:54.751017 np0000172158 neutron-periodic-workers[104957]: DEBUG oslo.service.backend._threading.loopingcall [None req-fca07516-1583-49c6-a07c-5ce6b2408ad2 None None] Fixed interval looping call 'neutron.plugins.ml2.plugin.AgentDbMixin.agent_health_check' sleeping for 37.00 seconds {{(pid=104957) _run_loop /opt/stack/data/venv/lib/python3.12/site-packages/oslo_service/backend/_threading/loopingcall.py:125}}
May 06 03:53:04.749503 np0000172158 neutron-periodic-workers[104957]: DEBUG dbcounter [-] [104957] Writing DB stats neutron:SELECT=1 {{(pid=104957) stat_writer /opt/stack/data/venv/lib/python3.12/site-packages/dbcounter.py:115}}
May 06 03:53:16.739477 np0000172158 neutron-periodic-workers[104946]: DEBUG oslo.service.backend._threading.loopingcall [None req-60943003-0837-4cdf-a3b9-b15f6b001f75 None None] Fixed interval looping call 'neutron.plugins.ml2.plugin.DhcpAgentSchedulerDbMixin.remove_networks_from_down_agents' sleeping for 36.99 seconds {{(pid=104946) _run_loop /opt/stack/data/venv/lib/python3.12/site-packages/oslo_service/backend/_threading/loopingcall.py:125}}
May 06 03:53:26.738100 np0000172158 neutron-periodic-workers[104946]: DEBUG dbcounter [-] [104946] Writing DB stats neutron:SELECT=3 {{(pid=104946) stat_writer /opt/stack/data/venv/lib/python3.12/site-packages/dbcounter.py:115}}
May 06 03:53:31.757008 np0000172158 neutron-periodic-workers[104957]: DEBUG neutron.db.agents_db [None req-fca07516-1583-49c6-a07c-5ce6b2408ad2 None None] Agent healthcheck: found 0 active agents {{(pid=104957) agent_health_check /opt/stack/neutron/neutron/db/agents_db.py:317}}
May 06 03:53:31.757491 np0000172158 neutron-periodic-workers[104957]: DEBUG oslo.service.backend._threading.loopingcall [None req-fca07516-1583-49c6-a07c-5ce6b2408ad2 None None] Fixed interval looping call 'neutron.plugins.ml2.plugin.AgentDbMixin.agent_health_check' sleeping for 36.99 seconds {{(pid=104957) _run_loop /opt/stack/data/venv/lib/python3.12/site-packages/oslo_service/backend/_threading/loopingcall.py:125}}
May 06 03:53:41.754668 np0000172158 neutron-periodic-workers[104957]: DEBUG dbcounter [-] [104957] Writing DB stats neutron:SELECT=1 {{(pid=104957) stat_writer /opt/stack/data/venv/lib/python3.12/site-packages/dbcounter.py:115}}
May 06 03:53:53.740727 np0000172158 neutron-periodic-workers[104946]: DEBUG oslo.service.backend._threading.loopingcall [None req-60943003-0837-4cdf-a3b9-b15f6b001f75 None None] Fixed interval looping call 'neutron.plugins.ml2.plugin.DhcpAgentSchedulerDbMixin.remove_networks_from_down_agents' sleeping for 36.99 seconds {{(pid=104946) _run_loop /opt/stack/data/venv/lib/python3.12/site-packages/oslo_service/backend/_threading/loopingcall.py:125}}
May 06 03:54:03.740087 np0000172158 neutron-periodic-workers[104946]: DEBUG dbcounter [-] [104946] Writing DB stats neutron:SELECT=3 {{(pid=104946) stat_writer /opt/stack/data/venv/lib/python3.12/site-packages/dbcounter.py:115}}
May 06 03:54:08.751375 np0000172158 neutron-periodic-workers[104957]: DEBUG neutron.db.agents_db [None req-fca07516-1583-49c6-a07c-5ce6b2408ad2 None None] Agent healthcheck: found 0 active agents {{(pid=104957) agent_health_check /opt/stack/neutron/neutron/db/agents_db.py:317}}
May 06 03:54:08.752117 np0000172158 neutron-periodic-workers[104957]: DEBUG oslo.service.backend._threading.loopingcall [None req-fca07516-1583-49c6-a07c-5ce6b2408ad2 None None] Fixed interval looping call 'neutron.plugins.ml2.plugin.AgentDbMixin.agent_health_check' sleeping for 37.00 seconds {{(pid=104957) _run_loop /opt/stack/data/venv/lib/python3.12/site-packages/oslo_service/backend/_threading/loopingcall.py:125}}
May 06 03:54:18.750148 np0000172158 neutron-periodic-workers[104957]: DEBUG dbcounter [-] [104957] Writing DB stats neutron:SELECT=1 {{(pid=104957) stat_writer /opt/stack/data/venv/lib/python3.12/site-packages/dbcounter.py:115}}
May 06 03:54:19.790592 np0000172158 neutron-periodic-workers[104970]: DEBUG oslo.service.backend._threading.loopingcall [None req-fdff9ef0-9f6f-4fba-b839-84d75f80ea37 None None] Fixed interval looping call 'neutron.db.quota.driver_nolock.DbQuotaNoLockDriver._remove_expired_reservations' sleeping for 120.00 seconds {{(pid=104970) _run_loop /opt/stack/data/venv/lib/python3.12/site-packages/oslo_service/backend/_threading/loopingcall.py:125}}
May 06 03:54:29.789814 np0000172158 neutron-periodic-workers[104970]: DEBUG dbcounter [-] [104970] Writing DB stats neutron:DELETE=1 {{(pid=104970) stat_writer /opt/stack/data/venv/lib/python3.12/site-packages/dbcounter.py:115}}
May 06 03:54:30.745418 np0000172158 neutron-periodic-workers[104946]: DEBUG oslo.service.backend._threading.loopingcall [None req-60943003-0837-4cdf-a3b9-b15f6b001f75 None None] Fixed interval looping call 'neutron.plugins.ml2.plugin.DhcpAgentSchedulerDbMixin.remove_networks_from_down_agents' sleeping for 36.99 seconds {{(pid=104946) _run_loop /opt/stack/data/venv/lib/python3.12/site-packages/oslo_service/backend/_threading/loopingcall.py:125}}
May 06 03:54:33.726713 np0000172158 neutron-periodic-workers[104940]: DEBUG oslo.service.backend._threading.loopingcall [None req-1cc6c388-2e60-46e7-a17c-3e5ac66dfb26 None None] Fixed interval looping call 'neutron.services.ovn_l3.plugin.L3_NAT_dbonly_mixin._clean_garbage' sleeping for 299.99 seconds {{(pid=104940) _run_loop /opt/stack/data/venv/lib/python3.12/site-packages/oslo_service/backend/_threading/loopingcall.py:125}}
May 06 03:54:40.744455 np0000172158 neutron-periodic-workers[104946]: DEBUG dbcounter [-] [104946] Writing DB stats neutron:SELECT=3 {{(pid=104946) stat_writer /opt/stack/data/venv/lib/python3.12/site-packages/dbcounter.py:115}}
May 06 03:54:43.721560 np0000172158 neutron-periodic-workers[104940]: DEBUG dbcounter [-] [104940] Writing DB stats neutron:SELECT=1 {{(pid=104940) stat_writer /opt/stack/data/venv/lib/python3.12/site-packages/dbcounter.py:115}}
May 06 03:54:45.757415 np0000172158 neutron-periodic-workers[104957]: DEBUG neutron.db.agents_db [None req-fca07516-1583-49c6-a07c-5ce6b2408ad2 None None] Agent healthcheck: found 0 active agents {{(pid=104957) agent_health_check /opt/stack/neutron/neutron/db/agents_db.py:317}}
May 06 03:54:45.757940 np0000172158 neutron-periodic-workers[104957]: DEBUG oslo.service.backend._threading.loopingcall [None req-fca07516-1583-49c6-a07c-5ce6b2408ad2 None None] Fixed interval looping call 'neutron.plugins.ml2.plugin.AgentDbMixin.agent_health_check' sleeping for 36.99 seconds {{(pid=104957) _run_loop /opt/stack/data/venv/lib/python3.12/site-packages/oslo_service/backend/_threading/loopingcall.py:125}}
May 06 03:54:55.755696 np0000172158 neutron-periodic-workers[104957]: DEBUG dbcounter [-] [104957] Writing DB stats neutron:SELECT=1 {{(pid=104957) stat_writer /opt/stack/data/venv/lib/python3.12/site-packages/dbcounter.py:115}}
May 06 03:55:07.746308 np0000172158 neutron-periodic-workers[104946]: DEBUG oslo.service.backend._threading.loopingcall [None req-60943003-0837-4cdf-a3b9-b15f6b001f75 None None] Fixed interval looping call 'neutron.plugins.ml2.plugin.DhcpAgentSchedulerDbMixin.remove_networks_from_down_agents' sleeping for 36.99 seconds {{(pid=104946) _run_loop /opt/stack/data/venv/lib/python3.12/site-packages/oslo_service/backend/_threading/loopingcall.py:125}}
May 06 03:55:17.745482 np0000172158 neutron-periodic-workers[104946]: DEBUG dbcounter [-] [104946] Writing DB stats neutron:SELECT=3 {{(pid=104946) stat_writer /opt/stack/data/venv/lib/python3.12/site-packages/dbcounter.py:115}}
May 06 03:55:22.753214 np0000172158 neutron-periodic-workers[104957]: DEBUG neutron.db.agents_db [None req-fca07516-1583-49c6-a07c-5ce6b2408ad2 None None] Agent healthcheck: found 0 active agents {{(pid=104957) agent_health_check /opt/stack/neutron/neutron/db/agents_db.py:317}}
May 06 03:55:22.753873 np0000172158 neutron-periodic-workers[104957]: DEBUG oslo.service.backend._threading.loopingcall [None req-fca07516-1583-49c6-a07c-5ce6b2408ad2 None None] Fixed interval looping call 'neutron.plugins.ml2.plugin.AgentDbMixin.agent_health_check' sleeping for 36.99 seconds {{(pid=104957) _run_loop /opt/stack/data/venv/lib/python3.12/site-packages/oslo_service/backend/_threading/loopingcall.py:125}}
May 06 03:55:32.751466 np0000172158 neutron-periodic-workers[104957]: DEBUG dbcounter [-] [104957] Writing DB stats neutron:SELECT=1 {{(pid=104957) stat_writer /opt/stack/data/venv/lib/python3.12/site-packages/dbcounter.py:115}}
May 06 03:55:44.742879 np0000172158 neutron-periodic-workers[104946]: DEBUG oslo.service.backend._threading.loopingcall [None req-60943003-0837-4cdf-a3b9-b15f6b001f75 None None] Fixed interval looping call 'neutron.plugins.ml2.plugin.DhcpAgentSchedulerDbMixin.remove_networks_from_down_agents' sleeping for 36.99 seconds {{(pid=104946) _run_loop /opt/stack/data/venv/lib/python3.12/site-packages/oslo_service/backend/_threading/loopingcall.py:125}}
May 06 03:55:54.742203 np0000172158 neutron-periodic-workers[104946]: DEBUG dbcounter [-] [104946] Writing DB stats neutron:SELECT=3 {{(pid=104946) stat_writer /opt/stack/data/venv/lib/python3.12/site-packages/dbcounter.py:115}}
May 06 03:55:59.750595 np0000172158 neutron-periodic-workers[104957]: DEBUG neutron.db.agents_db [None req-fca07516-1583-49c6-a07c-5ce6b2408ad2 None None] Agent healthcheck: found 0 active agents {{(pid=104957) agent_health_check /opt/stack/neutron/neutron/db/agents_db.py:317}}
May 06 03:55:59.751287 np0000172158 neutron-periodic-workers[104957]: DEBUG oslo.service.backend._threading.loopingcall [None req-fca07516-1583-49c6-a07c-5ce6b2408ad2 None None] Fixed interval looping call 'neutron.plugins.ml2.plugin.AgentDbMixin.agent_health_check' sleeping for 36.99 seconds {{(pid=104957) _run_loop /opt/stack/data/venv/lib/python3.12/site-packages/oslo_service/backend/_threading/loopingcall.py:125}}
May 06 03:56:09.748409 np0000172158 neutron-periodic-workers[104957]: DEBUG dbcounter [-] [104957] Writing DB stats neutron:SELECT=1 {{(pid=104957) stat_writer /opt/stack/data/venv/lib/python3.12/site-packages/dbcounter.py:115}}
May 06 03:56:19.793986 np0000172158 neutron-periodic-workers[104970]: DEBUG oslo.service.backend._threading.loopingcall [None req-fdff9ef0-9f6f-4fba-b839-84d75f80ea37 None None] Fixed interval looping call 'neutron.db.quota.driver_nolock.DbQuotaNoLockDriver._remove_expired_reservations' sleeping for 120.00 seconds {{(pid=104970) _run_loop /opt/stack/data/venv/lib/python3.12/site-packages/oslo_service/backend/_threading/loopingcall.py:125}}
May 06 03:56:21.740889 np0000172158 neutron-periodic-workers[104946]: DEBUG oslo.service.backend._threading.loopingcall [None req-60943003-0837-4cdf-a3b9-b15f6b001f75 None None] Fixed interval looping call 'neutron.plugins.ml2.plugin.DhcpAgentSchedulerDbMixin.remove_networks_from_down_agents' sleeping for 36.99 seconds {{(pid=104946) _run_loop /opt/stack/data/venv/lib/python3.12/site-packages/oslo_service/backend/_threading/loopingcall.py:125}}
May 06 03:56:29.793179 np0000172158 neutron-periodic-workers[104970]: DEBUG dbcounter [-] [104970] Writing DB stats neutron:DELETE=1 {{(pid=104970) stat_writer /opt/stack/data/venv/lib/python3.12/site-packages/dbcounter.py:115}}
May 06 03:56:31.740138 np0000172158 neutron-periodic-workers[104946]: DEBUG dbcounter [-] [104946] Writing DB stats neutron:SELECT=3 {{(pid=104946) stat_writer /opt/stack/data/venv/lib/python3.12/site-packages/dbcounter.py:115}}
May 06 03:56:36.744408 np0000172158 neutron-periodic-workers[104957]: DEBUG neutron.db.agents_db [None req-fca07516-1583-49c6-a07c-5ce6b2408ad2 None None] Agent healthcheck: found 0 active agents {{(pid=104957) agent_health_check /opt/stack/neutron/neutron/db/agents_db.py:317}}
May 06 03:56:36.744997 np0000172158 neutron-periodic-workers[104957]: DEBUG oslo.service.backend._threading.loopingcall [None req-fca07516-1583-49c6-a07c-5ce6b2408ad2 None None] Fixed interval looping call 'neutron.plugins.ml2.plugin.AgentDbMixin.agent_health_check' sleeping for 37.00 seconds {{(pid=104957) _run_loop /opt/stack/data/venv/lib/python3.12/site-packages/oslo_service/backend/_threading/loopingcall.py:125}}
May 06 03:56:46.743329 np0000172158 neutron-periodic-workers[104957]: DEBUG dbcounter [-] [104957] Writing DB stats neutron:SELECT=1 {{(pid=104957) stat_writer /opt/stack/data/venv/lib/python3.12/site-packages/dbcounter.py:115}}
May 06 03:56:58.739803 np0000172158 neutron-periodic-workers[104946]: DEBUG oslo.service.backend._threading.loopingcall [None req-60943003-0837-4cdf-a3b9-b15f6b001f75 None None] Fixed interval looping call 'neutron.plugins.ml2.plugin.DhcpAgentSchedulerDbMixin.remove_networks_from_down_agents' sleeping for 36.99 seconds {{(pid=104946) _run_loop /opt/stack/data/venv/lib/python3.12/site-packages/oslo_service/backend/_threading/loopingcall.py:125}}
May 06 03:57:08.738353 np0000172158 neutron-periodic-workers[104946]: DEBUG dbcounter [-] [104946] Writing DB stats neutron:SELECT=3 {{(pid=104946) stat_writer /opt/stack/data/venv/lib/python3.12/site-packages/dbcounter.py:115}}
May 06 03:57:13.748173 np0000172158 neutron-periodic-workers[104957]: DEBUG neutron.db.agents_db [None req-fca07516-1583-49c6-a07c-5ce6b2408ad2 None None] Agent healthcheck: found 0 active agents {{(pid=104957) agent_health_check /opt/stack/neutron/neutron/db/agents_db.py:317}}
May 06 03:57:13.748173 np0000172158 neutron-periodic-workers[104957]: DEBUG oslo.service.backend._threading.loopingcall [None req-fca07516-1583-49c6-a07c-5ce6b2408ad2 None None] Fixed interval looping call 'neutron.plugins.ml2.plugin.AgentDbMixin.agent_health_check' sleeping for 37.00 seconds {{(pid=104957) _run_loop /opt/stack/data/venv/lib/python3.12/site-packages/oslo_service/backend/_threading/loopingcall.py:125}}
