May 20 02:00:13.150996 np0000175153 devstack@neutron-api.service[103029]: warnings.warn('"--check-limit" parameter is no longer needed '
May 20 02:00:13.151652 np0000175153 devstack@neutron-api.service[103029]: DEBUG neutron.api.v2.base [None req-c3346757-0dc2-4a0e-b02d-30545a9d248e admin admin] Request body: {'quota': {'security_group_rule': 1000}} {{(pid=103029) prepare_request_body /opt/stack/neutron/neutron/api/v2/base.py:727}}
May 20 02:00:13.172035 np0000175153 devstack@neutron-api.service[103029]: [pid: 103029|app: 0|req: 22/89] 199.204.45.44 () {68 vars in 1442 bytes} [Wed May 20 02:00:13 2026] PUT /networking/v2.0/quotas/38594f5091ef4f05a3a72ef14ed65479 => generated 176 bytes in 26 msecs (HTTP/1.1 200) 4 headers in 157 bytes (1 switches on core 0)
May 20 02:00:14.124392 np0000175153 devstack@neutron-api.service[103032]: DEBUG dbcounter [-] [103032] Writing DB stats neutron:UPDATE=1,neutron:SELECT=1 {{(pid=103032) stat_writer /opt/stack/data/venv/lib/python3.12/site-packages/dbcounter.py:115}}
May 20 02:00:14.904516 np0000175153 devstack@neutron-api.service[103030]: DEBUG dbcounter [-] [103030] Writing DB stats neutron:UPDATE=1,neutron:SELECT=1 {{(pid=103030) stat_writer /opt/stack/data/venv/lib/python3.12/site-packages/dbcounter.py:115}}
May 20 02:00:19.053542 np0000175153 devstack@neutron-api.service[103032]: DEBUG futurist.periodics [-] Submitting periodic callback 'neutron.plugins.ml2.drivers.ovn.mech_driver.ovsdb.maintenance.HashRingHealthCheckPeriodics.touch_hash_ring_node' {{(pid=103032) _process_scheduled /opt/stack/data/venv/lib/python3.12/site-packages/futurist/periodics.py:784}}
May 20 02:00:19.054649 np0000175153 devstack@neutron-api.service[103032]: DEBUG neutron.plugins.ml2.drivers.ovn.mech_driver.ovsdb.maintenance [-] Touching Hash Ring node "2ef23a682d99594d95c262eabc1e48d8" from periodic health check thread {{(pid=103032) touch_hash_ring_node /opt/stack/neutron/neutron/plugins/ml2/drivers/ovn/mech_driver/ovsdb/maintenance.py:1466}}
May 20 02:00:19.894454 np0000175153 devstack@neutron-api.service[103030]: DEBUG futurist.periodics [-] Submitting periodic callback 'neutron.plugins.ml2.drivers.ovn.mech_driver.ovsdb.maintenance.HashRingHealthCheckPeriodics.touch_hash_ring_node' {{(pid=103030) _process_scheduled /opt/stack/data/venv/lib/python3.12/site-packages/futurist/periodics.py:784}}
May 20 02:00:19.895196 np0000175153 devstack@neutron-api.service[103030]: DEBUG neutron.plugins.ml2.drivers.ovn.mech_driver.ovsdb.maintenance [-] Touching Hash Ring node "8bea7caff0535467ab6a84992273f5cc" from periodic health check thread {{(pid=103030) touch_hash_ring_node /opt/stack/neutron/neutron/plugins/ml2/drivers/ovn/mech_driver/ovsdb/maintenance.py:1466}}
May 20 02:00:20.055799 np0000175153 devstack@neutron-api.service[103031]: DEBUG futurist.periodics [-] Submitting periodic callback 'neutron.plugins.ml2.drivers.ovn.mech_driver.ovsdb.maintenance.HashRingHealthCheckPeriodics.touch_hash_ring_node' {{(pid=103031) _process_scheduled /opt/stack/data/venv/lib/python3.12/site-packages/futurist/periodics.py:784}}
May 20 02:00:20.057491 np0000175153 devstack@neutron-api.service[103031]: DEBUG neutron.plugins.ml2.drivers.ovn.mech_driver.ovsdb.maintenance [-] Touching Hash Ring node "7711329644715005a7fabd1956e796f7" from periodic health check thread {{(pid=103031) touch_hash_ring_node /opt/stack/neutron/neutron/plugins/ml2/drivers/ovn/mech_driver/ovsdb/maintenance.py:1466}}
May 20 02:00:20.070935 np0000175153 devstack@neutron-api.service[103029]: DEBUG futurist.periodics [-] Submitting periodic callback 'neutron.plugins.ml2.drivers.ovn.mech_driver.ovsdb.maintenance.HashRingHealthCheckPeriodics.touch_hash_ring_node' {{(pid=103029) _process_scheduled /opt/stack/data/venv/lib/python3.12/site-packages/futurist/periodics.py:784}}
May 20 02:00:20.071422 np0000175153 devstack@neutron-api.service[103029]: DEBUG neutron.plugins.ml2.drivers.ovn.mech_driver.ovsdb.maintenance [-] Touching Hash Ring node "c4436bfa57ce51c8af753c119e8e8ecf" from periodic health check thread {{(pid=103029) touch_hash_ring_node /opt/stack/neutron/neutron/plugins/ml2/drivers/ovn/mech_driver/ovsdb/maintenance.py:1466}}
May 20 02:00:27.856877 np0000175153 devstack@neutron-api.service[103032]: DEBUG neutron.pecan_wsgi.hooks.policy_enforcement [None req-f16f233d-0699-4a68-8eea-31fea9375ab8 admin admin] Attributes excluded by policy engine: ['standard_attr_id'] {{(pid=103032) _exclude_attributes_by_policy /opt/stack/neutron/neutron/pecan_wsgi/hooks/policy_enforcement.py:256}}
May 20 02:00:27.857736 np0000175153 devstack@neutron-api.service[103030]: DEBUG neutron.common.ovn.hash_ring_manager [None req-721f4e1f-0fa9-4a03-824e-ea005473903f None None] Hash Ring loaded. 4 active nodes. 0 offline nodes {{(pid=103030) _load_hash_ring /opt/stack/neutron/neutron/common/ovn/hash_ring_manager.py:102}}
May 20 02:00:27.858152 np0000175153 devstack@neutron-api.service[103030]: DEBUG neutron.plugins.ml2.drivers.ovn.mech_driver.ovsdb.ovsdb_monitor [None req-721f4e1f-0fa9-4a03-824e-ea005473903f None None] Hash Ring: Node 8bea7caff0535467ab6a84992273f5cc (host: np0000175153) handling event "update" for row 2185249c-43bc-41de-bde6-99548eb454bb (table: Connection) {{(pid=103030) notify /opt/stack/neutron/neutron/plugins/ml2/drivers/ovn/mech_driver/ovsdb/ovsdb_monitor.py:942}}
May 20 02:00:27.860284 np0000175153 devstack@neutron-api.service[103032]: DEBUG neutron.pecan_wsgi.hooks.policy_enforcement [None req-f16f233d-0699-4a68-8eea-31fea9375ab8 admin admin] Attributes excluded by policy engine: ['standard_attr_id'] {{(pid=103032) _exclude_attributes_by_policy /opt/stack/neutron/neutron/pecan_wsgi/hooks/policy_enforcement.py:256}}
May 20 02:00:27.862140 np0000175153 devstack@neutron-api.service[103032]: [pid: 103032|app: 0|req: 24/90] 199.204.45.44 () {64 vars in 1371 bytes} [Wed May 20 02:00:27 2026] GET /networking/v2.0/ports?device_owner=network%3Adistributed => generated 1650 bytes in 117 msecs (HTTP/1.1 200) 4 headers in 158 bytes (1 switches on core 0)
May 20 02:00:27.862234 np0000175153 devstack@neutron-api.service[103031]: DEBUG neutron.common.ovn.hash_ring_manager [None req-2c42c8a6-d36d-4988-964c-0fd4bbbeff59 None None] Hash Ring loaded. 4 active nodes. 0 offline nodes {{(pid=103031) _load_hash_ring /opt/stack/neutron/neutron/common/ovn/hash_ring_manager.py:102}}
May 20 02:00:27.866807 np0000175153 devstack@neutron-api.service[103029]: DEBUG neutron.common.ovn.hash_ring_manager [None req-1d21ea96-d61f-46c3-99ad-46a3bfa0a7b8 None None] Hash Ring loaded. 4 active nodes. 0 offline nodes {{(pid=103029) _load_hash_ring /opt/stack/neutron/neutron/common/ovn/hash_ring_manager.py:102}}
May 20 02:00:27.869131 np0000175153 devstack@neutron-api.service[103032]: DEBUG neutron.common.ovn.hash_ring_manager [None req-03c1b7e4-a6ab-4579-8fbc-86526fdfbcc4 None None] Hash Ring loaded. 4 active nodes. 0 offline nodes {{(pid=103032) _load_hash_ring /opt/stack/neutron/neutron/common/ovn/hash_ring_manager.py:102}}
May 20 02:00:30.353812 np0000175153 devstack@neutron-api.service[103030]: DEBUG neutron.plugins.ml2.drivers.ovn.mech_driver.ovsdb.ovsdb_monitor [None req-721f4e1f-0fa9-4a03-824e-ea005473903f None None] Hash Ring: Node 8bea7caff0535467ab6a84992273f5cc (host: np0000175153) handling event "update" for row 2185249c-43bc-41de-bde6-99548eb454bb (table: Connection) {{(pid=103030) notify /opt/stack/neutron/neutron/plugins/ml2/drivers/ovn/mech_driver/ovsdb/ovsdb_monitor.py:942}}
May 20 02:00:34.054357 np0000175153 devstack@neutron-api.service[103032]: DEBUG futurist.periodics [-] Submitting periodic callback 'neutron.plugins.ml2.drivers.ovn.mech_driver.ovsdb.maintenance.HashRingHealthCheckPeriodics.touch_hash_ring_node' {{(pid=103032) _process_scheduled /opt/stack/data/venv/lib/python3.12/site-packages/futurist/periodics.py:784}}
May 20 02:00:34.055152 np0000175153 devstack@neutron-api.service[103032]: DEBUG neutron.plugins.ml2.drivers.ovn.mech_driver.ovsdb.maintenance [-] Touching Hash Ring node "2ef23a682d99594d95c262eabc1e48d8" from periodic health check thread {{(pid=103032) touch_hash_ring_node /opt/stack/neutron/neutron/plugins/ml2/drivers/ovn/mech_driver/ovsdb/maintenance.py:1466}}
May 20 02:00:34.895316 np0000175153 devstack@neutron-api.service[103030]: DEBUG futurist.periodics [-] Submitting periodic callback 'neutron.plugins.ml2.drivers.ovn.mech_driver.ovsdb.maintenance.HashRingHealthCheckPeriodics.touch_hash_ring_node' {{(pid=103030) _process_scheduled /opt/stack/data/venv/lib/python3.12/site-packages/futurist/periodics.py:784}}
May 20 02:00:34.896181 np0000175153 devstack@neutron-api.service[103030]: DEBUG neutron.plugins.ml2.drivers.ovn.mech_driver.ovsdb.maintenance [-] Touching Hash Ring node "8bea7caff0535467ab6a84992273f5cc" from periodic health check thread {{(pid=103030) touch_hash_ring_node /opt/stack/neutron/neutron/plugins/ml2/drivers/ovn/mech_driver/ovsdb/maintenance.py:1466}}
May 20 02:00:35.056975 np0000175153 devstack@neutron-api.service[103031]: DEBUG futurist.periodics [-] Submitting periodic callback 'neutron.plugins.ml2.drivers.ovn.mech_driver.ovsdb.maintenance.HashRingHealthCheckPeriodics.touch_hash_ring_node' {{(pid=103031) _process_scheduled /opt/stack/data/venv/lib/python3.12/site-packages/futurist/periodics.py:784}}
May 20 02:00:35.057498 np0000175153 devstack@neutron-api.service[103031]: DEBUG neutron.plugins.ml2.drivers.ovn.mech_driver.ovsdb.maintenance [-] Touching Hash Ring node "7711329644715005a7fabd1956e796f7" from periodic health check thread {{(pid=103031) touch_hash_ring_node /opt/stack/neutron/neutron/plugins/ml2/drivers/ovn/mech_driver/ovsdb/maintenance.py:1466}}
May 20 02:00:35.071809 np0000175153 devstack@neutron-api.service[103029]: DEBUG futurist.periodics [-] Submitting periodic callback 'neutron.plugins.ml2.drivers.ovn.mech_driver.ovsdb.maintenance.HashRingHealthCheckPeriodics.touch_hash_ring_node' {{(pid=103029) _process_scheduled /opt/stack/data/venv/lib/python3.12/site-packages/futurist/periodics.py:784}}
May 20 02:00:35.072422 np0000175153 devstack@neutron-api.service[103029]: DEBUG neutron.plugins.ml2.drivers.ovn.mech_driver.ovsdb.maintenance [-] Touching Hash Ring node "c4436bfa57ce51c8af753c119e8e8ecf" from periodic health check thread {{(pid=103029) touch_hash_ring_node /opt/stack/neutron/neutron/plugins/ml2/drivers/ovn/mech_driver/ovsdb/maintenance.py:1466}}
May 20 02:00:39.629575 np0000175153 devstack@neutron-api.service[103030]: INFO neutron.pecan_wsgi.hooks.translation [None req-7eafd179-a2e9-4162-8cc8-d43f8e233e77 admin admin] GET failed (client error): The resource could not be found.
May 20 02:00:39.630480 np0000175153 devstack@neutron-api.service[103030]: [pid: 103030|app: 0|req: 23/91] 199.204.45.44 () {64 vars in 1327 bytes} [Wed May 20 02:00:39 2026] GET /networking/v2.0/networks/admin_net => generated 111 bytes in 12 msecs (HTTP/1.1 404) 4 headers in 164 bytes (1 switches on core 0)
May 20 02:00:39.661045 np0000175153 devstack@neutron-api.service[103031]: [pid: 103031|app: 0|req: 23/92] 199.204.45.44 () {64 vars in 1339 bytes} [Wed May 20 02:00:39 2026] GET /networking/v2.0/networks?name=admin_net => generated 15 bytes in 20 msecs (HTTP/1.1 200) 4 headers in 156 bytes (2 switches on core 0)
May 20 02:00:39.903795 np0000175153 devstack@neutron-api.service[103029]: DEBUG neutron.api.v2.base [None req-dd13b95e-2d78-4016-b04f-fbb22c310c00 admin admin] Request body: {'network': {'project_id': '0cb7fa49502a4d778466a9fa3a043bfe', 'name': 'admin_net', 'admin_state_up': True}} {{(pid=103029) prepare_request_body /opt/stack/neutron/neutron/api/v2/base.py:727}}
May 20 02:00:39.921568 np0000175153 devstack@neutron-api.service[103029]: DEBUG neutron.pecan_wsgi.hooks.quota_enforcement [None req-dd13b95e-2d78-4016-b04f-fbb22c310c00 admin admin] Made reservation on behalf of 0cb7fa49502a4d778466a9fa3a043bfe for: {'network': 1} {{(pid=103029) before /opt/stack/neutron/neutron/pecan_wsgi/hooks/quota_enforcement.py:66}}
May 20 02:00:39.924523 np0000175153 devstack@neutron-api.service[103029]: DEBUG neutron_lib.callbacks.manager [None req-dd13b95e-2d78-4016-b04f-fbb22c310c00 admin admin] Publish callbacks ['neutron.plugins.ml2.plugin.SecurityGroupDbMixin._ensure_default_security_group_handler-463007'] for network (None), before_create {{(pid=103029) _notify_loop /opt/stack/data/venv/lib/python3.12/site-packages/neutron_lib/callbacks/manager.py:184}}
May 20 02:00:39.930936 np0000175153 devstack@neutron-api.service[103029]: DEBUG neutron_lib.callbacks.manager [None req-dd13b95e-2d78-4016-b04f-fbb22c310c00 admin admin] Publish callbacks [] for security_group (None), before_create {{(pid=103029) _notify_loop /opt/stack/data/venv/lib/python3.12/site-packages/neutron_lib/callbacks/manager.py:184}}
May 20 02:00:39.994240 np0000175153 devstack@neutron-api.service[103029]: DEBUG neutron_lib.callbacks.manager [None req-dd13b95e-2d78-4016-b04f-fbb22c310c00 admin admin] Publish callbacks ['neutron.plugins.ml2.drivers.ovn.mech_driver.mech_driver.OVNMechanismDriver._create_security_group_precommit-197372'] for security_group (7992603a-5192-4123-b6f3-8598e82bf49a), precommit_create {{(pid=103029) _notify_loop /opt/stack/data/venv/lib/python3.12/site-packages/neutron_lib/callbacks/manager.py:184}}
May 20 02:00:39.994491 np0000175153 devstack@neutron-api.service[103029]: DEBUG neutron.db.ovn_revision_numbers_db [None req-dd13b95e-2d78-4016-b04f-fbb22c310c00 admin admin] create_initial_revision uuid=7992603a-5192-4123-b6f3-8598e82bf49a, type=security_groups, rev=-1 {{(pid=103029) create_initial_revision /opt/stack/neutron/neutron/db/ovn_revision_numbers_db.py:98}}
May 20 02:00:39.995884 np0000175153 devstack@neutron-api.service[103029]: DEBUG neutron.db.ovn_revision_numbers_db [None req-dd13b95e-2d78-4016-b04f-fbb22c310c00 admin admin] create_initial_revision uuid=5bd6fbd0-3d49-43f6-a798-2a3ecf4d80e7, type=security_group_rules, rev=-1 {{(pid=103029) create_initial_revision /opt/stack/neutron/neutron/db/ovn_revision_numbers_db.py:98}}
May 20 02:00:39.996884 np0000175153 devstack@neutron-api.service[103029]: DEBUG neutron.db.ovn_revision_numbers_db [None req-dd13b95e-2d78-4016-b04f-fbb22c310c00 admin admin] create_initial_revision uuid=8a81f054-f554-4aa0-b9ed-e5d857c19216, type=security_group_rules, rev=-1 {{(pid=103029) create_initial_revision /opt/stack/neutron/neutron/db/ovn_revision_numbers_db.py:98}}
May 20 02:00:39.997760 np0000175153 devstack@neutron-api.service[103029]: DEBUG neutron.db.ovn_revision_numbers_db [None req-dd13b95e-2d78-4016-b04f-fbb22c310c00 admin admin] create_initial_revision uuid=99036ff6-a64c-4a38-b122-83fd7a6cd234, type=security_group_rules, rev=-1 {{(pid=103029) create_initial_revision /opt/stack/neutron/neutron/db/ovn_revision_numbers_db.py:98}}
May 20 02:00:39.998660 np0000175153 devstack@neutron-api.service[103029]: DEBUG neutron.db.ovn_revision_numbers_db [None req-dd13b95e-2d78-4016-b04f-fbb22c310c00 admin admin] create_initial_revision uuid=d10d77e5-a17e-4b0f-9f07-6c2a323df88b, type=security_group_rules, rev=-1 {{(pid=103029) create_initial_revision /opt/stack/neutron/neutron/db/ovn_revision_numbers_db.py:98}}
May 20 02:00:40.005137 np0000175153 devstack@neutron-api.service[103029]: DEBUG neutron_lib.callbacks.manager [None req-dd13b95e-2d78-4016-b04f-fbb22c310c00 admin admin] Publish callbacks ['neutron.plugins.ml2.drivers.ovn.mech_driver.mech_driver.OVNMechanismDriver._create_security_group-197362', 'neutron.plugins.ml2.ovo_rpc._ObjectChangeHandler.handle_event-7055207'] for security_group (7992603a-5192-4123-b6f3-8598e82bf49a), after_create {{(pid=103029) _notify_loop /opt/stack/data/venv/lib/python3.12/site-packages/neutron_lib/callbacks/manager.py:184}}
May 20 02:00:40.006115 np0000175153 devstack@neutron-api.service[103029]: DEBUG ovsdbapp.backend.ovs_idl.transaction [None req-1d21ea96-d61f-46c3-99ad-46a3bfa0a7b8 None None] Running txn n=1 command(idx=0): PgAddCommand(_result=None, name=pg_7992603a_5192_4123_b6f3_8598e82bf49a, may_exist=False, columns={'acls': [], 'external_ids': {'neutron:security_group_id': '7992603a-5192-4123-b6f3-8598e82bf49a'}}) {{(pid=103029) do_commit /opt/stack/data/venv/lib/python3.12/site-packages/ovsdbapp/backend/ovs_idl/transaction.py:89}}
May 20 02:00:40.006762 np0000175153 devstack@neutron-api.service[103029]: DEBUG ovsdbapp.backend.ovs_idl.transaction [None req-1d21ea96-d61f-46c3-99ad-46a3bfa0a7b8 None None] Running txn n=1 command(idx=1): PgAclAddCommand(_result=None, entity=pg_7992603a_5192_4123_b6f3_8598e82bf49a, direction=from-lport, priority=1002, match=inport == @pg_7992603a_5192_4123_b6f3_8598e82bf49a && ip6, action=allow-related, log=False, may_exist=True, severity=[], name=[], meter=[], external_ids={'neutron:security_group_rule_id': '5bd6fbd0-3d49-43f6-a798-2a3ecf4d80e7'}) {{(pid=103029) do_commit /opt/stack/data/venv/lib/python3.12/site-packages/ovsdbapp/backend/ovs_idl/transaction.py:89}}
May 20 02:00:40.007364 np0000175153 devstack@neutron-api.service[103029]: DEBUG ovsdbapp.backend.ovs_idl.transaction [None req-1d21ea96-d61f-46c3-99ad-46a3bfa0a7b8 None None] Running txn n=1 command(idx=2): PgAclAddCommand(_result=None, entity=pg_7992603a_5192_4123_b6f3_8598e82bf49a, direction=to-lport, priority=1002, match=outport == @pg_7992603a_5192_4123_b6f3_8598e82bf49a && ip6 && ip6.src == $pg_7992603a_5192_4123_b6f3_8598e82bf49a_ip6, action=allow-related, log=False, may_exist=True, severity=[], name=[], meter=[], external_ids={'neutron:security_group_rule_id': '8a81f054-f554-4aa0-b9ed-e5d857c19216'}) {{(pid=103029) do_commit /opt/stack/data/venv/lib/python3.12/site-packages/ovsdbapp/backend/ovs_idl/transaction.py:89}}
May 20 02:00:40.008106 np0000175153 devstack@neutron-api.service[103029]: DEBUG ovsdbapp.backend.ovs_idl.transaction [None req-1d21ea96-d61f-46c3-99ad-46a3bfa0a7b8 None None] Running txn n=1 command(idx=3): PgAclAddCommand(_result=None, entity=pg_7992603a_5192_4123_b6f3_8598e82bf49a, direction=from-lport, priority=1002, match=inport == @pg_7992603a_5192_4123_b6f3_8598e82bf49a && ip4, action=allow-related, log=False, may_exist=True, severity=[], name=[], meter=[], external_ids={'neutron:security_group_rule_id': '99036ff6-a64c-4a38-b122-83fd7a6cd234'}) {{(pid=103029) do_commit /opt/stack/data/venv/lib/python3.12/site-packages/ovsdbapp/backend/ovs_idl/transaction.py:89}}
May 20 02:00:40.008818 np0000175153 devstack@neutron-api.service[103029]: DEBUG ovsdbapp.backend.ovs_idl.transaction [None req-1d21ea96-d61f-46c3-99ad-46a3bfa0a7b8 None None] Running txn n=1 command(idx=4): PgAclAddCommand(_result=None, entity=pg_7992603a_5192_4123_b6f3_8598e82bf49a, direction=to-lport, priority=1002, match=outport == @pg_7992603a_5192_4123_b6f3_8598e82bf49a && ip4 && ip4.src == $pg_7992603a_5192_4123_b6f3_8598e82bf49a_ip4, action=allow-related, log=False, may_exist=True, severity=[], name=[], meter=[], external_ids={'neutron:security_group_rule_id': 'd10d77e5-a17e-4b0f-9f07-6c2a323df88b'}) {{(pid=103029) do_commit /opt/stack/data/venv/lib/python3.12/site-packages/ovsdbapp/backend/ovs_idl/transaction.py:89}}
May 20 02:00:40.063364 np0000175153 devstack@neutron-api.service[103029]: DEBUG neutron.plugins.ml2.drivers.ovn.mech_driver.ovsdb.ovsdb_monitor [None req-1d21ea96-d61f-46c3-99ad-46a3bfa0a7b8 None None] Touching Hash Ring node "c4436bfa57ce51c8af753c119e8e8ecf" from IDL notify handler {{(pid=103029) notify /opt/stack/neutron/neutron/plugins/ml2/drivers/ovn/mech_driver/ovsdb/ovsdb_monitor.py:934}}
May 20 02:00:40.063911 np0000175153 devstack@neutron-api.service[103030]: DEBUG neutron.plugins.ml2.drivers.ovn.mech_driver.ovsdb.ovsdb_monitor [None req-721f4e1f-0fa9-4a03-824e-ea005473903f None None] Touching Hash Ring node "8bea7caff0535467ab6a84992273f5cc" from IDL notify handler {{(pid=103030) notify /opt/stack/neutron/neutron/plugins/ml2/drivers/ovn/mech_driver/ovsdb/ovsdb_monitor.py:934}}
May 20 02:00:40.066829 np0000175153 devstack@neutron-api.service[103032]: DEBUG neutron.plugins.ml2.drivers.ovn.mech_driver.ovsdb.ovsdb_monitor [None req-03c1b7e4-a6ab-4579-8fbc-86526fdfbcc4 None None] Touching Hash Ring node "2ef23a682d99594d95c262eabc1e48d8" from IDL notify handler {{(pid=103032) notify /opt/stack/neutron/neutron/plugins/ml2/drivers/ovn/mech_driver/ovsdb/ovsdb_monitor.py:934}}
May 20 02:00:40.071495 np0000175153 devstack@neutron-api.service[103029]: DEBUG neutron.plugins.ml2.drivers.ovn.mech_driver.ovsdb.ovsdb_monitor [None req-1d21ea96-d61f-46c3-99ad-46a3bfa0a7b8 None None] Hash Ring: Node c4436bfa57ce51c8af753c119e8e8ecf (host: np0000175153) handling event "create" for row 85b973b0-ec62-4055-937d-9d6cd8c24d80 (table: Port_Group) {{(pid=103029) notify /opt/stack/neutron/neutron/plugins/ml2/drivers/ovn/mech_driver/ovsdb/ovsdb_monitor.py:942}}
May 20 02:00:40.073302 np0000175153 devstack@neutron-api.service[103030]: DEBUG neutron.plugins.ml2.drivers.ovn.mech_driver.ovsdb.ovsdb_monitor [None req-721f4e1f-0fa9-4a03-824e-ea005473903f None None] Hash Ring: Node 8bea7caff0535467ab6a84992273f5cc (host: np0000175153) handling event "create" for row 2b50cb97-32f0-46d0-8fb3-fe3dcfc57f78 (table: ACL) {{(pid=103030) notify /opt/stack/neutron/neutron/plugins/ml2/drivers/ovn/mech_driver/ovsdb/ovsdb_monitor.py:942}}
May 20 02:00:40.074227 np0000175153 devstack@neutron-api.service[103030]: DEBUG neutron.plugins.ml2.drivers.ovn.mech_driver.ovsdb.ovsdb_monitor [None req-721f4e1f-0fa9-4a03-824e-ea005473903f None None] Touching Hash Ring node "8bea7caff0535467ab6a84992273f5cc" from IDL notify handler {{(pid=103030) notify /opt/stack/neutron/neutron/plugins/ml2/drivers/ovn/mech_driver/ovsdb/ovsdb_monitor.py:934}}
May 20 02:00:40.077210 np0000175153 devstack@neutron-api.service[103030]: DEBUG neutron.plugins.ml2.drivers.ovn.mech_driver.ovsdb.ovsdb_monitor [None req-721f4e1f-0fa9-4a03-824e-ea005473903f None None] Hash Ring: Node 8bea7caff0535467ab6a84992273f5cc (host: np0000175153) handling event "create" for row 79c4a8d0-69fe-4b69-89cb-8ccf726b4388 (table: ACL) {{(pid=103030) notify /opt/stack/neutron/neutron/plugins/ml2/drivers/ovn/mech_driver/ovsdb/ovsdb_monitor.py:942}}
May 20 02:00:40.077686 np0000175153 devstack@neutron-api.service[103032]: DEBUG neutron.plugins.ml2.drivers.ovn.mech_driver.ovsdb.ovsdb_monitor [None req-03c1b7e4-a6ab-4579-8fbc-86526fdfbcc4 None None] Hash Ring: Node 2ef23a682d99594d95c262eabc1e48d8 (host: np0000175153) handling event "create" for row cb368bfb-50cf-4458-aea5-da9501fe466d (table: ACL) {{(pid=103032) notify /opt/stack/neutron/neutron/plugins/ml2/drivers/ovn/mech_driver/ovsdb/ovsdb_monitor.py:942}}
May 20 02:00:40.078087 np0000175153 devstack@neutron-api.service[103030]: DEBUG neutron.plugins.ml2.drivers.ovn.mech_driver.ovsdb.ovsdb_monitor [None req-721f4e1f-0fa9-4a03-824e-ea005473903f None None] Touching Hash Ring node "8bea7caff0535467ab6a84992273f5cc" from IDL notify handler {{(pid=103030) notify /opt/stack/neutron/neutron/plugins/ml2/drivers/ovn/mech_driver/ovsdb/ovsdb_monitor.py:934}}
May 20 02:00:40.080096 np0000175153 devstack@neutron-api.service[103030]: DEBUG neutron.plugins.ml2.drivers.ovn.mech_driver.ovsdb.ovsdb_monitor [None req-721f4e1f-0fa9-4a03-824e-ea005473903f None None] Hash Ring: Node 8bea7caff0535467ab6a84992273f5cc (host: np0000175153) handling event "create" for row 91f9038d-0ef5-4ead-9bf5-2b8323f5421a (table: ACL) {{(pid=103030) notify /opt/stack/neutron/neutron/plugins/ml2/drivers/ovn/mech_driver/ovsdb/ovsdb_monitor.py:942}}
May 20 02:00:40.091795 np0000175153 devstack@neutron-api.service[103029]: INFO neutron.db.ovn_revision_numbers_db [None req-dd13b95e-2d78-4016-b04f-fbb22c310c00 admin admin] Successfully bumped revision number for resource 7992603a-5192-4123-b6f3-8598e82bf49a (type: security_groups) to 1
May 20 02:00:40.106451 np0000175153 devstack@neutron-api.service[103029]: INFO neutron.db.ovn_revision_numbers_db [None req-dd13b95e-2d78-4016-b04f-fbb22c310c00 admin admin] Successfully bumped revision number for resource 5bd6fbd0-3d49-43f6-a798-2a3ecf4d80e7 (type: security_group_rules) to 0
May 20 02:00:40.120201 np0000175153 devstack@neutron-api.service[103029]: INFO neutron.db.ovn_revision_numbers_db [None req-dd13b95e-2d78-4016-b04f-fbb22c310c00 admin admin] Successfully bumped revision number for resource 8a81f054-f554-4aa0-b9ed-e5d857c19216 (type: security_group_rules) to 0
May 20 02:00:40.132866 np0000175153 devstack@neutron-api.service[103029]: INFO neutron.db.ovn_revision_numbers_db [None req-dd13b95e-2d78-4016-b04f-fbb22c310c00 admin admin] Successfully bumped revision number for resource 99036ff6-a64c-4a38-b122-83fd7a6cd234 (type: security_group_rules) to 0
May 20 02:00:40.146429 np0000175153 devstack@neutron-api.service[103029]: INFO neutron.db.ovn_revision_numbers_db [None req-dd13b95e-2d78-4016-b04f-fbb22c310c00 admin admin] Successfully bumped revision number for resource d10d77e5-a17e-4b0f-9f07-6c2a323df88b (type: security_group_rules) to 0
May 20 02:00:40.170206 np0000175153 devstack@neutron-api.service[103029]: DEBUG neutron.api.rpc.handlers.resources_rpc [None req-dd13b95e-2d78-4016-b04f-fbb22c310c00 admin admin] Pushing event updated for resources: {'SecurityGroup': ['ID=7992603a-5192-4123-b6f3-8598e82bf49a,revision_number=1']} {{(pid=103029) push /opt/stack/neutron/neutron/api/rpc/handlers/resources_rpc.py:237}}
May 20 02:00:40.176125 np0000175153 devstack@neutron-api.service[103029]: DEBUG ovsdbapp.backend.ovs_idl.transaction [None req-1d21ea96-d61f-46c3-99ad-46a3bfa0a7b8 None None] Running txn n=1 command(idx=0): CheckLivenessCommand(_result=None) {{(pid=103029) do_commit /opt/stack/data/venv/lib/python3.12/site-packages/ovsdbapp/backend/ovs_idl/transaction.py:89}}
May 20 02:00:40.182206 np0000175153 devstack@neutron-api.service[103029]: DEBUG neutron.api.rpc.callbacks.version_manager [None req-dd13b95e-2d78-4016-b04f-fbb22c310c00 admin admin] Tracked resource versions report:
May 20 02:00:40.182206 np0000175153 devstack@neutron-api.service[103029]: pushed versions:
May 20 02:00:40.182206 np0000175153 devstack@neutron-api.service[103029]: { 'AddressGroup': {'1.2'},
May 20 02:00:40.182206 np0000175153 devstack@neutron-api.service[103029]: 'Agent': {'1.1'},
May 20 02:00:40.182206 np0000175153 devstack@neutron-api.service[103029]: 'ConntrackHelper': {'1.0'},
May 20 02:00:40.182206 np0000175153 devstack@neutron-api.service[103029]: 'LocalIPAssociation': {'1.0'},
May 20 02:00:40.182206 np0000175153 devstack@neutron-api.service[103029]: 'Log': {'1.0'},
May 20 02:00:40.182206 np0000175153 devstack@neutron-api.service[103029]: 'NDPProxy': {'1.0'},
May 20 02:00:40.182206 np0000175153 devstack@neutron-api.service[103029]: 'Network': {'1.2'},
May 20 02:00:40.182206 np0000175153 devstack@neutron-api.service[103029]: 'Port': {'1.10'},
May 20 02:00:40.182206 np0000175153 devstack@neutron-api.service[103029]: 'PortForwarding': {'1.3'},
May 20 02:00:40.182206 np0000175153 devstack@neutron-api.service[103029]: 'QosPolicy': {'1.10'},
May 20 02:00:40.182206 np0000175153 devstack@neutron-api.service[103029]: 'SecurityGroup': {'1.6'},
May 20 02:00:40.182206 np0000175153 devstack@neutron-api.service[103029]: 'SecurityGroupRule': {'1.3'},
May 20 02:00:40.182206 np0000175153 devstack@neutron-api.service[103029]: 'SubPort': {'1.0'},
May 20 02:00:40.182206 np0000175153 devstack@neutron-api.service[103029]: 'Subnet': {'1.2'},
May 20 02:00:40.182206 np0000175153 devstack@neutron-api.service[103029]: 'Trunk': {'1.1'}}
May 20 02:00:40.182206 np0000175153 devstack@neutron-api.service[103029]: consumer versions:
May 20 02:00:40.182206 np0000175153 devstack@neutron-api.service[103029]: {}
May 20 02:00:40.182206 np0000175153 devstack@neutron-api.service[103029]: {{(pid=103029) report /opt/stack/neutron/neutron/api/rpc/callbacks/version_manager.py:183}}
May 20 02:00:40.183786 np0000175153 devstack@neutron-api.service[103030]: DEBUG neutron.plugins.ml2.drivers.ovn.mech_driver.ovsdb.ovsdb_monitor [None req-721f4e1f-0fa9-4a03-824e-ea005473903f None None] Touching Hash Ring node "8bea7caff0535467ab6a84992273f5cc" from IDL notify handler {{(pid=103030) notify /opt/stack/neutron/neutron/plugins/ml2/drivers/ovn/mech_driver/ovsdb/ovsdb_monitor.py:934}}
May 20 02:00:40.184842 np0000175153 devstack@neutron-api.service[103030]: DEBUG neutron.plugins.ml2.drivers.ovn.mech_driver.ovsdb.ovsdb_monitor [None req-721f4e1f-0fa9-4a03-824e-ea005473903f None None] Hash Ring: Node 8bea7caff0535467ab6a84992273f5cc (host: np0000175153) handling event "update" for row bc1fb2b2-e287-48ae-83a6-142f6cd6b8e2 (table: NB_Global) {{(pid=103030) notify /opt/stack/neutron/neutron/plugins/ml2/drivers/ovn/mech_driver/ovsdb/ovsdb_monitor.py:942}}
May 20 02:00:40.186489 np0000175153 devstack@neutron-api.service[103030]: DEBUG neutron.plugins.ml2.drivers.ovn.mech_driver.ovsdb.ovsdb_monitor [None req-721f4e1f-0fa9-4a03-824e-ea005473903f None None] Touching Hash Ring node "8bea7caff0535467ab6a84992273f5cc" from IDL notify handler {{(pid=103030) notify /opt/stack/neutron/neutron/plugins/ml2/drivers/ovn/mech_driver/ovsdb/ovsdb_monitor.py:934}}
May 20 02:00:40.186767 np0000175153 devstack@neutron-api.service[103032]: DEBUG neutron.plugins.ml2.drivers.ovn.mech_driver.ovsdb.ovsdb_monitor [None req-dcce0b3b-d94f-473e-b298-8912441338b7 None None] ChassisAgentWriteEvent : Matched Chassis_Private, update, None None {{(pid=103032) matches /opt/stack/neutron/neutron/plugins/ml2/drivers/ovn/mech_driver/ovsdb/ovsdb_monitor.py:64}}
May 20 02:00:40.187111 np0000175153 devstack@neutron-api.service[103031]: DEBUG neutron.plugins.ml2.drivers.ovn.mech_driver.ovsdb.ovsdb_monitor [None req-2a0bbdd2-8b9f-4f06-bbb9-7a3ad085b9b4 None None] ChassisAgentWriteEvent : Matched Chassis_Private, update, None None {{(pid=103031) matches /opt/stack/neutron/neutron/plugins/ml2/drivers/ovn/mech_driver/ovsdb/ovsdb_monitor.py:64}}
May 20 02:00:40.190645 np0000175153 devstack@neutron-api.service[103030]: DEBUG neutron.plugins.ml2.drivers.ovn.mech_driver.ovsdb.ovsdb_monitor [None req-721f4e1f-0fa9-4a03-824e-ea005473903f None None] Hash Ring: Node 8bea7caff0535467ab6a84992273f5cc (host: np0000175153) handling event "update" for row bc1fb2b2-e287-48ae-83a6-142f6cd6b8e2 (table: NB_Global) {{(pid=103030) notify /opt/stack/neutron/neutron/plugins/ml2/drivers/ovn/mech_driver/ovsdb/ovsdb_monitor.py:942}}
May 20 02:00:40.191296 np0000175153 devstack@neutron-api.service[103029]: DEBUG neutron.plugins.ml2.drivers.ovn.mech_driver.ovsdb.ovsdb_monitor [None req-4ec79c0e-50fe-494e-b92c-6f7bb536f618 None None] ChassisAgentWriteEvent : Matched Chassis_Private, update, None None {{(pid=103029) matches /opt/stack/neutron/neutron/plugins/ml2/drivers/ovn/mech_driver/ovsdb/ovsdb_monitor.py:64}}
May 20 02:00:40.191645 np0000175153 devstack@neutron-api.service[103030]: DEBUG neutron.plugins.ml2.drivers.ovn.mech_driver.ovsdb.ovsdb_monitor [None req-2f244a3c-f208-4c58-9380-b2810eb5dd0e None None] ChassisAgentWriteEvent : Matched Chassis_Private, update, None None {{(pid=103030) matches /opt/stack/neutron/neutron/plugins/ml2/drivers/ovn/mech_driver/ovsdb/ovsdb_monitor.py:64}}
May 20 02:00:40.194372 np0000175153 devstack@neutron-api.service[103030]: DEBUG neutron.plugins.ml2.drivers.ovn.mech_driver.ovsdb.ovsdb_monitor [None req-721f4e1f-0fa9-4a03-824e-ea005473903f None None] Touching Hash Ring node "8bea7caff0535467ab6a84992273f5cc" from IDL notify handler {{(pid=103030) notify /opt/stack/neutron/neutron/plugins/ml2/drivers/ovn/mech_driver/ovsdb/ovsdb_monitor.py:934}}
May 20 02:00:40.196053 np0000175153 devstack@neutron-api.service[103032]: DEBUG neutron.common.ovn.hash_ring_manager [None req-dcce0b3b-d94f-473e-b298-8912441338b7 None None] Hash Ring loaded. 4 active nodes. 0 offline nodes {{(pid=103032) _load_hash_ring /opt/stack/neutron/neutron/common/ovn/hash_ring_manager.py:102}}
May 20 02:00:40.197071 np0000175153 devstack@neutron-api.service[103031]: DEBUG neutron.common.ovn.hash_ring_manager [None req-2a0bbdd2-8b9f-4f06-bbb9-7a3ad085b9b4 None None] Hash Ring loaded. 4 active nodes. 0 offline nodes {{(pid=103031) _load_hash_ring /opt/stack/neutron/neutron/common/ovn/hash_ring_manager.py:102}}
May 20 02:00:40.197243 np0000175153 devstack@neutron-api.service[103031]: DEBUG neutron.plugins.ml2.drivers.ovn.mech_driver.ovsdb.ovsdb_monitor [None req-2a0bbdd2-8b9f-4f06-bbb9-7a3ad085b9b4 None None] Hash Ring: Node 7711329644715005a7fabd1956e796f7 (host: np0000175153) handling event "update" for row 954ac86a-33d7-4ce8-9cc8-e6742e3eccf0 (table: Chassis_Private) {{(pid=103031) notify /opt/stack/neutron/neutron/plugins/ml2/drivers/ovn/mech_driver/ovsdb/ovsdb_monitor.py:942}}
May 20 02:00:40.198949 np0000175153 devstack@neutron-api.service[103030]: DEBUG neutron.plugins.ml2.drivers.ovn.mech_driver.ovsdb.ovsdb_monitor [None req-721f4e1f-0fa9-4a03-824e-ea005473903f None None] Hash Ring: Node 8bea7caff0535467ab6a84992273f5cc (host: np0000175153) handling event "update" for row bc1fb2b2-e287-48ae-83a6-142f6cd6b8e2 (table: NB_Global) {{(pid=103030) notify /opt/stack/neutron/neutron/plugins/ml2/drivers/ovn/mech_driver/ovsdb/ovsdb_monitor.py:942}}
May 20 02:00:40.202661 np0000175153 devstack@neutron-api.service[103030]: DEBUG neutron.common.ovn.hash_ring_manager [None req-2f244a3c-f208-4c58-9380-b2810eb5dd0e None None] Hash Ring loaded. 4 active nodes. 0 offline nodes {{(pid=103030) _load_hash_ring /opt/stack/neutron/neutron/common/ovn/hash_ring_manager.py:102}}
May 20 02:00:40.203140 np0000175153 devstack@neutron-api.service[103029]: DEBUG neutron.common.ovn.hash_ring_manager [None req-4ec79c0e-50fe-494e-b92c-6f7bb536f618 None None] Hash Ring loaded. 4 active nodes. 0 offline nodes {{(pid=103029) _load_hash_ring /opt/stack/neutron/neutron/common/ovn/hash_ring_manager.py:102}}
May 20 02:00:40.229495 np0000175153 devstack@neutron-api.service[103029]: DEBUG neutron.plugins.ml2.drivers.helpers [None req-dd13b95e-2d78-4016-b04f-fbb22c310c00 admin admin] geneve segment allocate from pool success with {'geneve_vni': 28403} {{(pid=103029) allocate_partially_specified_segment /opt/stack/neutron/neutron/plugins/ml2/drivers/helpers.py:142}}
May 20 02:00:40.238068 np0000175153 devstack@neutron-api.service[103029]: DEBUG neutron_lib.callbacks.manager [None req-dd13b95e-2d78-4016-b04f-fbb22c310c00 admin admin] Publish callbacks ['neutron.services.segments.db._add_segment_host_mapping_for_segment-7979072177366', 'neutron.plugins.ml2.plugin.Ml2Plugin._handle_segment_change-186233'] for segment (2f64c759-a515-4236-a96a-4a072e48a756), precommit_create {{(pid=103029) _notify_loop /opt/stack/data/venv/lib/python3.12/site-packages/neutron_lib/callbacks/manager.py:184}}
May 20 02:00:40.238221 np0000175153 devstack@neutron-api.service[103029]: INFO neutron.db.segments_db [None req-dd13b95e-2d78-4016-b04f-fbb22c310c00 admin admin] Added segment 2f64c759-a515-4236-a96a-4a072e48a756 of type geneve for network dde30048-ed85-45ea-a101-eaa0159aadf9
May 20 02:00:40.253294 np0000175153 devstack@neutron-api.service[103029]: DEBUG neutron_lib.callbacks.manager [None req-dd13b95e-2d78-4016-b04f-fbb22c310c00 admin admin] Publish callbacks ['neutron.services.auto_allocate.db._ensure_external_network_default_value_callback-7979070483670'] for network (dde30048-ed85-45ea-a101-eaa0159aadf9), precommit_create {{(pid=103029) _notify_loop /opt/stack/data/venv/lib/python3.12/site-packages/neutron_lib/callbacks/manager.py:184}}
May 20 02:00:40.264229 np0000175153 devstack@neutron-api.service[103029]: DEBUG neutron.plugins.ml2.drivers.ovn.mech_driver.mech_driver [None req-dd13b95e-2d78-4016-b04f-fbb22c310c00 admin admin] Validating network segment with type geneve, segmentation ID 28403, physical network None {{(pid=103029) _validate_network_segments /opt/stack/neutron/neutron/plugins/ml2/drivers/ovn/mech_driver/mech_driver.py:641}}
May 20 02:00:40.264433 np0000175153 devstack@neutron-api.service[103029]: DEBUG neutron.db.ovn_revision_numbers_db [None req-dd13b95e-2d78-4016-b04f-fbb22c310c00 admin admin] create_initial_revision uuid=dde30048-ed85-45ea-a101-eaa0159aadf9, type=networks, rev=-1 {{(pid=103029) create_initial_revision /opt/stack/neutron/neutron/db/ovn_revision_numbers_db.py:98}}
May 20 02:00:40.272069 np0000175153 devstack@neutron-api.service[103029]: DEBUG neutron_lib.callbacks.manager [None req-dd13b95e-2d78-4016-b04f-fbb22c310c00 admin admin] Publish callbacks ['neutron.plugins.ml2.ovo_rpc._ObjectChangeHandler.handle_event-7055204'] for network (dde30048-ed85-45ea-a101-eaa0159aadf9), after_create {{(pid=103029) _notify_loop /opt/stack/data/venv/lib/python3.12/site-packages/neutron_lib/callbacks/manager.py:184}}
May 20 02:00:40.287172 np0000175153 devstack@neutron-api.service[103029]: DEBUG neutron.api.rpc.handlers.resources_rpc [None req-dd13b95e-2d78-4016-b04f-fbb22c310c00 admin admin] Pushing event updated for resources: {'Network': ['ID=dde30048-ed85-45ea-a101-eaa0159aadf9,revision_number=1']} {{(pid=103029) push /opt/stack/neutron/neutron/api/rpc/handlers/resources_rpc.py:237}}
May 20 02:00:40.293826 np0000175153 devstack@neutron-api.service[103029]: DEBUG ovsdbapp.backend.ovs_idl.transaction [None req-1d21ea96-d61f-46c3-99ad-46a3bfa0a7b8 None None] Running txn n=1 command(idx=0): AddNetworkCommand(_result=None, network_uuid=dde30048-ed85-45ea-a101-eaa0159aadf9, may_exist=True, columns={'external_ids': {'neutron:network_name': 'admin_net', 'neutron:mtu': '1372', 'neutron:revision_number': '1', 'neutron:availability_zone_hints': '', 'neutron:provnet-network-type': 'geneve'}, 'other_config': {'mcast_snoop': 'false', 'mcast_flood_unregistered': 'false', 'vlan-passthru': 'false'}}) {{(pid=103029) do_commit /opt/stack/data/venv/lib/python3.12/site-packages/ovsdbapp/backend/ovs_idl/transaction.py:89}}
May 20 02:00:40.297701 np0000175153 devstack@neutron-api.service[103029]: DEBUG neutron.plugins.ml2.drivers.ovn.mech_driver.ovsdb.ovsdb_monitor [None req-1d21ea96-d61f-46c3-99ad-46a3bfa0a7b8 None None] Touching Hash Ring node "c4436bfa57ce51c8af753c119e8e8ecf" from IDL notify handler {{(pid=103029) notify /opt/stack/neutron/neutron/plugins/ml2/drivers/ovn/mech_driver/ovsdb/ovsdb_monitor.py:934}}
May 20 02:00:40.300988 np0000175153 devstack@neutron-api.service[103032]: DEBUG neutron.plugins.ml2.drivers.ovn.mech_driver.ovsdb.ovsdb_monitor [None req-dcce0b3b-d94f-473e-b298-8912441338b7 None None] Hash Ring: Node 2ef23a682d99594d95c262eabc1e48d8 (host: np0000175153) handling event "create" for row 60c8d01c-fe09-4657-9878-87a00a31da80 (table: Datapath_Binding) {{(pid=103032) notify /opt/stack/neutron/neutron/plugins/ml2/drivers/ovn/mech_driver/ovsdb/ovsdb_monitor.py:942}}
May 20 02:00:40.304395 np0000175153 devstack@neutron-api.service[103029]: DEBUG neutron.plugins.ml2.drivers.ovn.mech_driver.ovsdb.ovsdb_monitor [None req-1d21ea96-d61f-46c3-99ad-46a3bfa0a7b8 None None] Hash Ring: Node c4436bfa57ce51c8af753c119e8e8ecf (host: np0000175153) handling event "create" for row dde30048-ed85-45ea-a101-eaa0159aadf9 (table: Logical_Switch) {{(pid=103029) notify /opt/stack/neutron/neutron/plugins/ml2/drivers/ovn/mech_driver/ovsdb/ovsdb_monitor.py:942}}
May 20 02:00:40.323400 np0000175153 devstack@neutron-api.service[103029]: INFO neutron.db.ovn_revision_numbers_db [None req-dd13b95e-2d78-4016-b04f-fbb22c310c00 admin admin] Successfully bumped revision number for resource dde30048-ed85-45ea-a101-eaa0159aadf9 (type: networks) to 1
May 20 02:00:40.337475 np0000175153 devstack@neutron-api.service[103029]: DEBUG neutron_lib.callbacks.manager [None req-dd13b95e-2d78-4016-b04f-fbb22c310c00 admin admin] Publish callbacks ['neutron.plugins.ml2.plugin.SecurityGroupDbMixin._ensure_default_security_group_handler-463007'] for port (None), before_create {{(pid=103029) _notify_loop /opt/stack/data/venv/lib/python3.12/site-packages/neutron_lib/callbacks/manager.py:184}}
May 20 02:00:40.409016 np0000175153 devstack@neutron-api.service[103029]: DEBUG neutron_lib.callbacks.manager [None req-dd13b95e-2d78-4016-b04f-fbb22c310c00 admin admin] Publish callbacks ['neutron.plugins.ml2.drivers.ovn.mech_driver.mech_driver.OVNMechanismDriver._validate_allowed_address_pairs-197124'] for allowed_address_pair (e646de73-896a-4ff2-8612-fa9d975b3bf5), before_create {{(pid=103029) _notify_loop /opt/stack/data/venv/lib/python3.12/site-packages/neutron_lib/callbacks/manager.py:184}}
May 20 02:00:40.409558 np0000175153 devstack@neutron-api.service[103029]: DEBUG neutron_lib.callbacks.manager [None req-dd13b95e-2d78-4016-b04f-fbb22c310c00 admin admin] Publish callbacks [] for port (e646de73-896a-4ff2-8612-fa9d975b3bf5), precommit_create {{(pid=103029) _notify_loop /opt/stack/data/venv/lib/python3.12/site-packages/neutron_lib/callbacks/manager.py:184}}
May 20 02:00:40.409706 np0000175153 devstack@neutron-api.service[103029]: DEBUG neutron.plugins.ml2.drivers.ovn.mech_driver.mech_driver [None req-dd13b95e-2d78-4016-b04f-fbb22c310c00 admin admin] No provisioning block for port e646de73-896a-4ff2-8612-fa9d975b3bf5 since it does not have a host {{(pid=103029) _is_port_provisioning_required /opt/stack/neutron/neutron/plugins/ml2/drivers/ovn/mech_driver/mech_driver.py:894}}
May 20 02:00:40.409828 np0000175153 devstack@neutron-api.service[103029]: DEBUG neutron.db.ovn_revision_numbers_db [None req-dd13b95e-2d78-4016-b04f-fbb22c310c00 admin admin] create_initial_revision uuid=e646de73-896a-4ff2-8612-fa9d975b3bf5, type=ports, rev=-1 {{(pid=103029) create_initial_revision /opt/stack/neutron/neutron/db/ovn_revision_numbers_db.py:98}}
May 20 02:00:40.445922 np0000175153 devstack@neutron-api.service[103029]: DEBUG neutron_lib.callbacks.manager [None req-dd13b95e-2d78-4016-b04f-fbb22c310c00 admin admin] Publish callbacks ['neutron.plugins.ml2.ovo_rpc._ObjectChangeHandler.handle_event-7055003'] for port (e646de73-896a-4ff2-8612-fa9d975b3bf5), after_create {{(pid=103029) _notify_loop /opt/stack/data/venv/lib/python3.12/site-packages/neutron_lib/callbacks/manager.py:184}}
May 20 02:00:40.474774 np0000175153 devstack@neutron-api.service[103029]: DEBUG neutron.api.rpc.handlers.resources_rpc [None req-dd13b95e-2d78-4016-b04f-fbb22c310c00 admin admin] Pushing event updated for resources: {'Port': ['ID=e646de73-896a-4ff2-8612-fa9d975b3bf5,revision_number=1']} {{(pid=103029) push /opt/stack/neutron/neutron/api/rpc/handlers/resources_rpc.py:237}}
May 20 02:00:40.482434 np0000175153 devstack@neutron-api.service[103029]: DEBUG ovsdbapp.backend.ovs_idl.transaction [None req-1d21ea96-d61f-46c3-99ad-46a3bfa0a7b8 None None] Running txn n=1 command(idx=0): AddLSwitchPortCommand(_result=None, lport=e646de73-896a-4ff2-8612-fa9d975b3bf5, lswitch=neutron-dde30048-ed85-45ea-a101-eaa0159aadf9, may_exist=True, network_uuid=dde30048-ed85-45ea-a101-eaa0159aadf9, columns={'addresses': ['fa:16:3e:72:0c:32'], 'external_ids': {'neutron:port_name': '', 'neutron:device_id': 'ovnmeta-dde30048-ed85-45ea-a101-eaa0159aadf9', 'neutron:project_id': '0cb7fa49502a4d778466a9fa3a043bfe', 'neutron:cidrs': '', 'neutron:device_owner': 'network:distributed', 'neutron:subnet_pool_addr_scope4': '', 'neutron:subnet_pool_addr_scope6': '', 'neutron:network_name': 'neutron-dde30048-ed85-45ea-a101-eaa0159aadf9', 'neutron:security_group_ids': '', 'neutron:revision_number': '1', 'neutron:vnic_type': 'normal', 'neutron:port_capabilities': '', 'neutron:mtu': ''}, 'parent_name': [], 'tag': [], 'enabled': True, 'options': {}, 'type': 'localport', 'port_security': [], 'dhcpv4_options': [], 'dhcpv6_options': []}) {{(pid=103029) do_commit /opt/stack/data/venv/lib/python3.12/site-packages/ovsdbapp/backend/ovs_idl/transaction.py:89}}
May 20 02:00:40.483060 np0000175153 devstack@neutron-api.service[103029]: DEBUG ovsdbapp.backend.ovs_idl.transaction [None req-1d21ea96-d61f-46c3-99ad-46a3bfa0a7b8 None None] Running txn n=1 command(idx=1): QoSDelCommand(_result=None, switch=neutron-dde30048-ed85-45ea-a101-eaa0159aadf9, conditions=[('direction', '=', 'to-lport'), ('priority', '=', 2002), ('match', '=', 'outport == "e646de73-896a-4ff2-8612-fa9d975b3bf5"')], if_exists=True) {{(pid=103029) do_commit /opt/stack/data/venv/lib/python3.12/site-packages/ovsdbapp/backend/ovs_idl/transaction.py:89}}
May 20 02:00:40.483284 np0000175153 devstack@neutron-api.service[103029]: DEBUG ovsdbapp.backend.ovs_idl.transaction [None req-1d21ea96-d61f-46c3-99ad-46a3bfa0a7b8 None None] Running txn n=1 command(idx=2): QoSDelCommand(_result=None, switch=neutron-dde30048-ed85-45ea-a101-eaa0159aadf9, conditions=[('direction', '=', 'from-lport'), ('priority', '=', 2002), ('match', '=', 'inport == "e646de73-896a-4ff2-8612-fa9d975b3bf5"')], if_exists=True) {{(pid=103029) do_commit /opt/stack/data/venv/lib/python3.12/site-packages/ovsdbapp/backend/ovs_idl/transaction.py:89}}
May 20 02:00:40.490130 np0000175153 devstack@neutron-api.service[103029]: DEBUG neutron.plugins.ml2.drivers.ovn.mech_driver.ovsdb.ovsdb_monitor [None req-1d21ea96-d61f-46c3-99ad-46a3bfa0a7b8 None None] Touching Hash Ring node "c4436bfa57ce51c8af753c119e8e8ecf" from IDL notify handler {{(pid=103029) notify /opt/stack/neutron/neutron/plugins/ml2/drivers/ovn/mech_driver/ovsdb/ovsdb_monitor.py:934}}
May 20 02:00:40.492748 np0000175153 devstack@neutron-api.service[103031]: DEBUG neutron.plugins.ml2.drivers.ovn.mech_driver.ovsdb.ovsdb_monitor [None req-2c42c8a6-d36d-4988-964c-0fd4bbbeff59 None None] Touching Hash Ring node "7711329644715005a7fabd1956e796f7" from IDL notify handler {{(pid=103031) notify /opt/stack/neutron/neutron/plugins/ml2/drivers/ovn/mech_driver/ovsdb/ovsdb_monitor.py:934}}
May 20 02:00:40.493883 np0000175153 devstack@neutron-api.service[103030]: DEBUG neutron.plugins.ml2.drivers.ovn.mech_driver.ovsdb.ovsdb_monitor [None req-2f244a3c-f208-4c58-9380-b2810eb5dd0e None None] Hash Ring: Node 8bea7caff0535467ab6a84992273f5cc (host: np0000175153) handling event "create" for row 75553583-74c7-43ff-8625-97470002c714 (table: Port_Binding) {{(pid=103030) notify /opt/stack/neutron/neutron/plugins/ml2/drivers/ovn/mech_driver/ovsdb/ovsdb_monitor.py:942}}
May 20 02:00:40.494775 np0000175153 devstack@neutron-api.service[103029]: DEBUG neutron.plugins.ml2.drivers.ovn.mech_driver.ovsdb.ovsdb_monitor [None req-1d21ea96-d61f-46c3-99ad-46a3bfa0a7b8 None None] Hash Ring: Node c4436bfa57ce51c8af753c119e8e8ecf (host: np0000175153) handling event "update" for row dde30048-ed85-45ea-a101-eaa0159aadf9 (table: Logical_Switch) {{(pid=103029) notify /opt/stack/neutron/neutron/plugins/ml2/drivers/ovn/mech_driver/ovsdb/ovsdb_monitor.py:942}}
May 20 02:00:40.500120 np0000175153 devstack@neutron-api.service[103031]: DEBUG neutron.plugins.ml2.drivers.ovn.mech_driver.ovsdb.ovsdb_monitor [None req-2c42c8a6-d36d-4988-964c-0fd4bbbeff59 None None] Hash Ring: Node 7711329644715005a7fabd1956e796f7 (host: np0000175153) handling event "create" for row 124428e6-4cad-41fb-9ba2-2c672d92fe38 (table: Logical_Switch_Port) {{(pid=103031) notify /opt/stack/neutron/neutron/plugins/ml2/drivers/ovn/mech_driver/ovsdb/ovsdb_monitor.py:942}}
May 20 02:00:40.501536 np0000175153 devstack@neutron-api.service[103031]: DEBUG ovsdbapp.backend.ovs_idl.event [None req-2c42c8a6-d36d-4988-964c-0fd4bbbeff59 None None] Matched CREATE: LogicalSwitchPortCreateEvent(events=('create',), table='Logical_Switch_Port', conditions=[], old_conditions=None), priority=20 to row=Logical_Switch_Port(uuid=124428e6-4cad-41fb-9ba2-2c672d92fe38, addresses=['fa:16:3e:72:0c:32'], dhcpv4_options=[], dhcpv6_options=[], dynamic_addresses=[], enabled=True, external_ids={'neutron:cidrs': '', 'neutron:device_id': 'ovnmeta-dde30048-ed85-45ea-a101-eaa0159aadf9', 'neutron:device_owner': 'network:distributed', 'neutron:mtu': '', 'neutron:network_name': 'neutron-dde30048-ed85-45ea-a101-eaa0159aadf9', 'neutron:port_capabilities': '', 'neutron:port_name': '', 'neutron:project_id': '0cb7fa49502a4d778466a9fa3a043bfe', 'neutron:revision_number': '1', 'neutron:security_group_ids': '', 'neutron:subnet_pool_addr_scope4': '', 'neutron:subnet_pool_addr_scope6': '', 'neutron:vnic_type': 'normal'}, ha_chassis_group=[], mirror_rules=[], name='e646de73-896a-4ff2-8612-fa9d975b3bf5', options={}, parent_name=[], port_security=[], tag=[], tag_request=[], type='localport', up=[]) old= {{(pid=103031) matches /opt/stack/data/venv/lib/python3.12/site-packages/ovsdbapp/backend/ovs_idl/event.py:55}}
May 20 02:00:40.502488 np0000175153 devstack@neutron-api.service[103031]: INFO neutron.plugins.ml2.drivers.ovn.mech_driver.mech_driver [None req-8910e73c-db98-45e8-9e4b-08d37eb234aa None None] OVN reports status down for port: e646de73-896a-4ff2-8612-fa9d975b3bf5
May 20 02:00:40.503975 np0000175153 devstack@neutron-api.service[103031]: DEBUG neutron.plugins.ml2.drivers.ovn.mech_driver.ovsdb.ovsdb_monitor [None req-2c42c8a6-d36d-4988-964c-0fd4bbbeff59 None None] Touching Hash Ring node "7711329644715005a7fabd1956e796f7" from IDL notify handler {{(pid=103031) notify /opt/stack/neutron/neutron/plugins/ml2/drivers/ovn/mech_driver/ovsdb/ovsdb_monitor.py:934}}
May 20 02:00:40.510997 np0000175153 devstack@neutron-api.service[103031]: DEBUG neutron.plugins.ml2.drivers.ovn.mech_driver.ovsdb.ovsdb_monitor [None req-2c42c8a6-d36d-4988-964c-0fd4bbbeff59 None None] Hash Ring: Node 7711329644715005a7fabd1956e796f7 (host: np0000175153) handling event "update" for row 124428e6-4cad-41fb-9ba2-2c672d92fe38 (table: Logical_Switch_Port) {{(pid=103031) notify /opt/stack/neutron/neutron/plugins/ml2/drivers/ovn/mech_driver/ovsdb/ovsdb_monitor.py:942}}
May 20 02:00:40.529357 np0000175153 devstack@neutron-api.service[103029]: INFO neutron.db.ovn_revision_numbers_db [None req-dd13b95e-2d78-4016-b04f-fbb22c310c00 admin admin] Successfully bumped revision number for resource e646de73-896a-4ff2-8612-fa9d975b3bf5 (type: ports) to 1
May 20 02:00:40.537896 np0000175153 devstack@neutron-api.service[103031]: DEBUG neutron.db.provisioning_blocks [None req-8910e73c-db98-45e8-9e4b-08d37eb234aa None None] Transition to ACTIVE for port object e646de73-896a-4ff2-8612-fa9d975b3bf5 will not be triggered until provisioned by entity L2. {{(pid=103031) add_provisioning_component /opt/stack/neutron/neutron/db/provisioning_blocks.py:74}}
