May 20 22:04:14.484506 np0000175537 devstack@neutron-api.service[103341]: DEBUG neutron.plugins.ml2.drivers.ovn.mech_driver.ovsdb.ovsdb_monitor [None req-4bf94b96-544d-46b9-9068-9d165e22e2a4 None None] Hash Ring: Node c423b66246485ad394d1930175414aac (host: np0000175537) handling event "update" for row 8f9db678-f667-4366-b8be-c1c227879cd6 (table: Port_Group) {{(pid=103341) notify /opt/stack/neutron/neutron/plugins/ml2/drivers/ovn/mech_driver/ovsdb/ovsdb_monitor.py:986}}
May 20 22:04:14.501331 np0000175537 devstack@neutron-api.service[103343]: INFO neutron.db.ovn_revision_numbers_db [None req-9836f890-297b-43b5-9e0e-08eb51663767 admin admin] Successfully bumped revision number for resource d431e430-4706-4ea2-b731-e871439a749f (type: security_group_rules) to 0
May 20 22:04:14.509815 np0000175537 devstack@neutron-api.service[103343]: DEBUG neutron.api.rpc.handlers.resources_rpc [None req-9836f890-297b-43b5-9e0e-08eb51663767 admin admin] Pushing event updated for resources: {'SecurityGroupRule': ['ID=d431e430-4706-4ea2-b731-e871439a749f,revision_number=0']} {{(pid=103343) push /opt/stack/neutron/neutron/api/rpc/handlers/resources_rpc.py:237}}
May 20 22:04:14.525296 np0000175537 devstack@neutron-api.service[103343]: DEBUG neutron_lib.callbacks.manager [None req-9836f890-297b-43b5-9e0e-08eb51663767 admin admin] Publish callbacks [] for security_group_rule (None), before_response {{(pid=103343) _notify_loop /opt/stack/data/venv/lib/python3.12/site-packages/neutron_lib/callbacks/manager.py:184}}
May 20 22:04:14.525904 np0000175537 devstack@neutron-api.service[103343]: [pid: 103343|app: 0|req: 21/84] 199.204.45.153 () {68 vars in 1394 bytes} [Wed May 20 22:04:14 2026] POST /networking/v2.0/security-group-rules => generated 613 bytes in 175 msecs (HTTP/1.1 201) 4 headers in 162 bytes (1 switches on core 0)
May 20 22:04:14.725774 np0000175537 devstack@neutron-api.service[103340]: DEBUG neutron.api.wsgi [None req-589e3aca-e3ba-42da-aa7d-4d36321b79e7 admin admin] Missing Content-Type {{(pid=103340) get_content_type /opt/stack/neutron/neutron/api/wsgi.py:80}}
May 20 22:04:14.732955 np0000175537 devstack@neutron-api.service[103340]: INFO neutron.api.v2.resource [None req-589e3aca-e3ba-42da-aa7d-4d36321b79e7 admin admin] show failed (client error): The resource could not be found.
May 20 22:04:14.733462 np0000175537 devstack@neutron-api.service[103340]: [pid: 103340|app: 0|req: 21/85] 199.204.45.153 () {64 vars in 1370 bytes} [Wed May 20 22:04:14 2026] GET /networking/v2.0/security-groups/manila-service => generated 124 bytes in 12 msecs (HTTP/1.1 404) 4 headers in 164 bytes (1 switches on core 0)
May 20 22:04:14.746785 np0000175537 devstack@neutron-api.service[103342]: DEBUG neutron.api.wsgi [None req-158b874d-36d8-4b7c-9e98-ba9710b02cb0 admin admin] Missing Content-Type {{(pid=103342) get_content_type /opt/stack/neutron/neutron/api/wsgi.py:80}}
May 20 22:04:14.771773 np0000175537 devstack@neutron-api.service[103342]: [pid: 103342|app: 0|req: 23/86] 199.204.45.153 () {64 vars in 1377 bytes} [Wed May 20 22:04:14 2026] GET /networking/v2.0/security-groups?name=manila-service => generated 6641 bytes in 29 msecs (HTTP/1.1 200) 4 headers in 158 bytes (1 switches on core 0)
May 20 22:04:14.786982 np0000175537 devstack@neutron-api.service[103341]: DEBUG neutron.api.wsgi [None req-91f72fab-fedd-497a-8de5-477df379798c admin admin] Missing Content-Type {{(pid=103341) get_content_type /opt/stack/neutron/neutron/api/wsgi.py:80}}
May 20 22:04:14.833141 np0000175537 devstack@neutron-api.service[103341]: [pid: 103341|app: 0|req: 22/87] 199.204.45.153 () {64 vars in 1462 bytes} [Wed May 20 22:04:14 2026] GET /networking/v2.0/security-group-rules?security_group_id=ed9d8e4a-94cb-4e18-8f78-0b60dada0388 => generated 5907 bytes in 50 msecs (HTTP/1.1 200) 4 headers in 158 bytes (1 switches on core 0)
May 20 22:04:18.885661 np0000175537 devstack@neutron-api.service[103342]: DEBUG futurist.periodics [-] Submitting periodic callback 'neutron.plugins.ml2.drivers.ovn.mech_driver.ovsdb.maintenance.HashRingHealthCheckPeriodics.touch_hash_ring_node' {{(pid=103342) _process_scheduled /opt/stack/data/venv/lib/python3.12/site-packages/futurist/periodics.py:784}}
May 20 22:04:18.886211 np0000175537 devstack@neutron-api.service[103342]: DEBUG neutron.plugins.ml2.drivers.ovn.mech_driver.ovsdb.maintenance [-] Touching Hash Ring node "17f6063429be5ecbbaeed2e270e1e6ed" from periodic health check thread {{(pid=103342) touch_hash_ring_node /opt/stack/neutron/neutron/plugins/ml2/drivers/ovn/mech_driver/ovsdb/maintenance.py:1466}}
May 20 22:04:19.797836 np0000175537 devstack@neutron-api.service[103340]: DEBUG futurist.periodics [-] Submitting periodic callback 'neutron.plugins.ml2.drivers.ovn.mech_driver.ovsdb.maintenance.HashRingHealthCheckPeriodics.touch_hash_ring_node' {{(pid=103340) _process_scheduled /opt/stack/data/venv/lib/python3.12/site-packages/futurist/periodics.py:784}}
May 20 22:04:19.798731 np0000175537 devstack@neutron-api.service[103340]: DEBUG neutron.plugins.ml2.drivers.ovn.mech_driver.ovsdb.maintenance [-] Touching Hash Ring node "e8b2750201b95074aee6067b1de9742d" from periodic health check thread {{(pid=103340) touch_hash_ring_node /opt/stack/neutron/neutron/plugins/ml2/drivers/ovn/mech_driver/ovsdb/maintenance.py:1466}}
May 20 22:04:19.808445 np0000175537 devstack@neutron-api.service[103343]: DEBUG futurist.periodics [-] Submitting periodic callback 'neutron.plugins.ml2.drivers.ovn.mech_driver.ovsdb.maintenance.HashRingHealthCheckPeriodics.touch_hash_ring_node' {{(pid=103343) _process_scheduled /opt/stack/data/venv/lib/python3.12/site-packages/futurist/periodics.py:784}}
May 20 22:04:19.809327 np0000175537 devstack@neutron-api.service[103343]: DEBUG neutron.plugins.ml2.drivers.ovn.mech_driver.ovsdb.maintenance [-] Touching Hash Ring node "562914a916a55cd09c2edeb53eb68afa" from periodic health check thread {{(pid=103343) touch_hash_ring_node /opt/stack/neutron/neutron/plugins/ml2/drivers/ovn/mech_driver/ovsdb/maintenance.py:1466}}
May 20 22:04:19.822921 np0000175537 devstack@neutron-api.service[103341]: DEBUG futurist.periodics [-] Submitting periodic callback 'neutron.plugins.ml2.drivers.ovn.mech_driver.ovsdb.maintenance.HashRingHealthCheckPeriodics.touch_hash_ring_node' {{(pid=103341) _process_scheduled /opt/stack/data/venv/lib/python3.12/site-packages/futurist/periodics.py:784}}
May 20 22:04:19.823565 np0000175537 devstack@neutron-api.service[103341]: DEBUG neutron.plugins.ml2.drivers.ovn.mech_driver.ovsdb.maintenance [-] Touching Hash Ring node "c423b66246485ad394d1930175414aac" from periodic health check thread {{(pid=103341) touch_hash_ring_node /opt/stack/neutron/neutron/plugins/ml2/drivers/ovn/mech_driver/ovsdb/maintenance.py:1466}}
May 20 22:04:28.896897 np0000175537 devstack@neutron-api.service[103342]: DEBUG dbcounter [-] [103342] Writing DB stats neutron:UPDATE=10,neutron:SELECT=199,neutron:INSERT=20,neutron:DELETE=8 {{(pid=103342) stat_writer /opt/stack/data/venv/lib/python3.12/site-packages/dbcounter.py:115}}
May 20 22:04:29.809999 np0000175537 devstack@neutron-api.service[103340]: DEBUG dbcounter [-] [103340] Writing DB stats neutron:UPDATE=2,neutron:SELECT=95 {{(pid=103340) stat_writer /opt/stack/data/venv/lib/python3.12/site-packages/dbcounter.py:115}}
May 20 22:04:29.818039 np0000175537 devstack@neutron-api.service[103343]: DEBUG dbcounter [-] [103343] Writing DB stats neutron:UPDATE=10,neutron:SELECT=195,neutron:INSERT=20,neutron:DELETE=8 {{(pid=103343) stat_writer /opt/stack/data/venv/lib/python3.12/site-packages/dbcounter.py:115}}
May 20 22:04:29.833851 np0000175537 devstack@neutron-api.service[103341]: DEBUG dbcounter [-] [103341] Writing DB stats neutron:UPDATE=6,neutron:SELECT=157,neutron:INSERT=11,neutron:DELETE=2 {{(pid=103341) stat_writer /opt/stack/data/venv/lib/python3.12/site-packages/dbcounter.py:115}}
May 20 22:04:33.886541 np0000175537 devstack@neutron-api.service[103342]: DEBUG futurist.periodics [-] Submitting periodic callback 'neutron.plugins.ml2.drivers.ovn.mech_driver.ovsdb.maintenance.HashRingHealthCheckPeriodics.touch_hash_ring_node' {{(pid=103342) _process_scheduled /opt/stack/data/venv/lib/python3.12/site-packages/futurist/periodics.py:784}}
May 20 22:04:33.887904 np0000175537 devstack@neutron-api.service[103342]: DEBUG neutron.plugins.ml2.drivers.ovn.mech_driver.ovsdb.maintenance [-] Touching Hash Ring node "17f6063429be5ecbbaeed2e270e1e6ed" from periodic health check thread {{(pid=103342) touch_hash_ring_node /opt/stack/neutron/neutron/plugins/ml2/drivers/ovn/mech_driver/ovsdb/maintenance.py:1466}}
May 20 22:04:34.798922 np0000175537 devstack@neutron-api.service[103340]: DEBUG futurist.periodics [-] Submitting periodic callback 'neutron.plugins.ml2.drivers.ovn.mech_driver.ovsdb.maintenance.HashRingHealthCheckPeriodics.touch_hash_ring_node' {{(pid=103340) _process_scheduled /opt/stack/data/venv/lib/python3.12/site-packages/futurist/periodics.py:784}}
May 20 22:04:34.799762 np0000175537 devstack@neutron-api.service[103340]: DEBUG neutron.plugins.ml2.drivers.ovn.mech_driver.ovsdb.maintenance [-] Touching Hash Ring node "e8b2750201b95074aee6067b1de9742d" from periodic health check thread {{(pid=103340) touch_hash_ring_node /opt/stack/neutron/neutron/plugins/ml2/drivers/ovn/mech_driver/ovsdb/maintenance.py:1466}}
May 20 22:04:34.809435 np0000175537 devstack@neutron-api.service[103343]: DEBUG futurist.periodics [-] Submitting periodic callback 'neutron.plugins.ml2.drivers.ovn.mech_driver.ovsdb.maintenance.HashRingHealthCheckPeriodics.touch_hash_ring_node' {{(pid=103343) _process_scheduled /opt/stack/data/venv/lib/python3.12/site-packages/futurist/periodics.py:784}}
May 20 22:04:34.810318 np0000175537 devstack@neutron-api.service[103343]: DEBUG neutron.plugins.ml2.drivers.ovn.mech_driver.ovsdb.maintenance [-] Touching Hash Ring node "562914a916a55cd09c2edeb53eb68afa" from periodic health check thread {{(pid=103343) touch_hash_ring_node /opt/stack/neutron/neutron/plugins/ml2/drivers/ovn/mech_driver/ovsdb/maintenance.py:1466}}
May 20 22:04:34.823731 np0000175537 devstack@neutron-api.service[103341]: DEBUG futurist.periodics [-] Submitting periodic callback 'neutron.plugins.ml2.drivers.ovn.mech_driver.ovsdb.maintenance.HashRingHealthCheckPeriodics.touch_hash_ring_node' {{(pid=103341) _process_scheduled /opt/stack/data/venv/lib/python3.12/site-packages/futurist/periodics.py:784}}
May 20 22:04:34.824516 np0000175537 devstack@neutron-api.service[103341]: DEBUG neutron.plugins.ml2.drivers.ovn.mech_driver.ovsdb.maintenance [-] Touching Hash Ring node "c423b66246485ad394d1930175414aac" from periodic health check thread {{(pid=103341) touch_hash_ring_node /opt/stack/neutron/neutron/plugins/ml2/drivers/ovn/mech_driver/ovsdb/maintenance.py:1466}}
May 20 22:04:43.900054 np0000175537 devstack@neutron-api.service[103342]: DEBUG dbcounter [-] [103342] Writing DB stats neutron:UPDATE=1,neutron:SELECT=1 {{(pid=103342) stat_writer /opt/stack/data/venv/lib/python3.12/site-packages/dbcounter.py:115}}
May 20 22:04:44.810131 np0000175537 devstack@neutron-api.service[103340]: DEBUG dbcounter [-] [103340] Writing DB stats neutron:UPDATE=1,neutron:SELECT=1 {{(pid=103340) stat_writer /opt/stack/data/venv/lib/python3.12/site-packages/dbcounter.py:115}}
May 20 22:04:44.819891 np0000175537 devstack@neutron-api.service[103343]: DEBUG dbcounter [-] [103343] Writing DB stats neutron:UPDATE=1,neutron:SELECT=1 {{(pid=103343) stat_writer /opt/stack/data/venv/lib/python3.12/site-packages/dbcounter.py:115}}
May 20 22:04:44.835560 np0000175537 devstack@neutron-api.service[103341]: DEBUG dbcounter [-] [103341] Writing DB stats neutron:UPDATE=1,neutron:SELECT=1 {{(pid=103341) stat_writer /opt/stack/data/venv/lib/python3.12/site-packages/dbcounter.py:115}}
May 20 22:04:48.888044 np0000175537 devstack@neutron-api.service[103342]: DEBUG futurist.periodics [-] Submitting periodic callback 'neutron.plugins.ml2.drivers.ovn.mech_driver.ovsdb.maintenance.HashRingHealthCheckPeriodics.touch_hash_ring_node' {{(pid=103342) _process_scheduled /opt/stack/data/venv/lib/python3.12/site-packages/futurist/periodics.py:784}}
May 20 22:04:48.889088 np0000175537 devstack@neutron-api.service[103342]: DEBUG neutron.plugins.ml2.drivers.ovn.mech_driver.ovsdb.maintenance [-] Touching Hash Ring node "17f6063429be5ecbbaeed2e270e1e6ed" from periodic health check thread {{(pid=103342) touch_hash_ring_node /opt/stack/neutron/neutron/plugins/ml2/drivers/ovn/mech_driver/ovsdb/maintenance.py:1466}}
May 20 22:04:49.799854 np0000175537 devstack@neutron-api.service[103340]: DEBUG futurist.periodics [-] Submitting periodic callback 'neutron.plugins.ml2.drivers.ovn.mech_driver.ovsdb.maintenance.HashRingHealthCheckPeriodics.touch_hash_ring_node' {{(pid=103340) _process_scheduled /opt/stack/data/venv/lib/python3.12/site-packages/futurist/periodics.py:784}}
May 20 22:04:49.800518 np0000175537 devstack@neutron-api.service[103340]: DEBUG neutron.plugins.ml2.drivers.ovn.mech_driver.ovsdb.maintenance [-] Touching Hash Ring node "e8b2750201b95074aee6067b1de9742d" from periodic health check thread {{(pid=103340) touch_hash_ring_node /opt/stack/neutron/neutron/plugins/ml2/drivers/ovn/mech_driver/ovsdb/maintenance.py:1466}}
May 20 22:04:49.811309 np0000175537 devstack@neutron-api.service[103343]: DEBUG futurist.periodics [-] Submitting periodic callback 'neutron.plugins.ml2.drivers.ovn.mech_driver.ovsdb.maintenance.HashRingHealthCheckPeriodics.touch_hash_ring_node' {{(pid=103343) _process_scheduled /opt/stack/data/venv/lib/python3.12/site-packages/futurist/periodics.py:784}}
May 20 22:04:49.811309 np0000175537 devstack@neutron-api.service[103343]: DEBUG neutron.plugins.ml2.drivers.ovn.mech_driver.ovsdb.maintenance [-] Touching Hash Ring node "562914a916a55cd09c2edeb53eb68afa" from periodic health check thread {{(pid=103343) touch_hash_ring_node /opt/stack/neutron/neutron/plugins/ml2/drivers/ovn/mech_driver/ovsdb/maintenance.py:1466}}
May 20 22:04:49.824509 np0000175537 devstack@neutron-api.service[103341]: DEBUG futurist.periodics [-] Submitting periodic callback 'neutron.plugins.ml2.drivers.ovn.mech_driver.ovsdb.maintenance.HashRingHealthCheckPeriodics.touch_hash_ring_node' {{(pid=103341) _process_scheduled /opt/stack/data/venv/lib/python3.12/site-packages/futurist/periodics.py:784}}
May 20 22:04:49.826911 np0000175537 devstack@neutron-api.service[103341]: DEBUG neutron.plugins.ml2.drivers.ovn.mech_driver.ovsdb.maintenance [-] Touching Hash Ring node "c423b66246485ad394d1930175414aac" from periodic health check thread {{(pid=103341) touch_hash_ring_node /opt/stack/neutron/neutron/plugins/ml2/drivers/ovn/mech_driver/ovsdb/maintenance.py:1466}}
May 20 22:04:58.900493 np0000175537 devstack@neutron-api.service[103342]: DEBUG dbcounter [-] [103342] Writing DB stats neutron:UPDATE=1,neutron:SELECT=1 {{(pid=103342) stat_writer /opt/stack/data/venv/lib/python3.12/site-packages/dbcounter.py:115}}
May 20 22:04:59.813191 np0000175537 devstack@neutron-api.service[103340]: DEBUG dbcounter [-] [103340] Writing DB stats neutron:UPDATE=1,neutron:SELECT=1 {{(pid=103340) stat_writer /opt/stack/data/venv/lib/python3.12/site-packages/dbcounter.py:115}}
May 20 22:04:59.822386 np0000175537 devstack@neutron-api.service[103343]: DEBUG dbcounter [-] [103343] Writing DB stats neutron:UPDATE=1,neutron:SELECT=1 {{(pid=103343) stat_writer /opt/stack/data/venv/lib/python3.12/site-packages/dbcounter.py:115}}
May 20 22:04:59.835910 np0000175537 devstack@neutron-api.service[103341]: DEBUG dbcounter [-] [103341] Writing DB stats neutron:UPDATE=1,neutron:SELECT=1 {{(pid=103341) stat_writer /opt/stack/data/venv/lib/python3.12/site-packages/dbcounter.py:115}}
May 20 22:05:03.889231 np0000175537 devstack@neutron-api.service[103342]: DEBUG futurist.periodics [-] Submitting periodic callback 'neutron.plugins.ml2.drivers.ovn.mech_driver.ovsdb.maintenance.HashRingHealthCheckPeriodics.touch_hash_ring_node' {{(pid=103342) _process_scheduled /opt/stack/data/venv/lib/python3.12/site-packages/futurist/periodics.py:784}}
May 20 22:05:03.889861 np0000175537 devstack@neutron-api.service[103342]: DEBUG neutron.plugins.ml2.drivers.ovn.mech_driver.ovsdb.maintenance [-] Touching Hash Ring node "17f6063429be5ecbbaeed2e270e1e6ed" from periodic health check thread {{(pid=103342) touch_hash_ring_node /opt/stack/neutron/neutron/plugins/ml2/drivers/ovn/mech_driver/ovsdb/maintenance.py:1466}}
May 20 22:05:04.800485 np0000175537 devstack@neutron-api.service[103340]: DEBUG futurist.periodics [-] Submitting periodic callback 'neutron.plugins.ml2.drivers.ovn.mech_driver.ovsdb.maintenance.HashRingHealthCheckPeriodics.touch_hash_ring_node' {{(pid=103340) _process_scheduled /opt/stack/data/venv/lib/python3.12/site-packages/futurist/periodics.py:784}}
May 20 22:05:04.801111 np0000175537 devstack@neutron-api.service[103340]: DEBUG neutron.plugins.ml2.drivers.ovn.mech_driver.ovsdb.maintenance [-] Touching Hash Ring node "e8b2750201b95074aee6067b1de9742d" from periodic health check thread {{(pid=103340) touch_hash_ring_node /opt/stack/neutron/neutron/plugins/ml2/drivers/ovn/mech_driver/ovsdb/maintenance.py:1466}}
May 20 22:05:04.811220 np0000175537 devstack@neutron-api.service[103343]: DEBUG futurist.periodics [-] Submitting periodic callback 'neutron.plugins.ml2.drivers.ovn.mech_driver.ovsdb.maintenance.HashRingHealthCheckPeriodics.touch_hash_ring_node' {{(pid=103343) _process_scheduled /opt/stack/data/venv/lib/python3.12/site-packages/futurist/periodics.py:784}}
May 20 22:05:04.812211 np0000175537 devstack@neutron-api.service[103343]: DEBUG neutron.plugins.ml2.drivers.ovn.mech_driver.ovsdb.maintenance [-] Touching Hash Ring node "562914a916a55cd09c2edeb53eb68afa" from periodic health check thread {{(pid=103343) touch_hash_ring_node /opt/stack/neutron/neutron/plugins/ml2/drivers/ovn/mech_driver/ovsdb/maintenance.py:1466}}
May 20 22:05:04.825582 np0000175537 devstack@neutron-api.service[103341]: DEBUG futurist.periodics [-] Submitting periodic callback 'neutron.plugins.ml2.drivers.ovn.mech_driver.ovsdb.maintenance.HashRingHealthCheckPeriodics.touch_hash_ring_node' {{(pid=103341) _process_scheduled /opt/stack/data/venv/lib/python3.12/site-packages/futurist/periodics.py:784}}
May 20 22:05:04.826191 np0000175537 devstack@neutron-api.service[103341]: DEBUG neutron.plugins.ml2.drivers.ovn.mech_driver.ovsdb.maintenance [-] Touching Hash Ring node "c423b66246485ad394d1930175414aac" from periodic health check thread {{(pid=103341) touch_hash_ring_node /opt/stack/neutron/neutron/plugins/ml2/drivers/ovn/mech_driver/ovsdb/maintenance.py:1466}}
May 20 22:05:13.536879 np0000175537 devstack@neutron-api.service[103343]: /opt/stack/neutron/neutron/extensions/quotasv2.py:134: UserWarning: "--check-limit" parameter is no longer needed since Epoxy (2025.1) release. By default, Neutron quota engine checks the resource usage before updating the limits
May 20 22:05:13.536879 np0000175537 devstack@neutron-api.service[103343]: warnings.warn('"--check-limit" parameter is no longer needed '
May 20 22:05:13.537760 np0000175537 devstack@neutron-api.service[103343]: DEBUG neutron.api.v2.base [None req-555388e6-bfb8-47aa-a0b9-05390d362acc admin admin] Request body: {'quota': {'security_group': 100}} {{(pid=103343) prepare_request_body /opt/stack/neutron/neutron/api/v2/base.py:727}}
May 20 22:05:13.555683 np0000175537 devstack@neutron-api.service[103343]: [pid: 103343|app: 0|req: 22/88] 199.204.45.153 () {68 vars in 1449 bytes} [Wed May 20 22:05:13 2026] PUT /networking/v2.0/quotas/3cb550faee684c4883af56f012ce86ef => generated 175 bytes in 25 msecs (HTTP/1.1 200) 4 headers in 157 bytes (1 switches on core 0)
May 20 22:05:13.834468 np0000175537 devstack@neutron-api.service[103340]: /opt/stack/neutron/neutron/extensions/quotasv2.py:134: UserWarning: "--check-limit" parameter is no longer needed since Epoxy (2025.1) release. By default, Neutron quota engine checks the resource usage before updating the limits
May 20 22:05:13.834468 np0000175537 devstack@neutron-api.service[103340]: warnings.warn('"--check-limit" parameter is no longer needed '
May 20 22:05:13.834998 np0000175537 devstack@neutron-api.service[103340]: DEBUG neutron.api.v2.base [None req-d93e0b21-a120-4576-8add-21652787df5d admin admin] Request body: {'quota': {'security_group_rule': 1000}} {{(pid=103340) prepare_request_body /opt/stack/neutron/neutron/api/v2/base.py:727}}
May 20 22:05:13.859367 np0000175537 devstack@neutron-api.service[103340]: [pid: 103340|app: 0|req: 22/89] 199.204.45.153 () {68 vars in 1449 bytes} [Wed May 20 22:05:13 2026] PUT /networking/v2.0/quotas/3cb550faee684c4883af56f012ce86ef => generated 176 bytes in 30 msecs (HTTP/1.1 200) 4 headers in 157 bytes (1 switches on core 0)
May 20 22:05:13.982833 np0000175537 devstack@neutron-api.service[103342]: DEBUG dbcounter [-] [103342] Writing DB stats neutron:UPDATE=1,neutron:SELECT=1 {{(pid=103342) stat_writer /opt/stack/data/venv/lib/python3.12/site-packages/dbcounter.py:115}}
May 20 22:05:14.835748 np0000175537 devstack@neutron-api.service[103341]: DEBUG dbcounter [-] [103341] Writing DB stats neutron:UPDATE=1,neutron:SELECT=1 {{(pid=103341) stat_writer /opt/stack/data/venv/lib/python3.12/site-packages/dbcounter.py:115}}
May 20 22:05:18.890215 np0000175537 devstack@neutron-api.service[103342]: DEBUG futurist.periodics [-] Submitting periodic callback 'neutron.plugins.ml2.drivers.ovn.mech_driver.ovsdb.maintenance.HashRingHealthCheckPeriodics.touch_hash_ring_node' {{(pid=103342) _process_scheduled /opt/stack/data/venv/lib/python3.12/site-packages/futurist/periodics.py:784}}
May 20 22:05:18.890879 np0000175537 devstack@neutron-api.service[103342]: DEBUG neutron.plugins.ml2.drivers.ovn.mech_driver.ovsdb.maintenance [-] Touching Hash Ring node "17f6063429be5ecbbaeed2e270e1e6ed" from periodic health check thread {{(pid=103342) touch_hash_ring_node /opt/stack/neutron/neutron/plugins/ml2/drivers/ovn/mech_driver/ovsdb/maintenance.py:1466}}
May 20 22:05:19.801291 np0000175537 devstack@neutron-api.service[103340]: DEBUG futurist.periodics [-] Submitting periodic callback 'neutron.plugins.ml2.drivers.ovn.mech_driver.ovsdb.maintenance.HashRingHealthCheckPeriodics.touch_hash_ring_node' {{(pid=103340) _process_scheduled /opt/stack/data/venv/lib/python3.12/site-packages/futurist/periodics.py:784}}
May 20 22:05:19.801780 np0000175537 devstack@neutron-api.service[103340]: DEBUG neutron.plugins.ml2.drivers.ovn.mech_driver.ovsdb.maintenance [-] Touching Hash Ring node "e8b2750201b95074aee6067b1de9742d" from periodic health check thread {{(pid=103340) touch_hash_ring_node /opt/stack/neutron/neutron/plugins/ml2/drivers/ovn/mech_driver/ovsdb/maintenance.py:1466}}
May 20 22:05:19.811906 np0000175537 devstack@neutron-api.service[103343]: DEBUG futurist.periodics [-] Submitting periodic callback 'neutron.plugins.ml2.drivers.ovn.mech_driver.ovsdb.maintenance.HashRingHealthCheckPeriodics.touch_hash_ring_node' {{(pid=103343) _process_scheduled /opt/stack/data/venv/lib/python3.12/site-packages/futurist/periodics.py:784}}
May 20 22:05:19.812496 np0000175537 devstack@neutron-api.service[103343]: DEBUG neutron.plugins.ml2.drivers.ovn.mech_driver.ovsdb.maintenance [-] Touching Hash Ring node "562914a916a55cd09c2edeb53eb68afa" from periodic health check thread {{(pid=103343) touch_hash_ring_node /opt/stack/neutron/neutron/plugins/ml2/drivers/ovn/mech_driver/ovsdb/maintenance.py:1466}}
May 20 22:05:19.826424 np0000175537 devstack@neutron-api.service[103341]: DEBUG futurist.periodics [-] Submitting periodic callback 'neutron.plugins.ml2.drivers.ovn.mech_driver.ovsdb.maintenance.HashRingHealthCheckPeriodics.touch_hash_ring_node' {{(pid=103341) _process_scheduled /opt/stack/data/venv/lib/python3.12/site-packages/futurist/periodics.py:784}}
May 20 22:05:19.827094 np0000175537 devstack@neutron-api.service[103341]: DEBUG neutron.plugins.ml2.drivers.ovn.mech_driver.ovsdb.maintenance [-] Touching Hash Ring node "c423b66246485ad394d1930175414aac" from periodic health check thread {{(pid=103341) touch_hash_ring_node /opt/stack/neutron/neutron/plugins/ml2/drivers/ovn/mech_driver/ovsdb/maintenance.py:1466}}
May 20 22:05:28.427218 np0000175537 devstack@neutron-api.service[103342]: DEBUG neutron.pecan_wsgi.hooks.policy_enforcement [None req-453cf959-c1d9-46a4-a245-cd508fa6b5c0 admin admin] Attributes excluded by policy engine: ['standard_attr_id'] {{(pid=103342) _exclude_attributes_by_policy /opt/stack/neutron/neutron/pecan_wsgi/hooks/policy_enforcement.py:256}}
May 20 22:05:28.429907 np0000175537 devstack@neutron-api.service[103342]: DEBUG neutron.pecan_wsgi.hooks.policy_enforcement [None req-453cf959-c1d9-46a4-a245-cd508fa6b5c0 admin admin] Attributes excluded by policy engine: ['standard_attr_id'] {{(pid=103342) _exclude_attributes_by_policy /opt/stack/neutron/neutron/pecan_wsgi/hooks/policy_enforcement.py:256}}
May 20 22:05:28.431000 np0000175537 devstack@neutron-api.service[103342]: [pid: 103342|app: 0|req: 24/90] 199.204.45.153 () {64 vars in 1378 bytes} [Wed May 20 22:05:28 2026] GET /networking/v2.0/ports?device_owner=network%3Adistributed => generated 1650 bytes in 114 msecs (HTTP/1.1 200) 4 headers in 158 bytes (1 switches on core 0)
May 20 22:05:29.753280 np0000175537 devstack@neutron-api.service[103341]: DEBUG neutron.common.ovn.hash_ring_manager [None req-4bf94b96-544d-46b9-9068-9d165e22e2a4 None None] Hash Ring loaded. 4 active nodes. 0 offline nodes {{(pid=103341) _load_hash_ring /opt/stack/neutron/neutron/common/ovn/hash_ring_manager.py:102}}
May 20 22:05:29.755410 np0000175537 devstack@neutron-api.service[103342]: DEBUG neutron.common.ovn.hash_ring_manager [None req-b600808e-a005-4fc1-8dbd-8b38cbcbf972 None None] Hash Ring loaded. 4 active nodes. 0 offline nodes {{(pid=103342) _load_hash_ring /opt/stack/neutron/neutron/common/ovn/hash_ring_manager.py:102}}
May 20 22:05:29.763681 np0000175537 devstack@neutron-api.service[103340]: DEBUG neutron.common.ovn.hash_ring_manager [None req-4f32597a-bc1d-4715-a4e7-151b90005913 None None] Hash Ring loaded. 4 active nodes. 0 offline nodes {{(pid=103340) _load_hash_ring /opt/stack/neutron/neutron/common/ovn/hash_ring_manager.py:102}}
May 20 22:05:29.764347 np0000175537 devstack@neutron-api.service[103343]: DEBUG neutron.common.ovn.hash_ring_manager [None req-a2624f2f-63a2-4eda-87ab-9531c51f2c5f None None] Hash Ring loaded. 4 active nodes. 0 offline nodes {{(pid=103343) _load_hash_ring /opt/stack/neutron/neutron/common/ovn/hash_ring_manager.py:102}}
May 20 22:05:29.764729 np0000175537 devstack@neutron-api.service[103343]: DEBUG neutron.plugins.ml2.drivers.ovn.mech_driver.ovsdb.ovsdb_monitor [None req-a2624f2f-63a2-4eda-87ab-9531c51f2c5f None None] Hash Ring: Node 562914a916a55cd09c2edeb53eb68afa (host: np0000175537) handling event "update" for row dcd4b2ba-1a20-4c80-b961-4053fbc31be5 (table: Connection) {{(pid=103343) notify /opt/stack/neutron/neutron/plugins/ml2/drivers/ovn/mech_driver/ovsdb/ovsdb_monitor.py:986}}
May 20 22:05:33.890899 np0000175537 devstack@neutron-api.service[103342]: DEBUG futurist.periodics [-] Submitting periodic callback 'neutron.plugins.ml2.drivers.ovn.mech_driver.ovsdb.maintenance.HashRingHealthCheckPeriodics.touch_hash_ring_node' {{(pid=103342) _process_scheduled /opt/stack/data/venv/lib/python3.12/site-packages/futurist/periodics.py:784}}
May 20 22:05:33.891652 np0000175537 devstack@neutron-api.service[103342]: DEBUG neutron.plugins.ml2.drivers.ovn.mech_driver.ovsdb.maintenance [-] Touching Hash Ring node "17f6063429be5ecbbaeed2e270e1e6ed" from periodic health check thread {{(pid=103342) touch_hash_ring_node /opt/stack/neutron/neutron/plugins/ml2/drivers/ovn/mech_driver/ovsdb/maintenance.py:1466}}
May 20 22:05:34.802073 np0000175537 devstack@neutron-api.service[103340]: DEBUG futurist.periodics [-] Submitting periodic callback 'neutron.plugins.ml2.drivers.ovn.mech_driver.ovsdb.maintenance.HashRingHealthCheckPeriodics.touch_hash_ring_node' {{(pid=103340) _process_scheduled /opt/stack/data/venv/lib/python3.12/site-packages/futurist/periodics.py:784}}
May 20 22:05:34.802733 np0000175537 devstack@neutron-api.service[103340]: DEBUG neutron.plugins.ml2.drivers.ovn.mech_driver.ovsdb.maintenance [-] Touching Hash Ring node "e8b2750201b95074aee6067b1de9742d" from periodic health check thread {{(pid=103340) touch_hash_ring_node /opt/stack/neutron/neutron/plugins/ml2/drivers/ovn/mech_driver/ovsdb/maintenance.py:1466}}
May 20 22:05:34.814901 np0000175537 devstack@neutron-api.service[103343]: DEBUG futurist.periodics [-] Submitting periodic callback 'neutron.plugins.ml2.drivers.ovn.mech_driver.ovsdb.maintenance.HashRingHealthCheckPeriodics.touch_hash_ring_node' {{(pid=103343) _process_scheduled /opt/stack/data/venv/lib/python3.12/site-packages/futurist/periodics.py:784}}
May 20 22:05:34.815535 np0000175537 devstack@neutron-api.service[103343]: DEBUG neutron.plugins.ml2.drivers.ovn.mech_driver.ovsdb.maintenance [-] Touching Hash Ring node "562914a916a55cd09c2edeb53eb68afa" from periodic health check thread {{(pid=103343) touch_hash_ring_node /opt/stack/neutron/neutron/plugins/ml2/drivers/ovn/mech_driver/ovsdb/maintenance.py:1466}}
May 20 22:05:34.827194 np0000175537 devstack@neutron-api.service[103341]: DEBUG futurist.periodics [-] Submitting periodic callback 'neutron.plugins.ml2.drivers.ovn.mech_driver.ovsdb.maintenance.HashRingHealthCheckPeriodics.touch_hash_ring_node' {{(pid=103341) _process_scheduled /opt/stack/data/venv/lib/python3.12/site-packages/futurist/periodics.py:784}}
May 20 22:05:34.827795 np0000175537 devstack@neutron-api.service[103341]: DEBUG neutron.plugins.ml2.drivers.ovn.mech_driver.ovsdb.maintenance [-] Touching Hash Ring node "c423b66246485ad394d1930175414aac" from periodic health check thread {{(pid=103341) touch_hash_ring_node /opt/stack/neutron/neutron/plugins/ml2/drivers/ovn/mech_driver/ovsdb/maintenance.py:1466}}
May 20 22:05:40.021162 np0000175537 devstack@neutron-api.service[103341]: INFO neutron.pecan_wsgi.hooks.translation [None req-7feb3d06-003e-4329-bd49-ab4e4bf083c2 admin admin] GET failed (client error): The resource could not be found.
May 20 22:05:40.021992 np0000175537 devstack@neutron-api.service[103341]: [pid: 103341|app: 0|req: 23/91] 199.204.45.153 () {64 vars in 1334 bytes} [Wed May 20 22:05:40 2026] GET /networking/v2.0/networks/admin_net => generated 111 bytes in 11 msecs (HTTP/1.1 404) 4 headers in 164 bytes (1 switches on core 0)
May 20 22:05:40.052022 np0000175537 devstack@neutron-api.service[103343]: [pid: 103343|app: 0|req: 23/92] 199.204.45.153 () {64 vars in 1346 bytes} [Wed May 20 22:05:40 2026] GET /networking/v2.0/networks?name=admin_net => generated 15 bytes in 19 msecs (HTTP/1.1 200) 4 headers in 156 bytes (1 switches on core 0)
May 20 22:05:40.302642 np0000175537 devstack@neutron-api.service[103340]: DEBUG neutron.api.v2.base [None req-687880ad-2a2a-434b-bb23-7ad0f778d5bc admin admin] Request body: {'network': {'project_id': '6c28a8ee1b85406f8ac3be00bfc1c488', 'admin_state_up': True, 'name': 'admin_net'}} {{(pid=103340) prepare_request_body /opt/stack/neutron/neutron/api/v2/base.py:727}}
May 20 22:05:40.320035 np0000175537 devstack@neutron-api.service[103340]: DEBUG neutron.pecan_wsgi.hooks.quota_enforcement [None req-687880ad-2a2a-434b-bb23-7ad0f778d5bc admin admin] Made reservation on behalf of 6c28a8ee1b85406f8ac3be00bfc1c488 for: {'network': 1} {{(pid=103340) before /opt/stack/neutron/neutron/pecan_wsgi/hooks/quota_enforcement.py:66}}
May 20 22:05:40.322347 np0000175537 devstack@neutron-api.service[103340]: DEBUG neutron_lib.callbacks.manager [None req-687880ad-2a2a-434b-bb23-7ad0f778d5bc admin admin] Publish callbacks ['neutron.plugins.ml2.plugin.SecurityGroupDbMixin._ensure_default_security_group_handler-910070'] for network (None), before_create {{(pid=103340) _notify_loop /opt/stack/data/venv/lib/python3.12/site-packages/neutron_lib/callbacks/manager.py:184}}
May 20 22:05:40.327212 np0000175537 devstack@neutron-api.service[103340]: DEBUG neutron_lib.callbacks.manager [None req-687880ad-2a2a-434b-bb23-7ad0f778d5bc admin admin] Publish callbacks [] for security_group (None), before_create {{(pid=103340) _notify_loop /opt/stack/data/venv/lib/python3.12/site-packages/neutron_lib/callbacks/manager.py:184}}
May 20 22:05:40.385237 np0000175537 devstack@neutron-api.service[103340]: DEBUG neutron_lib.callbacks.manager [None req-687880ad-2a2a-434b-bb23-7ad0f778d5bc admin admin] Publish callbacks ['neutron.plugins.ml2.drivers.ovn.mech_driver.mech_driver.OVNMechanismDriver._create_security_group_precommit-360251'] for security_group (a4dc84fe-7062-482d-89a3-8b103274ce49), precommit_create {{(pid=103340) _notify_loop /opt/stack/data/venv/lib/python3.12/site-packages/neutron_lib/callbacks/manager.py:184}}
May 20 22:05:40.385368 np0000175537 devstack@neutron-api.service[103340]: DEBUG neutron.db.ovn_revision_numbers_db [None req-687880ad-2a2a-434b-bb23-7ad0f778d5bc admin admin] create_initial_revision uuid=a4dc84fe-7062-482d-89a3-8b103274ce49, type=security_groups, rev=-1 {{(pid=103340) create_initial_revision /opt/stack/neutron/neutron/db/ovn_revision_numbers_db.py:98}}
May 20 22:05:40.386362 np0000175537 devstack@neutron-api.service[103340]: DEBUG neutron.db.ovn_revision_numbers_db [None req-687880ad-2a2a-434b-bb23-7ad0f778d5bc admin admin] create_initial_revision uuid=44284544-e9af-4eef-beaa-ae5226ebb0e8, type=security_group_rules, rev=-1 {{(pid=103340) create_initial_revision /opt/stack/neutron/neutron/db/ovn_revision_numbers_db.py:98}}
May 20 22:05:40.387184 np0000175537 devstack@neutron-api.service[103340]: DEBUG neutron.db.ovn_revision_numbers_db [None req-687880ad-2a2a-434b-bb23-7ad0f778d5bc admin admin] create_initial_revision uuid=6a1f3b80-44d5-45f4-b517-1d182a1d666d, type=security_group_rules, rev=-1 {{(pid=103340) create_initial_revision /opt/stack/neutron/neutron/db/ovn_revision_numbers_db.py:98}}
May 20 22:05:40.388061 np0000175537 devstack@neutron-api.service[103340]: DEBUG neutron.db.ovn_revision_numbers_db [None req-687880ad-2a2a-434b-bb23-7ad0f778d5bc admin admin] create_initial_revision uuid=8a2f6888-e9b0-4ae3-8d45-6a3f2bf0d7e9, type=security_group_rules, rev=-1 {{(pid=103340) create_initial_revision /opt/stack/neutron/neutron/db/ovn_revision_numbers_db.py:98}}
May 20 22:05:40.388965 np0000175537 devstack@neutron-api.service[103340]: DEBUG neutron.db.ovn_revision_numbers_db [None req-687880ad-2a2a-434b-bb23-7ad0f778d5bc admin admin] create_initial_revision uuid=d52a7fb9-cef3-48c8-97cf-7afea9cd52c1, type=security_group_rules, rev=-1 {{(pid=103340) create_initial_revision /opt/stack/neutron/neutron/db/ovn_revision_numbers_db.py:98}}
May 20 22:05:40.395580 np0000175537 devstack@neutron-api.service[103340]: DEBUG neutron_lib.callbacks.manager [None req-687880ad-2a2a-434b-bb23-7ad0f778d5bc admin admin] Publish callbacks ['neutron.plugins.ml2.drivers.ovn.mech_driver.mech_driver.OVNMechanismDriver._create_security_group-360193', 'neutron.plugins.ml2.ovo_rpc._ObjectChangeHandler.handle_event-6733539'] for security_group (a4dc84fe-7062-482d-89a3-8b103274ce49), after_create {{(pid=103340) _notify_loop /opt/stack/data/venv/lib/python3.12/site-packages/neutron_lib/callbacks/manager.py:184}}
May 20 22:05:40.396356 np0000175537 devstack@neutron-api.service[103340]: DEBUG ovsdbapp.backend.ovs_idl.transaction [None req-4f32597a-bc1d-4715-a4e7-151b90005913 None None] Running txn n=1 command(idx=0): PgAddCommand(_result=None, name=pg_a4dc84fe_7062_482d_89a3_8b103274ce49, may_exist=False, columns={'acls': [], 'external_ids': {'neutron:security_group_id': 'a4dc84fe-7062-482d-89a3-8b103274ce49'}}) {{(pid=103340) do_commit /opt/stack/data/venv/lib/python3.12/site-packages/ovsdbapp/backend/ovs_idl/transaction.py:89}}
May 20 22:05:40.396783 np0000175537 devstack@neutron-api.service[103340]: DEBUG ovsdbapp.backend.ovs_idl.transaction [None req-4f32597a-bc1d-4715-a4e7-151b90005913 None None] Running txn n=1 command(idx=1): PgAclAddCommand(_result=None, entity=pg_a4dc84fe_7062_482d_89a3_8b103274ce49, direction=from-lport, priority=1002, match=inport == @pg_a4dc84fe_7062_482d_89a3_8b103274ce49 && ip4, action=allow-related, log=False, may_exist=True, severity=[], name=[], meter=[], external_ids={'neutron:security_group_rule_id': '44284544-e9af-4eef-beaa-ae5226ebb0e8'}) {{(pid=103340) do_commit /opt/stack/data/venv/lib/python3.12/site-packages/ovsdbapp/backend/ovs_idl/transaction.py:89}}
May 20 22:05:40.397219 np0000175537 devstack@neutron-api.service[103340]: DEBUG ovsdbapp.backend.ovs_idl.transaction [None req-4f32597a-bc1d-4715-a4e7-151b90005913 None None] Running txn n=1 command(idx=2): PgAclAddCommand(_result=None, entity=pg_a4dc84fe_7062_482d_89a3_8b103274ce49, direction=from-lport, priority=1002, match=inport == @pg_a4dc84fe_7062_482d_89a3_8b103274ce49 && ip6, action=allow-related, log=False, may_exist=True, severity=[], name=[], meter=[], external_ids={'neutron:security_group_rule_id': '6a1f3b80-44d5-45f4-b517-1d182a1d666d'}) {{(pid=103340) do_commit /opt/stack/data/venv/lib/python3.12/site-packages/ovsdbapp/backend/ovs_idl/transaction.py:89}}
May 20 22:05:40.397580 np0000175537 devstack@neutron-api.service[103340]: DEBUG ovsdbapp.backend.ovs_idl.transaction [None req-4f32597a-bc1d-4715-a4e7-151b90005913 None None] Running txn n=1 command(idx=3): PgAclAddCommand(_result=None, entity=pg_a4dc84fe_7062_482d_89a3_8b103274ce49, direction=to-lport, priority=1002, match=outport == @pg_a4dc84fe_7062_482d_89a3_8b103274ce49 && ip6 && ip6.src == $pg_a4dc84fe_7062_482d_89a3_8b103274ce49_ip6, action=allow-related, log=False, may_exist=True, severity=[], name=[], meter=[], external_ids={'neutron:security_group_rule_id': '8a2f6888-e9b0-4ae3-8d45-6a3f2bf0d7e9'}) {{(pid=103340) do_commit /opt/stack/data/venv/lib/python3.12/site-packages/ovsdbapp/backend/ovs_idl/transaction.py:89}}
May 20 22:05:40.397901 np0000175537 devstack@neutron-api.service[103340]: DEBUG ovsdbapp.backend.ovs_idl.transaction [None req-4f32597a-bc1d-4715-a4e7-151b90005913 None None] Running txn n=1 command(idx=4): PgAclAddCommand(_result=None, entity=pg_a4dc84fe_7062_482d_89a3_8b103274ce49, direction=to-lport, priority=1002, match=outport == @pg_a4dc84fe_7062_482d_89a3_8b103274ce49 && ip4 && ip4.src == $pg_a4dc84fe_7062_482d_89a3_8b103274ce49_ip4, action=allow-related, log=False, may_exist=True, severity=[], name=[], meter=[], external_ids={'neutron:security_group_rule_id': 'd52a7fb9-cef3-48c8-97cf-7afea9cd52c1'}) {{(pid=103340) do_commit /opt/stack/data/venv/lib/python3.12/site-packages/ovsdbapp/backend/ovs_idl/transaction.py:89}}
May 20 22:05:40.406921 np0000175537 devstack@neutron-api.service[103341]: DEBUG neutron.plugins.ml2.drivers.ovn.mech_driver.ovsdb.ovsdb_monitor [None req-4bf94b96-544d-46b9-9068-9d165e22e2a4 None None] Touching Hash Ring node "c423b66246485ad394d1930175414aac" from IDL notify handler {{(pid=103341) notify /opt/stack/neutron/neutron/plugins/ml2/drivers/ovn/mech_driver/ovsdb/ovsdb_monitor.py:978}}
May 20 22:05:40.408330 np0000175537 devstack@neutron-api.service[103340]: DEBUG neutron.plugins.ml2.drivers.ovn.mech_driver.ovsdb.ovsdb_monitor [None req-4f32597a-bc1d-4715-a4e7-151b90005913 None None] Touching Hash Ring node "e8b2750201b95074aee6067b1de9742d" from IDL notify handler {{(pid=103340) notify /opt/stack/neutron/neutron/plugins/ml2/drivers/ovn/mech_driver/ovsdb/ovsdb_monitor.py:978}}
May 20 22:05:40.415294 np0000175537 devstack@neutron-api.service[103341]: DEBUG neutron.plugins.ml2.drivers.ovn.mech_driver.ovsdb.ovsdb_monitor [None req-4bf94b96-544d-46b9-9068-9d165e22e2a4 None None] Hash Ring: Node c423b66246485ad394d1930175414aac (host: np0000175537) handling event "create" for row 55a86ff0-addf-4246-ad2c-110e62cc8058 (table: ACL) {{(pid=103341) notify /opt/stack/neutron/neutron/plugins/ml2/drivers/ovn/mech_driver/ovsdb/ovsdb_monitor.py:986}}
May 20 22:05:40.416977 np0000175537 devstack@neutron-api.service[103340]: DEBUG neutron.plugins.ml2.drivers.ovn.mech_driver.ovsdb.ovsdb_monitor [None req-4f32597a-bc1d-4715-a4e7-151b90005913 None None] Hash Ring: Node e8b2750201b95074aee6067b1de9742d (host: np0000175537) handling event "create" for row 0f75e076-0516-4ab5-ab48-38c27f0700a2 (table: ACL) {{(pid=103340) notify /opt/stack/neutron/neutron/plugins/ml2/drivers/ovn/mech_driver/ovsdb/ovsdb_monitor.py:986}}
May 20 22:05:40.417996 np0000175537 devstack@neutron-api.service[103340]: DEBUG neutron.plugins.ml2.drivers.ovn.mech_driver.ovsdb.ovsdb_monitor [None req-4f32597a-bc1d-4715-a4e7-151b90005913 None None] Touching Hash Ring node "e8b2750201b95074aee6067b1de9742d" from IDL notify handler {{(pid=103340) notify /opt/stack/neutron/neutron/plugins/ml2/drivers/ovn/mech_driver/ovsdb/ovsdb_monitor.py:978}}
May 20 22:05:40.420740 np0000175537 devstack@neutron-api.service[103340]: DEBUG neutron.plugins.ml2.drivers.ovn.mech_driver.ovsdb.ovsdb_monitor [None req-4f32597a-bc1d-4715-a4e7-151b90005913 None None] Hash Ring: Node e8b2750201b95074aee6067b1de9742d (host: np0000175537) handling event "create" for row 952b1f03-a53a-4fac-9c29-3f5fb3af4328 (table: ACL) {{(pid=103340) notify /opt/stack/neutron/neutron/plugins/ml2/drivers/ovn/mech_driver/ovsdb/ovsdb_monitor.py:986}}
May 20 22:05:40.421715 np0000175537 devstack@neutron-api.service[103340]: DEBUG neutron.plugins.ml2.drivers.ovn.mech_driver.ovsdb.ovsdb_monitor [None req-4f32597a-bc1d-4715-a4e7-151b90005913 None None] Touching Hash Ring node "e8b2750201b95074aee6067b1de9742d" from IDL notify handler {{(pid=103340) notify /opt/stack/neutron/neutron/plugins/ml2/drivers/ovn/mech_driver/ovsdb/ovsdb_monitor.py:978}}
May 20 22:05:40.424060 np0000175537 devstack@neutron-api.service[103340]: DEBUG neutron.plugins.ml2.drivers.ovn.mech_driver.ovsdb.ovsdb_monitor [None req-4f32597a-bc1d-4715-a4e7-151b90005913 None None] Hash Ring: Node e8b2750201b95074aee6067b1de9742d (host: np0000175537) handling event "create" for row e5ff942c-0b82-49d2-96ae-a3970ac33a8f (table: ACL) {{(pid=103340) notify /opt/stack/neutron/neutron/plugins/ml2/drivers/ovn/mech_driver/ovsdb/ovsdb_monitor.py:986}}
May 20 22:05:40.424984 np0000175537 devstack@neutron-api.service[103340]: DEBUG neutron.plugins.ml2.drivers.ovn.mech_driver.ovsdb.ovsdb_monitor [None req-4f32597a-bc1d-4715-a4e7-151b90005913 None None] Touching Hash Ring node "e8b2750201b95074aee6067b1de9742d" from IDL notify handler {{(pid=103340) notify /opt/stack/neutron/neutron/plugins/ml2/drivers/ovn/mech_driver/ovsdb/ovsdb_monitor.py:978}}
May 20 22:05:40.427000 np0000175537 devstack@neutron-api.service[103340]: DEBUG neutron.plugins.ml2.drivers.ovn.mech_driver.ovsdb.ovsdb_monitor [None req-4f32597a-bc1d-4715-a4e7-151b90005913 None None] Hash Ring: Node e8b2750201b95074aee6067b1de9742d (host: np0000175537) handling event "create" for row 814a5aee-9078-4247-a3b5-7d18c47d9eaa (table: Port_Group) {{(pid=103340) notify /opt/stack/neutron/neutron/plugins/ml2/drivers/ovn/mech_driver/ovsdb/ovsdb_monitor.py:986}}
May 20 22:05:40.447114 np0000175537 devstack@neutron-api.service[103340]: INFO neutron.db.ovn_revision_numbers_db [None req-687880ad-2a2a-434b-bb23-7ad0f778d5bc admin admin] Successfully bumped revision number for resource a4dc84fe-7062-482d-89a3-8b103274ce49 (type: security_groups) to 1
May 20 22:05:40.459932 np0000175537 devstack@neutron-api.service[103340]: INFO neutron.db.ovn_revision_numbers_db [None req-687880ad-2a2a-434b-bb23-7ad0f778d5bc admin admin] Successfully bumped revision number for resource 44284544-e9af-4eef-beaa-ae5226ebb0e8 (type: security_group_rules) to 0
May 20 22:05:40.471902 np0000175537 devstack@neutron-api.service[103340]: INFO neutron.db.ovn_revision_numbers_db [None req-687880ad-2a2a-434b-bb23-7ad0f778d5bc admin admin] Successfully bumped revision number for resource 6a1f3b80-44d5-45f4-b517-1d182a1d666d (type: security_group_rules) to 0
May 20 22:05:40.484855 np0000175537 devstack@neutron-api.service[103340]: INFO neutron.db.ovn_revision_numbers_db [None req-687880ad-2a2a-434b-bb23-7ad0f778d5bc admin admin] Successfully bumped revision number for resource 8a2f6888-e9b0-4ae3-8d45-6a3f2bf0d7e9 (type: security_group_rules) to 0
May 20 22:05:40.498091 np0000175537 devstack@neutron-api.service[103340]: INFO neutron.db.ovn_revision_numbers_db [None req-687880ad-2a2a-434b-bb23-7ad0f778d5bc admin admin] Successfully bumped revision number for resource d52a7fb9-cef3-48c8-97cf-7afea9cd52c1 (type: security_group_rules) to 0
May 20 22:05:40.520747 np0000175537 devstack@neutron-api.service[103340]: DEBUG neutron.api.rpc.handlers.resources_rpc [None req-687880ad-2a2a-434b-bb23-7ad0f778d5bc admin admin] Pushing event updated for resources: {'SecurityGroup': ['ID=a4dc84fe-7062-482d-89a3-8b103274ce49,revision_number=1']} {{(pid=103340) push /opt/stack/neutron/neutron/api/rpc/handlers/resources_rpc.py:237}}
May 20 22:05:40.526238 np0000175537 devstack@neutron-api.service[103340]: DEBUG ovsdbapp.backend.ovs_idl.transaction [None req-4f32597a-bc1d-4715-a4e7-151b90005913 None None] Running txn n=1 command(idx=0): CheckLivenessCommand(_result=None) {{(pid=103340) do_commit /opt/stack/data/venv/lib/python3.12/site-packages/ovsdbapp/backend/ovs_idl/transaction.py:89}}
May 20 22:05:40.532686 np0000175537 devstack@neutron-api.service[103342]: DEBUG neutron.plugins.ml2.drivers.ovn.mech_driver.ovsdb.ovsdb_monitor [None req-b600808e-a005-4fc1-8dbd-8b38cbcbf972 None None] Touching Hash Ring node "17f6063429be5ecbbaeed2e270e1e6ed" from IDL notify handler {{(pid=103342) notify /opt/stack/neutron/neutron/plugins/ml2/drivers/ovn/mech_driver/ovsdb/ovsdb_monitor.py:978}}
May 20 22:05:40.534151 np0000175537 devstack@neutron-api.service[103343]: DEBUG neutron.plugins.ml2.drivers.ovn.mech_driver.ovsdb.ovsdb_monitor [None req-876c5f61-b330-4b82-a0b1-43954973f3f6 None None] ChassisAgentWriteEvent : Matched Chassis_Private, update, None None {{(pid=103343) matches /opt/stack/neutron/neutron/plugins/ml2/drivers/ovn/mech_driver/ovsdb/ovsdb_monitor.py:64}}
May 20 22:05:40.534535 np0000175537 devstack@neutron-api.service[103341]: DEBUG neutron.plugins.ml2.drivers.ovn.mech_driver.ovsdb.ovsdb_monitor [None req-364e9a86-5400-4d6d-ad29-680b43aa1a95 None None] ChassisAgentWriteEvent : Matched Chassis_Private, update, None None {{(pid=103341) matches /opt/stack/neutron/neutron/plugins/ml2/drivers/ovn/mech_driver/ovsdb/ovsdb_monitor.py:64}}
May 20 22:05:40.535248 np0000175537 devstack@neutron-api.service[103342]: DEBUG neutron.plugins.ml2.drivers.ovn.mech_driver.ovsdb.ovsdb_monitor [None req-a08e5e93-7146-4d5c-ad49-78ee0806b354 None None] ChassisAgentWriteEvent : Matched Chassis_Private, update, None None {{(pid=103342) matches /opt/stack/neutron/neutron/plugins/ml2/drivers/ovn/mech_driver/ovsdb/ovsdb_monitor.py:64}}
May 20 22:05:40.535366 np0000175537 devstack@neutron-api.service[103340]: DEBUG neutron.api.rpc.callbacks.version_manager [None req-687880ad-2a2a-434b-bb23-7ad0f778d5bc admin admin] Tracked resource versions report:
May 20 22:05:40.535366 np0000175537 devstack@neutron-api.service[103340]: pushed versions:
May 20 22:05:40.535366 np0000175537 devstack@neutron-api.service[103340]: { 'AddressGroup': {'1.2'},
May 20 22:05:40.535366 np0000175537 devstack@neutron-api.service[103340]: 'Agent': {'1.1'},
May 20 22:05:40.535366 np0000175537 devstack@neutron-api.service[103340]: 'ConntrackHelper': {'1.0'},
May 20 22:05:40.535366 np0000175537 devstack@neutron-api.service[103340]: 'LocalIPAssociation': {'1.0'},
May 20 22:05:40.535366 np0000175537 devstack@neutron-api.service[103340]: 'Log': {'1.0'},
May 20 22:05:40.535366 np0000175537 devstack@neutron-api.service[103340]: 'NDPProxy': {'1.0'},
May 20 22:05:40.535366 np0000175537 devstack@neutron-api.service[103340]: 'Network': {'1.2'},
May 20 22:05:40.535366 np0000175537 devstack@neutron-api.service[103340]: 'Port': {'1.10'},
May 20 22:05:40.535366 np0000175537 devstack@neutron-api.service[103340]: 'PortForwarding': {'1.3'},
May 20 22:05:40.535366 np0000175537 devstack@neutron-api.service[103340]: 'QosPolicy': {'1.10'},
May 20 22:05:40.535366 np0000175537 devstack@neutron-api.service[103340]: 'SecurityGroup': {'1.6'},
May 20 22:05:40.535366 np0000175537 devstack@neutron-api.service[103340]: 'SecurityGroupRule': {'1.3'},
May 20 22:05:40.535366 np0000175537 devstack@neutron-api.service[103340]: 'SubPort': {'1.0'},
May 20 22:05:40.535366 np0000175537 devstack@neutron-api.service[103340]: 'Subnet': {'1.2'},
May 20 22:05:40.535366 np0000175537 devstack@neutron-api.service[103340]: 'Trunk': {'1.1'}}
May 20 22:05:40.535366 np0000175537 devstack@neutron-api.service[103340]: consumer versions:
May 20 22:05:40.535366 np0000175537 devstack@neutron-api.service[103340]: { OVN Neutron agent@np0000175537: {},
May 20 22:05:40.535366 np0000175537 devstack@neutron-api.service[103340]: OVN Controller Gateway agent@np0000175537: {}}
May 20 22:05:40.535366 np0000175537 devstack@neutron-api.service[103340]: {{(pid=103340) report /opt/stack/neutron/neutron/api/rpc/callbacks/version_manager.py:183}}
May 20 22:05:40.538358 np0000175537 devstack@neutron-api.service[103340]: DEBUG neutron.plugins.ml2.drivers.ovn.mech_driver.ovsdb.ovsdb_monitor [None req-aeae09e0-0167-4580-af43-9e10b0800798 None None] ChassisAgentWriteEvent : Matched Chassis_Private, update, None None {{(pid=103340) matches /opt/stack/neutron/neutron/plugins/ml2/drivers/ovn/mech_driver/ovsdb/ovsdb_monitor.py:64}}
May 20 22:05:40.542210 np0000175537 devstack@neutron-api.service[103342]: DEBUG neutron.common.ovn.hash_ring_manager [None req-a08e5e93-7146-4d5c-ad49-78ee0806b354 None None] Hash Ring loaded. 4 active nodes. 0 offline nodes {{(pid=103342) _load_hash_ring /opt/stack/neutron/neutron/common/ovn/hash_ring_manager.py:102}}
May 20 22:05:40.542959 np0000175537 devstack@neutron-api.service[103342]: DEBUG neutron.plugins.ml2.drivers.ovn.mech_driver.ovsdb.ovsdb_monitor [None req-b600808e-a005-4fc1-8dbd-8b38cbcbf972 None None] Hash Ring: Node 17f6063429be5ecbbaeed2e270e1e6ed (host: np0000175537) handling event "update" for row d457143a-8eae-4119-8c72-d721e4ae77e1 (table: NB_Global) {{(pid=103342) notify /opt/stack/neutron/neutron/plugins/ml2/drivers/ovn/mech_driver/ovsdb/ovsdb_monitor.py:986}}
