May 14 10:25:26.271252 np0000174146 nova-conductor[110395]: DEBUG cotyledon.oslo_config_glue [-] vnc.auth_schemes = ['none'] {{(pid=110395) log_opt_values /opt/stack/data/venv/lib/python3.12/site-packages/oslo_config/cfg.py:3006}}
May 14 10:25:26.271252 np0000174146 nova-conductor[110395]: DEBUG cotyledon.oslo_config_glue [-] vnc.enabled = True {{(pid=110395) log_opt_values /opt/stack/data/venv/lib/python3.12/site-packages/oslo_config/cfg.py:3006}}
May 14 10:25:26.271252 np0000174146 nova-conductor[110395]: DEBUG cotyledon.oslo_config_glue [-] vnc.novncproxy_base_url = http://127.0.0.1:6080/vnc_auto.html {{(pid=110395) log_opt_values /opt/stack/data/venv/lib/python3.12/site-packages/oslo_config/cfg.py:3006}}
May 14 10:25:26.271252 np0000174146 nova-conductor[110395]: DEBUG cotyledon.oslo_config_glue [-] vnc.novncproxy_host = 0.0.0.0 {{(pid=110395) log_opt_values /opt/stack/data/venv/lib/python3.12/site-packages/oslo_config/cfg.py:3006}}
May 14 10:25:26.271252 np0000174146 nova-conductor[110395]: DEBUG cotyledon.oslo_config_glue [-] vnc.novncproxy_port = 6080 {{(pid=110395) log_opt_values /opt/stack/data/venv/lib/python3.12/site-packages/oslo_config/cfg.py:3006}}
May 14 10:25:26.271252 np0000174146 nova-conductor[110395]: DEBUG cotyledon.oslo_config_glue [-] vnc.server_listen = 127.0.0.1 {{(pid=110395) log_opt_values /opt/stack/data/venv/lib/python3.12/site-packages/oslo_config/cfg.py:3006}}
May 14 10:25:26.271252 np0000174146 nova-conductor[110395]: DEBUG cotyledon.oslo_config_glue [-] vnc.server_proxyclient_address = 127.0.0.1 {{(pid=110395) log_opt_values /opt/stack/data/venv/lib/python3.12/site-packages/oslo_config/cfg.py:3006}}
May 14 10:25:26.271470 np0000174146 nova-conductor[110395]: DEBUG cotyledon.oslo_config_glue [-] vnc.vencrypt_ca_certs = None {{(pid=110395) log_opt_values /opt/stack/data/venv/lib/python3.12/site-packages/oslo_config/cfg.py:3006}}
May 14 10:25:26.271470 np0000174146 nova-conductor[110395]: DEBUG cotyledon.oslo_config_glue [-] vnc.vencrypt_client_cert = None {{(pid=110395) log_opt_values /opt/stack/data/venv/lib/python3.12/site-packages/oslo_config/cfg.py:3006}}
May 14 10:25:26.271470 np0000174146 nova-conductor[110395]: DEBUG cotyledon.oslo_config_glue [-] vnc.vencrypt_client_key = None {{(pid=110395) log_opt_values /opt/stack/data/venv/lib/python3.12/site-packages/oslo_config/cfg.py:3006}}
May 14 10:25:26.271470 np0000174146 nova-conductor[110395]: DEBUG cotyledon.oslo_config_glue [-] workarounds.disable_compute_service_check_for_ffu = False {{(pid=110395) log_opt_values /opt/stack/data/venv/lib/python3.12/site-packages/oslo_config/cfg.py:3006}}
May 14 10:25:26.271470 np0000174146 nova-conductor[110395]: DEBUG cotyledon.oslo_config_glue [-] workarounds.disable_deep_image_inspection = False {{(pid=110395) log_opt_values /opt/stack/data/venv/lib/python3.12/site-packages/oslo_config/cfg.py:3006}}
May 14 10:25:26.271470 np0000174146 nova-conductor[110395]: DEBUG cotyledon.oslo_config_glue [-] workarounds.disable_fallback_pcpu_query = False {{(pid=110395) log_opt_values /opt/stack/data/venv/lib/python3.12/site-packages/oslo_config/cfg.py:3006}}
May 14 10:25:26.271470 np0000174146 nova-conductor[110395]: DEBUG cotyledon.oslo_config_glue [-] workarounds.disable_group_policy_check_upcall = False {{(pid=110395) log_opt_values /opt/stack/data/venv/lib/python3.12/site-packages/oslo_config/cfg.py:3006}}
May 14 10:25:26.271470 np0000174146 nova-conductor[110395]: DEBUG cotyledon.oslo_config_glue [-] workarounds.disable_libvirt_livesnapshot = False {{(pid=110395) log_opt_values /opt/stack/data/venv/lib/python3.12/site-packages/oslo_config/cfg.py:3006}}
May 14 10:25:26.271470 np0000174146 nova-conductor[110395]: DEBUG cotyledon.oslo_config_glue [-] workarounds.disable_rootwrap = False {{(pid=110395) log_opt_values /opt/stack/data/venv/lib/python3.12/site-packages/oslo_config/cfg.py:3006}}
May 14 10:25:26.271688 np0000174146 nova-conductor[110395]: DEBUG cotyledon.oslo_config_glue [-] workarounds.enable_numa_live_migration = False {{(pid=110395) log_opt_values /opt/stack/data/venv/lib/python3.12/site-packages/oslo_config/cfg.py:3006}}
May 14 10:25:26.271688 np0000174146 nova-conductor[110395]: DEBUG cotyledon.oslo_config_glue [-] workarounds.enable_qemu_monitor_announce_self = False {{(pid=110395) log_opt_values /opt/stack/data/venv/lib/python3.12/site-packages/oslo_config/cfg.py:3006}}
May 14 10:25:26.271688 np0000174146 nova-conductor[110395]: DEBUG cotyledon.oslo_config_glue [-] workarounds.ensure_libvirt_rbd_instance_dir_cleanup = False {{(pid=110395) log_opt_values /opt/stack/data/venv/lib/python3.12/site-packages/oslo_config/cfg.py:3006}}
May 14 10:25:26.271688 np0000174146 nova-conductor[110395]: DEBUG cotyledon.oslo_config_glue [-] workarounds.handle_virt_lifecycle_events = True {{(pid=110395) log_opt_values /opt/stack/data/venv/lib/python3.12/site-packages/oslo_config/cfg.py:3006}}
May 14 10:25:26.271688 np0000174146 nova-conductor[110395]: DEBUG cotyledon.oslo_config_glue [-] workarounds.libvirt_disable_apic = False {{(pid=110395) log_opt_values /opt/stack/data/venv/lib/python3.12/site-packages/oslo_config/cfg.py:3006}}
May 14 10:25:26.271688 np0000174146 nova-conductor[110395]: DEBUG cotyledon.oslo_config_glue [-] workarounds.never_download_image_if_on_rbd = False {{(pid=110395) log_opt_values /opt/stack/data/venv/lib/python3.12/site-packages/oslo_config/cfg.py:3006}}
May 14 10:25:26.271688 np0000174146 nova-conductor[110395]: DEBUG cotyledon.oslo_config_glue [-] workarounds.qemu_monitor_announce_self_count = 3 {{(pid=110395) log_opt_values /opt/stack/data/venv/lib/python3.12/site-packages/oslo_config/cfg.py:3006}}
May 14 10:25:26.271688 np0000174146 nova-conductor[110395]: DEBUG cotyledon.oslo_config_glue [-] workarounds.qemu_monitor_announce_self_interval = 1 {{(pid=110395) log_opt_values /opt/stack/data/venv/lib/python3.12/site-packages/oslo_config/cfg.py:3006}}
May 14 10:25:26.271688 np0000174146 nova-conductor[110395]: DEBUG cotyledon.oslo_config_glue [-] workarounds.reserve_disk_resource_for_image_cache = False {{(pid=110395) log_opt_values /opt/stack/data/venv/lib/python3.12/site-packages/oslo_config/cfg.py:3006}}
May 14 10:25:26.271917 np0000174146 nova-conductor[110395]: DEBUG cotyledon.oslo_config_glue [-] workarounds.skip_cpu_compare_at_startup = False {{(pid=110395) log_opt_values /opt/stack/data/venv/lib/python3.12/site-packages/oslo_config/cfg.py:3006}}
May 14 10:25:26.271917 np0000174146 nova-conductor[110395]: DEBUG cotyledon.oslo_config_glue [-] workarounds.skip_cpu_compare_on_dest = False {{(pid=110395) log_opt_values /opt/stack/data/venv/lib/python3.12/site-packages/oslo_config/cfg.py:3006}}
May 14 10:25:26.271917 np0000174146 nova-conductor[110395]: DEBUG cotyledon.oslo_config_glue [-] workarounds.skip_hypervisor_version_check_on_lm = False {{(pid=110395) log_opt_values /opt/stack/data/venv/lib/python3.12/site-packages/oslo_config/cfg.py:3006}}
May 14 10:25:26.271917 np0000174146 nova-conductor[110395]: DEBUG cotyledon.oslo_config_glue [-] workarounds.skip_reserve_in_use_ironic_nodes = False {{(pid=110395) log_opt_values /opt/stack/data/venv/lib/python3.12/site-packages/oslo_config/cfg.py:3006}}
May 14 10:25:26.271917 np0000174146 nova-conductor[110395]: DEBUG cotyledon.oslo_config_glue [-] workarounds.unified_limits_count_pcpu_as_vcpu = False {{(pid=110395) log_opt_values /opt/stack/data/venv/lib/python3.12/site-packages/oslo_config/cfg.py:3006}}
May 14 10:25:26.271917 np0000174146 nova-conductor[110395]: DEBUG cotyledon.oslo_config_glue [-] workarounds.wait_for_vif_plugged_event_during_hard_reboot = [] {{(pid=110395) log_opt_values /opt/stack/data/venv/lib/python3.12/site-packages/oslo_config/cfg.py:3006}}
May 14 10:25:26.271917 np0000174146 nova-conductor[110395]: DEBUG cotyledon.oslo_config_glue [-] wsgi.api_paste_config = /etc/nova/api-paste.ini {{(pid=110395) log_opt_values /opt/stack/data/venv/lib/python3.12/site-packages/oslo_config/cfg.py:3006}}
May 14 10:25:26.271917 np0000174146 nova-conductor[110395]: DEBUG cotyledon.oslo_config_glue [-] wsgi.secure_proxy_ssl_header = None {{(pid=110395) log_opt_values /opt/stack/data/venv/lib/python3.12/site-packages/oslo_config/cfg.py:3006}}
May 14 10:25:26.271917 np0000174146 nova-conductor[110395]: DEBUG cotyledon.oslo_config_glue [-] zvm.ca_file = None {{(pid=110395) log_opt_values /opt/stack/data/venv/lib/python3.12/site-packages/oslo_config/cfg.py:3006}}
May 14 10:25:26.272151 np0000174146 nova-conductor[110395]: DEBUG cotyledon.oslo_config_glue [-] zvm.cloud_connector_url = None {{(pid=110395) log_opt_values /opt/stack/data/venv/lib/python3.12/site-packages/oslo_config/cfg.py:3006}}
May 14 10:25:26.272151 np0000174146 nova-conductor[110395]: DEBUG cotyledon.oslo_config_glue [-] zvm.image_tmp_path = /opt/stack/data/nova/images {{(pid=110395) log_opt_values /opt/stack/data/venv/lib/python3.12/site-packages/oslo_config/cfg.py:3006}}
May 14 10:25:26.272151 np0000174146 nova-conductor[110395]: DEBUG cotyledon.oslo_config_glue [-] zvm.reachable_timeout = 300 {{(pid=110395) log_opt_values /opt/stack/data/venv/lib/python3.12/site-packages/oslo_config/cfg.py:3006}}
May 14 10:25:26.272151 np0000174146 nova-conductor[110395]: DEBUG cotyledon.oslo_config_glue [-] oslo_versionedobjects.fatal_exception_format_errors = False {{(pid=110395) log_opt_values /opt/stack/data/venv/lib/python3.12/site-packages/oslo_config/cfg.py:3006}}
May 14 10:25:26.272151 np0000174146 nova-conductor[110395]: DEBUG cotyledon.oslo_config_glue [-] oslo_middleware.http_basic_auth_user_file = /etc/htpasswd {{(pid=110395) log_opt_values /opt/stack/data/venv/lib/python3.12/site-packages/oslo_config/cfg.py:3006}}
May 14 10:25:26.272151 np0000174146 nova-conductor[110395]: DEBUG cotyledon.oslo_config_glue [-] profiler.connection_string = messaging:// {{(pid=110395) log_opt_values /opt/stack/data/venv/lib/python3.12/site-packages/oslo_config/cfg.py:3006}}
May 14 10:25:26.272151 np0000174146 nova-conductor[110395]: DEBUG cotyledon.oslo_config_glue [-] profiler.enabled = False {{(pid=110395) log_opt_values /opt/stack/data/venv/lib/python3.12/site-packages/oslo_config/cfg.py:3006}}
May 14 10:25:26.272151 np0000174146 nova-conductor[110395]: DEBUG cotyledon.oslo_config_glue [-] profiler.es_doc_type = notification {{(pid=110395) log_opt_values /opt/stack/data/venv/lib/python3.12/site-packages/oslo_config/cfg.py:3006}}
May 14 10:25:26.272151 np0000174146 nova-conductor[110395]: DEBUG cotyledon.oslo_config_glue [-] profiler.es_scroll_size = 10000 {{(pid=110395) log_opt_values /opt/stack/data/venv/lib/python3.12/site-packages/oslo_config/cfg.py:3006}}
May 14 10:25:26.273776 np0000174146 nova-conductor[110395]: DEBUG cotyledon.oslo_config_glue [-] profiler.es_scroll_time = 2m {{(pid=110395) log_opt_values /opt/stack/data/venv/lib/python3.12/site-packages/oslo_config/cfg.py:3006}}
May 14 10:25:26.273776 np0000174146 nova-conductor[110395]: DEBUG cotyledon.oslo_config_glue [-] profiler.filter_error_trace = False {{(pid=110395) log_opt_values /opt/stack/data/venv/lib/python3.12/site-packages/oslo_config/cfg.py:3006}}
May 14 10:25:26.273776 np0000174146 nova-conductor[110395]: DEBUG cotyledon.oslo_config_glue [-] profiler.hmac_keys = **** {{(pid=110395) log_opt_values /opt/stack/data/venv/lib/python3.12/site-packages/oslo_config/cfg.py:3006}}
May 14 10:25:26.273776 np0000174146 nova-conductor[110395]: DEBUG cotyledon.oslo_config_glue [-] profiler.sentinel_service_name = mymaster {{(pid=110395) log_opt_values /opt/stack/data/venv/lib/python3.12/site-packages/oslo_config/cfg.py:3006}}
May 14 10:25:26.273776 np0000174146 nova-conductor[110395]: DEBUG cotyledon.oslo_config_glue [-] profiler.socket_timeout = 0.1 {{(pid=110395) log_opt_values /opt/stack/data/venv/lib/python3.12/site-packages/oslo_config/cfg.py:3006}}
May 14 10:25:26.273776 np0000174146 nova-conductor[110395]: DEBUG cotyledon.oslo_config_glue [-] profiler.trace_requests = False {{(pid=110395) log_opt_values /opt/stack/data/venv/lib/python3.12/site-packages/oslo_config/cfg.py:3006}}
May 14 10:25:26.273776 np0000174146 nova-conductor[110395]: DEBUG cotyledon.oslo_config_glue [-] profiler.trace_sqlalchemy = False {{(pid=110395) log_opt_values /opt/stack/data/venv/lib/python3.12/site-packages/oslo_config/cfg.py:3006}}
May 14 10:25:26.273776 np0000174146 nova-conductor[110395]: DEBUG cotyledon.oslo_config_glue [-] profiler_jaeger.process_tags = {} {{(pid=110395) log_opt_values /opt/stack/data/venv/lib/python3.12/site-packages/oslo_config/cfg.py:3006}}
May 14 10:25:26.273776 np0000174146 nova-conductor[110395]: DEBUG cotyledon.oslo_config_glue [-] profiler_jaeger.service_name_prefix = None {{(pid=110395) log_opt_values /opt/stack/data/venv/lib/python3.12/site-packages/oslo_config/cfg.py:3006}}
May 14 10:25:26.274420 np0000174146 nova-conductor[110395]: DEBUG cotyledon.oslo_config_glue [-] profiler_otlp.service_name_prefix = None {{(pid=110395) log_opt_values /opt/stack/data/venv/lib/python3.12/site-packages/oslo_config/cfg.py:3006}}
May 14 10:25:26.274420 np0000174146 nova-conductor[110395]: DEBUG cotyledon.oslo_config_glue [-] oslo_messaging_rabbit.amqp_auto_delete = False {{(pid=110395) log_opt_values /opt/stack/data/venv/lib/python3.12/site-packages/oslo_config/cfg.py:3006}}
May 14 10:25:26.274420 np0000174146 nova-conductor[110395]: DEBUG cotyledon.oslo_config_glue [-] oslo_messaging_rabbit.amqp_durable_queues = False {{(pid=110395) log_opt_values /opt/stack/data/venv/lib/python3.12/site-packages/oslo_config/cfg.py:3006}}
May 14 10:25:26.274420 np0000174146 nova-conductor[110395]: DEBUG cotyledon.oslo_config_glue [-] oslo_messaging_rabbit.conn_pool_min_size = 2 {{(pid=110395) log_opt_values /opt/stack/data/venv/lib/python3.12/site-packages/oslo_config/cfg.py:3006}}
May 14 10:25:26.274420 np0000174146 nova-conductor[110395]: DEBUG cotyledon.oslo_config_glue [-] oslo_messaging_rabbit.conn_pool_ttl = 1200 {{(pid=110395) log_opt_values /opt/stack/data/venv/lib/python3.12/site-packages/oslo_config/cfg.py:3006}}
May 14 10:25:26.274420 np0000174146 nova-conductor[110395]: DEBUG cotyledon.oslo_config_glue [-] oslo_messaging_rabbit.direct_mandatory_flag = True {{(pid=110395) log_opt_values /opt/stack/data/venv/lib/python3.12/site-packages/oslo_config/cfg.py:3006}}
May 14 10:25:26.274420 np0000174146 nova-conductor[110395]: DEBUG cotyledon.oslo_config_glue [-] oslo_messaging_rabbit.enable_cancel_on_failover = False {{(pid=110395) log_opt_values /opt/stack/data/venv/lib/python3.12/site-packages/oslo_config/cfg.py:3006}}
May 14 10:25:26.274420 np0000174146 nova-conductor[110395]: DEBUG cotyledon.oslo_config_glue [-] oslo_messaging_rabbit.heartbeat_in_pthread = False {{(pid=110395) log_opt_values /opt/stack/data/venv/lib/python3.12/site-packages/oslo_config/cfg.py:3006}}
May 14 10:25:26.274420 np0000174146 nova-conductor[110395]: DEBUG cotyledon.oslo_config_glue [-] oslo_messaging_rabbit.heartbeat_rate = 3 {{(pid=110395) log_opt_values /opt/stack/data/venv/lib/python3.12/site-packages/oslo_config/cfg.py:3006}}
May 14 10:25:26.275429 np0000174146 nova-conductor[110395]: DEBUG cotyledon.oslo_config_glue [-] oslo_messaging_rabbit.heartbeat_timeout_threshold = 60 {{(pid=110395) log_opt_values /opt/stack/data/venv/lib/python3.12/site-packages/oslo_config/cfg.py:3006}}
May 14 10:25:26.275429 np0000174146 nova-conductor[110395]: DEBUG cotyledon.oslo_config_glue [-] oslo_messaging_rabbit.hostname = np0000174146 {{(pid=110395) log_opt_values /opt/stack/data/venv/lib/python3.12/site-packages/oslo_config/cfg.py:3006}}
May 14 10:25:26.275429 np0000174146 nova-conductor[110395]: DEBUG cotyledon.oslo_config_glue [-] oslo_messaging_rabbit.kombu_compression = None {{(pid=110395) log_opt_values /opt/stack/data/venv/lib/python3.12/site-packages/oslo_config/cfg.py:3006}}
May 14 10:25:26.275429 np0000174146 nova-conductor[110395]: DEBUG cotyledon.oslo_config_glue [-] oslo_messaging_rabbit.kombu_failover_strategy = round-robin {{(pid=110395) log_opt_values /opt/stack/data/venv/lib/python3.12/site-packages/oslo_config/cfg.py:3006}}
May 14 10:25:26.275429 np0000174146 nova-conductor[110395]: DEBUG cotyledon.oslo_config_glue [-] oslo_messaging_rabbit.kombu_missing_consumer_retry_timeout = 60 {{(pid=110395) log_opt_values /opt/stack/data/venv/lib/python3.12/site-packages/oslo_config/cfg.py:3006}}
May 14 10:25:26.275429 np0000174146 nova-conductor[110395]: DEBUG cotyledon.oslo_config_glue [-] oslo_messaging_rabbit.kombu_reconnect_delay = 1.0 {{(pid=110395) log_opt_values /opt/stack/data/venv/lib/python3.12/site-packages/oslo_config/cfg.py:3006}}
May 14 10:25:26.275429 np0000174146 nova-conductor[110395]: DEBUG cotyledon.oslo_config_glue [-] oslo_messaging_rabbit.kombu_reconnect_splay = 0.0 {{(pid=110395) log_opt_values /opt/stack/data/venv/lib/python3.12/site-packages/oslo_config/cfg.py:3006}}
May 14 10:25:26.275429 np0000174146 nova-conductor[110395]: DEBUG cotyledon.oslo_config_glue [-] oslo_messaging_rabbit.processname = nova-conductor {{(pid=110395) log_opt_values /opt/stack/data/venv/lib/python3.12/site-packages/oslo_config/cfg.py:3006}}
May 14 10:25:26.275636 np0000174146 nova-conductor[110395]: DEBUG cotyledon.oslo_config_glue [-] oslo_messaging_rabbit.rabbit_ha_queues = False {{(pid=110395) log_opt_values /opt/stack/data/venv/lib/python3.12/site-packages/oslo_config/cfg.py:3006}}
May 14 10:25:26.275636 np0000174146 nova-conductor[110395]: DEBUG cotyledon.oslo_config_glue [-] oslo_messaging_rabbit.rabbit_interval_max = 30 {{(pid=110395) log_opt_values /opt/stack/data/venv/lib/python3.12/site-packages/oslo_config/cfg.py:3006}}
May 14 10:25:26.275636 np0000174146 nova-conductor[110395]: DEBUG cotyledon.oslo_config_glue [-] oslo_messaging_rabbit.rabbit_login_method = AMQPLAIN {{(pid=110395) log_opt_values /opt/stack/data/venv/lib/python3.12/site-packages/oslo_config/cfg.py:3006}}
May 14 10:25:26.275636 np0000174146 nova-conductor[110395]: DEBUG cotyledon.oslo_config_glue [-] oslo_messaging_rabbit.rabbit_qos_prefetch_count = 0 {{(pid=110395) log_opt_values /opt/stack/data/venv/lib/python3.12/site-packages/oslo_config/cfg.py:3006}}
May 14 10:25:26.275636 np0000174146 nova-conductor[110395]: DEBUG cotyledon.oslo_config_glue [-] oslo_messaging_rabbit.rabbit_quorum_delivery_limit = 0 {{(pid=110395) log_opt_values /opt/stack/data/venv/lib/python3.12/site-packages/oslo_config/cfg.py:3006}}
May 14 10:25:26.275636 np0000174146 nova-conductor[110395]: DEBUG cotyledon.oslo_config_glue [-] oslo_messaging_rabbit.rabbit_quorum_max_memory_bytes = 0 {{(pid=110395) log_opt_values /opt/stack/data/venv/lib/python3.12/site-packages/oslo_config/cfg.py:3006}}
May 14 10:25:26.275636 np0000174146 nova-conductor[110395]: DEBUG cotyledon.oslo_config_glue [-] oslo_messaging_rabbit.rabbit_quorum_max_memory_length = 0 {{(pid=110395) log_opt_values /opt/stack/data/venv/lib/python3.12/site-packages/oslo_config/cfg.py:3006}}
May 14 10:25:26.275636 np0000174146 nova-conductor[110395]: DEBUG cotyledon.oslo_config_glue [-] oslo_messaging_rabbit.rabbit_quorum_queue = False {{(pid=110395) log_opt_values /opt/stack/data/venv/lib/python3.12/site-packages/oslo_config/cfg.py:3006}}
May 14 10:25:26.275851 np0000174146 nova-conductor[110395]: DEBUG cotyledon.oslo_config_glue [-] oslo_messaging_rabbit.rabbit_retry_backoff = 2 {{(pid=110395) log_opt_values /opt/stack/data/venv/lib/python3.12/site-packages/oslo_config/cfg.py:3006}}
May 14 10:25:26.275851 np0000174146 nova-conductor[110395]: DEBUG cotyledon.oslo_config_glue [-] oslo_messaging_rabbit.rabbit_retry_interval = 1 {{(pid=110395) log_opt_values /opt/stack/data/venv/lib/python3.12/site-packages/oslo_config/cfg.py:3006}}
May 14 10:25:26.275851 np0000174146 nova-conductor[110395]: DEBUG cotyledon.oslo_config_glue [-] oslo_messaging_rabbit.rabbit_stream_fanout = False {{(pid=110395) log_opt_values /opt/stack/data/venv/lib/python3.12/site-packages/oslo_config/cfg.py:3006}}
May 14 10:25:26.275851 np0000174146 nova-conductor[110395]: DEBUG cotyledon.oslo_config_glue [-] oslo_messaging_rabbit.rabbit_transient_queues_ttl = 1800 {{(pid=110395) log_opt_values /opt/stack/data/venv/lib/python3.12/site-packages/oslo_config/cfg.py:3006}}
May 14 10:25:26.275851 np0000174146 nova-conductor[110395]: DEBUG cotyledon.oslo_config_glue [-] oslo_messaging_rabbit.rabbit_transient_quorum_queue = False {{(pid=110395) log_opt_values /opt/stack/data/venv/lib/python3.12/site-packages/oslo_config/cfg.py:3006}}
May 14 10:25:26.275851 np0000174146 nova-conductor[110395]: DEBUG cotyledon.oslo_config_glue [-] oslo_messaging_rabbit.rpc_conn_pool_size = 30 {{(pid=110395) log_opt_values /opt/stack/data/venv/lib/python3.12/site-packages/oslo_config/cfg.py:3006}}
May 14 10:25:26.275851 np0000174146 nova-conductor[110395]: DEBUG cotyledon.oslo_config_glue [-] oslo_messaging_rabbit.ssl = False {{(pid=110395) log_opt_values /opt/stack/data/venv/lib/python3.12/site-packages/oslo_config/cfg.py:3006}}
May 14 10:25:26.275851 np0000174146 nova-conductor[110395]: DEBUG cotyledon.oslo_config_glue [-] oslo_messaging_rabbit.ssl_ca_file = {{(pid=110395) log_opt_values /opt/stack/data/venv/lib/python3.12/site-packages/oslo_config/cfg.py:3006}}
May 14 10:25:26.275851 np0000174146 nova-conductor[110395]: DEBUG cotyledon.oslo_config_glue [-] oslo_messaging_rabbit.ssl_cert_file = {{(pid=110395) log_opt_values /opt/stack/data/venv/lib/python3.12/site-packages/oslo_config/cfg.py:3006}}
May 14 10:25:26.276078 np0000174146 nova-conductor[110395]: DEBUG cotyledon.oslo_config_glue [-] oslo_messaging_rabbit.ssl_enforce_fips_mode = False {{(pid=110395) log_opt_values /opt/stack/data/venv/lib/python3.12/site-packages/oslo_config/cfg.py:3006}}
May 14 10:25:26.276078 np0000174146 nova-conductor[110395]: DEBUG cotyledon.oslo_config_glue [-] oslo_messaging_rabbit.ssl_key_file = {{(pid=110395) log_opt_values /opt/stack/data/venv/lib/python3.12/site-packages/oslo_config/cfg.py:3006}}
May 14 10:25:26.276078 np0000174146 nova-conductor[110395]: DEBUG cotyledon.oslo_config_glue [-] oslo_messaging_rabbit.ssl_version = {{(pid=110395) log_opt_values /opt/stack/data/venv/lib/python3.12/site-packages/oslo_config/cfg.py:3006}}
May 14 10:25:26.276078 np0000174146 nova-conductor[110395]: DEBUG cotyledon.oslo_config_glue [-] oslo_messaging_rabbit.use_queue_manager = False {{(pid=110395) log_opt_values /opt/stack/data/venv/lib/python3.12/site-packages/oslo_config/cfg.py:3006}}
May 14 10:25:26.276078 np0000174146 nova-conductor[110395]: DEBUG cotyledon.oslo_config_glue [-] oslo_messaging_notifications.driver = ['messagingv2'] {{(pid=110395) log_opt_values /opt/stack/data/venv/lib/python3.12/site-packages/oslo_config/cfg.py:3006}}
May 14 10:25:26.276078 np0000174146 nova-conductor[110395]: DEBUG cotyledon.oslo_config_glue [-] oslo_messaging_notifications.retry = -1 {{(pid=110395) log_opt_values /opt/stack/data/venv/lib/python3.12/site-packages/oslo_config/cfg.py:3006}}
May 14 10:25:26.276078 np0000174146 nova-conductor[110395]: DEBUG cotyledon.oslo_config_glue [-] oslo_messaging_notifications.topics = ['notifications'] {{(pid=110395) log_opt_values /opt/stack/data/venv/lib/python3.12/site-packages/oslo_config/cfg.py:3006}}
May 14 10:25:26.276078 np0000174146 nova-conductor[110395]: DEBUG cotyledon.oslo_config_glue [-] oslo_messaging_notifications.transport_url = **** {{(pid=110395) log_opt_values /opt/stack/data/venv/lib/python3.12/site-packages/oslo_config/cfg.py:3006}}
May 14 10:25:26.276460 np0000174146 nova-conductor[110378]: DEBUG dbcounter [-] [110378] Writer thread running {{(pid=110378) stat_writer /opt/stack/data/venv/lib/python3.12/site-packages/dbcounter.py:102}}
May 14 10:25:26.276510 np0000174146 nova-conductor[110395]: DEBUG cotyledon.oslo_config_glue [-] oslo_limit.auth_section = None {{(pid=110395) log_opt_values /opt/stack/data/venv/lib/python3.12/site-packages/oslo_config/cfg.py:3006}}
May 14 10:25:26.276510 np0000174146 nova-conductor[110395]: DEBUG cotyledon.oslo_config_glue [-] oslo_limit.auth_type = None {{(pid=110395) log_opt_values /opt/stack/data/venv/lib/python3.12/site-packages/oslo_config/cfg.py:3006}}
May 14 10:25:26.276510 np0000174146 nova-conductor[110395]: DEBUG cotyledon.oslo_config_glue [-] oslo_limit.cafile = None {{(pid=110395) log_opt_values /opt/stack/data/venv/lib/python3.12/site-packages/oslo_config/cfg.py:3006}}
May 14 10:25:26.276510 np0000174146 nova-conductor[110395]: DEBUG cotyledon.oslo_config_glue [-] oslo_limit.certfile = None {{(pid=110395) log_opt_values /opt/stack/data/venv/lib/python3.12/site-packages/oslo_config/cfg.py:3006}}
May 14 10:25:26.276510 np0000174146 nova-conductor[110395]: DEBUG cotyledon.oslo_config_glue [-] oslo_limit.collect_timing = False {{(pid=110395) log_opt_values /opt/stack/data/venv/lib/python3.12/site-packages/oslo_config/cfg.py:3006}}
May 14 10:25:26.276510 np0000174146 nova-conductor[110395]: DEBUG cotyledon.oslo_config_glue [-] oslo_limit.connect_retries = None {{(pid=110395) log_opt_values /opt/stack/data/venv/lib/python3.12/site-packages/oslo_config/cfg.py:3006}}
May 14 10:25:26.276510 np0000174146 nova-conductor[110395]: DEBUG cotyledon.oslo_config_glue [-] oslo_limit.connect_retry_delay = None {{(pid=110395) log_opt_values /opt/stack/data/venv/lib/python3.12/site-packages/oslo_config/cfg.py:3006}}
May 14 10:25:26.276510 np0000174146 nova-conductor[110395]: DEBUG cotyledon.oslo_config_glue [-] oslo_limit.endpoint_id = None {{(pid=110395) log_opt_values /opt/stack/data/venv/lib/python3.12/site-packages/oslo_config/cfg.py:3006}}
May 14 10:25:26.276510 np0000174146 nova-conductor[110395]: DEBUG cotyledon.oslo_config_glue [-] oslo_limit.endpoint_interface = public {{(pid=110395) log_opt_values /opt/stack/data/venv/lib/python3.12/site-packages/oslo_config/cfg.py:3006}}
May 14 10:25:26.277299 np0000174146 nova-conductor[110395]: DEBUG cotyledon.oslo_config_glue [-] oslo_limit.endpoint_override = None {{(pid=110395) log_opt_values /opt/stack/data/venv/lib/python3.12/site-packages/oslo_config/cfg.py:3006}}
May 14 10:25:26.277299 np0000174146 nova-conductor[110395]: DEBUG cotyledon.oslo_config_glue [-] oslo_limit.endpoint_region_name = None {{(pid=110395) log_opt_values /opt/stack/data/venv/lib/python3.12/site-packages/oslo_config/cfg.py:3006}}
May 14 10:25:26.277299 np0000174146 nova-conductor[110395]: DEBUG cotyledon.oslo_config_glue [-] oslo_limit.endpoint_service_name = None {{(pid=110395) log_opt_values /opt/stack/data/venv/lib/python3.12/site-packages/oslo_config/cfg.py:3006}}
May 14 10:25:26.277299 np0000174146 nova-conductor[110395]: DEBUG cotyledon.oslo_config_glue [-] oslo_limit.endpoint_service_type = None {{(pid=110395) log_opt_values /opt/stack/data/venv/lib/python3.12/site-packages/oslo_config/cfg.py:3006}}
May 14 10:25:26.277299 np0000174146 nova-conductor[110395]: DEBUG cotyledon.oslo_config_glue [-] oslo_limit.insecure = False {{(pid=110395) log_opt_values /opt/stack/data/venv/lib/python3.12/site-packages/oslo_config/cfg.py:3006}}
May 14 10:25:26.277429 np0000174146 nova-conductor[110384]: DEBUG oslo_db.sqlalchemy.engines [None req-845b8a8c-b44c-4669-8153-4ed2bbfaa3aa None None] MySQL server mode set to STRICT_TRANS_TABLES,STRICT_ALL_TABLES,NO_ZERO_IN_DATE,NO_ZERO_DATE,ERROR_FOR_DIVISION_BY_ZERO,TRADITIONAL,NO_ENGINE_SUBSTITUTION {{(pid=110384) _check_effective_sql_mode /opt/stack/data/venv/lib/python3.12/site-packages/oslo_db/sqlalchemy/engines.py:325}}
May 14 10:25:26.277468 np0000174146 nova-conductor[110395]: DEBUG cotyledon.oslo_config_glue [-] oslo_limit.keyfile = None {{(pid=110395) log_opt_values /opt/stack/data/venv/lib/python3.12/site-packages/oslo_config/cfg.py:3006}}
May 14 10:25:26.277468 np0000174146 nova-conductor[110395]: DEBUG cotyledon.oslo_config_glue [-] oslo_limit.max_version = None {{(pid=110395) log_opt_values /opt/stack/data/venv/lib/python3.12/site-packages/oslo_config/cfg.py:3006}}
May 14 10:25:26.277468 np0000174146 nova-conductor[110395]: DEBUG cotyledon.oslo_config_glue [-] oslo_limit.min_version = None {{(pid=110395) log_opt_values /opt/stack/data/venv/lib/python3.12/site-packages/oslo_config/cfg.py:3006}}
May 14 10:25:26.277468 np0000174146 nova-conductor[110395]: DEBUG cotyledon.oslo_config_glue [-] oslo_limit.region_name = None {{(pid=110395) log_opt_values /opt/stack/data/venv/lib/python3.12/site-packages/oslo_config/cfg.py:3006}}
May 14 10:25:26.277468 np0000174146 nova-conductor[110395]: DEBUG cotyledon.oslo_config_glue [-] oslo_limit.retriable_status_codes = None {{(pid=110395) log_opt_values /opt/stack/data/venv/lib/python3.12/site-packages/oslo_config/cfg.py:3006}}
May 14 10:25:26.277468 np0000174146 nova-conductor[110395]: DEBUG cotyledon.oslo_config_glue [-] oslo_limit.service_name = None {{(pid=110395) log_opt_values /opt/stack/data/venv/lib/python3.12/site-packages/oslo_config/cfg.py:3006}}
May 14 10:25:26.277468 np0000174146 nova-conductor[110395]: DEBUG cotyledon.oslo_config_glue [-] oslo_limit.service_type = None {{(pid=110395) log_opt_values /opt/stack/data/venv/lib/python3.12/site-packages/oslo_config/cfg.py:3006}}
May 14 10:25:26.277468 np0000174146 nova-conductor[110395]: DEBUG cotyledon.oslo_config_glue [-] oslo_limit.split_loggers = False {{(pid=110395) log_opt_values /opt/stack/data/venv/lib/python3.12/site-packages/oslo_config/cfg.py:3006}}
May 14 10:25:26.277468 np0000174146 nova-conductor[110395]: DEBUG cotyledon.oslo_config_glue [-] oslo_limit.status_code_retries = None {{(pid=110395) log_opt_values /opt/stack/data/venv/lib/python3.12/site-packages/oslo_config/cfg.py:3006}}
May 14 10:25:26.277693 np0000174146 nova-conductor[110395]: DEBUG cotyledon.oslo_config_glue [-] oslo_limit.status_code_retry_delay = None {{(pid=110395) log_opt_values /opt/stack/data/venv/lib/python3.12/site-packages/oslo_config/cfg.py:3006}}
May 14 10:25:26.277693 np0000174146 nova-conductor[110395]: DEBUG cotyledon.oslo_config_glue [-] oslo_limit.timeout = None {{(pid=110395) log_opt_values /opt/stack/data/venv/lib/python3.12/site-packages/oslo_config/cfg.py:3006}}
May 14 10:25:26.277693 np0000174146 nova-conductor[110395]: DEBUG cotyledon.oslo_config_glue [-] oslo_limit.valid_interfaces = None {{(pid=110395) log_opt_values /opt/stack/data/venv/lib/python3.12/site-packages/oslo_config/cfg.py:3006}}
May 14 10:25:26.277693 np0000174146 nova-conductor[110395]: DEBUG cotyledon.oslo_config_glue [-] oslo_limit.version = None {{(pid=110395) log_opt_values /opt/stack/data/venv/lib/python3.12/site-packages/oslo_config/cfg.py:3006}}
May 14 10:25:26.277693 np0000174146 nova-conductor[110395]: DEBUG cotyledon.oslo_config_glue [-] oslo_reports.file_event_handler = None {{(pid=110395) log_opt_values /opt/stack/data/venv/lib/python3.12/site-packages/oslo_config/cfg.py:3006}}
May 14 10:25:26.277693 np0000174146 nova-conductor[110395]: DEBUG cotyledon.oslo_config_glue [-] oslo_reports.file_event_handler_interval = 1 {{(pid=110395) log_opt_values /opt/stack/data/venv/lib/python3.12/site-packages/oslo_config/cfg.py:3006}}
May 14 10:25:26.277693 np0000174146 nova-conductor[110395]: DEBUG cotyledon.oslo_config_glue [-] oslo_reports.log_dir = None {{(pid=110395) log_opt_values /opt/stack/data/venv/lib/python3.12/site-packages/oslo_config/cfg.py:3006}}
May 14 10:25:26.277693 np0000174146 nova-conductor[110395]: DEBUG cotyledon.oslo_config_glue [-] ******************************************************************************** {{(pid=110395) log_opt_values /opt/stack/data/venv/lib/python3.12/site-packages/oslo_config/cfg.py:3013}}
May 14 10:25:26.277693 np0000174146 nova-conductor[110395]: DEBUG cotyledon._service_worker [-] Run service ServiceWrapper(3) [110395] {{(pid=110395) wait_forever /opt/stack/data/venv/lib/python3.12/site-packages/cotyledon/_service_worker.py:218}}
May 14 10:25:26.277905 np0000174146 nova-conductor[110395]: INFO nova.service [-] Starting conductor node (version 33.1.0)
May 14 10:25:26.277935 np0000174146 nova-conductor[110371]: DEBUG nova.service [None req-64b1e100-5731-4ecb-b697-779aa0a05648 None None] Creating RPC server for service: nova-conductor on topic: conductor {{(pid=110371) start /opt/stack/nova/nova/service.py:195}}
May 14 10:25:26.277966 np0000174146 nova-conductor[110395]: INFO dbcounter [None req-f3c6acfb-d892-4481-9514-60ea518460df None None] Registered counter for database nova_cell0
May 14 10:25:26.277995 np0000174146 nova-conductor[110384]: DEBUG dbcounter [-] [110384] Writer thread running {{(pid=110384) stat_writer /opt/stack/data/venv/lib/python3.12/site-packages/dbcounter.py:102}}
May 14 10:25:26.277995 np0000174146 nova-conductor[110384]: DEBUG nova.service [None req-845b8a8c-b44c-4669-8153-4ed2bbfaa3aa None None] Creating RPC server for service: nova-conductor on topic: conductor {{(pid=110384) start /opt/stack/nova/nova/service.py:195}}
May 14 10:25:26.278047 np0000174146 nova-conductor[110395]: DEBUG oslo_db.sqlalchemy.engines [None req-f3c6acfb-d892-4481-9514-60ea518460df None None] MySQL server mode set to STRICT_TRANS_TABLES,STRICT_ALL_TABLES,NO_ZERO_IN_DATE,NO_ZERO_DATE,ERROR_FOR_DIVISION_BY_ZERO,TRADITIONAL,NO_ENGINE_SUBSTITUTION {{(pid=110395) _check_effective_sql_mode /opt/stack/data/venv/lib/python3.12/site-packages/oslo_db/sqlalchemy/engines.py:325}}
May 14 10:25:26.278076 np0000174146 nova-conductor[110378]: DEBUG nova.service [None req-0a5fce06-25be-4c87-be65-f74354aa6473 None None] Creating RPC server for service: nova-conductor on topic: conductor {{(pid=110378) start /opt/stack/nova/nova/service.py:195}}
May 14 10:25:26.278113 np0000174146 nova-conductor[110371]: DEBUG nova.service [None req-64b1e100-5731-4ecb-b697-779aa0a05648 None None] Join ServiceGroup membership for this service conductor {{(pid=110371) start /opt/stack/nova/nova/service.py:221}}
May 14 10:25:26.278113 np0000174146 nova-conductor[110371]: DEBUG nova.servicegroup.drivers.db [None req-64b1e100-5731-4ecb-b697-779aa0a05648 None None] DB_Driver: join new ServiceGroup member np0000174146 to the conductor group, service = {{(pid=110371) join /opt/stack/nova/nova/servicegroup/drivers/db.py:44}}
May 14 10:25:26.278165 np0000174146 nova-conductor[110395]: DEBUG dbcounter [-] [110395] Writer thread running {{(pid=110395) stat_writer /opt/stack/data/venv/lib/python3.12/site-packages/dbcounter.py:102}}
May 14 10:25:26.278165 np0000174146 nova-conductor[110395]: DEBUG nova.service [None req-f3c6acfb-d892-4481-9514-60ea518460df None None] Creating RPC server for service: nova-conductor on topic: conductor {{(pid=110395) start /opt/stack/nova/nova/service.py:195}}
May 14 10:25:26.279024 np0000174146 nova-conductor[110384]: DEBUG nova.service [None req-845b8a8c-b44c-4669-8153-4ed2bbfaa3aa None None] Join ServiceGroup membership for this service conductor {{(pid=110384) start /opt/stack/nova/nova/service.py:221}}
May 14 10:25:26.279024 np0000174146 nova-conductor[110384]: DEBUG nova.servicegroup.drivers.db [None req-845b8a8c-b44c-4669-8153-4ed2bbfaa3aa None None] DB_Driver: join new ServiceGroup member np0000174146 to the conductor group, service = {{(pid=110384) join /opt/stack/nova/nova/servicegroup/drivers/db.py:44}}
May 14 10:25:26.283510 np0000174146 nova-conductor[110378]: DEBUG nova.service [None req-0a5fce06-25be-4c87-be65-f74354aa6473 None None] Join ServiceGroup membership for this service conductor {{(pid=110378) start /opt/stack/nova/nova/service.py:221}}
May 14 10:25:26.283759 np0000174146 nova-conductor[110378]: DEBUG nova.servicegroup.drivers.db [None req-0a5fce06-25be-4c87-be65-f74354aa6473 None None] DB_Driver: join new ServiceGroup member np0000174146 to the conductor group, service = {{(pid=110378) join /opt/stack/nova/nova/servicegroup/drivers/db.py:44}}
May 14 10:25:26.289244 np0000174146 nova-conductor[110395]: DEBUG nova.service [None req-f3c6acfb-d892-4481-9514-60ea518460df None None] Join ServiceGroup membership for this service conductor {{(pid=110395) start /opt/stack/nova/nova/service.py:221}}
May 14 10:25:26.289548 np0000174146 nova-conductor[110395]: DEBUG nova.servicegroup.drivers.db [None req-f3c6acfb-d892-4481-9514-60ea518460df None None] DB_Driver: join new ServiceGroup member np0000174146 to the conductor group, service = {{(pid=110395) join /opt/stack/nova/nova/servicegroup/drivers/db.py:44}}
May 14 10:25:30.292769 np0000174146 nova-conductor[110395]: DEBUG oslo.service.backend._threading.loopingcall [None req-5aeb4a21-2890-4629-8418-2fa6cf88a971 None None] Dynamic interval looping call 'nova.service.Service.periodic_tasks' sleeping for 60.00 seconds {{(pid=110395) _run_loop /opt/stack/data/venv/lib/python3.12/site-packages/oslo_service/backend/_threading/loopingcall.py:125}}
May 14 10:25:31.282915 np0000174146 nova-conductor[110371]: DEBUG oslo.service.backend._threading.loopingcall [-] Fixed interval looping call 'nova.servicegroup.drivers.db.DbDriver._report_state' sleeping for 119.98 seconds {{(pid=110371) _run_loop /opt/stack/data/venv/lib/python3.12/site-packages/oslo_service/backend/_threading/loopingcall.py:125}}
May 14 10:25:31.290018 np0000174146 nova-conductor[110384]: DEBUG oslo.service.backend._threading.loopingcall [-] Fixed interval looping call 'nova.servicegroup.drivers.db.DbDriver._report_state' sleeping for 119.99 seconds {{(pid=110384) _run_loop /opt/stack/data/venv/lib/python3.12/site-packages/oslo_service/backend/_threading/loopingcall.py:125}}
May 14 10:25:31.294388 np0000174146 nova-conductor[110378]: DEBUG oslo.service.backend._threading.loopingcall [-] Fixed interval looping call 'nova.servicegroup.drivers.db.DbDriver._report_state' sleeping for 119.99 seconds {{(pid=110378) _run_loop /opt/stack/data/venv/lib/python3.12/site-packages/oslo_service/backend/_threading/loopingcall.py:125}}
May 14 10:25:31.305808 np0000174146 nova-conductor[110395]: DEBUG oslo.service.backend._threading.loopingcall [-] Fixed interval looping call 'nova.servicegroup.drivers.db.DbDriver._report_state' sleeping for 119.99 seconds {{(pid=110395) _run_loop /opt/stack/data/venv/lib/python3.12/site-packages/oslo_service/backend/_threading/loopingcall.py:125}}
May 14 10:25:34.878071 np0000174146 nova-conductor[109653]: DEBUG dbcounter [-] [109653] Writing DB stats nova_api:SELECT=1 {{(pid=109653) stat_writer /opt/stack/data/venv/lib/python3.12/site-packages/dbcounter.py:115}}
May 14 10:25:34.985916 np0000174146 nova-conductor[109653]: DEBUG dbcounter [-] [109653] Writing DB stats nova_cell0:SELECT=1 {{(pid=109653) stat_writer /opt/stack/data/venv/lib/python3.12/site-packages/dbcounter.py:115}}
May 14 10:25:34.986933 np0000174146 nova-conductor[109653]: DEBUG dbcounter [-] [109653] Writing DB stats nova_cell1:SELECT=1 {{(pid=109653) stat_writer /opt/stack/data/venv/lib/python3.12/site-packages/dbcounter.py:115}}
May 14 10:25:35.311746 np0000174146 nova-conductor[110384]: DEBUG oslo.service.backend._threading.loopingcall [None req-42e521ba-a727-4d87-a313-c933c2b2a1e4 None None] Dynamic interval looping call 'nova.service.Service.periodic_tasks' sleeping for 60.00 seconds {{(pid=110384) _run_loop /opt/stack/data/venv/lib/python3.12/site-packages/oslo_service/backend/_threading/loopingcall.py:125}}
May 14 10:25:39.266080 np0000174146 nova-conductor[110371]: DEBUG oslo.service.backend._threading.loopingcall [None req-4c52bed0-def2-4c3f-99dc-473deae968f3 None None] Dynamic interval looping call 'nova.service.Service.periodic_tasks' sleeping for 60.00 seconds {{(pid=110371) _run_loop /opt/stack/data/venv/lib/python3.12/site-packages/oslo_service/backend/_threading/loopingcall.py:125}}
May 14 10:25:41.275973 np0000174146 nova-conductor[110371]: DEBUG dbcounter [-] [110371] Writing DB stats nova_cell0:SELECT=4,nova_cell0:INSERT=1,nova_cell0:UPDATE=1 {{(pid=110371) stat_writer /opt/stack/data/venv/lib/python3.12/site-packages/dbcounter.py:115}}
May 14 10:25:41.285156 np0000174146 nova-conductor[110384]: DEBUG dbcounter [-] [110384] Writing DB stats nova_cell0:SELECT=3 {{(pid=110384) stat_writer /opt/stack/data/venv/lib/python3.12/site-packages/dbcounter.py:115}}
May 14 10:25:41.290454 np0000174146 nova-conductor[110378]: DEBUG dbcounter [-] [110378] Writing DB stats nova_cell0:SELECT=4,nova_cell0:INSERT=1 {{(pid=110378) stat_writer /opt/stack/data/venv/lib/python3.12/site-packages/dbcounter.py:115}}
May 14 10:25:41.302619 np0000174146 nova-conductor[110395]: DEBUG dbcounter [-] [110395] Writing DB stats nova_cell0:SELECT=3 {{(pid=110395) stat_writer /opt/stack/data/venv/lib/python3.12/site-packages/dbcounter.py:115}}
May 14 10:26:07.286760 np0000174146 nova-conductor[110378]: DEBUG oslo.service.backend._threading.loopingcall [None req-e2270c4c-0db6-48f3-a0af-fee7c8a17919 None None] Dynamic interval looping call 'nova.service.Service.periodic_tasks' sleeping for 60.00 seconds {{(pid=110378) _run_loop /opt/stack/data/venv/lib/python3.12/site-packages/oslo_service/backend/_threading/loopingcall.py:125}}
May 14 10:26:30.293646 np0000174146 nova-conductor[110395]: DEBUG oslo.service.backend._threading.loopingcall [None req-5aeb4a21-2890-4629-8418-2fa6cf88a971 None None] Dynamic interval looping call 'nova.service.Service.periodic_tasks' sleeping for 60.00 seconds {{(pid=110395) _run_loop /opt/stack/data/venv/lib/python3.12/site-packages/oslo_service/backend/_threading/loopingcall.py:125}}
May 14 10:26:35.312800 np0000174146 nova-conductor[110384]: DEBUG oslo.service.backend._threading.loopingcall [None req-42e521ba-a727-4d87-a313-c933c2b2a1e4 None None] Dynamic interval looping call 'nova.service.Service.periodic_tasks' sleeping for 60.00 seconds {{(pid=110384) _run_loop /opt/stack/data/venv/lib/python3.12/site-packages/oslo_service/backend/_threading/loopingcall.py:125}}
May 14 10:26:39.267133 np0000174146 nova-conductor[110371]: DEBUG oslo.service.backend._threading.loopingcall [None req-4c52bed0-def2-4c3f-99dc-473deae968f3 None None] Dynamic interval looping call 'nova.service.Service.periodic_tasks' sleeping for 60.00 seconds {{(pid=110371) _run_loop /opt/stack/data/venv/lib/python3.12/site-packages/oslo_service/backend/_threading/loopingcall.py:125}}
May 14 10:27:07.287811 np0000174146 nova-conductor[110378]: DEBUG oslo.service.backend._threading.loopingcall [None req-e2270c4c-0db6-48f3-a0af-fee7c8a17919 None None] Dynamic interval looping call 'nova.service.Service.periodic_tasks' sleeping for 60.00 seconds {{(pid=110378) _run_loop /opt/stack/data/venv/lib/python3.12/site-packages/oslo_service/backend/_threading/loopingcall.py:125}}
May 14 10:27:30.295267 np0000174146 nova-conductor[110395]: DEBUG oslo.service.backend._threading.loopingcall [None req-5aeb4a21-2890-4629-8418-2fa6cf88a971 None None] Dynamic interval looping call 'nova.service.Service.periodic_tasks' sleeping for 60.00 seconds {{(pid=110395) _run_loop /opt/stack/data/venv/lib/python3.12/site-packages/oslo_service/backend/_threading/loopingcall.py:125}}
May 14 10:27:31.282052 np0000174146 nova-conductor[110371]: DEBUG oslo.service.backend._threading.loopingcall [-] Fixed interval looping call 'nova.servicegroup.drivers.db.DbDriver._report_state' sleeping for 119.98 seconds {{(pid=110371) _run_loop /opt/stack/data/venv/lib/python3.12/site-packages/oslo_service/backend/_threading/loopingcall.py:125}}
May 14 10:27:31.285690 np0000174146 nova-conductor[110384]: DEBUG oslo.service.backend._threading.loopingcall [-] Fixed interval looping call 'nova.servicegroup.drivers.db.DbDriver._report_state' sleeping for 119.99 seconds {{(pid=110384) _run_loop /opt/stack/data/venv/lib/python3.12/site-packages/oslo_service/backend/_threading/loopingcall.py:125}}
May 14 10:27:31.290122 np0000174146 nova-conductor[110378]: DEBUG oslo.service.backend._threading.loopingcall [-] Fixed interval looping call 'nova.servicegroup.drivers.db.DbDriver._report_state' sleeping for 119.99 seconds {{(pid=110378) _run_loop /opt/stack/data/venv/lib/python3.12/site-packages/oslo_service/backend/_threading/loopingcall.py:125}}
May 14 10:27:31.301327 np0000174146 nova-conductor[110395]: DEBUG oslo.service.backend._threading.loopingcall [-] Fixed interval looping call 'nova.servicegroup.drivers.db.DbDriver._report_state' sleeping for 119.99 seconds {{(pid=110395) _run_loop /opt/stack/data/venv/lib/python3.12/site-packages/oslo_service/backend/_threading/loopingcall.py:125}}
May 14 10:27:35.313819 np0000174146 nova-conductor[110384]: DEBUG oslo.service.backend._threading.loopingcall [None req-42e521ba-a727-4d87-a313-c933c2b2a1e4 None None] Dynamic interval looping call 'nova.service.Service.periodic_tasks' sleeping for 60.00 seconds {{(pid=110384) _run_loop /opt/stack/data/venv/lib/python3.12/site-packages/oslo_service/backend/_threading/loopingcall.py:125}}
May 14 10:27:39.267910 np0000174146 nova-conductor[110371]: DEBUG oslo.service.backend._threading.loopingcall [None req-4c52bed0-def2-4c3f-99dc-473deae968f3 None None] Dynamic interval looping call 'nova.service.Service.periodic_tasks' sleeping for 60.00 seconds {{(pid=110371) _run_loop /opt/stack/data/venv/lib/python3.12/site-packages/oslo_service/backend/_threading/loopingcall.py:125}}
May 14 10:27:41.274548 np0000174146 nova-conductor[110371]: DEBUG dbcounter [-] [110371] Writing DB stats nova_cell0:SELECT=1,nova_cell0:UPDATE=1 {{(pid=110371) stat_writer /opt/stack/data/venv/lib/python3.12/site-packages/dbcounter.py:115}}
May 14 10:27:41.281871 np0000174146 nova-conductor[110384]: DEBUG dbcounter [-] [110384] Writing DB stats nova_cell0:SELECT=1 {{(pid=110384) stat_writer /opt/stack/data/venv/lib/python3.12/site-packages/dbcounter.py:115}}
May 14 10:27:41.287958 np0000174146 nova-conductor[110378]: DEBUG dbcounter [-] [110378] Writing DB stats nova_cell0:SELECT=1 {{(pid=110378) stat_writer /opt/stack/data/venv/lib/python3.12/site-packages/dbcounter.py:115}}
May 14 10:27:41.299133 np0000174146 nova-conductor[110395]: DEBUG dbcounter [-] [110395] Writing DB stats nova_cell0:SELECT=1 {{(pid=110395) stat_writer /opt/stack/data/venv/lib/python3.12/site-packages/dbcounter.py:115}}
May 14 10:28:07.289186 np0000174146 nova-conductor[110378]: DEBUG oslo.service.backend._threading.loopingcall [None req-e2270c4c-0db6-48f3-a0af-fee7c8a17919 None None] Dynamic interval looping call 'nova.service.Service.periodic_tasks' sleeping for 60.00 seconds {{(pid=110378) _run_loop /opt/stack/data/venv/lib/python3.12/site-packages/oslo_service/backend/_threading/loopingcall.py:125}}
May 14 10:28:30.296294 np0000174146 nova-conductor[110395]: DEBUG oslo.service.backend._threading.loopingcall [None req-5aeb4a21-2890-4629-8418-2fa6cf88a971 None None] Dynamic interval looping call 'nova.service.Service.periodic_tasks' sleeping for 60.00 seconds {{(pid=110395) _run_loop /opt/stack/data/venv/lib/python3.12/site-packages/oslo_service/backend/_threading/loopingcall.py:125}}
May 14 10:28:35.314530 np0000174146 nova-conductor[110384]: DEBUG oslo.service.backend._threading.loopingcall [None req-42e521ba-a727-4d87-a313-c933c2b2a1e4 None None] Dynamic interval looping call 'nova.service.Service.periodic_tasks' sleeping for 60.00 seconds {{(pid=110384) _run_loop /opt/stack/data/venv/lib/python3.12/site-packages/oslo_service/backend/_threading/loopingcall.py:125}}
May 14 10:28:39.268954 np0000174146 nova-conductor[110371]: DEBUG oslo.service.backend._threading.loopingcall [None req-4c52bed0-def2-4c3f-99dc-473deae968f3 None None] Dynamic interval looping call 'nova.service.Service.periodic_tasks' sleeping for 60.00 seconds {{(pid=110371) _run_loop /opt/stack/data/venv/lib/python3.12/site-packages/oslo_service/backend/_threading/loopingcall.py:125}}
May 14 10:29:07.291761 np0000174146 nova-conductor[110378]: DEBUG oslo.service.backend._threading.loopingcall [None req-e2270c4c-0db6-48f3-a0af-fee7c8a17919 None None] Dynamic interval looping call 'nova.service.Service.periodic_tasks' sleeping for 60.00 seconds {{(pid=110378) _run_loop /opt/stack/data/venv/lib/python3.12/site-packages/oslo_service/backend/_threading/loopingcall.py:125}}
May 14 10:29:30.297063 np0000174146 nova-conductor[110395]: DEBUG oslo.service.backend._threading.loopingcall [None req-5aeb4a21-2890-4629-8418-2fa6cf88a971 None None] Dynamic interval looping call 'nova.service.Service.periodic_tasks' sleeping for 60.00 seconds {{(pid=110395) _run_loop /opt/stack/data/venv/lib/python3.12/site-packages/oslo_service/backend/_threading/loopingcall.py:125}}
May 14 10:29:31.273681 np0000174146 nova-conductor[110371]: DEBUG oslo.service.backend._threading.loopingcall [-] Fixed interval looping call 'nova.servicegroup.drivers.db.DbDriver._report_state' sleeping for 119.99 seconds {{(pid=110371) _run_loop /opt/stack/data/venv/lib/python3.12/site-packages/oslo_service/backend/_threading/loopingcall.py:125}}
May 14 10:29:31.281920 np0000174146 nova-conductor[110384]: DEBUG oslo.service.backend._threading.loopingcall [-] Fixed interval looping call 'nova.servicegroup.drivers.db.DbDriver._report_state' sleeping for 119.99 seconds {{(pid=110384) _run_loop /opt/stack/data/venv/lib/python3.12/site-packages/oslo_service/backend/_threading/loopingcall.py:125}}
May 14 10:29:31.284805 np0000174146 nova-conductor[110378]: DEBUG oslo.service.backend._threading.loopingcall [-] Fixed interval looping call 'nova.servicegroup.drivers.db.DbDriver._report_state' sleeping for 120.00 seconds {{(pid=110378) _run_loop /opt/stack/data/venv/lib/python3.12/site-packages/oslo_service/backend/_threading/loopingcall.py:125}}
May 14 10:29:31.297572 np0000174146 nova-conductor[110395]: DEBUG oslo.service.backend._threading.loopingcall [-] Fixed interval looping call 'nova.servicegroup.drivers.db.DbDriver._report_state' sleeping for 119.99 seconds {{(pid=110395) _run_loop /opt/stack/data/venv/lib/python3.12/site-packages/oslo_service/backend/_threading/loopingcall.py:125}}
May 14 10:29:35.315243 np0000174146 nova-conductor[110384]: DEBUG oslo.service.backend._threading.loopingcall [None req-42e521ba-a727-4d87-a313-c933c2b2a1e4 None None] Dynamic interval looping call 'nova.service.Service.periodic_tasks' sleeping for 60.00 seconds {{(pid=110384) _run_loop /opt/stack/data/venv/lib/python3.12/site-packages/oslo_service/backend/_threading/loopingcall.py:125}}
