May 14 10:18:03.756743 np0000174130 devstack@neutron-api.service[103302]: DEBUG neutron.common.ovn.hash_ring_manager [None req-2e47ae05-0051-4d08-b893-2fa94fc76530 None None] Allow caching, nodes 4>=4 {{(pid=103302) _wait_startup_before_caching /opt/stack/neutron/neutron/common/ovn/hash_ring_manager.py:65}}
May 14 10:18:03.759806 np0000174130 devstack@neutron-api.service[103302]: DEBUG neutron.common.ovn.hash_ring_manager [None req-2e47ae05-0051-4d08-b893-2fa94fc76530 None None] Hash Ring loaded. 4 active nodes. 0 offline nodes {{(pid=103302) _load_hash_ring /opt/stack/neutron/neutron/common/ovn/hash_ring_manager.py:102}}
May 14 10:18:03.759948 np0000174130 devstack@neutron-api.service[103302]: DEBUG neutron.plugins.ml2.drivers.ovn.mech_driver.ovsdb.ovsdb_monitor [None req-2e47ae05-0051-4d08-b893-2fa94fc76530 None None] ChassisAgentWriteEvent : Matched Chassis_Private, create, None None {{(pid=103302) matches /opt/stack/neutron/neutron/plugins/ml2/drivers/ovn/mech_driver/ovsdb/ovsdb_monitor.py:64}}
May 14 10:18:03.760085 np0000174130 devstack@neutron-api.service[103302]: DEBUG neutron.plugins.ml2.drivers.ovn.mech_driver.ovsdb.ovsdb_monitor [None req-2e47ae05-0051-4d08-b893-2fa94fc76530 None None] ChassisOVNAgentWriteEvent : Matched Chassis_Private, create, None None {{(pid=103302) matches /opt/stack/neutron/neutron/plugins/ml2/drivers/ovn/mech_driver/ovsdb/ovsdb_monitor.py:64}}
May 14 10:18:03.760374 np0000174130 devstack@neutron-api.service[103302]: DEBUG neutron.plugins.ml2.drivers.ovn.mech_driver.ovsdb.ovsdb_monitor [None req-2e47ae05-0051-4d08-b893-2fa94fc76530 None None] Hash Ring: Node e0171ef81cb55c89ae8c5c8d2dbee148 (host: np0000174130) handling event "create" for row 94018ef2-e900-45e6-8b97-80b68e786710 (table: Chassis_Private) {{(pid=103302) notify /opt/stack/neutron/neutron/plugins/ml2/drivers/ovn/mech_driver/ovsdb/ovsdb_monitor.py:942}}
May 14 10:18:03.762659 np0000174130 devstack@neutron-api.service[103302]: INFO neutron.plugins.ml2.drivers.ovn.mech_driver.mech_driver [None req-2e47ae05-0051-4d08-b893-2fa94fc76530 None None] WorkerService process has finished the post initialization
May 14 10:18:03.763736 np0000174130 devstack@neutron-api.service[103302]: WSGI app 0 (mountpoint='') ready in 7 seconds on interpreter 0x785157ea3668 pid: 103302 (default app)
May 14 10:18:03.771342 np0000174130 devstack@neutron-api.service[103303]: DEBUG neutron.common.ovn.hash_ring_manager [None req-088e098c-ea7e-41e4-a74a-296dd1f94af7 None None] Allow caching, nodes 4>=4 {{(pid=103303) _wait_startup_before_caching /opt/stack/neutron/neutron/common/ovn/hash_ring_manager.py:65}}
May 14 10:18:03.775385 np0000174130 devstack@neutron-api.service[103303]: DEBUG neutron.common.ovn.hash_ring_manager [None req-088e098c-ea7e-41e4-a74a-296dd1f94af7 None None] Hash Ring loaded. 4 active nodes. 0 offline nodes {{(pid=103303) _load_hash_ring /opt/stack/neutron/neutron/common/ovn/hash_ring_manager.py:102}}
May 14 10:18:03.775690 np0000174130 devstack@neutron-api.service[103303]: DEBUG neutron.plugins.ml2.drivers.ovn.mech_driver.ovsdb.ovsdb_monitor [None req-088e098c-ea7e-41e4-a74a-296dd1f94af7 None None] ChassisOVNAgentWriteEvent : Matched Chassis_Private, create, None None {{(pid=103303) matches /opt/stack/neutron/neutron/plugins/ml2/drivers/ovn/mech_driver/ovsdb/ovsdb_monitor.py:64}}
May 14 10:18:03.775877 np0000174130 devstack@neutron-api.service[103303]: DEBUG neutron.plugins.ml2.drivers.ovn.mech_driver.ovsdb.ovsdb_monitor [None req-088e098c-ea7e-41e4-a74a-296dd1f94af7 None None] ChassisAgentWriteEvent : Matched Chassis_Private, create, None None {{(pid=103303) matches /opt/stack/neutron/neutron/plugins/ml2/drivers/ovn/mech_driver/ovsdb/ovsdb_monitor.py:64}}
May 14 10:18:03.778890 np0000174130 devstack@neutron-api.service[103303]: INFO neutron.plugins.ml2.drivers.ovn.mech_driver.mech_driver [None req-088e098c-ea7e-41e4-a74a-296dd1f94af7 None None] WorkerService process has finished the post initialization
May 14 10:18:03.779514 np0000174130 devstack@neutron-api.service[103304]: DEBUG neutron.common.ovn.hash_ring_manager [None req-be815cee-2770-41a6-a43e-f6a5821b9974 None None] Allow caching, nodes 4>=4 {{(pid=103304) _wait_startup_before_caching /opt/stack/neutron/neutron/common/ovn/hash_ring_manager.py:65}}
May 14 10:18:03.780601 np0000174130 devstack@neutron-api.service[103303]: WSGI app 0 (mountpoint='') ready in 7 seconds on interpreter 0x785157ea3668 pid: 103303 (default app)
May 14 10:18:03.784860 np0000174130 devstack@neutron-api.service[103304]: DEBUG neutron.common.ovn.hash_ring_manager [None req-be815cee-2770-41a6-a43e-f6a5821b9974 None None] Hash Ring loaded. 4 active nodes. 0 offline nodes {{(pid=103304) _load_hash_ring /opt/stack/neutron/neutron/common/ovn/hash_ring_manager.py:102}}
May 14 10:18:03.785038 np0000174130 devstack@neutron-api.service[103304]: DEBUG neutron.plugins.ml2.drivers.ovn.mech_driver.ovsdb.ovsdb_monitor [None req-be815cee-2770-41a6-a43e-f6a5821b9974 None None] Hash Ring: Node 6747922d6d755c8a8c1426f86cc5c66a (host: np0000174130) handling event "create" for row 37cd8cdb-c822-4a65-991a-2f342ff9fb89 (table: ACL) {{(pid=103304) notify /opt/stack/neutron/neutron/plugins/ml2/drivers/ovn/mech_driver/ovsdb/ovsdb_monitor.py:942}}
May 14 10:18:03.785217 np0000174130 devstack@neutron-api.service[103304]: DEBUG neutron.plugins.ml2.drivers.ovn.mech_driver.ovsdb.ovsdb_monitor [None req-be815cee-2770-41a6-a43e-f6a5821b9974 None None] Hash Ring: Node 6747922d6d755c8a8c1426f86cc5c66a (host: np0000174130) handling event "create" for row 55d12e41-2c41-4715-9253-08942216f47d (table: ACL) {{(pid=103304) notify /opt/stack/neutron/neutron/plugins/ml2/drivers/ovn/mech_driver/ovsdb/ovsdb_monitor.py:942}}
May 14 10:18:03.785332 np0000174130 devstack@neutron-api.service[103304]: DEBUG neutron.plugins.ml2.drivers.ovn.mech_driver.ovsdb.ovsdb_monitor [None req-be815cee-2770-41a6-a43e-f6a5821b9974 None None] Hash Ring: Node 6747922d6d755c8a8c1426f86cc5c66a (host: np0000174130) handling event "create" for row dff4481d-105f-44ba-a611-f2010f0b337a (table: Connection) {{(pid=103304) notify /opt/stack/neutron/neutron/plugins/ml2/drivers/ovn/mech_driver/ovsdb/ovsdb_monitor.py:942}}
May 14 10:18:03.785578 np0000174130 devstack@neutron-api.service[103304]: DEBUG neutron.plugins.ml2.drivers.ovn.mech_driver.ovsdb.ovsdb_monitor [None req-be815cee-2770-41a6-a43e-f6a5821b9974 None None] Hash Ring: Node 6747922d6d755c8a8c1426f86cc5c66a (host: np0000174130) handling event "create" for row e17ee6ff-4f88-402d-a97e-893d7f5108e1 (table: SSL) {{(pid=103304) notify /opt/stack/neutron/neutron/plugins/ml2/drivers/ovn/mech_driver/ovsdb/ovsdb_monitor.py:942}}
May 14 10:18:03.786681 np0000174130 devstack@neutron-api.service[103304]: INFO neutron.plugins.ml2.drivers.ovn.mech_driver.ovsdb.impl_idl_ovn [None req-be815cee-2770-41a6-a43e-f6a5821b9974 None None] Getting OvsdbSbOvnIdl for WorkerService with retry
May 14 10:18:03.823423 np0000174130 devstack@neutron-api.service[103304]: DEBUG ovsdbapp.backend.ovs_idl [None req-be815cee-2770-41a6-a43e-f6a5821b9974 None None] Created lookup_table index Chassis.name {{(pid=103304) autocreate_indices /opt/stack/data/venv/lib/python3.12/site-packages/ovsdbapp/backend/ovs_idl/__init__.py:87}}
May 14 10:18:03.823583 np0000174130 devstack@neutron-api.service[103304]: DEBUG ovsdbapp.backend.ovs_idl [None req-be815cee-2770-41a6-a43e-f6a5821b9974 None None] Created lookup_table index Port_Binding.logical_port {{(pid=103304) autocreate_indices /opt/stack/data/venv/lib/python3.12/site-packages/ovsdbapp/backend/ovs_idl/__init__.py:87}}
May 14 10:18:03.823583 np0000174130 devstack@neutron-api.service[103304]: DEBUG ovsdbapp.backend.ovs_idl [None req-be815cee-2770-41a6-a43e-f6a5821b9974 None None] Created schema index Chassis_Private.name {{(pid=103304) autocreate_indices /opt/stack/data/venv/lib/python3.12/site-packages/ovsdbapp/backend/ovs_idl/__init__.py:106}}
May 14 10:18:03.823724 np0000174130 devstack@neutron-api.service[103304]: DEBUG ovsdbapp.backend.ovs_idl [None req-be815cee-2770-41a6-a43e-f6a5821b9974 None None] Created schema index Datapath_Binding.tunnel_key {{(pid=103304) autocreate_indices /opt/stack/data/venv/lib/python3.12/site-packages/ovsdbapp/backend/ovs_idl/__init__.py:106}}
May 14 10:18:03.826068 np0000174130 devstack@neutron-api.service[103304]: INFO ovsdbapp.backend.ovs_idl.vlog [None req-be815cee-2770-41a6-a43e-f6a5821b9974 None None] ssl:199.19.213.139:6642: connecting...
May 14 10:18:03.833129 np0000174130 devstack@neutron-api.service[103304]: INFO ovsdbapp.backend.ovs_idl.vlog [None req-be815cee-2770-41a6-a43e-f6a5821b9974 None None] ssl:199.19.213.139:6642: connected
May 14 10:18:03.864685 np0000174130 devstack@neutron-api.service[103304]: DEBUG neutron.common.ovn.hash_ring_manager [None req-be815cee-2770-41a6-a43e-f6a5821b9974 None None] Allow caching, nodes 4>=4 {{(pid=103304) _wait_startup_before_caching /opt/stack/neutron/neutron/common/ovn/hash_ring_manager.py:65}}
May 14 10:18:03.868225 np0000174130 devstack@neutron-api.service[103304]: DEBUG neutron.common.ovn.hash_ring_manager [None req-be815cee-2770-41a6-a43e-f6a5821b9974 None None] Hash Ring loaded. 4 active nodes. 0 offline nodes {{(pid=103304) _load_hash_ring /opt/stack/neutron/neutron/common/ovn/hash_ring_manager.py:102}}
May 14 10:18:03.868466 np0000174130 devstack@neutron-api.service[103304]: DEBUG neutron.plugins.ml2.drivers.ovn.mech_driver.ovsdb.ovsdb_monitor [None req-be815cee-2770-41a6-a43e-f6a5821b9974 None None] Hash Ring: Node 6747922d6d755c8a8c1426f86cc5c66a (host: np0000174130) handling event "create" for row 9d9d6e38-1813-45e8-8941-2e3834cb1e78 (table: Chassis) {{(pid=103304) notify /opt/stack/neutron/neutron/plugins/ml2/drivers/ovn/mech_driver/ovsdb/ovsdb_monitor.py:942}}
May 14 10:18:03.869608 np0000174130 devstack@neutron-api.service[103304]: DEBUG ovsdbapp.backend.ovs_idl.event [None req-be815cee-2770-41a6-a43e-f6a5821b9974 None None] Matched CREATE: ChassisBandwidthConfigEvent(events=('create', 'update'), table='Chassis', conditions=None, old_conditions=None), priority=20 to row=Chassis(uuid=9d9d6e38-1813-45e8-8941-2e3834cb1e78, encaps=[fcf10c66-0fc3-4803-a8f1-aab314981c6b], external_ids={}, hostname='np0000174130', name='4dbef69a-5ac3-4a60-a0b5-8726135b94dc', nb_cfg=0, other_config={'ct-commit-nat-v2': 'true', 'ct-commit-to-zone': 'true', 'ct-next-zone': 'true', 'ct-no-masked-label': 'true', 'ct-state-save': 'true', 'datapath-type': 'system', 'fdb-timestamp': 'true', 'iface-types': 'afxdp,afxdp-nonpmd,bareudp,erspan,geneve,gre,gtpu,internal,ip6erspan,ip6gre,lisp,patch,srv6,stt,system,tap,vxlan', 'is-interconn': 'false', 'ls-dpg-column': 'true', 'mac-binding-timestamp': 'true', 'ovn-bridge-mappings': 'public:br-ex', 'ovn-chassis-mac-mappings': '', 'ovn-cms-options': 'enable-chassis-as-gw', 'ovn-ct-lb-related': 'true', 'ovn-enable-lflow-cache': 'true', 'ovn-limit-lflow-cache': '', 'ovn-memlimit-lflow-cache-kb': '', 'ovn-monitor-all': 'false', 'ovn-trim-limit-lflow-cache': '', 'ovn-trim-timeout-ms': '', 'ovn-trim-wmark-perc-lflow-cache': '', 'port-up-notif': 'true'}, transport_zones=[], vtep_logical_switches=[]) old= {{(pid=103304) matches /opt/stack/data/venv/lib/python3.12/site-packages/ovsdbapp/backend/ovs_idl/event.py:55}}
May 14 10:18:03.870470 np0000174130 devstack@neutron-api.service[103304]: DEBUG neutron.plugins.ml2.drivers.ovn.mech_driver.ovsdb.ovsdb_monitor [None req-be815cee-2770-41a6-a43e-f6a5821b9974 None None] ChassisOVNAgentWriteEvent : Matched Chassis_Private, create, None None {{(pid=103304) matches /opt/stack/neutron/neutron/plugins/ml2/drivers/ovn/mech_driver/ovsdb/ovsdb_monitor.py:64}}
May 14 10:18:03.870635 np0000174130 devstack@neutron-api.service[103304]: DEBUG neutron.plugins.ml2.drivers.ovn.mech_driver.ovsdb.ovsdb_monitor [None req-be815cee-2770-41a6-a43e-f6a5821b9974 None None] ChassisAgentWriteEvent : Matched Chassis_Private, create, None None {{(pid=103304) matches /opt/stack/neutron/neutron/plugins/ml2/drivers/ovn/mech_driver/ovsdb/ovsdb_monitor.py:64}}
May 14 10:18:03.872289 np0000174130 devstack@neutron-api.service[103304]: INFO neutron.plugins.ml2.drivers.ovn.mech_driver.mech_driver [None req-be815cee-2770-41a6-a43e-f6a5821b9974 None None] WorkerService process has finished the post initialization
May 14 10:18:03.873162 np0000174130 devstack@neutron-api.service[103304]: INFO neutron.plugins.ml2.drivers.ovn.mech_driver.ovsdb.extensions.qos [-] Starting OVNClientQosExtension
May 14 10:18:03.873389 np0000174130 devstack@neutron-api.service[103304]: INFO neutron.plugins.ml2.drivers.ovn.mech_driver.ovsdb.extensions.placement [-] Starting OVNClientPlacementExtension
May 14 10:18:03.875823 np0000174130 devstack@neutron-api.service[103304]: WSGI app 0 (mountpoint='') ready in 7 seconds on interpreter 0x785157ea3668 pid: 103304 (default app)
May 14 10:18:06.111592 np0000174130 devstack@neutron-api.service[103304]: DEBUG neutron.plugins.ml2.drivers.ovn.mech_driver.ovsdb.ovsdb_monitor [-] Hash Ring: Node 6747922d6d755c8a8c1426f86cc5c66a (host: np0000174130) handling event "update" for row dff4481d-105f-44ba-a611-f2010f0b337a (table: Connection) {{(pid=103304) notify /opt/stack/neutron/neutron/plugins/ml2/drivers/ovn/mech_driver/ovsdb/ovsdb_monitor.py:942}}
May 14 10:18:06.114218 np0000174130 devstack@neutron-api.service[103305]: DEBUG neutron.common.ovn.hash_ring_manager [-] Allow caching, nodes 4>=4 {{(pid=103305) _wait_startup_before_caching /opt/stack/neutron/neutron/common/ovn/hash_ring_manager.py:65}}
May 14 10:18:08.649603 np0000174130 devstack@neutron-api.service[103304]: DEBUG neutron.plugins.ml2.drivers.ovn.mech_driver.ovsdb.ovsdb_monitor [-] Hash Ring: Node 6747922d6d755c8a8c1426f86cc5c66a (host: np0000174130) handling event "update" for row dff4481d-105f-44ba-a611-f2010f0b337a (table: Connection) {{(pid=103304) notify /opt/stack/neutron/neutron/plugins/ml2/drivers/ovn/mech_driver/ovsdb/ovsdb_monitor.py:942}}
May 14 10:18:09.739589 np0000174130 devstack@neutron-api.service[103305]: DEBUG neutron.api.wsgi [None req-c6555ce6-a717-4163-be92-4e821a53e597 admin admin] Missing Content-Type {{(pid=103305) get_content_type /opt/stack/neutron/neutron/api/wsgi.py:80}}
May 14 10:18:09.740253 np0000174130 devstack@neutron-api.service[103305]: DEBUG neutron.api.wsgi [None req-c6555ce6-a717-4163-be92-4e821a53e597 admin admin] https://199.19.213.139/networking/v2.0/extensions returned with HTTP 200 {{(pid=103305) __call__ /opt/stack/neutron/neutron/api/wsgi.py:540}}
May 14 10:18:09.740341 np0000174130 devstack@neutron-api.service[103305]: [pid: 103305|app: 0|req: 2/2] 199.19.213.139 () {64 vars in 1323 bytes} [Thu May 14 10:18:09 2026] GET /networking/v2.0/extensions => generated 15209 bytes in 265 msecs (HTTP/1.1 200) 4 headers in 159 bytes (1 switches on core 0)
May 14 10:18:10.114978 np0000174130 devstack@neutron-api.service[103302]: DEBUG neutron.api.v2.base [None req-32db8c7f-8abf-4524-b9a3-5b5f53d63b83 admin admin] Request body: {'subnetpool': {'is_default': True, 'default_prefixlen': 26, 'prefixes': ['10.1.0.0/20'], 'shared': True, 'name': 'shared-default-subnetpool-v4'}} {{(pid=103302) prepare_request_body /opt/stack/neutron/neutron/api/v2/base.py:727}}
May 14 10:18:10.313529 np0000174130 devstack@neutron-api.service[103302]: DEBUG neutron.policy [None req-32db8c7f-8abf-4524-b9a3-5b5f53d63b83 admin admin] Loaded default policies from ['neutron'] under neutron.policies entry points {{(pid=103302) register_rules /opt/stack/neutron/neutron/policy.py:65}}
May 14 10:18:10.463509 np0000174130 devstack@neutron-api.service[103302]: DEBUG neutron_lib.callbacks.manager [None req-32db8c7f-8abf-4524-b9a3-5b5f53d63b83 admin admin] Publish callbacks ['neutron.objects.securitygroup.RbacNeutronDbObjectMixin.validate_rbac_policy_change-2363276364824', 'neutron.objects.address_group.RbacNeutronDbObjectMixin.validate_rbac_policy_change-2363272274895', 'neutron.objects.network.RbacNeutronDbObjectMixin.validate_rbac_policy_change-2363276333814', 'neutron.objects.qos.policy.RbacNeutronDbObjectMixin.validate_rbac_policy_change-2363276329440', 'neutron.objects.subnetpool.RbacNeutronDbObjectMixin.validate_rbac_policy_change-2363276312201', 'neutron.objects.address_scope.RbacNeutronDbObjectMixin.validate_rbac_policy_change-2363276308854', 'neutron.plugins.ml2.plugin.External_net_db_mixin._process_ext_policy_create-3206073', 'neutron.plugins.ml2.plugin.NeutronDbPluginV2.validate_network_rbac_policy_change-3199845'] for rbac-policy (None), before_create {{(pid=103302) _notify_loop /opt/stack/data/venv/lib/python3.12/site-packages/neutron_lib/callbacks/manager.py:184}}
May 14 10:18:10.515800 np0000174130 devstack@neutron-api.service[103302]: DEBUG neutron_lib.callbacks.manager [None req-32db8c7f-8abf-4524-b9a3-5b5f53d63b83 admin admin] Publish callbacks [] for subnetpool (None), before_response {{(pid=103302) _notify_loop /opt/stack/data/venv/lib/python3.12/site-packages/neutron_lib/callbacks/manager.py:184}}
May 14 10:18:10.516748 np0000174130 devstack@neutron-api.service[103302]: [pid: 103302|app: 0|req: 1/3] 199.19.213.139 () {68 vars in 1367 bytes} [Thu May 14 10:18:10 2026] POST /networking/v2.0/subnetpools => generated 533 bytes in 511 msecs (HTTP/1.1 201) 4 headers in 162 bytes (1 switches on core 0)
May 14 10:18:10.826590 np0000174130 devstack@neutron-api.service[103303]: DEBUG neutron.api.v2.base [None req-1afb0a87-4cc7-4032-8898-3cff7ca92ac1 admin admin] Request body: {'subnetpool': {'is_default': True, 'default_prefixlen': 64, 'prefixes': ['fda7:6c81:342a::/56'], 'shared': True, 'name': 'shared-default-subnetpool-v6'}} {{(pid=103303) prepare_request_body /opt/stack/neutron/neutron/api/v2/base.py:727}}
May 14 10:18:11.001854 np0000174130 devstack@neutron-api.service[103303]: DEBUG neutron.policy [None req-1afb0a87-4cc7-4032-8898-3cff7ca92ac1 admin admin] Loaded default policies from ['neutron'] under neutron.policies entry points {{(pid=103303) register_rules /opt/stack/neutron/neutron/policy.py:65}}
May 14 10:18:11.152951 np0000174130 devstack@neutron-api.service[103303]: DEBUG neutron_lib.callbacks.manager [None req-1afb0a87-4cc7-4032-8898-3cff7ca92ac1 admin admin] Publish callbacks ['neutron.objects.securitygroup.RbacNeutronDbObjectMixin.validate_rbac_policy_change-2363276360718', 'neutron.objects.address_group.RbacNeutronDbObjectMixin.validate_rbac_policy_change-2363276370975', 'neutron.objects.network.RbacNeutronDbObjectMixin.validate_rbac_policy_change-2363276389222', 'neutron.objects.qos.policy.RbacNeutronDbObjectMixin.validate_rbac_policy_change-2363276385896', 'neutron.objects.subnetpool.RbacNeutronDbObjectMixin.validate_rbac_policy_change-2363276267325', 'neutron.objects.address_scope.RbacNeutronDbObjectMixin.validate_rbac_policy_change-2363276266882', 'neutron.plugins.ml2.plugin.External_net_db_mixin._process_ext_policy_create-3179746', 'neutron.plugins.ml2.plugin.NeutronDbPluginV2.validate_network_rbac_policy_change-3283150'] for rbac-policy (None), before_create {{(pid=103303) _notify_loop /opt/stack/data/venv/lib/python3.12/site-packages/neutron_lib/callbacks/manager.py:184}}
May 14 10:18:11.197455 np0000174130 devstack@neutron-api.service[103303]: DEBUG neutron_lib.callbacks.manager [None req-1afb0a87-4cc7-4032-8898-3cff7ca92ac1 admin admin] Publish callbacks [] for subnetpool (None), before_response {{(pid=103303) _notify_loop /opt/stack/data/venv/lib/python3.12/site-packages/neutron_lib/callbacks/manager.py:184}}
May 14 10:18:11.197455 np0000174130 devstack@neutron-api.service[103303]: [pid: 103303|app: 0|req: 1/4] 199.19.213.139 () {68 vars in 1367 bytes} [Thu May 14 10:18:10 2026] POST /networking/v2.0/subnetpools => generated 543 bytes in 477 msecs (HTTP/1.1 201) 4 headers in 162 bytes (1 switches on core 0)
May 14 10:18:11.597641 np0000174130 devstack@neutron-api.service[103304]: DEBUG neutron.api.v2.base [None req-e79d2662-e026-4dec-9210-82f683bda186 admin admin] Request body: {'network': {'admin_state_up': True, 'name': 'private'}} {{(pid=103304) prepare_request_body /opt/stack/neutron/neutron/api/v2/base.py:727}}
May 14 10:18:11.624621 np0000174130 devstack@neutron-api.service[103304]: DEBUG neutron.pecan_wsgi.hooks.quota_enforcement [None req-e79d2662-e026-4dec-9210-82f683bda186 admin admin] Made reservation on behalf of e615197e0fab48afb4a177397952dd68 for: {'network': 1} {{(pid=103304) before /opt/stack/neutron/neutron/pecan_wsgi/hooks/quota_enforcement.py:66}}
May 14 10:18:11.799066 np0000174130 devstack@neutron-api.service[103304]: DEBUG neutron.policy [None req-e79d2662-e026-4dec-9210-82f683bda186 admin admin] Loaded default policies from ['neutron'] under neutron.policies entry points {{(pid=103304) register_rules /opt/stack/neutron/neutron/policy.py:65}}
May 14 10:18:11.905387 np0000174130 devstack@neutron-api.service[103304]: DEBUG neutron_lib.callbacks.manager [None req-e79d2662-e026-4dec-9210-82f683bda186 admin admin] Publish callbacks ['neutron.plugins.ml2.plugin.SecurityGroupDbMixin._ensure_default_security_group_handler-3373415'] for network (None), before_create {{(pid=103304) _notify_loop /opt/stack/data/venv/lib/python3.12/site-packages/neutron_lib/callbacks/manager.py:184}}
May 14 10:18:11.926076 np0000174130 devstack@neutron-api.service[103304]: DEBUG neutron_lib.callbacks.manager [None req-e79d2662-e026-4dec-9210-82f683bda186 admin admin] Publish callbacks [] for security_group (None), before_create {{(pid=103304) _notify_loop /opt/stack/data/venv/lib/python3.12/site-packages/neutron_lib/callbacks/manager.py:184}}
May 14 10:18:12.023196 np0000174130 devstack@neutron-api.service[103304]: DEBUG neutron_lib.callbacks.manager [None req-e79d2662-e026-4dec-9210-82f683bda186 admin admin] Publish callbacks ['neutron.plugins.ml2.drivers.ovn.mech_driver.mech_driver.OVNMechanismDriver._create_security_group_precommit-363036'] for security_group (4ba177cd-3820-4528-afd5-02d821464eb7), precommit_create {{(pid=103304) _notify_loop /opt/stack/data/venv/lib/python3.12/site-packages/neutron_lib/callbacks/manager.py:184}}
May 14 10:18:12.023308 np0000174130 devstack@neutron-api.service[103304]: DEBUG neutron.db.ovn_revision_numbers_db [None req-e79d2662-e026-4dec-9210-82f683bda186 admin admin] create_initial_revision uuid=4ba177cd-3820-4528-afd5-02d821464eb7, type=security_groups, rev=-1 {{(pid=103304) create_initial_revision /opt/stack/neutron/neutron/db/ovn_revision_numbers_db.py:98}}
May 14 10:18:12.025616 np0000174130 devstack@neutron-api.service[103304]: DEBUG neutron.db.ovn_revision_numbers_db [None req-e79d2662-e026-4dec-9210-82f683bda186 admin admin] create_initial_revision uuid=45c8bf43-6fda-45cf-a983-a6b33cd8a6cf, type=security_group_rules, rev=-1 {{(pid=103304) create_initial_revision /opt/stack/neutron/neutron/db/ovn_revision_numbers_db.py:98}}
May 14 10:18:12.026692 np0000174130 devstack@neutron-api.service[103304]: DEBUG neutron.db.ovn_revision_numbers_db [None req-e79d2662-e026-4dec-9210-82f683bda186 admin admin] create_initial_revision uuid=89237990-50db-4466-92b6-f7c910ddaf3e, type=security_group_rules, rev=-1 {{(pid=103304) create_initial_revision /opt/stack/neutron/neutron/db/ovn_revision_numbers_db.py:98}}
May 14 10:18:12.027644 np0000174130 devstack@neutron-api.service[103304]: DEBUG neutron.db.ovn_revision_numbers_db [None req-e79d2662-e026-4dec-9210-82f683bda186 admin admin] create_initial_revision uuid=c3809e11-3d10-4723-bb1a-6b46d62bc873, type=security_group_rules, rev=-1 {{(pid=103304) create_initial_revision /opt/stack/neutron/neutron/db/ovn_revision_numbers_db.py:98}}
May 14 10:18:12.028697 np0000174130 devstack@neutron-api.service[103304]: DEBUG neutron.db.ovn_revision_numbers_db [None req-e79d2662-e026-4dec-9210-82f683bda186 admin admin] create_initial_revision uuid=dbb3ccc9-f05f-4dfb-83e4-09664ed1f67e, type=security_group_rules, rev=-1 {{(pid=103304) create_initial_revision /opt/stack/neutron/neutron/db/ovn_revision_numbers_db.py:98}}
May 14 10:18:12.035385 np0000174130 devstack@neutron-api.service[103304]: DEBUG neutron_lib.callbacks.manager [None req-e79d2662-e026-4dec-9210-82f683bda186 admin admin] Publish callbacks ['neutron.plugins.ml2.drivers.ovn.mech_driver.mech_driver.OVNMechanismDriver._create_security_group-363106', 'neutron.plugins.ml2.ovo_rpc._ObjectChangeHandler.handle_event-31968396'] for security_group (4ba177cd-3820-4528-afd5-02d821464eb7), after_create {{(pid=103304) _notify_loop /opt/stack/data/venv/lib/python3.12/site-packages/neutron_lib/callbacks/manager.py:184}}
May 14 10:18:12.036608 np0000174130 devstack@neutron-api.service[103304]: DEBUG ovsdbapp.backend.ovs_idl.transaction [-] Running txn n=1 command(idx=0): PgAddCommand(_result=None, name=pg_4ba177cd_3820_4528_afd5_02d821464eb7, may_exist=False, columns={'acls': [], 'external_ids': {'neutron:security_group_id': '4ba177cd-3820-4528-afd5-02d821464eb7'}}) {{(pid=103304) do_commit /opt/stack/data/venv/lib/python3.12/site-packages/ovsdbapp/backend/ovs_idl/transaction.py:89}}
May 14 10:18:12.038772 np0000174130 devstack@neutron-api.service[103304]: DEBUG ovsdbapp.backend.ovs_idl.transaction [-] Running txn n=1 command(idx=1): PgAclAddCommand(_result=None, entity=pg_4ba177cd_3820_4528_afd5_02d821464eb7, direction=to-lport, priority=1002, match=outport == @pg_4ba177cd_3820_4528_afd5_02d821464eb7 && ip4 && ip4.src == $pg_4ba177cd_3820_4528_afd5_02d821464eb7_ip4, action=allow-related, log=False, may_exist=True, severity=[], name=[], meter=[], external_ids={'neutron:security_group_rule_id': '45c8bf43-6fda-45cf-a983-a6b33cd8a6cf'}) {{(pid=103304) do_commit /opt/stack/data/venv/lib/python3.12/site-packages/ovsdbapp/backend/ovs_idl/transaction.py:89}}
May 14 10:18:12.039359 np0000174130 devstack@neutron-api.service[103304]: DEBUG ovsdbapp.backend.ovs_idl.transaction [-] Running txn n=1 command(idx=2): PgAclAddCommand(_result=None, entity=pg_4ba177cd_3820_4528_afd5_02d821464eb7, direction=from-lport, priority=1002, match=inport == @pg_4ba177cd_3820_4528_afd5_02d821464eb7 && ip6, action=allow-related, log=False, may_exist=True, severity=[], name=[], meter=[], external_ids={'neutron:security_group_rule_id': '89237990-50db-4466-92b6-f7c910ddaf3e'}) {{(pid=103304) do_commit /opt/stack/data/venv/lib/python3.12/site-packages/ovsdbapp/backend/ovs_idl/transaction.py:89}}
May 14 10:18:12.039925 np0000174130 devstack@neutron-api.service[103304]: DEBUG ovsdbapp.backend.ovs_idl.transaction [-] Running txn n=1 command(idx=3): PgAclAddCommand(_result=None, entity=pg_4ba177cd_3820_4528_afd5_02d821464eb7, direction=from-lport, priority=1002, match=inport == @pg_4ba177cd_3820_4528_afd5_02d821464eb7 && ip4, action=allow-related, log=False, may_exist=True, severity=[], name=[], meter=[], external_ids={'neutron:security_group_rule_id': 'c3809e11-3d10-4723-bb1a-6b46d62bc873'}) {{(pid=103304) do_commit /opt/stack/data/venv/lib/python3.12/site-packages/ovsdbapp/backend/ovs_idl/transaction.py:89}}
May 14 10:18:12.040441 np0000174130 devstack@neutron-api.service[103304]: DEBUG ovsdbapp.backend.ovs_idl.transaction [-] Running txn n=1 command(idx=4): PgAclAddCommand(_result=None, entity=pg_4ba177cd_3820_4528_afd5_02d821464eb7, direction=to-lport, priority=1002, match=outport == @pg_4ba177cd_3820_4528_afd5_02d821464eb7 && ip6 && ip6.src == $pg_4ba177cd_3820_4528_afd5_02d821464eb7_ip6, action=allow-related, log=False, may_exist=True, severity=[], name=[], meter=[], external_ids={'neutron:security_group_rule_id': 'dbb3ccc9-f05f-4dfb-83e4-09664ed1f67e'}) {{(pid=103304) do_commit /opt/stack/data/venv/lib/python3.12/site-packages/ovsdbapp/backend/ovs_idl/transaction.py:89}}
May 14 10:18:12.080766 np0000174130 devstack@neutron-api.service[103302]: DEBUG neutron.plugins.ml2.drivers.ovn.mech_driver.ovsdb.ovsdb_monitor [-] Hash Ring: Node e0171ef81cb55c89ae8c5c8d2dbee148 (host: np0000174130) handling event "create" for row 509cbab7-b12f-4e1e-8052-e060d13ddbbd (table: ACL) {{(pid=103302) notify /opt/stack/neutron/neutron/plugins/ml2/drivers/ovn/mech_driver/ovsdb/ovsdb_monitor.py:942}}
May 14 10:18:12.081317 np0000174130 devstack@neutron-api.service[103304]: DEBUG neutron.plugins.ml2.drivers.ovn.mech_driver.ovsdb.ovsdb_monitor [-] Hash Ring: Node 6747922d6d755c8a8c1426f86cc5c66a (host: np0000174130) handling event "create" for row 2daad852-722d-4c55-8ff8-bc86f7f41365 (table: ACL) {{(pid=103304) notify /opt/stack/neutron/neutron/plugins/ml2/drivers/ovn/mech_driver/ovsdb/ovsdb_monitor.py:942}}
May 14 10:18:12.081423 np0000174130 devstack@neutron-api.service[103302]: DEBUG neutron.plugins.ml2.drivers.ovn.mech_driver.ovsdb.ovsdb_monitor [-] Hash Ring: Node e0171ef81cb55c89ae8c5c8d2dbee148 (host: np0000174130) handling event "create" for row 6498e667-ec30-4890-b988-6d241f0cb2d5 (table: ACL) {{(pid=103302) notify /opt/stack/neutron/neutron/plugins/ml2/drivers/ovn/mech_driver/ovsdb/ovsdb_monitor.py:942}}
May 14 10:18:12.081423 np0000174130 devstack@neutron-api.service[103302]: DEBUG neutron.plugins.ml2.drivers.ovn.mech_driver.ovsdb.ovsdb_monitor [-] Hash Ring: Node e0171ef81cb55c89ae8c5c8d2dbee148 (host: np0000174130) handling event "create" for row edca425c-3692-4585-987d-c09088db0c86 (table: ACL) {{(pid=103302) notify /opt/stack/neutron/neutron/plugins/ml2/drivers/ovn/mech_driver/ovsdb/ovsdb_monitor.py:942}}
May 14 10:18:12.081423 np0000174130 devstack@neutron-api.service[103302]: DEBUG neutron.plugins.ml2.drivers.ovn.mech_driver.ovsdb.ovsdb_monitor [-] Hash Ring: Node e0171ef81cb55c89ae8c5c8d2dbee148 (host: np0000174130) handling event "create" for row 16fb0106-760a-4cb7-b49f-84864c4bd0c8 (table: Port_Group) {{(pid=103302) notify /opt/stack/neutron/neutron/plugins/ml2/drivers/ovn/mech_driver/ovsdb/ovsdb_monitor.py:942}}
May 14 10:18:12.081623 np0000174130 devstack@neutron-api.service[103304]: DEBUG neutron.plugins.ml2.drivers.ovn.mech_driver.ovsdb.ovsdb_monitor [-] Hash Ring: Node 6747922d6d755c8a8c1426f86cc5c66a (host: np0000174130) handling event "create" for row 6498e667-ec30-4890-b988-6d241f0cb2d5 (table: ACL) {{(pid=103304) notify /opt/stack/neutron/neutron/plugins/ml2/drivers/ovn/mech_driver/ovsdb/ovsdb_monitor.py:942}}
May 14 10:18:12.110040 np0000174130 devstack@neutron-api.service[103304]: INFO neutron.db.ovn_revision_numbers_db [None req-e79d2662-e026-4dec-9210-82f683bda186 admin admin] Successfully bumped revision number for resource 4ba177cd-3820-4528-afd5-02d821464eb7 (type: security_groups) to 1
May 14 10:18:12.129128 np0000174130 devstack@neutron-api.service[103304]: INFO neutron.db.ovn_revision_numbers_db [None req-e79d2662-e026-4dec-9210-82f683bda186 admin admin] Successfully bumped revision number for resource 45c8bf43-6fda-45cf-a983-a6b33cd8a6cf (type: security_group_rules) to 0
May 14 10:18:12.144116 np0000174130 devstack@neutron-api.service[103304]: INFO neutron.db.ovn_revision_numbers_db [None req-e79d2662-e026-4dec-9210-82f683bda186 admin admin] Successfully bumped revision number for resource 89237990-50db-4466-92b6-f7c910ddaf3e (type: security_group_rules) to 0
May 14 10:18:12.157764 np0000174130 devstack@neutron-api.service[103304]: INFO neutron.db.ovn_revision_numbers_db [None req-e79d2662-e026-4dec-9210-82f683bda186 admin admin] Successfully bumped revision number for resource c3809e11-3d10-4723-bb1a-6b46d62bc873 (type: security_group_rules) to 0
May 14 10:18:12.172493 np0000174130 devstack@neutron-api.service[103304]: INFO neutron.db.ovn_revision_numbers_db [None req-e79d2662-e026-4dec-9210-82f683bda186 admin admin] Successfully bumped revision number for resource dbb3ccc9-f05f-4dfb-83e4-09664ed1f67e (type: security_group_rules) to 0
May 14 10:18:12.195367 np0000174130 devstack@neutron-api.service[103304]: DEBUG neutron.api.rpc.handlers.resources_rpc [None req-e79d2662-e026-4dec-9210-82f683bda186 admin admin] Pushing event updated for resources: {'SecurityGroup': ['ID=4ba177cd-3820-4528-afd5-02d821464eb7,revision_number=1']} {{(pid=103304) push /opt/stack/neutron/neutron/api/rpc/handlers/resources_rpc.py:237}}
May 14 10:18:12.202198 np0000174130 devstack@neutron-api.service[103304]: DEBUG ovsdbapp.backend.ovs_idl.transaction [-] Running txn n=1 command(idx=0): CheckLivenessCommand(_result=None) {{(pid=103304) do_commit /opt/stack/data/venv/lib/python3.12/site-packages/ovsdbapp/backend/ovs_idl/transaction.py:89}}
May 14 10:18:12.208638 np0000174130 devstack@neutron-api.service[103304]: DEBUG neutron.api.rpc.callbacks.version_manager [None req-e79d2662-e026-4dec-9210-82f683bda186 admin admin] Tracked resource versions report:
May 14 10:18:12.208638 np0000174130 devstack@neutron-api.service[103304]: pushed versions:
May 14 10:18:12.208638 np0000174130 devstack@neutron-api.service[103304]: { 'AddressGroup': {'1.2'},
May 14 10:18:12.208638 np0000174130 devstack@neutron-api.service[103304]: 'Agent': {'1.1'},
May 14 10:18:12.208638 np0000174130 devstack@neutron-api.service[103304]: 'ConntrackHelper': {'1.0'},
May 14 10:18:12.208638 np0000174130 devstack@neutron-api.service[103304]: 'LocalIPAssociation': {'1.0'},
May 14 10:18:12.208638 np0000174130 devstack@neutron-api.service[103304]: 'Log': {'1.0'},
May 14 10:18:12.208638 np0000174130 devstack@neutron-api.service[103304]: 'NDPProxy': {'1.0'},
May 14 10:18:12.208638 np0000174130 devstack@neutron-api.service[103304]: 'Network': {'1.2'},
May 14 10:18:12.208638 np0000174130 devstack@neutron-api.service[103304]: 'Port': {'1.10'},
May 14 10:18:12.208638 np0000174130 devstack@neutron-api.service[103304]: 'PortForwarding': {'1.3'},
May 14 10:18:12.208638 np0000174130 devstack@neutron-api.service[103304]: 'QosPolicy': {'1.10'},
May 14 10:18:12.208638 np0000174130 devstack@neutron-api.service[103304]: 'SecurityGroup': {'1.6'},
May 14 10:18:12.208638 np0000174130 devstack@neutron-api.service[103304]: 'SecurityGroupRule': {'1.3'},
May 14 10:18:12.208638 np0000174130 devstack@neutron-api.service[103304]: 'SubPort': {'1.0'},
May 14 10:18:12.208638 np0000174130 devstack@neutron-api.service[103304]: 'Subnet': {'1.2'},
May 14 10:18:12.208638 np0000174130 devstack@neutron-api.service[103304]: 'Trunk': {'1.1'}}
May 14 10:18:12.208638 np0000174130 devstack@neutron-api.service[103304]: consumer versions:
May 14 10:18:12.208638 np0000174130 devstack@neutron-api.service[103304]: {}
May 14 10:18:12.208638 np0000174130 devstack@neutron-api.service[103304]: {{(pid=103304) report /opt/stack/neutron/neutron/api/rpc/callbacks/version_manager.py:183}}
May 14 10:18:12.210742 np0000174130 devstack@neutron-api.service[103302]: DEBUG neutron.plugins.ml2.drivers.ovn.mech_driver.ovsdb.ovsdb_monitor [-] Hash Ring: Node e0171ef81cb55c89ae8c5c8d2dbee148 (host: np0000174130) handling event "update" for row e58fd27d-0eb6-473a-a2c3-32ee2c249a42 (table: NB_Global) {{(pid=103302) notify /opt/stack/neutron/neutron/plugins/ml2/drivers/ovn/mech_driver/ovsdb/ovsdb_monitor.py:942}}
May 14 10:18:12.211098 np0000174130 devstack@neutron-api.service[103305]: DEBUG neutron.plugins.ml2.drivers.ovn.mech_driver.ovsdb.ovsdb_monitor [-] ChassisAgentWriteEvent : Matched Chassis_Private, update, None None {{(pid=103305) matches /opt/stack/neutron/neutron/plugins/ml2/drivers/ovn/mech_driver/ovsdb/ovsdb_monitor.py:64}}
May 14 10:18:12.214347 np0000174130 devstack@neutron-api.service[103302]: DEBUG neutron.plugins.ml2.drivers.ovn.mech_driver.ovsdb.ovsdb_monitor [-] Hash Ring: Node e0171ef81cb55c89ae8c5c8d2dbee148 (host: np0000174130) handling event "update" for row e58fd27d-0eb6-473a-a2c3-32ee2c249a42 (table: NB_Global) {{(pid=103302) notify /opt/stack/neutron/neutron/plugins/ml2/drivers/ovn/mech_driver/ovsdb/ovsdb_monitor.py:942}}
May 14 10:18:12.214347 np0000174130 devstack@neutron-api.service[103302]: DEBUG neutron.plugins.ml2.drivers.ovn.mech_driver.ovsdb.ovsdb_monitor [-] ChassisAgentWriteEvent : Matched Chassis_Private, update, None None {{(pid=103302) matches /opt/stack/neutron/neutron/plugins/ml2/drivers/ovn/mech_driver/ovsdb/ovsdb_monitor.py:64}}
May 14 10:18:12.215330 np0000174130 devstack@neutron-api.service[103302]: DEBUG neutron.plugins.ml2.drivers.ovn.mech_driver.ovsdb.ovsdb_monitor [-] Hash Ring: Node e0171ef81cb55c89ae8c5c8d2dbee148 (host: np0000174130) handling event "update" for row 94018ef2-e900-45e6-8b97-80b68e786710 (table: Chassis_Private) {{(pid=103302) notify /opt/stack/neutron/neutron/plugins/ml2/drivers/ovn/mech_driver/ovsdb/ovsdb_monitor.py:942}}
May 14 10:18:12.216931 np0000174130 devstack@neutron-api.service[103304]: DEBUG neutron.plugins.ml2.drivers.ovn.mech_driver.ovsdb.ovsdb_monitor [-] ChassisAgentWriteEvent : Matched Chassis_Private, update, None None {{(pid=103304) matches /opt/stack/neutron/neutron/plugins/ml2/drivers/ovn/mech_driver/ovsdb/ovsdb_monitor.py:64}}
May 14 10:18:12.217603 np0000174130 devstack@neutron-api.service[103305]: DEBUG neutron.common.ovn.hash_ring_manager [-] Allow caching, nodes 4>=4 {{(pid=103305) _wait_startup_before_caching /opt/stack/neutron/neutron/common/ovn/hash_ring_manager.py:65}}
May 14 10:18:12.217935 np0000174130 devstack@neutron-api.service[103305]: DEBUG neutron.plugins.ml2.drivers.ovn.mech_driver.ovsdb.ovsdb_monitor [-] Hash Ring: Node 4a0d9a7c8ba559b5965e38b853a46c2f (host: np0000174130) handling event "update" for row 94018ef2-e900-45e6-8b97-80b68e786710 (table: Chassis_Private) {{(pid=103305) notify /opt/stack/neutron/neutron/plugins/ml2/drivers/ovn/mech_driver/ovsdb/ovsdb_monitor.py:942}}
May 14 10:18:12.218484 np0000174130 devstack@neutron-api.service[103303]: DEBUG neutron.plugins.ml2.drivers.ovn.mech_driver.ovsdb.ovsdb_monitor [-] ChassisAgentWriteEvent : Matched Chassis_Private, update, None None {{(pid=103303) matches /opt/stack/neutron/neutron/plugins/ml2/drivers/ovn/mech_driver/ovsdb/ovsdb_monitor.py:64}}
May 14 10:18:12.218926 np0000174130 devstack@neutron-api.service[103302]: DEBUG neutron.plugins.ml2.drivers.ovn.mech_driver.ovsdb.ovsdb_monitor [-] Hash Ring: Node e0171ef81cb55c89ae8c5c8d2dbee148 (host: np0000174130) handling event "update" for row e58fd27d-0eb6-473a-a2c3-32ee2c249a42 (table: NB_Global) {{(pid=103302) notify /opt/stack/neutron/neutron/plugins/ml2/drivers/ovn/mech_driver/ovsdb/ovsdb_monitor.py:942}}
May 14 10:18:12.219918 np0000174130 devstack@neutron-api.service[103302]: DEBUG neutron.plugins.ml2.drivers.ovn.mech_driver.ovsdb.ovsdb_monitor [-] Hash Ring: Node e0171ef81cb55c89ae8c5c8d2dbee148 (host: np0000174130) handling event "update" for row e58fd27d-0eb6-473a-a2c3-32ee2c249a42 (table: NB_Global) {{(pid=103302) notify /opt/stack/neutron/neutron/plugins/ml2/drivers/ovn/mech_driver/ovsdb/ovsdb_monitor.py:942}}
May 14 10:18:12.220129 np0000174130 devstack@neutron-api.service[103305]: DEBUG neutron.plugins.ml2.drivers.ovn.mech_driver.ovsdb.ovsdb_monitor [-] ChassisOVNAgentWriteEvent : Matched Chassis_Private, update, None None {{(pid=103305) matches /opt/stack/neutron/neutron/plugins/ml2/drivers/ovn/mech_driver/ovsdb/ovsdb_monitor.py:64}}
May 14 10:18:12.220129 np0000174130 devstack@neutron-api.service[103305]: DEBUG neutron.plugins.ml2.drivers.ovn.mech_driver.ovsdb.ovsdb_monitor [-] Hash Ring: Node 4a0d9a7c8ba559b5965e38b853a46c2f (host: np0000174130) handling event "update" for row 94018ef2-e900-45e6-8b97-80b68e786710 (table: Chassis_Private) {{(pid=103305) notify /opt/stack/neutron/neutron/plugins/ml2/drivers/ovn/mech_driver/ovsdb/ovsdb_monitor.py:942}}
May 14 10:18:12.220354 np0000174130 devstack@neutron-api.service[103303]: DEBUG neutron.plugins.ml2.drivers.ovn.mech_driver.ovsdb.ovsdb_monitor [-] ChassisOVNAgentWriteEvent : Matched Chassis_Private, update, None None {{(pid=103303) matches /opt/stack/neutron/neutron/plugins/ml2/drivers/ovn/mech_driver/ovsdb/ovsdb_monitor.py:64}}
May 14 10:18:12.220495 np0000174130 devstack@neutron-api.service[103302]: DEBUG neutron.plugins.ml2.drivers.ovn.mech_driver.ovsdb.ovsdb_monitor [-] ChassisOVNAgentWriteEvent : Matched Chassis_Private, update, None None {{(pid=103302) matches /opt/stack/neutron/neutron/plugins/ml2/drivers/ovn/mech_driver/ovsdb/ovsdb_monitor.py:64}}
May 14 10:18:12.220812 np0000174130 devstack@neutron-api.service[103304]: DEBUG neutron.plugins.ml2.drivers.ovn.mech_driver.ovsdb.ovsdb_monitor [-] ChassisOVNAgentWriteEvent : Matched Chassis_Private, update, None None {{(pid=103304) matches /opt/stack/neutron/neutron/plugins/ml2/drivers/ovn/mech_driver/ovsdb/ovsdb_monitor.py:64}}
May 14 10:18:12.221250 np0000174130 devstack@neutron-api.service[103302]: DEBUG neutron.plugins.ml2.drivers.ovn.mech_driver.ovsdb.ovsdb_monitor [-] Hash Ring: Node e0171ef81cb55c89ae8c5c8d2dbee148 (host: np0000174130) handling event "update" for row 94018ef2-e900-45e6-8b97-80b68e786710 (table: Chassis_Private) {{(pid=103302) notify /opt/stack/neutron/neutron/plugins/ml2/drivers/ovn/mech_driver/ovsdb/ovsdb_monitor.py:942}}
May 14 10:18:12.271944 np0000174130 devstack@neutron-api.service[103304]: DEBUG neutron.plugins.ml2.drivers.helpers [None req-e79d2662-e026-4dec-9210-82f683bda186 admin admin] geneve segment allocate from pool success with {'geneve_vni': 60843} {{(pid=103304) allocate_partially_specified_segment /opt/stack/neutron/neutron/plugins/ml2/drivers/helpers.py:142}}
May 14 10:18:12.283896 np0000174130 devstack@neutron-api.service[103304]: DEBUG neutron_lib.callbacks.manager [None req-e79d2662-e026-4dec-9210-82f683bda186 admin admin] Publish callbacks ['neutron.services.segments.db._add_segment_host_mapping_for_segment-8268165587818', 'neutron.plugins.ml2.plugin.Ml2Plugin._handle_segment_change-3101763'] for segment (84b33a5b-e850-4702-bb0f-126efa06897e), precommit_create {{(pid=103304) _notify_loop /opt/stack/data/venv/lib/python3.12/site-packages/neutron_lib/callbacks/manager.py:184}}
May 14 10:18:12.284058 np0000174130 devstack@neutron-api.service[103304]: INFO neutron.db.segments_db [None req-e79d2662-e026-4dec-9210-82f683bda186 admin admin] Added segment 84b33a5b-e850-4702-bb0f-126efa06897e of type geneve for network d6b4251b-65ee-4dda-bac7-c903cb218cbc
May 14 10:18:12.332147 np0000174130 devstack@neutron-api.service[103304]: DEBUG neutron_lib.callbacks.manager [None req-e79d2662-e026-4dec-9210-82f683bda186 admin admin] Publish callbacks ['neutron.services.auto_allocate.db._ensure_external_network_default_value_callback-8268163793150'] for network (d6b4251b-65ee-4dda-bac7-c903cb218cbc), precommit_create {{(pid=103304) _notify_loop /opt/stack/data/venv/lib/python3.12/site-packages/neutron_lib/callbacks/manager.py:184}}
May 14 10:18:12.347720 np0000174130 devstack@neutron-api.service[103304]: DEBUG neutron.plugins.ml2.drivers.ovn.mech_driver.mech_driver [None req-e79d2662-e026-4dec-9210-82f683bda186 admin admin] Validating network segment with type geneve, segmentation ID 60843, physical network None {{(pid=103304) _validate_network_segments /opt/stack/neutron/neutron/plugins/ml2/drivers/ovn/mech_driver/mech_driver.py:641}}
May 14 10:18:12.347876 np0000174130 devstack@neutron-api.service[103304]: DEBUG neutron.db.ovn_revision_numbers_db [None req-e79d2662-e026-4dec-9210-82f683bda186 admin admin] create_initial_revision uuid=d6b4251b-65ee-4dda-bac7-c903cb218cbc, type=networks, rev=-1 {{(pid=103304) create_initial_revision /opt/stack/neutron/neutron/db/ovn_revision_numbers_db.py:98}}
May 14 10:18:12.360824 np0000174130 devstack@neutron-api.service[103304]: DEBUG neutron_lib.callbacks.manager [None req-e79d2662-e026-4dec-9210-82f683bda186 admin admin] Publish callbacks ['neutron.plugins.ml2.ovo_rpc._ObjectChangeHandler.handle_event-31968630'] for network (d6b4251b-65ee-4dda-bac7-c903cb218cbc), after_create {{(pid=103304) _notify_loop /opt/stack/data/venv/lib/python3.12/site-packages/neutron_lib/callbacks/manager.py:184}}
May 14 10:18:12.408687 np0000174130 devstack@neutron-api.service[103304]: DEBUG neutron.api.rpc.handlers.resources_rpc [None req-e79d2662-e026-4dec-9210-82f683bda186 admin admin] Pushing event updated for resources: {'Network': ['ID=d6b4251b-65ee-4dda-bac7-c903cb218cbc,revision_number=1']} {{(pid=103304) push /opt/stack/neutron/neutron/api/rpc/handlers/resources_rpc.py:237}}
May 14 10:18:12.417095 np0000174130 devstack@neutron-api.service[103304]: DEBUG ovsdbapp.backend.ovs_idl.transaction [-] Running txn n=1 command(idx=0): AddNetworkCommand(_result=None, network_uuid=d6b4251b-65ee-4dda-bac7-c903cb218cbc, may_exist=True, columns={'external_ids': {'neutron:network_name': 'private', 'neutron:mtu': '1372', 'neutron:revision_number': '1', 'neutron:availability_zone_hints': '', 'neutron:provnet-network-type': 'geneve'}, 'other_config': {'mcast_snoop': 'false', 'mcast_flood_unregistered': 'false', 'vlan-passthru': 'false'}}) {{(pid=103304) do_commit /opt/stack/data/venv/lib/python3.12/site-packages/ovsdbapp/backend/ovs_idl/transaction.py:89}}
May 14 10:18:12.417865 np0000174130 devstack@neutron-api.service[103304]: DEBUG neutron.common.ovn.utils [-] OVS persist_uuid supported=True {{(pid=103304) ovs_persist_uuid_supported /opt/stack/neutron/neutron/common/ovn/utils.py:1537}}
May 14 10:18:12.422879 np0000174130 devstack@neutron-api.service[103303]: DEBUG neutron.plugins.ml2.drivers.ovn.mech_driver.ovsdb.ovsdb_monitor [-] Hash Ring: Node b2197c9b749c5e2d9b0082fe7f3dbafd (host: np0000174130) handling event "create" for row d6b4251b-65ee-4dda-bac7-c903cb218cbc (table: Logical_Switch) {{(pid=103303) notify /opt/stack/neutron/neutron/plugins/ml2/drivers/ovn/mech_driver/ovsdb/ovsdb_monitor.py:942}}
May 14 10:18:12.430604 np0000174130 devstack@neutron-api.service[103305]: DEBUG neutron.plugins.ml2.drivers.ovn.mech_driver.ovsdb.ovsdb_monitor [-] Hash Ring: Node 4a0d9a7c8ba559b5965e38b853a46c2f (host: np0000174130) handling event "create" for row 01cda0c5-f396-4213-a9d2-a805da4f1262 (table: Datapath_Binding) {{(pid=103305) notify /opt/stack/neutron/neutron/plugins/ml2/drivers/ovn/mech_driver/ovsdb/ovsdb_monitor.py:942}}
May 14 10:18:12.458994 np0000174130 devstack@neutron-api.service[103304]: INFO neutron.db.ovn_revision_numbers_db [None req-e79d2662-e026-4dec-9210-82f683bda186 admin admin] Successfully bumped revision number for resource d6b4251b-65ee-4dda-bac7-c903cb218cbc (type: networks) to 1
May 14 10:18:12.522178 np0000174130 devstack@neutron-api.service[103304]: DEBUG neutron_lib.callbacks.manager [None req-e79d2662-e026-4dec-9210-82f683bda186 admin admin] Publish callbacks ['neutron.plugins.ml2.plugin.SecurityGroupDbMixin._ensure_default_security_group_handler-3373415'] for port (None), before_create {{(pid=103304) _notify_loop /opt/stack/data/venv/lib/python3.12/site-packages/neutron_lib/callbacks/manager.py:184}}
May 14 10:18:12.626638 np0000174130 devstack@neutron-api.service[103304]: DEBUG neutron_lib.callbacks.manager [None req-e79d2662-e026-4dec-9210-82f683bda186 admin admin] Publish callbacks ['neutron.plugins.ml2.drivers.ovn.mech_driver.mech_driver.OVNMechanismDriver._validate_allowed_address_pairs-366992'] for allowed_address_pair (b9638302-0150-49ea-976c-7dff0953f13c), before_create {{(pid=103304) _notify_loop /opt/stack/data/venv/lib/python3.12/site-packages/neutron_lib/callbacks/manager.py:184}}
May 14 10:18:12.627617 np0000174130 devstack@neutron-api.service[103304]: DEBUG neutron_lib.callbacks.manager [None req-e79d2662-e026-4dec-9210-82f683bda186 admin admin] Publish callbacks [] for port (b9638302-0150-49ea-976c-7dff0953f13c), precommit_create {{(pid=103304) _notify_loop /opt/stack/data/venv/lib/python3.12/site-packages/neutron_lib/callbacks/manager.py:184}}
May 14 10:18:12.627617 np0000174130 devstack@neutron-api.service[103304]: DEBUG neutron.plugins.ml2.drivers.ovn.mech_driver.mech_driver [None req-e79d2662-e026-4dec-9210-82f683bda186 admin admin] No provisioning block for port b9638302-0150-49ea-976c-7dff0953f13c since it does not have a host {{(pid=103304) _is_port_provisioning_required /opt/stack/neutron/neutron/plugins/ml2/drivers/ovn/mech_driver/mech_driver.py:894}}
May 14 10:18:12.627617 np0000174130 devstack@neutron-api.service[103304]: DEBUG neutron.db.ovn_revision_numbers_db [None req-e79d2662-e026-4dec-9210-82f683bda186 admin admin] create_initial_revision uuid=b9638302-0150-49ea-976c-7dff0953f13c, type=ports, rev=-1 {{(pid=103304) create_initial_revision /opt/stack/neutron/neutron/db/ovn_revision_numbers_db.py:98}}
May 14 10:18:12.862070 np0000174130 devstack@neutron-api.service[103304]: DEBUG neutron_lib.callbacks.manager [None req-e79d2662-e026-4dec-9210-82f683bda186 admin admin] Publish callbacks ['neutron.plugins.ml2.ovo_rpc._ObjectChangeHandler.handle_event-31968543'] for port (b9638302-0150-49ea-976c-7dff0953f13c), after_create {{(pid=103304) _notify_loop /opt/stack/data/venv/lib/python3.12/site-packages/neutron_lib/callbacks/manager.py:184}}
May 14 10:18:12.927038 np0000174130 devstack@neutron-api.service[103304]: DEBUG neutron.api.rpc.handlers.resources_rpc [None req-e79d2662-e026-4dec-9210-82f683bda186 admin admin] Pushing event updated for resources: {'Port': ['ID=b9638302-0150-49ea-976c-7dff0953f13c,revision_number=1']} {{(pid=103304) push /opt/stack/neutron/neutron/api/rpc/handlers/resources_rpc.py:237}}
May 14 10:18:12.980017 np0000174130 devstack@neutron-api.service[103304]: DEBUG ovsdbapp.backend.ovs_idl.transaction [-] Running txn n=1 command(idx=0): AddLSwitchPortCommand(_result=None, lport=b9638302-0150-49ea-976c-7dff0953f13c, lswitch=neutron-d6b4251b-65ee-4dda-bac7-c903cb218cbc, may_exist=True, network_uuid=d6b4251b-65ee-4dda-bac7-c903cb218cbc, columns={'addresses': ['fa:16:3e:56:da:2a'], 'external_ids': {'neutron:port_name': '', 'neutron:device_id': 'ovnmeta-d6b4251b-65ee-4dda-bac7-c903cb218cbc', 'neutron:project_id': 'e615197e0fab48afb4a177397952dd68', 'neutron:cidrs': '', 'neutron:device_owner': 'network:distributed', 'neutron:subnet_pool_addr_scope4': '', 'neutron:subnet_pool_addr_scope6': '', 'neutron:network_name': 'neutron-d6b4251b-65ee-4dda-bac7-c903cb218cbc', 'neutron:security_group_ids': '', 'neutron:revision_number': '1', 'neutron:vnic_type': 'normal', 'neutron:port_capabilities': '', 'neutron:mtu': ''}, 'parent_name': [], 'tag': [], 'enabled': True, 'options': {}, 'type': 'localport', 'port_security': [], 'dhcpv4_options': [], 'dhcpv6_options': []}) {{(pid=103304) do_commit /opt/stack/data/venv/lib/python3.12/site-packages/ovsdbapp/backend/ovs_idl/transaction.py:89}}
