May 14 10:18:03.222109 np0000174130 devstack@neutron-api.service[103302]: DEBUG neutron_lib.callbacks.manager [None req-2e47ae05-0051-4d08-b893-2fa94fc76530 None None] Subscribe: > security_group after_update 55550000, False {{(pid=103302) subscribe /opt/stack/data/venv/lib/python3.12/site-packages/neutron_lib/callbacks/manager.py:52}}
May 14 10:18:03.222208 np0000174130 devstack@neutron-api.service[103302]: DEBUG neutron_lib.callbacks.manager [None req-2e47ae05-0051-4d08-b893-2fa94fc76530 None None] Subscribe: > security_group after_delete 55550000, False {{(pid=103302) subscribe /opt/stack/data/venv/lib/python3.12/site-packages/neutron_lib/callbacks/manager.py:52}}
May 14 10:18:03.222260 np0000174130 devstack@neutron-api.service[103303]: DEBUG neutron.db.servicetype_db [None req-088e098c-ea7e-41e4-a74a-296dd1f94af7 None None] Adding provider configuration for service L3_ROUTER_NAT {{(pid=103303) add_provider_configuration /opt/stack/neutron/neutron/db/servicetype_db.py:45}}
May 14 10:18:03.222285 np0000174130 devstack@neutron-api.service[103302]: DEBUG neutron_lib.callbacks.manager [None req-2e47ae05-0051-4d08-b893-2fa94fc76530 None None] Subscribe: > security_group_rule after_create 55550000, False {{(pid=103302) subscribe /opt/stack/data/venv/lib/python3.12/site-packages/neutron_lib/callbacks/manager.py:52}}
May 14 10:18:03.222355 np0000174130 devstack@neutron-api.service[103302]: DEBUG neutron_lib.callbacks.manager [None req-2e47ae05-0051-4d08-b893-2fa94fc76530 None None] Subscribe: > security_group_rule after_update 55550000, False {{(pid=103302) subscribe /opt/stack/data/venv/lib/python3.12/site-packages/neutron_lib/callbacks/manager.py:52}}
May 14 10:18:03.222449 np0000174130 devstack@neutron-api.service[103302]: DEBUG neutron_lib.callbacks.manager [None req-2e47ae05-0051-4d08-b893-2fa94fc76530 None None] Subscribe: > security_group_rule after_delete 55550000, False {{(pid=103302) subscribe /opt/stack/data/venv/lib/python3.12/site-packages/neutron_lib/callbacks/manager.py:52}}
May 14 10:18:03.222554 np0000174130 devstack@neutron-api.service[103302]: DEBUG neutron_lib.callbacks.manager [None req-2e47ae05-0051-4d08-b893-2fa94fc76530 None None] Subscribe: > address_group after_create 55550000, False {{(pid=103302) subscribe /opt/stack/data/venv/lib/python3.12/site-packages/neutron_lib/callbacks/manager.py:52}}
May 14 10:18:03.222678 np0000174130 devstack@neutron-api.service[103302]: DEBUG neutron_lib.callbacks.manager [None req-2e47ae05-0051-4d08-b893-2fa94fc76530 None None] Subscribe: > address_group after_update 55550000, False {{(pid=103302) subscribe /opt/stack/data/venv/lib/python3.12/site-packages/neutron_lib/callbacks/manager.py:52}}
May 14 10:18:03.222745 np0000174130 devstack@neutron-api.service[103302]: DEBUG neutron_lib.callbacks.manager [None req-2e47ae05-0051-4d08-b893-2fa94fc76530 None None] Subscribe: > address_group after_delete 55550000, False {{(pid=103302) subscribe /opt/stack/data/venv/lib/python3.12/site-packages/neutron_lib/callbacks/manager.py:52}}
May 14 10:18:03.222833 np0000174130 devstack@neutron-api.service[103302]: DEBUG neutron.plugins.ml2.ovo_rpc [None req-2e47ae05-0051-4d08-b893-2fa94fc76530 None None] ML2 OVO RPC backend initialized. {{(pid=103302) __init__ /opt/stack/neutron/neutron/plugins/ml2/ovo_rpc.py:117}}
May 14 10:18:03.223445 np0000174130 devstack@neutron-api.service[103303]: DEBUG neutron_lib.callbacks.manager [None req-088e098c-ea7e-41e4-a74a-296dd1f94af7 None None] Subscribe: > router precommit_create 55549900, False {{(pid=103303) subscribe /opt/stack/data/venv/lib/python3.12/site-packages/neutron_lib/callbacks/manager.py:52}}
May 14 10:18:03.223545 np0000174130 devstack@neutron-api.service[103303]: DEBUG neutron_lib.callbacks.manager [None req-088e098c-ea7e-41e4-a74a-296dd1f94af7 None None] Subscribe: > router_interface after_create 55550000, False {{(pid=103303) subscribe /opt/stack/data/venv/lib/python3.12/site-packages/neutron_lib/callbacks/manager.py:52}}
May 14 10:18:03.223600 np0000174130 devstack@neutron-api.service[103302]: INFO neutron.quota [None req-2e47ae05-0051-4d08-b893-2fa94fc76530 None None] Loaded quota_driver: .
May 14 10:18:03.223650 np0000174130 devstack@neutron-api.service[103303]: DEBUG neutron_lib.callbacks.manager [None req-088e098c-ea7e-41e4-a74a-296dd1f94af7 None None] Subscribe: > floatingip after_create 55550000, False {{(pid=103303) subscribe /opt/stack/data/venv/lib/python3.12/site-packages/neutron_lib/callbacks/manager.py:52}}
May 14 10:18:03.223724 np0000174130 devstack@neutron-api.service[103302]: INFO neutron.plugins.ml2.plugin [None req-2e47ae05-0051-4d08-b893-2fa94fc76530 None None] Modular L2 Plugin initialization complete
May 14 10:18:03.223759 np0000174130 devstack@neutron-api.service[103303]: DEBUG neutron_lib.callbacks.manager [None req-088e098c-ea7e-41e4-a74a-296dd1f94af7 None None] Subscribe: > floatingip precommit_create 55550000, False {{(pid=103303) subscribe /opt/stack/data/venv/lib/python3.12/site-packages/neutron_lib/callbacks/manager.py:52}}
May 14 10:18:03.223839 np0000174130 devstack@neutron-api.service[103302]: DEBUG neutron.manager [None req-2e47ae05-0051-4d08-b893-2fa94fc76530 None None] Loading services supported by the core plugin {{(pid=103302) _load_services_from_core_plugin /opt/stack/neutron/neutron/manager.py:170}}
May 14 10:18:03.223891 np0000174130 devstack@neutron-api.service[103303]: DEBUG neutron_lib.callbacks.manager [None req-088e098c-ea7e-41e4-a74a-296dd1f94af7 None None] Subscribe: > floatingip precommit_update 55550000, False {{(pid=103303) subscribe /opt/stack/data/venv/lib/python3.12/site-packages/neutron_lib/callbacks/manager.py:52}}
May 14 10:18:03.223938 np0000174130 devstack@neutron-api.service[103302]: INFO neutron.plugins.ml2.managers [None req-2e47ae05-0051-4d08-b893-2fa94fc76530 None None] Got port-security extension from driver 'port_security'
May 14 10:18:03.223982 np0000174130 devstack@neutron-api.service[103303]: DEBUG neutron_lib.callbacks.manager [None req-088e098c-ea7e-41e4-a74a-296dd1f94af7 None None] Subscribe: > floatingip after_delete 55550000, False {{(pid=103303) subscribe /opt/stack/data/venv/lib/python3.12/site-packages/neutron_lib/callbacks/manager.py:52}}
May 14 10:18:03.224046 np0000174130 devstack@neutron-api.service[103303]: DEBUG neutron_lib.callbacks.manager [None req-088e098c-ea7e-41e4-a74a-296dd1f94af7 None None] Subscribe: > floatingip after_status_update 55550000, False {{(pid=103303) subscribe /opt/stack/data/venv/lib/python3.12/site-packages/neutron_lib/callbacks/manager.py:52}}
May 14 10:18:03.224185 np0000174130 devstack@neutron-api.service[103303]: DEBUG neutron_lib.callbacks.manager [None req-088e098c-ea7e-41e4-a74a-296dd1f94af7 None None] Subscribe: > floatingip after_update 55550000, False {{(pid=103303) subscribe /opt/stack/data/venv/lib/python3.12/site-packages/neutron_lib/callbacks/manager.py:52}}
May 14 10:18:03.224271 np0000174130 devstack@neutron-api.service[103302]: DEBUG neutron.manager [None req-2e47ae05-0051-4d08-b893-2fa94fc76530 None None] Loading service plugins: ['ovn-router', 'auto_allocate', 'tag', 'timestamp', 'network_ip_availability', 'flavors', 'revisions'] {{(pid=103302) _load_service_plugins /opt/stack/neutron/neutron/manager.py:195}}
May 14 10:18:03.224297 np0000174130 devstack@neutron-api.service[103303]: DEBUG neutron_lib.callbacks.manager [None req-088e098c-ea7e-41e4-a74a-296dd1f94af7 None None] Subscribe: > port_forwarding after_create 55550000, False {{(pid=103303) subscribe /opt/stack/data/venv/lib/python3.12/site-packages/neutron_lib/callbacks/manager.py:52}}
May 14 10:18:03.224352 np0000174130 devstack@neutron-api.service[103303]: DEBUG neutron_lib.callbacks.manager [None req-088e098c-ea7e-41e4-a74a-296dd1f94af7 None None] Subscribe: > router_interface after_delete 55550000, False {{(pid=103303) subscribe /opt/stack/data/venv/lib/python3.12/site-packages/neutron_lib/callbacks/manager.py:52}}
May 14 10:18:03.224446 np0000174130 devstack@neutron-api.service[103302]: INFO neutron.manager [None req-2e47ae05-0051-4d08-b893-2fa94fc76530 None None] Loading Plugin: ovn-router
May 14 10:18:03.224480 np0000174130 devstack@neutron-api.service[103303]: DEBUG neutron_lib.callbacks.manager [None req-088e098c-ea7e-41e4-a74a-296dd1f94af7 None None] Subscribe: > router after_create 55550000, False {{(pid=103303) subscribe /opt/stack/data/venv/lib/python3.12/site-packages/neutron_lib/callbacks/manager.py:52}}
May 14 10:18:03.224595 np0000174130 devstack@neutron-api.service[103303]: DEBUG neutron_lib.callbacks.manager [None req-088e098c-ea7e-41e4-a74a-296dd1f94af7 None None] Subscribe: > router precommit_create 55550000, False {{(pid=103303) subscribe /opt/stack/data/venv/lib/python3.12/site-packages/neutron_lib/callbacks/manager.py:52}}
May 14 10:18:03.224660 np0000174130 devstack@neutron-api.service[103303]: DEBUG neutron_lib.callbacks.manager [None req-088e098c-ea7e-41e4-a74a-296dd1f94af7 None None] Subscribe: > router after_delete 55550000, False {{(pid=103303) subscribe /opt/stack/data/venv/lib/python3.12/site-packages/neutron_lib/callbacks/manager.py:52}}
May 14 10:18:03.224768 np0000174130 devstack@neutron-api.service[103303]: DEBUG neutron_lib.callbacks.manager [None req-088e098c-ea7e-41e4-a74a-296dd1f94af7 None None] Subscribe: > router after_update 55550000, False {{(pid=103303) subscribe /opt/stack/data/venv/lib/python3.12/site-packages/neutron_lib/callbacks/manager.py:52}}
May 14 10:18:03.224870 np0000174130 devstack@neutron-api.service[103303]: DEBUG neutron.services.service_base [None req-088e098c-ea7e-41e4-a74a-296dd1f94af7 None None] Loaded 'neutron.services.ovn_l3.service_providers.ovn.OvnDriver' provider for service L3_ROUTER_NAT {{(pid=103303) load_drivers /opt/stack/neutron/neutron/services/service_base.py:49}}
May 14 10:18:03.224995 np0000174130 devstack@neutron-api.service[103303]: DEBUG neutron_lib.callbacks.manager [None req-088e098c-ea7e-41e4-a74a-296dd1f94af7 None None] Subscribe: > process after_init 55550001, True {{(pid=103303) subscribe /opt/stack/data/venv/lib/python3.12/site-packages/neutron_lib/callbacks/manager.py:52}}
May 14 10:18:03.225161 np0000174130 devstack@neutron-api.service[103303]: DEBUG neutron.manager [None req-088e098c-ea7e-41e4-a74a-296dd1f94af7 None None] Successfully loaded L3_ROUTER_NAT plugin. Description: L3 Router Service Plugin for basic L3 forwarding using OVN {{(pid=103303) _create_and_add_service_plugin /opt/stack/neutron/neutron/manager.py:239}}
May 14 10:18:03.225247 np0000174130 devstack@neutron-api.service[103303]: INFO neutron.manager [None req-088e098c-ea7e-41e4-a74a-296dd1f94af7 None None] Loading Plugin: auto_allocate
May 14 10:18:03.226128 np0000174130 devstack@neutron-api.service[103303]: DEBUG neutron_lib.callbacks.manager [None req-088e098c-ea7e-41e4-a74a-296dd1f94af7 None None] Subscribe: network precommit_update 55550000, False {{(pid=103303) subscribe /opt/stack/data/venv/lib/python3.12/site-packages/neutron_lib/callbacks/manager.py:52}}
May 14 10:18:03.226238 np0000174130 devstack@neutron-api.service[103303]: DEBUG neutron_lib.callbacks.manager [None req-088e098c-ea7e-41e4-a74a-296dd1f94af7 None None] Subscribe: network precommit_create 55550000, False {{(pid=103303) subscribe /opt/stack/data/venv/lib/python3.12/site-packages/neutron_lib/callbacks/manager.py:52}}
May 14 10:18:03.226477 np0000174130 devstack@neutron-api.service[103303]: DEBUG neutron.manager [None req-088e098c-ea7e-41e4-a74a-296dd1f94af7 None None] Successfully loaded auto-allocated-topology plugin. Description: Auto Allocated Topology - aka get me a network. {{(pid=103303) _create_and_add_service_plugin /opt/stack/neutron/neutron/manager.py:239}}
May 14 10:18:03.226580 np0000174130 devstack@neutron-api.service[103303]: INFO neutron.manager [None req-088e098c-ea7e-41e4-a74a-296dd1f94af7 None None] Loading Plugin: tag
May 14 10:18:03.229715 np0000174130 devstack@neutron-api.service[103303]: DEBUG neutron.manager [None req-088e098c-ea7e-41e4-a74a-296dd1f94af7 None None] Successfully loaded TAG plugin. Description: Tag support {{(pid=103303) _create_and_add_service_plugin /opt/stack/neutron/neutron/manager.py:239}}
May 14 10:18:03.229841 np0000174130 devstack@neutron-api.service[103303]: INFO neutron.manager [None req-088e098c-ea7e-41e4-a74a-296dd1f94af7 None None] Loading Plugin: timestamp
May 14 10:18:03.231010 np0000174130 devstack@neutron-api.service[103303]: DEBUG neutron.manager [None req-088e098c-ea7e-41e4-a74a-296dd1f94af7 None None] Successfully loaded timestamp plugin. Description: Adds timestamps to Neutron resources with standard attributes {{(pid=103303) _create_and_add_service_plugin /opt/stack/neutron/neutron/manager.py:239}}
May 14 10:18:03.231084 np0000174130 devstack@neutron-api.service[103303]: INFO neutron.manager [None req-088e098c-ea7e-41e4-a74a-296dd1f94af7 None None] Loading Plugin: network_ip_availability
May 14 10:18:03.232527 np0000174130 devstack@neutron-api.service[103303]: DEBUG neutron.manager [None req-088e098c-ea7e-41e4-a74a-296dd1f94af7 None None] Successfully loaded network-ip-availability plugin. Description: Provides IP availability data for each network and subnet. {{(pid=103303) _create_and_add_service_plugin /opt/stack/neutron/neutron/manager.py:239}}
May 14 10:18:03.232642 np0000174130 devstack@neutron-api.service[103303]: INFO neutron.manager [None req-088e098c-ea7e-41e4-a74a-296dd1f94af7 None None] Loading Plugin: flavors
May 14 10:18:03.233731 np0000174130 devstack@neutron-api.service[103303]: DEBUG neutron.manager [None req-088e098c-ea7e-41e4-a74a-296dd1f94af7 None None] Successfully loaded FLAVORS plugin. Description: Neutron Flavors and Service Profiles manager plugin {{(pid=103303) _create_and_add_service_plugin /opt/stack/neutron/neutron/manager.py:239}}
May 14 10:18:03.233731 np0000174130 devstack@neutron-api.service[103303]: INFO neutron.manager [None req-088e098c-ea7e-41e4-a74a-296dd1f94af7 None None] Loading Plugin: revisions
May 14 10:18:03.234309 np0000174130 devstack@neutron-api.service[103302]: DEBUG neutron_lib.callbacks.manager [None req-2e47ae05-0051-4d08-b893-2fa94fc76530 None None] Subscribe: > router before_delete 55550000, False {{(pid=103302) subscribe /opt/stack/data/venv/lib/python3.12/site-packages/neutron_lib/callbacks/manager.py:52}}
May 14 10:18:03.234309 np0000174130 devstack@neutron-api.service[103302]: DEBUG neutron_lib.callbacks.manager [None req-2e47ae05-0051-4d08-b893-2fa94fc76530 None None] Subscribe: port before_update 55550000, False {{(pid=103302) subscribe /opt/stack/data/venv/lib/python3.12/site-packages/neutron_lib/callbacks/manager.py:52}}
May 14 10:18:03.234309 np0000174130 devstack@neutron-api.service[103302]: DEBUG neutron_lib.callbacks.manager [None req-2e47ae05-0051-4d08-b893-2fa94fc76530 None None] Subscribe: port after_update 55550000, False {{(pid=103302) subscribe /opt/stack/data/venv/lib/python3.12/site-packages/neutron_lib/callbacks/manager.py:52}}
May 14 10:18:03.234780 np0000174130 devstack@neutron-api.service[103302]: DEBUG neutron_lib.callbacks.manager [None req-2e47ae05-0051-4d08-b893-2fa94fc76530 None None] Subscribe: > port precommit_delete 55550000, False {{(pid=103302) subscribe /opt/stack/data/venv/lib/python3.12/site-packages/neutron_lib/callbacks/manager.py:52}}
May 14 10:18:03.234780 np0000174130 devstack@neutron-api.service[103302]: DEBUG neutron_lib.callbacks.manager [None req-2e47ae05-0051-4d08-b893-2fa94fc76530 None None] Subscribe: port before_update 55550000, False {{(pid=103302) subscribe /opt/stack/data/venv/lib/python3.12/site-packages/neutron_lib/callbacks/manager.py:52}}
May 14 10:18:03.234780 np0000174130 devstack@neutron-api.service[103302]: DEBUG neutron_lib.callbacks.manager [None req-2e47ae05-0051-4d08-b893-2fa94fc76530 None None] Subscribe: port before_delete 55550000, False {{(pid=103302) subscribe /opt/stack/data/venv/lib/python3.12/site-packages/neutron_lib/callbacks/manager.py:52}}
May 14 10:18:03.234780 np0000174130 devstack@neutron-api.service[103302]: DEBUG neutron_lib.callbacks.manager [None req-2e47ae05-0051-4d08-b893-2fa94fc76530 None None] Subscribe: > router precommit_create 55550000, False {{(pid=103302) subscribe /opt/stack/data/venv/lib/python3.12/site-packages/neutron_lib/callbacks/manager.py:52}}
May 14 10:18:03.234983 np0000174130 devstack@neutron-api.service[103303]: DEBUG neutron.manager [None req-088e098c-ea7e-41e4-a74a-296dd1f94af7 None None] Successfully loaded revision_plugin plugin. Description: Adds revision numbers to resources. {{(pid=103303) _create_and_add_service_plugin /opt/stack/neutron/neutron/manager.py:239}}
May 14 10:18:03.235055 np0000174130 devstack@neutron-api.service[103302]: DEBUG neutron_lib.callbacks.manager [None req-2e47ae05-0051-4d08-b893-2fa94fc76530 None None] Subscribe: > router precommit_create 55550000, False {{(pid=103302) subscribe /opt/stack/data/venv/lib/python3.12/site-packages/neutron_lib/callbacks/manager.py:52}}
May 14 10:18:03.235081 np0000174130 devstack@neutron-api.service[103303]: DEBUG oslo_concurrency.lockutils [None req-088e098c-ea7e-41e4-a74a-296dd1f94af7 None None] Lock "manager" "released" by "neutron.manager.NeutronManager._create_instance" :: held 4.538s {{(pid=103303) inner /opt/stack/data/venv/lib/python3.12/site-packages/oslo_concurrency/lockutils.py:538}}
May 14 10:18:03.235135 np0000174130 devstack@neutron-api.service[103302]: DEBUG neutron_lib.callbacks.manager [None req-2e47ae05-0051-4d08-b893-2fa94fc76530 None None] Subscribe: > router precommit_update 55550000, False {{(pid=103302) subscribe /opt/stack/data/venv/lib/python3.12/site-packages/neutron_lib/callbacks/manager.py:52}}
May 14 10:18:03.235160 np0000174130 devstack@neutron-api.service[103303]: DEBUG neutron.api.extensions [None req-088e098c-ea7e-41e4-a74a-296dd1f94af7 None None] get_extension_paths = OrderedDict({'/opt/stack/neutron/neutron/extensions': 1}) {{(pid=103303) get_extensions_path /opt/stack/neutron/neutron/api/extensions.py:640}}
May 14 10:18:03.235206 np0000174130 devstack@neutron-api.service[103302]: DEBUG neutron_lib.callbacks.manager [None req-2e47ae05-0051-4d08-b893-2fa94fc76530 None None] Subscribe: subnet after_update 55550000, False {{(pid=103302) subscribe /opt/stack/data/venv/lib/python3.12/site-packages/neutron_lib/callbacks/manager.py:52}}
May 14 10:18:03.235237 np0000174130 devstack@neutron-api.service[103303]: INFO neutron.api.extensions [None req-088e098c-ea7e-41e4-a74a-296dd1f94af7 None None] Initializing extension manager.
May 14 10:18:03.235287 np0000174130 devstack@neutron-api.service[103302]: DEBUG neutron.quota.resource_registry [None req-2e47ae05-0051-4d08-b893-2fa94fc76530 None None] Tracking information for resource: router configured {{(pid=103302) set_tracked_resource /opt/stack/neutron/neutron/quota/resource_registry.py:203}}
May 14 10:18:03.235287 np0000174130 devstack@neutron-api.service[103302]: DEBUG neutron.quota.resource_registry [None req-2e47ae05-0051-4d08-b893-2fa94fc76530 None None] Tracking information for resource: floatingip configured {{(pid=103302) set_tracked_resource /opt/stack/neutron/neutron/quota/resource_registry.py:203}}
May 14 10:18:03.235360 np0000174130 devstack@neutron-api.service[103303]: DEBUG neutron.api.extensions [None req-088e098c-ea7e-41e4-a74a-296dd1f94af7 None None] Loading extension file: __init__.py {{(pid=103303) _load_all_extensions_from_path /opt/stack/neutron/neutron/api/extensions.py:449}}
May 14 10:18:03.235386 np0000174130 devstack@neutron-api.service[103302]: INFO neutron.services.ovn_l3.plugin [None req-2e47ae05-0051-4d08-b893-2fa94fc76530 None None] Starting OVNL3RouterPlugin
May 14 10:18:03.235718 np0000174130 devstack@neutron-api.service[103303]: DEBUG neutron.api.extensions [None req-088e098c-ea7e-41e4-a74a-296dd1f94af7 None None] Loading extension file: __pycache__ {{(pid=103303) _load_all_extensions_from_path /opt/stack/neutron/neutron/api/extensions.py:449}}
May 14 10:18:03.235718 np0000174130 devstack@neutron-api.service[103303]: DEBUG neutron.api.extensions [None req-088e098c-ea7e-41e4-a74a-296dd1f94af7 None None] Loading extension file: address_group.py {{(pid=103303) _load_all_extensions_from_path /opt/stack/neutron/neutron/api/extensions.py:449}}
May 14 10:18:03.236168 np0000174130 devstack@neutron-api.service[103302]: DEBUG neutron_lib.callbacks.manager [None req-2e47ae05-0051-4d08-b893-2fa94fc76530 None None] Subscribe: > port_forwarding_plugin after_init 55550000, False {{(pid=103302) subscribe /opt/stack/data/venv/lib/python3.12/site-packages/neutron_lib/callbacks/manager.py:52}}
May 14 10:18:03.236168 np0000174130 devstack@neutron-api.service[103302]: DEBUG neutron_lib.callbacks.manager [None req-2e47ae05-0051-4d08-b893-2fa94fc76530 None None] Subscribe: > router before_create 55550100, False {{(pid=103302) subscribe /opt/stack/data/venv/lib/python3.12/site-packages/neutron_lib/callbacks/manager.py:52}}
May 14 10:18:03.236639 np0000174130 devstack@neutron-api.service[103303]: DEBUG neutron.api.extensions [None req-088e098c-ea7e-41e4-a74a-296dd1f94af7 None None] Ext name="Address group" alias="address-group" description="Support address group" updated="2020-07-15T10:00:00-00:00" {{(pid=103303) _check_extension /opt/stack/neutron/neutron/api/extensions.py:415}}
May 14 10:18:03.236829 np0000174130 devstack@neutron-api.service[103302]: DEBUG neutron_lib.callbacks.manager [None req-2e47ae05-0051-4d08-b893-2fa94fc76530 None None] Subscribe: > router precommit_delete 55550100, False {{(pid=103302) subscribe /opt/stack/data/venv/lib/python3.12/site-packages/neutron_lib/callbacks/manager.py:52}}
May 14 10:18:03.236829 np0000174130 devstack@neutron-api.service[103302]: DEBUG neutron_lib.callbacks.manager [None req-2e47ae05-0051-4d08-b893-2fa94fc76530 None None] Subscribe: > router precommit_create 55550100, False {{(pid=103302) subscribe /opt/stack/data/venv/lib/python3.12/site-packages/neutron_lib/callbacks/manager.py:52}}
May 14 10:18:03.236829 np0000174130 devstack@neutron-api.service[103302]: DEBUG neutron_lib.callbacks.manager [None req-2e47ae05-0051-4d08-b893-2fa94fc76530 None None] Subscribe: > router precommit_update 55550100, False {{(pid=103302) subscribe /opt/stack/data/venv/lib/python3.12/site-packages/neutron_lib/callbacks/manager.py:52}}
May 14 10:18:03.237018 np0000174130 devstack@neutron-api.service[103303]: INFO neutron.api.extensions [None req-088e098c-ea7e-41e4-a74a-296dd1f94af7 None None] Loaded extension: address-group
May 14 10:18:03.237018 np0000174130 devstack@neutron-api.service[103303]: DEBUG neutron.api.extensions [None req-088e098c-ea7e-41e4-a74a-296dd1f94af7 None None] Loading extension file: address_scope.py {{(pid=103303) _load_all_extensions_from_path /opt/stack/neutron/neutron/api/extensions.py:449}}
May 14 10:18:03.237018 np0000174130 devstack@neutron-api.service[103303]: DEBUG neutron.api.extensions [None req-088e098c-ea7e-41e4-a74a-296dd1f94af7 None None] Ext name="Address scope" alias="address-scope" description="Address scopes extension." updated="2015-07-26T10:00:00-00:00" {{(pid=103303) _check_extension /opt/stack/neutron/neutron/api/extensions.py:415}}
May 14 10:18:03.237018 np0000174130 devstack@neutron-api.service[103303]: INFO neutron.api.extensions [None req-088e098c-ea7e-41e4-a74a-296dd1f94af7 None None] Loaded extension: address-scope
May 14 10:18:03.237018 np0000174130 devstack@neutron-api.service[103303]: DEBUG neutron.api.extensions [None req-088e098c-ea7e-41e4-a74a-296dd1f94af7 None None] Loading extension file: admin_state_down_before_update.py {{(pid=103303) _load_all_extensions_from_path /opt/stack/neutron/neutron/api/extensions.py:449}}
May 14 10:18:03.237331 np0000174130 devstack@neutron-api.service[103303]: DEBUG neutron.api.extensions [None req-088e098c-ea7e-41e4-a74a-296dd1f94af7 None None] Ext name="Enforce Router's Admin State Down Before Update Extension" alias="router-admin-state-down-before-update" description="Ensure that the admin state of a router is DOWN (admin_state_up=False) before updating the distributed attribute" updated="2019-07-02T15:56:00" {{(pid=103303) _check_extension /opt/stack/neutron/neutron/api/extensions.py:415}}
May 14 10:18:03.237331 np0000174130 devstack@neutron-api.service[103303]: INFO neutron.api.extensions [None req-088e098c-ea7e-41e4-a74a-296dd1f94af7 None None] Extension router-admin-state-down-before-update not supported by any of loaded plugins
May 14 10:18:03.237488 np0000174130 devstack@neutron-api.service[103303]: DEBUG neutron.api.extensions [None req-088e098c-ea7e-41e4-a74a-296dd1f94af7 None None] Loading extension file: agent.py {{(pid=103303) _load_all_extensions_from_path /opt/stack/neutron/neutron/api/extensions.py:449}}
May 14 10:18:03.238053 np0000174130 devstack@neutron-api.service[103303]: DEBUG neutron.api.extensions [None req-088e098c-ea7e-41e4-a74a-296dd1f94af7 None None] Ext name="agent" alias="agent" description="The agent management extension." updated="2013-02-03T10:00:00-00:00" {{(pid=103303) _check_extension /opt/stack/neutron/neutron/api/extensions.py:415}}
May 14 10:18:03.238053 np0000174130 devstack@neutron-api.service[103303]: INFO neutron.api.extensions [None req-088e098c-ea7e-41e4-a74a-296dd1f94af7 None None] Loaded extension: agent
May 14 10:18:03.238053 np0000174130 devstack@neutron-api.service[103303]: DEBUG neutron.api.extensions [None req-088e098c-ea7e-41e4-a74a-296dd1f94af7 None None] Loading extension file: agent_resources_synced.py {{(pid=103303) _load_all_extensions_from_path /opt/stack/neutron/neutron/api/extensions.py:449}}
May 14 10:18:03.238955 np0000174130 devstack@neutron-api.service[103303]: DEBUG neutron.api.extensions [None req-088e098c-ea7e-41e4-a74a-296dd1f94af7 None None] Ext name="Agent's Resource View Synced to Placement" alias="agent-resources-synced" description="Stores success/failure of last sync to Placement" updated="2018-12-19T00:00:00-00:00" {{(pid=103303) _check_extension /opt/stack/neutron/neutron/api/extensions.py:415}}
May 14 10:18:03.238955 np0000174130 devstack@neutron-api.service[103303]: INFO neutron.api.extensions [None req-088e098c-ea7e-41e4-a74a-296dd1f94af7 None None] Extension agent-resources-synced not supported by any of loaded plugins
May 14 10:18:03.238955 np0000174130 devstack@neutron-api.service[103303]: DEBUG neutron.api.extensions [None req-088e098c-ea7e-41e4-a74a-296dd1f94af7 None None] Loading extension file: agent_sort_key.py {{(pid=103303) _load_all_extensions_from_path /opt/stack/neutron/neutron/api/extensions.py:449}}
May 14 10:18:03.238955 np0000174130 devstack@neutron-api.service[103303]: DEBUG neutron.api.extensions [None req-088e098c-ea7e-41e4-a74a-296dd1f94af7 None None] Ext name="Agents Sort Key" alias="agent_sort_key" description="Enabling the keyword sort_key for sorting in agents." updated="2013-02-03T10:00:00-00:00" {{(pid=103303) _check_extension /opt/stack/neutron/neutron/api/extensions.py:415}}
May 14 10:18:03.238955 np0000174130 devstack@neutron-api.service[103303]: INFO neutron.api.extensions [None req-088e098c-ea7e-41e4-a74a-296dd1f94af7 None None] Extension agent_sort_key not supported by any of loaded plugins
May 14 10:18:03.239490 np0000174130 devstack@neutron-api.service[103303]: DEBUG neutron.api.extensions [None req-088e098c-ea7e-41e4-a74a-296dd1f94af7 None None] Loading extension file: allowedaddresspairs.py {{(pid=103303) _load_all_extensions_from_path /opt/stack/neutron/neutron/api/extensions.py:449}}
May 14 10:18:03.239660 np0000174130 devstack@neutron-api.service[103302]: DEBUG neutron.services.provider_configuration [None req-2e47ae05-0051-4d08-b893-2fa94fc76530 None None] Service providers = [] {{(pid=103302) parse_service_provider_opt /opt/stack/neutron/neutron/services/provider_configuration.py:170}}
May 14 10:18:03.239660 np0000174130 devstack@neutron-api.service[103302]: DEBUG neutron.db.servicetype_db [None req-2e47ae05-0051-4d08-b893-2fa94fc76530 None None] Adding provider configuration for service L3_ROUTER_NAT {{(pid=103302) add_provider_configuration /opt/stack/neutron/neutron/db/servicetype_db.py:45}}
May 14 10:18:03.239762 np0000174130 devstack@neutron-api.service[103303]: DEBUG neutron.api.extensions [None req-088e098c-ea7e-41e4-a74a-296dd1f94af7 None None] Ext name="Allowed Address Pairs" alias="allowed-address-pairs" description="Provides allowed address pairs" updated="2013-07-23T10:00:00-00:00" {{(pid=103303) _check_extension /opt/stack/neutron/neutron/api/extensions.py:415}}
May 14 10:18:03.240001 np0000174130 devstack@neutron-api.service[103303]: INFO neutron.api.extensions [None req-088e098c-ea7e-41e4-a74a-296dd1f94af7 None None] Loaded extension: allowed-address-pairs
May 14 10:18:03.240001 np0000174130 devstack@neutron-api.service[103303]: DEBUG neutron.api.extensions [None req-088e098c-ea7e-41e4-a74a-296dd1f94af7 None None] Loading extension file: auto_allocated_topology.py {{(pid=103303) _load_all_extensions_from_path /opt/stack/neutron/neutron/api/extensions.py:449}}
May 14 10:18:03.240179 np0000174130 devstack@neutron-api.service[103303]: DEBUG neutron.api.extensions [None req-088e098c-ea7e-41e4-a74a-296dd1f94af7 None None] Ext name="Auto Allocated Topology Services" alias="auto-allocated-topology" description="Auto Allocated Topology Services." updated="2016-01-01T00:00:00-00:00" {{(pid=103303) _check_extension /opt/stack/neutron/neutron/api/extensions.py:415}}
May 14 10:18:03.240383 np0000174130 devstack@neutron-api.service[103303]: INFO neutron.api.extensions [None req-088e098c-ea7e-41e4-a74a-296dd1f94af7 None None] Loaded extension: auto-allocated-topology
May 14 10:18:03.240493 np0000174130 devstack@neutron-api.service[103303]: DEBUG neutron.api.extensions [None req-088e098c-ea7e-41e4-a74a-296dd1f94af7 None None] Loading extension file: availability_zone.py {{(pid=103303) _load_all_extensions_from_path /opt/stack/neutron/neutron/api/extensions.py:449}}
May 14 10:18:03.240767 np0000174130 devstack@neutron-api.service[103303]: DEBUG neutron.api.extensions [None req-088e098c-ea7e-41e4-a74a-296dd1f94af7 None None] Ext name="Availability Zone" alias="availability_zone" description="The availability zone extension." updated="2015-01-01T10:00:00-00:00" {{(pid=103303) _check_extension /opt/stack/neutron/neutron/api/extensions.py:415}}
May 14 10:18:03.240859 np0000174130 devstack@neutron-api.service[103302]: DEBUG neutron_lib.callbacks.manager [None req-2e47ae05-0051-4d08-b893-2fa94fc76530 None None] Subscribe: > router precommit_create 55549900, False {{(pid=103302) subscribe /opt/stack/data/venv/lib/python3.12/site-packages/neutron_lib/callbacks/manager.py:52}}
May 14 10:18:03.240962 np0000174130 devstack@neutron-api.service[103303]: INFO neutron.api.extensions [None req-088e098c-ea7e-41e4-a74a-296dd1f94af7 None None] Loaded extension: availability_zone
May 14 10:18:03.240988 np0000174130 devstack@neutron-api.service[103302]: DEBUG neutron_lib.callbacks.manager [None req-2e47ae05-0051-4d08-b893-2fa94fc76530 None None] Subscribe: > router_interface after_create 55550000, False {{(pid=103302) subscribe /opt/stack/data/venv/lib/python3.12/site-packages/neutron_lib/callbacks/manager.py:52}}
May 14 10:18:03.241014 np0000174130 devstack@neutron-api.service[103303]: DEBUG neutron.api.extensions [None req-088e098c-ea7e-41e4-a74a-296dd1f94af7 None None] Loading extension file: availability_zone_filter.py {{(pid=103303) _load_all_extensions_from_path /opt/stack/neutron/neutron/api/extensions.py:449}}
May 14 10:18:03.241134 np0000174130 devstack@neutron-api.service[103302]: DEBUG neutron_lib.callbacks.manager [None req-2e47ae05-0051-4d08-b893-2fa94fc76530 None None] Subscribe: > floatingip after_create 55550000, False {{(pid=103302) subscribe /opt/stack/data/venv/lib/python3.12/site-packages/neutron_lib/callbacks/manager.py:52}}
May 14 10:18:03.241329 np0000174130 devstack@neutron-api.service[103302]: DEBUG neutron_lib.callbacks.manager [None req-2e47ae05-0051-4d08-b893-2fa94fc76530 None None] Subscribe: > floatingip precommit_create 55550000, False {{(pid=103302) subscribe /opt/stack/data/venv/lib/python3.12/site-packages/neutron_lib/callbacks/manager.py:52}}
May 14 10:18:03.241359 np0000174130 devstack@neutron-api.service[103303]: DEBUG neutron.api.extensions [None req-088e098c-ea7e-41e4-a74a-296dd1f94af7 None None] Ext name="Availability Zone Filter Extension" alias="availability_zone_filter" description="Add filter parameters to AvailabilityZone resource" updated="2018-06-22T10:00:00-00:00" {{(pid=103303) _check_extension /opt/stack/neutron/neutron/api/extensions.py:415}}
May 14 10:18:03.241427 np0000174130 devstack@neutron-api.service[103302]: DEBUG neutron_lib.callbacks.manager [None req-2e47ae05-0051-4d08-b893-2fa94fc76530 None None] Subscribe: > floatingip precommit_update 55550000, False {{(pid=103302) subscribe /opt/stack/data/venv/lib/python3.12/site-packages/neutron_lib/callbacks/manager.py:52}}
May 14 10:18:03.241427 np0000174130 devstack@neutron-api.service[103302]: DEBUG neutron_lib.callbacks.manager [None req-2e47ae05-0051-4d08-b893-2fa94fc76530 None None] Subscribe: > floatingip after_delete 55550000, False {{(pid=103302) subscribe /opt/stack/data/venv/lib/python3.12/site-packages/neutron_lib/callbacks/manager.py:52}}
May 14 10:18:03.241492 np0000174130 devstack@neutron-api.service[103303]: INFO neutron.api.extensions [None req-088e098c-ea7e-41e4-a74a-296dd1f94af7 None None] Extension availability_zone_filter not supported by any of loaded plugins
May 14 10:18:03.241569 np0000174130 devstack@neutron-api.service[103302]: DEBUG neutron_lib.callbacks.manager [None req-2e47ae05-0051-4d08-b893-2fa94fc76530 None None] Subscribe: > floatingip after_status_update 55550000, False {{(pid=103302) subscribe /opt/stack/data/venv/lib/python3.12/site-packages/neutron_lib/callbacks/manager.py:52}}
May 14 10:18:03.241595 np0000174130 devstack@neutron-api.service[103303]: DEBUG neutron.api.extensions [None req-088e098c-ea7e-41e4-a74a-296dd1f94af7 None None] Loading extension file: data_plane_status.py {{(pid=103303) _load_all_extensions_from_path /opt/stack/neutron/neutron/api/extensions.py:449}}
May 14 10:18:03.241699 np0000174130 devstack@neutron-api.service[103302]: DEBUG neutron_lib.callbacks.manager [None req-2e47ae05-0051-4d08-b893-2fa94fc76530 None None] Subscribe: > floatingip after_update 55550000, False {{(pid=103302) subscribe /opt/stack/data/venv/lib/python3.12/site-packages/neutron_lib/callbacks/manager.py:52}}
May 14 10:18:03.241860 np0000174130 devstack@neutron-api.service[103302]: DEBUG neutron_lib.callbacks.manager [None req-2e47ae05-0051-4d08-b893-2fa94fc76530 None None] Subscribe: > port_forwarding after_create 55550000, False {{(pid=103302) subscribe /opt/stack/data/venv/lib/python3.12/site-packages/neutron_lib/callbacks/manager.py:52}}
May 14 10:18:03.242016 np0000174130 devstack@neutron-api.service[103303]: DEBUG neutron.api.extensions [None req-088e098c-ea7e-41e4-a74a-296dd1f94af7 None None] Ext name="Port data plane status extension" alias="data-plane-status" description="Expose status of underlying data plane" updated="2017-01-24T10:00:00-00:00" {{(pid=103303) _check_extension /opt/stack/neutron/neutron/api/extensions.py:415}}
May 14 10:18:03.242154 np0000174130 devstack@neutron-api.service[103302]: DEBUG neutron_lib.callbacks.manager [None req-2e47ae05-0051-4d08-b893-2fa94fc76530 None None] Subscribe: > router_interface after_delete 55550000, False {{(pid=103302) subscribe /opt/stack/data/venv/lib/python3.12/site-packages/neutron_lib/callbacks/manager.py:52}}
May 14 10:18:03.242154 np0000174130 devstack@neutron-api.service[103302]: DEBUG neutron_lib.callbacks.manager [None req-2e47ae05-0051-4d08-b893-2fa94fc76530 None None] Subscribe: > router after_create 55550000, False {{(pid=103302) subscribe /opt/stack/data/venv/lib/python3.12/site-packages/neutron_lib/callbacks/manager.py:52}}
May 14 10:18:03.242332 np0000174130 devstack@neutron-api.service[103303]: INFO neutron.api.extensions [None req-088e098c-ea7e-41e4-a74a-296dd1f94af7 None None] Extension data-plane-status not supported by any of loaded plugins
May 14 10:18:03.242332 np0000174130 devstack@neutron-api.service[103303]: DEBUG neutron.api.extensions [None req-088e098c-ea7e-41e4-a74a-296dd1f94af7 None None] Loading extension file: default_subnetpools.py {{(pid=103303) _load_all_extensions_from_path /opt/stack/neutron/neutron/api/extensions.py:449}}
May 14 10:18:03.242455 np0000174130 devstack@neutron-api.service[103302]: DEBUG neutron_lib.callbacks.manager [None req-2e47ae05-0051-4d08-b893-2fa94fc76530 None None] Subscribe: > router precommit_create 55550000, False {{(pid=103302) subscribe /opt/stack/data/venv/lib/python3.12/site-packages/neutron_lib/callbacks/manager.py:52}}
May 14 10:18:03.242455 np0000174130 devstack@neutron-api.service[103302]: DEBUG neutron_lib.callbacks.manager [None req-2e47ae05-0051-4d08-b893-2fa94fc76530 None None] Subscribe: > router after_delete 55550000, False {{(pid=103302) subscribe /opt/stack/data/venv/lib/python3.12/site-packages/neutron_lib/callbacks/manager.py:52}}
May 14 10:18:03.242455 np0000174130 devstack@neutron-api.service[103302]: DEBUG neutron_lib.callbacks.manager [None req-2e47ae05-0051-4d08-b893-2fa94fc76530 None None] Subscribe: > router after_update 55550000, False {{(pid=103302) subscribe /opt/stack/data/venv/lib/python3.12/site-packages/neutron_lib/callbacks/manager.py:52}}
May 14 10:18:03.242554 np0000174130 devstack@neutron-api.service[103303]: DEBUG neutron.api.extensions [None req-088e098c-ea7e-41e4-a74a-296dd1f94af7 None None] Ext name="Default Subnetpools" alias="default-subnetpools" description="Provides ability to mark and use a subnetpool as the default." updated="2016-02-18T18:00:00-00:00" {{(pid=103303) _check_extension /opt/stack/neutron/neutron/api/extensions.py:415}}
May 14 10:18:03.242611 np0000174130 devstack@neutron-api.service[103302]: DEBUG neutron.services.service_base [None req-2e47ae05-0051-4d08-b893-2fa94fc76530 None None] Loaded 'neutron.services.ovn_l3.service_providers.ovn.OvnDriver' provider for service L3_ROUTER_NAT {{(pid=103302) load_drivers /opt/stack/neutron/neutron/services/service_base.py:49}}
May 14 10:18:03.242665 np0000174130 devstack@neutron-api.service[103303]: INFO neutron.api.extensions [None req-088e098c-ea7e-41e4-a74a-296dd1f94af7 None None] Loaded extension: default-subnetpools
May 14 10:18:03.242693 np0000174130 devstack@neutron-api.service[103302]: DEBUG neutron_lib.callbacks.manager [None req-2e47ae05-0051-4d08-b893-2fa94fc76530 None None] Subscribe: > process after_init 55550001, True {{(pid=103302) subscribe /opt/stack/data/venv/lib/python3.12/site-packages/neutron_lib/callbacks/manager.py:52}}
May 14 10:18:03.242745 np0000174130 devstack@neutron-api.service[103303]: DEBUG neutron.api.extensions [None req-088e098c-ea7e-41e4-a74a-296dd1f94af7 None None] Loading extension file: dhcpagentscheduler.py {{(pid=103303) _load_all_extensions_from_path /opt/stack/neutron/neutron/api/extensions.py:449}}
May 14 10:18:03.242769 np0000174130 devstack@neutron-api.service[103302]: DEBUG neutron.manager [None req-2e47ae05-0051-4d08-b893-2fa94fc76530 None None] Successfully loaded L3_ROUTER_NAT plugin. Description: L3 Router Service Plugin for basic L3 forwarding using OVN {{(pid=103302) _create_and_add_service_plugin /opt/stack/neutron/neutron/manager.py:239}}
May 14 10:18:03.242769 np0000174130 devstack@neutron-api.service[103302]: INFO neutron.manager [None req-2e47ae05-0051-4d08-b893-2fa94fc76530 None None] Loading Plugin: auto_allocate
May 14 10:18:03.243067 np0000174130 devstack@neutron-api.service[103303]: DEBUG neutron.api.extensions [None req-088e098c-ea7e-41e4-a74a-296dd1f94af7 None None] Ext name="DHCP Agent Scheduler" alias="dhcp_agent_scheduler" description="Schedule networks among dhcp agents" updated="2013-02-07T10:00:00-00:00" {{(pid=103303) _check_extension /opt/stack/neutron/neutron/api/extensions.py:415}}
May 14 10:18:03.243253 np0000174130 devstack@neutron-api.service[103303]: INFO neutron.api.extensions [None req-088e098c-ea7e-41e4-a74a-296dd1f94af7 None None] Loaded extension: dhcp_agent_scheduler
May 14 10:18:03.243253 np0000174130 devstack@neutron-api.service[103303]: DEBUG neutron.api.extensions [None req-088e098c-ea7e-41e4-a74a-296dd1f94af7 None None] Loading extension file: dns.py {{(pid=103303) _load_all_extensions_from_path /opt/stack/neutron/neutron/api/extensions.py:449}}
May 14 10:18:03.243505 np0000174130 devstack@neutron-api.service[103303]: DEBUG neutron.api.extensions [None req-088e098c-ea7e-41e4-a74a-296dd1f94af7 None None] Ext name="DNS Integration" alias="dns-integration" description="Provides integration with DNS." updated="2015-08-15T18:00:00-00:00" {{(pid=103303) _check_extension /opt/stack/neutron/neutron/api/extensions.py:415}}
May 14 10:18:03.243670 np0000174130 devstack@neutron-api.service[103302]: DEBUG neutron_lib.callbacks.manager [None req-2e47ae05-0051-4d08-b893-2fa94fc76530 None None] Subscribe: network precommit_update 55550000, False {{(pid=103302) subscribe /opt/stack/data/venv/lib/python3.12/site-packages/neutron_lib/callbacks/manager.py:52}}
May 14 10:18:03.243720 np0000174130 devstack@neutron-api.service[103303]: INFO neutron.api.extensions [None req-088e098c-ea7e-41e4-a74a-296dd1f94af7 None None] Loaded extension: dns-integration
May 14 10:18:03.243833 np0000174130 devstack@neutron-api.service[103302]: DEBUG neutron_lib.callbacks.manager [None req-2e47ae05-0051-4d08-b893-2fa94fc76530 None None] Subscribe: network precommit_create 55550000, False {{(pid=103302) subscribe /opt/stack/data/venv/lib/python3.12/site-packages/neutron_lib/callbacks/manager.py:52}}
May 14 10:18:03.243971 np0000174130 devstack@neutron-api.service[103303]: DEBUG neutron.api.extensions [None req-088e098c-ea7e-41e4-a74a-296dd1f94af7 None None] Loading extension file: dns_domain_ports.py {{(pid=103303) _load_all_extensions_from_path /opt/stack/neutron/neutron/api/extensions.py:449}}
May 14 10:18:03.244113 np0000174130 devstack@neutron-api.service[103302]: DEBUG neutron.manager [None req-2e47ae05-0051-4d08-b893-2fa94fc76530 None None] Successfully loaded auto-allocated-topology plugin. Description: Auto Allocated Topology - aka get me a network. {{(pid=103302) _create_and_add_service_plugin /opt/stack/neutron/neutron/manager.py:239}}
May 14 10:18:03.244160 np0000174130 devstack@neutron-api.service[103303]: DEBUG neutron.api.extensions [None req-088e098c-ea7e-41e4-a74a-296dd1f94af7 None None] Ext name="dns_domain for ports" alias="dns-domain-ports" description="Allows the DNS domain to be specified for a network port." updated="2017-04-24T10:00:00-00:00" {{(pid=103303) _check_extension /opt/stack/neutron/neutron/api/extensions.py:415}}
May 14 10:18:03.244213 np0000174130 devstack@neutron-api.service[103302]: INFO neutron.manager [None req-2e47ae05-0051-4d08-b893-2fa94fc76530 None None] Loading Plugin: tag
May 14 10:18:03.244261 np0000174130 devstack@neutron-api.service[103303]: INFO neutron.api.extensions [None req-088e098c-ea7e-41e4-a74a-296dd1f94af7 None None] Loaded extension: dns-domain-ports
May 14 10:18:03.244261 np0000174130 devstack@neutron-api.service[103303]: DEBUG neutron.api.extensions [None req-088e098c-ea7e-41e4-a74a-296dd1f94af7 None None] Loading extension file: dns_integration_domain_keywords.py {{(pid=103303) _load_all_extensions_from_path /opt/stack/neutron/neutron/api/extensions.py:449}}
May 14 10:18:03.244524 np0000174130 devstack@neutron-api.service[103303]: DEBUG neutron.api.extensions [None req-088e098c-ea7e-41e4-a74a-296dd1f94af7 None None] Ext name="DNS domain names with keywords allowed" alias="dns-integration-domain-keywords" description="Allows to use keywords like , , and as DNS domain name" updated="2020-06-15T18:00:00-00:00" {{(pid=103303) _check_extension /opt/stack/neutron/neutron/api/extensions.py:415}}
May 14 10:18:03.244673 np0000174130 devstack@neutron-api.service[103303]: INFO neutron.api.extensions [None req-088e098c-ea7e-41e4-a74a-296dd1f94af7 None None] Loaded extension: dns-integration-domain-keywords
May 14 10:18:03.244730 np0000174130 devstack@neutron-api.service[103303]: DEBUG neutron.api.extensions [None req-088e098c-ea7e-41e4-a74a-296dd1f94af7 None None] Loading extension file: dvr.py {{(pid=103303) _load_all_extensions_from_path /opt/stack/neutron/neutron/api/extensions.py:449}}
May 14 10:18:03.245001 np0000174130 devstack@neutron-api.service[103303]: DEBUG neutron.api.extensions [None req-088e098c-ea7e-41e4-a74a-296dd1f94af7 None None] Ext name="Distributed Virtual Router" alias="dvr" description="Enables configuration of Distributed Virtual Routers." updated="2014-06-1T10:00:00-00:00" {{(pid=103303) _check_extension /opt/stack/neutron/neutron/api/extensions.py:415}}
May 14 10:18:03.245173 np0000174130 devstack@neutron-api.service[103303]: INFO neutron.api.extensions [None req-088e098c-ea7e-41e4-a74a-296dd1f94af7 None None] Extension dvr not supported by any of loaded plugins
May 14 10:18:03.245324 np0000174130 devstack@neutron-api.service[103303]: DEBUG neutron.api.extensions [None req-088e098c-ea7e-41e4-a74a-296dd1f94af7 None None] Loading extension file: ecmp_routes.py {{(pid=103303) _load_all_extensions_from_path /opt/stack/neutron/neutron/api/extensions.py:449}}
May 14 10:18:03.245498 np0000174130 devstack@neutron-api.service[103303]: DEBUG neutron.api.extensions [None req-088e098c-ea7e-41e4-a74a-296dd1f94af7 None None] Ext name="Equal Cost Multipath Routing" alias="ecmp_routes" description="Allows traffic to reach thesame destination via multiple different links " updated="2020-11-26T18:00:00-00:00" {{(pid=103303) _check_extension /opt/stack/neutron/neutron/api/extensions.py:415}}
May 14 10:18:03.245694 np0000174130 devstack@neutron-api.service[103303]: INFO neutron.api.extensions [None req-088e098c-ea7e-41e4-a74a-296dd1f94af7 None None] Extension ecmp_routes not supported by any of loaded plugins
May 14 10:18:03.245778 np0000174130 devstack@neutron-api.service[103303]: DEBUG neutron.api.extensions [None req-088e098c-ea7e-41e4-a74a-296dd1f94af7 None None] Loading extension file: empty_string_filtering.py {{(pid=103303) _load_all_extensions_from_path /opt/stack/neutron/neutron/api/extensions.py:449}}
May 14 10:18:03.246026 np0000174130 devstack@neutron-api.service[103303]: DEBUG neutron.api.extensions [None req-088e098c-ea7e-41e4-a74a-296dd1f94af7 None None] Ext name="Empty String Filtering Extension" alias="empty-string-filtering" description="Allow filtering by attributes with empty string value" updated="2018-05-01T10:00:00-00:00" {{(pid=103303) _check_extension /opt/stack/neutron/neutron/api/extensions.py:415}}
May 14 10:18:03.246208 np0000174130 devstack@neutron-api.service[103303]: INFO neutron.api.extensions [None req-088e098c-ea7e-41e4-a74a-296dd1f94af7 None None] Loaded extension: empty-string-filtering
May 14 10:18:03.246330 np0000174130 devstack@neutron-api.service[103303]: DEBUG neutron.api.extensions [None req-088e098c-ea7e-41e4-a74a-296dd1f94af7 None None] Loading extension file: expose_l3_conntrack_helper.py {{(pid=103303) _load_all_extensions_from_path /opt/stack/neutron/neutron/api/extensions.py:449}}
May 14 10:18:03.246535 np0000174130 devstack@neutron-api.service[103303]: DEBUG neutron.api.extensions [None req-088e098c-ea7e-41e4-a74a-296dd1f94af7 None None] Ext name="Expose CT target rules for conntrack helper" alias="expose-l3-conntrack-helper" description="Expose allow adding CT target rules for conntrack helper" updated="2019-04-04T10:00:00-00:00" {{(pid=103303) _check_extension /opt/stack/neutron/neutron/api/extensions.py:415}}
May 14 10:18:03.246670 np0000174130 devstack@neutron-api.service[103303]: INFO neutron.api.extensions [None req-088e098c-ea7e-41e4-a74a-296dd1f94af7 None None] Extension expose-l3-conntrack-helper not supported by any of loaded plugins
May 14 10:18:03.246728 np0000174130 devstack@neutron-api.service[103302]: DEBUG neutron.manager [None req-2e47ae05-0051-4d08-b893-2fa94fc76530 None None] Successfully loaded TAG plugin. Description: Tag support {{(pid=103302) _create_and_add_service_plugin /opt/stack/neutron/neutron/manager.py:239}}
May 14 10:18:03.246823 np0000174130 devstack@neutron-api.service[103303]: DEBUG neutron.api.extensions [None req-088e098c-ea7e-41e4-a74a-296dd1f94af7 None None] Loading extension file: expose_port_forwarding_in_fip.py {{(pid=103303) _load_all_extensions_from_path /opt/stack/neutron/neutron/api/extensions.py:449}}
May 14 10:18:03.246942 np0000174130 devstack@neutron-api.service[103302]: INFO neutron.manager [None req-2e47ae05-0051-4d08-b893-2fa94fc76530 None None] Loading Plugin: timestamp
May 14 10:18:03.246997 np0000174130 devstack@neutron-api.service[103303]: DEBUG neutron.api.extensions [None req-088e098c-ea7e-41e4-a74a-296dd1f94af7 None None] Ext name="Expose Floating IP port forwardings" alias="expose-port-forwarding-in-fip" description="Expose port forwarding fields in floating IP response" updated="2018-06-28T16:00:00-00:00" {{(pid=103303) _check_extension /opt/stack/neutron/neutron/api/extensions.py:415}}
May 14 10:18:03.247201 np0000174130 devstack@neutron-api.service[103303]: INFO neutron.api.extensions [None req-088e098c-ea7e-41e4-a74a-296dd1f94af7 None None] Extension expose-port-forwarding-in-fip not supported by any of loaded plugins
May 14 10:18:03.247338 np0000174130 devstack@neutron-api.service[103303]: DEBUG neutron.api.extensions [None req-088e098c-ea7e-41e4-a74a-296dd1f94af7 None None] Loading extension file: external_net.py {{(pid=103303) _load_all_extensions_from_path /opt/stack/neutron/neutron/api/extensions.py:449}}
May 14 10:18:03.247610 np0000174130 devstack@neutron-api.service[103303]: DEBUG neutron.api.extensions [None req-088e098c-ea7e-41e4-a74a-296dd1f94af7 None None] Ext name="Neutron external network" alias="external-net" description="Adds external network attribute to network resource." updated="2013-01-14T10:00:00-00:00" {{(pid=103303) _check_extension /opt/stack/neutron/neutron/api/extensions.py:415}}
