2026-05-27 11:03:51.364 7 INFO neutron.api.v2.resource [None req-6d714241-412a-4ac2-8ee4-c462cec6290f 3367c50fa9e74ccc944d9f5a943dbb80 33f3bd0fc2fd4d68860b65af73b9d509 - - default default] show failed (client error): The resource could not be found. [pid: 7|app: 0|req: 908/2087] 10.0.0.246 () {32 vars in 743 bytes} [Wed May 27 11:03:51 2026] GET /v2.0/subnets/7aabc1c1-b78f-484b-a799-5c95b9c6cdc6/tags/green => generated 99 bytes in 40 msecs (HTTP/1.1 404) 4 headers in 163 bytes (1 switches on core 0) [pid: 7|app: 0|req: 909/2088] 10.0.0.246 () {32 vars in 742 bytes} [Wed May 27 11:03:51 2026] DELETE /v2.0/subnets/7aabc1c1-b78f-484b-a799-5c95b9c6cdc6/tags/red => generated 0 bytes in 53 msecs (HTTP/1.1 204) 2 headers in 112 bytes (1 switches on core 0) [pid: 7|app: 0|req: 910/2089] 10.0.0.246 () {32 vars in 731 bytes} [Wed May 27 11:03:51 2026] GET /v2.0/subnets/7aabc1c1-b78f-484b-a799-5c95b9c6cdc6/tags => generated 30 bytes in 39 msecs (HTTP/1.1 200) 4 headers in 156 bytes (1 switches on core 0)
2026-05-27 11:03:51.525 8 WARNING neutron.scheduler.dhcp_agent_scheduler [None req-8e142faa-50d3-4fe2-98e5-b8b7fdd05fd9 97da4ee5f0864732a7847465bfd76f8f 612327652db141dd95049212256d6d1e - - default default] No more DHCP agents
2026-05-27 11:03:51.526 8 WARNING neutron.api.rpc.agentnotifiers.dhcp_rpc_agent_api [None req-8e142faa-50d3-4fe2-98e5-b8b7fdd05fd9 97da4ee5f0864732a7847465bfd76f8f 612327652db141dd95049212256d6d1e - - default default] Unable to schedule network a1ec4c14-c21f-4a9f-b80d-c71e0e59f089: no agents available; will retry on subsequent port and subnet creation events.
2026-05-27 11:03:51.532 7 INFO neutron.api.v2.resource [None req-b8a132a9-2944-486d-9113-3dd1fdc49641 3367c50fa9e74ccc944d9f5a943dbb80 33f3bd0fc2fd4d68860b65af73b9d509 - - default default] delete failed (client error): The resource could not be found. [pid: 7|app: 0|req: 911/2090] 10.0.0.246 () {32 vars in 746 bytes} [Wed May 27 11:03:51 2026] DELETE /v2.0/subnets/7aabc1c1-b78f-484b-a799-5c95b9c6cdc6/tags/green => generated 99 bytes in 61 msecs (HTTP/1.1 404) 4 headers in 163 bytes (1 switches on core 0) [pid: 7|app: 0|req: 912/2091] 10.0.0.246 () {32 vars in 734 bytes} [Wed May 27 11:03:51 2026] DELETE /v2.0/subnets/7aabc1c1-b78f-484b-a799-5c95b9c6cdc6/tags => generated 0 bytes in 50 msecs (HTTP/1.1 204) 2 headers in 112 bytes (1 switches on core 0) [pid: 7|app: 0|req: 913/2092] 10.0.0.246 () {32 vars in 731 bytes} [Wed May 27 11:03:51 2026] GET /v2.0/subnets/7aabc1c1-b78f-484b-a799-5c95b9c6cdc6/tags => generated 12 bytes in 47 msecs (HTTP/1.1 200) 4 headers in 156 bytes (1 switches on core 0)
2026-05-27 11:03:51.738 8 INFO neutron.db.ovn_revision_numbers_db [None req-8e142faa-50d3-4fe2-98e5-b8b7fdd05fd9 97da4ee5f0864732a7847465bfd76f8f 612327652db141dd95049212256d6d1e - - default default] Successfully bumped revision number for resource 036ff5dd-c850-4fc7-949f-91246230a638 (type: ports) to 1 [pid: 7|app: 0|req: 914/2093] 10.0.0.246 () {32 vars in 724 bytes} [Wed May 27 11:03:51 2026] DELETE /v2.0/subnets/7aabc1c1-b78f-484b-a799-5c95b9c6cdc6 => generated 0 bytes in 188 msecs (HTTP/1.1 204) 3 headers in 131 bytes (1 switches on core 0)
2026-05-27 11:03:51.964 7 INFO neutron_taas.services.taas.taas_plugin [None req-45295aa3-49ce-416d-877d-1f0949d39abb 3367c50fa9e74ccc944d9f5a943dbb80 33f3bd0fc2fd4d68860b65af73b9d509 - - default default] TaaS: Handle Delete Port: b4f97254-a57e-455e-a7ec-00e8dce1ad0b
2026-05-27 11:03:51.967 7 INFO neutron_taas.services.taas.tap_mirror_plugin [None req-45295aa3-49ce-416d-877d-1f0949d39abb 3367c50fa9e74ccc944d9f5a943dbb80 33f3bd0fc2fd4d68860b65af73b9d509 - - default default] Tap Mirror: Handle Delete Port: b4f97254-a57e-455e-a7ec-00e8dce1ad0b
2026-05-27 11:03:52.160 7 INFO neutron.services.segments.plugin [-] Segment 58fe5db1-488a-4807-b12d-5db9a6907dd5 resource provider aggregate not found
2026-05-27 11:03:52.163 7 INFO neutron.services.segments.plugin [-] Segment 58fe5db1-488a-4807-b12d-5db9a6907dd5 resource provider aggregate not found
2026-05-27 11:03:52.178 7 INFO neutron.services.segments.plugin [-] Segment 58fe5db1-488a-4807-b12d-5db9a6907dd5 resource provider not found; error: Placement Client Error (4xx): {"errors": [{"status": 404, "title": "Not Found", "detail": "The resource could not be found.\n\n No resource provider with uuid 58fe5db1-488a-4807-b12d-5db9a6907dd5 found for delete ", "request_id": "req-c1260eee-66de-4b94-a6ae-b715bf20b96f"}]}
2026-05-27 11:03:52.183 7 INFO neutron.services.segments.plugin [-] Segment 58fe5db1-488a-4807-b12d-5db9a6907dd5 resource provider not found; error: Placement Client Error (4xx): {"errors": [{"status": 404, "title": "Not Found", "detail": "The resource could not be found.\n\n No resource provider with uuid 58fe5db1-488a-4807-b12d-5db9a6907dd5 found for delete ", "request_id": "req-5c2aa352-9bd4-4225-9821-52ead300d408"}]} [pid: 7|app: 0|req: 915/2094] 10.0.0.246 () {32 vars in 726 bytes} [Wed May 27 11:03:51 2026] DELETE /v2.0/networks/021cc630-7a79-48da-9dc3-f004ae1d751c => generated 0 bytes in 377 msecs (HTTP/1.1 204) 3 headers in 131 bytes (1 switches on core 0)
2026-05-27 11:03:52.869 7 INFO neutron.db.ovn_revision_numbers_db [None req-301f58bd-2a35-4d01-ba88-12bb260988dc 4c4584e32c7043ce88c613e0dd905f6e ad10dfe0ded24da581bfd8339b3b23d8 - - default default] Successfully bumped revision number for resource e046b878-c902-4518-a799-cc203f4ff08d (type: security_groups) to 1
2026-05-27 11:03:52.880 7 INFO neutron.db.ovn_revision_numbers_db [None req-301f58bd-2a35-4d01-ba88-12bb260988dc 4c4584e32c7043ce88c613e0dd905f6e ad10dfe0ded24da581bfd8339b3b23d8 - - default default] Successfully bumped revision number for resource 45a93207-9890-4eb1-b646-64f192ac422e (type: security_group_rules) to 0
2026-05-27 11:03:52.910 7 INFO neutron.db.ovn_revision_numbers_db [None req-301f58bd-2a35-4d01-ba88-12bb260988dc 4c4584e32c7043ce88c613e0dd905f6e ad10dfe0ded24da581bfd8339b3b23d8 - - default default] Successfully bumped revision number for resource 5632a248-232a-4abe-aa7c-d1cf8b57b524 (type: security_group_rules) to 0
2026-05-27 11:03:52.933 7 INFO neutron.db.ovn_revision_numbers_db [None req-301f58bd-2a35-4d01-ba88-12bb260988dc 4c4584e32c7043ce88c613e0dd905f6e ad10dfe0ded24da581bfd8339b3b23d8 - - default default] Successfully bumped revision number for resource 96294f69-81dd-4c8c-9ca4-cea22656c284 (type: security_group_rules) to 0
2026-05-27 11:03:52.947 7 INFO neutron.db.ovn_revision_numbers_db [None req-301f58bd-2a35-4d01-ba88-12bb260988dc 4c4584e32c7043ce88c613e0dd905f6e ad10dfe0ded24da581bfd8339b3b23d8 - - default default] Successfully bumped revision number for resource a5d176bf-c09c-49fd-8684-2de14f954c2c (type: security_group_rules) to 0
2026-05-27 11:03:53.042 7 INFO neutron.db.segments_db [None req-301f58bd-2a35-4d01-ba88-12bb260988dc 4c4584e32c7043ce88c613e0dd905f6e ad10dfe0ded24da581bfd8339b3b23d8 - - default default] Added segment 095038eb-0346-4554-8a45-268faeb4d677 of type geneve for network 6131dd9a-490e-4a4f-ad9b-f2db41760481
2026-05-27 11:03:53.143 8 WARNING neutron.scheduler.dhcp_agent_scheduler [None req-8e142faa-50d3-4fe2-98e5-b8b7fdd05fd9 97da4ee5f0864732a7847465bfd76f8f 612327652db141dd95049212256d6d1e - - default default] No more DHCP agents
2026-05-27 11:03:53.145 8 WARNING neutron.api.rpc.agentnotifiers.dhcp_rpc_agent_api [None req-8e142faa-50d3-4fe2-98e5-b8b7fdd05fd9 97da4ee5f0864732a7847465bfd76f8f 612327652db141dd95049212256d6d1e - - default default] Unable to schedule network a1ec4c14-c21f-4a9f-b80d-c71e0e59f089: no agents available; will retry on subsequent port and subnet creation events.
2026-05-27 11:03:53.223 7 INFO neutron.db.ovn_revision_numbers_db [None req-301f58bd-2a35-4d01-ba88-12bb260988dc 4c4584e32c7043ce88c613e0dd905f6e ad10dfe0ded24da581bfd8339b3b23d8 - - default default] Successfully bumped revision number for resource 6131dd9a-490e-4a4f-ad9b-f2db41760481 (type: networks) to 1
2026-05-27 11:03:53.407 7 WARNING neutron.scheduler.dhcp_agent_scheduler [None req-301f58bd-2a35-4d01-ba88-12bb260988dc 4c4584e32c7043ce88c613e0dd905f6e ad10dfe0ded24da581bfd8339b3b23d8 - - default default] No more DHCP agents
2026-05-27 11:03:53.408 7 WARNING neutron.api.rpc.agentnotifiers.dhcp_rpc_agent_api [None req-301f58bd-2a35-4d01-ba88-12bb260988dc 4c4584e32c7043ce88c613e0dd905f6e ad10dfe0ded24da581bfd8339b3b23d8 - - default default] Unable to schedule network 6131dd9a-490e-4a4f-ad9b-f2db41760481: no agents available; will retry on subsequent port and subnet creation events.
2026-05-27 11:03:53.506 8 INFO neutron.db.ovn_revision_numbers_db [None req-8e142faa-50d3-4fe2-98e5-b8b7fdd05fd9 97da4ee5f0864732a7847465bfd76f8f 612327652db141dd95049212256d6d1e - - default default] Successfully bumped revision number for resource 036ff5dd-c850-4fc7-949f-91246230a638 (type: router_ports) to 1 [pid: 8|app: 0|req: 1180/2095] 10.0.0.246 () {34 vars in 783 bytes} [Wed May 27 11:03:50 2026] PUT /v2.0/routers/c0dd20f9-6a81-40ab-b3d9-c3e9059de14b/add_router_interface => generated 309 bytes in 2660 msecs (HTTP/1.1 200) 4 headers in 157 bytes (1 switches on core 0) [pid: 8|app: 0|req: 1181/2096] 10.0.0.246 () {32 vars in 774 bytes} [Wed May 27 11:03:53 2026] GET /v2.0/security-groups?tenant_id=33f3bd0fc2fd4d68860b65af73b9d509&name=default => generated 2925 bytes in 132 msecs (HTTP/1.1 200) 4 headers in 158 bytes (1 switches on core 0)
2026-05-27 11:03:53.650 7 INFO neutron.db.ovn_revision_numbers_db [None req-301f58bd-2a35-4d01-ba88-12bb260988dc 4c4584e32c7043ce88c613e0dd905f6e ad10dfe0ded24da581bfd8339b3b23d8 - - default default] Successfully bumped revision number for resource b8dc46ac-6c89-46c2-a0b2-67848d92aff1 (type: ports) to 1 [pid: 7|app: 0|req: 916/2097] 10.0.0.246 () {34 vars in 671 bytes} [Wed May 27 11:03:52 2026] POST /v2.0/networks => generated 633 bytes in 1181 msecs (HTTP/1.1 201) 4 headers in 162 bytes (1 switches on core 0)
2026-05-27 11:03:53.860 8 INFO neutron.db.ovn_revision_numbers_db [None req-dbf166ce-3c49-4043-a271-da6e8998f663 87aceb220f6d470cbb7222eb49151dc3 974143db6f134e66b09d3b989f26bf08 - - default default] Successfully bumped revision number for resource 1795879d-f8c6-428b-847f-5729fa4195a7 (type: security_groups) to 1
2026-05-27 11:03:53.873 8 INFO neutron.db.ovn_revision_numbers_db [None req-dbf166ce-3c49-4043-a271-da6e8998f663 87aceb220f6d470cbb7222eb49151dc3 974143db6f134e66b09d3b989f26bf08 - - default default] Successfully bumped revision number for resource 35db7707-12d4-40a4-8c42-5cf60db47675 (type: security_group_rules) to 0
2026-05-27 11:03:53.884 8 INFO neutron.db.ovn_revision_numbers_db [None req-dbf166ce-3c49-4043-a271-da6e8998f663 87aceb220f6d470cbb7222eb49151dc3 974143db6f134e66b09d3b989f26bf08 - - default default] Successfully bumped revision number for resource 8efbb3e9-8c7b-4c91-a295-1d25a4dfd379 (type: security_group_rules) to 0
2026-05-27 11:03:53.895 8 INFO neutron.db.ovn_revision_numbers_db [None req-dbf166ce-3c49-4043-a271-da6e8998f663 87aceb220f6d470cbb7222eb49151dc3 974143db6f134e66b09d3b989f26bf08 - - default default] Successfully bumped revision number for resource a92abfd8-58d3-48bd-92be-7e717576d359 (type: security_group_rules) to 0
2026-05-27 11:03:53.906 8 INFO neutron.db.ovn_revision_numbers_db [None req-dbf166ce-3c49-4043-a271-da6e8998f663 87aceb220f6d470cbb7222eb49151dc3 974143db6f134e66b09d3b989f26bf08 - - default default] Successfully bumped revision number for resource d58f1175-6c6d-41f5-a418-c1ccac7f5f0a (type: security_group_rules) to 0
2026-05-27 11:03:53.979 8 INFO neutron.db.segments_db [None req-dbf166ce-3c49-4043-a271-da6e8998f663 87aceb220f6d470cbb7222eb49151dc3 974143db6f134e66b09d3b989f26bf08 - - default default] Added segment e6201534-eee2-413a-b48c-94c7e4ba97b7 of type geneve for network 4fa36c5c-4839-469e-a2d6-2f85bea8fa5e
2026-05-27 11:03:54.050 8 INFO neutron.db.segments_db [None req-dbf166ce-3c49-4043-a271-da6e8998f663 87aceb220f6d470cbb7222eb49151dc3 974143db6f134e66b09d3b989f26bf08 - - default default] Added segment cd55062e-83f3-4aaa-b4b8-ee33bf167d04 of type geneve for network 5fb6d50c-0c34-4c18-8a13-40af7be330e6
2026-05-27 11:03:54.167 8 INFO neutron.db.ovn_revision_numbers_db [None req-dbf166ce-3c49-4043-a271-da6e8998f663 87aceb220f6d470cbb7222eb49151dc3 974143db6f134e66b09d3b989f26bf08 - - default default] Successfully bumped revision number for resource 4fa36c5c-4839-469e-a2d6-2f85bea8fa5e (type: networks) to 1
2026-05-27 11:03:54.246 7 WARNING neutron.scheduler.dhcp_agent_scheduler [None req-b6531236-fffb-4023-8491-15426997d315 97da4ee5f0864732a7847465bfd76f8f 612327652db141dd95049212256d6d1e - - default default] No more DHCP agents
2026-05-27 11:03:54.248 7 WARNING neutron.api.rpc.agentnotifiers.dhcp_rpc_agent_api [None req-b6531236-fffb-4023-8491-15426997d315 97da4ee5f0864732a7847465bfd76f8f 612327652db141dd95049212256d6d1e - - default default] Unable to schedule network a73c0a10-d810-47a5-afc6-03800df9945e: no agents available; will retry on subsequent port and subnet creation events.
2026-05-27 11:03:54.308 8 WARNING neutron.scheduler.dhcp_agent_scheduler [None req-dbf166ce-3c49-4043-a271-da6e8998f663 87aceb220f6d470cbb7222eb49151dc3 974143db6f134e66b09d3b989f26bf08 - - default default] No more DHCP agents
2026-05-27 11:03:54.309 8 WARNING neutron.api.rpc.agentnotifiers.dhcp_rpc_agent_api [None req-dbf166ce-3c49-4043-a271-da6e8998f663 87aceb220f6d470cbb7222eb49151dc3 974143db6f134e66b09d3b989f26bf08 - - default default] Unable to schedule network 4fa36c5c-4839-469e-a2d6-2f85bea8fa5e: no agents available; will retry on subsequent port and subnet creation events.
2026-05-27 11:03:54.459 8 INFO neutron.db.ovn_revision_numbers_db [None req-dbf166ce-3c49-4043-a271-da6e8998f663 87aceb220f6d470cbb7222eb49151dc3 974143db6f134e66b09d3b989f26bf08 - - default default] Successfully bumped revision number for resource 981f1739-c656-4a5b-917d-89f93b3225d9 (type: ports) to 1
2026-05-27 11:03:54.468 7 INFO neutron.db.ovn_revision_numbers_db [None req-b6531236-fffb-4023-8491-15426997d315 97da4ee5f0864732a7847465bfd76f8f 612327652db141dd95049212256d6d1e - - default default] Successfully bumped revision number for resource 09109c5c-d96c-4fe1-90cc-895f961bea74 (type: ports) to 1
2026-05-27 11:03:54.543 8 INFO neutron.db.ovn_revision_numbers_db [None req-dbf166ce-3c49-4043-a271-da6e8998f663 87aceb220f6d470cbb7222eb49151dc3 974143db6f134e66b09d3b989f26bf08 - - default default] Successfully bumped revision number for resource 5fb6d50c-0c34-4c18-8a13-40af7be330e6 (type: networks) to 1
2026-05-27 11:03:54.694 8 WARNING neutron.scheduler.dhcp_agent_scheduler [None req-dbf166ce-3c49-4043-a271-da6e8998f663 87aceb220f6d470cbb7222eb49151dc3 974143db6f134e66b09d3b989f26bf08 - - default default] No more DHCP agents
2026-05-27 11:03:54.696 8 WARNING neutron.api.rpc.agentnotifiers.dhcp_rpc_agent_api [None req-dbf166ce-3c49-4043-a271-da6e8998f663 87aceb220f6d470cbb7222eb49151dc3 974143db6f134e66b09d3b989f26bf08 - - default default] Unable to schedule network 5fb6d50c-0c34-4c18-8a13-40af7be330e6: no agents available; will retry on subsequent port and subnet creation events.
2026-05-27 11:03:54.801 8 INFO neutron.db.ovn_revision_numbers_db [None req-dbf166ce-3c49-4043-a271-da6e8998f663 87aceb220f6d470cbb7222eb49151dc3 974143db6f134e66b09d3b989f26bf08 - - default default] Successfully bumped revision number for resource 1faea2b7-d63c-464f-8fe5-8d637a36ce5b (type: ports) to 1 [pid: 8|app: 0|req: 1182/2098] 10.0.0.246 () {34 vars in 670 bytes} [Wed May 27 11:03:53 2026] POST /v2.0/networks => generated 1244 bytes in 1181 msecs (HTTP/1.1 201) 4 headers in 163 bytes (1 switches on core 0) [pid: 8|app: 0|req: 1183/2099] 10.0.0.246 () {32 vars in 740 bytes} [Wed May 27 11:03:54 2026] DELETE /v2.0/security-groups/34cdacc4-4fe7-4ac9-b04a-88482e1a0fca => generated 0 bytes in 269 msecs (HTTP/1.1 204) 2 headers in 112 bytes (1 switches on core 0)
2026-05-27 11:03:55.365 7 WARNING neutron.scheduler.dhcp_agent_scheduler [None req-b6531236-fffb-4023-8491-15426997d315 97da4ee5f0864732a7847465bfd76f8f 612327652db141dd95049212256d6d1e - - default default] No more DHCP agents
2026-05-27 11:03:55.366 7 WARNING neutron.api.rpc.agentnotifiers.dhcp_rpc_agent_api [None req-b6531236-fffb-4023-8491-15426997d315 97da4ee5f0864732a7847465bfd76f8f 612327652db141dd95049212256d6d1e - - default default] Unable to schedule network a73c0a10-d810-47a5-afc6-03800df9945e: no agents available; will retry on subsequent port and subnet creation events.
2026-05-27 11:03:55.508 8 WARNING neutron.scheduler.dhcp_agent_scheduler [None req-f7997a92-f680-449f-967f-82a052d869ad 4c4584e32c7043ce88c613e0dd905f6e ad10dfe0ded24da581bfd8339b3b23d8 - - default default] No more DHCP agents
2026-05-27 11:03:55.510 8 WARNING neutron.api.rpc.agentnotifiers.dhcp_rpc_agent_api [None req-f7997a92-f680-449f-967f-82a052d869ad 4c4584e32c7043ce88c613e0dd905f6e ad10dfe0ded24da581bfd8339b3b23d8 - - default default] Unable to schedule network 25459e5c-561c-4514-b2ec-ae9d7a89e34a: no agents available; will retry on subsequent port and subnet creation events.
2026-05-27 11:03:55.687 8 INFO neutron.db.ovn_revision_numbers_db [None req-f7997a92-f680-449f-967f-82a052d869ad 4c4584e32c7043ce88c613e0dd905f6e ad10dfe0ded24da581bfd8339b3b23d8 - - default default] Successfully bumped revision number for resource 63be32d2-00f3-42e8-940a-58da22e3e412 (type: ports) to 1
2026-05-27 11:03:55.825 7 INFO neutron.db.ovn_revision_numbers_db [None req-b6531236-fffb-4023-8491-15426997d315 97da4ee5f0864732a7847465bfd76f8f 612327652db141dd95049212256d6d1e - - default default] Successfully bumped revision number for resource 09109c5c-d96c-4fe1-90cc-895f961bea74 (type: router_ports) to 1 [pid: 7|app: 0|req: 917/2100] 10.0.0.246 () {34 vars in 783 bytes} [Wed May 27 11:03:53 2026] PUT /v2.0/routers/c0dd20f9-6a81-40ab-b3d9-c3e9059de14b/add_router_interface => generated 309 bytes in 2157 msecs (HTTP/1.1 200) 4 headers in 157 bytes (1 switches on core 0) [pid: 7|app: 0|req: 918/2101] 10.0.0.246 () {32 vars in 649 bytes} [Wed May 27 11:03:55 2026] GET /v2.0/networks => generated 1855 bytes in 72 msecs (HTTP/1.1 200) 4 headers in 158 bytes (1 switches on core 0)
2026-05-27 11:03:56.075 7 INFO neutron.db.ovn_revision_numbers_db [None req-3a6216d8-cd09-487d-8ce4-5c6d3ef8cffb 127ae86e8af04981b432b28ead9dbbb3 cb8693cbd5884ffbb464d7e00d8f4118 - - default default] Successfully bumped revision number for resource 5a14a288-aded-4ba6-9a37-f689e9ed9b7e (type: security_groups) to 1
2026-05-27 11:03:56.089 7 WARNING neutron.plugins.ml2.drivers.ovn.mech_driver.ovsdb.ovn_client [None req-f6391427-d0af-498b-baf3-10c634dd6d7e - - - - - -] No hosting information found for port c702475a-5e5e-49e1-9469-b0d4e11b1fb6: RuntimeError: No hosting information found for port c702475a-5e5e-49e1-9469-b0d4e11b1fb6
2026-05-27 11:03:56.092 7 INFO neutron.db.ovn_revision_numbers_db [None req-3a6216d8-cd09-487d-8ce4-5c6d3ef8cffb 127ae86e8af04981b432b28ead9dbbb3 cb8693cbd5884ffbb464d7e00d8f4118 - - default default] Successfully bumped revision number for resource 5f894b93-3f3c-4831-8c29-994785bb4ace (type: security_group_rules) to 0
2026-05-27 11:03:56.121 7 INFO neutron.db.ovn_revision_numbers_db [None req-3a6216d8-cd09-487d-8ce4-5c6d3ef8cffb 127ae86e8af04981b432b28ead9dbbb3 cb8693cbd5884ffbb464d7e00d8f4118 - - default default] Successfully bumped revision number for resource 988b5bef-a8ed-4e54-aa43-5298fefb78b1 (type: security_group_rules) to 0
2026-05-27 11:03:56.144 7 INFO neutron.db.ovn_revision_numbers_db [None req-3a6216d8-cd09-487d-8ce4-5c6d3ef8cffb 127ae86e8af04981b432b28ead9dbbb3 cb8693cbd5884ffbb464d7e00d8f4118 - - default default] Successfully bumped revision number for resource dd00f018-a6bc-4613-a1c1-a2fe567bcfaf (type: security_group_rules) to 0
2026-05-27 11:03:56.168 7 INFO neutron.db.ovn_revision_numbers_db [None req-3a6216d8-cd09-487d-8ce4-5c6d3ef8cffb 127ae86e8af04981b432b28ead9dbbb3 cb8693cbd5884ffbb464d7e00d8f4118 - - default default] Successfully bumped revision number for resource fbe38802-d5f0-451f-872c-f6ce6d1e54a2 (type: security_group_rules) to 0 [pid: 7|app: 0|req: 919/2102] 10.0.0.246 () {32 vars in 774 bytes} [Wed May 27 11:03:55 2026] GET /v2.0/security-groups?tenant_id=293ce42656fc4f9abec80c7276df6cc5&name=default => generated 2925 bytes in 333 msecs (HTTP/1.1 200) 4 headers in 158 bytes (1 switches on core 0)
2026-05-27 11:03:56.246 7 INFO neutron.db.ovn_revision_numbers_db [None req-f6391427-d0af-498b-baf3-10c634dd6d7e - - - - - -] Successfully bumped revision number for resource c702475a-5e5e-49e1-9469-b0d4e11b1fb6 (type: router_ports) to 2
2026-05-27 11:03:56.247 7 INFO neutron.plugins.ml2.drivers.ovn.mech_driver.mech_driver [None req-f6391427-d0af-498b-baf3-10c634dd6d7e - - - - - -] OVN reports status down for port: 036ff5dd-c850-4fc7-949f-91246230a638
2026-05-27 11:03:56.358 7 WARNING neutron.plugins.ml2.drivers.ovn.mech_driver.ovsdb.ovn_client [None req-f6391427-d0af-498b-baf3-10c634dd6d7e - - - - - -] Logical_Switch_Port 036ff5dd-c850-4fc7-949f-91246230a638 host information not removed, the port state is up
2026-05-27 11:03:56.359 7 INFO neutron.plugins.ml2.drivers.ovn.mech_driver.mech_driver [None req-f6391427-d0af-498b-baf3-10c634dd6d7e - - - - - -] OVN reports status up for port: 036ff5dd-c850-4fc7-949f-91246230a638
2026-05-27 11:03:56.392 8 INFO neutron.plugins.ml2.drivers.ovn.mech_driver.ovsdb.commands [-] Schedule LRP lrp-63be32d2-00f3-42e8-940a-58da22e3e412 on gateway dda1938d-7de1-4410-a1fd-2dc69d9d04f0 with priority 1
2026-05-27 11:03:56.421 7 INFO neutron.plugins.ml2.plugin [None req-f6391427-d0af-498b-baf3-10c634dd6d7e - - - - - -] Attempt 1 to provision port 036ff5dd-c850-4fc7-949f-91246230a638
2026-05-27 11:03:56.533 8 INFO neutron.db.ovn_revision_numbers_db [None req-f7997a92-f680-449f-967f-82a052d869ad 4c4584e32c7043ce88c613e0dd905f6e ad10dfe0ded24da581bfd8339b3b23d8 - - default default] Successfully bumped revision number for resource 63be32d2-00f3-42e8-940a-58da22e3e412 (type: router_ports) to 1
2026-05-27 11:03:56.613 8 INFO neutron.db.ovn_revision_numbers_db [None req-f7997a92-f680-449f-967f-82a052d869ad 4c4584e32c7043ce88c613e0dd905f6e ad10dfe0ded24da581bfd8339b3b23d8 - - default default] Successfully bumped revision number for resource 3997b906-f1f7-497b-a37b-5800d7df203e (type: routers) to 2
2026-05-27 11:03:56.623 7 INFO neutron.plugins.ml2.drivers.ovn.mech_driver.ovsdb.ovsdb_monitor [None req-933430d6-d486-461a-b36b-f189ab68e9f0 - - - - - -] Router 3997b906-f1f7-497b-a37b-5800d7df203e is bound to host instance [pid: 8|app: 0|req: 1184/2103] 10.0.0.246 () {34 vars in 669 bytes} [Wed May 27 11:03:55 2026] POST /v2.0/routers => generated 955 bytes in 1535 msecs (HTTP/1.1 201) 4 headers in 162 bytes (1 switches on core 0)
2026-05-27 11:03:56.773 8 INFO neutron_taas.services.taas.taas_plugin [None req-8313f78a-50c5-421d-9841-f4783efdfa07 87aceb220f6d470cbb7222eb49151dc3 974143db6f134e66b09d3b989f26bf08 - - default default] TaaS: Handle Delete Port: 981f1739-c656-4a5b-917d-89f93b3225d9
2026-05-27 11:03:56.777 8 INFO neutron_taas.services.taas.tap_mirror_plugin [None req-8313f78a-50c5-421d-9841-f4783efdfa07 87aceb220f6d470cbb7222eb49151dc3 974143db6f134e66b09d3b989f26bf08 - - default default] Tap Mirror: Handle Delete Port: 981f1739-c656-4a5b-917d-89f93b3225d9
2026-05-27 11:03:56.852 7 INFO neutron.db.ovn_revision_numbers_db [None req-78438ed9-c66d-429c-b1a2-746a9974884c 97da4ee5f0864732a7847465bfd76f8f 612327652db141dd95049212256d6d1e - - default default] Successfully bumped revision number for resource 75f5246a-aa2d-4cc9-b0b4-aa9939ded524 (type: security_groups) to 1
2026-05-27 11:03:56.910 7 INFO neutron.db.ovn_revision_numbers_db [None req-78438ed9-c66d-429c-b1a2-746a9974884c 97da4ee5f0864732a7847465bfd76f8f 612327652db141dd95049212256d6d1e - - default default] Successfully bumped revision number for resource 76d9646b-d977-4964-a329-6aa1ead5fd4e (type: security_group_rules) to 0
2026-05-27 11:03:56.959 7 INFO neutron.db.ovn_revision_numbers_db [None req-78438ed9-c66d-429c-b1a2-746a9974884c 97da4ee5f0864732a7847465bfd76f8f 612327652db141dd95049212256d6d1e - - default default] Successfully bumped revision number for resource 9d27954e-209e-42bf-b78a-403584257a23 (type: security_group_rules) to 0
2026-05-27 11:03:56.974 8 INFO neutron.services.segments.plugin [-] Segment e6201534-eee2-413a-b48c-94c7e4ba97b7 resource provider aggregate not found
2026-05-27 11:03:56.991 8 INFO neutron.services.segments.plugin [-] Segment e6201534-eee2-413a-b48c-94c7e4ba97b7 resource provider aggregate not found
2026-05-27 11:03:57.001 8 INFO neutron.services.segments.plugin [-] Segment e6201534-eee2-413a-b48c-94c7e4ba97b7 resource provider not found; error: Placement Client Error (4xx): {"errors": [{"status": 404, "title": "Not Found", "detail": "The resource could not be found.\n\n No resource provider with uuid e6201534-eee2-413a-b48c-94c7e4ba97b7 found for delete ", "request_id": "req-f2c141e2-6ae0-4b53-9fc8-f6d4269068af"}]}
2026-05-27 11:03:57.019 8 INFO neutron.services.segments.plugin [-] Segment e6201534-eee2-413a-b48c-94c7e4ba97b7 resource provider not found; error: Placement Client Error (4xx): {"errors": [{"status": 404, "title": "Not Found", "detail": "The resource could not be found.\n\n No resource provider with uuid e6201534-eee2-413a-b48c-94c7e4ba97b7 found for delete ", "request_id": "req-3b130e15-7773-4540-b9da-82ef3fe0f8c8"}]} [pid: 8|app: 0|req: 1185/2104] 10.0.0.246 () {32 vars in 726 bytes} [Wed May 27 11:03:56 2026] DELETE /v2.0/networks/4fa36c5c-4839-469e-a2d6-2f85bea8fa5e => generated 0 bytes in 438 msecs (HTTP/1.1 204) 3 headers in 131 bytes (1 switches on core 0) [pid: 7|app: 0|req: 920/2105] 10.0.0.246 () {34 vars in 684 bytes} [Wed May 27 11:03:56 2026] POST /v2.0/security-groups => generated 1628 bytes in 1033 msecs (HTTP/1.1 201) 4 headers in 163 bytes (1 switches on core 0) [pid: 8|app: 0|req: 1186/2106] 10.0.0.246 () {32 vars in 740 bytes} [Wed May 27 11:03:57 2026] DELETE /v2.0/security-groups/5a14a288-aded-4ba6-9a37-f689e9ed9b7e => generated 0 bytes in 333 msecs (HTTP/1.1 204) 2 headers in 112 bytes (1 switches on core 0)
2026-05-27 11:03:57.553 8 INFO neutron_taas.services.taas.taas_plugin [None req-7cfee800-0428-40ba-a61d-5ac8758983ae 87aceb220f6d470cbb7222eb49151dc3 974143db6f134e66b09d3b989f26bf08 - - default default] TaaS: Handle Delete Port: 1faea2b7-d63c-464f-8fe5-8d637a36ce5b
2026-05-27 11:03:57.555 8 INFO neutron_taas.services.taas.tap_mirror_plugin [None req-7cfee800-0428-40ba-a61d-5ac8758983ae 87aceb220f6d470cbb7222eb49151dc3 974143db6f134e66b09d3b989f26bf08 - - default default] Tap Mirror: Handle Delete Port: 1faea2b7-d63c-464f-8fe5-8d637a36ce5b [pid: 7|app: 0|req: 921/2107] 10.0.0.246 () {32 vars in 776 bytes} [Wed May 27 11:03:57 2026] GET /v2.0/subnets?project_id=ad10dfe0ded24da581bfd8339b3b23d8&cidr=10.100.0.0%2F28 => generated 14 bytes in 309 msecs (HTTP/1.1 200) 4 headers in 156 bytes (1 switches on core 0) [pid: 8|app: 0|req: 1187/2108] 10.0.0.246 () {32 vars in 726 bytes} [Wed May 27 11:03:57 2026] DELETE /v2.0/networks/5fb6d50c-0c34-4c18-8a13-40af7be330e6 => generated 0 bytes in 394 msecs (HTTP/1.1 204) 3 headers in 131 bytes (1 switches on core 0) [pid: 8|app: 0|req: 1188/2109] 10.0.0.246 () {32 vars in 694 bytes} [Wed May 27 11:03:57 2026] GET /v2.0/networks?router%3Aexternal=True => generated 753 bytes in 51 msecs (HTTP/1.1 200) 4 headers in 157 bytes (1 switches on core 0) [pid: 8|app: 0|req: 1189/2110] 10.0.0.246 () {32 vars in 649 bytes} [Wed May 27 11:03:57 2026] GET /v2.0/networks => generated 651 bytes in 40 msecs (HTTP/1.1 200) 4 headers in 157 bytes (1 switches on core 0) [pid: 8|app: 0|req: 1190/2111] 10.0.0.246 () {32 vars in 784 bytes} [Wed May 27 11:03:57 2026] GET /v2.0/subnets?network_id=25459e5c-561c-4514-b2ec-ae9d7a89e34a&cidr=10.100.0.0%2F28 => generated 14 bytes in 19 msecs (HTTP/1.1 200) 4 headers in 156 bytes (1 switches on core 0)
2026-05-27 11:03:57.990 7 INFO neutron.db.ovn_revision_numbers_db [None req-f6391427-d0af-498b-baf3-10c634dd6d7e - - - - - -] Successfully bumped revision number for resource 036ff5dd-c850-4fc7-949f-91246230a638 (type: ports) to 2
2026-05-27 11:03:57.990 8 INFO neutron.db.segments_db [None req-60eeaf3a-5961-466f-922a-2491652c6d23 87aceb220f6d470cbb7222eb49151dc3 974143db6f134e66b09d3b989f26bf08 - - default default] Added segment 0e9c1778-e512-44e7-ae98-7607c1024012 of type geneve for network 2c40716c-1145-42da-adb9-87e56f5058d6
2026-05-27 11:03:58.030 7 INFO neutron.db.ovn_revision_numbers_db [None req-7e7be48c-4ea9-4bb7-958c-5edcdd52632e 97da4ee5f0864732a7847465bfd76f8f 612327652db141dd95049212256d6d1e - - default default] Successfully bumped revision number for resource 99737705-8f6e-4aff-9f3e-15877311ddaf (type: security_group_rules) to 0
2026-05-27 11:03:58.124 8 INFO neutron.db.ovn_revision_numbers_db [None req-60eeaf3a-5961-466f-922a-2491652c6d23 87aceb220f6d470cbb7222eb49151dc3 974143db6f134e66b09d3b989f26bf08 - - default default] Successfully bumped revision number for resource 2c40716c-1145-42da-adb9-87e56f5058d6 (type: networks) to 1 [pid: 7|app: 0|req: 922/2112] 10.0.0.246 () {34 vars in 695 bytes} [Wed May 27 11:03:57 2026] POST /v2.0/security-group-rules => generated 597 bytes in 588 msecs (HTTP/1.1 201) 4 headers in 162 bytes (1 switches on core 0)
2026-05-27 11:03:58.303 8 WARNING neutron.scheduler.dhcp_agent_scheduler [None req-60eeaf3a-5961-466f-922a-2491652c6d23 87aceb220f6d470cbb7222eb49151dc3 974143db6f134e66b09d3b989f26bf08 - - default default] No more DHCP agents
2026-05-27 11:03:58.305 8 WARNING neutron.api.rpc.agentnotifiers.dhcp_rpc_agent_api [None req-60eeaf3a-5961-466f-922a-2491652c6d23 87aceb220f6d470cbb7222eb49151dc3 974143db6f134e66b09d3b989f26bf08 - - default default] Unable to schedule network 2c40716c-1145-42da-adb9-87e56f5058d6: no agents available; will retry on subsequent port and subnet creation events.
2026-05-27 11:03:58.401 8 INFO neutron.db.ovn_revision_numbers_db [None req-60eeaf3a-5961-466f-922a-2491652c6d23 87aceb220f6d470cbb7222eb49151dc3 974143db6f134e66b09d3b989f26bf08 - - default default] Successfully bumped revision number for resource 90f9fe51-244a-4447-a6c0-ca491a4e72c6 (type: ports) to 1 [pid: 8|app: 0|req: 1191/2113] 10.0.0.246 () {34 vars in 670 bytes} [Wed May 27 11:03:57 2026] POST /v2.0/networks => generated 650 bytes in 515 msecs (HTTP/1.1 201) 4 headers in 162 bytes (1 switches on core 0)
2026-05-27 11:03:58.617 7 WARNING neutron.scheduler.dhcp_agent_scheduler [None req-89b407e8-cf82-42bb-8aed-529e2c7bf4b8 4c4584e32c7043ce88c613e0dd905f6e ad10dfe0ded24da581bfd8339b3b23d8 - - default default] No more DHCP agents
2026-05-27 11:03:58.617 8 INFO neutron.db.ovn_revision_numbers_db [None req-15118f74-6609-4ae5-9d65-03d40bd6f3c2 97da4ee5f0864732a7847465bfd76f8f 612327652db141dd95049212256d6d1e - - default default] Successfully bumped revision number for resource f6694549-681b-468f-8cd5-3cc206bd05ee (type: security_group_rules) to 0
2026-05-27 11:03:58.622 7 WARNING neutron.api.rpc.agentnotifiers.dhcp_rpc_agent_api [None req-89b407e8-cf82-42bb-8aed-529e2c7bf4b8 4c4584e32c7043ce88c613e0dd905f6e ad10dfe0ded24da581bfd8339b3b23d8 - - default default] Unable to schedule network 6131dd9a-490e-4a4f-ad9b-f2db41760481: no agents available; will retry on subsequent port and subnet creation events. [pid: 8|app: 0|req: 1192/2114] 10.0.0.246 () {34 vars in 695 bytes} [Wed May 27 11:03:58 2026] POST /v2.0/security-group-rules => generated 597 bytes in 224 msecs (HTTP/1.1 201) 4 headers in 162 bytes (1 switches on core 0)
2026-05-27 11:03:58.724 8 INFO neutron.db.segments_db [None req-182d668e-e244-40b9-bce7-835be8f71b93 87aceb220f6d470cbb7222eb49151dc3 974143db6f134e66b09d3b989f26bf08 - - default default] Added segment c4201769-eb2f-4e0d-ad43-b9bd520c87fc of type geneve for network 8ac88432-006b-4cf9-b126-f875be39fe50
2026-05-27 11:03:58.844 8 INFO neutron.db.ovn_revision_numbers_db [None req-182d668e-e244-40b9-bce7-835be8f71b93 87aceb220f6d470cbb7222eb49151dc3 974143db6f134e66b09d3b989f26bf08 - - default default] Successfully bumped revision number for resource 8ac88432-006b-4cf9-b126-f875be39fe50 (type: networks) to 1
2026-05-27 11:03:59.030 7 INFO neutron.db.ovn_revision_numbers_db [None req-aa8734e9-756d-4499-ad13-485175115164 - - - - - -] Successfully bumped revision number for resource 63be32d2-00f3-42e8-940a-58da22e3e412 (type: ports) to 4
2026-05-27 11:03:59.035 8 INFO neutron.services.segments.plugin [-] Segment cd55062e-83f3-4aaa-b4b8-ee33bf167d04 resource provider aggregate not found
2026-05-27 11:03:59.041 8 INFO neutron.services.segments.plugin [-] Segment cd55062e-83f3-4aaa-b4b8-ee33bf167d04 resource provider aggregate not found
2026-05-27 11:03:59.053 8 WARNING neutron.scheduler.dhcp_agent_scheduler [None req-182d668e-e244-40b9-bce7-835be8f71b93 87aceb220f6d470cbb7222eb49151dc3 974143db6f134e66b09d3b989f26bf08 - - default default] No more DHCP agents
2026-05-27 11:03:59.054 8 INFO neutron.services.segments.plugin [-] Segment cd55062e-83f3-4aaa-b4b8-ee33bf167d04 resource provider not found; error: Placement Client Error (4xx): {"errors": [{"status": 404, "title": "Not Found", "detail": "The resource could not be found.\n\n No resource provider with uuid cd55062e-83f3-4aaa-b4b8-ee33bf167d04 found for delete ", "request_id": "req-9f76f619-995c-4202-aa6e-ea9dbfd63f2e"}]}
2026-05-27 11:03:59.055 8 WARNING neutron.api.rpc.agentnotifiers.dhcp_rpc_agent_api [None req-182d668e-e244-40b9-bce7-835be8f71b93 87aceb220f6d470cbb7222eb49151dc3 974143db6f134e66b09d3b989f26bf08 - - default default] Unable to schedule network 8ac88432-006b-4cf9-b126-f875be39fe50: no agents available; will retry on subsequent port and subnet creation events.
2026-05-27 11:03:59.056 8 INFO neutron.services.segments.plugin [-] Segment cd55062e-83f3-4aaa-b4b8-ee33bf167d04 resource provider not found; error: Placement Client Error (4xx): {"errors": [{"status": 404, "title": "Not Found", "detail": "The resource could not be found.\n\n No resource provider with uuid cd55062e-83f3-4aaa-b4b8-ee33bf167d04 found for delete ", "request_id": "req-1ea1832f-ebfd-407e-a72f-fd95fb61c104"}]}
2026-05-27 11:03:59.185 8 INFO neutron.db.ovn_revision_numbers_db [None req-182d668e-e244-40b9-bce7-835be8f71b93 87aceb220f6d470cbb7222eb49151dc3 974143db6f134e66b09d3b989f26bf08 - - default default] Successfully bumped revision number for resource d2b75bba-146e-442b-8813-2684a2c94584 (type: ports) to 1 [pid: 8|app: 0|req: 1193/2115] 10.0.0.246 () {34 vars in 670 bytes} [Wed May 27 11:03:58 2026] POST /v2.0/networks => generated 649 bytes in 558 msecs (HTTP/1.1 201) 4 headers in 162 bytes (1 switches on core 0)
2026-05-27 11:03:59.350 8 INFO neutron.db.ovn_revision_numbers_db [None req-3cda05af-5ced-4dab-a170-6d9c4f7811ad 97da4ee5f0864732a7847465bfd76f8f 612327652db141dd95049212256d6d1e - - default default] Successfully bumped revision number for resource d7543d0a-5633-4b31-8222-6fd36b393f55 (type: security_group_rules) to 0 [pid: 8|app: 0|req: 1194/2116] 10.0.0.246 () {34 vars in 695 bytes} [Wed May 27 11:03:59 2026] POST /v2.0/security-group-rules => generated 599 bytes in 172 msecs (HTTP/1.1 201) 4 headers in 162 bytes (1 switches on core 0)
2026-05-27 11:03:59.599 7 INFO neutron.db.ovn_revision_numbers_db [None req-c27d058d-d4c3-4f1c-8213-c3d77a0fccbc - - - - - -] Successfully bumped revision number for resource b8dc46ac-6c89-46c2-a0b2-67848d92aff1 (type: ports) to 2
2026-05-27 11:03:59.616 7 INFO neutron.db.ovn_revision_numbers_db [None req-aa8734e9-756d-4499-ad13-485175115164 - - - - - -] Successfully bumped revision number for resource 63be32d2-00f3-42e8-940a-58da22e3e412 (type: ports) to 5
2026-05-27 11:03:59.641 7 INFO neutron.db.ovn_revision_numbers_db [None req-c27d058d-d4c3-4f1c-8213-c3d77a0fccbc - - - - - -] Successfully bumped revision number for resource fc7b9c2e-0268-4715-856a-9973de3e8396 (type: subnets) to 0 [pid: 7|app: 0|req: 923/2117] 10.0.0.246 () {34 vars in 669 bytes} [Wed May 27 11:03:58 2026] POST /v2.0/subnets => generated 657 bytes in 1515 msecs (HTTP/1.1 201) 4 headers in 162 bytes (1 switches on core 0)
2026-05-27 11:03:59.828 8 WARNING neutron.scheduler.dhcp_agent_scheduler [None req-14a41d2b-9d1e-47c4-99c3-a8ffc7343875 87aceb220f6d470cbb7222eb49151dc3 974143db6f134e66b09d3b989f26bf08 - - default default] No more DHCP agents
2026-05-27 11:03:59.831 8 WARNING neutron.api.rpc.agentnotifiers.dhcp_rpc_agent_api [None req-14a41d2b-9d1e-47c4-99c3-a8ffc7343875 87aceb220f6d470cbb7222eb49151dc3 974143db6f134e66b09d3b989f26bf08 - - default default] Unable to schedule network 2c40716c-1145-42da-adb9-87e56f5058d6: no agents available; will retry on subsequent port and subnet creation events.
2026-05-27 11:03:59.864 7 INFO neutron.db.ovn_revision_numbers_db [None req-245a67e5-c8be-4446-8623-d3ca9ebfbca5 97da4ee5f0864732a7847465bfd76f8f 612327652db141dd95049212256d6d1e - - default default] Successfully bumped revision number for resource bc7d18e1-db1a-473c-9de1-17e325d6fdb3 (type: security_group_rules) to 0 [pid: 7|app: 0|req: 924/2118] 10.0.0.246 () {34 vars in 695 bytes} [Wed May 27 11:03:59 2026] POST /v2.0/security-group-rules => generated 601 bytes in 240 msecs (HTTP/1.1 201) 4 headers in 162 bytes (1 switches on core 0)
2026-05-27 11:04:00.004 8 INFO neutron.db.ovn_revision_numbers_db [None req-14a41d2b-9d1e-47c4-99c3-a8ffc7343875 87aceb220f6d470cbb7222eb49151dc3 974143db6f134e66b09d3b989f26bf08 - - default default] Successfully bumped revision number for resource d85de46f-5c37-48ad-997a-40a80989751b (type: ports) to 1
2026-05-27 11:04:00.048 8 WARNING neutron.scheduler.dhcp_agent_scheduler [None req-14a41d2b-9d1e-47c4-99c3-a8ffc7343875 87aceb220f6d470cbb7222eb49151dc3 974143db6f134e66b09d3b989f26bf08 - - default default] No more DHCP agents
2026-05-27 11:04:00.050 8 WARNING neutron.api.rpc.agentnotifiers.dhcp_rpc_agent_api [None req-14a41d2b-9d1e-47c4-99c3-a8ffc7343875 87aceb220f6d470cbb7222eb49151dc3 974143db6f134e66b09d3b989f26bf08 - - default default] Unable to schedule network 8ac88432-006b-4cf9-b126-f875be39fe50: no agents available; will retry on subsequent port and subnet creation events.
2026-05-27 11:04:00.176 8 INFO neutron.db.ovn_revision_numbers_db [None req-14a41d2b-9d1e-47c4-99c3-a8ffc7343875 87aceb220f6d470cbb7222eb49151dc3 974143db6f134e66b09d3b989f26bf08 - - default default] Successfully bumped revision number for resource 3d9cbf59-966a-4dff-ad12-ffd8969528b5 (type: ports) to 1 [pid: 8|app: 0|req: 1195/2119] 10.0.0.246 () {34 vars in 665 bytes} [Wed May 27 11:03:59 2026] POST /v2.0/ports => generated 1505 bytes in 869 msecs (HTTP/1.1 201) 4 headers in 163 bytes (1 switches on core 0) /var/lib/openstack/lib/python3.12/site-packages/pycadf/identifier.py:70: UserWarning: Invalid uuid: neutron. To ensure interoperability, identifiers should be a valid uuid. warnings.warn(('Invalid uuid: %s. To ensure interoperability, '
2026-05-27 11:04:00.404 8 INFO neutron.db.ovn_revision_numbers_db [None req-ccdc9c8f-52f5-4f82-9339-596213d8e88b 97da4ee5f0864732a7847465bfd76f8f 612327652db141dd95049212256d6d1e - - default default] Successfully bumped revision number for resource 050e2dbb-14f4-4294-8e1e-745c5fdba818 (type: security_group_rules) to 0 [pid: 8|app: 0|req: 1196/2120] 10.0.0.246 () {34 vars in 695 bytes} [Wed May 27 11:04:00 2026] POST /v2.0/security-group-rules => generated 601 bytes in 182 msecs (HTTP/1.1 201) 4 headers in 162 bytes (1 switches on core 0) [pid: 8|app: 0|req: 1197/2121] 10.0.0.246 () {32 vars in 643 bytes} [Wed May 27 11:04:00 2026] GET /v2.0/ports => generated 3017 bytes in 43 msecs (HTTP/1.1 200) 4 headers in 158 bytes (1 switches on core 0)
2026-05-27 11:04:00.543 7 WARNING neutron.scheduler.dhcp_agent_scheduler [None req-1ab3f85d-0a03-4b5b-b03a-1ff32d385f39 4c4584e32c7043ce88c613e0dd905f6e ad10dfe0ded24da581bfd8339b3b23d8 - - default default] No more DHCP agents
2026-05-27 11:04:00.544 7 WARNING neutron.api.rpc.agentnotifiers.dhcp_rpc_agent_api [None req-1ab3f85d-0a03-4b5b-b03a-1ff32d385f39 4c4584e32c7043ce88c613e0dd905f6e ad10dfe0ded24da581bfd8339b3b23d8 - - default default] Unable to schedule network 6131dd9a-490e-4a4f-ad9b-f2db41760481: no agents available; will retry on subsequent port and subnet creation events.
2026-05-27 11:04:00.652 8 INFO neutron.db.ovn_revision_numbers_db [None req-17ac6526-0a71-449e-80e4-07dd7ced5da9 97da4ee5f0864732a7847465bfd76f8f 612327652db141dd95049212256d6d1e - - default default] Successfully bumped revision number for resource f78137e9-e8c6-4fec-8d00-37cbc9959c60 (type: security_group_rules) to 0 [pid: 8|app: 0|req: 1198/2122] 10.0.0.246 () {34 vars in 695 bytes} [Wed May 27 11:04:00 2026] POST /v2.0/security-group-rules => generated 597 bytes in 241 msecs (HTTP/1.1 201) 4 headers in 162 bytes (1 switches on core 0)
2026-05-27 11:04:00.740 7 INFO neutron.db.ovn_revision_numbers_db [None req-1ab3f85d-0a03-4b5b-b03a-1ff32d385f39 4c4584e32c7043ce88c613e0dd905f6e ad10dfe0ded24da581bfd8339b3b23d8 - - default default] Successfully bumped revision number for resource d2283d11-c007-43ca-94cd-3a63f360ffb8 (type: ports) to 1
2026-05-27 11:04:00.832 8 INFO neutron_taas.services.taas.taas_plugin [None req-c92f024e-700b-4f96-9ac4-52851070fade 87aceb220f6d470cbb7222eb49151dc3 974143db6f134e66b09d3b989f26bf08 - - default default] TaaS: Handle Delete Port: d85de46f-5c37-48ad-997a-40a80989751b
2026-05-27 11:04:00.836 8 INFO neutron_taas.services.taas.tap_mirror_plugin [None req-c92f024e-700b-4f96-9ac4-52851070fade 87aceb220f6d470cbb7222eb49151dc3 974143db6f134e66b09d3b989f26bf08 - - default default] Tap Mirror: Handle Delete Port: d85de46f-5c37-48ad-997a-40a80989751b [pid: 8|app: 0|req: 1199/2123] 10.0.0.246 () {32 vars in 720 bytes} [Wed May 27 11:04:00 2026] DELETE /v2.0/ports/d85de46f-5c37-48ad-997a-40a80989751b => generated 0 bytes in 257 msecs (HTTP/1.1 204) 3 headers in 131 bytes (1 switches on core 0)
2026-05-27 11:04:01.296 8 INFO neutron.db.ovn_revision_numbers_db [None req-0ac6bde4-edc7-4999-bcf4-225d9023c435 f6d45d33cae542a8a1dec5cb35ea32f4 fb22e0455307474da35ad5b6260bea27 - - default default] Successfully bumped revision number for resource 3018c490-5b37-4e92-9861-eaa007bd3311 (type: security_groups) to 1
2026-05-27 11:04:01.311 8 INFO neutron.db.ovn_revision_numbers_db [None req-0ac6bde4-edc7-4999-bcf4-225d9023c435 f6d45d33cae542a8a1dec5cb35ea32f4 fb22e0455307474da35ad5b6260bea27 - - default default] Successfully bumped revision number for resource 1b2ecf92-92a2-4f7b-93c9-ee2a8325b201 (type: security_group_rules) to 0
2026-05-27 11:04:01.323 8 INFO neutron.db.ovn_revision_numbers_db [None req-0ac6bde4-edc7-4999-bcf4-225d9023c435 f6d45d33cae542a8a1dec5cb35ea32f4 fb22e0455307474da35ad5b6260bea27 - - default default] Successfully bumped revision number for resource 6632c401-0b01-41aa-b9b2-f4019869b255 (type: security_group_rules) to 0
2026-05-27 11:04:01.336 8 INFO neutron.db.ovn_revision_numbers_db [None req-0ac6bde4-edc7-4999-bcf4-225d9023c435 f6d45d33cae542a8a1dec5cb35ea32f4 fb22e0455307474da35ad5b6260bea27 - - default default] Successfully bumped revision number for resource 76c06d0d-ed69-4787-9dee-d1532b316639 (type: security_group_rules) to 0
2026-05-27 11:04:01.348 8 INFO neutron.db.ovn_revision_numbers_db [None req-0ac6bde4-edc7-4999-bcf4-225d9023c435 f6d45d33cae542a8a1dec5cb35ea32f4 fb22e0455307474da35ad5b6260bea27 - - default default] Successfully bumped revision number for resource d88905ce-3e21-4da6-bc48-771fc4e43b05 (type: security_group_rules) to 0
2026-05-27 11:04:01.423 8 INFO neutron.db.segments_db [None req-0ac6bde4-edc7-4999-bcf4-225d9023c435 f6d45d33cae542a8a1dec5cb35ea32f4 fb22e0455307474da35ad5b6260bea27 - - default default] Added segment 8ca884ee-ce2a-49b3-8cf8-e7edc85c1fb6 of type geneve for network 47732bf0-6700-4b8a-a84a-7801c7d212e9
2026-05-27 11:04:01.581 8 INFO neutron.db.ovn_revision_numbers_db [None req-0ac6bde4-edc7-4999-bcf4-225d9023c435 f6d45d33cae542a8a1dec5cb35ea32f4 fb22e0455307474da35ad5b6260bea27 - - default default] Successfully bumped revision number for resource 47732bf0-6700-4b8a-a84a-7801c7d212e9 (type: networks) to 1
2026-05-27 11:04:01.595 7 WARNING neutron.scheduler.dhcp_agent_scheduler [None req-1ab3f85d-0a03-4b5b-b03a-1ff32d385f39 4c4584e32c7043ce88c613e0dd905f6e ad10dfe0ded24da581bfd8339b3b23d8 - - default default] No more DHCP agents
2026-05-27 11:04:01.596 7 WARNING neutron.api.rpc.agentnotifiers.dhcp_rpc_agent_api [None req-1ab3f85d-0a03-4b5b-b03a-1ff32d385f39 4c4584e32c7043ce88c613e0dd905f6e ad10dfe0ded24da581bfd8339b3b23d8 - - default default] Unable to schedule network 6131dd9a-490e-4a4f-ad9b-f2db41760481: no agents available; will retry on subsequent port and subnet creation events.
2026-05-27 11:04:01.745 8 WARNING neutron.scheduler.dhcp_agent_scheduler [None req-0ac6bde4-edc7-4999-bcf4-225d9023c435 f6d45d33cae542a8a1dec5cb35ea32f4 fb22e0455307474da35ad5b6260bea27 - - default default] No more DHCP agents
2026-05-27 11:04:01.746 8 WARNING neutron.api.rpc.agentnotifiers.dhcp_rpc_agent_api [None req-0ac6bde4-edc7-4999-bcf4-225d9023c435 f6d45d33cae542a8a1dec5cb35ea32f4 fb22e0455307474da35ad5b6260bea27 - - default default] Unable to schedule network 47732bf0-6700-4b8a-a84a-7801c7d212e9: no agents available; will retry on subsequent port and subnet creation events.
2026-05-27 11:04:01.855 8 INFO neutron.db.ovn_revision_numbers_db [None req-0ac6bde4-edc7-4999-bcf4-225d9023c435 f6d45d33cae542a8a1dec5cb35ea32f4 fb22e0455307474da35ad5b6260bea27 - - default default] Successfully bumped revision number for resource 73632515-545b-4185-9d41-d7f45689f8f8 (type: ports) to 1 [pid: 8|app: 0|req: 1200/2124] 10.0.0.246 () {34 vars in 670 bytes} [Wed May 27 11:04:00 2026] POST /v2.0/networks => generated 631 bytes in 901 msecs (HTTP/1.1 201) 4 headers in 162 bytes (1 switches on core 0)
2026-05-27 11:04:02.065 7 INFO neutron.db.ovn_revision_numbers_db [None req-1ab3f85d-0a03-4b5b-b03a-1ff32d385f39 4c4584e32c7043ce88c613e0dd905f6e ad10dfe0ded24da581bfd8339b3b23d8 - - default default] Successfully bumped revision number for resource d2283d11-c007-43ca-94cd-3a63f360ffb8 (type: router_ports) to 1 [pid: 7|app: 0|req: 925/2125] 10.0.0.246 () {34 vars in 783 bytes} [Wed May 27 11:03:59 2026] PUT /v2.0/routers/3997b906-f1f7-497b-a37b-5800d7df203e/add_router_interface => generated 309 bytes in 2147 msecs (HTTP/1.1 200) 4 headers in 157 bytes (1 switches on core 0)
2026-05-27 11:04:02.088 8 INFO neutron.db.ovn_revision_numbers_db [None req-d801f377-6568-4147-a763-78b5ed65af75 97da4ee5f0864732a7847465bfd76f8f 612327652db141dd95049212256d6d1e - - default default] Successfully bumped revision number for resource e685fada-dc8a-437e-b240-e5893c962b56 (type: security_group_rules) to 0 [pid: 8|app: 0|req: 1201/2126] 10.0.0.246 () {34 vars in 695 bytes} [Wed May 27 11:04:01 2026] POST /v2.0/security-group-rules => generated 597 bytes in 241 msecs (HTTP/1.1 201) 4 headers in 162 bytes (1 switches on core 0)
2026-05-27 11:04:02.214 7 INFO neutron_taas.services.taas.taas_plugin [None req-e379772b-7c22-43d2-a894-4cfddce8600e 87aceb220f6d470cbb7222eb49151dc3 974143db6f134e66b09d3b989f26bf08 - - default default] TaaS: Handle Delete Port: 3d9cbf59-966a-4dff-ad12-ffd8969528b5
2026-05-27 11:04:02.219 7 INFO neutron_taas.services.taas.tap_mirror_plugin [None req-e379772b-7c22-43d2-a894-4cfddce8600e 87aceb220f6d470cbb7222eb49151dc3 974143db6f134e66b09d3b989f26bf08 - - default default] Tap Mirror: Handle Delete Port: 3d9cbf59-966a-4dff-ad12-ffd8969528b5
2026-05-27 11:04:02.352 8 WARNING neutron.scheduler.dhcp_agent_scheduler [None req-d50e0cb4-fcb9-4a6b-85b7-48ad768a359a f6d45d33cae542a8a1dec5cb35ea32f4 fb22e0455307474da35ad5b6260bea27 - - default default] No more DHCP agents
2026-05-27 11:04:02.355 8 WARNING neutron.api.rpc.agentnotifiers.dhcp_rpc_agent_api [None req-d50e0cb4-fcb9-4a6b-85b7-48ad768a359a f6d45d33cae542a8a1dec5cb35ea32f4 fb22e0455307474da35ad5b6260bea27 - - default default] Unable to schedule network 47732bf0-6700-4b8a-a84a-7801c7d212e9: no agents available; will retry on subsequent port and subnet creation events. [pid: 7|app: 0|req: 926/2127] 10.0.0.246 () {32 vars in 720 bytes} [Wed May 27 11:04:02 2026] DELETE /v2.0/ports/3d9cbf59-966a-4dff-ad12-ffd8969528b5 => generated 0 bytes in 296 msecs (HTTP/1.1 204) 3 headers in 131 bytes (1 switches on core 0)
2026-05-27 11:04:02.495 8 INFO neutron.db.ovn_revision_numbers_db [None req-d50e0cb4-fcb9-4a6b-85b7-48ad768a359a f6d45d33cae542a8a1dec5cb35ea32f4 fb22e0455307474da35ad5b6260bea27 - - default default] Successfully bumped revision number for resource 65e6417d-478f-4717-923e-5c4a6b5ba7f5 (type: ports) to 1 [pid: 7|app: 0|req: 927/2128] 10.0.0.246 () {32 vars in 649 bytes} [Wed May 27 11:04:02 2026] GET /v2.0/networks => generated 7444 bytes in 150 msecs (HTTP/1.1 200) 4 headers in 158 bytes (1 switches on core 0) [pid: 8|app: 0|req: 1202/2129] 10.0.0.246 () {34 vars in 664 bytes} [Wed May 27 11:04:02 2026] POST /v2.0/ports => generated 743 bytes in 427 msecs (HTTP/1.1 201) 4 headers in 162 bytes (1 switches on core 0) /var/lib/openstack/lib/python3.12/site-packages/pycadf/identifier.py:70: UserWarning: Invalid uuid: neutron. To ensure interoperability, identifiers should be a valid uuid. warnings.warn(('Invalid uuid: %s. To ensure interoperability, ' [pid: 8|app: 0|req: 1203/2130] 10.0.0.246 () {32 vars in 643 bytes} [Wed May 27 11:04:02 2026] GET /v2.0/ports => generated 1523 bytes in 30 msecs (HTTP/1.1 200) 4 headers in 158 bytes (1 switches on core 0) [pid: 8|app: 0|req: 1204/2131] 10.0.0.246 () {32 vars in 647 bytes} [Wed May 27 11:04:02 2026] GET /v2.0/subnets => generated 6177 bytes in 48 msecs (HTTP/1.1 200) 4 headers in 158 bytes (1 switches on core 0)
