2026-05-27 11:03:41.254 7 INFO neutron.db.ovn_revision_numbers_db [None req-5117a4b1-eeb3-494f-81e3-fea8e10d9a34 127ae86e8af04981b432b28ead9dbbb3 cb8693cbd5884ffbb464d7e00d8f4118 - - default default] Successfully bumped revision number for resource 42a190b6-e964-421a-afec-37a75697544d (type: security_group_rules) to 0
2026-05-27 11:03:41.256 8 INFO neutron.db.ovn_revision_numbers_db [None req-cdfeb04f-9688-4620-9525-99a4f004e4d2 13de3d87a4d24b04a8e3f937925f8c8b 3748d3c2b12d4462b42f19e6647ef0cf - - default default] Successfully bumped revision number for resource 38645724-8c44-401e-8631-408a5766c3fb (type: ports) to 1
2026-05-27 11:03:41.268 7 INFO neutron.db.ovn_revision_numbers_db [None req-5117a4b1-eeb3-494f-81e3-fea8e10d9a34 127ae86e8af04981b432b28ead9dbbb3 cb8693cbd5884ffbb464d7e00d8f4118 - - default default] Successfully bumped revision number for resource 4cb8b9f4-1137-484e-9a77-92fc0c50c8c1 (type: security_group_rules) to 0 [pid: 8|app: 0|req: 1148/2039] 10.0.0.246 () {34 vars in 670 bytes} [Wed May 27 11:03:40 2026] POST /v2.0/networks => generated 653 bytes in 636 msecs (HTTP/1.1 201) 4 headers in 162 bytes (1 switches on core 0) [pid: 7|app: 0|req: 892/2040] 10.0.0.246 () {32 vars in 774 bytes} [Wed May 27 11:03:40 2026] GET /v2.0/security-groups?tenant_id=ed15ba5466634e8785e3eac578512f6e&name=default => generated 2925 bytes in 360 msecs (HTTP/1.1 200) 4 headers in 158 bytes (1 switches on core 0)
2026-05-27 11:03:41.427 8 WARNING neutron.scheduler.dhcp_agent_scheduler [None req-73b8b89a-ec58-41db-be63-a69bcdc46237 97da4ee5f0864732a7847465bfd76f8f 612327652db141dd95049212256d6d1e - - default default] No more DHCP agents
2026-05-27 11:03:41.429 8 WARNING neutron.api.rpc.agentnotifiers.dhcp_rpc_agent_api [None req-73b8b89a-ec58-41db-be63-a69bcdc46237 97da4ee5f0864732a7847465bfd76f8f 612327652db141dd95049212256d6d1e - - default default] Unable to schedule network a1ec4c14-c21f-4a9f-b80d-c71e0e59f089: no agents available; will retry on subsequent port and subnet creation events.
2026-05-27 11:03:41.433 7 INFO neutron.db.segments_db [None req-2761eaeb-a550-4011-a8a7-45888ad70b97 13de3d87a4d24b04a8e3f937925f8c8b 3748d3c2b12d4462b42f19e6647ef0cf - - default default] Added segment c8a50ecd-db6e-4a14-b975-4a98c68cf446 of type geneve for network 73044db0-e036-405e-98ee-2470e1a9b669
2026-05-27 11:03:41.556 7 INFO neutron.db.ovn_revision_numbers_db [None req-2761eaeb-a550-4011-a8a7-45888ad70b97 13de3d87a4d24b04a8e3f937925f8c8b 3748d3c2b12d4462b42f19e6647ef0cf - - default default] Successfully bumped revision number for resource 73044db0-e036-405e-98ee-2470e1a9b669 (type: networks) to 1
2026-05-27 11:03:41.714 7 WARNING neutron.scheduler.dhcp_agent_scheduler [None req-2761eaeb-a550-4011-a8a7-45888ad70b97 13de3d87a4d24b04a8e3f937925f8c8b 3748d3c2b12d4462b42f19e6647ef0cf - - default default] No more DHCP agents
2026-05-27 11:03:41.716 7 WARNING neutron.api.rpc.agentnotifiers.dhcp_rpc_agent_api [None req-2761eaeb-a550-4011-a8a7-45888ad70b97 13de3d87a4d24b04a8e3f937925f8c8b 3748d3c2b12d4462b42f19e6647ef0cf - - default default] Unable to schedule network 73044db0-e036-405e-98ee-2470e1a9b669: no agents available; will retry on subsequent port and subnet creation events.
2026-05-27 11:03:41.790 7 INFO neutron.plugins.ml2.drivers.ovn.mech_driver.mech_driver [None req-5f7a6c2e-7ed6-49e5-8665-cafc0a5bba97 - - - - - -] OVN reports status down for port: d4e1ea53-99a2-4622-9574-4dcf5ce1b098
2026-05-27 11:03:41.854 7 INFO neutron.db.ovn_revision_numbers_db [None req-2761eaeb-a550-4011-a8a7-45888ad70b97 13de3d87a4d24b04a8e3f937925f8c8b 3748d3c2b12d4462b42f19e6647ef0cf - - default default] Successfully bumped revision number for resource d4e1ea53-99a2-4622-9574-4dcf5ce1b098 (type: ports) to 1 [pid: 7|app: 0|req: 893/2041] 10.0.0.246 () {34 vars in 670 bytes} [Wed May 27 11:03:41 2026] POST /v2.0/networks => generated 653 bytes in 569 msecs (HTTP/1.1 201) 4 headers in 162 bytes (1 switches on core 0)
2026-05-27 11:03:41.932 8 INFO neutron.db.ovn_revision_numbers_db [None req-0593a364-960a-4a33-93a8-58d1cec54792 - - - - - -] Successfully bumped revision number for resource d1c39890-83a7-4f2e-b83c-452e97a02a33 (type: ports) to 2
2026-05-27 11:03:41.966 8 INFO neutron.services.segments.plugin [-] Segment 098938c5-756d-40b3-9d4b-428890a51e7c resource provider aggregate not found
2026-05-27 11:03:41.971 8 INFO neutron.services.segments.plugin [-] Segment 098938c5-756d-40b3-9d4b-428890a51e7c resource provider aggregate not found
2026-05-27 11:03:41.975 8 INFO neutron.db.ovn_revision_numbers_db [None req-0593a364-960a-4a33-93a8-58d1cec54792 - - - - - -] Successfully bumped revision number for resource e8ed159c-574d-4908-9c7d-746f98a8c009 (type: subnets) to 0
2026-05-27 11:03:41.988 8 INFO neutron.services.segments.plugin [-] Segment 098938c5-756d-40b3-9d4b-428890a51e7c resource provider not found; error: Placement Client Error (4xx): {"errors": [{"status": 404, "title": "Not Found", "detail": "The resource could not be found.\n\n No resource provider with uuid 098938c5-756d-40b3-9d4b-428890a51e7c found for delete ", "request_id": "req-88b26dab-eee7-409b-8309-b2a14c5302a0"}]}
2026-05-27 11:03:41.993 8 INFO neutron.services.segments.plugin [-] Segment 098938c5-756d-40b3-9d4b-428890a51e7c resource provider not found; error: Placement Client Error (4xx): {"errors": [{"status": 404, "title": "Not Found", "detail": "The resource could not be found.\n\n No resource provider with uuid 098938c5-756d-40b3-9d4b-428890a51e7c found for delete ", "request_id": "req-3042fa2e-96c6-40b6-a3ee-f52f69ad8a50"}]} [pid: 8|app: 0|req: 1149/2042] 10.0.0.246 () {34 vars in 669 bytes} [Wed May 27 11:03:41 2026] POST /v2.0/subnets => generated 655 bytes in 722 msecs (HTTP/1.1 201) 4 headers in 162 bytes (1 switches on core 0) [pid: 7|app: 0|req: 894/2043] 10.0.0.246 () {32 vars in 740 bytes} [Wed May 27 11:03:41 2026] DELETE /v2.0/security-groups/d9abfe34-a488-481b-8ca6-cd2c353c5c06 => generated 0 bytes in 338 msecs (HTTP/1.1 204) 2 headers in 112 bytes (1 switches on core 0)
2026-05-27 11:03:42.383 8 WARNING neutron.scheduler.dhcp_agent_scheduler [None req-1b69453c-d9ea-4b98-8335-95897243a472 13de3d87a4d24b04a8e3f937925f8c8b 3748d3c2b12d4462b42f19e6647ef0cf - - default default] No more DHCP agents
2026-05-27 11:03:42.384 8 WARNING neutron.api.rpc.agentnotifiers.dhcp_rpc_agent_api [None req-1b69453c-d9ea-4b98-8335-95897243a472 13de3d87a4d24b04a8e3f937925f8c8b 3748d3c2b12d4462b42f19e6647ef0cf - - default default] Unable to schedule network 89a0f7d3-95eb-4451-a73c-1a99daa8e3b0: no agents available; will retry on subsequent port and subnet creation events.
2026-05-27 11:03:42.481 7 INFO neutron.plugins.ml2.drivers.ovn.mech_driver.mech_driver [None req-5f7a6c2e-7ed6-49e5-8665-cafc0a5bba97 - - - - - -] OVN reports status down for port: f536d83a-dc0b-44bc-aad0-0d9f10d6158b
2026-05-27 11:03:42.498 7 WARNING neutron.scheduler.dhcp_agent_scheduler [None req-edff0cdc-c84b-40bc-a1ca-695218831a96 97da4ee5f0864732a7847465bfd76f8f 612327652db141dd95049212256d6d1e - - default default] No more DHCP agents
2026-05-27 11:03:42.500 7 WARNING neutron.api.rpc.agentnotifiers.dhcp_rpc_agent_api [None req-edff0cdc-c84b-40bc-a1ca-695218831a96 97da4ee5f0864732a7847465bfd76f8f 612327652db141dd95049212256d6d1e - - default default] Unable to schedule network a1ec4c14-c21f-4a9f-b80d-c71e0e59f089: no agents available; will retry on subsequent port and subnet creation events.
2026-05-27 11:03:42.509 8 INFO neutron.db.ovn_revision_numbers_db [None req-1b69453c-d9ea-4b98-8335-95897243a472 13de3d87a4d24b04a8e3f937925f8c8b 3748d3c2b12d4462b42f19e6647ef0cf - - default default] Successfully bumped revision number for resource f536d83a-dc0b-44bc-aad0-0d9f10d6158b (type: ports) to 1
2026-05-27 11:03:42.555 8 WARNING neutron.scheduler.dhcp_agent_scheduler [None req-1b69453c-d9ea-4b98-8335-95897243a472 13de3d87a4d24b04a8e3f937925f8c8b 3748d3c2b12d4462b42f19e6647ef0cf - - default default] No more DHCP agents
2026-05-27 11:03:42.557 8 WARNING neutron.api.rpc.agentnotifiers.dhcp_rpc_agent_api [None req-1b69453c-d9ea-4b98-8335-95897243a472 13de3d87a4d24b04a8e3f937925f8c8b 3748d3c2b12d4462b42f19e6647ef0cf - - default default] Unable to schedule network 73044db0-e036-405e-98ee-2470e1a9b669: no agents available; will retry on subsequent port and subnet creation events.
2026-05-27 11:03:42.571 7 INFO neutron.db.ovn_revision_numbers_db [None req-edff0cdc-c84b-40bc-a1ca-695218831a96 97da4ee5f0864732a7847465bfd76f8f 612327652db141dd95049212256d6d1e - - default default] Successfully bumped revision number for resource a0301a4e-54fa-4682-9422-576f132a0b3d (type: subnets) to 0 [pid: 7|app: 0|req: 895/2044] 10.0.0.246 () {34 vars in 669 bytes} [Wed May 27 11:03:42 2026] POST /v2.0/subnets => generated 725 bytes in 368 msecs (HTTP/1.1 201) 4 headers in 162 bytes (1 switches on core 0)
2026-05-27 11:03:42.680 8 INFO neutron.db.ovn_revision_numbers_db [None req-1b69453c-d9ea-4b98-8335-95897243a472 13de3d87a4d24b04a8e3f937925f8c8b 3748d3c2b12d4462b42f19e6647ef0cf - - default default] Successfully bumped revision number for resource 6d03180f-2867-4b27-bca8-01d1eaaee9d0 (type: ports) to 1
2026-05-27 11:03:42.728 7 INFO neutron.plugins.ml2.drivers.ovn.mech_driver.mech_driver [None req-5f7a6c2e-7ed6-49e5-8665-cafc0a5bba97 - - - - - -] OVN reports status down for port: 6d03180f-2867-4b27-bca8-01d1eaaee9d0 [pid: 8|app: 0|req: 1150/2045] 10.0.0.246 () {34 vars in 665 bytes} [Wed May 27 11:03:41 2026] POST /v2.0/ports => generated 1506 bytes in 763 msecs (HTTP/1.1 201) 4 headers in 163 bytes (1 switches on core 0) /var/lib/openstack/lib/python3.12/site-packages/pycadf/identifier.py:70: UserWarning: Invalid uuid: neutron. To ensure interoperability, identifiers should be a valid uuid. warnings.warn(('Invalid uuid: %s. To ensure interoperability, '
2026-05-27 11:03:42.844 7 INFO neutron.db.ovn_revision_numbers_db [None req-fff2c06e-e927-47ef-bd85-d0b9e32039a4 127ae86e8af04981b432b28ead9dbbb3 cb8693cbd5884ffbb464d7e00d8f4118 - - default default] Successfully bumped revision number for resource 04375808-2b9c-4945-87c9-9c0e205d2912 (type: security_groups) to 1
2026-05-27 11:03:42.856 7 INFO neutron.db.ovn_revision_numbers_db [None req-fff2c06e-e927-47ef-bd85-d0b9e32039a4 127ae86e8af04981b432b28ead9dbbb3 cb8693cbd5884ffbb464d7e00d8f4118 - - default default] Successfully bumped revision number for resource 3a3a4c19-c8a2-4593-bb61-dc012a0a8182 (type: security_group_rules) to 0
2026-05-27 11:03:42.863 8 INFO neutron.db.segments_db [None req-b61de07e-75c6-4cf8-b65f-9e0a6aebe639 97da4ee5f0864732a7847465bfd76f8f 612327652db141dd95049212256d6d1e - - default default] Added segment e6d96204-9da2-483f-a626-8bb3b34a676f of type geneve for network a73c0a10-d810-47a5-afc6-03800df9945e
2026-05-27 11:03:42.868 7 INFO neutron.db.ovn_revision_numbers_db [None req-fff2c06e-e927-47ef-bd85-d0b9e32039a4 127ae86e8af04981b432b28ead9dbbb3 cb8693cbd5884ffbb464d7e00d8f4118 - - default default] Successfully bumped revision number for resource a78d909a-8690-496b-b4a4-e42fa85b4f5e (type: security_group_rules) to 0
2026-05-27 11:03:42.879 7 INFO neutron.db.ovn_revision_numbers_db [None req-fff2c06e-e927-47ef-bd85-d0b9e32039a4 127ae86e8af04981b432b28ead9dbbb3 cb8693cbd5884ffbb464d7e00d8f4118 - - default default] Successfully bumped revision number for resource cc521a28-1ac3-4bc6-815b-2b1ad88475e1 (type: security_group_rules) to 0
2026-05-27 11:03:42.891 7 INFO neutron.db.ovn_revision_numbers_db [None req-fff2c06e-e927-47ef-bd85-d0b9e32039a4 127ae86e8af04981b432b28ead9dbbb3 cb8693cbd5884ffbb464d7e00d8f4118 - - default default] Successfully bumped revision number for resource d3186a0f-89df-4757-b1de-0407bf8e3fc6 (type: security_group_rules) to 0 [pid: 7|app: 0|req: 896/2046] 10.0.0.246 () {32 vars in 774 bytes} [Wed May 27 11:03:42 2026] GET /v2.0/security-groups?tenant_id=7a29a7e9c54742a38e31c877a250b7c8&name=default => generated 2925 bytes in 326 msecs (HTTP/1.1 200) 4 headers in 158 bytes (1 switches on core 0)
2026-05-27 11:03:42.983 8 INFO neutron.db.ovn_revision_numbers_db [None req-b61de07e-75c6-4cf8-b65f-9e0a6aebe639 97da4ee5f0864732a7847465bfd76f8f 612327652db141dd95049212256d6d1e - - default default] Successfully bumped revision number for resource a73c0a10-d810-47a5-afc6-03800df9945e (type: networks) to 1 [pid: 7|app: 0|req: 897/2047] 10.0.0.246 () {32 vars in 643 bytes} [Wed May 27 11:03:42 2026] GET /v2.0/ports => generated 3018 bytes in 120 msecs (HTTP/1.1 200) 4 headers in 158 bytes (1 switches on core 0)
2026-05-27 11:03:43.149 8 WARNING neutron.scheduler.dhcp_agent_scheduler [None req-b61de07e-75c6-4cf8-b65f-9e0a6aebe639 97da4ee5f0864732a7847465bfd76f8f 612327652db141dd95049212256d6d1e - - default default] No more DHCP agents
2026-05-27 11:03:43.151 8 WARNING neutron.api.rpc.agentnotifiers.dhcp_rpc_agent_api [None req-b61de07e-75c6-4cf8-b65f-9e0a6aebe639 97da4ee5f0864732a7847465bfd76f8f 612327652db141dd95049212256d6d1e - - default default] Unable to schedule network a73c0a10-d810-47a5-afc6-03800df9945e: no agents available; will retry on subsequent port and subnet creation events.
2026-05-27 11:03:43.247 7 INFO neutron.plugins.ml2.drivers.ovn.mech_driver.mech_driver [None req-5f7a6c2e-7ed6-49e5-8665-cafc0a5bba97 - - - - - -] OVN reports status down for port: 283ed722-0dfe-4206-adfb-f1e2eb898a22
2026-05-27 11:03:43.292 8 INFO neutron.db.ovn_revision_numbers_db [None req-b61de07e-75c6-4cf8-b65f-9e0a6aebe639 97da4ee5f0864732a7847465bfd76f8f 612327652db141dd95049212256d6d1e - - default default] Successfully bumped revision number for resource 283ed722-0dfe-4206-adfb-f1e2eb898a22 (type: ports) to 1 [pid: 8|app: 0|req: 1151/2048] 10.0.0.246 () {34 vars in 670 bytes} [Wed May 27 11:03:42 2026] POST /v2.0/networks => generated 638 bytes in 556 msecs (HTTP/1.1 201) 4 headers in 162 bytes (1 switches on core 0) [pid: 7|app: 0|req: 898/2049] 10.0.0.246 () {32 vars in 740 bytes} [Wed May 27 11:03:43 2026] DELETE /v2.0/security-groups/04375808-2b9c-4945-87c9-9c0e205d2912 => generated 0 bytes in 350 msecs (HTTP/1.1 204) 2 headers in 112 bytes (1 switches on core 0)
2026-05-27 11:03:43.484 8 INFO neutron_taas.services.taas.taas_plugin [None req-1f073b02-bae4-41c3-8234-b0c0e4322b75 13de3d87a4d24b04a8e3f937925f8c8b 3748d3c2b12d4462b42f19e6647ef0cf - - default default] TaaS: Handle Delete Port: f536d83a-dc0b-44bc-aad0-0d9f10d6158b
2026-05-27 11:03:43.490 8 INFO neutron_taas.services.taas.tap_mirror_plugin [None req-1f073b02-bae4-41c3-8234-b0c0e4322b75 13de3d87a4d24b04a8e3f937925f8c8b 3748d3c2b12d4462b42f19e6647ef0cf - - default default] Tap Mirror: Handle Delete Port: f536d83a-dc0b-44bc-aad0-0d9f10d6158b
2026-05-27 11:03:43.677 7 WARNING neutron.scheduler.dhcp_agent_scheduler [None req-0c93ae46-5e91-4e32-9c62-04dc2cd8c526 97da4ee5f0864732a7847465bfd76f8f 612327652db141dd95049212256d6d1e - - default default] No more DHCP agents
2026-05-27 11:03:43.687 7 WARNING neutron.api.rpc.agentnotifiers.dhcp_rpc_agent_api [None req-0c93ae46-5e91-4e32-9c62-04dc2cd8c526 97da4ee5f0864732a7847465bfd76f8f 612327652db141dd95049212256d6d1e - - default default] Unable to schedule network a73c0a10-d810-47a5-afc6-03800df9945e: no agents available; will retry on subsequent port and subnet creation events. [pid: 8|app: 0|req: 1152/2050] 10.0.0.246 () {32 vars in 720 bytes} [Wed May 27 11:03:43 2026] DELETE /v2.0/ports/f536d83a-dc0b-44bc-aad0-0d9f10d6158b => generated 0 bytes in 416 msecs (HTTP/1.1 204) 3 headers in 131 bytes (1 switches on core 0)
2026-05-27 11:03:43.848 8 INFO neutron_taas.services.taas.taas_plugin [None req-f5c3b224-1063-458d-a5c5-163b8f7b7c49 13de3d87a4d24b04a8e3f937925f8c8b 3748d3c2b12d4462b42f19e6647ef0cf - - default default] TaaS: Handle Delete Port: 6d03180f-2867-4b27-bca8-01d1eaaee9d0
2026-05-27 11:03:43.851 8 INFO neutron_taas.services.taas.tap_mirror_plugin [None req-f5c3b224-1063-458d-a5c5-163b8f7b7c49 13de3d87a4d24b04a8e3f937925f8c8b 3748d3c2b12d4462b42f19e6647ef0cf - - default default] Tap Mirror: Handle Delete Port: 6d03180f-2867-4b27-bca8-01d1eaaee9d0 [pid: 8|app: 0|req: 1153/2051] 10.0.0.246 () {32 vars in 720 bytes} [Wed May 27 11:03:43 2026] DELETE /v2.0/ports/6d03180f-2867-4b27-bca8-01d1eaaee9d0 => generated 0 bytes in 270 msecs (HTTP/1.1 204) 3 headers in 131 bytes (1 switches on core 0) [pid: 8|app: 0|req: 1154/2052] 10.0.0.246 () {32 vars in 643 bytes} [Wed May 27 11:03:44 2026] GET /v2.0/ports => generated 1523 bytes in 64 msecs (HTTP/1.1 200) 4 headers in 158 bytes (1 switches on core 0)
2026-05-27 11:03:44.164 8 INFO neutron.db.segments_db [None req-0b41aeb7-3d7c-4026-8f47-636ac7373cbd 13de3d87a4d24b04a8e3f937925f8c8b 3748d3c2b12d4462b42f19e6647ef0cf - - default default] Added segment c076a269-f27a-40aa-9c0f-fda49877a46e of type geneve for network 402569b2-e399-402b-98d5-ccca0ccd7ff3
2026-05-27 11:03:44.200 7 INFO neutron.db.ovn_revision_numbers_db [None req-3b796443-d2f0-4929-b3d3-8174f706a4d9 - - - - - -] Successfully bumped revision number for resource 283ed722-0dfe-4206-adfb-f1e2eb898a22 (type: ports) to 2
2026-05-27 11:03:44.246 7 INFO neutron.db.ovn_revision_numbers_db [None req-3b796443-d2f0-4929-b3d3-8174f706a4d9 - - - - - -] Successfully bumped revision number for resource f750c346-c534-43dd-b1ee-3448062eb193 (type: subnets) to 0
2026-05-27 11:03:44.263 8 INFO neutron.db.ovn_revision_numbers_db [None req-0b41aeb7-3d7c-4026-8f47-636ac7373cbd 13de3d87a4d24b04a8e3f937925f8c8b 3748d3c2b12d4462b42f19e6647ef0cf - - default default] Successfully bumped revision number for resource 402569b2-e399-402b-98d5-ccca0ccd7ff3 (type: networks) to 1 [pid: 7|app: 0|req: 899/2053] 10.0.0.246 () {34 vars in 669 bytes} [Wed May 27 11:03:43 2026] POST /v2.0/subnets => generated 656 bytes in 867 msecs (HTTP/1.1 201) 4 headers in 162 bytes (1 switches on core 0)
2026-05-27 11:03:44.420 8 WARNING neutron.scheduler.dhcp_agent_scheduler [None req-0b41aeb7-3d7c-4026-8f47-636ac7373cbd 13de3d87a4d24b04a8e3f937925f8c8b 3748d3c2b12d4462b42f19e6647ef0cf - - default default] No more DHCP agents
2026-05-27 11:03:44.421 8 WARNING neutron.api.rpc.agentnotifiers.dhcp_rpc_agent_api [None req-0b41aeb7-3d7c-4026-8f47-636ac7373cbd 13de3d87a4d24b04a8e3f937925f8c8b 3748d3c2b12d4462b42f19e6647ef0cf - - default default] Unable to schedule network 402569b2-e399-402b-98d5-ccca0ccd7ff3: no agents available; will retry on subsequent port and subnet creation events.
2026-05-27 11:03:44.502 7 WARNING neutron.scheduler.dhcp_agent_scheduler [None req-f645a35c-9529-42c4-88b5-46b5ee24f40e 97da4ee5f0864732a7847465bfd76f8f 612327652db141dd95049212256d6d1e - - default default] No more DHCP agents
2026-05-27 11:03:44.503 7 WARNING neutron.api.rpc.agentnotifiers.dhcp_rpc_agent_api [None req-f645a35c-9529-42c4-88b5-46b5ee24f40e 97da4ee5f0864732a7847465bfd76f8f 612327652db141dd95049212256d6d1e - - default default] Unable to schedule network a73c0a10-d810-47a5-afc6-03800df9945e: no agents available; will retry on subsequent port and subnet creation events.
2026-05-27 11:03:44.507 7 INFO neutron.plugins.ml2.drivers.ovn.mech_driver.mech_driver [None req-5f7a6c2e-7ed6-49e5-8665-cafc0a5bba97 - - - - - -] OVN reports status down for port: 42d5a0db-74bd-4d0c-a67e-eaa6cdc93ee0
2026-05-27 11:03:44.539 8 INFO neutron.db.ovn_revision_numbers_db [None req-0b41aeb7-3d7c-4026-8f47-636ac7373cbd 13de3d87a4d24b04a8e3f937925f8c8b 3748d3c2b12d4462b42f19e6647ef0cf - - default default] Successfully bumped revision number for resource 42d5a0db-74bd-4d0c-a67e-eaa6cdc93ee0 (type: ports) to 1 [pid: 8|app: 0|req: 1155/2054] 10.0.0.246 () {34 vars in 670 bytes} [Wed May 27 11:03:44 2026] POST /v2.0/networks => generated 654 bytes in 480 msecs (HTTP/1.1 201) 4 headers in 162 bytes (1 switches on core 0)
2026-05-27 11:03:44.584 7 INFO neutron.db.ovn_revision_numbers_db [None req-f645a35c-9529-42c4-88b5-46b5ee24f40e 97da4ee5f0864732a7847465bfd76f8f 612327652db141dd95049212256d6d1e - - default default] Successfully bumped revision number for resource 43747c5f-d370-4978-9bce-ca8dd858ddb9 (type: subnets) to 0 [pid: 7|app: 0|req: 900/2055] 10.0.0.246 () {34 vars in 669 bytes} [Wed May 27 11:03:44 2026] POST /v2.0/subnets => generated 730 bytes in 363 msecs (HTTP/1.1 201) 4 headers in 162 bytes (1 switches on core 0)
2026-05-27 11:03:44.687 8 INFO neutron.db.segments_db [None req-ce4020af-652a-4288-83cb-33f1f3a5d384 13de3d87a4d24b04a8e3f937925f8c8b 3748d3c2b12d4462b42f19e6647ef0cf - - default default] Added segment e496a2d8-182b-4c06-ba4e-7c02340df5d7 of type geneve for network 3600ff26-c44a-4b5d-9748-b08429607351
2026-05-27 11:03:44.820 8 INFO neutron.db.ovn_revision_numbers_db [None req-ce4020af-652a-4288-83cb-33f1f3a5d384 13de3d87a4d24b04a8e3f937925f8c8b 3748d3c2b12d4462b42f19e6647ef0cf - - default default] Successfully bumped revision number for resource 3600ff26-c44a-4b5d-9748-b08429607351 (type: networks) to 1
2026-05-27 11:03:44.967 8 WARNING neutron.scheduler.dhcp_agent_scheduler [None req-ce4020af-652a-4288-83cb-33f1f3a5d384 13de3d87a4d24b04a8e3f937925f8c8b 3748d3c2b12d4462b42f19e6647ef0cf - - default default] No more DHCP agents
2026-05-27 11:03:44.969 8 WARNING neutron.api.rpc.agentnotifiers.dhcp_rpc_agent_api [None req-ce4020af-652a-4288-83cb-33f1f3a5d384 13de3d87a4d24b04a8e3f937925f8c8b 3748d3c2b12d4462b42f19e6647ef0cf - - default default] Unable to schedule network 3600ff26-c44a-4b5d-9748-b08429607351: no agents available; will retry on subsequent port and subnet creation events.
2026-05-27 11:03:45.080 8 INFO neutron.db.ovn_revision_numbers_db [None req-ce4020af-652a-4288-83cb-33f1f3a5d384 13de3d87a4d24b04a8e3f937925f8c8b 3748d3c2b12d4462b42f19e6647ef0cf - - default default] Successfully bumped revision number for resource 04863821-baf3-45fb-bbd6-0716c046bd20 (type: ports) to 1
2026-05-27 11:03:45.088 7 INFO neutron.plugins.ml2.drivers.ovn.mech_driver.mech_driver [None req-5f7a6c2e-7ed6-49e5-8665-cafc0a5bba97 - - - - - -] OVN reports status down for port: 04863821-baf3-45fb-bbd6-0716c046bd20 [pid: 8|app: 0|req: 1156/2056] 10.0.0.246 () {34 vars in 670 bytes} [Wed May 27 11:03:44 2026] POST /v2.0/networks => generated 654 bytes in 560 msecs (HTTP/1.1 201) 4 headers in 162 bytes (1 switches on core 0)
2026-05-27 11:03:45.167 7 WARNING neutron.scheduler.dhcp_agent_scheduler [None req-a2005dda-23c5-445a-9272-8fb563eac44c 97da4ee5f0864732a7847465bfd76f8f 612327652db141dd95049212256d6d1e - - default default] No more DHCP agents
2026-05-27 11:03:45.168 7 WARNING neutron.api.rpc.agentnotifiers.dhcp_rpc_agent_api [None req-a2005dda-23c5-445a-9272-8fb563eac44c 97da4ee5f0864732a7847465bfd76f8f 612327652db141dd95049212256d6d1e - - default default] Unable to schedule network 25459e5c-561c-4514-b2ec-ae9d7a89e34a: no agents available; will retry on subsequent port and subnet creation events.
2026-05-27 11:03:45.318 7 INFO neutron.plugins.ml2.drivers.ovn.mech_driver.mech_driver [None req-5f7a6c2e-7ed6-49e5-8665-cafc0a5bba97 - - - - - -] OVN reports status down for port: 0a11bbe3-b9f1-4044-8868-85266c022ae3
2026-05-27 11:03:45.382 7 INFO neutron.db.ovn_revision_numbers_db [None req-a2005dda-23c5-445a-9272-8fb563eac44c 97da4ee5f0864732a7847465bfd76f8f 612327652db141dd95049212256d6d1e - - default default] Successfully bumped revision number for resource 0a11bbe3-b9f1-4044-8868-85266c022ae3 (type: ports) to 1
2026-05-27 11:03:45.882 8 WARNING neutron.scheduler.dhcp_agent_scheduler [None req-59ff9301-ffe0-44fd-8ada-6c77184f6e8b 13de3d87a4d24b04a8e3f937925f8c8b 3748d3c2b12d4462b42f19e6647ef0cf - - default default] No more DHCP agents
2026-05-27 11:03:45.883 8 WARNING neutron.api.rpc.agentnotifiers.dhcp_rpc_agent_api [None req-59ff9301-ffe0-44fd-8ada-6c77184f6e8b 13de3d87a4d24b04a8e3f937925f8c8b 3748d3c2b12d4462b42f19e6647ef0cf - - default default] Unable to schedule network 402569b2-e399-402b-98d5-ccca0ccd7ff3: no agents available; will retry on subsequent port and subnet creation events.
2026-05-27 11:03:45.924 8 INFO neutron.db.ovn_revision_numbers_db [None req-59ff9301-ffe0-44fd-8ada-6c77184f6e8b 13de3d87a4d24b04a8e3f937925f8c8b 3748d3c2b12d4462b42f19e6647ef0cf - - default default] Successfully bumped revision number for resource c6da41f2-2ac5-4dc8-baf4-fafb63c767b9 (type: subnets) to 0
2026-05-27 11:03:45.950 8 WARNING neutron.scheduler.dhcp_agent_scheduler [None req-59ff9301-ffe0-44fd-8ada-6c77184f6e8b 13de3d87a4d24b04a8e3f937925f8c8b 3748d3c2b12d4462b42f19e6647ef0cf - - default default] No more DHCP agents
2026-05-27 11:03:45.951 8 WARNING neutron.api.rpc.agentnotifiers.dhcp_rpc_agent_api [None req-59ff9301-ffe0-44fd-8ada-6c77184f6e8b 13de3d87a4d24b04a8e3f937925f8c8b 3748d3c2b12d4462b42f19e6647ef0cf - - default default] Unable to schedule network 3600ff26-c44a-4b5d-9748-b08429607351: no agents available; will retry on subsequent port and subnet creation events.
2026-05-27 11:03:45.991 8 INFO neutron.db.ovn_revision_numbers_db [None req-59ff9301-ffe0-44fd-8ada-6c77184f6e8b 13de3d87a4d24b04a8e3f937925f8c8b 3748d3c2b12d4462b42f19e6647ef0cf - - default default] Successfully bumped revision number for resource cc5932f1-a16f-4970-98db-4611a3fad8da (type: subnets) to 0 [pid: 8|app: 0|req: 1157/2057] 10.0.0.246 () {34 vars in 669 bytes} [Wed May 27 11:03:45 2026] POST /v2.0/subnets => generated 1323 bytes in 416 msecs (HTTP/1.1 201) 4 headers in 163 bytes (1 switches on core 0)
2026-05-27 11:03:46.030 7 INFO neutron.plugins.ml2.drivers.ovn.mech_driver.ovsdb.commands [None req-4570c631-21c1-4897-b9d1-e61b9866497e - - - - - -] Schedule LRP lrp-0a11bbe3-b9f1-4044-8868-85266c022ae3 on gateway dda1938d-7de1-4410-a1fd-2dc69d9d04f0 with priority 1 [pid: 8|app: 0|req: 1158/2058] 10.0.0.246 () {32 vars in 647 bytes} [Wed May 27 11:03:46 2026] GET /v2.0/subnets => generated 1959 bytes in 48 msecs (HTTP/1.1 200) 4 headers in 158 bytes (1 switches on core 0)
2026-05-27 11:03:46.129 7 INFO neutron.plugins.ml2.drivers.ovn.mech_driver.ovsdb.ovsdb_monitor [None req-43b24662-6258-421f-bcff-655a99aa5b67 - - - - - -] Router c0dd20f9-6a81-40ab-b3d9-c3e9059de14b is bound to host instance
2026-05-27 11:03:46.148 7 INFO neutron.plugins.ml2.drivers.ovn.mech_driver.mech_driver [None req-5f7a6c2e-7ed6-49e5-8665-cafc0a5bba97 - - - - - -] OVN reports status up for port: 0a11bbe3-b9f1-4044-8868-85266c022ae3
2026-05-27 11:03:46.201 7 INFO neutron.plugins.ml2.plugin [None req-5f7a6c2e-7ed6-49e5-8665-cafc0a5bba97 - - - - - -] Attempt 1 to provision port 0a11bbe3-b9f1-4044-8868-85266c022ae3
2026-05-27 11:03:46.242 7 INFO neutron.db.ovn_revision_numbers_db [None req-a2005dda-23c5-445a-9272-8fb563eac44c 97da4ee5f0864732a7847465bfd76f8f 612327652db141dd95049212256d6d1e - - default default] Successfully bumped revision number for resource 0a11bbe3-b9f1-4044-8868-85266c022ae3 (type: router_ports) to 1 [pid: 8|app: 0|req: 1159/2059] 10.0.0.246 () {32 vars in 724 bytes} [Wed May 27 11:03:46 2026] DELETE /v2.0/subnets/c6da41f2-2ac5-4dc8-baf4-fafb63c767b9 => generated 0 bytes in 186 msecs (HTTP/1.1 204) 3 headers in 131 bytes (1 switches on core 0) [pid: 8|app: 0|req: 1160/2060] 10.0.0.246 () {32 vars in 724 bytes} [Wed May 27 11:03:46 2026] DELETE /v2.0/subnets/cc5932f1-a16f-4970-98db-4611a3fad8da => generated 0 bytes in 132 msecs (HTTP/1.1 204) 3 headers in 131 bytes (1 switches on core 0) [pid: 8|app: 0|req: 1161/2061] 10.0.0.246 () {32 vars in 647 bytes} [Wed May 27 11:03:46 2026] GET /v2.0/subnets => generated 649 bytes in 26 msecs (HTTP/1.1 200) 4 headers in 157 bytes (1 switches on core 0)
2026-05-27 11:03:46.464 7 INFO neutron.db.ovn_revision_numbers_db [None req-a2005dda-23c5-445a-9272-8fb563eac44c 97da4ee5f0864732a7847465bfd76f8f 612327652db141dd95049212256d6d1e - - default default] Successfully bumped revision number for resource c0dd20f9-6a81-40ab-b3d9-c3e9059de14b (type: routers) to 2 [pid: 7|app: 0|req: 901/2062] 10.0.0.246 () {34 vars in 669 bytes} [Wed May 27 11:03:44 2026] POST /v2.0/routers => generated 945 bytes in 1855 msecs (HTTP/1.1 201) 4 headers in 162 bytes (1 switches on core 0)
2026-05-27 11:03:46.539 8 INFO neutron_taas.services.taas.taas_plugin [None req-4c1fb42a-5576-44c0-a14d-cdb73f21fc6c 13de3d87a4d24b04a8e3f937925f8c8b 3748d3c2b12d4462b42f19e6647ef0cf - - default default] TaaS: Handle Delete Port: 04863821-baf3-45fb-bbd6-0716c046bd20
2026-05-27 11:03:46.542 8 INFO neutron_taas.services.taas.tap_mirror_plugin [None req-4c1fb42a-5576-44c0-a14d-cdb73f21fc6c 13de3d87a4d24b04a8e3f937925f8c8b 3748d3c2b12d4462b42f19e6647ef0cf - - default default] Tap Mirror: Handle Delete Port: 04863821-baf3-45fb-bbd6-0716c046bd20
2026-05-27 11:03:46.734 8 INFO neutron.services.segments.plugin [-] Segment e496a2d8-182b-4c06-ba4e-7c02340df5d7 resource provider aggregate not found
2026-05-27 11:03:46.744 8 INFO neutron.services.segments.plugin [-] Segment e496a2d8-182b-4c06-ba4e-7c02340df5d7 resource provider aggregate not found
2026-05-27 11:03:46.764 8 INFO neutron.services.segments.plugin [-] Segment e496a2d8-182b-4c06-ba4e-7c02340df5d7 resource provider not found; error: Placement Client Error (4xx): {"errors": [{"status": 404, "title": "Not Found", "detail": "The resource could not be found.\n\n No resource provider with uuid e496a2d8-182b-4c06-ba4e-7c02340df5d7 found for delete ", "request_id": "req-1f2eb9e5-81fc-4eaa-8b14-269433d4e340"}]}
2026-05-27 11:03:46.765 8 INFO neutron.services.segments.plugin [-] Segment e496a2d8-182b-4c06-ba4e-7c02340df5d7 resource provider not found; error: Placement Client Error (4xx): {"errors": [{"status": 404, "title": "Not Found", "detail": "The resource could not be found.\n\n No resource provider with uuid e496a2d8-182b-4c06-ba4e-7c02340df5d7 found for delete ", "request_id": "req-fb471625-5ecb-4450-8c5a-d863eb0bec72"}]} [pid: 8|app: 0|req: 1162/2063] 10.0.0.246 () {32 vars in 726 bytes} [Wed May 27 11:03:46 2026] DELETE /v2.0/networks/3600ff26-c44a-4b5d-9748-b08429607351 => generated 0 bytes in 373 msecs (HTTP/1.1 204) 3 headers in 131 bytes (1 switches on core 0)
2026-05-27 11:03:47.252 8 INFO neutron.db.ovn_revision_numbers_db [None req-a925d361-d4e4-424f-8328-80759609ae68 3367c50fa9e74ccc944d9f5a943dbb80 33f3bd0fc2fd4d68860b65af73b9d509 - - default default] Successfully bumped revision number for resource 34cdacc4-4fe7-4ac9-b04a-88482e1a0fca (type: security_groups) to 1
2026-05-27 11:03:47.264 8 INFO neutron.db.ovn_revision_numbers_db [None req-a925d361-d4e4-424f-8328-80759609ae68 3367c50fa9e74ccc944d9f5a943dbb80 33f3bd0fc2fd4d68860b65af73b9d509 - - default default] Successfully bumped revision number for resource 1bb34ed9-94ae-4310-9e97-ba9acd67d66e (type: security_group_rules) to 0
2026-05-27 11:03:47.278 8 INFO neutron.db.ovn_revision_numbers_db [None req-a925d361-d4e4-424f-8328-80759609ae68 3367c50fa9e74ccc944d9f5a943dbb80 33f3bd0fc2fd4d68860b65af73b9d509 - - default default] Successfully bumped revision number for resource 60bb5cc1-85c7-4d6c-b1a8-ab37f322e632 (type: security_group_rules) to 0
2026-05-27 11:03:47.290 8 INFO neutron.db.ovn_revision_numbers_db [None req-a925d361-d4e4-424f-8328-80759609ae68 3367c50fa9e74ccc944d9f5a943dbb80 33f3bd0fc2fd4d68860b65af73b9d509 - - default default] Successfully bumped revision number for resource 6b9c0b18-78c9-47ac-9427-ba291f60abfe (type: security_group_rules) to 0
2026-05-27 11:03:47.303 8 INFO neutron.db.ovn_revision_numbers_db [None req-a925d361-d4e4-424f-8328-80759609ae68 3367c50fa9e74ccc944d9f5a943dbb80 33f3bd0fc2fd4d68860b65af73b9d509 - - default default] Successfully bumped revision number for resource f7c01c2c-e67b-4ff2-9e01-1be72f5ab1f3 (type: security_group_rules) to 0
2026-05-27 11:03:47.386 8 INFO neutron.db.segments_db [None req-a925d361-d4e4-424f-8328-80759609ae68 3367c50fa9e74ccc944d9f5a943dbb80 33f3bd0fc2fd4d68860b65af73b9d509 - - default default] Added segment 58fe5db1-488a-4807-b12d-5db9a6907dd5 of type geneve for network 021cc630-7a79-48da-9dc3-f004ae1d751c
2026-05-27 11:03:47.499 8 INFO neutron.db.ovn_revision_numbers_db [None req-a925d361-d4e4-424f-8328-80759609ae68 3367c50fa9e74ccc944d9f5a943dbb80 33f3bd0fc2fd4d68860b65af73b9d509 - - default default] Successfully bumped revision number for resource 021cc630-7a79-48da-9dc3-f004ae1d751c (type: networks) to 1
2026-05-27 11:03:47.652 8 WARNING neutron.scheduler.dhcp_agent_scheduler [None req-a925d361-d4e4-424f-8328-80759609ae68 3367c50fa9e74ccc944d9f5a943dbb80 33f3bd0fc2fd4d68860b65af73b9d509 - - default default] No more DHCP agents
2026-05-27 11:03:47.654 8 WARNING neutron.api.rpc.agentnotifiers.dhcp_rpc_agent_api [None req-a925d361-d4e4-424f-8328-80759609ae68 3367c50fa9e74ccc944d9f5a943dbb80 33f3bd0fc2fd4d68860b65af73b9d509 - - default default] Unable to schedule network 021cc630-7a79-48da-9dc3-f004ae1d751c: no agents available; will retry on subsequent port and subnet creation events.
2026-05-27 11:03:47.763 8 INFO neutron.db.ovn_revision_numbers_db [None req-a925d361-d4e4-424f-8328-80759609ae68 3367c50fa9e74ccc944d9f5a943dbb80 33f3bd0fc2fd4d68860b65af73b9d509 - - default default] Successfully bumped revision number for resource b4f97254-a57e-455e-a7ec-00e8dce1ad0b (type: ports) to 1 [pid: 8|app: 0|req: 1163/2064] 10.0.0.246 () {34 vars in 670 bytes} [Wed May 27 11:03:46 2026] POST /v2.0/networks => generated 631 bytes in 978 msecs (HTTP/1.1 201) 4 headers in 162 bytes (1 switches on core 0)
2026-05-27 11:03:47.890 8 INFO neutron_taas.services.taas.taas_plugin [None req-fb2371f4-1d35-420b-946c-a1afb3cd6cbe 13de3d87a4d24b04a8e3f937925f8c8b 3748d3c2b12d4462b42f19e6647ef0cf - - default default] TaaS: Handle Delete Port: 42d5a0db-74bd-4d0c-a67e-eaa6cdc93ee0
2026-05-27 11:03:47.892 8 INFO neutron_taas.services.taas.tap_mirror_plugin [None req-fb2371f4-1d35-420b-946c-a1afb3cd6cbe 13de3d87a4d24b04a8e3f937925f8c8b 3748d3c2b12d4462b42f19e6647ef0cf - - default default] Tap Mirror: Handle Delete Port: 42d5a0db-74bd-4d0c-a67e-eaa6cdc93ee0 [pid: 8|app: 0|req: 1164/2065] 10.0.0.246 () {32 vars in 726 bytes} [Wed May 27 11:03:47 2026] DELETE /v2.0/networks/402569b2-e399-402b-98d5-ccca0ccd7ff3 => generated 0 bytes in 327 msecs (HTTP/1.1 204) 3 headers in 131 bytes (1 switches on core 0)
2026-05-27 11:03:48.297 8 INFO neutron.db.ovn_revision_numbers_db [None req-0a2f617b-2f94-44ce-bb98-84ac57a40973 127ae86e8af04981b432b28ead9dbbb3 cb8693cbd5884ffbb464d7e00d8f4118 - - default default] Successfully bumped revision number for resource 8514dc11-6342-4030-8b3f-0fc30948f120 (type: security_groups) to 1
2026-05-27 11:03:48.310 8 INFO neutron.db.ovn_revision_numbers_db [None req-0a2f617b-2f94-44ce-bb98-84ac57a40973 127ae86e8af04981b432b28ead9dbbb3 cb8693cbd5884ffbb464d7e00d8f4118 - - default default] Successfully bumped revision number for resource 637e6110-d6cf-40e9-9c73-4be1a82cca94 (type: security_group_rules) to 0
2026-05-27 11:03:48.319 8 INFO neutron.db.ovn_revision_numbers_db [None req-0a2f617b-2f94-44ce-bb98-84ac57a40973 127ae86e8af04981b432b28ead9dbbb3 cb8693cbd5884ffbb464d7e00d8f4118 - - default default] Successfully bumped revision number for resource 8d789a01-9f1f-44fe-8c10-4278baaf128a (type: security_group_rules) to 0
2026-05-27 11:03:48.324 7 WARNING neutron.scheduler.dhcp_agent_scheduler [None req-83520d37-aec6-4af5-9354-bec0b5ac2772 97da4ee5f0864732a7847465bfd76f8f 612327652db141dd95049212256d6d1e - - default default] No more DHCP agents
2026-05-27 11:03:48.326 7 WARNING neutron.api.rpc.agentnotifiers.dhcp_rpc_agent_api [None req-83520d37-aec6-4af5-9354-bec0b5ac2772 97da4ee5f0864732a7847465bfd76f8f 612327652db141dd95049212256d6d1e - - default default] Unable to schedule network be83cd0e-1433-494e-8fde-930c3eca6ae5: no agents available; will retry on subsequent port and subnet creation events.
2026-05-27 11:03:48.330 8 INFO neutron.db.ovn_revision_numbers_db [None req-0a2f617b-2f94-44ce-bb98-84ac57a40973 127ae86e8af04981b432b28ead9dbbb3 cb8693cbd5884ffbb464d7e00d8f4118 - - default default] Successfully bumped revision number for resource 9f3a1901-4010-40fa-9d27-65460bc4d562 (type: security_group_rules) to 0
2026-05-27 11:03:48.342 8 INFO neutron.db.ovn_revision_numbers_db [None req-0a2f617b-2f94-44ce-bb98-84ac57a40973 127ae86e8af04981b432b28ead9dbbb3 cb8693cbd5884ffbb464d7e00d8f4118 - - default default] Successfully bumped revision number for resource c02d6d8c-cba2-4554-99c5-d260514394fb (type: security_group_rules) to 0 [pid: 8|app: 0|req: 1165/2066] 10.0.0.246 () {32 vars in 774 bytes} [Wed May 27 11:03:48 2026] GET /v2.0/security-groups?tenant_id=9ef63b5b22f64bb4a2d88aee521e8abd&name=default => generated 2925 bytes in 258 msecs (HTTP/1.1 200) 4 headers in 158 bytes (1 switches on core 0)
2026-05-27 11:03:48.468 7 INFO neutron.db.ovn_revision_numbers_db [None req-933430d6-d486-461a-b36b-f189ab68e9f0 - - - - - -] Successfully bumped revision number for resource 0a11bbe3-b9f1-4044-8868-85266c022ae3 (type: ports) to 4
2026-05-27 11:03:48.598 7 INFO neutron.db.ovn_revision_numbers_db [None req-83520d37-aec6-4af5-9354-bec0b5ac2772 97da4ee5f0864732a7847465bfd76f8f 612327652db141dd95049212256d6d1e - - default default] Successfully bumped revision number for resource c702475a-5e5e-49e1-9469-b0d4e11b1fb6 (type: ports) to 1
2026-05-27 11:03:48.632 8 WARNING neutron.scheduler.dhcp_agent_scheduler [None req-4ab9cf3b-fef9-4b01-9fdb-93151ecc467d 3367c50fa9e74ccc944d9f5a943dbb80 33f3bd0fc2fd4d68860b65af73b9d509 - - default default] No more DHCP agents
2026-05-27 11:03:48.633 8 WARNING neutron.api.rpc.agentnotifiers.dhcp_rpc_agent_api [None req-4ab9cf3b-fef9-4b01-9fdb-93151ecc467d 3367c50fa9e74ccc944d9f5a943dbb80 33f3bd0fc2fd4d68860b65af73b9d509 - - default default] Unable to schedule network 021cc630-7a79-48da-9dc3-f004ae1d751c: no agents available; will retry on subsequent port and subnet creation events.
2026-05-27 11:03:48.789 8 INFO neutron.services.segments.plugin [-] Segment c076a269-f27a-40aa-9c0f-fda49877a46e resource provider aggregate not found
2026-05-27 11:03:48.789 8 INFO neutron.services.segments.plugin [-] Segment c076a269-f27a-40aa-9c0f-fda49877a46e resource provider aggregate not found
2026-05-27 11:03:48.813 8 INFO neutron.services.segments.plugin [-] Segment c076a269-f27a-40aa-9c0f-fda49877a46e resource provider not found; error: Placement Client Error (4xx): {"errors": [{"status": 404, "title": "Not Found", "detail": "The resource could not be found.\n\n No resource provider with uuid c076a269-f27a-40aa-9c0f-fda49877a46e found for delete ", "request_id": "req-9dc7e0a3-df01-4642-ab6e-13aff7dd70e6"}]}
2026-05-27 11:03:48.816 8 INFO neutron.services.segments.plugin [-] Segment c076a269-f27a-40aa-9c0f-fda49877a46e resource provider not found; error: Placement Client Error (4xx): {"errors": [{"status": 404, "title": "Not Found", "detail": "The resource could not be found.\n\n No resource provider with uuid c076a269-f27a-40aa-9c0f-fda49877a46e found for delete ", "request_id": "req-d644a61b-c772-41a5-8aee-774061657d51"}]}
2026-05-27 11:03:49.070 8 INFO neutron.db.ovn_revision_numbers_db [None req-3491f90b-9b83-4ca4-ac2c-2e84a1918603 - - - - - -] Successfully bumped revision number for resource b4f97254-a57e-455e-a7ec-00e8dce1ad0b (type: ports) to 2
2026-05-27 11:03:49.099 8 INFO neutron.db.ovn_revision_numbers_db [None req-3491f90b-9b83-4ca4-ac2c-2e84a1918603 - - - - - -] Successfully bumped revision number for resource 7aabc1c1-b78f-484b-a799-5c95b9c6cdc6 (type: subnets) to 0 [pid: 8|app: 0|req: 1166/2067] 10.0.0.246 () {34 vars in 669 bytes} [Wed May 27 11:03:48 2026] POST /v2.0/subnets => generated 626 bytes in 746 msecs (HTTP/1.1 201) 4 headers in 162 bytes (1 switches on core 0)
2026-05-27 11:03:49.181 7 INFO neutron.db.ovn_revision_numbers_db [None req-933430d6-d486-461a-b36b-f189ab68e9f0 - - - - - -] Successfully bumped revision number for resource 0a11bbe3-b9f1-4044-8868-85266c022ae3 (type: ports) to 5
2026-05-27 11:03:49.235 8 INFO neutron_taas.services.taas.taas_plugin [None req-bc7608fe-610a-46ea-a5ae-11861ff6f6e7 13de3d87a4d24b04a8e3f937925f8c8b 3748d3c2b12d4462b42f19e6647ef0cf - - default default] TaaS: Handle Delete Port: d4e1ea53-99a2-4622-9574-4dcf5ce1b098
2026-05-27 11:03:49.237 8 INFO neutron_taas.services.taas.tap_mirror_plugin [None req-bc7608fe-610a-46ea-a5ae-11861ff6f6e7 13de3d87a4d24b04a8e3f937925f8c8b 3748d3c2b12d4462b42f19e6647ef0cf - - default default] Tap Mirror: Handle Delete Port: d4e1ea53-99a2-4622-9574-4dcf5ce1b098
2026-05-27 11:03:49.406 7 INFO neutron.plugins.ml2.drivers.ovn.mech_driver.mech_driver [None req-5f7a6c2e-7ed6-49e5-8665-cafc0a5bba97 - - - - - -] OVN reports status down for port: b4f97254-a57e-455e-a7ec-00e8dce1ad0b [pid: 8|app: 0|req: 1167/2068] 10.0.0.246 () {32 vars in 726 bytes} [Wed May 27 11:03:49 2026] DELETE /v2.0/networks/73044db0-e036-405e-98ee-2470e1a9b669 => generated 0 bytes in 351 msecs (HTTP/1.1 204) 3 headers in 131 bytes (1 switches on core 0)
2026-05-27 11:03:49.541 7 INFO neutron.plugins.ml2.drivers.ovn.mech_driver.mech_driver [None req-5f7a6c2e-7ed6-49e5-8665-cafc0a5bba97 - - - - - -] OVN reports status down for port: c702475a-5e5e-49e1-9469-b0d4e11b1fb6 [pid: 8|app: 0|req: 1168/2069] 10.0.0.246 () {32 vars in 740 bytes} [Wed May 27 11:03:49 2026] DELETE /v2.0/security-groups/8514dc11-6342-4030-8b3f-0fc30948f120 => generated 0 bytes in 278 msecs (HTTP/1.1 204) 2 headers in 112 bytes (1 switches on core 0)
2026-05-27 11:03:49.783 7 INFO neutron.plugins.ml2.drivers.ovn.mech_driver.mech_driver [None req-5f7a6c2e-7ed6-49e5-8665-cafc0a5bba97 - - - - - -] OVN reports status up for port: c702475a-5e5e-49e1-9469-b0d4e11b1fb6
2026-05-27 11:03:49.807 7 INFO neutron.plugins.ml2.plugin [None req-5f7a6c2e-7ed6-49e5-8665-cafc0a5bba97 - - - - - -] Attempt 1 to provision port c702475a-5e5e-49e1-9469-b0d4e11b1fb6 [pid: 8|app: 0|req: 1169/2070] 10.0.0.246 () {34 vars in 751 bytes} [Wed May 27 11:03:49 2026] PUT /v2.0/subnets/7aabc1c1-b78f-484b-a799-5c95b9c6cdc6/tags => generated 25 bytes in 90 msecs (HTTP/1.1 200) 4 headers in 156 bytes (1 switches on core 0)
2026-05-27 11:03:49.924 7 WARNING neutron.scheduler.dhcp_agent_scheduler [None req-83520d37-aec6-4af5-9354-bec0b5ac2772 97da4ee5f0864732a7847465bfd76f8f 612327652db141dd95049212256d6d1e - - default default] No more DHCP agents
2026-05-27 11:03:49.928 7 WARNING neutron.api.rpc.agentnotifiers.dhcp_rpc_agent_api [None req-83520d37-aec6-4af5-9354-bec0b5ac2772 97da4ee5f0864732a7847465bfd76f8f 612327652db141dd95049212256d6d1e - - default default] Unable to schedule network be83cd0e-1433-494e-8fde-930c3eca6ae5: no agents available; will retry on subsequent port and subnet creation events.
2026-05-27 11:03:49.946 8 INFO neutron_taas.services.taas.taas_plugin [None req-cb886227-5a0b-419e-9ffc-ae9be08f7289 13de3d87a4d24b04a8e3f937925f8c8b 3748d3c2b12d4462b42f19e6647ef0cf - - default default] TaaS: Handle Delete Port: 38645724-8c44-401e-8631-408a5766c3fb
2026-05-27 11:03:49.949 8 INFO neutron_taas.services.taas.tap_mirror_plugin [None req-cb886227-5a0b-419e-9ffc-ae9be08f7289 13de3d87a4d24b04a8e3f937925f8c8b 3748d3c2b12d4462b42f19e6647ef0cf - - default default] Tap Mirror: Handle Delete Port: 38645724-8c44-401e-8631-408a5766c3fb [pid: 8|app: 0|req: 1170/2071] 10.0.0.246 () {32 vars in 726 bytes} [Wed May 27 11:03:49 2026] DELETE /v2.0/networks/89a0f7d3-95eb-4451-a73c-1a99daa8e3b0 => generated 0 bytes in 356 msecs (HTTP/1.1 204) 3 headers in 131 bytes (1 switches on core 0) [pid: 8|app: 0|req: 1171/2072] 10.0.0.246 () {32 vars in 731 bytes} [Wed May 27 11:03:50 2026] GET /v2.0/subnets/7aabc1c1-b78f-484b-a799-5c95b9c6cdc6/tags => generated 25 bytes in 46 msecs (HTTP/1.1 200) 4 headers in 156 bytes (1 switches on core 0) [pid: 8|app: 0|req: 1172/2073] 10.0.0.246 () {34 vars in 762 bytes} [Wed May 27 11:03:50 2026] PUT /v2.0/subnets/7aabc1c1-b78f-484b-a799-5c95b9c6cdc6/tags/green => generated 4 bytes in 82 msecs (HTTP/1.1 201) 4 headers in 160 bytes (1 switches on core 0) [pid: 8|app: 0|req: 1173/2074] 10.0.0.246 () {32 vars in 731 bytes} [Wed May 27 11:03:50 2026] GET /v2.0/subnets/7aabc1c1-b78f-484b-a799-5c95b9c6cdc6/tags => generated 34 bytes in 60 msecs (HTTP/1.1 200) 4 headers in 156 bytes (1 switches on core 0) [pid: 8|app: 0|req: 1174/2075] 10.0.0.246 () {34 vars in 758 bytes} [Wed May 27 11:03:50 2026] PUT /v2.0/subnets/7aabc1c1-b78f-484b-a799-5c95b9c6cdc6/tags/red => generated 4 bytes in 83 msecs (HTTP/1.1 201) 4 headers in 160 bytes (1 switches on core 0) [pid: 8|app: 0|req: 1175/2076] 10.0.0.246 () {32 vars in 731 bytes} [Wed May 27 11:03:50 2026] GET /v2.0/subnets/7aabc1c1-b78f-484b-a799-5c95b9c6cdc6/tags => generated 34 bytes in 73 msecs (HTTP/1.1 200) 4 headers in 156 bytes (1 switches on core 0)
2026-05-27 11:03:50.582 7 INFO neutron.db.ovn_revision_numbers_db [None req-5f7a6c2e-7ed6-49e5-8665-cafc0a5bba97 - - - - - -] Successfully bumped revision number for resource c702475a-5e5e-49e1-9469-b0d4e11b1fb6 (type: ports) to 2 [pid: 8|app: 0|req: 1176/2077] 10.0.0.246 () {34 vars in 780 bytes} [Wed May 27 11:03:50 2026] PUT /v2.0/subnets/7aabc1c1-b78f-484b-a799-5c95b9c6cdc6/tags/black.or.white => generated 4 bytes in 91 msecs (HTTP/1.1 201) 4 headers in 160 bytes (1 switches on core 0)
2026-05-27 11:03:50.831 7 INFO neutron.db.ovn_revision_numbers_db [None req-83520d37-aec6-4af5-9354-bec0b5ac2772 97da4ee5f0864732a7847465bfd76f8f 612327652db141dd95049212256d6d1e - - default default] Successfully bumped revision number for resource c702475a-5e5e-49e1-9469-b0d4e11b1fb6 (type: router_ports) to 1
2026-05-27 11:03:50.836 8 INFO neutron.services.segments.plugin [-] Segment c8a50ecd-db6e-4a14-b975-4a98c68cf446 resource provider aggregate not found [pid: 7|app: 0|req: 902/2078] 10.0.0.246 () {34 vars in 783 bytes} [Wed May 27 11:03:46 2026] PUT /v2.0/routers/c0dd20f9-6a81-40ab-b3d9-c3e9059de14b/add_router_interface => generated 309 bytes in 4341 msecs (HTTP/1.1 200) 4 headers in 157 bytes (1 switches on core 0)
2026-05-27 11:03:50.841 8 INFO neutron.services.segments.plugin [-] Segment c8a50ecd-db6e-4a14-b975-4a98c68cf446 resource provider aggregate not found [pid: 8|app: 0|req: 1177/2079] 10.0.0.246 () {32 vars in 774 bytes} [Wed May 27 11:03:50 2026] GET /v2.0/security-groups?tenant_id=3748d3c2b12d4462b42f19e6647ef0cf&name=default => generated 2925 bytes in 196 msecs (HTTP/1.1 200) 4 headers in 158 bytes (1 switches on core 0)
2026-05-27 11:03:50.858 8 INFO neutron.services.segments.plugin [-] Segment c8a50ecd-db6e-4a14-b975-4a98c68cf446 resource provider not found; error: Placement Client Error (4xx): {"errors": [{"status": 404, "title": "Not Found", "detail": "The resource could not be found.\n\n No resource provider with uuid c8a50ecd-db6e-4a14-b975-4a98c68cf446 found for delete ", "request_id": "req-d21ae6a2-1de6-4115-8992-d896e79d76f2"}]}
2026-05-27 11:03:50.873 8 INFO neutron.services.segments.plugin [-] Segment c8a50ecd-db6e-4a14-b975-4a98c68cf446 resource provider not found; error: Placement Client Error (4xx): {"errors": [{"status": 404, "title": "Not Found", "detail": "The resource could not be found.\n\n No resource provider with uuid c8a50ecd-db6e-4a14-b975-4a98c68cf446 found for delete ", "request_id": "req-628e854b-f9db-4c2a-bd31-8d8d0831cd47"}]}
2026-05-27 11:03:50.890 8 INFO neutron.services.segments.plugin [-] Segment dbf162f7-f8e3-48d3-8b0f-4dc0596f63ad resource provider aggregate not found [pid: 7|app: 0|req: 903/2082] 10.0.0.246 () {32 vars in 731 bytes} [Wed May 27 11:03:50 2026] GET /v2.0/subnets/7aabc1c1-b78f-484b-a799-5c95b9c6cdc6/tags => generated 52 bytes in 62 msecs (HTTP/1.1 200) 4 headers in 156 bytes (1 switches on core 0)
2026-05-27 11:03:50.903 8 INFO neutron.services.segments.plugin [-] Segment dbf162f7-f8e3-48d3-8b0f-4dc0596f63ad resource provider aggregate not found
2026-05-27 11:03:50.908 8 INFO neutron.services.segments.plugin [-] Segment dbf162f7-f8e3-48d3-8b0f-4dc0596f63ad resource provider not found; error: Placement Client Error (4xx): {"errors": [{"status": 404, "title": "Not Found", "detail": "The resource could not be found.\n\n No resource provider with uuid dbf162f7-f8e3-48d3-8b0f-4dc0596f63ad found for delete ", "request_id": "req-63c88d48-3a7c-46b1-a938-3f401badaeb5"}]}
2026-05-27 11:03:50.916 8 INFO neutron.services.segments.plugin [-] Segment dbf162f7-f8e3-48d3-8b0f-4dc0596f63ad resource provider not found; error: Placement Client Error (4xx): {"errors": [{"status": 404, "title": "Not Found", "detail": "The resource could not be found.\n\n No resource provider with uuid dbf162f7-f8e3-48d3-8b0f-4dc0596f63ad found for delete ", "request_id": "req-0c0e51fb-d95f-471d-a931-ac7ee639a793"}]} [pid: 7|app: 0|req: 904/2083] 10.0.0.246 () {32 vars in 740 bytes} [Wed May 27 11:03:50 2026] DELETE /v2.0/security-groups/d7f29dad-9e55-4343-bb41-a1943e1c9e09 => generated 0 bytes in 287 msecs (HTTP/1.1 204) 2 headers in 112 bytes (1 switches on core 0) [pid: 7|app: 0|req: 905/2084] 10.0.0.246 () {34 vars in 751 bytes} [Wed May 27 11:03:51 2026] PUT /v2.0/subnets/7aabc1c1-b78f-484b-a799-5c95b9c6cdc6/tags => generated 37 bytes in 61 msecs (HTTP/1.1 200) 4 headers in 156 bytes (1 switches on core 0) [pid: 7|app: 0|req: 906/2085] 10.0.0.246 () {32 vars in 731 bytes} [Wed May 27 11:03:51 2026] GET /v2.0/subnets/7aabc1c1-b78f-484b-a799-5c95b9c6cdc6/tags => generated 37 bytes in 34 msecs (HTTP/1.1 200) 4 headers in 156 bytes (1 switches on core 0) [pid: 7|app: 0|req: 907/2086] 10.0.0.246 () {32 vars in 739 bytes} [Wed May 27 11:03:51 2026] GET /v2.0/subnets/7aabc1c1-b78f-484b-a799-5c95b9c6cdc6/tags/red => generated 0 bytes in 31 msecs (HTTP/1.1 204) 2 headers in 112 bytes (1 switches on core 0)
