2026-05-10 05:20:26.310 7 INFO placement.requestlog [None req-34412187-41b4-4893-acf5-acb8c040635a e821d3599cca45e9a16da797c6c141dc 28865966abea4d7a92b67877920d82ff - - 7f2f4cff927848eda18d225ea0e05c63 7f2f4cff927848eda18d225ea0e05c63] 10.0.0.252 "GET /resource_providers/8e6dfe6a-7dcb-408b-8566-4257ce798388/aggregates" status: 404 len: 235 microversion: 1.1 [pid: 7|app: 0|req: 552/1101] 10.0.0.252 () {32 vars in 816 bytes} [Sun May 10 05:20:26 2026] GET /resource_providers/8e6dfe6a-7dcb-408b-8566-4257ce798388/aggregates => generated 235 bytes in 17 msecs (HTTP/1.1 404) 5 headers in 202 bytes (1 switches on core 0)
2026-05-10 05:20:26.320 8 INFO placement.requestlog [None req-ec0ade26-4a62-4370-b192-b203cb262b49 e821d3599cca45e9a16da797c6c141dc 28865966abea4d7a92b67877920d82ff - - 7f2f4cff927848eda18d225ea0e05c63 7f2f4cff927848eda18d225ea0e05c63] 10.0.0.252 "DELETE /resource_providers/8e6dfe6a-7dcb-408b-8566-4257ce798388" status: 404 len: 246 microversion: 1.1 [pid: 8|app: 0|req: 550/1102] 10.0.0.252 () {34 vars in 816 bytes} [Sun May 10 05:20:26 2026] DELETE /resource_providers/8e6dfe6a-7dcb-408b-8566-4257ce798388 => generated 246 bytes in 6 msecs (HTTP/1.1 404) 6 headers in 231 bytes (1 switches on core 0)
2026-05-10 05:20:26.337 7 INFO placement.requestlog [None req-4183afd8-655f-42a4-9d66-a76c3dc58133 e821d3599cca45e9a16da797c6c141dc 28865966abea4d7a92b67877920d82ff - - 7f2f4cff927848eda18d225ea0e05c63 7f2f4cff927848eda18d225ea0e05c63] 10.0.0.252 "DELETE /resource_providers/8e6dfe6a-7dcb-408b-8566-4257ce798388" status: 404 len: 246 microversion: 1.1 [pid: 7|app: 0|req: 553/1103] 10.0.0.252 () {34 vars in 816 bytes} [Sun May 10 05:20:26 2026] DELETE /resource_providers/8e6dfe6a-7dcb-408b-8566-4257ce798388 => generated 246 bytes in 13 msecs (HTTP/1.1 404) 6 headers in 231 bytes (1 switches on core 0)
2026-05-10 05:20:26.696 7 INFO placement.requestlog [None req-8ad3e2bb-95f9-4596-a337-aa4ffe107fa4 e821d3599cca45e9a16da797c6c141dc 28865966abea4d7a92b67877920d82ff - - 7f2f4cff927848eda18d225ea0e05c63 7f2f4cff927848eda18d225ea0e05c63] 10.0.0.252 "GET /resource_providers/08a64284-9c22-46b2-b24a-2501597bfa9e/aggregates" status: 404 len: 235 microversion: 1.1 [pid: 7|app: 0|req: 554/1104] 10.0.0.252 () {32 vars in 816 bytes} [Sun May 10 05:20:26 2026] GET /resource_providers/08a64284-9c22-46b2-b24a-2501597bfa9e/aggregates => generated 235 bytes in 13 msecs (HTTP/1.1 404) 5 headers in 202 bytes (1 switches on core 0)
2026-05-10 05:20:26.701 8 INFO placement.requestlog [None req-05be83fc-0370-4c4b-80cc-7f8eb2cc158d e821d3599cca45e9a16da797c6c141dc 28865966abea4d7a92b67877920d82ff - - 7f2f4cff927848eda18d225ea0e05c63 7f2f4cff927848eda18d225ea0e05c63] 10.0.0.252 "GET /resource_providers/08a64284-9c22-46b2-b24a-2501597bfa9e/aggregates" status: 404 len: 235 microversion: 1.1 [pid: 8|app: 0|req: 551/1105] 10.0.0.252 () {32 vars in 816 bytes} [Sun May 10 05:20:26 2026] GET /resource_providers/08a64284-9c22-46b2-b24a-2501597bfa9e/aggregates => generated 235 bytes in 17 msecs (HTTP/1.1 404) 5 headers in 202 bytes (1 switches on core 0)
2026-05-10 05:20:26.714 7 INFO placement.requestlog [None req-1928a409-c036-4cb4-85a2-150ea88549e6 e821d3599cca45e9a16da797c6c141dc 28865966abea4d7a92b67877920d82ff - - 7f2f4cff927848eda18d225ea0e05c63 7f2f4cff927848eda18d225ea0e05c63] 10.0.0.252 "DELETE /resource_providers/08a64284-9c22-46b2-b24a-2501597bfa9e" status: 404 len: 246 microversion: 1.1 [pid: 7|app: 0|req: 555/1106] 10.0.0.252 () {34 vars in 816 bytes} [Sun May 10 05:20:26 2026] DELETE /resource_providers/08a64284-9c22-46b2-b24a-2501597bfa9e => generated 246 bytes in 7 msecs (HTTP/1.1 404) 6 headers in 231 bytes (1 switches on core 0)
2026-05-10 05:20:26.722 8 INFO placement.requestlog [None req-5d716ee2-5390-4f1c-b001-e3cea0c05210 e821d3599cca45e9a16da797c6c141dc 28865966abea4d7a92b67877920d82ff - - 7f2f4cff927848eda18d225ea0e05c63 7f2f4cff927848eda18d225ea0e05c63] 10.0.0.252 "DELETE /resource_providers/08a64284-9c22-46b2-b24a-2501597bfa9e" status: 404 len: 246 microversion: 1.1 [pid: 8|app: 0|req: 552/1107] 10.0.0.252 () {34 vars in 816 bytes} [Sun May 10 05:20:26 2026] DELETE /resource_providers/08a64284-9c22-46b2-b24a-2501597bfa9e => generated 246 bytes in 11 msecs (HTTP/1.1 404) 6 headers in 231 bytes (1 switches on core 0)
2026-05-10 05:20:28.742 7 INFO placement.requestlog [None req-034cf807-3c6e-449c-a9de-c2d974ca9f9f e821d3599cca45e9a16da797c6c141dc 28865966abea4d7a92b67877920d82ff - - 7f2f4cff927848eda18d225ea0e05c63 7f2f4cff927848eda18d225ea0e05c63] 10.0.0.252 "GET /resource_providers/b7ca06e6-d6d7-41a7-9cbb-9002d3727790/aggregates" status: 404 len: 235 microversion: 1.1 [pid: 7|app: 0|req: 556/1108] 10.0.0.252 () {32 vars in 816 bytes} [Sun May 10 05:20:28 2026] GET /resource_providers/b7ca06e6-d6d7-41a7-9cbb-9002d3727790/aggregates => generated 235 bytes in 11 msecs (HTTP/1.1 404) 5 headers in 202 bytes (1 switches on core 0)
2026-05-10 05:20:28.757 8 INFO placement.requestlog [None req-f305c9c5-038b-4c9d-b9ec-9e0d0cca6910 e821d3599cca45e9a16da797c6c141dc 28865966abea4d7a92b67877920d82ff - - 7f2f4cff927848eda18d225ea0e05c63 7f2f4cff927848eda18d225ea0e05c63] 10.0.0.252 "GET /resource_providers/b7ca06e6-d6d7-41a7-9cbb-9002d3727790/aggregates" status: 404 len: 235 microversion: 1.1 [pid: 8|app: 0|req: 553/1109] 10.0.0.252 () {32 vars in 816 bytes} [Sun May 10 05:20:28 2026] GET /resource_providers/b7ca06e6-d6d7-41a7-9cbb-9002d3727790/aggregates => generated 235 bytes in 21 msecs (HTTP/1.1 404) 5 headers in 202 bytes (1 switches on core 0)
2026-05-10 05:20:28.771 7 INFO placement.requestlog [None req-1ce35c5d-c5e0-4553-b2b6-7947e64eb18e e821d3599cca45e9a16da797c6c141dc 28865966abea4d7a92b67877920d82ff - - 7f2f4cff927848eda18d225ea0e05c63 7f2f4cff927848eda18d225ea0e05c63] 10.0.0.252 "DELETE /resource_providers/b7ca06e6-d6d7-41a7-9cbb-9002d3727790" status: 404 len: 246 microversion: 1.1 [pid: 7|app: 0|req: 557/1110] 10.0.0.252 () {34 vars in 816 bytes} [Sun May 10 05:20:28 2026] DELETE /resource_providers/b7ca06e6-d6d7-41a7-9cbb-9002d3727790 => generated 246 bytes in 16 msecs (HTTP/1.1 404) 6 headers in 231 bytes (1 switches on core 0)
2026-05-10 05:20:28.781 8 INFO placement.requestlog [None req-f6611ee3-354a-4c1e-80aa-a7d0d4189b10 e821d3599cca45e9a16da797c6c141dc 28865966abea4d7a92b67877920d82ff - - 7f2f4cff927848eda18d225ea0e05c63 7f2f4cff927848eda18d225ea0e05c63] 10.0.0.252 "DELETE /resource_providers/b7ca06e6-d6d7-41a7-9cbb-9002d3727790" status: 404 len: 246 microversion: 1.1 [pid: 8|app: 0|req: 554/1111] 10.0.0.252 () {34 vars in 816 bytes} [Sun May 10 05:20:28 2026] DELETE /resource_providers/b7ca06e6-d6d7-41a7-9cbb-9002d3727790 => generated 246 bytes in 11 msecs (HTTP/1.1 404) 6 headers in 231 bytes (1 switches on core 0)
2026-05-10 05:20:29.325 7 INFO placement.requestlog [req-d756d9a2-8051-45c2-908f-56876ea2e52f req-58353636-447f-4da4-a735-802e93cbe587 ca919fe5b2f5451b8675fc8f7ed97be5 28865966abea4d7a92b67877920d82ff - - 7f2f4cff927848eda18d225ea0e05c63 7f2f4cff927848eda18d225ea0e05c63] 199.204.45.129 "GET /resource_providers/2ec6d758-79e4-4272-b641-edbc758df6a4/allocations" status: 200 len: 55 microversion: 1.0 [pid: 7|app: 0|req: 558/1112] 199.204.45.129 () {32 vars in 857 bytes} [Sun May 10 05:20:29 2026] GET /resource_providers/2ec6d758-79e4-4272-b641-edbc758df6a4/allocations => generated 55 bytes in 224 msecs (HTTP/1.1 200) 6 headers in 223 bytes (1 switches on core 0)
2026-05-10 05:20:29.353 8 INFO placement.requestlog [req-d756d9a2-8051-45c2-908f-56876ea2e52f req-72d74c2f-c38c-4d7a-b54d-0f73ea1c3c17 ca919fe5b2f5451b8675fc8f7ed97be5 28865966abea4d7a92b67877920d82ff - - 7f2f4cff927848eda18d225ea0e05c63 7f2f4cff927848eda18d225ea0e05c63] 199.204.45.129 "GET /resource_providers?in_tree=2ec6d758-79e4-4272-b641-edbc758df6a4" status: 200 len: 798 microversion: 1.14 [pid: 8|app: 0|req: 555/1113] 199.204.45.129 () {34 vars in 892 bytes} [Sun May 10 05:20:29 2026] GET /resource_providers?in_tree=2ec6d758-79e4-4272-b641-edbc758df6a4 => generated 798 bytes in 22 msecs (HTTP/1.1 200) 6 headers in 225 bytes (1 switches on core 0)
2026-05-10 05:20:29.399 7 INFO placement.requestlog [req-d756d9a2-8051-45c2-908f-56876ea2e52f req-d91a7069-bc96-4713-a61a-c1f6fdfcea4b ca919fe5b2f5451b8675fc8f7ed97be5 28865966abea4d7a92b67877920d82ff - - 7f2f4cff927848eda18d225ea0e05c63 7f2f4cff927848eda18d225ea0e05c63] 199.204.45.129 "GET /resource_providers/2ec6d758-79e4-4272-b641-edbc758df6a4/inventories" status: 200 len: 401 microversion: 1.0 [pid: 7|app: 0|req: 559/1114] 199.204.45.129 () {32 vars in 857 bytes} [Sun May 10 05:20:29 2026] GET /resource_providers/2ec6d758-79e4-4272-b641-edbc758df6a4/inventories => generated 401 bytes in 39 msecs (HTTP/1.1 200) 6 headers in 224 bytes (1 switches on core 0)
2026-05-10 05:20:29.416 8 INFO placement.requestlog [req-d756d9a2-8051-45c2-908f-56876ea2e52f req-165c0207-4e26-4d89-9bd7-475c6092ca8c ca919fe5b2f5451b8675fc8f7ed97be5 28865966abea4d7a92b67877920d82ff - - 7f2f4cff927848eda18d225ea0e05c63 7f2f4cff927848eda18d225ea0e05c63] 199.204.45.129 "GET /resource_providers/2ec6d758-79e4-4272-b641-edbc758df6a4/aggregates" status: 200 len: 54 microversion: 1.19 [pid: 8|app: 0|req: 556/1115] 199.204.45.129 () {34 vars in 899 bytes} [Sun May 10 05:20:29 2026] GET /resource_providers/2ec6d758-79e4-4272-b641-edbc758df6a4/aggregates => generated 54 bytes in 12 msecs (HTTP/1.1 200) 8 headers in 295 bytes (1 switches on core 0)
2026-05-10 05:20:29.451 7 INFO placement.requestlog [req-d756d9a2-8051-45c2-908f-56876ea2e52f req-88826a12-5610-4cb8-a776-0c3239ee9f00 ca919fe5b2f5451b8675fc8f7ed97be5 28865966abea4d7a92b67877920d82ff - - 7f2f4cff927848eda18d225ea0e05c63 7f2f4cff927848eda18d225ea0e05c63] 199.204.45.129 "GET /resource_providers/2ec6d758-79e4-4272-b641-edbc758df6a4/traits" status: 200 len: 2176 microversion: 1.6 [pid: 7|app: 0|req: 560/1116] 199.204.45.129 () {34 vars in 890 bytes} [Sun May 10 05:20:29 2026] GET /resource_providers/2ec6d758-79e4-4272-b641-edbc758df6a4/traits => generated 2176 bytes in 24 msecs (HTTP/1.1 200) 6 headers in 225 bytes (1 switches on core 0)
2026-05-10 05:20:29.473 8 INFO placement.requestlog [req-d756d9a2-8051-45c2-908f-56876ea2e52f req-95d0a748-80d6-4de9-b87a-d3989baa47ca ca919fe5b2f5451b8675fc8f7ed97be5 28865966abea4d7a92b67877920d82ff - - 7f2f4cff927848eda18d225ea0e05c63 7f2f4cff927848eda18d225ea0e05c63] 199.204.45.129 "GET /resource_providers/2ec6d758-79e4-4272-b641-edbc758df6a4/allocations" status: 200 len: 55 microversion: 1.0 [pid: 8|app: 0|req: 557/1117] 199.204.45.129 () {32 vars in 857 bytes} [Sun May 10 05:20:29 2026] GET /resource_providers/2ec6d758-79e4-4272-b641-edbc758df6a4/allocations => generated 55 bytes in 12 msecs (HTTP/1.1 200) 6 headers in 223 bytes (1 switches on core 0)
2026-05-10 05:20:30.596 8 INFO placement.requestlog [None req-a6c32714-e8a0-4a13-b5ed-3f2cd41e02dd - - - - - -] 10.0.0.23 "GET /" status: 200 len: 136 microversion: 1.0
2026-05-10 05:20:30.596 7 INFO placement.requestlog [None req-51d7ba44-9452-4177-8f7f-f7f53104ff3c - - - - - -] 10.0.0.23 "GET /" status: 200 len: 136 microversion: 1.0
2026-05-10 05:20:30.803 7 INFO placement.requestlog [None req-86dcf478-fa20-42d6-b899-361cfd42c077 e821d3599cca45e9a16da797c6c141dc 28865966abea4d7a92b67877920d82ff - - 7f2f4cff927848eda18d225ea0e05c63 7f2f4cff927848eda18d225ea0e05c63] 10.0.0.252 "GET /resource_providers/46342585-3076-44c9-845a-bfa4437ba77c/aggregates" status: 404 len: 235 microversion: 1.1 [pid: 7|app: 0|req: 562/1120] 10.0.0.252 () {32 vars in 816 bytes} [Sun May 10 05:20:30 2026] GET /resource_providers/46342585-3076-44c9-845a-bfa4437ba77c/aggregates => generated 235 bytes in 10 msecs (HTTP/1.1 404) 5 headers in 202 bytes (1 switches on core 0)
2026-05-10 05:20:30.807 8 INFO placement.requestlog [None req-b23713ca-3b82-4430-a88a-9f29d14fc76a e821d3599cca45e9a16da797c6c141dc 28865966abea4d7a92b67877920d82ff - - 7f2f4cff927848eda18d225ea0e05c63 7f2f4cff927848eda18d225ea0e05c63] 10.0.0.252 "GET /resource_providers/46342585-3076-44c9-845a-bfa4437ba77c/aggregates" status: 404 len: 235 microversion: 1.1 [pid: 8|app: 0|req: 559/1121] 10.0.0.252 () {32 vars in 816 bytes} [Sun May 10 05:20:30 2026] GET /resource_providers/46342585-3076-44c9-845a-bfa4437ba77c/aggregates => generated 235 bytes in 12 msecs (HTTP/1.1 404) 5 headers in 202 bytes (1 switches on core 0)
2026-05-10 05:20:30.822 7 INFO placement.requestlog [None req-a6fe9b44-fd1c-4e8b-8fda-5af593c73a9c e821d3599cca45e9a16da797c6c141dc 28865966abea4d7a92b67877920d82ff - - 7f2f4cff927848eda18d225ea0e05c63 7f2f4cff927848eda18d225ea0e05c63] 10.0.0.252 "DELETE /resource_providers/46342585-3076-44c9-845a-bfa4437ba77c" status: 404 len: 246 microversion: 1.1 [pid: 7|app: 0|req: 563/1122] 10.0.0.252 () {34 vars in 816 bytes} [Sun May 10 05:20:30 2026] DELETE /resource_providers/46342585-3076-44c9-845a-bfa4437ba77c => generated 246 bytes in 7 msecs (HTTP/1.1 404) 6 headers in 231 bytes (1 switches on core 0)
2026-05-10 05:20:30.827 8 INFO placement.requestlog [None req-51de833e-caad-4596-8453-5b4d5f8dcaba e821d3599cca45e9a16da797c6c141dc 28865966abea4d7a92b67877920d82ff - - 7f2f4cff927848eda18d225ea0e05c63 7f2f4cff927848eda18d225ea0e05c63] 10.0.0.252 "DELETE /resource_providers/46342585-3076-44c9-845a-bfa4437ba77c" status: 404 len: 246 microversion: 1.1 [pid: 8|app: 0|req: 560/1123] 10.0.0.252 () {34 vars in 816 bytes} [Sun May 10 05:20:30 2026] DELETE /resource_providers/46342585-3076-44c9-845a-bfa4437ba77c => generated 246 bytes in 9 msecs (HTTP/1.1 404) 6 headers in 231 bytes (1 switches on core 0)
2026-05-10 05:20:32.847 8 INFO placement.requestlog [None req-2425e9b8-6242-4b12-acaf-0a82f793bd50 e821d3599cca45e9a16da797c6c141dc 28865966abea4d7a92b67877920d82ff - - 7f2f4cff927848eda18d225ea0e05c63 7f2f4cff927848eda18d225ea0e05c63] 10.0.0.252 "GET /resource_providers/e64a6b86-6f0f-4144-bfb4-2920f0dc751e/aggregates" status: 404 len: 235 microversion: 1.1 [pid: 8|app: 0|req: 561/1124] 10.0.0.252 () {32 vars in 816 bytes} [Sun May 10 05:20:32 2026] GET /resource_providers/e64a6b86-6f0f-4144-bfb4-2920f0dc751e/aggregates => generated 235 bytes in 12 msecs (HTTP/1.1 404) 5 headers in 202 bytes (1 switches on core 0)
2026-05-10 05:20:32.848 7 INFO placement.requestlog [None req-604d9b83-b382-4918-842e-ef55b33e5802 e821d3599cca45e9a16da797c6c141dc 28865966abea4d7a92b67877920d82ff - - 7f2f4cff927848eda18d225ea0e05c63 7f2f4cff927848eda18d225ea0e05c63] 10.0.0.252 "GET /resource_providers/e64a6b86-6f0f-4144-bfb4-2920f0dc751e/aggregates" status: 404 len: 235 microversion: 1.1 [pid: 7|app: 0|req: 564/1125] 10.0.0.252 () {32 vars in 816 bytes} [Sun May 10 05:20:32 2026] GET /resource_providers/e64a6b86-6f0f-4144-bfb4-2920f0dc751e/aggregates => generated 235 bytes in 14 msecs (HTTP/1.1 404) 5 headers in 202 bytes (1 switches on core 0)
2026-05-10 05:20:32.885 7 INFO placement.requestlog [None req-f8ca34c9-e655-479e-9607-5bdcc16adcb4 e821d3599cca45e9a16da797c6c141dc 28865966abea4d7a92b67877920d82ff - - 7f2f4cff927848eda18d225ea0e05c63 7f2f4cff927848eda18d225ea0e05c63] 10.0.0.252 "DELETE /resource_providers/e64a6b86-6f0f-4144-bfb4-2920f0dc751e" status: 404 len: 246 microversion: 1.1 [pid: 7|app: 0|req: 565/1126] 10.0.0.252 () {34 vars in 816 bytes} [Sun May 10 05:20:32 2026] DELETE /resource_providers/e64a6b86-6f0f-4144-bfb4-2920f0dc751e => generated 246 bytes in 9 msecs (HTTP/1.1 404) 6 headers in 231 bytes (1 switches on core 0)
2026-05-10 05:20:32.888 8 INFO placement.requestlog [None req-482336cb-9801-4013-876a-153ca5c28861 e821d3599cca45e9a16da797c6c141dc 28865966abea4d7a92b67877920d82ff - - 7f2f4cff927848eda18d225ea0e05c63 7f2f4cff927848eda18d225ea0e05c63] 10.0.0.252 "DELETE /resource_providers/e64a6b86-6f0f-4144-bfb4-2920f0dc751e" status: 404 len: 246 microversion: 1.1 [pid: 8|app: 0|req: 562/1127] 10.0.0.252 () {34 vars in 816 bytes} [Sun May 10 05:20:32 2026] DELETE /resource_providers/e64a6b86-6f0f-4144-bfb4-2920f0dc751e => generated 246 bytes in 17 msecs (HTTP/1.1 404) 6 headers in 231 bytes (1 switches on core 0)
2026-05-10 05:20:32.911 7 INFO placement.requestlog [None req-d66dbbef-5cfe-43f3-9040-5c3d20c19cc2 e821d3599cca45e9a16da797c6c141dc 28865966abea4d7a92b67877920d82ff - - 7f2f4cff927848eda18d225ea0e05c63 7f2f4cff927848eda18d225ea0e05c63] 10.0.0.252 "GET /resource_providers/f5e8084c-8070-46fc-86bf-b99fc11bf331/aggregates" status: 404 len: 235 microversion: 1.1 [pid: 7|app: 0|req: 566/1128] 10.0.0.252 () {32 vars in 816 bytes} [Sun May 10 05:20:32 2026] GET /resource_providers/f5e8084c-8070-46fc-86bf-b99fc11bf331/aggregates => generated 235 bytes in 10 msecs (HTTP/1.1 404) 5 headers in 202 bytes (1 switches on core 0)
2026-05-10 05:20:32.914 8 INFO placement.requestlog [None req-ceb44e1c-217b-4c89-a7de-d4c45b7eeb3e e821d3599cca45e9a16da797c6c141dc 28865966abea4d7a92b67877920d82ff - - 7f2f4cff927848eda18d225ea0e05c63 7f2f4cff927848eda18d225ea0e05c63] 10.0.0.252 "GET /resource_providers/f5e8084c-8070-46fc-86bf-b99fc11bf331/aggregates" status: 404 len: 235 microversion: 1.1 [pid: 8|app: 0|req: 563/1129] 10.0.0.252 () {32 vars in 816 bytes} [Sun May 10 05:20:32 2026] GET /resource_providers/f5e8084c-8070-46fc-86bf-b99fc11bf331/aggregates => generated 235 bytes in 11 msecs (HTTP/1.1 404) 5 headers in 202 bytes (1 switches on core 0)
2026-05-10 05:20:32.927 7 INFO placement.requestlog [None req-0c0d186a-a464-4f6b-85b3-3217d80dfe77 e821d3599cca45e9a16da797c6c141dc 28865966abea4d7a92b67877920d82ff - - 7f2f4cff927848eda18d225ea0e05c63 7f2f4cff927848eda18d225ea0e05c63] 10.0.0.252 "DELETE /resource_providers/f5e8084c-8070-46fc-86bf-b99fc11bf331" status: 404 len: 246 microversion: 1.1 [pid: 7|app: 0|req: 567/1130] 10.0.0.252 () {34 vars in 816 bytes} [Sun May 10 05:20:32 2026] DELETE /resource_providers/f5e8084c-8070-46fc-86bf-b99fc11bf331 => generated 246 bytes in 7 msecs (HTTP/1.1 404) 6 headers in 231 bytes (1 switches on core 0)
2026-05-10 05:20:32.933 8 INFO placement.requestlog [None req-b42130f5-beef-4c6c-9611-8d5f674dcafd e821d3599cca45e9a16da797c6c141dc 28865966abea4d7a92b67877920d82ff - - 7f2f4cff927848eda18d225ea0e05c63 7f2f4cff927848eda18d225ea0e05c63] 10.0.0.252 "DELETE /resource_providers/f5e8084c-8070-46fc-86bf-b99fc11bf331" status: 404 len: 246 microversion: 1.1 [pid: 8|app: 0|req: 564/1131] 10.0.0.252 () {34 vars in 816 bytes} [Sun May 10 05:20:32 2026] DELETE /resource_providers/f5e8084c-8070-46fc-86bf-b99fc11bf331 => generated 246 bytes in 11 msecs (HTTP/1.1 404) 6 headers in 231 bytes (1 switches on core 0)
2026-05-10 05:20:33.247 7 INFO placement.requestlog [None req-8342391a-1525-4079-9ece-eb082a7c55e8 e821d3599cca45e9a16da797c6c141dc 28865966abea4d7a92b67877920d82ff - - 7f2f4cff927848eda18d225ea0e05c63 7f2f4cff927848eda18d225ea0e05c63] 10.0.0.252 "GET /resource_providers/44aba0c2-3707-46da-8626-75b2691a8a9d/aggregates" status: 404 len: 235 microversion: 1.1 [pid: 7|app: 0|req: 568/1132] 10.0.0.252 () {32 vars in 816 bytes} [Sun May 10 05:20:33 2026] GET /resource_providers/44aba0c2-3707-46da-8626-75b2691a8a9d/aggregates => generated 235 bytes in 8 msecs (HTTP/1.1 404) 5 headers in 202 bytes (1 switches on core 0)
2026-05-10 05:20:33.253 8 INFO placement.requestlog [None req-a2264e6a-84c5-474f-a56d-3465684e58dc e821d3599cca45e9a16da797c6c141dc 28865966abea4d7a92b67877920d82ff - - 7f2f4cff927848eda18d225ea0e05c63 7f2f4cff927848eda18d225ea0e05c63] 10.0.0.252 "GET /resource_providers/44aba0c2-3707-46da-8626-75b2691a8a9d/aggregates" status: 404 len: 235 microversion: 1.1 [pid: 8|app: 0|req: 565/1133] 10.0.0.252 () {32 vars in 816 bytes} [Sun May 10 05:20:33 2026] GET /resource_providers/44aba0c2-3707-46da-8626-75b2691a8a9d/aggregates => generated 235 bytes in 13 msecs (HTTP/1.1 404) 5 headers in 202 bytes (1 switches on core 0)
2026-05-10 05:20:33.273 7 INFO placement.requestlog [None req-038693af-2d85-417b-9586-e47e0b8f71e1 e821d3599cca45e9a16da797c6c141dc 28865966abea4d7a92b67877920d82ff - - 7f2f4cff927848eda18d225ea0e05c63 7f2f4cff927848eda18d225ea0e05c63] 10.0.0.252 "DELETE /resource_providers/44aba0c2-3707-46da-8626-75b2691a8a9d" status: 404 len: 246 microversion: 1.1 [pid: 7|app: 0|req: 569/1134] 10.0.0.252 () {34 vars in 816 bytes} [Sun May 10 05:20:33 2026] DELETE /resource_providers/44aba0c2-3707-46da-8626-75b2691a8a9d => generated 246 bytes in 9 msecs (HTTP/1.1 404) 6 headers in 231 bytes (1 switches on core 0)
2026-05-10 05:20:33.275 8 INFO placement.requestlog [None req-39fd9d7d-bacc-4c12-acbd-a5f34c5ef41d e821d3599cca45e9a16da797c6c141dc 28865966abea4d7a92b67877920d82ff - - 7f2f4cff927848eda18d225ea0e05c63 7f2f4cff927848eda18d225ea0e05c63] 10.0.0.252 "DELETE /resource_providers/44aba0c2-3707-46da-8626-75b2691a8a9d" status: 404 len: 246 microversion: 1.1 [pid: 8|app: 0|req: 566/1135] 10.0.0.252 () {34 vars in 816 bytes} [Sun May 10 05:20:33 2026] DELETE /resource_providers/44aba0c2-3707-46da-8626-75b2691a8a9d => generated 246 bytes in 10 msecs (HTTP/1.1 404) 6 headers in 231 bytes (1 switches on core 0)
2026-05-10 05:20:34.949 7 INFO placement.requestlog [None req-871e03e6-1719-478b-bd27-8ee6aaf83010 e821d3599cca45e9a16da797c6c141dc 28865966abea4d7a92b67877920d82ff - - 7f2f4cff927848eda18d225ea0e05c63 7f2f4cff927848eda18d225ea0e05c63] 10.0.0.252 "GET /resource_providers/46855281-fe7c-479d-bc24-072fb09675d6/aggregates" status: 404 len: 235 microversion: 1.1 [pid: 7|app: 0|req: 570/1136] 10.0.0.252 () {32 vars in 816 bytes} [Sun May 10 05:20:34 2026] GET /resource_providers/46855281-fe7c-479d-bc24-072fb09675d6/aggregates => generated 235 bytes in 8 msecs (HTTP/1.1 404) 5 headers in 202 bytes (1 switches on core 0)
2026-05-10 05:20:34.955 8 INFO placement.requestlog [None req-bbc79912-aba7-4ff9-bf97-ea73d2b5066a e821d3599cca45e9a16da797c6c141dc 28865966abea4d7a92b67877920d82ff - - 7f2f4cff927848eda18d225ea0e05c63 7f2f4cff927848eda18d225ea0e05c63] 10.0.0.252 "GET /resource_providers/46855281-fe7c-479d-bc24-072fb09675d6/aggregates" status: 404 len: 235 microversion: 1.1 [pid: 8|app: 0|req: 567/1137] 10.0.0.252 () {32 vars in 816 bytes} [Sun May 10 05:20:34 2026] GET /resource_providers/46855281-fe7c-479d-bc24-072fb09675d6/aggregates => generated 235 bytes in 11 msecs (HTTP/1.1 404) 5 headers in 202 bytes (1 switches on core 0)
2026-05-10 05:20:34.969 7 INFO placement.requestlog [None req-feb65409-f1cf-421a-868a-1f5ec1a87d63 e821d3599cca45e9a16da797c6c141dc 28865966abea4d7a92b67877920d82ff - - 7f2f4cff927848eda18d225ea0e05c63 7f2f4cff927848eda18d225ea0e05c63] 10.0.0.252 "DELETE /resource_providers/46855281-fe7c-479d-bc24-072fb09675d6" status: 404 len: 246 microversion: 1.1 [pid: 7|app: 0|req: 571/1138] 10.0.0.252 () {34 vars in 816 bytes} [Sun May 10 05:20:34 2026] DELETE /resource_providers/46855281-fe7c-479d-bc24-072fb09675d6 => generated 246 bytes in 9 msecs (HTTP/1.1 404) 6 headers in 231 bytes (1 switches on core 0)
2026-05-10 05:20:34.975 8 INFO placement.requestlog [None req-ff6296b2-348d-419b-9aab-88dc1640736f e821d3599cca45e9a16da797c6c141dc 28865966abea4d7a92b67877920d82ff - - 7f2f4cff927848eda18d225ea0e05c63 7f2f4cff927848eda18d225ea0e05c63] 10.0.0.252 "DELETE /resource_providers/46855281-fe7c-479d-bc24-072fb09675d6" status: 404 len: 246 microversion: 1.1 [pid: 8|app: 0|req: 568/1139] 10.0.0.252 () {34 vars in 816 bytes} [Sun May 10 05:20:34 2026] DELETE /resource_providers/46855281-fe7c-479d-bc24-072fb09675d6 => generated 246 bytes in 11 msecs (HTTP/1.1 404) 6 headers in 231 bytes (1 switches on core 0)
2026-05-10 05:20:34.993 7 INFO placement.requestlog [None req-5a398cfd-a071-4e21-a486-d42557bd621c e821d3599cca45e9a16da797c6c141dc 28865966abea4d7a92b67877920d82ff - - 7f2f4cff927848eda18d225ea0e05c63 7f2f4cff927848eda18d225ea0e05c63] 10.0.0.252 "GET /resource_providers/72481f52-307c-4383-9c8c-7caa554b18d5/aggregates" status: 404 len: 235 microversion: 1.1 [pid: 7|app: 0|req: 572/1140] 10.0.0.252 () {32 vars in 816 bytes} [Sun May 10 05:20:34 2026] GET /resource_providers/72481f52-307c-4383-9c8c-7caa554b18d5/aggregates => generated 235 bytes in 11 msecs (HTTP/1.1 404) 5 headers in 202 bytes (1 switches on core 0)
2026-05-10 05:20:34.993 8 INFO placement.requestlog [None req-6860257f-d09f-453a-af25-fe3e93a84161 e821d3599cca45e9a16da797c6c141dc 28865966abea4d7a92b67877920d82ff - - 7f2f4cff927848eda18d225ea0e05c63 7f2f4cff927848eda18d225ea0e05c63] 10.0.0.252 "GET /resource_providers/72481f52-307c-4383-9c8c-7caa554b18d5/aggregates" status: 404 len: 235 microversion: 1.1 [pid: 8|app: 0|req: 569/1141] 10.0.0.252 () {32 vars in 816 bytes} [Sun May 10 05:20:34 2026] GET /resource_providers/72481f52-307c-4383-9c8c-7caa554b18d5/aggregates => generated 235 bytes in 9 msecs (HTTP/1.1 404) 5 headers in 202 bytes (1 switches on core 0)
2026-05-10 05:20:35.014 7 INFO placement.requestlog [None req-1cd7cebe-b2fd-4741-8989-f09ba60f0998 e821d3599cca45e9a16da797c6c141dc 28865966abea4d7a92b67877920d82ff - - 7f2f4cff927848eda18d225ea0e05c63 7f2f4cff927848eda18d225ea0e05c63] 10.0.0.252 "DELETE /resource_providers/72481f52-307c-4383-9c8c-7caa554b18d5" status: 404 len: 246 microversion: 1.1
2026-05-10 05:20:35.014 8 INFO placement.requestlog [None req-174bc99b-1320-42f7-9d76-00c04e210490 e821d3599cca45e9a16da797c6c141dc 28865966abea4d7a92b67877920d82ff - - 7f2f4cff927848eda18d225ea0e05c63 7f2f4cff927848eda18d225ea0e05c63] 10.0.0.252 "DELETE /resource_providers/72481f52-307c-4383-9c8c-7caa554b18d5" status: 404 len: 246 microversion: 1.1 [pid: 7|app: 0|req: 573/1142] 10.0.0.252 () {34 vars in 816 bytes} [Sun May 10 05:20:35 2026] DELETE /resource_providers/72481f52-307c-4383-9c8c-7caa554b18d5 => generated 246 bytes in 10 msecs (HTTP/1.1 404) 6 headers in 231 bytes (1 switches on core 0) [pid: 8|app: 0|req: 570/1143] 10.0.0.252 () {34 vars in 816 bytes} [Sun May 10 05:20:35 2026] DELETE /resource_providers/72481f52-307c-4383-9c8c-7caa554b18d5 => generated 246 bytes in 9 msecs (HTTP/1.1 404) 6 headers in 231 bytes (1 switches on core 0)
2026-05-10 05:20:35.295 8 INFO placement.requestlog [None req-3e617bd1-685f-4f6b-8ae3-fee25e162f8b e821d3599cca45e9a16da797c6c141dc 28865966abea4d7a92b67877920d82ff - - 7f2f4cff927848eda18d225ea0e05c63 7f2f4cff927848eda18d225ea0e05c63] 10.0.0.252 "GET /resource_providers/c2d0e43e-b3bc-45f6-bf32-541fe4f1b483/aggregates" status: 404 len: 235 microversion: 1.1 [pid: 8|app: 0|req: 571/1144] 10.0.0.252 () {32 vars in 816 bytes} [Sun May 10 05:20:35 2026] GET /resource_providers/c2d0e43e-b3bc-45f6-bf32-541fe4f1b483/aggregates => generated 235 bytes in 10 msecs (HTTP/1.1 404) 5 headers in 202 bytes (1 switches on core 0)
2026-05-10 05:20:35.297 7 INFO placement.requestlog [None req-e03b32ff-0810-416a-9479-0b58b7053f9e e821d3599cca45e9a16da797c6c141dc 28865966abea4d7a92b67877920d82ff - - 7f2f4cff927848eda18d225ea0e05c63 7f2f4cff927848eda18d225ea0e05c63] 10.0.0.252 "GET /resource_providers/c2d0e43e-b3bc-45f6-bf32-541fe4f1b483/aggregates" status: 404 len: 235 microversion: 1.1 [pid: 7|app: 0|req: 574/1145] 10.0.0.252 () {32 vars in 816 bytes} [Sun May 10 05:20:35 2026] GET /resource_providers/c2d0e43e-b3bc-45f6-bf32-541fe4f1b483/aggregates => generated 235 bytes in 13 msecs (HTTP/1.1 404) 5 headers in 202 bytes (1 switches on core 0)
2026-05-10 05:20:35.317 8 INFO placement.requestlog [None req-b2f12b3b-c982-4d9a-ba7f-ff892f90012a e821d3599cca45e9a16da797c6c141dc 28865966abea4d7a92b67877920d82ff - - 7f2f4cff927848eda18d225ea0e05c63 7f2f4cff927848eda18d225ea0e05c63] 10.0.0.252 "DELETE /resource_providers/c2d0e43e-b3bc-45f6-bf32-541fe4f1b483" status: 404 len: 246 microversion: 1.1 [pid: 8|app: 0|req: 572/1146] 10.0.0.252 () {34 vars in 816 bytes} [Sun May 10 05:20:35 2026] DELETE /resource_providers/c2d0e43e-b3bc-45f6-bf32-541fe4f1b483 => generated 246 bytes in 8 msecs (HTTP/1.1 404) 6 headers in 231 bytes (1 switches on core 0)
2026-05-10 05:20:35.320 7 INFO placement.requestlog [None req-7960e8db-14d0-40f0-9e6b-22be88f26836 e821d3599cca45e9a16da797c6c141dc 28865966abea4d7a92b67877920d82ff - - 7f2f4cff927848eda18d225ea0e05c63 7f2f4cff927848eda18d225ea0e05c63] 10.0.0.252 "DELETE /resource_providers/c2d0e43e-b3bc-45f6-bf32-541fe4f1b483" status: 404 len: 246 microversion: 1.1 [pid: 7|app: 0|req: 575/1147] 10.0.0.252 () {34 vars in 816 bytes} [Sun May 10 05:20:35 2026] DELETE /resource_providers/c2d0e43e-b3bc-45f6-bf32-541fe4f1b483 => generated 246 bytes in 9 msecs (HTTP/1.1 404) 6 headers in 231 bytes (1 switches on core 0)
2026-05-10 05:20:35.345 8 INFO placement.requestlog [None req-f887641b-fccc-49ae-bf53-b47b10065fb1 e821d3599cca45e9a16da797c6c141dc 28865966abea4d7a92b67877920d82ff - - 7f2f4cff927848eda18d225ea0e05c63 7f2f4cff927848eda18d225ea0e05c63] 10.0.0.252 "GET /resource_providers/6de5ecac-0704-40bd-9dd7-f6b46f9c1746/aggregates" status: 404 len: 235 microversion: 1.1 [pid: 8|app: 0|req: 573/1148] 10.0.0.252 () {32 vars in 816 bytes} [Sun May 10 05:20:35 2026] GET /resource_providers/6de5ecac-0704-40bd-9dd7-f6b46f9c1746/aggregates => generated 235 bytes in 9 msecs (HTTP/1.1 404) 5 headers in 202 bytes (1 switches on core 0)
2026-05-10 05:20:35.346 7 INFO placement.requestlog [None req-b7dfb499-bb1b-4eee-b781-98024909a7cf e821d3599cca45e9a16da797c6c141dc 28865966abea4d7a92b67877920d82ff - - 7f2f4cff927848eda18d225ea0e05c63 7f2f4cff927848eda18d225ea0e05c63] 10.0.0.252 "GET /resource_providers/6de5ecac-0704-40bd-9dd7-f6b46f9c1746/aggregates" status: 404 len: 235 microversion: 1.1 [pid: 7|app: 0|req: 576/1149] 10.0.0.252 () {32 vars in 816 bytes} [Sun May 10 05:20:35 2026] GET /resource_providers/6de5ecac-0704-40bd-9dd7-f6b46f9c1746/aggregates => generated 235 bytes in 10 msecs (HTTP/1.1 404) 5 headers in 202 bytes (1 switches on core 0)
2026-05-10 05:20:35.375 8 INFO placement.requestlog [None req-2abe2d74-4fdc-4137-a5f8-9f616ce30d45 e821d3599cca45e9a16da797c6c141dc 28865966abea4d7a92b67877920d82ff - - 7f2f4cff927848eda18d225ea0e05c63 7f2f4cff927848eda18d225ea0e05c63] 10.0.0.252 "DELETE /resource_providers/6de5ecac-0704-40bd-9dd7-f6b46f9c1746" status: 404 len: 246 microversion: 1.1 [pid: 8|app: 0|req: 574/1150] 10.0.0.252 () {34 vars in 816 bytes} [Sun May 10 05:20:35 2026] DELETE /resource_providers/6de5ecac-0704-40bd-9dd7-f6b46f9c1746 => generated 246 bytes in 12 msecs (HTTP/1.1 404) 6 headers in 231 bytes (1 switches on core 0)
2026-05-10 05:20:35.378 7 INFO placement.requestlog [None req-4d467497-b20d-4fd5-b3b3-88281f865cc8 e821d3599cca45e9a16da797c6c141dc 28865966abea4d7a92b67877920d82ff - - 7f2f4cff927848eda18d225ea0e05c63 7f2f4cff927848eda18d225ea0e05c63] 10.0.0.252 "DELETE /resource_providers/6de5ecac-0704-40bd-9dd7-f6b46f9c1746" status: 404 len: 246 microversion: 1.1 [pid: 7|app: 0|req: 577/1151] 10.0.0.252 () {34 vars in 816 bytes} [Sun May 10 05:20:35 2026] DELETE /resource_providers/6de5ecac-0704-40bd-9dd7-f6b46f9c1746 => generated 246 bytes in 15 msecs (HTTP/1.1 404) 6 headers in 231 bytes (1 switches on core 0)
2026-05-10 05:20:38.379 7 INFO placement.requestlog [None req-2b80661e-fc4d-45d1-8b55-4f66fedbd31d e821d3599cca45e9a16da797c6c141dc 28865966abea4d7a92b67877920d82ff - - 7f2f4cff927848eda18d225ea0e05c63 7f2f4cff927848eda18d225ea0e05c63] 10.0.0.252 "GET /resource_providers/c56841b5-aa00-4e0d-a260-36c63757f91f/aggregates" status: 404 len: 235 microversion: 1.1 [pid: 7|app: 0|req: 578/1152] 10.0.0.252 () {32 vars in 816 bytes} [Sun May 10 05:20:38 2026] GET /resource_providers/c56841b5-aa00-4e0d-a260-36c63757f91f/aggregates => generated 235 bytes in 12 msecs (HTTP/1.1 404) 5 headers in 202 bytes (1 switches on core 0)
2026-05-10 05:20:38.381 8 INFO placement.requestlog [None req-1cc4055f-47af-4721-beef-9af1d1b939e6 e821d3599cca45e9a16da797c6c141dc 28865966abea4d7a92b67877920d82ff - - 7f2f4cff927848eda18d225ea0e05c63 7f2f4cff927848eda18d225ea0e05c63] 10.0.0.252 "GET /resource_providers/c56841b5-aa00-4e0d-a260-36c63757f91f/aggregates" status: 404 len: 235 microversion: 1.1 [pid: 8|app: 0|req: 575/1153] 10.0.0.252 () {32 vars in 816 bytes} [Sun May 10 05:20:38 2026] GET /resource_providers/c56841b5-aa00-4e0d-a260-36c63757f91f/aggregates => generated 235 bytes in 15 msecs (HTTP/1.1 404) 5 headers in 202 bytes (1 switches on core 0)
2026-05-10 05:20:38.397 7 INFO placement.requestlog [None req-f5561cf9-5da6-4ce1-af17-4235ec54870f e821d3599cca45e9a16da797c6c141dc 28865966abea4d7a92b67877920d82ff - - 7f2f4cff927848eda18d225ea0e05c63 7f2f4cff927848eda18d225ea0e05c63] 10.0.0.252 "DELETE /resource_providers/c56841b5-aa00-4e0d-a260-36c63757f91f" status: 404 len: 246 microversion: 1.1 [pid: 7|app: 0|req: 579/1154] 10.0.0.252 () {34 vars in 816 bytes} [Sun May 10 05:20:38 2026] DELETE /resource_providers/c56841b5-aa00-4e0d-a260-36c63757f91f => generated 246 bytes in 9 msecs (HTTP/1.1 404) 6 headers in 231 bytes (1 switches on core 0)
2026-05-10 05:20:38.400 8 INFO placement.requestlog [None req-7e9b07c5-151f-4f45-bfc0-9e5c9939d985 e821d3599cca45e9a16da797c6c141dc 28865966abea4d7a92b67877920d82ff - - 7f2f4cff927848eda18d225ea0e05c63 7f2f4cff927848eda18d225ea0e05c63] 10.0.0.252 "DELETE /resource_providers/c56841b5-aa00-4e0d-a260-36c63757f91f" status: 404 len: 246 microversion: 1.1 [pid: 8|app: 0|req: 576/1155] 10.0.0.252 () {34 vars in 816 bytes} [Sun May 10 05:20:38 2026] DELETE /resource_providers/c56841b5-aa00-4e0d-a260-36c63757f91f => generated 246 bytes in 10 msecs (HTTP/1.1 404) 6 headers in 231 bytes (1 switches on core 0)
2026-05-10 05:20:40.596 7 INFO placement.requestlog [None req-d2eea3dd-5847-495c-8fef-8d75cee738e6 - - - - - -] 10.0.0.23 "GET /" status: 200 len: 136 microversion: 1.0
2026-05-10 05:20:40.596 8 INFO placement.requestlog [None req-670b048d-d132-472f-83c3-7df8567c606a - - - - - -] 10.0.0.23 "GET /" status: 200 len: 136 microversion: 1.0
2026-05-10 05:20:50.499 8 INFO placement.requestlog [None req-00f46e80-c1f5-4f9d-9d4c-350e5e18ac04 e821d3599cca45e9a16da797c6c141dc 28865966abea4d7a92b67877920d82ff - - 7f2f4cff927848eda18d225ea0e05c63 7f2f4cff927848eda18d225ea0e05c63] 10.0.0.252 "GET /resource_providers/31c1689d-52f8-4b31-a2a4-04c5a269c2fc/aggregates" status: 404 len: 235 microversion: 1.1 [pid: 8|app: 0|req: 578/1158] 10.0.0.252 () {32 vars in 816 bytes} [Sun May 10 05:20:50 2026] GET /resource_providers/31c1689d-52f8-4b31-a2a4-04c5a269c2fc/aggregates => generated 235 bytes in 14 msecs (HTTP/1.1 404) 5 headers in 202 bytes (1 switches on core 0)
2026-05-10 05:20:50.501 7 INFO placement.requestlog [None req-7d66a337-664f-4dfa-8077-8807c0255f46 e821d3599cca45e9a16da797c6c141dc 28865966abea4d7a92b67877920d82ff - - 7f2f4cff927848eda18d225ea0e05c63 7f2f4cff927848eda18d225ea0e05c63] 10.0.0.252 "GET /resource_providers/31c1689d-52f8-4b31-a2a4-04c5a269c2fc/aggregates" status: 404 len: 235 microversion: 1.1 [pid: 7|app: 0|req: 581/1159] 10.0.0.252 () {32 vars in 816 bytes} [Sun May 10 05:20:50 2026] GET /resource_providers/31c1689d-52f8-4b31-a2a4-04c5a269c2fc/aggregates => generated 235 bytes in 17 msecs (HTTP/1.1 404) 5 headers in 202 bytes (1 switches on core 0)
2026-05-10 05:20:50.520 8 INFO placement.requestlog [None req-16b621d3-2d09-4ad9-a62b-fe4fb532ab88 e821d3599cca45e9a16da797c6c141dc 28865966abea4d7a92b67877920d82ff - - 7f2f4cff927848eda18d225ea0e05c63 7f2f4cff927848eda18d225ea0e05c63] 10.0.0.252 "DELETE /resource_providers/31c1689d-52f8-4b31-a2a4-04c5a269c2fc" status: 404 len: 246 microversion: 1.1 [pid: 8|app: 0|req: 579/1160] 10.0.0.252 () {34 vars in 816 bytes} [Sun May 10 05:20:50 2026] DELETE /resource_providers/31c1689d-52f8-4b31-a2a4-04c5a269c2fc => generated 246 bytes in 11 msecs (HTTP/1.1 404) 6 headers in 231 bytes (1 switches on core 0)
2026-05-10 05:20:50.521 7 INFO placement.requestlog [None req-4976aeb9-da19-4a46-a813-3e21c6eb5f71 e821d3599cca45e9a16da797c6c141dc 28865966abea4d7a92b67877920d82ff - - 7f2f4cff927848eda18d225ea0e05c63 7f2f4cff927848eda18d225ea0e05c63] 10.0.0.252 "DELETE /resource_providers/31c1689d-52f8-4b31-a2a4-04c5a269c2fc" status: 404 len: 246 microversion: 1.1 [pid: 7|app: 0|req: 582/1161] 10.0.0.252 () {34 vars in 816 bytes} [Sun May 10 05:20:50 2026] DELETE /resource_providers/31c1689d-52f8-4b31-a2a4-04c5a269c2fc => generated 246 bytes in 9 msecs (HTTP/1.1 404) 6 headers in 231 bytes (1 switches on core 0)
2026-05-10 05:20:50.596 8 INFO placement.requestlog [None req-28818d7d-9f47-4a02-adeb-0e546c2558a9 - - - - - -] 10.0.0.23 "GET /" status: 200 len: 136 microversion: 1.0
2026-05-10 05:20:50.597 7 INFO placement.requestlog [None req-86667df3-4844-47ea-86c7-ebc07715fa18 - - - - - -] 10.0.0.23 "GET /" status: 200 len: 136 microversion: 1.0
2026-05-10 05:20:59.646 8 INFO placement.requestlog [req-3683d870-a2b5-40f6-9d74-f2f6dabdbbbe req-08d909b7-c2b0-41ea-90ca-2fdd51cfd1c6 ca919fe5b2f5451b8675fc8f7ed97be5 28865966abea4d7a92b67877920d82ff - - 7f2f4cff927848eda18d225ea0e05c63 7f2f4cff927848eda18d225ea0e05c63] 10.0.0.102 "GET /allocation_candidates?limit=1000&resources=DISK_GB%3A1%2CMEMORY_MB%3A512%2CVCPU%3A1&root_required=%21COMPUTE_STATUS_DISABLED" status: 200 len: 2640 microversion: 1.36 [pid: 8|app: 0|req: 581/1164] 10.0.0.102 () {34 vars in 1012 bytes} [Sun May 10 05:20:59 2026] GET /allocation_candidates?limit=1000&resources=DISK_GB%3A1%2CMEMORY_MB%3A512%2CVCPU%3A1&root_required=%21COMPUTE_STATUS_DISABLED => generated 2640 bytes in 38 msecs (HTTP/1.1 200) 8 headers in 297 bytes (1 switches on core 0)
2026-05-10 05:20:59.668 7 INFO placement.requestlog [req-3683d870-a2b5-40f6-9d74-f2f6dabdbbbe req-003e1b72-feed-4bee-bde7-8515a071695e ca919fe5b2f5451b8675fc8f7ed97be5 28865966abea4d7a92b67877920d82ff - - 7f2f4cff927848eda18d225ea0e05c63 7f2f4cff927848eda18d225ea0e05c63] 10.0.0.102 "GET /allocations/079fc9e9-3c7f-4c3c-bf12-f6f196fe54e2" status: 200 len: 19 microversion: 1.28 [pid: 7|app: 0|req: 584/1165] 10.0.0.102 () {34 vars in 861 bytes} [Sun May 10 05:20:59 2026] GET /allocations/079fc9e9-3c7f-4c3c-bf12-f6f196fe54e2 => generated 19 bytes in 8 msecs (HTTP/1.1 200) 8 headers in 295 bytes (1 switches on core 0)
2026-05-10 05:20:59.730 8 INFO placement.requestlog [req-3683d870-a2b5-40f6-9d74-f2f6dabdbbbe req-36ed134d-df79-4a87-8a80-e8eb51dc8832 ca919fe5b2f5451b8675fc8f7ed97be5 28865966abea4d7a92b67877920d82ff - - 7f2f4cff927848eda18d225ea0e05c63 7f2f4cff927848eda18d225ea0e05c63] 10.0.0.102 "PUT /allocations/079fc9e9-3c7f-4c3c-bf12-f6f196fe54e2" status: 204 len: 0 microversion: 1.36 [pid: 8|app: 0|req: 582/1166] 10.0.0.102 () {38 vars in 914 bytes} [Sun May 10 05:20:59 2026] PUT /allocations/079fc9e9-3c7f-4c3c-bf12-f6f196fe54e2 => generated 0 bytes in 57 msecs (HTTP/1.1 204) 5 headers in 199 bytes (1 switches on core 0)
2026-05-10 05:21:00.485 7 INFO placement.requestlog [None req-4872e810-3ca9-4a73-b7aa-d90e3059c6d6 e821d3599cca45e9a16da797c6c141dc 28865966abea4d7a92b67877920d82ff - - 7f2f4cff927848eda18d225ea0e05c63 7f2f4cff927848eda18d225ea0e05c63] 10.0.0.252 "GET /resource_providers/de41abe3-9037-4a93-af6c-4769fc700399/aggregates" status: 404 len: 235 microversion: 1.1 [pid: 7|app: 0|req: 585/1167] 10.0.0.252 () {32 vars in 816 bytes} [Sun May 10 05:21:00 2026] GET /resource_providers/de41abe3-9037-4a93-af6c-4769fc700399/aggregates => generated 235 bytes in 10 msecs (HTTP/1.1 404) 5 headers in 202 bytes (1 switches on core 0)
2026-05-10 05:21:00.491 8 INFO placement.requestlog [None req-6285e116-7b26-4118-b5d5-eaf583c71332 e821d3599cca45e9a16da797c6c141dc 28865966abea4d7a92b67877920d82ff - - 7f2f4cff927848eda18d225ea0e05c63 7f2f4cff927848eda18d225ea0e05c63] 10.0.0.252 "GET /resource_providers/de41abe3-9037-4a93-af6c-4769fc700399/aggregates" status: 404 len: 235 microversion: 1.1 [pid: 8|app: 0|req: 583/1168] 10.0.0.252 () {32 vars in 816 bytes} [Sun May 10 05:21:00 2026] GET /resource_providers/de41abe3-9037-4a93-af6c-4769fc700399/aggregates => generated 235 bytes in 8 msecs (HTTP/1.1 404) 5 headers in 202 bytes (1 switches on core 0)
2026-05-10 05:21:00.506 8 INFO placement.requestlog [None req-3b0848a7-4f44-4015-af8a-b0372bfe2311 e821d3599cca45e9a16da797c6c141dc 28865966abea4d7a92b67877920d82ff - - 7f2f4cff927848eda18d225ea0e05c63 7f2f4cff927848eda18d225ea0e05c63] 10.0.0.252 "DELETE /resource_providers/de41abe3-9037-4a93-af6c-4769fc700399" status: 404 len: 246 microversion: 1.1 [pid: 8|app: 0|req: 584/1169] 10.0.0.252 () {34 vars in 816 bytes} [Sun May 10 05:21:00 2026] DELETE /resource_providers/de41abe3-9037-4a93-af6c-4769fc700399 => generated 246 bytes in 7 msecs (HTTP/1.1 404) 6 headers in 231 bytes (1 switches on core 0)
2026-05-10 05:21:00.509 7 INFO placement.requestlog [None req-56693fc4-2807-44fc-8e19-3b6546d0de43 e821d3599cca45e9a16da797c6c141dc 28865966abea4d7a92b67877920d82ff - - 7f2f4cff927848eda18d225ea0e05c63 7f2f4cff927848eda18d225ea0e05c63] 10.0.0.252 "DELETE /resource_providers/de41abe3-9037-4a93-af6c-4769fc700399" status: 404 len: 246 microversion: 1.1 [pid: 7|app: 0|req: 586/1170] 10.0.0.252 () {34 vars in 816 bytes} [Sun May 10 05:21:00 2026] DELETE /resource_providers/de41abe3-9037-4a93-af6c-4769fc700399 => generated 246 bytes in 10 msecs (HTTP/1.1 404) 6 headers in 231 bytes (1 switches on core 0)
2026-05-10 05:21:00.596 8 INFO placement.requestlog [None req-0ad0f701-34a0-4c4d-93ce-a64de94b2b74 - - - - - -] 10.0.0.23 "GET /" status: 200 len: 136 microversion: 1.0
2026-05-10 05:21:00.596 7 INFO placement.requestlog [None req-28d67c2b-9a57-487e-8e68-705b178597ac - - - - - -] 10.0.0.23 "GET /" status: 200 len: 136 microversion: 1.0
2026-05-10 05:21:01.302 8 INFO placement.requestlog [req-3683d870-a2b5-40f6-9d74-f2f6dabdbbbe req-dcc62580-12eb-4ab2-a595-58f55458be1c ca919fe5b2f5451b8675fc8f7ed97be5 28865966abea4d7a92b67877920d82ff - - 7f2f4cff927848eda18d225ea0e05c63 7f2f4cff927848eda18d225ea0e05c63] 199.204.45.129 "GET /allocations/079fc9e9-3c7f-4c3c-bf12-f6f196fe54e2" status: 200 len: 258 microversion: 1.28 [pid: 8|app: 0|req: 586/1173] 199.204.45.129 () {34 vars in 863 bytes} [Sun May 10 05:21:01 2026] GET /allocations/079fc9e9-3c7f-4c3c-bf12-f6f196fe54e2 => generated 258 bytes in 17 msecs (HTTP/1.1 200) 8 headers in 296 bytes (1 switches on core 0)
2026-05-10 05:21:02.387 7 INFO placement.requestlog [req-3683d870-a2b5-40f6-9d74-f2f6dabdbbbe req-adc18fe1-c712-4ede-b70b-09abe45483bf ca919fe5b2f5451b8675fc8f7ed97be5 28865966abea4d7a92b67877920d82ff - - 7f2f4cff927848eda18d225ea0e05c63 7f2f4cff927848eda18d225ea0e05c63] 199.204.45.129 "GET /resource_providers/2ec6d758-79e4-4272-b641-edbc758df6a4/allocations" status: 200 len: 153 microversion: 1.0 [pid: 7|app: 0|req: 588/1174] 199.204.45.129 () {32 vars in 857 bytes} [Sun May 10 05:21:02 2026] GET /resource_providers/2ec6d758-79e4-4272-b641-edbc758df6a4/allocations => generated 153 bytes in 59 msecs (HTTP/1.1 200) 6 headers in 224 bytes (1 switches on core 0)
2026-05-10 05:21:02.408 8 INFO placement.requestlog [req-3683d870-a2b5-40f6-9d74-f2f6dabdbbbe req-b2b6879d-36ef-4af3-92bf-2265d2f299ea ca919fe5b2f5451b8675fc8f7ed97be5 28865966abea4d7a92b67877920d82ff - - 7f2f4cff927848eda18d225ea0e05c63 7f2f4cff927848eda18d225ea0e05c63] 199.204.45.129 "GET /allocations/079fc9e9-3c7f-4c3c-bf12-f6f196fe54e2" status: 200 len: 258 microversion: 1.28 [pid: 8|app: 0|req: 587/1175] 199.204.45.129 () {34 vars in 863 bytes} [Sun May 10 05:21:02 2026] GET /allocations/079fc9e9-3c7f-4c3c-bf12-f6f196fe54e2 => generated 258 bytes in 14 msecs (HTTP/1.1 200) 8 headers in 296 bytes (1 switches on core 0)
2026-05-10 05:21:06.977 7 INFO placement.requestlog [None req-10b257f4-4e8c-4c3f-9ab8-aefd857824c7 e821d3599cca45e9a16da797c6c141dc 28865966abea4d7a92b67877920d82ff - - 7f2f4cff927848eda18d225ea0e05c63 7f2f4cff927848eda18d225ea0e05c63] 10.0.0.252 "GET /resource_providers/aa3cb28f-c385-457e-8e49-616f918005ad/aggregates" status: 404 len: 235 microversion: 1.1 [pid: 7|app: 0|req: 589/1176] 10.0.0.252 () {32 vars in 816 bytes} [Sun May 10 05:21:06 2026] GET /resource_providers/aa3cb28f-c385-457e-8e49-616f918005ad/aggregates => generated 235 bytes in 9 msecs (HTTP/1.1 404) 5 headers in 202 bytes (1 switches on core 0)
2026-05-10 05:21:06.978 8 INFO placement.requestlog [None req-8ae56a57-1d8a-43d1-a032-d7d4c7c5db26 e821d3599cca45e9a16da797c6c141dc 28865966abea4d7a92b67877920d82ff - - 7f2f4cff927848eda18d225ea0e05c63 7f2f4cff927848eda18d225ea0e05c63] 10.0.0.252 "GET /resource_providers/aa3cb28f-c385-457e-8e49-616f918005ad/aggregates" status: 404 len: 235 microversion: 1.1 [pid: 8|app: 0|req: 588/1177] 10.0.0.252 () {32 vars in 816 bytes} [Sun May 10 05:21:06 2026] GET /resource_providers/aa3cb28f-c385-457e-8e49-616f918005ad/aggregates => generated 235 bytes in 10 msecs (HTTP/1.1 404) 5 headers in 202 bytes (1 switches on core 0)
2026-05-10 05:21:06.998 7 INFO placement.requestlog [None req-67744d31-a81b-498a-8ad0-77bb18b5b997 e821d3599cca45e9a16da797c6c141dc 28865966abea4d7a92b67877920d82ff - - 7f2f4cff927848eda18d225ea0e05c63 7f2f4cff927848eda18d225ea0e05c63] 10.0.0.252 "DELETE /resource_providers/aa3cb28f-c385-457e-8e49-616f918005ad" status: 404 len: 246 microversion: 1.1 [pid: 7|app: 0|req: 590/1178] 10.0.0.252 () {34 vars in 816 bytes} [Sun May 10 05:21:06 2026] DELETE /resource_providers/aa3cb28f-c385-457e-8e49-616f918005ad => generated 246 bytes in 8 msecs (HTTP/1.1 404) 6 headers in 231 bytes (1 switches on core 0)
2026-05-10 05:21:07.003 8 INFO placement.requestlog [None req-97368714-da15-44a2-bd9c-cea8a47538cc e821d3599cca45e9a16da797c6c141dc 28865966abea4d7a92b67877920d82ff - - 7f2f4cff927848eda18d225ea0e05c63 7f2f4cff927848eda18d225ea0e05c63] 10.0.0.252 "DELETE /resource_providers/aa3cb28f-c385-457e-8e49-616f918005ad" status: 404 len: 246 microversion: 1.1 [pid: 8|app: 0|req: 589/1179] 10.0.0.252 () {34 vars in 816 bytes} [Sun May 10 05:21:06 2026] DELETE /resource_providers/aa3cb28f-c385-457e-8e49-616f918005ad => generated 246 bytes in 11 msecs (HTTP/1.1 404) 6 headers in 231 bytes (1 switches on core 0)
2026-05-10 05:21:10.596 8 INFO placement.requestlog [None req-c8b1dd4e-2448-41fb-aee7-9873a624b58c - - - - - -] 10.0.0.23 "GET /" status: 200 len: 136 microversion: 1.0
2026-05-10 05:21:10.596 7 INFO placement.requestlog [None req-a18c3743-9f68-4e6d-ab31-c58cb165b43f - - - - - -] 10.0.0.23 "GET /" status: 200 len: 136 microversion: 1.0
2026-05-10 05:21:16.961 8 INFO placement.requestlog [req-b7a38f10-1705-4e17-996c-ee94663f7ab0 req-b352a0a6-f968-47f3-bc84-b713aa23c1fc ca919fe5b2f5451b8675fc8f7ed97be5 28865966abea4d7a92b67877920d82ff - - 7f2f4cff927848eda18d225ea0e05c63 7f2f4cff927848eda18d225ea0e05c63] 10.0.0.102 "GET /allocation_candidates?limit=1000&resources=DISK_GB%3A1%2CMEMORY_MB%3A512%2CVCPU%3A1&root_required=%21COMPUTE_STATUS_DISABLED" status: 200 len: 2642 microversion: 1.36 [pid: 8|app: 0|req: 591/1182] 10.0.0.102 () {34 vars in 1012 bytes} [Sun May 10 05:21:16 2026] GET /allocation_candidates?limit=1000&resources=DISK_GB%3A1%2CMEMORY_MB%3A512%2CVCPU%3A1&root_required=%21COMPUTE_STATUS_DISABLED => generated 2642 bytes in 86 msecs (HTTP/1.1 200) 8 headers in 297 bytes (1 switches on core 0)
2026-05-10 05:21:16.986 7 INFO placement.requestlog [req-b7a38f10-1705-4e17-996c-ee94663f7ab0 req-2068a0c3-d2a6-46b3-a7ff-becf75ae706a ca919fe5b2f5451b8675fc8f7ed97be5 28865966abea4d7a92b67877920d82ff - - 7f2f4cff927848eda18d225ea0e05c63 7f2f4cff927848eda18d225ea0e05c63] 10.0.0.102 "GET /allocations/2fba34e3-ecbd-463d-b9d1-b7d40ab704fb" status: 200 len: 19 microversion: 1.28 [pid: 7|app: 0|req: 592/1183] 10.0.0.102 () {34 vars in 861 bytes} [Sun May 10 05:21:16 2026] GET /allocations/2fba34e3-ecbd-463d-b9d1-b7d40ab704fb => generated 19 bytes in 11 msecs (HTTP/1.1 200) 8 headers in 295 bytes (1 switches on core 0)
2026-05-10 05:21:17.057 8 INFO placement.requestlog [req-b7a38f10-1705-4e17-996c-ee94663f7ab0 req-3f5b3310-6312-4e78-b078-f0bd53c89355 ca919fe5b2f5451b8675fc8f7ed97be5 28865966abea4d7a92b67877920d82ff - - 7f2f4cff927848eda18d225ea0e05c63 7f2f4cff927848eda18d225ea0e05c63] 10.0.0.102 "PUT /allocations/2fba34e3-ecbd-463d-b9d1-b7d40ab704fb" status: 204 len: 0 microversion: 1.36 [pid: 8|app: 0|req: 592/1184] 10.0.0.102 () {38 vars in 914 bytes} [Sun May 10 05:21:16 2026] PUT /allocations/2fba34e3-ecbd-463d-b9d1-b7d40ab704fb => generated 0 bytes in 67 msecs (HTTP/1.1 204) 5 headers in 199 bytes (1 switches on core 0)
2026-05-10 05:21:18.529 7 INFO placement.requestlog [req-b7a38f10-1705-4e17-996c-ee94663f7ab0 req-9370dabb-cd9c-471e-8213-6ac9db94428a ca919fe5b2f5451b8675fc8f7ed97be5 28865966abea4d7a92b67877920d82ff - - 7f2f4cff927848eda18d225ea0e05c63 7f2f4cff927848eda18d225ea0e05c63] 199.204.45.129 "GET /allocations/2fba34e3-ecbd-463d-b9d1-b7d40ab704fb" status: 200 len: 258 microversion: 1.28 [pid: 7|app: 0|req: 593/1185] 199.204.45.129 () {34 vars in 863 bytes} [Sun May 10 05:21:18 2026] GET /allocations/2fba34e3-ecbd-463d-b9d1-b7d40ab704fb => generated 258 bytes in 16 msecs (HTTP/1.1 200) 8 headers in 296 bytes (1 switches on core 0)
2026-05-10 05:21:19.566 8 INFO placement.requestlog [req-b7a38f10-1705-4e17-996c-ee94663f7ab0 req-1552732f-6d1a-4acd-8801-527f946bcd96 ca919fe5b2f5451b8675fc8f7ed97be5 28865966abea4d7a92b67877920d82ff - - 7f2f4cff927848eda18d225ea0e05c63 7f2f4cff927848eda18d225ea0e05c63] 199.204.45.129 "GET /resource_providers/2ec6d758-79e4-4272-b641-edbc758df6a4/allocations" status: 200 len: 253 microversion: 1.0 [pid: 8|app: 0|req: 593/1186] 199.204.45.129 () {32 vars in 857 bytes} [Sun May 10 05:21:19 2026] GET /resource_providers/2ec6d758-79e4-4272-b641-edbc758df6a4/allocations => generated 253 bytes in 12 msecs (HTTP/1.1 200) 6 headers in 224 bytes (1 switches on core 0)
2026-05-10 05:21:19.584 7 INFO placement.requestlog [req-b7a38f10-1705-4e17-996c-ee94663f7ab0 req-eeb93405-2168-4f39-8084-636fda615114 ca919fe5b2f5451b8675fc8f7ed97be5 28865966abea4d7a92b67877920d82ff - - 7f2f4cff927848eda18d225ea0e05c63 7f2f4cff927848eda18d225ea0e05c63] 199.204.45.129 "GET /allocations/2fba34e3-ecbd-463d-b9d1-b7d40ab704fb" status: 200 len: 258 microversion: 1.28 [pid: 7|app: 0|req: 594/1187] 199.204.45.129 () {34 vars in 863 bytes} [Sun May 10 05:21:19 2026] GET /allocations/2fba34e3-ecbd-463d-b9d1-b7d40ab704fb => generated 258 bytes in 13 msecs (HTTP/1.1 200) 8 headers in 296 bytes (1 switches on core 0)
