May 06 11:25:21.808046 np0000172248 neutron-periodic-workers[105193]: DEBUG cotyledon.oslo_config_glue [-] database.backend = sqlalchemy {{(pid=105193) log_opt_values /opt/stack/data/venv/lib/python3.12/site-packages/oslo_config/cfg.py:3006}}
May 06 11:25:21.808113 np0000172248 neutron-periodic-workers[105193]: DEBUG cotyledon.oslo_config_glue [-] database.connection = **** {{(pid=105193) log_opt_values /opt/stack/data/venv/lib/python3.12/site-packages/oslo_config/cfg.py:3006}}
May 06 11:25:21.808161 np0000172248 neutron-periodic-workers[105193]: DEBUG cotyledon.oslo_config_glue [-] database.connection_debug = 0 {{(pid=105193) log_opt_values /opt/stack/data/venv/lib/python3.12/site-packages/oslo_config/cfg.py:3006}}
May 06 11:25:21.808202 np0000172248 neutron-periodic-workers[105193]: DEBUG cotyledon.oslo_config_glue [-] database.connection_parameters = {{(pid=105193) log_opt_values /opt/stack/data/venv/lib/python3.12/site-packages/oslo_config/cfg.py:3006}}
May 06 11:25:21.808290 np0000172248 neutron-periodic-workers[105193]: DEBUG cotyledon.oslo_config_glue [-] database.connection_recycle_time = 3600 {{(pid=105193) log_opt_values /opt/stack/data/venv/lib/python3.12/site-packages/oslo_config/cfg.py:3006}}
May 06 11:25:21.808332 np0000172248 neutron-periodic-workers[105193]: DEBUG cotyledon.oslo_config_glue [-] database.connection_trace = False {{(pid=105193) log_opt_values /opt/stack/data/venv/lib/python3.12/site-packages/oslo_config/cfg.py:3006}}
May 06 11:25:21.808363 np0000172248 neutron-periodic-workers[105193]: DEBUG cotyledon.oslo_config_glue [-] database.db_inc_retry_interval = True {{(pid=105193) log_opt_values /opt/stack/data/venv/lib/python3.12/site-packages/oslo_config/cfg.py:3006}}
May 06 11:25:21.808390 np0000172248 neutron-periodic-workers[105193]: DEBUG cotyledon.oslo_config_glue [-] database.db_max_retries = 20 {{(pid=105193) log_opt_values /opt/stack/data/venv/lib/python3.12/site-packages/oslo_config/cfg.py:3006}}
May 06 11:25:21.808422 np0000172248 neutron-periodic-workers[105193]: DEBUG cotyledon.oslo_config_glue [-] database.db_max_retry_interval = 10 {{(pid=105193) log_opt_values /opt/stack/data/venv/lib/python3.12/site-packages/oslo_config/cfg.py:3006}}
May 06 11:25:21.808472 np0000172248 neutron-periodic-workers[105193]: DEBUG cotyledon.oslo_config_glue [-] database.db_retry_interval = 1 {{(pid=105193) log_opt_values /opt/stack/data/venv/lib/python3.12/site-packages/oslo_config/cfg.py:3006}}
May 06 11:25:21.808508 np0000172248 neutron-periodic-workers[105193]: DEBUG cotyledon.oslo_config_glue [-] database.max_overflow = 50 {{(pid=105193) log_opt_values /opt/stack/data/venv/lib/python3.12/site-packages/oslo_config/cfg.py:3006}}
May 06 11:25:21.808536 np0000172248 neutron-periodic-workers[105193]: DEBUG cotyledon.oslo_config_glue [-] database.max_pool_size = 5 {{(pid=105193) log_opt_values /opt/stack/data/venv/lib/python3.12/site-packages/oslo_config/cfg.py:3006}}
May 06 11:25:21.808570 np0000172248 neutron-periodic-workers[105193]: DEBUG cotyledon.oslo_config_glue [-] database.max_retries = 10 {{(pid=105193) log_opt_values /opt/stack/data/venv/lib/python3.12/site-packages/oslo_config/cfg.py:3006}}
May 06 11:25:21.808628 np0000172248 neutron-periodic-workers[105193]: DEBUG cotyledon.oslo_config_glue [-] database.mysql_sql_mode = TRADITIONAL {{(pid=105193) log_opt_values /opt/stack/data/venv/lib/python3.12/site-packages/oslo_config/cfg.py:3006}}
May 06 11:25:21.808660 np0000172248 neutron-periodic-workers[105193]: DEBUG cotyledon.oslo_config_glue [-] database.mysql_wsrep_sync_wait = None {{(pid=105193) log_opt_values /opt/stack/data/venv/lib/python3.12/site-packages/oslo_config/cfg.py:3006}}
May 06 11:25:21.808707 np0000172248 neutron-periodic-workers[105193]: DEBUG cotyledon.oslo_config_glue [-] database.pool_timeout = None {{(pid=105193) log_opt_values /opt/stack/data/venv/lib/python3.12/site-packages/oslo_config/cfg.py:3006}}
May 06 11:25:21.808743 np0000172248 neutron-periodic-workers[105193]: DEBUG cotyledon.oslo_config_glue [-] database.retry_interval = 10 {{(pid=105193) log_opt_values /opt/stack/data/venv/lib/python3.12/site-packages/oslo_config/cfg.py:3006}}
May 06 11:25:21.808805 np0000172248 neutron-periodic-workers[105193]: DEBUG cotyledon.oslo_config_glue [-] database.slave_connection = **** {{(pid=105193) log_opt_values /opt/stack/data/venv/lib/python3.12/site-packages/oslo_config/cfg.py:3006}}
May 06 11:25:21.808837 np0000172248 neutron-periodic-workers[105193]: DEBUG cotyledon.oslo_config_glue [-] database.sqlite_synchronous = True {{(pid=105193) log_opt_values /opt/stack/data/venv/lib/python3.12/site-packages/oslo_config/cfg.py:3006}}
May 06 11:25:21.808882 np0000172248 neutron-periodic-workers[105193]: DEBUG cotyledon.oslo_config_glue [-] database.synchronous_reader = True {{(pid=105193) log_opt_values /opt/stack/data/venv/lib/python3.12/site-packages/oslo_config/cfg.py:3006}}
May 06 11:25:21.808912 np0000172248 neutron-periodic-workers[105193]: DEBUG cotyledon.oslo_config_glue [-] database.use_db_reconnect = False {{(pid=105193) log_opt_values /opt/stack/data/venv/lib/python3.12/site-packages/oslo_config/cfg.py:3006}}
May 06 11:25:21.809013 np0000172248 neutron-periodic-workers[105193]: DEBUG cotyledon.oslo_config_glue [-] ovn.bfd_min_rx = 1000 {{(pid=105193) log_opt_values /opt/stack/data/venv/lib/python3.12/site-packages/oslo_config/cfg.py:3006}}
May 06 11:25:21.809066 np0000172248 neutron-periodic-workers[105193]: DEBUG cotyledon.oslo_config_glue [-] ovn.bfd_min_tx = 100 {{(pid=105193) log_opt_values /opt/stack/data/venv/lib/python3.12/site-packages/oslo_config/cfg.py:3006}}
May 06 11:25:21.809112 np0000172248 neutron-periodic-workers[105193]: DEBUG cotyledon.oslo_config_glue [-] ovn.bfd_mult = 3 {{(pid=105193) log_opt_values /opt/stack/data/venv/lib/python3.12/site-packages/oslo_config/cfg.py:3006}}
May 06 11:25:21.809162 np0000172248 neutron-periodic-workers[105193]: DEBUG cotyledon.oslo_config_glue [-] ovn.broadcast_arps_to_all_routers = True {{(pid=105193) log_opt_values /opt/stack/data/venv/lib/python3.12/site-packages/oslo_config/cfg.py:3006}}
May 06 11:25:21.809193 np0000172248 neutron-periodic-workers[105193]: DEBUG cotyledon.oslo_config_glue [-] ovn.dhcp_default_lease_time = 43200 {{(pid=105193) log_opt_values /opt/stack/data/venv/lib/python3.12/site-packages/oslo_config/cfg.py:3006}}
May 06 11:25:21.809235 np0000172248 neutron-periodic-workers[105193]: DEBUG cotyledon.oslo_config_glue [-] ovn.disable_ovn_dhcp_for_baremetal_ports = False {{(pid=105193) log_opt_values /opt/stack/data/venv/lib/python3.12/site-packages/oslo_config/cfg.py:3006}}
May 06 11:25:21.809286 np0000172248 neutron-periodic-workers[105193]: DEBUG cotyledon.oslo_config_glue [-] ovn.dns_records_ovn_owned = False {{(pid=105193) log_opt_values /opt/stack/data/venv/lib/python3.12/site-packages/oslo_config/cfg.py:3006}}
May 06 11:25:21.809388 np0000172248 neutron-periodic-workers[105193]: DEBUG cotyledon.oslo_config_glue [-] ovn.dns_servers = [] {{(pid=105193) log_opt_values /opt/stack/data/venv/lib/python3.12/site-packages/oslo_config/cfg.py:3006}}
May 06 11:25:21.809388 np0000172248 neutron-periodic-workers[105193]: DEBUG cotyledon.oslo_config_glue [-] ovn.enable_distributed_floating_ip = False {{(pid=105193) log_opt_values /opt/stack/data/venv/lib/python3.12/site-packages/oslo_config/cfg.py:3006}}
May 06 11:25:21.809447 np0000172248 neutron-periodic-workers[105193]: DEBUG cotyledon.oslo_config_glue [-] ovn.fdb_age_threshold = 300 {{(pid=105193) log_opt_values /opt/stack/data/venv/lib/python3.12/site-packages/oslo_config/cfg.py:3006}}
May 06 11:25:21.809447 np0000172248 neutron-periodic-workers[105193]: DEBUG cotyledon.oslo_config_glue [-] ovn.ha_failover_strategy = normal {{(pid=105193) log_opt_values /opt/stack/data/venv/lib/python3.12/site-packages/oslo_config/cfg.py:3006}}
May 06 11:25:21.809508 np0000172248 neutron-periodic-workers[105193]: DEBUG cotyledon.oslo_config_glue [-] ovn.live_migration_activation_strategy = rarp {{(pid=105193) log_opt_values /opt/stack/data/venv/lib/python3.12/site-packages/oslo_config/cfg.py:3006}}
May 06 11:25:21.809542 np0000172248 neutron-periodic-workers[105193]: DEBUG cotyledon.oslo_config_glue [-] ovn.localnet_learn_fdb = False {{(pid=105193) log_opt_values /opt/stack/data/venv/lib/python3.12/site-packages/oslo_config/cfg.py:3006}}
May 06 11:25:21.809571 np0000172248 neutron-periodic-workers[105193]: DEBUG cotyledon.oslo_config_glue [-] ovn.mac_binding_age_threshold = 300 {{(pid=105193) log_opt_values /opt/stack/data/venv/lib/python3.12/site-packages/oslo_config/cfg.py:3006}}
May 06 11:25:21.809620 np0000172248 neutron-periodic-workers[105193]: DEBUG cotyledon.oslo_config_glue [-] ovn.neutron_sync_mode = log {{(pid=105193) log_opt_values /opt/stack/data/venv/lib/python3.12/site-packages/oslo_config/cfg.py:3006}}
May 06 11:25:21.809653 np0000172248 neutron-periodic-workers[105193]: DEBUG cotyledon.oslo_config_glue [-] ovn.ovn_dhcp4_global_options = {} {{(pid=105193) log_opt_values /opt/stack/data/venv/lib/python3.12/site-packages/oslo_config/cfg.py:3006}}
May 06 11:25:21.809696 np0000172248 neutron-periodic-workers[105193]: DEBUG cotyledon.oslo_config_glue [-] ovn.ovn_dhcp6_global_options = {} {{(pid=105193) log_opt_values /opt/stack/data/venv/lib/python3.12/site-packages/oslo_config/cfg.py:3006}}
May 06 11:25:21.809738 np0000172248 neutron-periodic-workers[105193]: DEBUG cotyledon.oslo_config_glue [-] ovn.ovn_l3_scheduler = leastloaded {{(pid=105193) log_opt_values /opt/stack/data/venv/lib/python3.12/site-packages/oslo_config/cfg.py:3006}}
May 06 11:25:21.809786 np0000172248 neutron-periodic-workers[105193]: DEBUG cotyledon.oslo_config_glue [-] ovn.ovn_metadata_enabled = True {{(pid=105193) log_opt_values /opt/stack/data/venv/lib/python3.12/site-packages/oslo_config/cfg.py:3006}}
May 06 11:25:21.809833 np0000172248 neutron-periodic-workers[105193]: DEBUG cotyledon.oslo_config_glue [-] ovn.ovn_nb_ca_cert = /opt/stack/data/CA/int-ca/ca-chain.pem {{(pid=105193) log_opt_values /opt/stack/data/venv/lib/python3.12/site-packages/oslo_config/cfg.py:3006}}
May 06 11:25:21.809883 np0000172248 neutron-periodic-workers[105193]: DEBUG cotyledon.oslo_config_glue [-] ovn.ovn_nb_certificate = /opt/stack/data/CA/int-ca/devstack-cert.crt {{(pid=105193) log_opt_values /opt/stack/data/venv/lib/python3.12/site-packages/oslo_config/cfg.py:3006}}
May 06 11:25:21.809923 np0000172248 neutron-periodic-workers[105193]: DEBUG cotyledon.oslo_config_glue [-] ovn.ovn_nb_connection = ['ssl:199.19.213.192:6641'] {{(pid=105193) log_opt_values /opt/stack/data/venv/lib/python3.12/site-packages/oslo_config/cfg.py:3006}}
May 06 11:25:21.809953 np0000172248 neutron-periodic-workers[105193]: DEBUG cotyledon.oslo_config_glue [-] ovn.ovn_nb_private_key = /opt/stack/data/CA/int-ca/private/devstack-cert.key {{(pid=105193) log_opt_values /opt/stack/data/venv/lib/python3.12/site-packages/oslo_config/cfg.py:3006}}
May 06 11:25:21.810037 np0000172248 neutron-periodic-workers[105193]: DEBUG cotyledon.oslo_config_glue [-] ovn.ovn_router_indirect_snat = False {{(pid=105193) log_opt_values /opt/stack/data/venv/lib/python3.12/site-packages/oslo_config/cfg.py:3006}}
May 06 11:25:21.810037 np0000172248 neutron-periodic-workers[105193]: DEBUG cotyledon.oslo_config_glue [-] ovn.ovn_sb_ca_cert = /opt/stack/data/CA/int-ca/ca-chain.pem {{(pid=105193) log_opt_values /opt/stack/data/venv/lib/python3.12/site-packages/oslo_config/cfg.py:3006}}
May 06 11:25:21.810100 np0000172248 neutron-periodic-workers[105193]: DEBUG cotyledon.oslo_config_glue [-] ovn.ovn_sb_certificate = /opt/stack/data/CA/int-ca/devstack-cert.crt {{(pid=105193) log_opt_values /opt/stack/data/venv/lib/python3.12/site-packages/oslo_config/cfg.py:3006}}
May 06 11:25:21.810100 np0000172248 neutron-periodic-workers[105193]: DEBUG cotyledon.oslo_config_glue [-] ovn.ovn_sb_connection = ['ssl:199.19.213.192:6642'] {{(pid=105193) log_opt_values /opt/stack/data/venv/lib/python3.12/site-packages/oslo_config/cfg.py:3006}}
May 06 11:25:21.810152 np0000172248 neutron-periodic-workers[105193]: DEBUG cotyledon.oslo_config_glue [-] ovn.ovn_sb_private_key = /opt/stack/data/CA/int-ca/private/devstack-cert.key {{(pid=105193) log_opt_values /opt/stack/data/venv/lib/python3.12/site-packages/oslo_config/cfg.py:3006}}
May 06 11:25:21.810181 np0000172248 neutron-periodic-workers[105193]: DEBUG cotyledon.oslo_config_glue [-] ovn.ovs_create_tap = False {{(pid=105193) log_opt_values /opt/stack/data/venv/lib/python3.12/site-packages/oslo_config/cfg.py:3006}}
May 06 11:25:21.810233 np0000172248 neutron-periodic-workers[105193]: DEBUG cotyledon.oslo_config_glue [-] ovn.ovsdb_connection_timeout = 180 {{(pid=105193) log_opt_values /opt/stack/data/venv/lib/python3.12/site-packages/oslo_config/cfg.py:3006}}
May 06 11:25:21.810295 np0000172248 neutron-periodic-workers[105193]: DEBUG cotyledon.oslo_config_glue [-] ovn.ovsdb_log_level = INFO {{(pid=105193) log_opt_values /opt/stack/data/venv/lib/python3.12/site-packages/oslo_config/cfg.py:3006}}
May 06 11:25:21.811188 np0000172248 neutron-periodic-workers[105193]: DEBUG cotyledon.oslo_config_glue [-] ovn.ovsdb_probe_interval = 60000 {{(pid=105193) log_opt_values /opt/stack/data/venv/lib/python3.12/site-packages/oslo_config/cfg.py:3006}}
May 06 11:25:21.811244 np0000172248 neutron-periodic-workers[105193]: DEBUG cotyledon.oslo_config_glue [-] ovn.ovsdb_retry_max_interval = 180 {{(pid=105193) log_opt_values /opt/stack/data/venv/lib/python3.12/site-packages/oslo_config/cfg.py:3006}}
May 06 11:25:21.811300 np0000172248 neutron-periodic-workers[105193]: DEBUG cotyledon.oslo_config_glue [-] ovn.stateless_nat_enabled = False {{(pid=105193) log_opt_values /opt/stack/data/venv/lib/python3.12/site-packages/oslo_config/cfg.py:3006}}
May 06 11:25:21.811354 np0000172248 neutron-periodic-workers[105193]: DEBUG cotyledon.oslo_config_glue [-] ovn.vhost_sock_dir = /var/run/openvswitch {{(pid=105193) log_opt_values /opt/stack/data/venv/lib/python3.12/site-packages/oslo_config/cfg.py:3006}}
May 06 11:25:21.811408 np0000172248 neutron-periodic-workers[105193]: DEBUG cotyledon.oslo_config_glue [-] OVS.bridge_mac_table_size = 50000 {{(pid=105193) log_opt_values /opt/stack/data/venv/lib/python3.12/site-packages/oslo_config/cfg.py:3006}}
May 06 11:25:21.811457 np0000172248 neutron-periodic-workers[105193]: DEBUG cotyledon.oslo_config_glue [-] OVS.igmp_flood = False {{(pid=105193) log_opt_values /opt/stack/data/venv/lib/python3.12/site-packages/oslo_config/cfg.py:3006}}
May 06 11:25:21.811497 np0000172248 neutron-periodic-workers[105193]: DEBUG cotyledon.oslo_config_glue [-] OVS.igmp_flood_reports = True {{(pid=105193) log_opt_values /opt/stack/data/venv/lib/python3.12/site-packages/oslo_config/cfg.py:3006}}
May 06 11:25:21.811560 np0000172248 neutron-periodic-workers[105193]: DEBUG cotyledon.oslo_config_glue [-] OVS.igmp_flood_unregistered = False {{(pid=105193) log_opt_values /opt/stack/data/venv/lib/python3.12/site-packages/oslo_config/cfg.py:3006}}
May 06 11:25:21.811598 np0000172248 neutron-periodic-workers[105193]: DEBUG cotyledon.oslo_config_glue [-] OVS.igmp_snooping_enable = False {{(pid=105193) log_opt_values /opt/stack/data/venv/lib/python3.12/site-packages/oslo_config/cfg.py:3006}}
May 06 11:25:21.811645 np0000172248 neutron-periodic-workers[105193]: DEBUG cotyledon.oslo_config_glue [-] OVS.ovsdb_timeout = 10 {{(pid=105193) log_opt_values /opt/stack/data/venv/lib/python3.12/site-packages/oslo_config/cfg.py:3006}}
May 06 11:25:21.811703 np0000172248 neutron-periodic-workers[105193]: DEBUG cotyledon.oslo_config_glue [-] ovn_nb_global.fdb_removal_limit = 0 {{(pid=105193) log_opt_values /opt/stack/data/venv/lib/python3.12/site-packages/oslo_config/cfg.py:3006}}
May 06 11:25:21.811752 np0000172248 neutron-periodic-workers[105193]: DEBUG cotyledon.oslo_config_glue [-] ovn_nb_global.ignore_lsp_down = False {{(pid=105193) log_opt_values /opt/stack/data/venv/lib/python3.12/site-packages/oslo_config/cfg.py:3006}}
May 06 11:25:21.811785 np0000172248 neutron-periodic-workers[105193]: DEBUG cotyledon.oslo_config_glue [-] ovn_nb_global.mac_binding_removal_limit = 0 {{(pid=105193) log_opt_values /opt/stack/data/venv/lib/python3.12/site-packages/oslo_config/cfg.py:3006}}
May 06 11:25:21.811830 np0000172248 neutron-periodic-workers[105193]: DEBUG cotyledon.oslo_config_glue [-] ******************************************************************************** {{(pid=105193) log_opt_values /opt/stack/data/venv/lib/python3.12/site-packages/oslo_config/cfg.py:3013}}
May 06 11:25:21.811993 np0000172248 neutron-periodic-workers[105193]: DEBUG cotyledon._service_worker [-] Run service ServiceWrapper(0) [105193] {{(pid=105193) wait_forever /opt/stack/data/venv/lib/python3.12/site-packages/cotyledon/_service_worker.py:218}}
May 06 11:25:31.450890 np0000172248 neutron-periodic-workers[104435]: DEBUG dbcounter [-] [104435] Writing DB stats neutron:SELECT=4 {{(pid=104435) stat_writer /opt/stack/data/venv/lib/python3.12/site-packages/dbcounter.py:115}}
May 06 11:26:01.802081 np0000172248 neutron-periodic-workers[105182]: DEBUG oslo_db.sqlalchemy.engines [None req-9f91a0c3-c3ae-4eb6-b5fd-74413da11634 None None] Parent process 104435 forked (105182) with an open database connection, which is being discarded and recreated. {{(pid=105182) checkout /opt/stack/data/venv/lib/python3.12/site-packages/oslo_db/sqlalchemy/engines.py:402}}
May 06 11:26:01.810266 np0000172248 neutron-periodic-workers[105182]: DEBUG dbcounter [-] [105182] Writer thread running {{(pid=105182) stat_writer /opt/stack/data/venv/lib/python3.12/site-packages/dbcounter.py:102}}
May 06 11:26:01.813226 np0000172248 neutron-periodic-workers[105182]: DEBUG neutron.db.agents_db [None req-9f91a0c3-c3ae-4eb6-b5fd-74413da11634 None None] Agent healthcheck: found 0 active agents {{(pid=105182) agent_health_check /opt/stack/neutron/neutron/db/agents_db.py:317}}
May 06 11:26:01.813433 np0000172248 neutron-periodic-workers[105182]: DEBUG oslo.service.backend._threading.loopingcall [None req-9f91a0c3-c3ae-4eb6-b5fd-74413da11634 None None] Fixed interval looping call 'neutron.plugins.ml2.plugin.AgentDbMixin.agent_health_check' sleeping for 36.98 seconds {{(pid=105182) _run_loop /opt/stack/data/venv/lib/python3.12/site-packages/oslo_service/backend/_threading/loopingcall.py:125}}
May 06 11:26:03.793553 np0000172248 neutron-periodic-workers[105175]: DEBUG dbcounter [-] [105175] Writer thread running {{(pid=105175) stat_writer /opt/stack/data/venv/lib/python3.12/site-packages/dbcounter.py:102}}
May 06 11:26:03.802996 np0000172248 neutron-periodic-workers[105175]: DEBUG oslo.service.backend._threading.loopingcall [None req-3a7d7bf1-176a-4adb-b758-72e94bd24a81 None None] Fixed interval looping call 'neutron.plugins.ml2.plugin.DhcpAgentSchedulerDbMixin.remove_networks_from_down_agents' sleeping for 36.97 seconds {{(pid=105175) _run_loop /opt/stack/data/venv/lib/python3.12/site-packages/oslo_service/backend/_threading/loopingcall.py:125}}
May 06 11:26:11.811165 np0000172248 neutron-periodic-workers[105182]: DEBUG dbcounter [-] [105182] Writing DB stats neutron:SELECT=1 {{(pid=105182) stat_writer /opt/stack/data/venv/lib/python3.12/site-packages/dbcounter.py:115}}
May 06 11:26:13.801613 np0000172248 neutron-periodic-workers[105175]: DEBUG dbcounter [-] [105175] Writing DB stats neutron:SELECT=3 {{(pid=105175) stat_writer /opt/stack/data/venv/lib/python3.12/site-packages/dbcounter.py:115}}
May 06 11:26:17.790672 np0000172248 neutron-periodic-workers[105169]: DEBUG dbcounter [-] [105169] Writer thread running {{(pid=105169) stat_writer /opt/stack/data/venv/lib/python3.12/site-packages/dbcounter.py:102}}
May 06 11:26:17.804417 np0000172248 neutron-periodic-workers[105169]: DEBUG oslo.service.backend._threading.loopingcall [None req-2a448343-89ae-45f2-b965-37ee75ed8bc3 None None] Fixed interval looping call 'neutron.services.ovn_l3.plugin.L3_NAT_dbonly_mixin._clean_garbage' sleeping for 299.96 seconds {{(pid=105169) _run_loop /opt/stack/data/venv/lib/python3.12/site-packages/oslo_service/backend/_threading/loopingcall.py:125}}
May 06 11:26:27.791252 np0000172248 neutron-periodic-workers[105169]: DEBUG dbcounter [-] [105169] Writing DB stats neutron:SELECT=1 {{(pid=105169) stat_writer /opt/stack/data/venv/lib/python3.12/site-packages/dbcounter.py:115}}
May 06 11:26:38.803070 np0000172248 neutron-periodic-workers[105182]: DEBUG neutron.db.agents_db [None req-9f91a0c3-c3ae-4eb6-b5fd-74413da11634 None None] Agent healthcheck: found 0 active agents {{(pid=105182) agent_health_check /opt/stack/neutron/neutron/db/agents_db.py:317}}
May 06 11:26:38.873733 np0000172248 neutron-periodic-workers[105182]: DEBUG oslo.service.backend._threading.loopingcall [None req-9f91a0c3-c3ae-4eb6-b5fd-74413da11634 None None] Fixed interval looping call 'neutron.plugins.ml2.plugin.AgentDbMixin.agent_health_check' sleeping for 36.99 seconds {{(pid=105182) _run_loop /opt/stack/data/venv/lib/python3.12/site-packages/oslo_service/backend/_threading/loopingcall.py:125}}
May 06 11:26:40.783430 np0000172248 neutron-periodic-workers[105175]: DEBUG oslo.service.backend._threading.loopingcall [None req-3a7d7bf1-176a-4adb-b758-72e94bd24a81 None None] Fixed interval looping call 'neutron.plugins.ml2.plugin.DhcpAgentSchedulerDbMixin.remove_networks_from_down_agents' sleeping for 36.99 seconds {{(pid=105175) _run_loop /opt/stack/data/venv/lib/python3.12/site-packages/oslo_service/backend/_threading/loopingcall.py:125}}
May 06 11:26:48.800689 np0000172248 neutron-periodic-workers[105182]: DEBUG dbcounter [-] [105182] Writing DB stats neutron:SELECT=1 {{(pid=105182) stat_writer /opt/stack/data/venv/lib/python3.12/site-packages/dbcounter.py:115}}
May 06 11:26:50.782119 np0000172248 neutron-periodic-workers[105175]: DEBUG dbcounter [-] [105175] Writing DB stats neutron:SELECT=3 {{(pid=105175) stat_writer /opt/stack/data/venv/lib/python3.12/site-packages/dbcounter.py:115}}
May 06 11:27:15.797353 np0000172248 neutron-periodic-workers[105182]: DEBUG neutron.db.agents_db [None req-9f91a0c3-c3ae-4eb6-b5fd-74413da11634 None None] Agent healthcheck: found 0 active agents {{(pid=105182) agent_health_check /opt/stack/neutron/neutron/db/agents_db.py:317}}
May 06 11:27:15.797739 np0000172248 neutron-periodic-workers[105182]: DEBUG oslo.service.backend._threading.loopingcall [None req-9f91a0c3-c3ae-4eb6-b5fd-74413da11634 None None] Fixed interval looping call 'neutron.plugins.ml2.plugin.AgentDbMixin.agent_health_check' sleeping for 37.00 seconds {{(pid=105182) _run_loop /opt/stack/data/venv/lib/python3.12/site-packages/oslo_service/backend/_threading/loopingcall.py:125}}
May 06 11:27:17.783883 np0000172248 neutron-periodic-workers[105175]: DEBUG oslo.service.backend._threading.loopingcall [None req-3a7d7bf1-176a-4adb-b758-72e94bd24a81 None None] Fixed interval looping call 'neutron.plugins.ml2.plugin.DhcpAgentSchedulerDbMixin.remove_networks_from_down_agents' sleeping for 36.99 seconds {{(pid=105175) _run_loop /opt/stack/data/venv/lib/python3.12/site-packages/oslo_service/backend/_threading/loopingcall.py:125}}
May 06 11:27:21.827980 np0000172248 neutron-periodic-workers[105193]: DEBUG dbcounter [-] [105193] Writer thread running {{(pid=105193) stat_writer /opt/stack/data/venv/lib/python3.12/site-packages/dbcounter.py:102}}
May 06 11:27:21.830138 np0000172248 neutron-periodic-workers[105193]: DEBUG oslo.service.backend._threading.loopingcall [None req-dac6c714-fd5d-4480-a6c4-05adcf5c4e3f None None] Fixed interval looping call 'neutron.db.quota.driver_nolock.DbQuotaNoLockDriver._remove_expired_reservations' sleeping for 119.98 seconds {{(pid=105193) _run_loop /opt/stack/data/venv/lib/python3.12/site-packages/oslo_service/backend/_threading/loopingcall.py:125}}
May 06 11:27:25.796292 np0000172248 neutron-periodic-workers[105182]: DEBUG dbcounter [-] [105182] Writing DB stats neutron:SELECT=1 {{(pid=105182) stat_writer /opt/stack/data/venv/lib/python3.12/site-packages/dbcounter.py:115}}
May 06 11:27:27.782869 np0000172248 neutron-periodic-workers[105175]: DEBUG dbcounter [-] [105175] Writing DB stats neutron:SELECT=3 {{(pid=105175) stat_writer /opt/stack/data/venv/lib/python3.12/site-packages/dbcounter.py:115}}
May 06 11:27:31.828818 np0000172248 neutron-periodic-workers[105193]: DEBUG dbcounter [-] [105193] Writing DB stats neutron:DELETE=1 {{(pid=105193) stat_writer /opt/stack/data/venv/lib/python3.12/site-packages/dbcounter.py:115}}
May 06 11:27:52.802723 np0000172248 neutron-periodic-workers[105182]: DEBUG neutron.db.agents_db [None req-9f91a0c3-c3ae-4eb6-b5fd-74413da11634 None None] Agent healthcheck: found 0 active agents {{(pid=105182) agent_health_check /opt/stack/neutron/neutron/db/agents_db.py:317}}
May 06 11:27:52.803202 np0000172248 neutron-periodic-workers[105182]: DEBUG oslo.service.backend._threading.loopingcall [None req-9f91a0c3-c3ae-4eb6-b5fd-74413da11634 None None] Fixed interval looping call 'neutron.plugins.ml2.plugin.AgentDbMixin.agent_health_check' sleeping for 36.99 seconds {{(pid=105182) _run_loop /opt/stack/data/venv/lib/python3.12/site-packages/oslo_service/backend/_threading/loopingcall.py:125}}
May 06 11:27:54.783904 np0000172248 neutron-periodic-workers[105175]: DEBUG oslo.service.backend._threading.loopingcall [None req-3a7d7bf1-176a-4adb-b758-72e94bd24a81 None None] Fixed interval looping call 'neutron.plugins.ml2.plugin.DhcpAgentSchedulerDbMixin.remove_networks_from_down_agents' sleeping for 36.99 seconds {{(pid=105175) _run_loop /opt/stack/data/venv/lib/python3.12/site-packages/oslo_service/backend/_threading/loopingcall.py:125}}
May 06 11:28:02.801012 np0000172248 neutron-periodic-workers[105182]: DEBUG dbcounter [-] [105182] Writing DB stats neutron:SELECT=1 {{(pid=105182) stat_writer /opt/stack/data/venv/lib/python3.12/site-packages/dbcounter.py:115}}
May 06 11:28:04.782140 np0000172248 neutron-periodic-workers[105175]: DEBUG dbcounter [-] [105175] Writing DB stats neutron:SELECT=3 {{(pid=105175) stat_writer /opt/stack/data/venv/lib/python3.12/site-packages/dbcounter.py:115}}
May 06 11:28:29.798955 np0000172248 neutron-periodic-workers[105182]: DEBUG neutron.db.agents_db [None req-9f91a0c3-c3ae-4eb6-b5fd-74413da11634 None None] Agent healthcheck: found 0 active agents {{(pid=105182) agent_health_check /opt/stack/neutron/neutron/db/agents_db.py:317}}
May 06 11:28:29.799478 np0000172248 neutron-periodic-workers[105182]: DEBUG oslo.service.backend._threading.loopingcall [None req-9f91a0c3-c3ae-4eb6-b5fd-74413da11634 None None] Fixed interval looping call 'neutron.plugins.ml2.plugin.AgentDbMixin.agent_health_check' sleeping for 36.99 seconds {{(pid=105182) _run_loop /opt/stack/data/venv/lib/python3.12/site-packages/oslo_service/backend/_threading/loopingcall.py:125}}
May 06 11:28:31.784203 np0000172248 neutron-periodic-workers[105175]: DEBUG oslo.service.backend._threading.loopingcall [None req-3a7d7bf1-176a-4adb-b758-72e94bd24a81 None None] Fixed interval looping call 'neutron.plugins.ml2.plugin.DhcpAgentSchedulerDbMixin.remove_networks_from_down_agents' sleeping for 36.99 seconds {{(pid=105175) _run_loop /opt/stack/data/venv/lib/python3.12/site-packages/oslo_service/backend/_threading/loopingcall.py:125}}
May 06 11:28:39.797128 np0000172248 neutron-periodic-workers[105182]: DEBUG dbcounter [-] [105182] Writing DB stats neutron:SELECT=1 {{(pid=105182) stat_writer /opt/stack/data/venv/lib/python3.12/site-packages/dbcounter.py:115}}
May 06 11:28:41.783606 np0000172248 neutron-periodic-workers[105175]: DEBUG dbcounter [-] [105175] Writing DB stats neutron:SELECT=3 {{(pid=105175) stat_writer /opt/stack/data/venv/lib/python3.12/site-packages/dbcounter.py:115}}
May 06 11:29:06.794148 np0000172248 neutron-periodic-workers[105182]: DEBUG neutron.db.agents_db [None req-9f91a0c3-c3ae-4eb6-b5fd-74413da11634 None None] Agent healthcheck: found 0 active agents {{(pid=105182) agent_health_check /opt/stack/neutron/neutron/db/agents_db.py:317}}
May 06 11:29:06.794661 np0000172248 neutron-periodic-workers[105182]: DEBUG oslo.service.backend._threading.loopingcall [None req-9f91a0c3-c3ae-4eb6-b5fd-74413da11634 None None] Fixed interval looping call 'neutron.plugins.ml2.plugin.AgentDbMixin.agent_health_check' sleeping for 37.00 seconds {{(pid=105182) _run_loop /opt/stack/data/venv/lib/python3.12/site-packages/oslo_service/backend/_threading/loopingcall.py:125}}
May 06 11:29:08.785353 np0000172248 neutron-periodic-workers[105175]: DEBUG oslo.service.backend._threading.loopingcall [None req-3a7d7bf1-176a-4adb-b758-72e94bd24a81 None None] Fixed interval looping call 'neutron.plugins.ml2.plugin.DhcpAgentSchedulerDbMixin.remove_networks_from_down_agents' sleeping for 36.99 seconds {{(pid=105175) _run_loop /opt/stack/data/venv/lib/python3.12/site-packages/oslo_service/backend/_threading/loopingcall.py:125}}
May 06 11:29:16.795544 np0000172248 neutron-periodic-workers[105182]: DEBUG dbcounter [-] [105182] Writing DB stats neutron:SELECT=1 {{(pid=105182) stat_writer /opt/stack/data/venv/lib/python3.12/site-packages/dbcounter.py:115}}
May 06 11:29:18.786434 np0000172248 neutron-periodic-workers[105175]: DEBUG dbcounter [-] [105175] Writing DB stats neutron:SELECT=3 {{(pid=105175) stat_writer /opt/stack/data/venv/lib/python3.12/site-packages/dbcounter.py:115}}
May 06 11:29:21.815667 np0000172248 neutron-periodic-workers[105193]: DEBUG oslo.service.backend._threading.loopingcall [None req-dac6c714-fd5d-4480-a6c4-05adcf5c4e3f None None] Fixed interval looping call 'neutron.db.quota.driver_nolock.DbQuotaNoLockDriver._remove_expired_reservations' sleeping for 120.00 seconds {{(pid=105193) _run_loop /opt/stack/data/venv/lib/python3.12/site-packages/oslo_service/backend/_threading/loopingcall.py:125}}
May 06 11:29:31.814872 np0000172248 neutron-periodic-workers[105193]: DEBUG dbcounter [-] [105193] Writing DB stats neutron:DELETE=1 {{(pid=105193) stat_writer /opt/stack/data/venv/lib/python3.12/site-packages/dbcounter.py:115}}
May 06 11:29:43.799709 np0000172248 neutron-periodic-workers[105182]: DEBUG neutron.db.agents_db [None req-9f91a0c3-c3ae-4eb6-b5fd-74413da11634 None None] Agent healthcheck: found 0 active agents {{(pid=105182) agent_health_check /opt/stack/neutron/neutron/db/agents_db.py:317}}
May 06 11:29:43.800470 np0000172248 neutron-periodic-workers[105182]: DEBUG oslo.service.backend._threading.loopingcall [None req-9f91a0c3-c3ae-4eb6-b5fd-74413da11634 None None] Fixed interval looping call 'neutron.plugins.ml2.plugin.AgentDbMixin.agent_health_check' sleeping for 36.99 seconds {{(pid=105182) _run_loop /opt/stack/data/venv/lib/python3.12/site-packages/oslo_service/backend/_threading/loopingcall.py:125}}
May 06 11:29:45.784616 np0000172248 neutron-periodic-workers[105175]: DEBUG oslo.service.backend._threading.loopingcall [None req-3a7d7bf1-176a-4adb-b758-72e94bd24a81 None None] Fixed interval looping call 'neutron.plugins.ml2.plugin.DhcpAgentSchedulerDbMixin.remove_networks_from_down_agents' sleeping for 36.99 seconds {{(pid=105175) _run_loop /opt/stack/data/venv/lib/python3.12/site-packages/oslo_service/backend/_threading/loopingcall.py:125}}
May 06 11:29:53.798461 np0000172248 neutron-periodic-workers[105182]: DEBUG dbcounter [-] [105182] Writing DB stats neutron:SELECT=1 {{(pid=105182) stat_writer /opt/stack/data/venv/lib/python3.12/site-packages/dbcounter.py:115}}
May 06 11:29:55.783745 np0000172248 neutron-periodic-workers[105175]: DEBUG dbcounter [-] [105175] Writing DB stats neutron:SELECT=3 {{(pid=105175) stat_writer /opt/stack/data/venv/lib/python3.12/site-packages/dbcounter.py:115}}
May 06 11:30:20.797232 np0000172248 neutron-periodic-workers[105182]: DEBUG neutron.db.agents_db [None req-9f91a0c3-c3ae-4eb6-b5fd-74413da11634 None None] Agent healthcheck: found 0 active agents {{(pid=105182) agent_health_check /opt/stack/neutron/neutron/db/agents_db.py:317}}
May 06 11:30:20.797950 np0000172248 neutron-periodic-workers[105182]: DEBUG oslo.service.backend._threading.loopingcall [None req-9f91a0c3-c3ae-4eb6-b5fd-74413da11634 None None] Fixed interval looping call 'neutron.plugins.ml2.plugin.AgentDbMixin.agent_health_check' sleeping for 36.99 seconds {{(pid=105182) _run_loop /opt/stack/data/venv/lib/python3.12/site-packages/oslo_service/backend/_threading/loopingcall.py:125}}
May 06 11:30:22.785046 np0000172248 neutron-periodic-workers[105175]: DEBUG oslo.service.backend._threading.loopingcall [None req-3a7d7bf1-176a-4adb-b758-72e94bd24a81 None None] Fixed interval looping call 'neutron.plugins.ml2.plugin.DhcpAgentSchedulerDbMixin.remove_networks_from_down_agents' sleeping for 36.99 seconds {{(pid=105175) _run_loop /opt/stack/data/venv/lib/python3.12/site-packages/oslo_service/backend/_threading/loopingcall.py:125}}
May 06 11:30:30.795321 np0000172248 neutron-periodic-workers[105182]: DEBUG dbcounter [-] [105182] Writing DB stats neutron:SELECT=1 {{(pid=105182) stat_writer /opt/stack/data/venv/lib/python3.12/site-packages/dbcounter.py:115}}
May 06 11:30:32.784513 np0000172248 neutron-periodic-workers[105175]: DEBUG dbcounter [-] [105175] Writing DB stats neutron:SELECT=3 {{(pid=105175) stat_writer /opt/stack/data/venv/lib/python3.12/site-packages/dbcounter.py:115}}
May 06 11:30:57.791909 np0000172248 neutron-periodic-workers[105182]: DEBUG neutron.db.agents_db [None req-9f91a0c3-c3ae-4eb6-b5fd-74413da11634 None None] Agent healthcheck: found 0 active agents {{(pid=105182) agent_health_check /opt/stack/neutron/neutron/db/agents_db.py:317}}
May 06 11:30:57.792674 np0000172248 neutron-periodic-workers[105182]: DEBUG oslo.service.backend._threading.loopingcall [None req-9f91a0c3-c3ae-4eb6-b5fd-74413da11634 None None] Fixed interval looping call 'neutron.plugins.ml2.plugin.AgentDbMixin.agent_health_check' sleeping for 37.00 seconds {{(pid=105182) _run_loop /opt/stack/data/venv/lib/python3.12/site-packages/oslo_service/backend/_threading/loopingcall.py:125}}
May 06 11:30:59.785093 np0000172248 neutron-periodic-workers[105175]: DEBUG oslo.service.backend._threading.loopingcall [None req-3a7d7bf1-176a-4adb-b758-72e94bd24a81 None None] Fixed interval looping call 'neutron.plugins.ml2.plugin.DhcpAgentSchedulerDbMixin.remove_networks_from_down_agents' sleeping for 36.99 seconds {{(pid=105175) _run_loop /opt/stack/data/venv/lib/python3.12/site-packages/oslo_service/backend/_threading/loopingcall.py:125}}
May 06 11:31:07.790563 np0000172248 neutron-periodic-workers[105182]: DEBUG dbcounter [-] [105182] Writing DB stats neutron:SELECT=1 {{(pid=105182) stat_writer /opt/stack/data/venv/lib/python3.12/site-packages/dbcounter.py:115}}
May 06 11:31:09.783295 np0000172248 neutron-periodic-workers[105175]: DEBUG dbcounter [-] [105175] Writing DB stats neutron:SELECT=3 {{(pid=105175) stat_writer /opt/stack/data/venv/lib/python3.12/site-packages/dbcounter.py:115}}
May 06 11:31:17.776679 np0000172248 neutron-periodic-workers[105169]: DEBUG oslo.service.backend._threading.loopingcall [None req-2a448343-89ae-45f2-b965-37ee75ed8bc3 None None] Fixed interval looping call 'neutron.services.ovn_l3.plugin.L3_NAT_dbonly_mixin._clean_garbage' sleeping for 299.99 seconds {{(pid=105169) _run_loop /opt/stack/data/venv/lib/python3.12/site-packages/oslo_service/backend/_threading/loopingcall.py:125}}
May 06 11:31:21.822204 np0000172248 neutron-periodic-workers[105193]: DEBUG oslo.service.backend._threading.loopingcall [None req-dac6c714-fd5d-4480-a6c4-05adcf5c4e3f None None] Fixed interval looping call 'neutron.db.quota.driver_nolock.DbQuotaNoLockDriver._remove_expired_reservations' sleeping for 119.99 seconds {{(pid=105193) _run_loop /opt/stack/data/venv/lib/python3.12/site-packages/oslo_service/backend/_threading/loopingcall.py:125}}
May 06 11:31:27.770710 np0000172248 neutron-periodic-workers[105169]: DEBUG dbcounter [-] [105169] Writing DB stats neutron:SELECT=1 {{(pid=105169) stat_writer /opt/stack/data/venv/lib/python3.12/site-packages/dbcounter.py:115}}
May 06 11:31:31.820355 np0000172248 neutron-periodic-workers[105193]: DEBUG dbcounter [-] [105193] Writing DB stats neutron:DELETE=1 {{(pid=105193) stat_writer /opt/stack/data/venv/lib/python3.12/site-packages/dbcounter.py:115}}
May 06 11:31:34.798179 np0000172248 neutron-periodic-workers[105182]: DEBUG neutron.db.agents_db [None req-9f91a0c3-c3ae-4eb6-b5fd-74413da11634 None None] Agent healthcheck: found 0 active agents {{(pid=105182) agent_health_check /opt/stack/neutron/neutron/db/agents_db.py:317}}
May 06 11:31:34.798179 np0000172248 neutron-periodic-workers[105182]: DEBUG oslo.service.backend._threading.loopingcall [None req-9f91a0c3-c3ae-4eb6-b5fd-74413da11634 None None] Fixed interval looping call 'neutron.plugins.ml2.plugin.AgentDbMixin.agent_health_check' sleeping for 36.99 seconds {{(pid=105182) _run_loop /opt/stack/data/venv/lib/python3.12/site-packages/oslo_service/backend/_threading/loopingcall.py:125}}
May 06 11:31:36.785518 np0000172248 neutron-periodic-workers[105175]: DEBUG oslo.service.backend._threading.loopingcall [None req-3a7d7bf1-176a-4adb-b758-72e94bd24a81 None None] Fixed interval looping call 'neutron.plugins.ml2.plugin.DhcpAgentSchedulerDbMixin.remove_networks_from_down_agents' sleeping for 36.99 seconds {{(pid=105175) _run_loop /opt/stack/data/venv/lib/python3.12/site-packages/oslo_service/backend/_threading/loopingcall.py:125}}
May 06 11:31:44.796504 np0000172248 neutron-periodic-workers[105182]: DEBUG dbcounter [-] [105182] Writing DB stats neutron:SELECT=1 {{(pid=105182) stat_writer /opt/stack/data/venv/lib/python3.12/site-packages/dbcounter.py:115}}
May 06 11:31:46.784085 np0000172248 neutron-periodic-workers[105175]: DEBUG dbcounter [-] [105175] Writing DB stats neutron:SELECT=3 {{(pid=105175) stat_writer /opt/stack/data/venv/lib/python3.12/site-packages/dbcounter.py:115}}
May 06 11:32:11.795915 np0000172248 neutron-periodic-workers[105182]: DEBUG neutron.db.agents_db [None req-9f91a0c3-c3ae-4eb6-b5fd-74413da11634 None None] Agent healthcheck: found 0 active agents {{(pid=105182) agent_health_check /opt/stack/neutron/neutron/db/agents_db.py:317}}
May 06 11:32:11.796445 np0000172248 neutron-periodic-workers[105182]: DEBUG oslo.service.backend._threading.loopingcall [None req-9f91a0c3-c3ae-4eb6-b5fd-74413da11634 None None] Fixed interval looping call 'neutron.plugins.ml2.plugin.AgentDbMixin.agent_health_check' sleeping for 36.99 seconds {{(pid=105182) _run_loop /opt/stack/data/venv/lib/python3.12/site-packages/oslo_service/backend/_threading/loopingcall.py:125}}
May 06 11:32:13.782568 np0000172248 neutron-periodic-workers[105175]: DEBUG oslo.service.backend._threading.loopingcall [None req-3a7d7bf1-176a-4adb-b758-72e94bd24a81 None None] Fixed interval looping call 'neutron.plugins.ml2.plugin.DhcpAgentSchedulerDbMixin.remove_networks_from_down_agents' sleeping for 36.99 seconds {{(pid=105175) _run_loop /opt/stack/data/venv/lib/python3.12/site-packages/oslo_service/backend/_threading/loopingcall.py:125}}
May 06 11:32:21.792219 np0000172248 neutron-periodic-workers[105182]: DEBUG dbcounter [-] [105182] Writing DB stats neutron:SELECT=1 {{(pid=105182) stat_writer /opt/stack/data/venv/lib/python3.12/site-packages/dbcounter.py:115}}
May 06 11:32:23.781747 np0000172248 neutron-periodic-workers[105175]: DEBUG dbcounter [-] [105175] Writing DB stats neutron:SELECT=3 {{(pid=105175) stat_writer /opt/stack/data/venv/lib/python3.12/site-packages/dbcounter.py:115}}
May 06 11:32:48.791504 np0000172248 neutron-periodic-workers[105182]: DEBUG neutron.db.agents_db [None req-9f91a0c3-c3ae-4eb6-b5fd-74413da11634 None None] Agent healthcheck: found 0 active agents {{(pid=105182) agent_health_check /opt/stack/neutron/neutron/db/agents_db.py:317}}
May 06 11:32:48.792223 np0000172248 neutron-periodic-workers[105182]: DEBUG oslo.service.backend._threading.loopingcall [None req-9f91a0c3-c3ae-4eb6-b5fd-74413da11634 None None] Fixed interval looping call 'neutron.plugins.ml2.plugin.AgentDbMixin.agent_health_check' sleeping for 36.99 seconds {{(pid=105182) _run_loop /opt/stack/data/venv/lib/python3.12/site-packages/oslo_service/backend/_threading/loopingcall.py:125}}
May 06 11:32:50.786010 np0000172248 neutron-periodic-workers[105175]: DEBUG oslo.service.backend._threading.loopingcall [None req-3a7d7bf1-176a-4adb-b758-72e94bd24a81 None None] Fixed interval looping call 'neutron.plugins.ml2.plugin.DhcpAgentSchedulerDbMixin.remove_networks_from_down_agents' sleeping for 36.99 seconds {{(pid=105175) _run_loop /opt/stack/data/venv/lib/python3.12/site-packages/oslo_service/backend/_threading/loopingcall.py:125}}
May 06 11:32:58.790174 np0000172248 neutron-periodic-workers[105182]: DEBUG dbcounter [-] [105182] Writing DB stats neutron:SELECT=1 {{(pid=105182) stat_writer /opt/stack/data/venv/lib/python3.12/site-packages/dbcounter.py:115}}
May 06 11:33:00.784588 np0000172248 neutron-periodic-workers[105175]: DEBUG dbcounter [-] [105175] Writing DB stats neutron:SELECT=3 {{(pid=105175) stat_writer /opt/stack/data/venv/lib/python3.12/site-packages/dbcounter.py:115}}
May 06 11:33:21.822344 np0000172248 neutron-periodic-workers[105193]: DEBUG oslo.service.backend._threading.loopingcall [None req-dac6c714-fd5d-4480-a6c4-05adcf5c4e3f None None] Fixed interval looping call 'neutron.db.quota.driver_nolock.DbQuotaNoLockDriver._remove_expired_reservations' sleeping for 119.99 seconds {{(pid=105193) _run_loop /opt/stack/data/venv/lib/python3.12/site-packages/oslo_service/backend/_threading/loopingcall.py:125}}
May 06 11:33:25.785971 np0000172248 neutron-periodic-workers[105182]: DEBUG neutron.db.agents_db [None req-9f91a0c3-c3ae-4eb6-b5fd-74413da11634 None None] Agent healthcheck: found 0 active agents {{(pid=105182) agent_health_check /opt/stack/neutron/neutron/db/agents_db.py:317}}
May 06 11:33:25.786711 np0000172248 neutron-periodic-workers[105182]: DEBUG oslo.service.backend._threading.loopingcall [None req-9f91a0c3-c3ae-4eb6-b5fd-74413da11634 None None] Fixed interval looping call 'neutron.plugins.ml2.plugin.AgentDbMixin.agent_health_check' sleeping for 37.00 seconds {{(pid=105182) _run_loop /opt/stack/data/venv/lib/python3.12/site-packages/oslo_service/backend/_threading/loopingcall.py:125}}
May 06 11:33:27.784552 np0000172248 neutron-periodic-workers[105175]: DEBUG oslo.service.backend._threading.loopingcall [None req-3a7d7bf1-176a-4adb-b758-72e94bd24a81 None None] Fixed interval looping call 'neutron.plugins.ml2.plugin.DhcpAgentSchedulerDbMixin.remove_networks_from_down_agents' sleeping for 36.99 seconds {{(pid=105175) _run_loop /opt/stack/data/venv/lib/python3.12/site-packages/oslo_service/backend/_threading/loopingcall.py:125}}
May 06 11:33:31.817788 np0000172248 neutron-periodic-workers[105193]: DEBUG dbcounter [-] [105193] Writing DB stats neutron:DELETE=1 {{(pid=105193) stat_writer /opt/stack/data/venv/lib/python3.12/site-packages/dbcounter.py:115}}
May 06 11:33:35.784836 np0000172248 neutron-periodic-workers[105182]: DEBUG dbcounter [-] [105182] Writing DB stats neutron:SELECT=1 {{(pid=105182) stat_writer /opt/stack/data/venv/lib/python3.12/site-packages/dbcounter.py:115}}
May 06 11:33:37.783487 np0000172248 neutron-periodic-workers[105175]: DEBUG dbcounter [-] [105175] Writing DB stats neutron:SELECT=3 {{(pid=105175) stat_writer /opt/stack/data/venv/lib/python3.12/site-packages/dbcounter.py:115}}
May 06 11:34:02.792308 np0000172248 neutron-periodic-workers[105182]: DEBUG neutron.db.agents_db [None req-9f91a0c3-c3ae-4eb6-b5fd-74413da11634 None None] Agent healthcheck: found 0 active agents {{(pid=105182) agent_health_check /opt/stack/neutron/neutron/db/agents_db.py:317}}
May 06 11:34:02.793385 np0000172248 neutron-periodic-workers[105182]: DEBUG oslo.service.backend._threading.loopingcall [None req-9f91a0c3-c3ae-4eb6-b5fd-74413da11634 None None] Fixed interval looping call 'neutron.plugins.ml2.plugin.AgentDbMixin.agent_health_check' sleeping for 36.99 seconds {{(pid=105182) _run_loop /opt/stack/data/venv/lib/python3.12/site-packages/oslo_service/backend/_threading/loopingcall.py:125}}
May 06 11:34:04.785074 np0000172248 neutron-periodic-workers[105175]: DEBUG oslo.service.backend._threading.loopingcall [None req-3a7d7bf1-176a-4adb-b758-72e94bd24a81 None None] Fixed interval looping call 'neutron.plugins.ml2.plugin.DhcpAgentSchedulerDbMixin.remove_networks_from_down_agents' sleeping for 36.99 seconds {{(pid=105175) _run_loop /opt/stack/data/venv/lib/python3.12/site-packages/oslo_service/backend/_threading/loopingcall.py:125}}
May 06 11:34:12.790506 np0000172248 neutron-periodic-workers[105182]: DEBUG dbcounter [-] [105182] Writing DB stats neutron:SELECT=1 {{(pid=105182) stat_writer /opt/stack/data/venv/lib/python3.12/site-packages/dbcounter.py:115}}
May 06 11:34:14.783121 np0000172248 neutron-periodic-workers[105175]: DEBUG dbcounter [-] [105175] Writing DB stats neutron:SELECT=3 {{(pid=105175) stat_writer /opt/stack/data/venv/lib/python3.12/site-packages/dbcounter.py:115}}
May 06 11:34:39.789857 np0000172248 neutron-periodic-workers[105182]: DEBUG neutron.db.agents_db [None req-9f91a0c3-c3ae-4eb6-b5fd-74413da11634 None None] Agent healthcheck: found 0 active agents {{(pid=105182) agent_health_check /opt/stack/neutron/neutron/db/agents_db.py:317}}
May 06 11:34:39.790864 np0000172248 neutron-periodic-workers[105182]: DEBUG oslo.service.backend._threading.loopingcall [None req-9f91a0c3-c3ae-4eb6-b5fd-74413da11634 None None] Fixed interval looping call 'neutron.plugins.ml2.plugin.AgentDbMixin.agent_health_check' sleeping for 36.99 seconds {{(pid=105182) _run_loop /opt/stack/data/venv/lib/python3.12/site-packages/oslo_service/backend/_threading/loopingcall.py:125}}
May 06 11:34:41.786356 np0000172248 neutron-periodic-workers[105175]: DEBUG oslo.service.backend._threading.loopingcall [None req-3a7d7bf1-176a-4adb-b758-72e94bd24a81 None None] Fixed interval looping call 'neutron.plugins.ml2.plugin.DhcpAgentSchedulerDbMixin.remove_networks_from_down_agents' sleeping for 36.99 seconds {{(pid=105175) _run_loop /opt/stack/data/venv/lib/python3.12/site-packages/oslo_service/backend/_threading/loopingcall.py:125}}
May 06 11:34:49.787557 np0000172248 neutron-periodic-workers[105182]: DEBUG dbcounter [-] [105182] Writing DB stats neutron:SELECT=1 {{(pid=105182) stat_writer /opt/stack/data/venv/lib/python3.12/site-packages/dbcounter.py:115}}
May 06 11:34:51.784831 np0000172248 neutron-periodic-workers[105175]: DEBUG dbcounter [-] [105175] Writing DB stats neutron:SELECT=3 {{(pid=105175) stat_writer /opt/stack/data/venv/lib/python3.12/site-packages/dbcounter.py:115}}
May 06 11:35:16.785768 np0000172248 neutron-periodic-workers[105182]: DEBUG neutron.db.agents_db [None req-9f91a0c3-c3ae-4eb6-b5fd-74413da11634 None None] Agent healthcheck: found 0 active agents {{(pid=105182) agent_health_check /opt/stack/neutron/neutron/db/agents_db.py:317}}
May 06 11:35:16.786723 np0000172248 neutron-periodic-workers[105182]: DEBUG oslo.service.backend._threading.loopingcall [None req-9f91a0c3-c3ae-4eb6-b5fd-74413da11634 None None] Fixed interval looping call 'neutron.plugins.ml2.plugin.AgentDbMixin.agent_health_check' sleeping for 36.99 seconds {{(pid=105182) _run_loop /opt/stack/data/venv/lib/python3.12/site-packages/oslo_service/backend/_threading/loopingcall.py:125}}
May 06 11:35:18.785215 np0000172248 neutron-periodic-workers[105175]: DEBUG oslo.service.backend._threading.loopingcall [None req-3a7d7bf1-176a-4adb-b758-72e94bd24a81 None None] Fixed interval looping call 'neutron.plugins.ml2.plugin.DhcpAgentSchedulerDbMixin.remove_networks_from_down_agents' sleeping for 36.99 seconds {{(pid=105175) _run_loop /opt/stack/data/venv/lib/python3.12/site-packages/oslo_service/backend/_threading/loopingcall.py:125}}
May 06 11:35:21.815309 np0000172248 neutron-periodic-workers[105193]: DEBUG oslo.service.backend._threading.loopingcall [None req-dac6c714-fd5d-4480-a6c4-05adcf5c4e3f None None] Fixed interval looping call 'neutron.db.quota.driver_nolock.DbQuotaNoLockDriver._remove_expired_reservations' sleeping for 119.99 seconds {{(pid=105193) _run_loop /opt/stack/data/venv/lib/python3.12/site-packages/oslo_service/backend/_threading/loopingcall.py:125}}
May 06 11:35:26.783634 np0000172248 neutron-periodic-workers[105182]: DEBUG dbcounter [-] [105182] Writing DB stats neutron:SELECT=1 {{(pid=105182) stat_writer /opt/stack/data/venv/lib/python3.12/site-packages/dbcounter.py:115}}
May 06 11:35:28.784668 np0000172248 neutron-periodic-workers[105175]: DEBUG dbcounter [-] [105175] Writing DB stats neutron:SELECT=3 {{(pid=105175) stat_writer /opt/stack/data/venv/lib/python3.12/site-packages/dbcounter.py:115}}
May 06 11:35:31.816014 np0000172248 neutron-periodic-workers[105193]: DEBUG dbcounter [-] [105193] Writing DB stats neutron:DELETE=1 {{(pid=105193) stat_writer /opt/stack/data/venv/lib/python3.12/site-packages/dbcounter.py:115}}
May 06 11:35:53.802040 np0000172248 neutron-periodic-workers[105182]: DEBUG neutron.db.agents_db [None req-9f91a0c3-c3ae-4eb6-b5fd-74413da11634 None None] Agent healthcheck: found 0 active agents {{(pid=105182) agent_health_check /opt/stack/neutron/neutron/db/agents_db.py:317}}
May 06 11:35:53.802040 np0000172248 neutron-periodic-workers[105182]: DEBUG oslo.service.backend._threading.loopingcall [None req-9f91a0c3-c3ae-4eb6-b5fd-74413da11634 None None] Fixed interval looping call 'neutron.plugins.ml2.plugin.AgentDbMixin.agent_health_check' sleeping for 36.99 seconds {{(pid=105182) _run_loop /opt/stack/data/venv/lib/python3.12/site-packages/oslo_service/backend/_threading/loopingcall.py:125}}
May 06 11:35:55.785875 np0000172248 neutron-periodic-workers[105175]: DEBUG oslo.service.backend._threading.loopingcall [None req-3a7d7bf1-176a-4adb-b758-72e94bd24a81 None None] Fixed interval looping call 'neutron.plugins.ml2.plugin.DhcpAgentSchedulerDbMixin.remove_networks_from_down_agents' sleeping for 36.99 seconds {{(pid=105175) _run_loop /opt/stack/data/venv/lib/python3.12/site-packages/oslo_service/backend/_threading/loopingcall.py:125}}
