May 28 01:35:58.718608 np0000177121 devstack@neutron-api.service[103222]: DEBUG neutron_lib.callbacks.manager [None req-4ffb1f3c-5132-468d-97b8-2bc3186d9b0f None None] Subscribe: subnet after_update 55550000, False {{(pid=103222) subscribe /opt/stack/data/venv/lib/python3.12/site-packages/neutron_lib/callbacks/manager.py:52}}
May 28 01:35:58.718740 np0000177121 devstack@neutron-api.service[103222]: DEBUG neutron.quota.resource_registry [None req-4ffb1f3c-5132-468d-97b8-2bc3186d9b0f None None] Tracking information for resource: router configured {{(pid=103222) set_tracked_resource /opt/stack/neutron/neutron/quota/resource_registry.py:203}}
May 28 01:35:58.718841 np0000177121 devstack@neutron-api.service[103222]: DEBUG neutron.quota.resource_registry [None req-4ffb1f3c-5132-468d-97b8-2bc3186d9b0f None None] Tracking information for resource: floatingip configured {{(pid=103222) set_tracked_resource /opt/stack/neutron/neutron/quota/resource_registry.py:203}}
May 28 01:35:58.718929 np0000177121 devstack@neutron-api.service[103222]: INFO neutron.services.ovn_l3.plugin [None req-4ffb1f3c-5132-468d-97b8-2bc3186d9b0f None None] Starting OVNL3RouterPlugin
May 28 01:35:58.719131 np0000177121 devstack@neutron-api.service[103222]: DEBUG neutron_lib.callbacks.manager [None req-4ffb1f3c-5132-468d-97b8-2bc3186d9b0f None None] Subscribe: > port_forwarding_plugin after_init 55550000, False {{(pid=103222) subscribe /opt/stack/data/venv/lib/python3.12/site-packages/neutron_lib/callbacks/manager.py:52}}
May 28 01:35:58.719373 np0000177121 devstack@neutron-api.service[103222]: DEBUG neutron_lib.callbacks.manager [None req-4ffb1f3c-5132-468d-97b8-2bc3186d9b0f None None] Subscribe: > router before_create 55550100, False {{(pid=103222) subscribe /opt/stack/data/venv/lib/python3.12/site-packages/neutron_lib/callbacks/manager.py:52}}
May 28 01:35:58.719503 np0000177121 devstack@neutron-api.service[103222]: DEBUG neutron_lib.callbacks.manager [None req-4ffb1f3c-5132-468d-97b8-2bc3186d9b0f None None] Subscribe: > router precommit_delete 55550100, False {{(pid=103222) subscribe /opt/stack/data/venv/lib/python3.12/site-packages/neutron_lib/callbacks/manager.py:52}}
May 28 01:35:58.719615 np0000177121 devstack@neutron-api.service[103222]: DEBUG neutron_lib.callbacks.manager [None req-4ffb1f3c-5132-468d-97b8-2bc3186d9b0f None None] Subscribe: > router precommit_create 55550100, False {{(pid=103222) subscribe /opt/stack/data/venv/lib/python3.12/site-packages/neutron_lib/callbacks/manager.py:52}}
May 28 01:35:58.719703 np0000177121 devstack@neutron-api.service[103222]: DEBUG neutron_lib.callbacks.manager [None req-4ffb1f3c-5132-468d-97b8-2bc3186d9b0f None None] Subscribe: > router precommit_update 55550100, False {{(pid=103222) subscribe /opt/stack/data/venv/lib/python3.12/site-packages/neutron_lib/callbacks/manager.py:52}}
May 28 01:35:58.722505 np0000177121 devstack@neutron-api.service[103221]: INFO neutron.plugins.ml2.drivers.type_vlan [None req-3f65b396-3992-48e2-98e0-fcf665a5acef None None] VlanTypeDriver initialization complete
May 28 01:35:58.722708 np0000177121 devstack@neutron-api.service[103221]: INFO neutron.plugins.ml2.managers [None req-3f65b396-3992-48e2-98e0-fcf665a5acef None None] Initializing extension driver 'port_security'
May 28 01:35:58.722708 np0000177121 devstack@neutron-api.service[103221]: INFO neutron.plugins.ml2.extensions.port_security [None req-3f65b396-3992-48e2-98e0-fcf665a5acef None None] PortSecurityExtensionDriver initialization complete
May 28 01:35:58.722855 np0000177121 devstack@neutron-api.service[103221]: INFO neutron.plugins.ml2.managers [None req-3f65b396-3992-48e2-98e0-fcf665a5acef None None] Initializing extension driver 'qos'
May 28 01:35:58.722912 np0000177121 devstack@neutron-api.service[103221]: DEBUG neutron.plugins.ml2.extensions.qos [None req-3f65b396-3992-48e2-98e0-fcf665a5acef None None] QosExtensionDriver initialization complete {{(pid=103221) initialize /opt/stack/neutron/neutron/plugins/ml2/extensions/qos.py:31}}
May 28 01:35:58.722987 np0000177121 devstack@neutron-api.service[103221]: INFO neutron.plugins.ml2.managers [None req-3f65b396-3992-48e2-98e0-fcf665a5acef None None] Initializing mechanism driver 'ovn'
May 28 01:35:58.723017 np0000177121 devstack@neutron-api.service[103222]: DEBUG neutron.services.provider_configuration [None req-4ffb1f3c-5132-468d-97b8-2bc3186d9b0f None None] Service providers = [] {{(pid=103222) parse_service_provider_opt /opt/stack/neutron/neutron/services/provider_configuration.py:170}}
May 28 01:35:58.723072 np0000177121 devstack@neutron-api.service[103221]: INFO neutron.plugins.ml2.drivers.ovn.mech_driver.mech_driver [None req-3f65b396-3992-48e2-98e0-fcf665a5acef None None] Starting OVNMechanismDriver
May 28 01:35:58.723098 np0000177121 devstack@neutron-api.service[103222]: DEBUG neutron.db.servicetype_db [None req-4ffb1f3c-5132-468d-97b8-2bc3186d9b0f None None] Adding provider configuration for service L3_ROUTER_NAT {{(pid=103222) add_provider_configuration /opt/stack/neutron/neutron/db/servicetype_db.py:45}}
May 28 01:35:58.724359 np0000177121 devstack@neutron-api.service[103222]: DEBUG neutron_lib.callbacks.manager [None req-4ffb1f3c-5132-468d-97b8-2bc3186d9b0f None None] Subscribe: > router precommit_create 55549900, False {{(pid=103222) subscribe /opt/stack/data/venv/lib/python3.12/site-packages/neutron_lib/callbacks/manager.py:52}}
May 28 01:35:58.724459 np0000177121 devstack@neutron-api.service[103222]: DEBUG neutron_lib.callbacks.manager [None req-4ffb1f3c-5132-468d-97b8-2bc3186d9b0f None None] Subscribe: > router_interface after_create 55550000, False {{(pid=103222) subscribe /opt/stack/data/venv/lib/python3.12/site-packages/neutron_lib/callbacks/manager.py:52}}
May 28 01:35:58.724586 np0000177121 devstack@neutron-api.service[103222]: DEBUG neutron_lib.callbacks.manager [None req-4ffb1f3c-5132-468d-97b8-2bc3186d9b0f None None] Subscribe: > floatingip after_create 55550000, False {{(pid=103222) subscribe /opt/stack/data/venv/lib/python3.12/site-packages/neutron_lib/callbacks/manager.py:52}}
May 28 01:35:58.724699 np0000177121 devstack@neutron-api.service[103222]: DEBUG neutron_lib.callbacks.manager [None req-4ffb1f3c-5132-468d-97b8-2bc3186d9b0f None None] Subscribe: > floatingip precommit_create 55550000, False {{(pid=103222) subscribe /opt/stack/data/venv/lib/python3.12/site-packages/neutron_lib/callbacks/manager.py:52}}
May 28 01:35:58.724795 np0000177121 devstack@neutron-api.service[103222]: DEBUG neutron_lib.callbacks.manager [None req-4ffb1f3c-5132-468d-97b8-2bc3186d9b0f None None] Subscribe: > floatingip precommit_update 55550000, False {{(pid=103222) subscribe /opt/stack/data/venv/lib/python3.12/site-packages/neutron_lib/callbacks/manager.py:52}}
May 28 01:35:58.724876 np0000177121 devstack@neutron-api.service[103222]: DEBUG neutron_lib.callbacks.manager [None req-4ffb1f3c-5132-468d-97b8-2bc3186d9b0f None None] Subscribe: > floatingip after_delete 55550000, False {{(pid=103222) subscribe /opt/stack/data/venv/lib/python3.12/site-packages/neutron_lib/callbacks/manager.py:52}}
May 28 01:35:58.724976 np0000177121 devstack@neutron-api.service[103222]: DEBUG neutron_lib.callbacks.manager [None req-4ffb1f3c-5132-468d-97b8-2bc3186d9b0f None None] Subscribe: > floatingip after_status_update 55550000, False {{(pid=103222) subscribe /opt/stack/data/venv/lib/python3.12/site-packages/neutron_lib/callbacks/manager.py:52}}
May 28 01:35:58.725075 np0000177121 devstack@neutron-api.service[103222]: DEBUG neutron_lib.callbacks.manager [None req-4ffb1f3c-5132-468d-97b8-2bc3186d9b0f None None] Subscribe: > floatingip after_update 55550000, False {{(pid=103222) subscribe /opt/stack/data/venv/lib/python3.12/site-packages/neutron_lib/callbacks/manager.py:52}}
May 28 01:35:58.725173 np0000177121 devstack@neutron-api.service[103222]: DEBUG neutron_lib.callbacks.manager [None req-4ffb1f3c-5132-468d-97b8-2bc3186d9b0f None None] Subscribe: > port_forwarding after_create 55550000, False {{(pid=103222) subscribe /opt/stack/data/venv/lib/python3.12/site-packages/neutron_lib/callbacks/manager.py:52}}
May 28 01:35:58.725273 np0000177121 devstack@neutron-api.service[103222]: DEBUG neutron_lib.callbacks.manager [None req-4ffb1f3c-5132-468d-97b8-2bc3186d9b0f None None] Subscribe: > router_interface after_delete 55550000, False {{(pid=103222) subscribe /opt/stack/data/venv/lib/python3.12/site-packages/neutron_lib/callbacks/manager.py:52}}
May 28 01:35:58.725386 np0000177121 devstack@neutron-api.service[103222]: DEBUG neutron_lib.callbacks.manager [None req-4ffb1f3c-5132-468d-97b8-2bc3186d9b0f None None] Subscribe: > router after_create 55550000, False {{(pid=103222) subscribe /opt/stack/data/venv/lib/python3.12/site-packages/neutron_lib/callbacks/manager.py:52}}
May 28 01:35:58.725443 np0000177121 devstack@neutron-api.service[103221]: DEBUG neutron_lib.callbacks.manager [None req-3f65b396-3992-48e2-98e0-fcf665a5acef None None] Subscribe: > process before_spawn 55550000, False {{(pid=103221) subscribe /opt/stack/data/venv/lib/python3.12/site-packages/neutron_lib/callbacks/manager.py:52}}
May 28 01:35:58.725503 np0000177121 devstack@neutron-api.service[103222]: DEBUG neutron_lib.callbacks.manager [None req-4ffb1f3c-5132-468d-97b8-2bc3186d9b0f None None] Subscribe: > router precommit_create 55550000, False {{(pid=103222) subscribe /opt/stack/data/venv/lib/python3.12/site-packages/neutron_lib/callbacks/manager.py:52}}
May 28 01:35:58.725567 np0000177121 devstack@neutron-api.service[103222]: DEBUG neutron_lib.callbacks.manager [None req-4ffb1f3c-5132-468d-97b8-2bc3186d9b0f None None] Subscribe: > router after_delete 55550000, False {{(pid=103222) subscribe /opt/stack/data/venv/lib/python3.12/site-packages/neutron_lib/callbacks/manager.py:52}}
May 28 01:35:58.725593 np0000177121 devstack@neutron-api.service[103221]: DEBUG neutron_lib.callbacks.manager [None req-3f65b396-3992-48e2-98e0-fcf665a5acef None None] Subscribe: > process after_init 55550000, True {{(pid=103221) subscribe /opt/stack/data/venv/lib/python3.12/site-packages/neutron_lib/callbacks/manager.py:52}}
May 28 01:35:58.725674 np0000177121 devstack@neutron-api.service[103222]: DEBUG neutron_lib.callbacks.manager [None req-4ffb1f3c-5132-468d-97b8-2bc3186d9b0f None None] Subscribe: > router after_update 55550000, False {{(pid=103222) subscribe /opt/stack/data/venv/lib/python3.12/site-packages/neutron_lib/callbacks/manager.py:52}}
May 28 01:35:58.725707 np0000177121 devstack@neutron-api.service[103221]: DEBUG neutron_lib.callbacks.manager [None req-3f65b396-3992-48e2-98e0-fcf665a5acef None None] Subscribe: > segment after_create 55550000, False {{(pid=103221) subscribe /opt/stack/data/venv/lib/python3.12/site-packages/neutron_lib/callbacks/manager.py:52}}
May 28 01:35:58.725781 np0000177121 devstack@neutron-api.service[103222]: DEBUG neutron.services.service_base [None req-4ffb1f3c-5132-468d-97b8-2bc3186d9b0f None None] Loaded 'neutron.services.ovn_l3.service_providers.ovn.OvnDriver' provider for service L3_ROUTER_NAT {{(pid=103222) load_drivers /opt/stack/neutron/neutron/services/service_base.py:49}}
May 28 01:35:58.725811 np0000177121 devstack@neutron-api.service[103221]: DEBUG neutron_lib.callbacks.manager [None req-3f65b396-3992-48e2-98e0-fcf665a5acef None None] Subscribe: > segment after_create 55550000, False {{(pid=103221) subscribe /opt/stack/data/venv/lib/python3.12/site-packages/neutron_lib/callbacks/manager.py:52}}
May 28 01:35:58.725895 np0000177121 devstack@neutron-api.service[103222]: DEBUG neutron_lib.callbacks.manager [None req-4ffb1f3c-5132-468d-97b8-2bc3186d9b0f None None] Subscribe: > process after_init 55550001, True {{(pid=103222) subscribe /opt/stack/data/venv/lib/python3.12/site-packages/neutron_lib/callbacks/manager.py:52}}
May 28 01:35:58.725922 np0000177121 devstack@neutron-api.service[103221]: DEBUG neutron_lib.callbacks.manager [None req-3f65b396-3992-48e2-98e0-fcf665a5acef None None] Subscribe: > segment after_delete 55550000, False {{(pid=103221) subscribe /opt/stack/data/venv/lib/python3.12/site-packages/neutron_lib/callbacks/manager.py:52}}
May 28 01:35:58.725996 np0000177121 devstack@neutron-api.service[103221]: DEBUG neutron_lib.callbacks.manager [None req-3f65b396-3992-48e2-98e0-fcf665a5acef None None] Subscribe: > allowed_address_pair before_create 55550000, False {{(pid=103221) subscribe /opt/stack/data/venv/lib/python3.12/site-packages/neutron_lib/callbacks/manager.py:52}}
May 28 01:35:58.726025 np0000177121 devstack@neutron-api.service[103222]: DEBUG neutron.manager [None req-4ffb1f3c-5132-468d-97b8-2bc3186d9b0f None None] Successfully loaded L3_ROUTER_NAT plugin. Description: L3 Router Service Plugin for basic L3 forwarding using OVN {{(pid=103222) _create_and_add_service_plugin /opt/stack/neutron/neutron/manager.py:239}}
May 28 01:35:58.726101 np0000177121 devstack@neutron-api.service[103222]: INFO neutron.manager [None req-4ffb1f3c-5132-468d-97b8-2bc3186d9b0f None None] Loading Plugin: auto_allocate
May 28 01:35:58.726155 np0000177121 devstack@neutron-api.service[103221]: DEBUG neutron_lib.callbacks.manager [None req-3f65b396-3992-48e2-98e0-fcf665a5acef None None] Subscribe: > security_group precommit_create 55550000, False {{(pid=103221) subscribe /opt/stack/data/venv/lib/python3.12/site-packages/neutron_lib/callbacks/manager.py:52}}
May 28 01:35:58.726221 np0000177121 devstack@neutron-api.service[103221]: DEBUG neutron_lib.callbacks.manager [None req-3f65b396-3992-48e2-98e0-fcf665a5acef None None] Subscribe: > security_group after_update 55550000, False {{(pid=103221) subscribe /opt/stack/data/venv/lib/python3.12/site-packages/neutron_lib/callbacks/manager.py:52}}
May 28 01:35:58.726313 np0000177121 devstack@neutron-api.service[103221]: DEBUG neutron_lib.callbacks.manager [None req-3f65b396-3992-48e2-98e0-fcf665a5acef None None] Subscribe: > security_group after_create 55550000, False {{(pid=103221) subscribe /opt/stack/data/venv/lib/python3.12/site-packages/neutron_lib/callbacks/manager.py:52}}
May 28 01:35:58.726396 np0000177121 devstack@neutron-api.service[103221]: DEBUG neutron_lib.callbacks.manager [None req-3f65b396-3992-48e2-98e0-fcf665a5acef None None] Subscribe: > security_group precommit_delete 55550000, False {{(pid=103221) subscribe /opt/stack/data/venv/lib/python3.12/site-packages/neutron_lib/callbacks/manager.py:52}}
May 28 01:35:58.726500 np0000177121 devstack@neutron-api.service[103221]: DEBUG neutron_lib.callbacks.manager [None req-3f65b396-3992-48e2-98e0-fcf665a5acef None None] Subscribe: > security_group after_delete 55550000, False {{(pid=103221) subscribe /opt/stack/data/venv/lib/python3.12/site-packages/neutron_lib/callbacks/manager.py:52}}
May 28 01:35:58.726616 np0000177121 devstack@neutron-api.service[103221]: DEBUG neutron_lib.callbacks.manager [None req-3f65b396-3992-48e2-98e0-fcf665a5acef None None] Subscribe: > security_group_rule precommit_create 55550000, False {{(pid=103221) subscribe /opt/stack/data/venv/lib/python3.12/site-packages/neutron_lib/callbacks/manager.py:52}}
May 28 01:35:58.726742 np0000177121 devstack@neutron-api.service[103221]: DEBUG neutron_lib.callbacks.manager [None req-3f65b396-3992-48e2-98e0-fcf665a5acef None None] Subscribe: > security_group_rule after_create 55550000, False {{(pid=103221) subscribe /opt/stack/data/venv/lib/python3.12/site-packages/neutron_lib/callbacks/manager.py:52}}
May 28 01:35:58.726828 np0000177121 devstack@neutron-api.service[103221]: DEBUG neutron_lib.callbacks.manager [None req-3f65b396-3992-48e2-98e0-fcf665a5acef None None] Subscribe: > security_group_rule before_delete 55550000, False {{(pid=103221) subscribe /opt/stack/data/venv/lib/python3.12/site-packages/neutron_lib/callbacks/manager.py:52}}
May 28 01:35:58.726920 np0000177121 devstack@neutron-api.service[103221]: DEBUG neutron_lib.callbacks.manager [None req-3f65b396-3992-48e2-98e0-fcf665a5acef None None] Subscribe: > address_group after_create 55550000, False {{(pid=103221) subscribe /opt/stack/data/venv/lib/python3.12/site-packages/neutron_lib/callbacks/manager.py:52}}
May 28 01:35:58.726957 np0000177121 devstack@neutron-api.service[103222]: DEBUG neutron_lib.callbacks.manager [None req-4ffb1f3c-5132-468d-97b8-2bc3186d9b0f None None] Subscribe: network precommit_update 55550000, False {{(pid=103222) subscribe /opt/stack/data/venv/lib/python3.12/site-packages/neutron_lib/callbacks/manager.py:52}}
May 28 01:35:58.727011 np0000177121 devstack@neutron-api.service[103221]: DEBUG neutron_lib.callbacks.manager [None req-3f65b396-3992-48e2-98e0-fcf665a5acef None None] Subscribe: > address_group after_update 55550000, False {{(pid=103221) subscribe /opt/stack/data/venv/lib/python3.12/site-packages/neutron_lib/callbacks/manager.py:52}}
May 28 01:35:58.727064 np0000177121 devstack@neutron-api.service[103222]: DEBUG neutron_lib.callbacks.manager [None req-4ffb1f3c-5132-468d-97b8-2bc3186d9b0f None None] Subscribe: network precommit_create 55550000, False {{(pid=103222) subscribe /opt/stack/data/venv/lib/python3.12/site-packages/neutron_lib/callbacks/manager.py:52}}
May 28 01:35:58.727090 np0000177121 devstack@neutron-api.service[103221]: DEBUG neutron_lib.callbacks.manager [None req-3f65b396-3992-48e2-98e0-fcf665a5acef None None] Subscribe: > address_group after_delete 55550000, False {{(pid=103221) subscribe /opt/stack/data/venv/lib/python3.12/site-packages/neutron_lib/callbacks/manager.py:52}}
May 28 01:35:58.727259 np0000177121 devstack@neutron-api.service[103222]: DEBUG neutron.manager [None req-4ffb1f3c-5132-468d-97b8-2bc3186d9b0f None None] Successfully loaded auto-allocated-topology plugin. Description: Auto Allocated Topology - aka get me a network. {{(pid=103222) _create_and_add_service_plugin /opt/stack/neutron/neutron/manager.py:239}}
May 28 01:35:58.727286 np0000177121 devstack@neutron-api.service[103221]: DEBUG neutron_lib.callbacks.manager [None req-3f65b396-3992-48e2-98e0-fcf665a5acef None None] Subscribe: > qos_plugin after_init 55550000, False {{(pid=103221) subscribe /opt/stack/data/venv/lib/python3.12/site-packages/neutron_lib/callbacks/manager.py:52}}
May 28 01:35:58.727379 np0000177121 devstack@neutron-api.service[103222]: INFO neutron.manager [None req-4ffb1f3c-5132-468d-97b8-2bc3186d9b0f None None] Loading Plugin: tag
May 28 01:35:58.727485 np0000177121 devstack@neutron-api.service[103221]: DEBUG neutron_lib.callbacks.manager [None req-3f65b396-3992-48e2-98e0-fcf665a5acef None None] Subscribe: > trunk_plugin after_init 55550000, False {{(pid=103221) subscribe /opt/stack/data/venv/lib/python3.12/site-packages/neutron_lib/callbacks/manager.py:52}}
May 28 01:35:58.727704 np0000177121 devstack@neutron-api.service[103221]: DEBUG neutron_lib.callbacks.manager [None req-3f65b396-3992-48e2-98e0-fcf665a5acef None None] Subscribe: > logging-plugin after_init 55550000, False {{(pid=103221) subscribe /opt/stack/data/venv/lib/python3.12/site-packages/neutron_lib/callbacks/manager.py:52}}
May 28 01:35:58.728183 np0000177121 devstack@neutron-api.service[103221]: INFO neutron.services.logapi.drivers.ovn.driver [None req-3f65b396-3992-48e2-98e0-fcf665a5acef None None] OVN logging driver registered
May 28 01:35:58.728457 np0000177121 devstack@neutron-api.service[103221]: DEBUG neutron_lib.callbacks.manager [None req-3f65b396-3992-48e2-98e0-fcf665a5acef None None] Subscribe: ._register_pvlan_driver at 0x7ef91e2e4f40> pvlan_plugin after_init 55550000, False {{(pid=103221) subscribe /opt/stack/data/venv/lib/python3.12/site-packages/neutron_lib/callbacks/manager.py:52}}
May 28 01:35:58.729897 np0000177121 devstack@neutron-api.service[103221]: DEBUG neutron.plugins.ml2.plugin [None req-3f65b396-3992-48e2-98e0-fcf665a5acef None None] neutron.plugins.ml2.plugin.Ml2Plugin method _start_rpc_notifiers called with arguments () {} {{(pid=103221) wrapper /opt/stack/data/venv/lib/python3.12/site-packages/oslo_log/helpers.py:77}}
May 28 01:35:58.729940 np0000177121 devstack@neutron-api.service[103222]: DEBUG neutron.manager [None req-4ffb1f3c-5132-468d-97b8-2bc3186d9b0f None None] Successfully loaded TAG plugin. Description: Tag support {{(pid=103222) _create_and_add_service_plugin /opt/stack/neutron/neutron/manager.py:239}}
May 28 01:35:58.729994 np0000177121 devstack@neutron-api.service[103222]: INFO neutron.manager [None req-4ffb1f3c-5132-468d-97b8-2bc3186d9b0f None None] Loading Plugin: timestamp
May 28 01:35:58.730150 np0000177121 devstack@neutron-api.service[103221]: DEBUG neutron_lib.callbacks.manager [None req-3f65b396-3992-48e2-98e0-fcf665a5acef None None] Subscribe: > port after_create 55550000, False {{(pid=103221) subscribe /opt/stack/data/venv/lib/python3.12/site-packages/neutron_lib/callbacks/manager.py:52}}
May 28 01:35:58.730274 np0000177121 devstack@neutron-api.service[103221]: DEBUG neutron_lib.callbacks.manager [None req-3f65b396-3992-48e2-98e0-fcf665a5acef None None] Subscribe: > port after_update 55550000, False {{(pid=103221) subscribe /opt/stack/data/venv/lib/python3.12/site-packages/neutron_lib/callbacks/manager.py:52}}
May 28 01:35:58.730378 np0000177121 devstack@neutron-api.service[103221]: DEBUG neutron_lib.callbacks.manager [None req-3f65b396-3992-48e2-98e0-fcf665a5acef None None] Subscribe: > port after_delete 55550000, False {{(pid=103221) subscribe /opt/stack/data/venv/lib/python3.12/site-packages/neutron_lib/callbacks/manager.py:52}}
May 28 01:35:58.730476 np0000177121 devstack@neutron-api.service[103221]: DEBUG neutron_lib.callbacks.manager [None req-3f65b396-3992-48e2-98e0-fcf665a5acef None None] Subscribe: > subnet after_create 55550000, False {{(pid=103221) subscribe /opt/stack/data/venv/lib/python3.12/site-packages/neutron_lib/callbacks/manager.py:52}}
May 28 01:35:58.730595 np0000177121 devstack@neutron-api.service[103221]: DEBUG neutron_lib.callbacks.manager [None req-3f65b396-3992-48e2-98e0-fcf665a5acef None None] Subscribe: > subnet after_update 55550000, False {{(pid=103221) subscribe /opt/stack/data/venv/lib/python3.12/site-packages/neutron_lib/callbacks/manager.py:52}}
May 28 01:35:58.730693 np0000177121 devstack@neutron-api.service[103221]: DEBUG neutron_lib.callbacks.manager [None req-3f65b396-3992-48e2-98e0-fcf665a5acef None None] Subscribe: > subnet after_delete 55550000, False {{(pid=103221) subscribe /opt/stack/data/venv/lib/python3.12/site-packages/neutron_lib/callbacks/manager.py:52}}
May 28 01:35:58.730790 np0000177121 devstack@neutron-api.service[103221]: DEBUG neutron_lib.callbacks.manager [None req-3f65b396-3992-48e2-98e0-fcf665a5acef None None] Subscribe: > network after_create 55550000, False {{(pid=103221) subscribe /opt/stack/data/venv/lib/python3.12/site-packages/neutron_lib/callbacks/manager.py:52}}
May 28 01:35:58.730887 np0000177121 devstack@neutron-api.service[103221]: DEBUG neutron_lib.callbacks.manager [None req-3f65b396-3992-48e2-98e0-fcf665a5acef None None] Subscribe: > network after_update 55550000, False {{(pid=103221) subscribe /opt/stack/data/venv/lib/python3.12/site-packages/neutron_lib/callbacks/manager.py:52}}
May 28 01:35:58.730983 np0000177121 devstack@neutron-api.service[103221]: DEBUG neutron_lib.callbacks.manager [None req-3f65b396-3992-48e2-98e0-fcf665a5acef None None] Subscribe: > network after_delete 55550000, False {{(pid=103221) subscribe /opt/stack/data/venv/lib/python3.12/site-packages/neutron_lib/callbacks/manager.py:52}}
May 28 01:35:58.731083 np0000177121 devstack@neutron-api.service[103221]: DEBUG neutron_lib.callbacks.manager [None req-3f65b396-3992-48e2-98e0-fcf665a5acef None None] Subscribe: > security_group after_create 55550000, False {{(pid=103221) subscribe /opt/stack/data/venv/lib/python3.12/site-packages/neutron_lib/callbacks/manager.py:52}}
May 28 01:35:58.731159 np0000177121 devstack@neutron-api.service[103222]: DEBUG neutron.manager [None req-4ffb1f3c-5132-468d-97b8-2bc3186d9b0f None None] Successfully loaded timestamp plugin. Description: Adds timestamps to Neutron resources with standard attributes {{(pid=103222) _create_and_add_service_plugin /opt/stack/neutron/neutron/manager.py:239}}
May 28 01:35:58.731194 np0000177121 devstack@neutron-api.service[103221]: DEBUG neutron_lib.callbacks.manager [None req-3f65b396-3992-48e2-98e0-fcf665a5acef None None] Subscribe: > security_group after_update 55550000, False {{(pid=103221) subscribe /opt/stack/data/venv/lib/python3.12/site-packages/neutron_lib/callbacks/manager.py:52}}
May 28 01:35:58.731250 np0000177121 devstack@neutron-api.service[103222]: INFO neutron.manager [None req-4ffb1f3c-5132-468d-97b8-2bc3186d9b0f None None] Loading Plugin: network_ip_availability
May 28 01:35:58.731285 np0000177121 devstack@neutron-api.service[103221]: DEBUG neutron_lib.callbacks.manager [None req-3f65b396-3992-48e2-98e0-fcf665a5acef None None] Subscribe: > security_group after_delete 55550000, False {{(pid=103221) subscribe /opt/stack/data/venv/lib/python3.12/site-packages/neutron_lib/callbacks/manager.py:52}}
May 28 01:35:58.731379 np0000177121 devstack@neutron-api.service[103221]: DEBUG neutron_lib.callbacks.manager [None req-3f65b396-3992-48e2-98e0-fcf665a5acef None None] Subscribe: > security_group_rule after_create 55550000, False {{(pid=103221) subscribe /opt/stack/data/venv/lib/python3.12/site-packages/neutron_lib/callbacks/manager.py:52}}
May 28 01:35:58.731473 np0000177121 devstack@neutron-api.service[103221]: DEBUG neutron_lib.callbacks.manager [None req-3f65b396-3992-48e2-98e0-fcf665a5acef None None] Subscribe: > security_group_rule after_update 55550000, False {{(pid=103221) subscribe /opt/stack/data/venv/lib/python3.12/site-packages/neutron_lib/callbacks/manager.py:52}}
May 28 01:35:58.731628 np0000177121 devstack@neutron-api.service[103221]: DEBUG neutron_lib.callbacks.manager [None req-3f65b396-3992-48e2-98e0-fcf665a5acef None None] Subscribe: > security_group_rule after_delete 55550000, False {{(pid=103221) subscribe /opt/stack/data/venv/lib/python3.12/site-packages/neutron_lib/callbacks/manager.py:52}}
May 28 01:35:58.731721 np0000177121 devstack@neutron-api.service[103221]: DEBUG neutron_lib.callbacks.manager [None req-3f65b396-3992-48e2-98e0-fcf665a5acef None None] Subscribe: > address_group after_create 55550000, False {{(pid=103221) subscribe /opt/stack/data/venv/lib/python3.12/site-packages/neutron_lib/callbacks/manager.py:52}}
May 28 01:35:58.731816 np0000177121 devstack@neutron-api.service[103221]: DEBUG neutron_lib.callbacks.manager [None req-3f65b396-3992-48e2-98e0-fcf665a5acef None None] Subscribe: > address_group after_update 55550000, False {{(pid=103221) subscribe /opt/stack/data/venv/lib/python3.12/site-packages/neutron_lib/callbacks/manager.py:52}}
May 28 01:35:58.731909 np0000177121 devstack@neutron-api.service[103221]: DEBUG neutron_lib.callbacks.manager [None req-3f65b396-3992-48e2-98e0-fcf665a5acef None None] Subscribe: > address_group after_delete 55550000, False {{(pid=103221) subscribe /opt/stack/data/venv/lib/python3.12/site-packages/neutron_lib/callbacks/manager.py:52}}
May 28 01:35:58.732004 np0000177121 devstack@neutron-api.service[103221]: DEBUG neutron.plugins.ml2.ovo_rpc [None req-3f65b396-3992-48e2-98e0-fcf665a5acef None None] ML2 OVO RPC backend initialized. {{(pid=103221) __init__ /opt/stack/neutron/neutron/plugins/ml2/ovo_rpc.py:117}}
May 28 01:35:58.732680 np0000177121 devstack@neutron-api.service[103222]: DEBUG neutron.manager [None req-4ffb1f3c-5132-468d-97b8-2bc3186d9b0f None None] Successfully loaded network-ip-availability plugin. Description: Provides IP availability data for each network and subnet. {{(pid=103222) _create_and_add_service_plugin /opt/stack/neutron/neutron/manager.py:239}}
May 28 01:35:58.732770 np0000177121 devstack@neutron-api.service[103221]: INFO neutron.quota [None req-3f65b396-3992-48e2-98e0-fcf665a5acef None None] Loaded quota_driver: .
May 28 01:35:58.732810 np0000177121 devstack@neutron-api.service[103222]: INFO neutron.manager [None req-4ffb1f3c-5132-468d-97b8-2bc3186d9b0f None None] Loading Plugin: flavors
May 28 01:35:58.732873 np0000177121 devstack@neutron-api.service[103221]: INFO neutron.plugins.ml2.plugin [None req-3f65b396-3992-48e2-98e0-fcf665a5acef None None] Modular L2 Plugin initialization complete
May 28 01:35:58.733009 np0000177121 devstack@neutron-api.service[103221]: DEBUG neutron.manager [None req-3f65b396-3992-48e2-98e0-fcf665a5acef None None] Loading services supported by the core plugin {{(pid=103221) _load_services_from_core_plugin /opt/stack/neutron/neutron/manager.py:170}}
May 28 01:35:58.733116 np0000177121 devstack@neutron-api.service[103221]: INFO neutron.plugins.ml2.managers [None req-3f65b396-3992-48e2-98e0-fcf665a5acef None None] Got port-security extension from driver 'port_security'
May 28 01:35:58.733381 np0000177121 devstack@neutron-api.service[103221]: DEBUG neutron.manager [None req-3f65b396-3992-48e2-98e0-fcf665a5acef None None] Loading service plugins: ['ovn-router', 'auto_allocate', 'tag', 'timestamp', 'network_ip_availability', 'flavors', 'revisions'] {{(pid=103221) _load_service_plugins /opt/stack/neutron/neutron/manager.py:195}}
May 28 01:35:58.733475 np0000177121 devstack@neutron-api.service[103221]: INFO neutron.manager [None req-3f65b396-3992-48e2-98e0-fcf665a5acef None None] Loading Plugin: ovn-router
May 28 01:35:58.733787 np0000177121 devstack@neutron-api.service[103222]: DEBUG neutron.manager [None req-4ffb1f3c-5132-468d-97b8-2bc3186d9b0f None None] Successfully loaded FLAVORS plugin. Description: Neutron Flavors and Service Profiles manager plugin {{(pid=103222) _create_and_add_service_plugin /opt/stack/neutron/neutron/manager.py:239}}
May 28 01:35:58.733883 np0000177121 devstack@neutron-api.service[103222]: INFO neutron.manager [None req-4ffb1f3c-5132-468d-97b8-2bc3186d9b0f None None] Loading Plugin: revisions
May 28 01:35:58.734842 np0000177121 devstack@neutron-api.service[103222]: DEBUG neutron.manager [None req-4ffb1f3c-5132-468d-97b8-2bc3186d9b0f None None] Successfully loaded revision_plugin plugin. Description: Adds revision numbers to resources. {{(pid=103222) _create_and_add_service_plugin /opt/stack/neutron/neutron/manager.py:239}}
May 28 01:35:58.734969 np0000177121 devstack@neutron-api.service[103222]: DEBUG oslo_concurrency.lockutils [None req-4ffb1f3c-5132-468d-97b8-2bc3186d9b0f None None] Lock "manager" "released" by "neutron.manager.NeutronManager._create_instance" :: held 4.622s {{(pid=103222) inner /opt/stack/data/venv/lib/python3.12/site-packages/oslo_concurrency/lockutils.py:543}}
May 28 01:35:58.735168 np0000177121 devstack@neutron-api.service[103222]: DEBUG neutron.api.extensions [None req-4ffb1f3c-5132-468d-97b8-2bc3186d9b0f None None] get_extension_paths = OrderedDict({'/opt/stack/neutron/neutron/extensions': 1}) {{(pid=103222) get_extensions_path /opt/stack/neutron/neutron/api/extensions.py:640}}
May 28 01:35:58.735268 np0000177121 devstack@neutron-api.service[103222]: INFO neutron.api.extensions [None req-4ffb1f3c-5132-468d-97b8-2bc3186d9b0f None None] Initializing extension manager.
May 28 01:35:58.735557 np0000177121 devstack@neutron-api.service[103222]: DEBUG neutron.api.extensions [None req-4ffb1f3c-5132-468d-97b8-2bc3186d9b0f None None] Loading extension file: __init__.py {{(pid=103222) _load_all_extensions_from_path /opt/stack/neutron/neutron/api/extensions.py:449}}
May 28 01:35:58.735663 np0000177121 devstack@neutron-api.service[103222]: DEBUG neutron.api.extensions [None req-4ffb1f3c-5132-468d-97b8-2bc3186d9b0f None None] Loading extension file: __pycache__ {{(pid=103222) _load_all_extensions_from_path /opt/stack/neutron/neutron/api/extensions.py:449}}
May 28 01:35:58.735757 np0000177121 devstack@neutron-api.service[103222]: DEBUG neutron.api.extensions [None req-4ffb1f3c-5132-468d-97b8-2bc3186d9b0f None None] Loading extension file: aap_reject_multicast.py {{(pid=103222) _load_all_extensions_from_path /opt/stack/neutron/neutron/api/extensions.py:449}}
May 28 01:35:58.736004 np0000177121 devstack@neutron-api.service[103222]: DEBUG neutron.api.extensions [None req-4ffb1f3c-5132-468d-97b8-2bc3186d9b0f None None] Ext name="Allowed address pairs reject multicast extension" alias="aap-reject-multicast" description="Reject multicast addresses in Allowed Address Pairs" updated="2026-04-01T00:00:00-00:00" {{(pid=103222) _check_extension /opt/stack/neutron/neutron/api/extensions.py:415}}
May 28 01:35:58.736237 np0000177121 devstack@neutron-api.service[103222]: INFO neutron.api.extensions [None req-4ffb1f3c-5132-468d-97b8-2bc3186d9b0f None None] Extension aap-reject-multicast not supported by any of loaded plugins
May 28 01:35:58.736327 np0000177121 devstack@neutron-api.service[103222]: DEBUG neutron.api.extensions [None req-4ffb1f3c-5132-468d-97b8-2bc3186d9b0f None None] Loading extension file: address_group.py {{(pid=103222) _load_all_extensions_from_path /opt/stack/neutron/neutron/api/extensions.py:449}}
May 28 01:35:58.736649 np0000177121 devstack@neutron-api.service[103222]: DEBUG neutron.api.extensions [None req-4ffb1f3c-5132-468d-97b8-2bc3186d9b0f None None] Ext name="Address group" alias="address-group" description="Support address group" updated="2020-07-15T10:00:00-00:00" {{(pid=103222) _check_extension /opt/stack/neutron/neutron/api/extensions.py:415}}
May 28 01:35:58.736828 np0000177121 devstack@neutron-api.service[103222]: INFO neutron.api.extensions [None req-4ffb1f3c-5132-468d-97b8-2bc3186d9b0f None None] Loaded extension: address-group
May 28 01:35:58.736911 np0000177121 devstack@neutron-api.service[103222]: DEBUG neutron.api.extensions [None req-4ffb1f3c-5132-468d-97b8-2bc3186d9b0f None None] Loading extension file: address_scope.py {{(pid=103222) _load_all_extensions_from_path /opt/stack/neutron/neutron/api/extensions.py:449}}
May 28 01:35:58.737200 np0000177121 devstack@neutron-api.service[103222]: DEBUG neutron.api.extensions [None req-4ffb1f3c-5132-468d-97b8-2bc3186d9b0f None None] Ext name="Address scope" alias="address-scope" description="Address scopes extension." updated="2015-07-26T10:00:00-00:00" {{(pid=103222) _check_extension /opt/stack/neutron/neutron/api/extensions.py:415}}
May 28 01:35:58.737371 np0000177121 devstack@neutron-api.service[103222]: INFO neutron.api.extensions [None req-4ffb1f3c-5132-468d-97b8-2bc3186d9b0f None None] Loaded extension: address-scope
May 28 01:35:58.737461 np0000177121 devstack@neutron-api.service[103222]: DEBUG neutron.api.extensions [None req-4ffb1f3c-5132-468d-97b8-2bc3186d9b0f None None] Loading extension file: admin_state_down_before_update.py {{(pid=103222) _load_all_extensions_from_path /opt/stack/neutron/neutron/api/extensions.py:449}}
May 28 01:35:58.737721 np0000177121 devstack@neutron-api.service[103222]: DEBUG neutron.api.extensions [None req-4ffb1f3c-5132-468d-97b8-2bc3186d9b0f None None] Ext name="Enforce Router's Admin State Down Before Update Extension" alias="router-admin-state-down-before-update" description="Ensure that the admin state of a router is DOWN (admin_state_up=False) before updating the distributed attribute" updated="2019-07-02T15:56:00" {{(pid=103222) _check_extension /opt/stack/neutron/neutron/api/extensions.py:415}}
May 28 01:35:58.737891 np0000177121 devstack@neutron-api.service[103222]: INFO neutron.api.extensions [None req-4ffb1f3c-5132-468d-97b8-2bc3186d9b0f None None] Extension router-admin-state-down-before-update not supported by any of loaded plugins
May 28 01:35:58.737973 np0000177121 devstack@neutron-api.service[103222]: DEBUG neutron.api.extensions [None req-4ffb1f3c-5132-468d-97b8-2bc3186d9b0f None None] Loading extension file: agent.py {{(pid=103222) _load_all_extensions_from_path /opt/stack/neutron/neutron/api/extensions.py:449}}
May 28 01:35:58.738266 np0000177121 devstack@neutron-api.service[103222]: DEBUG neutron.api.extensions [None req-4ffb1f3c-5132-468d-97b8-2bc3186d9b0f None None] Ext name="agent" alias="agent" description="The agent management extension." updated="2013-02-03T10:00:00-00:00" {{(pid=103222) _check_extension /opt/stack/neutron/neutron/api/extensions.py:415}}
May 28 01:35:58.738432 np0000177121 devstack@neutron-api.service[103222]: INFO neutron.api.extensions [None req-4ffb1f3c-5132-468d-97b8-2bc3186d9b0f None None] Loaded extension: agent
May 28 01:35:58.738521 np0000177121 devstack@neutron-api.service[103222]: DEBUG neutron.api.extensions [None req-4ffb1f3c-5132-468d-97b8-2bc3186d9b0f None None] Loading extension file: agent_resources_synced.py {{(pid=103222) _load_all_extensions_from_path /opt/stack/neutron/neutron/api/extensions.py:449}}
May 28 01:35:58.738763 np0000177121 devstack@neutron-api.service[103222]: DEBUG neutron.api.extensions [None req-4ffb1f3c-5132-468d-97b8-2bc3186d9b0f None None] Ext name="Agent's Resource View Synced to Placement" alias="agent-resources-synced" description="Stores success/failure of last sync to Placement" updated="2018-12-19T00:00:00-00:00" {{(pid=103222) _check_extension /opt/stack/neutron/neutron/api/extensions.py:415}}
May 28 01:35:58.738928 np0000177121 devstack@neutron-api.service[103222]: INFO neutron.api.extensions [None req-4ffb1f3c-5132-468d-97b8-2bc3186d9b0f None None] Extension agent-resources-synced not supported by any of loaded plugins
May 28 01:35:58.739009 np0000177121 devstack@neutron-api.service[103222]: DEBUG neutron.api.extensions [None req-4ffb1f3c-5132-468d-97b8-2bc3186d9b0f None None] Loading extension file: agent_sort_key.py {{(pid=103222) _load_all_extensions_from_path /opt/stack/neutron/neutron/api/extensions.py:449}}
May 28 01:35:58.739237 np0000177121 devstack@neutron-api.service[103222]: DEBUG neutron.api.extensions [None req-4ffb1f3c-5132-468d-97b8-2bc3186d9b0f None None] Ext name="Agents Sort Key" alias="agent_sort_key" description="Enabling the keyword sort_key for sorting in agents." updated="2013-02-03T10:00:00-00:00" {{(pid=103222) _check_extension /opt/stack/neutron/neutron/api/extensions.py:415}}
May 28 01:35:58.739449 np0000177121 devstack@neutron-api.service[103222]: INFO neutron.api.extensions [None req-4ffb1f3c-5132-468d-97b8-2bc3186d9b0f None None] Extension agent_sort_key not supported by any of loaded plugins
May 28 01:35:58.739535 np0000177121 devstack@neutron-api.service[103222]: DEBUG neutron.api.extensions [None req-4ffb1f3c-5132-468d-97b8-2bc3186d9b0f None None] Loading extension file: allowedaddresspairs.py {{(pid=103222) _load_all_extensions_from_path /opt/stack/neutron/neutron/api/extensions.py:449}}
May 28 01:35:58.740196 np0000177121 devstack@neutron-api.service[103222]: DEBUG neutron.api.extensions [None req-4ffb1f3c-5132-468d-97b8-2bc3186d9b0f None None] Ext name="Allowed Address Pairs" alias="allowed-address-pairs" description="Provides allowed address pairs" updated="2013-07-23T10:00:00-00:00" {{(pid=103222) _check_extension /opt/stack/neutron/neutron/api/extensions.py:415}}
May 28 01:35:58.740362 np0000177121 devstack@neutron-api.service[103222]: INFO neutron.api.extensions [None req-4ffb1f3c-5132-468d-97b8-2bc3186d9b0f None None] Loaded extension: allowed-address-pairs
May 28 01:35:58.740452 np0000177121 devstack@neutron-api.service[103222]: DEBUG neutron.api.extensions [None req-4ffb1f3c-5132-468d-97b8-2bc3186d9b0f None None] Loading extension file: auto_allocated_topology.py {{(pid=103222) _load_all_extensions_from_path /opt/stack/neutron/neutron/api/extensions.py:449}}
May 28 01:35:58.740711 np0000177121 devstack@neutron-api.service[103222]: DEBUG neutron.api.extensions [None req-4ffb1f3c-5132-468d-97b8-2bc3186d9b0f None None] Ext name="Auto Allocated Topology Services" alias="auto-allocated-topology" description="Auto Allocated Topology Services." updated="2016-01-01T00:00:00-00:00" {{(pid=103222) _check_extension /opt/stack/neutron/neutron/api/extensions.py:415}}
May 28 01:35:58.740877 np0000177121 devstack@neutron-api.service[103222]: INFO neutron.api.extensions [None req-4ffb1f3c-5132-468d-97b8-2bc3186d9b0f None None] Loaded extension: auto-allocated-topology
May 28 01:35:58.740967 np0000177121 devstack@neutron-api.service[103222]: DEBUG neutron.api.extensions [None req-4ffb1f3c-5132-468d-97b8-2bc3186d9b0f None None] Loading extension file: availability_zone.py {{(pid=103222) _load_all_extensions_from_path /opt/stack/neutron/neutron/api/extensions.py:449}}
May 28 01:35:58.741274 np0000177121 devstack@neutron-api.service[103222]: DEBUG neutron.api.extensions [None req-4ffb1f3c-5132-468d-97b8-2bc3186d9b0f None None] Ext name="Availability Zone" alias="availability_zone" description="The availability zone extension." updated="2015-01-01T10:00:00-00:00" {{(pid=103222) _check_extension /opt/stack/neutron/neutron/api/extensions.py:415}}
May 28 01:35:58.741443 np0000177121 devstack@neutron-api.service[103222]: INFO neutron.api.extensions [None req-4ffb1f3c-5132-468d-97b8-2bc3186d9b0f None None] Loaded extension: availability_zone
May 28 01:35:58.741534 np0000177121 devstack@neutron-api.service[103222]: DEBUG neutron.api.extensions [None req-4ffb1f3c-5132-468d-97b8-2bc3186d9b0f None None] Loading extension file: availability_zone_filter.py {{(pid=103222) _load_all_extensions_from_path /opt/stack/neutron/neutron/api/extensions.py:449}}
May 28 01:35:58.741782 np0000177121 devstack@neutron-api.service[103222]: DEBUG neutron.api.extensions [None req-4ffb1f3c-5132-468d-97b8-2bc3186d9b0f None None] Ext name="Availability Zone Filter Extension" alias="availability_zone_filter" description="Add filter parameters to AvailabilityZone resource" updated="2018-06-22T10:00:00-00:00" {{(pid=103222) _check_extension /opt/stack/neutron/neutron/api/extensions.py:415}}
May 28 01:35:58.741948 np0000177121 devstack@neutron-api.service[103222]: INFO neutron.api.extensions [None req-4ffb1f3c-5132-468d-97b8-2bc3186d9b0f None None] Extension availability_zone_filter not supported by any of loaded plugins
May 28 01:35:58.742032 np0000177121 devstack@neutron-api.service[103222]: DEBUG neutron.api.extensions [None req-4ffb1f3c-5132-468d-97b8-2bc3186d9b0f None None] Loading extension file: data_plane_status.py {{(pid=103222) _load_all_extensions_from_path /opt/stack/neutron/neutron/api/extensions.py:449}}
May 28 01:35:58.742264 np0000177121 devstack@neutron-api.service[103222]: DEBUG neutron.api.extensions [None req-4ffb1f3c-5132-468d-97b8-2bc3186d9b0f None None] Ext name="Port data plane status extension" alias="data-plane-status" description="Expose status of underlying data plane" updated="2017-01-24T10:00:00-00:00" {{(pid=103222) _check_extension /opt/stack/neutron/neutron/api/extensions.py:415}}
May 28 01:35:58.742341 np0000177121 devstack@neutron-api.service[103221]: DEBUG neutron_lib.callbacks.manager [None req-3f65b396-3992-48e2-98e0-fcf665a5acef None None] Subscribe: > router before_delete 55550000, False {{(pid=103221) subscribe /opt/stack/data/venv/lib/python3.12/site-packages/neutron_lib/callbacks/manager.py:52}}
May 28 01:35:58.742420 np0000177121 devstack@neutron-api.service[103222]: INFO neutron.api.extensions [None req-4ffb1f3c-5132-468d-97b8-2bc3186d9b0f None None] Extension data-plane-status not supported by any of loaded plugins
May 28 01:35:58.742485 np0000177121 devstack@neutron-api.service[103221]: DEBUG neutron_lib.callbacks.manager [None req-3f65b396-3992-48e2-98e0-fcf665a5acef None None] Subscribe: port before_update 55550000, False {{(pid=103221) subscribe /opt/stack/data/venv/lib/python3.12/site-packages/neutron_lib/callbacks/manager.py:52}}
May 28 01:35:58.742524 np0000177121 devstack@neutron-api.service[103222]: DEBUG neutron.api.extensions [None req-4ffb1f3c-5132-468d-97b8-2bc3186d9b0f None None] Loading extension file: default_subnetpools.py {{(pid=103222) _load_all_extensions_from_path /opt/stack/neutron/neutron/api/extensions.py:449}}
May 28 01:35:58.742603 np0000177121 devstack@neutron-api.service[103221]: DEBUG neutron_lib.callbacks.manager [None req-3f65b396-3992-48e2-98e0-fcf665a5acef None None] Subscribe: port after_update 55550000, False {{(pid=103221) subscribe /opt/stack/data/venv/lib/python3.12/site-packages/neutron_lib/callbacks/manager.py:52}}
May 28 01:35:58.742706 np0000177121 devstack@neutron-api.service[103221]: DEBUG neutron_lib.callbacks.manager [None req-3f65b396-3992-48e2-98e0-fcf665a5acef None None] Subscribe: > port precommit_delete 55550000, False {{(pid=103221) subscribe /opt/stack/data/venv/lib/python3.12/site-packages/neutron_lib/callbacks/manager.py:52}}
May 28 01:35:58.742747 np0000177121 devstack@neutron-api.service[103222]: DEBUG neutron.api.extensions [None req-4ffb1f3c-5132-468d-97b8-2bc3186d9b0f None None] Ext name="Default Subnetpools" alias="default-subnetpools" description="Provides ability to mark and use a subnetpool as the default." updated="2016-02-18T18:00:00-00:00" {{(pid=103222) _check_extension /opt/stack/neutron/neutron/api/extensions.py:415}}
May 28 01:35:58.742810 np0000177121 devstack@neutron-api.service[103221]: DEBUG neutron_lib.callbacks.manager [None req-3f65b396-3992-48e2-98e0-fcf665a5acef None None] Subscribe: port before_update 55550000, False {{(pid=103221) subscribe /opt/stack/data/venv/lib/python3.12/site-packages/neutron_lib/callbacks/manager.py:52}}
May 28 01:35:58.742898 np0000177121 devstack@neutron-api.service[103222]: INFO neutron.api.extensions [None req-4ffb1f3c-5132-468d-97b8-2bc3186d9b0f None None] Loaded extension: default-subnetpools
May 28 01:35:58.742934 np0000177121 devstack@neutron-api.service[103221]: DEBUG neutron_lib.callbacks.manager [None req-3f65b396-3992-48e2-98e0-fcf665a5acef None None] Subscribe: port before_delete 55550000, False {{(pid=103221) subscribe /opt/stack/data/venv/lib/python3.12/site-packages/neutron_lib/callbacks/manager.py:52}}
May 28 01:35:58.742977 np0000177121 devstack@neutron-api.service[103222]: DEBUG neutron.api.extensions [None req-4ffb1f3c-5132-468d-97b8-2bc3186d9b0f None None] Loading extension file: dhcpagentscheduler.py {{(pid=103222) _load_all_extensions_from_path /opt/stack/neutron/neutron/api/extensions.py:449}}
May 28 01:35:58.743012 np0000177121 devstack@neutron-api.service[103221]: DEBUG neutron_lib.callbacks.manager [None req-3f65b396-3992-48e2-98e0-fcf665a5acef None None] Subscribe: > router precommit_create 55550000, False {{(pid=103221) subscribe /opt/stack/data/venv/lib/python3.12/site-packages/neutron_lib/callbacks/manager.py:52}}
May 28 01:35:58.743104 np0000177121 devstack@neutron-api.service[103221]: DEBUG neutron_lib.callbacks.manager [None req-3f65b396-3992-48e2-98e0-fcf665a5acef None None] Subscribe: > router precommit_create 55550000, False {{(pid=103221) subscribe /opt/stack/data/venv/lib/python3.12/site-packages/neutron_lib/callbacks/manager.py:52}}
May 28 01:35:58.743200 np0000177121 devstack@neutron-api.service[103221]: DEBUG neutron_lib.callbacks.manager [None req-3f65b396-3992-48e2-98e0-fcf665a5acef None None] Subscribe: > router precommit_update 55550000, False {{(pid=103221) subscribe /opt/stack/data/venv/lib/python3.12/site-packages/neutron_lib/callbacks/manager.py:52}}
May 28 01:35:58.743385 np0000177121 devstack@neutron-api.service[103221]: DEBUG neutron_lib.callbacks.manager [None req-3f65b396-3992-48e2-98e0-fcf665a5acef None None] Subscribe: subnet after_update 55550000, False {{(pid=103221) subscribe /opt/stack/data/venv/lib/python3.12/site-packages/neutron_lib/callbacks/manager.py:52}}
May 28 01:35:58.743424 np0000177121 devstack@neutron-api.service[103222]: DEBUG neutron.api.extensions [None req-4ffb1f3c-5132-468d-97b8-2bc3186d9b0f None None] Ext name="DHCP Agent Scheduler" alias="dhcp_agent_scheduler" description="Schedule networks among dhcp agents" updated="2013-02-07T10:00:00-00:00" {{(pid=103222) _check_extension /opt/stack/neutron/neutron/api/extensions.py:415}}
May 28 01:35:58.743568 np0000177121 devstack@neutron-api.service[103222]: INFO neutron.api.extensions [None req-4ffb1f3c-5132-468d-97b8-2bc3186d9b0f None None] Loaded extension: dhcp_agent_scheduler
May 28 01:35:58.743607 np0000177121 devstack@neutron-api.service[103221]: DEBUG neutron.quota.resource_registry [None req-3f65b396-3992-48e2-98e0-fcf665a5acef None None] Tracking information for resource: router configured {{(pid=103221) set_tracked_resource /opt/stack/neutron/neutron/quota/resource_registry.py:203}}
May 28 01:35:58.743659 np0000177121 devstack@neutron-api.service[103222]: DEBUG neutron.api.extensions [None req-4ffb1f3c-5132-468d-97b8-2bc3186d9b0f None None] Loading extension file: dns.py {{(pid=103222) _load_all_extensions_from_path /opt/stack/neutron/neutron/api/extensions.py:449}}
May 28 01:35:58.743706 np0000177121 devstack@neutron-api.service[103221]: DEBUG neutron.quota.resource_registry [None req-3f65b396-3992-48e2-98e0-fcf665a5acef None None] Tracking information for resource: floatingip configured {{(pid=103221) set_tracked_resource /opt/stack/neutron/neutron/quota/resource_registry.py:203}}
May 28 01:35:58.743766 np0000177121 devstack@neutron-api.service[103221]: INFO neutron.services.ovn_l3.plugin [None req-3f65b396-3992-48e2-98e0-fcf665a5acef None None] Starting OVNL3RouterPlugin
May 28 01:35:58.743879 np0000177121 devstack@neutron-api.service[103222]: DEBUG neutron.api.extensions [None req-4ffb1f3c-5132-468d-97b8-2bc3186d9b0f None None] Ext name="DNS Integration" alias="dns-integration" description="Provides integration with DNS." updated="2015-08-15T18:00:00-00:00" {{(pid=103222) _check_extension /opt/stack/neutron/neutron/api/extensions.py:415}}
May 28 01:35:58.743980 np0000177121 devstack@neutron-api.service[103221]: DEBUG neutron_lib.callbacks.manager [None req-3f65b396-3992-48e2-98e0-fcf665a5acef None None] Subscribe: > port_forwarding_plugin after_init 55550000, False {{(pid=103221) subscribe /opt/stack/data/venv/lib/python3.12/site-packages/neutron_lib/callbacks/manager.py:52}}
May 28 01:35:58.744042 np0000177121 devstack@neutron-api.service[103222]: INFO neutron.api.extensions [None req-4ffb1f3c-5132-468d-97b8-2bc3186d9b0f None None] Loaded extension: dns-integration
