Aug 28 03:13:37.948996 np0000191363 devstack@neutron-api.service[102125]: DEBUG neutron_lib.callbacks.manager [None req-03fc08f8-61fb-41a8-8808-46e9eedde990 None None] Subscribe: ._register_pvlan_driver at 0x78f228ebf740> pvlan_plugin before_spawn 55550000, False {{(pid=102125) subscribe /opt/stack/data/venv/lib/python3.12/site-packages/neutron_lib/callbacks/manager.py:52}}
Aug 28 03:13:37.949080 np0000191363 devstack@neutron-api.service[102125]: DEBUG neutron_lib.callbacks.manager [None req-03fc08f8-61fb-41a8-8808-46e9eedde990 None None] Subscribe: process after_init 55550000, False {{(pid=102125) subscribe /opt/stack/data/venv/lib/python3.12/site-packages/neutron_lib/callbacks/manager.py:52}}
Aug 28 03:13:37.949121 np0000191363 devstack@neutron-api.service[102128]: DEBUG neutron.api.extensions [None req-216de167-da0f-4f10-9997-8d56f1d89805 None None] Ext name="Filter parameters validation" alias="filter-validation" description="Provides validation on filter parameters." updated="2018-07-04T10:00:00-00:00" {{(pid=102128) _check_extension /opt/stack/neutron/neutron/api/extensions.py:415}}
Aug 28 03:13:37.949306 np0000191363 devstack@neutron-api.service[102128]: INFO neutron.api.extensions [None req-216de167-da0f-4f10-9997-8d56f1d89805 None None] Loaded extension: filter-validation
Aug 28 03:13:37.949306 np0000191363 devstack@neutron-api.service[102128]: DEBUG neutron.api.extensions [None req-216de167-da0f-4f10-9997-8d56f1d89805 None None] Loading extension file: fip_pf_description.py {{(pid=102128) _load_all_extensions_from_path /opt/stack/neutron/neutron/api/extensions.py:449}}
Aug 28 03:13:37.949535 np0000191363 devstack@neutron-api.service[102128]: DEBUG neutron.api.extensions [None req-216de167-da0f-4f10-9997-8d56f1d89805 None None] Ext name="Floating IP Port Forwarding new attribute description" alias="floating-ip-port-forwarding-description" description="Add a description field to Port Forwarding rules" updated="2019-11-01T10:00:00-00:00" {{(pid=102128) _check_extension /opt/stack/neutron/neutron/api/extensions.py:415}}
Aug 28 03:13:37.949680 np0000191363 devstack@neutron-api.service[102128]: INFO neutron.api.extensions [None req-216de167-da0f-4f10-9997-8d56f1d89805 None None] Extension floating-ip-port-forwarding-description not supported by any of loaded plugins
Aug 28 03:13:37.949763 np0000191363 devstack@neutron-api.service[102128]: DEBUG neutron.api.extensions [None req-216de167-da0f-4f10-9997-8d56f1d89805 None None] Loading extension file: fip_pf_detail.py {{(pid=102128) _load_all_extensions_from_path /opt/stack/neutron/neutron/api/extensions.py:449}}
Aug 28 03:13:37.949976 np0000191363 devstack@neutron-api.service[102128]: DEBUG neutron.api.extensions [None req-216de167-da0f-4f10-9997-8d56f1d89805 None None] Ext name="Floating IP port forwarding detail" alias="floating-ip-port-forwarding-detail" description="Allow list floating ip return more port forwarding data, include'id' and 'internal_port_id'" updated="2022-05-06T10:00:00-00:00" {{(pid=102128) _check_extension /opt/stack/neutron/neutron/api/extensions.py:415}}
Aug 28 03:13:37.950130 np0000191363 devstack@neutron-api.service[102128]: INFO neutron.api.extensions [None req-216de167-da0f-4f10-9997-8d56f1d89805 None None] Loaded extension: floating-ip-port-forwarding-detail
Aug 28 03:13:37.950238 np0000191363 devstack@neutron-api.service[102128]: DEBUG neutron.api.extensions [None req-216de167-da0f-4f10-9997-8d56f1d89805 None None] Loading extension file: fip_pf_port_range.py {{(pid=102128) _load_all_extensions_from_path /opt/stack/neutron/neutron/api/extensions.py:449}}
Aug 28 03:13:37.950452 np0000191363 devstack@neutron-api.service[102128]: DEBUG neutron.api.extensions [None req-216de167-da0f-4f10-9997-8d56f1d89805 None None] Ext name="Floating IP Port Forwarding support port ranges" alias="floating-ip-port-forwarding-port-ranges" description="Add support to port ranges" updated="2020-07-01T10:00:00-00:00" {{(pid=102128) _check_extension /opt/stack/neutron/neutron/api/extensions.py:415}}
Aug 28 03:13:37.950606 np0000191363 devstack@neutron-api.service[102125]: DEBUG neutron.plugins.ml2.plugin [None req-03fc08f8-61fb-41a8-8808-46e9eedde990 None None] neutron.plugins.ml2.plugin.Ml2Plugin method _start_rpc_notifiers called with arguments () {} {{(pid=102125) wrapper /opt/stack/data/venv/lib/python3.12/site-packages/oslo_log/helpers.py:77}}
Aug 28 03:13:37.950648 np0000191363 devstack@neutron-api.service[102128]: INFO neutron.api.extensions [None req-216de167-da0f-4f10-9997-8d56f1d89805 None None] Extension floating-ip-port-forwarding-port-ranges not supported by any of loaded plugins
Aug 28 03:13:37.950705 np0000191363 devstack@neutron-api.service[102128]: DEBUG neutron.api.extensions [None req-216de167-da0f-4f10-9997-8d56f1d89805 None None] Loading extension file: fip_port_details.py {{(pid=102128) _load_all_extensions_from_path /opt/stack/neutron/neutron/api/extensions.py:449}}
Aug 28 03:13:37.950882 np0000191363 devstack@neutron-api.service[102125]: DEBUG neutron_lib.callbacks.manager [None req-03fc08f8-61fb-41a8-8808-46e9eedde990 None None] Subscribe: > port after_create 55550000, False {{(pid=102125) subscribe /opt/stack/data/venv/lib/python3.12/site-packages/neutron_lib/callbacks/manager.py:52}}
Aug 28 03:13:37.950934 np0000191363 devstack@neutron-api.service[102128]: DEBUG neutron.api.extensions [None req-216de167-da0f-4f10-9997-8d56f1d89805 None None] Ext name="Floating IP Port Details Extension" alias="fip-port-details" description="Add port_details attribute to Floating IP resource" updated="2018-04-09T10:00:00-00:00" {{(pid=102128) _check_extension /opt/stack/neutron/neutron/api/extensions.py:415}}
Aug 28 03:13:37.950994 np0000191363 devstack@neutron-api.service[102125]: DEBUG neutron_lib.callbacks.manager [None req-03fc08f8-61fb-41a8-8808-46e9eedde990 None None] Subscribe: > port after_update 55550000, False {{(pid=102125) subscribe /opt/stack/data/venv/lib/python3.12/site-packages/neutron_lib/callbacks/manager.py:52}}
Aug 28 03:13:37.951054 np0000191363 devstack@neutron-api.service[102128]: INFO neutron.api.extensions [None req-216de167-da0f-4f10-9997-8d56f1d89805 None None] Loaded extension: fip-port-details
Aug 28 03:13:37.951094 np0000191363 devstack@neutron-api.service[102125]: DEBUG neutron_lib.callbacks.manager [None req-03fc08f8-61fb-41a8-8808-46e9eedde990 None None] Subscribe: > port after_delete 55550000, False {{(pid=102125) subscribe /opt/stack/data/venv/lib/python3.12/site-packages/neutron_lib/callbacks/manager.py:52}}
Aug 28 03:13:37.951136 np0000191363 devstack@neutron-api.service[102128]: DEBUG neutron.api.extensions [None req-216de167-da0f-4f10-9997-8d56f1d89805 None None] Loading extension file: flavors.py {{(pid=102128) _load_all_extensions_from_path /opt/stack/neutron/neutron/api/extensions.py:449}}
Aug 28 03:13:37.951218 np0000191363 devstack@neutron-api.service[102125]: DEBUG neutron_lib.callbacks.manager [None req-03fc08f8-61fb-41a8-8808-46e9eedde990 None None] Subscribe: > subnet after_create 55550000, False {{(pid=102125) subscribe /opt/stack/data/venv/lib/python3.12/site-packages/neutron_lib/callbacks/manager.py:52}}
Aug 28 03:13:37.951308 np0000191363 devstack@neutron-api.service[102125]: DEBUG neutron_lib.callbacks.manager [None req-03fc08f8-61fb-41a8-8808-46e9eedde990 None None] Subscribe: > subnet after_update 55550000, False {{(pid=102125) subscribe /opt/stack/data/venv/lib/python3.12/site-packages/neutron_lib/callbacks/manager.py:52}}
Aug 28 03:13:37.951398 np0000191363 devstack@neutron-api.service[102128]: DEBUG neutron.api.extensions [None req-216de167-da0f-4f10-9997-8d56f1d89805 None None] Ext name="Neutron Service Flavors" alias="flavors" description="Flavor specification for Neutron advanced services." updated="2015-09-17T10:00:00-00:00" {{(pid=102128) _check_extension /opt/stack/neutron/neutron/api/extensions.py:415}}
Aug 28 03:13:37.951442 np0000191363 devstack@neutron-api.service[102125]: DEBUG neutron_lib.callbacks.manager [None req-03fc08f8-61fb-41a8-8808-46e9eedde990 None None] Subscribe: > subnet after_delete 55550000, False {{(pid=102125) subscribe /opt/stack/data/venv/lib/python3.12/site-packages/neutron_lib/callbacks/manager.py:52}}
Aug 28 03:13:37.951495 np0000191363 devstack@neutron-api.service[102125]: DEBUG neutron_lib.callbacks.manager [None req-03fc08f8-61fb-41a8-8808-46e9eedde990 None None] Subscribe: > network after_create 55550000, False {{(pid=102125) subscribe /opt/stack/data/venv/lib/python3.12/site-packages/neutron_lib/callbacks/manager.py:52}}
Aug 28 03:13:37.951558 np0000191363 devstack@neutron-api.service[102128]: INFO neutron.api.extensions [None req-216de167-da0f-4f10-9997-8d56f1d89805 None None] Loaded extension: flavors
Aug 28 03:13:37.951600 np0000191363 devstack@neutron-api.service[102125]: DEBUG neutron_lib.callbacks.manager [None req-03fc08f8-61fb-41a8-8808-46e9eedde990 None None] Subscribe: > network after_update 55550000, False {{(pid=102125) subscribe /opt/stack/data/venv/lib/python3.12/site-packages/neutron_lib/callbacks/manager.py:52}}
Aug 28 03:13:37.951648 np0000191363 devstack@neutron-api.service[102128]: DEBUG neutron.api.extensions [None req-216de167-da0f-4f10-9997-8d56f1d89805 None None] Loading extension file: floating_ip_port_forwarding.py {{(pid=102128) _load_all_extensions_from_path /opt/stack/neutron/neutron/api/extensions.py:449}}
Aug 28 03:13:37.951695 np0000191363 devstack@neutron-api.service[102125]: DEBUG neutron_lib.callbacks.manager [None req-03fc08f8-61fb-41a8-8808-46e9eedde990 None None] Subscribe: > network after_delete 55550000, False {{(pid=102125) subscribe /opt/stack/data/venv/lib/python3.12/site-packages/neutron_lib/callbacks/manager.py:52}}
Aug 28 03:13:37.951762 np0000191363 devstack@neutron-api.service[102125]: DEBUG neutron_lib.callbacks.manager [None req-03fc08f8-61fb-41a8-8808-46e9eedde990 None None] Subscribe: > security_group after_create 55550000, False {{(pid=102125) subscribe /opt/stack/data/venv/lib/python3.12/site-packages/neutron_lib/callbacks/manager.py:52}}
Aug 28 03:13:37.951853 np0000191363 devstack@neutron-api.service[102125]: DEBUG neutron_lib.callbacks.manager [None req-03fc08f8-61fb-41a8-8808-46e9eedde990 None None] Subscribe: > security_group after_update 55550000, False {{(pid=102125) subscribe /opt/stack/data/venv/lib/python3.12/site-packages/neutron_lib/callbacks/manager.py:52}}
Aug 28 03:13:37.951945 np0000191363 devstack@neutron-api.service[102125]: DEBUG neutron_lib.callbacks.manager [None req-03fc08f8-61fb-41a8-8808-46e9eedde990 None None] Subscribe: > security_group after_delete 55550000, False {{(pid=102125) subscribe /opt/stack/data/venv/lib/python3.12/site-packages/neutron_lib/callbacks/manager.py:52}}
Aug 28 03:13:37.951988 np0000191363 devstack@neutron-api.service[102128]: DEBUG neutron.api.extensions [None req-216de167-da0f-4f10-9997-8d56f1d89805 None None] Ext name="Floating IP Port Forwarding" alias="floating-ip-port-forwarding" description="Allow port forwarding from floating IP port to an internal port" updated="2018-01-19T10:00:00-00:00" {{(pid=102128) _check_extension /opt/stack/neutron/neutron/api/extensions.py:415}}
Aug 28 03:13:37.952031 np0000191363 devstack@neutron-api.service[102125]: DEBUG neutron_lib.callbacks.manager [None req-03fc08f8-61fb-41a8-8808-46e9eedde990 None None] Subscribe: > security_group_rule after_create 55550000, False {{(pid=102125) subscribe /opt/stack/data/venv/lib/python3.12/site-packages/neutron_lib/callbacks/manager.py:52}}
Aug 28 03:13:37.952126 np0000191363 devstack@neutron-api.service[102125]: DEBUG neutron_lib.callbacks.manager [None req-03fc08f8-61fb-41a8-8808-46e9eedde990 None None] Subscribe: > security_group_rule after_update 55550000, False {{(pid=102125) subscribe /opt/stack/data/venv/lib/python3.12/site-packages/neutron_lib/callbacks/manager.py:52}}
Aug 28 03:13:37.952201 np0000191363 devstack@neutron-api.service[102128]: INFO neutron.api.extensions [None req-216de167-da0f-4f10-9997-8d56f1d89805 None None] Extension floating-ip-port-forwarding not supported by any of loaded plugins
Aug 28 03:13:37.952255 np0000191363 devstack@neutron-api.service[102125]: DEBUG neutron_lib.callbacks.manager [None req-03fc08f8-61fb-41a8-8808-46e9eedde990 None None] Subscribe: > security_group_rule after_delete 55550000, False {{(pid=102125) subscribe /opt/stack/data/venv/lib/python3.12/site-packages/neutron_lib/callbacks/manager.py:52}}
Aug 28 03:13:37.952298 np0000191363 devstack@neutron-api.service[102128]: DEBUG neutron.api.extensions [None req-216de167-da0f-4f10-9997-8d56f1d89805 None None] Loading extension file: floatingip_pools.py {{(pid=102128) _load_all_extensions_from_path /opt/stack/neutron/neutron/api/extensions.py:449}}
Aug 28 03:13:37.952344 np0000191363 devstack@neutron-api.service[102125]: DEBUG neutron_lib.callbacks.manager [None req-03fc08f8-61fb-41a8-8808-46e9eedde990 None None] Subscribe: > address_group after_create 55550000, False {{(pid=102125) subscribe /opt/stack/data/venv/lib/python3.12/site-packages/neutron_lib/callbacks/manager.py:52}}
Aug 28 03:13:37.952427 np0000191363 devstack@neutron-api.service[102125]: DEBUG neutron_lib.callbacks.manager [None req-03fc08f8-61fb-41a8-8808-46e9eedde990 None None] Subscribe: > address_group after_update 55550000, False {{(pid=102125) subscribe /opt/stack/data/venv/lib/python3.12/site-packages/neutron_lib/callbacks/manager.py:52}}
Aug 28 03:13:37.952503 np0000191363 devstack@neutron-api.service[102128]: DEBUG neutron.api.extensions [None req-216de167-da0f-4f10-9997-8d56f1d89805 None None] Ext name="Floating IP Pools Extension" alias="floatingip-pools" description="Provides a floating IP pools API." updated="2018-03-21T10:00:00-00:00" {{(pid=102128) _check_extension /opt/stack/neutron/neutron/api/extensions.py:415}}
Aug 28 03:13:37.952546 np0000191363 devstack@neutron-api.service[102125]: DEBUG neutron_lib.callbacks.manager [None req-03fc08f8-61fb-41a8-8808-46e9eedde990 None None] Subscribe: > address_group after_delete 55550000, False {{(pid=102125) subscribe /opt/stack/data/venv/lib/python3.12/site-packages/neutron_lib/callbacks/manager.py:52}}
Aug 28 03:13:37.952614 np0000191363 devstack@neutron-api.service[102125]: DEBUG neutron.plugins.ml2.ovo_rpc [None req-03fc08f8-61fb-41a8-8808-46e9eedde990 None None] ML2 OVO RPC backend initialized. {{(pid=102125) __init__ /opt/stack/neutron/neutron/plugins/ml2/ovo_rpc.py:117}}
Aug 28 03:13:37.952656 np0000191363 devstack@neutron-api.service[102128]: INFO neutron.api.extensions [None req-216de167-da0f-4f10-9997-8d56f1d89805 None None] Loaded extension: floatingip-pools
Aug 28 03:13:37.952744 np0000191363 devstack@neutron-api.service[102128]: DEBUG neutron.api.extensions [None req-216de167-da0f-4f10-9997-8d56f1d89805 None None] Loading extension file: ip_allocation.py {{(pid=102128) _load_all_extensions_from_path /opt/stack/neutron/neutron/api/extensions.py:449}}
Aug 28 03:13:37.952961 np0000191363 devstack@neutron-api.service[102128]: DEBUG neutron.api.extensions [None req-216de167-da0f-4f10-9997-8d56f1d89805 None None] Ext name="IP Allocation" alias="ip_allocation" description="IP allocation extension." updated="2016-06-10T23:00:00-00:00" {{(pid=102128) _check_extension /opt/stack/neutron/neutron/api/extensions.py:415}}
Aug 28 03:13:37.953116 np0000191363 devstack@neutron-api.service[102128]: INFO neutron.api.extensions [None req-216de167-da0f-4f10-9997-8d56f1d89805 None None] Extension ip_allocation not supported by any of loaded plugins
Aug 28 03:13:37.953228 np0000191363 devstack@neutron-api.service[102128]: DEBUG neutron.api.extensions [None req-216de167-da0f-4f10-9997-8d56f1d89805 None None] Loading extension file: ip_substring_port_filtering.py {{(pid=102128) _load_all_extensions_from_path /opt/stack/neutron/neutron/api/extensions.py:449}}
Aug 28 03:13:37.953447 np0000191363 devstack@neutron-api.service[102128]: DEBUG neutron.api.extensions [None req-216de167-da0f-4f10-9997-8d56f1d89805 None None] Ext name="IP address substring filtering" alias="ip-substring-filtering" description="Provides IP address substring filtering when listing ports" updated="2017-11-28T09:00:00-00:00" {{(pid=102128) _check_extension /opt/stack/neutron/neutron/api/extensions.py:415}}
Aug 28 03:13:37.953490 np0000191363 devstack@neutron-api.service[102125]: INFO neutron.quota [None req-03fc08f8-61fb-41a8-8808-46e9eedde990 None None] Loaded quota_driver: .
Aug 28 03:13:37.953572 np0000191363 devstack@neutron-api.service[102125]: INFO neutron.plugins.ml2.plugin [None req-03fc08f8-61fb-41a8-8808-46e9eedde990 None None] Modular L2 Plugin initialization complete
Aug 28 03:13:37.953613 np0000191363 devstack@neutron-api.service[102128]: INFO neutron.api.extensions [None req-216de167-da0f-4f10-9997-8d56f1d89805 None None] Extension ip-substring-filtering not supported by any of loaded plugins
Aug 28 03:13:37.953684 np0000191363 devstack@neutron-api.service[102128]: DEBUG neutron.api.extensions [None req-216de167-da0f-4f10-9997-8d56f1d89805 None None] Loading extension file: l2_adjacency.py {{(pid=102128) _load_all_extensions_from_path /opt/stack/neutron/neutron/api/extensions.py:449}}
Aug 28 03:13:37.953725 np0000191363 devstack@neutron-api.service[102125]: DEBUG neutron.manager [None req-03fc08f8-61fb-41a8-8808-46e9eedde990 None None] Loading services supported by the core plugin {{(pid=102125) _load_services_from_core_plugin /opt/stack/neutron/neutron/manager.py:167}}
Aug 28 03:13:37.953809 np0000191363 devstack@neutron-api.service[102125]: INFO neutron.plugins.ml2.managers [None req-03fc08f8-61fb-41a8-8808-46e9eedde990 None None] Got port-security extension from driver 'port_security'
Aug 28 03:13:37.953897 np0000191363 devstack@neutron-api.service[102128]: DEBUG neutron.api.extensions [None req-216de167-da0f-4f10-9997-8d56f1d89805 None None] Ext name="L2 Adjacency" alias="l2_adjacency" description="Display L2 Adjacency for Neutron Networks." updated="2016-04-12T16:00:00-00:00" {{(pid=102128) _check_extension /opt/stack/neutron/neutron/api/extensions.py:415}}
Aug 28 03:13:37.957212 np0000191363 devstack@neutron-api.service[102128]: INFO neutron.api.extensions [None req-216de167-da0f-4f10-9997-8d56f1d89805 None None] Extension l2_adjacency not supported by any of loaded plugins
Aug 28 03:13:37.957280 np0000191363 devstack@neutron-api.service[102125]: DEBUG neutron.manager [None req-03fc08f8-61fb-41a8-8808-46e9eedde990 None None] Loading service plugins: ['ovn-router', 'auto_allocate', 'tag', 'timestamp', 'network_ip_availability', 'flavors', 'revisions'] {{(pid=102125) _load_service_plugins /opt/stack/neutron/neutron/manager.py:192}}
Aug 28 03:13:37.957326 np0000191363 devstack@neutron-api.service[102128]: DEBUG neutron.api.extensions [None req-216de167-da0f-4f10-9997-8d56f1d89805 None None] Loading extension file: l3.py {{(pid=102128) _load_all_extensions_from_path /opt/stack/neutron/neutron/api/extensions.py:449}}
Aug 28 03:13:37.957385 np0000191363 devstack@neutron-api.service[102125]: INFO neutron.manager [None req-03fc08f8-61fb-41a8-8808-46e9eedde990 None None] Loading Plugin: ovn-router
Aug 28 03:13:37.957425 np0000191363 devstack@neutron-api.service[102128]: DEBUG neutron.api.extensions [None req-216de167-da0f-4f10-9997-8d56f1d89805 None None] Ext name="Neutron L3 Router" alias="router" description="Router abstraction for basic L3 forwarding between L2 Neutron networks and access to external networks via a NAT gateway." updated="2012-07-20T10:00:00-00:00" {{(pid=102128) _check_extension /opt/stack/neutron/neutron/api/extensions.py:415}}
Aug 28 03:13:37.957425 np0000191363 devstack@neutron-api.service[102128]: INFO neutron.api.extensions [None req-216de167-da0f-4f10-9997-8d56f1d89805 None None] Loaded extension: router
Aug 28 03:13:37.957425 np0000191363 devstack@neutron-api.service[102128]: DEBUG neutron.api.extensions [None req-216de167-da0f-4f10-9997-8d56f1d89805 None None] Loading extension file: l3_agent_scheduler_ha_chassis_priority.py {{(pid=102128) _load_all_extensions_from_path /opt/stack/neutron/neutron/api/extensions.py:449}}
Aug 28 03:13:37.957425 np0000191363 devstack@neutron-api.service[102128]: DEBUG neutron.api.extensions [None req-216de167-da0f-4f10-9997-8d56f1d89805 None None] Ext name="L3 Agent Scheduler HA Chassis Priority" alias="l3-agent-scheduler-ha-chassis-priority" description="Exposes the HA_Chassis priority in the L3 Agent Scheduler API responses and allows setting priority when scheduling a router to a chassis." updated="2026-03-31T00:00:00-00:00" {{(pid=102128) _check_extension /opt/stack/neutron/neutron/api/extensions.py:415}}
Aug 28 03:13:37.957425 np0000191363 devstack@neutron-api.service[102128]: INFO neutron.api.extensions [None req-216de167-da0f-4f10-9997-8d56f1d89805 None None] Loaded extension: l3-agent-scheduler-ha-chassis-priority
Aug 28 03:13:37.957425 np0000191363 devstack@neutron-api.service[102128]: DEBUG neutron.api.extensions [None req-216de167-da0f-4f10-9997-8d56f1d89805 None None] Loading extension file: l3_conntrack_helper.py {{(pid=102128) _load_all_extensions_from_path /opt/stack/neutron/neutron/api/extensions.py:449}}
Aug 28 03:13:37.957650 np0000191363 devstack@neutron-api.service[102128]: DEBUG neutron.api.extensions [None req-216de167-da0f-4f10-9997-8d56f1d89805 None None] Ext name="L3 Conntrack helper" alias="l3-conntrack-helper" description="Allow adding CT target rules for conntrack helper" updated="2019-04-04T10:00:00-00:00" {{(pid=102128) _check_extension /opt/stack/neutron/neutron/api/extensions.py:415}}
Aug 28 03:13:37.957650 np0000191363 devstack@neutron-api.service[102128]: INFO neutron.api.extensions [None req-216de167-da0f-4f10-9997-8d56f1d89805 None None] Extension l3-conntrack-helper not supported by any of loaded plugins
Aug 28 03:13:37.957650 np0000191363 devstack@neutron-api.service[102128]: DEBUG neutron.api.extensions [None req-216de167-da0f-4f10-9997-8d56f1d89805 None None] Loading extension file: l3_enable_default_route_bfd.py {{(pid=102128) _load_all_extensions_from_path /opt/stack/neutron/neutron/api/extensions.py:449}}
Aug 28 03:13:37.957650 np0000191363 devstack@neutron-api.service[102128]: DEBUG neutron.api.extensions [None req-216de167-da0f-4f10-9997-8d56f1d89805 None None] Ext name="Enable Default Route BFD" alias="enable-default-route-bfd" description="Enables configurable BFD behavior for default routes" updated="2023-02-27T00:00:00-00:00" {{(pid=102128) _check_extension /opt/stack/neutron/neutron/api/extensions.py:415}}
Aug 28 03:13:37.957650 np0000191363 devstack@neutron-api.service[102128]: INFO neutron.api.extensions [None req-216de167-da0f-4f10-9997-8d56f1d89805 None None] Loaded extension: enable-default-route-bfd
Aug 28 03:13:37.957650 np0000191363 devstack@neutron-api.service[102128]: DEBUG neutron.api.extensions [None req-216de167-da0f-4f10-9997-8d56f1d89805 None None] Loading extension file: l3_enable_default_route_ecmp.py {{(pid=102128) _load_all_extensions_from_path /opt/stack/neutron/neutron/api/extensions.py:449}}
Aug 28 03:13:37.957650 np0000191363 devstack@neutron-api.service[102128]: DEBUG neutron.api.extensions [None req-216de167-da0f-4f10-9997-8d56f1d89805 None None] Ext name="Enable Default Route ECMP" alias="enable-default-route-ecmp" description="Enables configurable ECMP behavior for default routes" updated="2023-02-27T00:00:00-00:00" {{(pid=102128) _check_extension /opt/stack/neutron/neutron/api/extensions.py:415}}
Aug 28 03:13:37.957908 np0000191363 devstack@neutron-api.service[102128]: INFO neutron.api.extensions [None req-216de167-da0f-4f10-9997-8d56f1d89805 None None] Loaded extension: enable-default-route-ecmp
Aug 28 03:13:37.957908 np0000191363 devstack@neutron-api.service[102128]: DEBUG neutron.api.extensions [None req-216de167-da0f-4f10-9997-8d56f1d89805 None None] Loading extension file: l3_ext_gw_mode.py {{(pid=102128) _load_all_extensions_from_path /opt/stack/neutron/neutron/api/extensions.py:449}}
Aug 28 03:13:37.957908 np0000191363 devstack@neutron-api.service[102128]: DEBUG neutron.api.extensions [None req-216de167-da0f-4f10-9997-8d56f1d89805 None None] Ext name="Neutron L3 Configurable external gateway mode" alias="ext-gw-mode" description="Extension of the router abstraction for specifying whether SNAT should occur on the external gateway" updated="2013-03-28T10:00:00-00:00" {{(pid=102128) _check_extension /opt/stack/neutron/neutron/api/extensions.py:415}}
Aug 28 03:13:37.957908 np0000191363 devstack@neutron-api.service[102128]: INFO neutron.api.extensions [None req-216de167-da0f-4f10-9997-8d56f1d89805 None None] Loaded extension: ext-gw-mode
Aug 28 03:13:37.957908 np0000191363 devstack@neutron-api.service[102128]: DEBUG neutron.api.extensions [None req-216de167-da0f-4f10-9997-8d56f1d89805 None None] Loading extension file: l3_ext_ha_mode.py {{(pid=102128) _load_all_extensions_from_path /opt/stack/neutron/neutron/api/extensions.py:449}}
Aug 28 03:13:37.957908 np0000191363 devstack@neutron-api.service[102128]: DEBUG neutron.api.extensions [None req-216de167-da0f-4f10-9997-8d56f1d89805 None None] Ext name="HA Router extension" alias="l3-ha" description="Adds HA capability to routers." updated="2014-04-26T00:00:00-00:00" {{(pid=102128) _check_extension /opt/stack/neutron/neutron/api/extensions.py:415}}
Aug 28 03:13:37.958133 np0000191363 devstack@neutron-api.service[102128]: INFO neutron.api.extensions [None req-216de167-da0f-4f10-9997-8d56f1d89805 None None] Loaded extension: l3-ha
Aug 28 03:13:37.958133 np0000191363 devstack@neutron-api.service[102128]: DEBUG neutron.api.extensions [None req-216de167-da0f-4f10-9997-8d56f1d89805 None None] Loading extension file: l3_ext_ndp_proxy.py {{(pid=102128) _load_all_extensions_from_path /opt/stack/neutron/neutron/api/extensions.py:449}}
Aug 28 03:13:37.958264 np0000191363 devstack@neutron-api.service[102128]: DEBUG neutron.api.extensions [None req-216de167-da0f-4f10-9997-8d56f1d89805 None None] Ext name="Router support to enable NDP proxy" alias="l3-ext-ndp-proxy" description="Router extension to enable ndp proxy" updated="2020-08-25T00:00:00-00:00" {{(pid=102128) _check_extension /opt/stack/neutron/neutron/api/extensions.py:415}}
Aug 28 03:13:37.958417 np0000191363 devstack@neutron-api.service[102128]: INFO neutron.api.extensions [None req-216de167-da0f-4f10-9997-8d56f1d89805 None None] Extension l3-ext-ndp-proxy not supported by any of loaded plugins
Aug 28 03:13:37.958500 np0000191363 devstack@neutron-api.service[102128]: DEBUG neutron.api.extensions [None req-216de167-da0f-4f10-9997-8d56f1d89805 None None] Loading extension file: l3_extra_gws.py {{(pid=102128) _load_all_extensions_from_path /opt/stack/neutron/neutron/api/extensions.py:449}}
Aug 28 03:13:37.959370 np0000191363 devstack@neutron-api.service[102128]: DEBUG neutron.api.extensions [None req-216de167-da0f-4f10-9997-8d56f1d89805 None None] Ext name="Neutron L3 External Gateway Multihoming" alias="external-gateway-multihoming" description="Allow multiple external gateway ports per router" updated="2023-01-18T00:00:00-00:00" {{(pid=102128) _check_extension /opt/stack/neutron/neutron/api/extensions.py:415}}
Aug 28 03:13:37.959370 np0000191363 devstack@neutron-api.service[102128]: INFO neutron.api.extensions [None req-216de167-da0f-4f10-9997-8d56f1d89805 None None] Loaded extension: external-gateway-multihoming
Aug 28 03:13:37.959370 np0000191363 devstack@neutron-api.service[102128]: DEBUG neutron.api.extensions [None req-216de167-da0f-4f10-9997-8d56f1d89805 None None] Loading extension file: l3_flavors.py {{(pid=102128) _load_all_extensions_from_path /opt/stack/neutron/neutron/api/extensions.py:449}}
Aug 28 03:13:37.959370 np0000191363 devstack@neutron-api.service[102128]: DEBUG neutron.api.extensions [None req-216de167-da0f-4f10-9997-8d56f1d89805 None None] Ext name="Router Flavor Extension" alias="l3-flavors" description="Flavor support for routers." updated="2016-05-17T00:00:00-00:00" {{(pid=102128) _check_extension /opt/stack/neutron/neutron/api/extensions.py:415}}
Aug 28 03:13:37.959370 np0000191363 devstack@neutron-api.service[102128]: INFO neutron.api.extensions [None req-216de167-da0f-4f10-9997-8d56f1d89805 None None] Loaded extension: l3-flavors
Aug 28 03:13:37.959575 np0000191363 devstack@neutron-api.service[102128]: DEBUG neutron.api.extensions [None req-216de167-da0f-4f10-9997-8d56f1d89805 None None] Loading extension file: l3_ndp_proxy.py {{(pid=102128) _load_all_extensions_from_path /opt/stack/neutron/neutron/api/extensions.py:449}}
Aug 28 03:13:37.959796 np0000191363 devstack@neutron-api.service[102128]: DEBUG neutron.api.extensions [None req-216de167-da0f-4f10-9997-8d56f1d89805 None None] Ext name="name" alias="l3-ndp-proxy" description="description" updated="2021-06-29T10:00:00-00:00" {{(pid=102128) _check_extension /opt/stack/neutron/neutron/api/extensions.py:415}}
Aug 28 03:13:37.959840 np0000191363 devstack@neutron-api.service[102128]: INFO neutron.api.extensions [None req-216de167-da0f-4f10-9997-8d56f1d89805 None None] Extension l3-ndp-proxy not supported by any of loaded plugins
Aug 28 03:13:37.959966 np0000191363 devstack@neutron-api.service[102128]: DEBUG neutron.api.extensions [None req-216de167-da0f-4f10-9997-8d56f1d89805 None None] Loading extension file: l3_port_ip_change_not_allowed.py {{(pid=102128) _load_all_extensions_from_path /opt/stack/neutron/neutron/api/extensions.py:449}}
Aug 28 03:13:37.963775 np0000191363 devstack@neutron-api.service[102125]: DEBUG neutron_lib.callbacks.manager [None req-03fc08f8-61fb-41a8-8808-46e9eedde990 None None] Subscribe: > router before_delete 55550000, False {{(pid=102125) subscribe /opt/stack/data/venv/lib/python3.12/site-packages/neutron_lib/callbacks/manager.py:52}}
Aug 28 03:13:37.963944 np0000191363 devstack@neutron-api.service[102125]: DEBUG neutron_lib.callbacks.manager [None req-03fc08f8-61fb-41a8-8808-46e9eedde990 None None] Subscribe: port before_update 55550000, False {{(pid=102125) subscribe /opt/stack/data/venv/lib/python3.12/site-packages/neutron_lib/callbacks/manager.py:52}}
Aug 28 03:13:37.964021 np0000191363 devstack@neutron-api.service[102125]: DEBUG neutron_lib.callbacks.manager [None req-03fc08f8-61fb-41a8-8808-46e9eedde990 None None] Subscribe: port after_update 55550000, False {{(pid=102125) subscribe /opt/stack/data/venv/lib/python3.12/site-packages/neutron_lib/callbacks/manager.py:52}}
Aug 28 03:13:37.964121 np0000191363 devstack@neutron-api.service[102125]: DEBUG neutron_lib.callbacks.manager [None req-03fc08f8-61fb-41a8-8808-46e9eedde990 None None] Subscribe: > port precommit_delete 55550000, False {{(pid=102125) subscribe /opt/stack/data/venv/lib/python3.12/site-packages/neutron_lib/callbacks/manager.py:52}}
Aug 28 03:13:37.964241 np0000191363 devstack@neutron-api.service[102125]: DEBUG neutron_lib.callbacks.manager [None req-03fc08f8-61fb-41a8-8808-46e9eedde990 None None] Subscribe: port before_update 55550000, False {{(pid=102125) subscribe /opt/stack/data/venv/lib/python3.12/site-packages/neutron_lib/callbacks/manager.py:52}}
Aug 28 03:13:37.964330 np0000191363 devstack@neutron-api.service[102125]: DEBUG neutron_lib.callbacks.manager [None req-03fc08f8-61fb-41a8-8808-46e9eedde990 None None] Subscribe: port before_delete 55550000, False {{(pid=102125) subscribe /opt/stack/data/venv/lib/python3.12/site-packages/neutron_lib/callbacks/manager.py:52}}
Aug 28 03:13:37.964435 np0000191363 devstack@neutron-api.service[102125]: DEBUG neutron_lib.callbacks.manager [None req-03fc08f8-61fb-41a8-8808-46e9eedde990 None None] Subscribe: > router precommit_create 55550000, False {{(pid=102125) subscribe /opt/stack/data/venv/lib/python3.12/site-packages/neutron_lib/callbacks/manager.py:52}}
Aug 28 03:13:37.964562 np0000191363 devstack@neutron-api.service[102125]: DEBUG neutron_lib.callbacks.manager [None req-03fc08f8-61fb-41a8-8808-46e9eedde990 None None] Subscribe: > router precommit_create 55550000, False {{(pid=102125) subscribe /opt/stack/data/venv/lib/python3.12/site-packages/neutron_lib/callbacks/manager.py:52}}
Aug 28 03:13:37.964624 np0000191363 devstack@neutron-api.service[102125]: DEBUG neutron_lib.callbacks.manager [None req-03fc08f8-61fb-41a8-8808-46e9eedde990 None None] Subscribe: > router precommit_update 55550000, False {{(pid=102125) subscribe /opt/stack/data/venv/lib/python3.12/site-packages/neutron_lib/callbacks/manager.py:52}}
Aug 28 03:13:37.964724 np0000191363 devstack@neutron-api.service[102125]: DEBUG neutron_lib.callbacks.manager [None req-03fc08f8-61fb-41a8-8808-46e9eedde990 None None] Subscribe: subnet after_update 55550000, False {{(pid=102125) subscribe /opt/stack/data/venv/lib/python3.12/site-packages/neutron_lib/callbacks/manager.py:52}}
Aug 28 03:13:37.964910 np0000191363 devstack@neutron-api.service[102125]: DEBUG neutron.quota.resource_registry [None req-03fc08f8-61fb-41a8-8808-46e9eedde990 None None] Tracking information for resource: router configured {{(pid=102125) set_tracked_resource /opt/stack/neutron/neutron/quota/resource_registry.py:203}}
Aug 28 03:13:37.965003 np0000191363 devstack@neutron-api.service[102125]: DEBUG neutron.quota.resource_registry [None req-03fc08f8-61fb-41a8-8808-46e9eedde990 None None] Tracking information for resource: floatingip configured {{(pid=102125) set_tracked_resource /opt/stack/neutron/neutron/quota/resource_registry.py:203}}
Aug 28 03:13:37.965091 np0000191363 devstack@neutron-api.service[102125]: INFO neutron.services.ovn_l3.plugin [None req-03fc08f8-61fb-41a8-8808-46e9eedde990 None None] Starting OVNL3RouterPlugin
Aug 28 03:13:37.965357 np0000191363 devstack@neutron-api.service[102125]: DEBUG neutron_lib.callbacks.manager [None req-03fc08f8-61fb-41a8-8808-46e9eedde990 None None] Subscribe: > port_forwarding_plugin after_init 55550000, False {{(pid=102125) subscribe /opt/stack/data/venv/lib/python3.12/site-packages/neutron_lib/callbacks/manager.py:52}}
Aug 28 03:13:37.965529 np0000191363 devstack@neutron-api.service[102125]: DEBUG neutron_lib.callbacks.manager [None req-03fc08f8-61fb-41a8-8808-46e9eedde990 None None] Subscribe: > router before_create 55550100, False {{(pid=102125) subscribe /opt/stack/data/venv/lib/python3.12/site-packages/neutron_lib/callbacks/manager.py:52}}
Aug 28 03:13:37.965621 np0000191363 devstack@neutron-api.service[102125]: DEBUG neutron_lib.callbacks.manager [None req-03fc08f8-61fb-41a8-8808-46e9eedde990 None None] Subscribe: > router precommit_delete 55550100, False {{(pid=102125) subscribe /opt/stack/data/venv/lib/python3.12/site-packages/neutron_lib/callbacks/manager.py:52}}
Aug 28 03:13:37.965724 np0000191363 devstack@neutron-api.service[102125]: DEBUG neutron_lib.callbacks.manager [None req-03fc08f8-61fb-41a8-8808-46e9eedde990 None None] Subscribe: > router precommit_create 55550100, False {{(pid=102125) subscribe /opt/stack/data/venv/lib/python3.12/site-packages/neutron_lib/callbacks/manager.py:52}}
Aug 28 03:13:37.965822 np0000191363 devstack@neutron-api.service[102125]: DEBUG neutron_lib.callbacks.manager [None req-03fc08f8-61fb-41a8-8808-46e9eedde990 None None] Subscribe: > router precommit_update 55550100, False {{(pid=102125) subscribe /opt/stack/data/venv/lib/python3.12/site-packages/neutron_lib/callbacks/manager.py:52}}
Aug 28 03:13:37.969522 np0000191363 devstack@neutron-api.service[102125]: DEBUG neutron.services.provider_configuration [None req-03fc08f8-61fb-41a8-8808-46e9eedde990 None None] Service providers = [] {{(pid=102125) parse_service_provider_opt /opt/stack/neutron/neutron/services/provider_configuration.py:170}}
Aug 28 03:13:37.969613 np0000191363 devstack@neutron-api.service[102125]: DEBUG neutron.db.servicetype_db [None req-03fc08f8-61fb-41a8-8808-46e9eedde990 None None] Adding provider configuration for service L3_ROUTER_NAT {{(pid=102125) add_provider_configuration /opt/stack/neutron/neutron/db/servicetype_db.py:45}}
Aug 28 03:13:37.971054 np0000191363 devstack@neutron-api.service[102125]: DEBUG neutron_lib.callbacks.manager [None req-03fc08f8-61fb-41a8-8808-46e9eedde990 None None] Subscribe: > router precommit_create 55549900, False {{(pid=102125) subscribe /opt/stack/data/venv/lib/python3.12/site-packages/neutron_lib/callbacks/manager.py:52}}
Aug 28 03:13:37.971145 np0000191363 devstack@neutron-api.service[102125]: DEBUG neutron_lib.callbacks.manager [None req-03fc08f8-61fb-41a8-8808-46e9eedde990 None None] Subscribe: > router_interface after_create 55550000, False {{(pid=102125) subscribe /opt/stack/data/venv/lib/python3.12/site-packages/neutron_lib/callbacks/manager.py:52}}
Aug 28 03:13:37.971284 np0000191363 devstack@neutron-api.service[102125]: DEBUG neutron_lib.callbacks.manager [None req-03fc08f8-61fb-41a8-8808-46e9eedde990 None None] Subscribe: > floatingip after_create 55550000, False {{(pid=102125) subscribe /opt/stack/data/venv/lib/python3.12/site-packages/neutron_lib/callbacks/manager.py:52}}
Aug 28 03:13:37.971361 np0000191363 devstack@neutron-api.service[102125]: DEBUG neutron_lib.callbacks.manager [None req-03fc08f8-61fb-41a8-8808-46e9eedde990 None None] Subscribe: > floatingip precommit_create 55550000, False {{(pid=102125) subscribe /opt/stack/data/venv/lib/python3.12/site-packages/neutron_lib/callbacks/manager.py:52}}
Aug 28 03:13:37.971457 np0000191363 devstack@neutron-api.service[102125]: DEBUG neutron_lib.callbacks.manager [None req-03fc08f8-61fb-41a8-8808-46e9eedde990 None None] Subscribe: > floatingip precommit_update 55550000, False {{(pid=102125) subscribe /opt/stack/data/venv/lib/python3.12/site-packages/neutron_lib/callbacks/manager.py:52}}
Aug 28 03:13:37.971586 np0000191363 devstack@neutron-api.service[102125]: DEBUG neutron_lib.callbacks.manager [None req-03fc08f8-61fb-41a8-8808-46e9eedde990 None None] Subscribe: > floatingip after_delete 55550000, False {{(pid=102125) subscribe /opt/stack/data/venv/lib/python3.12/site-packages/neutron_lib/callbacks/manager.py:52}}
Aug 28 03:13:37.971648 np0000191363 devstack@neutron-api.service[102125]: DEBUG neutron_lib.callbacks.manager [None req-03fc08f8-61fb-41a8-8808-46e9eedde990 None None] Subscribe: > floatingip after_status_update 55550000, False {{(pid=102125) subscribe /opt/stack/data/venv/lib/python3.12/site-packages/neutron_lib/callbacks/manager.py:52}}
Aug 28 03:13:37.971738 np0000191363 devstack@neutron-api.service[102125]: DEBUG neutron_lib.callbacks.manager [None req-03fc08f8-61fb-41a8-8808-46e9eedde990 None None] Subscribe: > floatingip after_update 55550000, False {{(pid=102125) subscribe /opt/stack/data/venv/lib/python3.12/site-packages/neutron_lib/callbacks/manager.py:52}}
Aug 28 03:13:37.971827 np0000191363 devstack@neutron-api.service[102125]: DEBUG neutron_lib.callbacks.manager [None req-03fc08f8-61fb-41a8-8808-46e9eedde990 None None] Subscribe: > port_forwarding after_create 55550000, False {{(pid=102125) subscribe /opt/stack/data/venv/lib/python3.12/site-packages/neutron_lib/callbacks/manager.py:52}}
Aug 28 03:13:37.971923 np0000191363 devstack@neutron-api.service[102125]: DEBUG neutron_lib.callbacks.manager [None req-03fc08f8-61fb-41a8-8808-46e9eedde990 None None] Subscribe: > router_interface after_delete 55550000, False {{(pid=102125) subscribe /opt/stack/data/venv/lib/python3.12/site-packages/neutron_lib/callbacks/manager.py:52}}
Aug 28 03:13:37.972021 np0000191363 devstack@neutron-api.service[102125]: DEBUG neutron_lib.callbacks.manager [None req-03fc08f8-61fb-41a8-8808-46e9eedde990 None None] Subscribe: > router after_create 55550000, False {{(pid=102125) subscribe /opt/stack/data/venv/lib/python3.12/site-packages/neutron_lib/callbacks/manager.py:52}}
Aug 28 03:13:37.972154 np0000191363 devstack@neutron-api.service[102125]: DEBUG neutron_lib.callbacks.manager [None req-03fc08f8-61fb-41a8-8808-46e9eedde990 None None] Subscribe: > router precommit_create 55550000, False {{(pid=102125) subscribe /opt/stack/data/venv/lib/python3.12/site-packages/neutron_lib/callbacks/manager.py:52}}
Aug 28 03:13:37.972239 np0000191363 devstack@neutron-api.service[102125]: DEBUG neutron_lib.callbacks.manager [None req-03fc08f8-61fb-41a8-8808-46e9eedde990 None None] Subscribe: > router after_delete 55550000, False {{(pid=102125) subscribe /opt/stack/data/venv/lib/python3.12/site-packages/neutron_lib/callbacks/manager.py:52}}
Aug 28 03:13:37.972337 np0000191363 devstack@neutron-api.service[102125]: DEBUG neutron_lib.callbacks.manager [None req-03fc08f8-61fb-41a8-8808-46e9eedde990 None None] Subscribe: > router after_update 55550000, False {{(pid=102125) subscribe /opt/stack/data/venv/lib/python3.12/site-packages/neutron_lib/callbacks/manager.py:52}}
Aug 28 03:13:37.972441 np0000191363 devstack@neutron-api.service[102125]: DEBUG neutron.services.service_base [None req-03fc08f8-61fb-41a8-8808-46e9eedde990 None None] Loaded 'neutron.services.ovn_l3.service_providers.ovn.OvnDriver' provider for service L3_ROUTER_NAT {{(pid=102125) load_drivers /opt/stack/neutron/neutron/services/service_base.py:49}}
Aug 28 03:13:37.972553 np0000191363 devstack@neutron-api.service[102125]: DEBUG neutron_lib.callbacks.manager [None req-03fc08f8-61fb-41a8-8808-46e9eedde990 None None] Subscribe: > process after_init 55550001, True {{(pid=102125) subscribe /opt/stack/data/venv/lib/python3.12/site-packages/neutron_lib/callbacks/manager.py:52}}
Aug 28 03:13:37.972698 np0000191363 devstack@neutron-api.service[102125]: DEBUG neutron.manager [None req-03fc08f8-61fb-41a8-8808-46e9eedde990 None None] Successfully loaded L3_ROUTER_NAT plugin. Description: L3 Router Service Plugin for basic L3 forwarding using OVN {{(pid=102125) _create_and_add_service_plugin /opt/stack/neutron/neutron/manager.py:236}}
Aug 28 03:13:37.972783 np0000191363 devstack@neutron-api.service[102125]: INFO neutron.manager [None req-03fc08f8-61fb-41a8-8808-46e9eedde990 None None] Loading Plugin: auto_allocate
Aug 28 03:13:37.973781 np0000191363 devstack@neutron-api.service[102125]: DEBUG neutron_lib.callbacks.manager [None req-03fc08f8-61fb-41a8-8808-46e9eedde990 None None] Subscribe: network precommit_update 55550000, False {{(pid=102125) subscribe /opt/stack/data/venv/lib/python3.12/site-packages/neutron_lib/callbacks/manager.py:52}}
Aug 28 03:13:37.973890 np0000191363 devstack@neutron-api.service[102125]: DEBUG neutron_lib.callbacks.manager [None req-03fc08f8-61fb-41a8-8808-46e9eedde990 None None] Subscribe: network precommit_create 55550000, False {{(pid=102125) subscribe /opt/stack/data/venv/lib/python3.12/site-packages/neutron_lib/callbacks/manager.py:52}}
Aug 28 03:13:37.974100 np0000191363 devstack@neutron-api.service[102125]: DEBUG neutron.manager [None req-03fc08f8-61fb-41a8-8808-46e9eedde990 None None] Successfully loaded auto-allocated-topology plugin. Description: Auto Allocated Topology - aka get me a network. {{(pid=102125) _create_and_add_service_plugin /opt/stack/neutron/neutron/manager.py:236}}
Aug 28 03:13:37.974218 np0000191363 devstack@neutron-api.service[102125]: INFO neutron.manager [None req-03fc08f8-61fb-41a8-8808-46e9eedde990 None None] Loading Plugin: tag
Aug 28 03:13:37.977046 np0000191363 devstack@neutron-api.service[102125]: DEBUG neutron.manager [None req-03fc08f8-61fb-41a8-8808-46e9eedde990 None None] Successfully loaded TAG plugin. Description: Tag support {{(pid=102125) _create_and_add_service_plugin /opt/stack/neutron/neutron/manager.py:236}}
Aug 28 03:13:37.977114 np0000191363 devstack@neutron-api.service[102125]: INFO neutron.manager [None req-03fc08f8-61fb-41a8-8808-46e9eedde990 None None] Loading Plugin: timestamp
Aug 28 03:13:37.978353 np0000191363 devstack@neutron-api.service[102125]: DEBUG neutron.manager [None req-03fc08f8-61fb-41a8-8808-46e9eedde990 None None] Successfully loaded timestamp plugin. Description: Adds timestamps to Neutron resources with standard attributes {{(pid=102125) _create_and_add_service_plugin /opt/stack/neutron/neutron/manager.py:236}}
Aug 28 03:13:37.978455 np0000191363 devstack@neutron-api.service[102125]: INFO neutron.manager [None req-03fc08f8-61fb-41a8-8808-46e9eedde990 None None] Loading Plugin: network_ip_availability
Aug 28 03:13:37.980050 np0000191363 devstack@neutron-api.service[102125]: DEBUG neutron.manager [None req-03fc08f8-61fb-41a8-8808-46e9eedde990 None None] Successfully loaded network-ip-availability plugin. Description: Provides IP availability data for each network and subnet. {{(pid=102125) _create_and_add_service_plugin /opt/stack/neutron/neutron/manager.py:236}}
Aug 28 03:13:37.980050 np0000191363 devstack@neutron-api.service[102125]: INFO neutron.manager [None req-03fc08f8-61fb-41a8-8808-46e9eedde990 None None] Loading Plugin: flavors
Aug 28 03:13:37.981054 np0000191363 devstack@neutron-api.service[102125]: DEBUG neutron.manager [None req-03fc08f8-61fb-41a8-8808-46e9eedde990 None None] Successfully loaded FLAVORS plugin. Description: Neutron Flavors and Service Profiles manager plugin {{(pid=102125) _create_and_add_service_plugin /opt/stack/neutron/neutron/manager.py:236}}
Aug 28 03:13:37.981122 np0000191363 devstack@neutron-api.service[102125]: INFO neutron.manager [None req-03fc08f8-61fb-41a8-8808-46e9eedde990 None None] Loading Plugin: revisions
Aug 28 03:13:37.982132 np0000191363 devstack@neutron-api.service[102125]: DEBUG neutron.manager [None req-03fc08f8-61fb-41a8-8808-46e9eedde990 None None] Successfully loaded revision_plugin plugin. Description: Adds revision numbers to resources. {{(pid=102125) _create_and_add_service_plugin /opt/stack/neutron/neutron/manager.py:236}}
Aug 28 03:13:37.982265 np0000191363 devstack@neutron-api.service[102125]: DEBUG oslo_concurrency.lockutils [None req-03fc08f8-61fb-41a8-8808-46e9eedde990 None None] Lock "manager" "released" by "neutron.manager.NeutronManager._create_instance" :: held 5.693s {{(pid=102125) inner /opt/stack/data/venv/lib/python3.12/site-packages/oslo_concurrency/lockutils.py:544}}
Aug 28 03:13:37.982516 np0000191363 devstack@neutron-api.service[102125]: DEBUG neutron.api.extensions [None req-03fc08f8-61fb-41a8-8808-46e9eedde990 None None] get_extension_paths = OrderedDict({'/opt/stack/neutron/neutron/extensions': 1}) {{(pid=102125) get_extensions_path /opt/stack/neutron/neutron/api/extensions.py:640}}
Aug 28 03:13:37.982648 np0000191363 devstack@neutron-api.service[102125]: INFO neutron.api.extensions [None req-03fc08f8-61fb-41a8-8808-46e9eedde990 None None] Initializing extension manager.
Aug 28 03:13:37.982858 np0000191363 devstack@neutron-api.service[102125]: DEBUG neutron.api.extensions [None req-03fc08f8-61fb-41a8-8808-46e9eedde990 None None] Loading extension file: __init__.py {{(pid=102125) _load_all_extensions_from_path /opt/stack/neutron/neutron/api/extensions.py:449}}
Aug 28 03:13:37.982955 np0000191363 devstack@neutron-api.service[102125]: DEBUG neutron.api.extensions [None req-03fc08f8-61fb-41a8-8808-46e9eedde990 None None] Loading extension file: __pycache__ {{(pid=102125) _load_all_extensions_from_path /opt/stack/neutron/neutron/api/extensions.py:449}}
Aug 28 03:13:37.983076 np0000191363 devstack@neutron-api.service[102125]: DEBUG neutron.api.extensions [None req-03fc08f8-61fb-41a8-8808-46e9eedde990 None None] Loading extension file: aap_reject_multicast.py {{(pid=102125) _load_all_extensions_from_path /opt/stack/neutron/neutron/api/extensions.py:449}}
Aug 28 03:13:37.983327 np0000191363 devstack@neutron-api.service[102125]: DEBUG neutron.api.extensions [None req-03fc08f8-61fb-41a8-8808-46e9eedde990 None None] Ext name="Allowed address pairs reject multicast extension" alias="aap-reject-multicast" description="Reject multicast addresses in Allowed Address Pairs" updated="2026-04-01T00:00:00-00:00" {{(pid=102125) _check_extension /opt/stack/neutron/neutron/api/extensions.py:415}}
Aug 28 03:13:37.983786 np0000191363 devstack@neutron-api.service[102125]: INFO neutron.api.extensions [None req-03fc08f8-61fb-41a8-8808-46e9eedde990 None None] Extension aap-reject-multicast not supported by any of loaded plugins
Aug 28 03:13:37.983874 np0000191363 devstack@neutron-api.service[102125]: DEBUG neutron.api.extensions [None req-03fc08f8-61fb-41a8-8808-46e9eedde990 None None] Loading extension file: address_group.py {{(pid=102125) _load_all_extensions_from_path /opt/stack/neutron/neutron/api/extensions.py:449}}
Aug 28 03:13:37.984202 np0000191363 devstack@neutron-api.service[102125]: DEBUG neutron.api.extensions [None req-03fc08f8-61fb-41a8-8808-46e9eedde990 None None] Ext name="Address group" alias="address-group" description="Support address group" updated="2020-07-15T10:00:00-00:00" {{(pid=102125) _check_extension /opt/stack/neutron/neutron/api/extensions.py:415}}
Aug 28 03:13:37.984372 np0000191363 devstack@neutron-api.service[102125]: INFO neutron.api.extensions [None req-03fc08f8-61fb-41a8-8808-46e9eedde990 None None] Loaded extension: address-group
Aug 28 03:13:37.984474 np0000191363 devstack@neutron-api.service[102125]: DEBUG neutron.api.extensions [None req-03fc08f8-61fb-41a8-8808-46e9eedde990 None None] Loading extension file: address_scope.py {{(pid=102125) _load_all_extensions_from_path /opt/stack/neutron/neutron/api/extensions.py:449}}
Aug 28 03:13:37.984750 np0000191363 devstack@neutron-api.service[102125]: DEBUG neutron.api.extensions [None req-03fc08f8-61fb-41a8-8808-46e9eedde990 None None] Ext name="Address scope" alias="address-scope" description="Address scopes extension." updated="2015-07-26T10:00:00-00:00" {{(pid=102125) _check_extension /opt/stack/neutron/neutron/api/extensions.py:415}}
Aug 28 03:13:37.984918 np0000191363 devstack@neutron-api.service[102125]: INFO neutron.api.extensions [None req-03fc08f8-61fb-41a8-8808-46e9eedde990 None None] Loaded extension: address-scope
Aug 28 03:13:37.985090 np0000191363 devstack@neutron-api.service[102125]: DEBUG neutron.api.extensions [None req-03fc08f8-61fb-41a8-8808-46e9eedde990 None None] Loading extension file: admin_state_down_before_update.py {{(pid=102125) _load_all_extensions_from_path /opt/stack/neutron/neutron/api/extensions.py:449}}
