Aug 28 03:13:37.985226 np0000191363 devstack@neutron-api.service[102125]: DEBUG neutron.api.extensions [None req-03fc08f8-61fb-41a8-8808-46e9eedde990 None None] Ext name="Enforce Router's Admin State Down Before Update Extension" alias="router-admin-state-down-before-update" description="Ensure that the admin state of a router is DOWN (admin_state_up=False) before updating the distributed attribute" updated="2019-07-02T15:56:00" {{(pid=102125) _check_extension /opt/stack/neutron/neutron/api/extensions.py:415}}
Aug 28 03:13:37.985391 np0000191363 devstack@neutron-api.service[102125]: INFO neutron.api.extensions [None req-03fc08f8-61fb-41a8-8808-46e9eedde990 None None] Extension router-admin-state-down-before-update not supported by any of loaded plugins
Aug 28 03:13:37.985513 np0000191363 devstack@neutron-api.service[102125]: DEBUG neutron.api.extensions [None req-03fc08f8-61fb-41a8-8808-46e9eedde990 None None] Loading extension file: agent.py {{(pid=102125) _load_all_extensions_from_path /opt/stack/neutron/neutron/api/extensions.py:449}}
Aug 28 03:13:37.985760 np0000191363 devstack@neutron-api.service[102125]: DEBUG neutron.api.extensions [None req-03fc08f8-61fb-41a8-8808-46e9eedde990 None None] Ext name="agent" alias="agent" description="The agent management extension." updated="2013-02-03T10:00:00-00:00" {{(pid=102125) _check_extension /opt/stack/neutron/neutron/api/extensions.py:415}}
Aug 28 03:13:37.985790 np0000191363 devstack@neutron-api.service[102126]: INFO neutron.plugins.ml2.drivers.type_vlan [None req-7bf01630-3d6a-4fe4-a984-35a9d6425f3a None None] VlanTypeDriver initialization complete
Aug 28 03:13:37.986085 np0000191363 devstack@neutron-api.service[102125]: INFO neutron.api.extensions [None req-03fc08f8-61fb-41a8-8808-46e9eedde990 None None] Loaded extension: agent
Aug 28 03:13:37.986404 np0000191363 devstack@neutron-api.service[102126]: INFO neutron.plugins.ml2.managers [None req-7bf01630-3d6a-4fe4-a984-35a9d6425f3a None None] Initializing extension driver 'port_security'
Aug 28 03:13:37.986489 np0000191363 devstack@neutron-api.service[102125]: DEBUG neutron.api.extensions [None req-03fc08f8-61fb-41a8-8808-46e9eedde990 None None] Loading extension file: agent_resources_synced.py {{(pid=102125) _load_all_extensions_from_path /opt/stack/neutron/neutron/api/extensions.py:449}}
Aug 28 03:13:37.986578 np0000191363 devstack@neutron-api.service[102126]: INFO neutron.plugins.ml2.extensions.port_security [None req-7bf01630-3d6a-4fe4-a984-35a9d6425f3a None None] PortSecurityExtensionDriver initialization complete
Aug 28 03:13:37.986578 np0000191363 devstack@neutron-api.service[102126]: INFO neutron.plugins.ml2.managers [None req-7bf01630-3d6a-4fe4-a984-35a9d6425f3a None None] Initializing extension driver 'qos'
Aug 28 03:13:37.986578 np0000191363 devstack@neutron-api.service[102126]: DEBUG neutron.plugins.ml2.extensions.qos [None req-7bf01630-3d6a-4fe4-a984-35a9d6425f3a None None] QosExtensionDriver initialization complete {{(pid=102126) initialize /opt/stack/neutron/neutron/plugins/ml2/extensions/qos.py:31}}
Aug 28 03:13:37.986657 np0000191363 devstack@neutron-api.service[102125]: DEBUG neutron.api.extensions [None req-03fc08f8-61fb-41a8-8808-46e9eedde990 None None] Ext name="Agent's Resource View Synced to Placement" alias="agent-resources-synced" description="Stores success/failure of last sync to Placement" updated="2018-12-19T00:00:00-00:00" {{(pid=102125) _check_extension /opt/stack/neutron/neutron/api/extensions.py:415}}
Aug 28 03:13:37.986804 np0000191363 devstack@neutron-api.service[102126]: INFO neutron.plugins.ml2.managers [None req-7bf01630-3d6a-4fe4-a984-35a9d6425f3a None None] Initializing mechanism driver 'ovn'
Aug 28 03:13:37.986891 np0000191363 devstack@neutron-api.service[102125]: INFO neutron.api.extensions [None req-03fc08f8-61fb-41a8-8808-46e9eedde990 None None] Extension agent-resources-synced not supported by any of loaded plugins
Aug 28 03:13:37.986924 np0000191363 devstack@neutron-api.service[102126]: INFO neutron.plugins.ml2.drivers.ovn.mech_driver.mech_driver [None req-7bf01630-3d6a-4fe4-a984-35a9d6425f3a None None] Starting OVNMechanismDriver
Aug 28 03:13:37.986987 np0000191363 devstack@neutron-api.service[102125]: DEBUG neutron.api.extensions [None req-03fc08f8-61fb-41a8-8808-46e9eedde990 None None] Loading extension file: agent_sort_key.py {{(pid=102125) _load_all_extensions_from_path /opt/stack/neutron/neutron/api/extensions.py:449}}
Aug 28 03:13:37.986987 np0000191363 devstack@neutron-api.service[102125]: DEBUG neutron.api.extensions [None req-03fc08f8-61fb-41a8-8808-46e9eedde990 None None] Ext name="Agents Sort Key" alias="agent_sort_key" description="Enabling the keyword sort_key for sorting in agents." updated="2013-02-03T10:00:00-00:00" {{(pid=102125) _check_extension /opt/stack/neutron/neutron/api/extensions.py:415}}
Aug 28 03:13:37.986987 np0000191363 devstack@neutron-api.service[102125]: INFO neutron.api.extensions [None req-03fc08f8-61fb-41a8-8808-46e9eedde990 None None] Extension agent_sort_key not supported by any of loaded plugins
Aug 28 03:13:37.986987 np0000191363 devstack@neutron-api.service[102125]: DEBUG neutron.api.extensions [None req-03fc08f8-61fb-41a8-8808-46e9eedde990 None None] Loading extension file: allowedaddresspairs.py {{(pid=102125) _load_all_extensions_from_path /opt/stack/neutron/neutron/api/extensions.py:449}}
Aug 28 03:13:37.987660 np0000191363 devstack@neutron-api.service[102125]: DEBUG neutron.api.extensions [None req-03fc08f8-61fb-41a8-8808-46e9eedde990 None None] Ext name="Allowed Address Pairs" alias="allowed-address-pairs" description="Provides allowed address pairs" updated="2013-07-23T10:00:00-00:00" {{(pid=102125) _check_extension /opt/stack/neutron/neutron/api/extensions.py:415}}
Aug 28 03:13:37.987834 np0000191363 devstack@neutron-api.service[102125]: INFO neutron.api.extensions [None req-03fc08f8-61fb-41a8-8808-46e9eedde990 None None] Loaded extension: allowed-address-pairs
Aug 28 03:13:37.987920 np0000191363 devstack@neutron-api.service[102125]: DEBUG neutron.api.extensions [None req-03fc08f8-61fb-41a8-8808-46e9eedde990 None None] Loading extension file: auto_allocated_topology.py {{(pid=102125) _load_all_extensions_from_path /opt/stack/neutron/neutron/api/extensions.py:449}}
Aug 28 03:13:37.988202 np0000191363 devstack@neutron-api.service[102125]: DEBUG neutron.api.extensions [None req-03fc08f8-61fb-41a8-8808-46e9eedde990 None None] Ext name="Auto Allocated Topology Services" alias="auto-allocated-topology" description="Auto Allocated Topology Services." updated="2016-01-01T00:00:00-00:00" {{(pid=102125) _check_extension /opt/stack/neutron/neutron/api/extensions.py:415}}
Aug 28 03:13:37.988344 np0000191363 devstack@neutron-api.service[102125]: INFO neutron.api.extensions [None req-03fc08f8-61fb-41a8-8808-46e9eedde990 None None] Loaded extension: auto-allocated-topology
Aug 28 03:13:37.988419 np0000191363 devstack@neutron-api.service[102126]: DEBUG neutron_lib.callbacks.manager [None req-7bf01630-3d6a-4fe4-a984-35a9d6425f3a None None] Subscribe: > process before_spawn 55550000, False {{(pid=102126) subscribe /opt/stack/data/venv/lib/python3.12/site-packages/neutron_lib/callbacks/manager.py:52}}
Aug 28 03:13:37.988460 np0000191363 devstack@neutron-api.service[102125]: DEBUG neutron.api.extensions [None req-03fc08f8-61fb-41a8-8808-46e9eedde990 None None] Loading extension file: availability_zone.py {{(pid=102125) _load_all_extensions_from_path /opt/stack/neutron/neutron/api/extensions.py:449}}
Aug 28 03:13:37.988601 np0000191363 devstack@neutron-api.service[102126]: DEBUG neutron_lib.callbacks.manager [None req-7bf01630-3d6a-4fe4-a984-35a9d6425f3a None None] Subscribe: > process after_init 55550000, True {{(pid=102126) subscribe /opt/stack/data/venv/lib/python3.12/site-packages/neutron_lib/callbacks/manager.py:52}}
Aug 28 03:13:37.988869 np0000191363 devstack@neutron-api.service[102126]: DEBUG neutron_lib.callbacks.manager [None req-7bf01630-3d6a-4fe4-a984-35a9d6425f3a None None] Subscribe: > segment after_create 55550000, False {{(pid=102126) subscribe /opt/stack/data/venv/lib/python3.12/site-packages/neutron_lib/callbacks/manager.py:52}}
Aug 28 03:13:37.988902 np0000191363 devstack@neutron-api.service[102125]: DEBUG neutron.api.extensions [None req-03fc08f8-61fb-41a8-8808-46e9eedde990 None None] Ext name="Availability Zone" alias="availability_zone" description="The availability zone extension." updated="2015-01-01T10:00:00-00:00" {{(pid=102125) _check_extension /opt/stack/neutron/neutron/api/extensions.py:415}}
Aug 28 03:13:37.988997 np0000191363 devstack@neutron-api.service[102126]: DEBUG neutron_lib.callbacks.manager [None req-7bf01630-3d6a-4fe4-a984-35a9d6425f3a None None] Subscribe: > segment after_create 55550000, False {{(pid=102126) subscribe /opt/stack/data/venv/lib/python3.12/site-packages/neutron_lib/callbacks/manager.py:52}}
Aug 28 03:13:37.989088 np0000191363 devstack@neutron-api.service[102126]: DEBUG neutron_lib.callbacks.manager [None req-7bf01630-3d6a-4fe4-a984-35a9d6425f3a None None] Subscribe: > segment after_delete 55550000, False {{(pid=102126) subscribe /opt/stack/data/venv/lib/python3.12/site-packages/neutron_lib/callbacks/manager.py:52}}
Aug 28 03:13:37.989215 np0000191363 devstack@neutron-api.service[102126]: DEBUG neutron_lib.callbacks.manager [None req-7bf01630-3d6a-4fe4-a984-35a9d6425f3a None None] Subscribe: > allowed_address_pair before_create 55550000, False {{(pid=102126) subscribe /opt/stack/data/venv/lib/python3.12/site-packages/neutron_lib/callbacks/manager.py:52}}
Aug 28 03:13:37.989321 np0000191363 devstack@neutron-api.service[102126]: DEBUG neutron_lib.callbacks.manager [None req-7bf01630-3d6a-4fe4-a984-35a9d6425f3a None None] Subscribe: > security_group precommit_create 55550000, False {{(pid=102126) subscribe /opt/stack/data/venv/lib/python3.12/site-packages/neutron_lib/callbacks/manager.py:52}}
Aug 28 03:13:37.989398 np0000191363 devstack@neutron-api.service[102126]: DEBUG neutron_lib.callbacks.manager [None req-7bf01630-3d6a-4fe4-a984-35a9d6425f3a None None] Subscribe: > security_group after_update 55550000, False {{(pid=102126) subscribe /opt/stack/data/venv/lib/python3.12/site-packages/neutron_lib/callbacks/manager.py:52}}
Aug 28 03:13:37.989772 np0000191363 devstack@neutron-api.service[102126]: DEBUG neutron_lib.callbacks.manager [None req-7bf01630-3d6a-4fe4-a984-35a9d6425f3a None None] Subscribe: > security_group after_create 55550000, False {{(pid=102126) subscribe /opt/stack/data/venv/lib/python3.12/site-packages/neutron_lib/callbacks/manager.py:52}}
Aug 28 03:13:37.989772 np0000191363 devstack@neutron-api.service[102126]: DEBUG neutron_lib.callbacks.manager [None req-7bf01630-3d6a-4fe4-a984-35a9d6425f3a None None] Subscribe: > security_group precommit_delete 55550000, False {{(pid=102126) subscribe /opt/stack/data/venv/lib/python3.12/site-packages/neutron_lib/callbacks/manager.py:52}}
Aug 28 03:13:37.989772 np0000191363 devstack@neutron-api.service[102126]: DEBUG neutron_lib.callbacks.manager [None req-7bf01630-3d6a-4fe4-a984-35a9d6425f3a None None] Subscribe: > security_group after_delete 55550000, False {{(pid=102126) subscribe /opt/stack/data/venv/lib/python3.12/site-packages/neutron_lib/callbacks/manager.py:52}}
Aug 28 03:13:37.989772 np0000191363 devstack@neutron-api.service[102126]: DEBUG neutron_lib.callbacks.manager [None req-7bf01630-3d6a-4fe4-a984-35a9d6425f3a None None] Subscribe: > security_group_rule precommit_create 55550000, False {{(pid=102126) subscribe /opt/stack/data/venv/lib/python3.12/site-packages/neutron_lib/callbacks/manager.py:52}}
Aug 28 03:13:37.989911 np0000191363 devstack@neutron-api.service[102126]: DEBUG neutron_lib.callbacks.manager [None req-7bf01630-3d6a-4fe4-a984-35a9d6425f3a None None] Subscribe: > security_group_rule after_create 55550000, False {{(pid=102126) subscribe /opt/stack/data/venv/lib/python3.12/site-packages/neutron_lib/callbacks/manager.py:52}}
Aug 28 03:13:37.990041 np0000191363 devstack@neutron-api.service[102126]: DEBUG neutron_lib.callbacks.manager [None req-7bf01630-3d6a-4fe4-a984-35a9d6425f3a None None] Subscribe: > security_group_rule before_delete 55550000, False {{(pid=102126) subscribe /opt/stack/data/venv/lib/python3.12/site-packages/neutron_lib/callbacks/manager.py:52}}
Aug 28 03:13:37.990041 np0000191363 devstack@neutron-api.service[102126]: DEBUG neutron_lib.callbacks.manager [None req-7bf01630-3d6a-4fe4-a984-35a9d6425f3a None None] Subscribe: > address_group after_create 55550000, False {{(pid=102126) subscribe /opt/stack/data/venv/lib/python3.12/site-packages/neutron_lib/callbacks/manager.py:52}}
Aug 28 03:13:37.990257 np0000191363 devstack@neutron-api.service[102126]: DEBUG neutron_lib.callbacks.manager [None req-7bf01630-3d6a-4fe4-a984-35a9d6425f3a None None] Subscribe: > address_group after_update 55550000, False {{(pid=102126) subscribe /opt/stack/data/venv/lib/python3.12/site-packages/neutron_lib/callbacks/manager.py:52}}
Aug 28 03:13:37.990343 np0000191363 devstack@neutron-api.service[102126]: DEBUG neutron_lib.callbacks.manager [None req-7bf01630-3d6a-4fe4-a984-35a9d6425f3a None None] Subscribe: > address_group after_delete 55550000, False {{(pid=102126) subscribe /opt/stack/data/venv/lib/python3.12/site-packages/neutron_lib/callbacks/manager.py:52}}
Aug 28 03:13:37.990409 np0000191363 devstack@neutron-api.service[102125]: INFO neutron.api.extensions [None req-03fc08f8-61fb-41a8-8808-46e9eedde990 None None] Loaded extension: availability_zone
Aug 28 03:13:37.990409 np0000191363 devstack@neutron-api.service[102125]: DEBUG neutron.api.extensions [None req-03fc08f8-61fb-41a8-8808-46e9eedde990 None None] Loading extension file: availability_zone_filter.py {{(pid=102125) _load_all_extensions_from_path /opt/stack/neutron/neutron/api/extensions.py:449}}
Aug 28 03:13:37.990560 np0000191363 devstack@neutron-api.service[102126]: DEBUG neutron_lib.callbacks.manager [None req-7bf01630-3d6a-4fe4-a984-35a9d6425f3a None None] Subscribe: > qos_plugin after_init 55550000, False {{(pid=102126) subscribe /opt/stack/data/venv/lib/python3.12/site-packages/neutron_lib/callbacks/manager.py:52}}
Aug 28 03:13:37.990971 np0000191363 devstack@neutron-api.service[102125]: DEBUG neutron.api.extensions [None req-03fc08f8-61fb-41a8-8808-46e9eedde990 None None] Ext name="Availability Zone Filter Extension" alias="availability_zone_filter" description="Add filter parameters to AvailabilityZone resource" updated="2018-06-22T10:00:00-00:00" {{(pid=102125) _check_extension /opt/stack/neutron/neutron/api/extensions.py:415}}
Aug 28 03:13:37.991056 np0000191363 devstack@neutron-api.service[102126]: DEBUG neutron_lib.callbacks.manager [None req-7bf01630-3d6a-4fe4-a984-35a9d6425f3a None None] Subscribe: > trunk_plugin after_init 55550000, False {{(pid=102126) subscribe /opt/stack/data/venv/lib/python3.12/site-packages/neutron_lib/callbacks/manager.py:52}}
Aug 28 03:13:37.991120 np0000191363 devstack@neutron-api.service[102125]: INFO neutron.api.extensions [None req-03fc08f8-61fb-41a8-8808-46e9eedde990 None None] Extension availability_zone_filter not supported by any of loaded plugins
Aug 28 03:13:37.991120 np0000191363 devstack@neutron-api.service[102125]: DEBUG neutron.api.extensions [None req-03fc08f8-61fb-41a8-8808-46e9eedde990 None None] Loading extension file: data_plane_status.py {{(pid=102125) _load_all_extensions_from_path /opt/stack/neutron/neutron/api/extensions.py:449}}
Aug 28 03:13:37.991253 np0000191363 devstack@neutron-api.service[102126]: DEBUG neutron_lib.callbacks.manager [None req-7bf01630-3d6a-4fe4-a984-35a9d6425f3a None None] Subscribe: > logging-plugin after_init 55550000, False {{(pid=102126) subscribe /opt/stack/data/venv/lib/python3.12/site-packages/neutron_lib/callbacks/manager.py:52}}
Aug 28 03:13:37.991428 np0000191363 devstack@neutron-api.service[102125]: DEBUG neutron.api.extensions [None req-03fc08f8-61fb-41a8-8808-46e9eedde990 None None] Ext name="Port data plane status extension" alias="data-plane-status" description="Expose status of underlying data plane" updated="2017-01-24T10:00:00-00:00" {{(pid=102125) _check_extension /opt/stack/neutron/neutron/api/extensions.py:415}}
Aug 28 03:13:37.991496 np0000191363 devstack@neutron-api.service[102125]: INFO neutron.api.extensions [None req-03fc08f8-61fb-41a8-8808-46e9eedde990 None None] Extension data-plane-status not supported by any of loaded plugins
Aug 28 03:13:37.991612 np0000191363 devstack@neutron-api.service[102125]: DEBUG neutron.api.extensions [None req-03fc08f8-61fb-41a8-8808-46e9eedde990 None None] Loading extension file: default_subnetpools.py {{(pid=102125) _load_all_extensions_from_path /opt/stack/neutron/neutron/api/extensions.py:449}}
Aug 28 03:13:37.991694 np0000191363 devstack@neutron-api.service[102126]: INFO neutron.services.logapi.drivers.ovn.driver [None req-7bf01630-3d6a-4fe4-a984-35a9d6425f3a None None] OVN logging driver registered
Aug 28 03:13:37.991753 np0000191363 devstack@neutron-api.service[102126]: DEBUG neutron_lib.callbacks.manager [None req-7bf01630-3d6a-4fe4-a984-35a9d6425f3a None None] Subscribe: ._register_pvlan_driver at 0x78f228ec63e0> pvlan_plugin before_spawn 55550000, False {{(pid=102126) subscribe /opt/stack/data/venv/lib/python3.12/site-packages/neutron_lib/callbacks/manager.py:52}}
Aug 28 03:13:37.991841 np0000191363 devstack@neutron-api.service[102125]: DEBUG neutron.api.extensions [None req-03fc08f8-61fb-41a8-8808-46e9eedde990 None None] Ext name="Default Subnetpools" alias="default-subnetpools" description="Provides ability to mark and use a subnetpool as the default." updated="2016-02-18T18:00:00-00:00" {{(pid=102125) _check_extension /opt/stack/neutron/neutron/api/extensions.py:415}}
Aug 28 03:13:37.991906 np0000191363 devstack@neutron-api.service[102126]: DEBUG neutron_lib.callbacks.manager [None req-7bf01630-3d6a-4fe4-a984-35a9d6425f3a None None] Subscribe: process after_init 55550000, False {{(pid=102126) subscribe /opt/stack/data/venv/lib/python3.12/site-packages/neutron_lib/callbacks/manager.py:52}}
Aug 28 03:13:37.991989 np0000191363 devstack@neutron-api.service[102125]: INFO neutron.api.extensions [None req-03fc08f8-61fb-41a8-8808-46e9eedde990 None None] Loaded extension: default-subnetpools
Aug 28 03:13:37.992053 np0000191363 devstack@neutron-api.service[102125]: DEBUG neutron.api.extensions [None req-03fc08f8-61fb-41a8-8808-46e9eedde990 None None] Loading extension file: dhcpagentscheduler.py {{(pid=102125) _load_all_extensions_from_path /opt/stack/neutron/neutron/api/extensions.py:449}}
Aug 28 03:13:37.992477 np0000191363 devstack@neutron-api.service[102125]: DEBUG neutron.api.extensions [None req-03fc08f8-61fb-41a8-8808-46e9eedde990 None None] Ext name="DHCP Agent Scheduler" alias="dhcp_agent_scheduler" description="Schedule networks among dhcp agents" updated="2013-02-07T10:00:00-00:00" {{(pid=102125) _check_extension /opt/stack/neutron/neutron/api/extensions.py:415}}
Aug 28 03:13:37.992655 np0000191363 devstack@neutron-api.service[102125]: INFO neutron.api.extensions [None req-03fc08f8-61fb-41a8-8808-46e9eedde990 None None] Loaded extension: dhcp_agent_scheduler
Aug 28 03:13:37.992655 np0000191363 devstack@neutron-api.service[102125]: DEBUG neutron.api.extensions [None req-03fc08f8-61fb-41a8-8808-46e9eedde990 None None] Loading extension file: dns.py {{(pid=102125) _load_all_extensions_from_path /opt/stack/neutron/neutron/api/extensions.py:449}}
Aug 28 03:13:37.992912 np0000191363 devstack@neutron-api.service[102125]: DEBUG neutron.api.extensions [None req-03fc08f8-61fb-41a8-8808-46e9eedde990 None None] Ext name="DNS Integration" alias="dns-integration" description="Provides integration with DNS." updated="2015-08-15T18:00:00-00:00" {{(pid=102125) _check_extension /opt/stack/neutron/neutron/api/extensions.py:415}}
Aug 28 03:13:37.993133 np0000191363 devstack@neutron-api.service[102125]: INFO neutron.api.extensions [None req-03fc08f8-61fb-41a8-8808-46e9eedde990 None None] Loaded extension: dns-integration
Aug 28 03:13:37.993133 np0000191363 devstack@neutron-api.service[102125]: DEBUG neutron.api.extensions [None req-03fc08f8-61fb-41a8-8808-46e9eedde990 None None] Loading extension file: dns_domain_ports.py {{(pid=102125) _load_all_extensions_from_path /opt/stack/neutron/neutron/api/extensions.py:449}}
Aug 28 03:13:37.993413 np0000191363 devstack@neutron-api.service[102125]: DEBUG neutron.api.extensions [None req-03fc08f8-61fb-41a8-8808-46e9eedde990 None None] Ext name="dns_domain for ports" alias="dns-domain-ports" description="Allows the DNS domain to be specified for a network port." updated="2017-04-24T10:00:00-00:00" {{(pid=102125) _check_extension /opt/stack/neutron/neutron/api/extensions.py:415}}
Aug 28 03:13:37.993502 np0000191363 devstack@neutron-api.service[102126]: DEBUG neutron.plugins.ml2.plugin [None req-7bf01630-3d6a-4fe4-a984-35a9d6425f3a None None] neutron.plugins.ml2.plugin.Ml2Plugin method _start_rpc_notifiers called with arguments () {} {{(pid=102126) wrapper /opt/stack/data/venv/lib/python3.12/site-packages/oslo_log/helpers.py:77}}
Aug 28 03:13:37.993561 np0000191363 devstack@neutron-api.service[102125]: INFO neutron.api.extensions [None req-03fc08f8-61fb-41a8-8808-46e9eedde990 None None] Loaded extension: dns-domain-ports
Aug 28 03:13:37.993676 np0000191363 devstack@neutron-api.service[102125]: DEBUG neutron.api.extensions [None req-03fc08f8-61fb-41a8-8808-46e9eedde990 None None] Loading extension file: dns_integration_domain_keywords.py {{(pid=102125) _load_all_extensions_from_path /opt/stack/neutron/neutron/api/extensions.py:449}}
Aug 28 03:13:37.993765 np0000191363 devstack@neutron-api.service[102126]: DEBUG neutron_lib.callbacks.manager [None req-7bf01630-3d6a-4fe4-a984-35a9d6425f3a None None] Subscribe: > port after_create 55550000, False {{(pid=102126) subscribe /opt/stack/data/venv/lib/python3.12/site-packages/neutron_lib/callbacks/manager.py:52}}
Aug 28 03:13:37.993823 np0000191363 devstack@neutron-api.service[102126]: DEBUG neutron_lib.callbacks.manager [None req-7bf01630-3d6a-4fe4-a984-35a9d6425f3a None None] Subscribe: > port after_update 55550000, False {{(pid=102126) subscribe /opt/stack/data/venv/lib/python3.12/site-packages/neutron_lib/callbacks/manager.py:52}}
Aug 28 03:13:37.993918 np0000191363 devstack@neutron-api.service[102125]: DEBUG neutron.api.extensions [None req-03fc08f8-61fb-41a8-8808-46e9eedde990 None None] Ext name="DNS domain names with keywords allowed" alias="dns-integration-domain-keywords" description="Allows to use keywords like , , and as DNS domain name" updated="2020-06-15T18:00:00-00:00" {{(pid=102125) _check_extension /opt/stack/neutron/neutron/api/extensions.py:415}}
Aug 28 03:13:37.993977 np0000191363 devstack@neutron-api.service[102126]: DEBUG neutron_lib.callbacks.manager [None req-7bf01630-3d6a-4fe4-a984-35a9d6425f3a None None] Subscribe: > port after_delete 55550000, False {{(pid=102126) subscribe /opt/stack/data/venv/lib/python3.12/site-packages/neutron_lib/callbacks/manager.py:52}}
Aug 28 03:13:37.994036 np0000191363 devstack@neutron-api.service[102125]: INFO neutron.api.extensions [None req-03fc08f8-61fb-41a8-8808-46e9eedde990 None None] Loaded extension: dns-integration-domain-keywords
Aug 28 03:13:37.994101 np0000191363 devstack@neutron-api.service[102126]: DEBUG neutron_lib.callbacks.manager [None req-7bf01630-3d6a-4fe4-a984-35a9d6425f3a None None] Subscribe: > subnet after_create 55550000, False {{(pid=102126) subscribe /opt/stack/data/venv/lib/python3.12/site-packages/neutron_lib/callbacks/manager.py:52}}
Aug 28 03:13:37.994210 np0000191363 devstack@neutron-api.service[102125]: DEBUG neutron.api.extensions [None req-03fc08f8-61fb-41a8-8808-46e9eedde990 None None] Loading extension file: dvr.py {{(pid=102125) _load_all_extensions_from_path /opt/stack/neutron/neutron/api/extensions.py:449}}
Aug 28 03:13:37.994268 np0000191363 devstack@neutron-api.service[102126]: DEBUG neutron_lib.callbacks.manager [None req-7bf01630-3d6a-4fe4-a984-35a9d6425f3a None None] Subscribe: > subnet after_update 55550000, False {{(pid=102126) subscribe /opt/stack/data/venv/lib/python3.12/site-packages/neutron_lib/callbacks/manager.py:52}}
Aug 28 03:13:37.994268 np0000191363 devstack@neutron-api.service[102126]: DEBUG neutron_lib.callbacks.manager [None req-7bf01630-3d6a-4fe4-a984-35a9d6425f3a None None] Subscribe: > subnet after_delete 55550000, False {{(pid=102126) subscribe /opt/stack/data/venv/lib/python3.12/site-packages/neutron_lib/callbacks/manager.py:52}}
Aug 28 03:13:37.994386 np0000191363 devstack@neutron-api.service[102126]: DEBUG neutron_lib.callbacks.manager [None req-7bf01630-3d6a-4fe4-a984-35a9d6425f3a None None] Subscribe: > network after_create 55550000, False {{(pid=102126) subscribe /opt/stack/data/venv/lib/python3.12/site-packages/neutron_lib/callbacks/manager.py:52}}
Aug 28 03:13:37.994445 np0000191363 devstack@neutron-api.service[102125]: DEBUG neutron.api.extensions [None req-03fc08f8-61fb-41a8-8808-46e9eedde990 None None] Ext name="Distributed Virtual Router" alias="dvr" description="Enables configuration of Distributed Virtual Routers." updated="2014-06-1T10:00:00-00:00" {{(pid=102125) _check_extension /opt/stack/neutron/neutron/api/extensions.py:415}}
Aug 28 03:13:37.994529 np0000191363 devstack@neutron-api.service[102126]: DEBUG neutron_lib.callbacks.manager [None req-7bf01630-3d6a-4fe4-a984-35a9d6425f3a None None] Subscribe: > network after_update 55550000, False {{(pid=102126) subscribe /opt/stack/data/venv/lib/python3.12/site-packages/neutron_lib/callbacks/manager.py:52}}
Aug 28 03:13:37.994529 np0000191363 devstack@neutron-api.service[102126]: DEBUG neutron_lib.callbacks.manager [None req-7bf01630-3d6a-4fe4-a984-35a9d6425f3a None None] Subscribe: > network after_delete 55550000, False {{(pid=102126) subscribe /opt/stack/data/venv/lib/python3.12/site-packages/neutron_lib/callbacks/manager.py:52}}
Aug 28 03:13:37.994623 np0000191363 devstack@neutron-api.service[102125]: INFO neutron.api.extensions [None req-03fc08f8-61fb-41a8-8808-46e9eedde990 None None] Extension dvr not supported by any of loaded plugins
Aug 28 03:13:37.994708 np0000191363 devstack@neutron-api.service[102126]: DEBUG neutron_lib.callbacks.manager [None req-7bf01630-3d6a-4fe4-a984-35a9d6425f3a None None] Subscribe: > security_group after_create 55550000, False {{(pid=102126) subscribe /opt/stack/data/venv/lib/python3.12/site-packages/neutron_lib/callbacks/manager.py:52}}
Aug 28 03:13:37.994886 np0000191363 devstack@neutron-api.service[102125]: DEBUG neutron.api.extensions [None req-03fc08f8-61fb-41a8-8808-46e9eedde990 None None] Loading extension file: ecmp_routes.py {{(pid=102125) _load_all_extensions_from_path /opt/stack/neutron/neutron/api/extensions.py:449}}
Aug 28 03:13:37.994947 np0000191363 devstack@neutron-api.service[102126]: DEBUG neutron_lib.callbacks.manager [None req-7bf01630-3d6a-4fe4-a984-35a9d6425f3a None None] Subscribe: > security_group after_update 55550000, False {{(pid=102126) subscribe /opt/stack/data/venv/lib/python3.12/site-packages/neutron_lib/callbacks/manager.py:52}}
Aug 28 03:13:37.994947 np0000191363 devstack@neutron-api.service[102126]: DEBUG neutron_lib.callbacks.manager [None req-7bf01630-3d6a-4fe4-a984-35a9d6425f3a None None] Subscribe: > security_group after_delete 55550000, False {{(pid=102126) subscribe /opt/stack/data/venv/lib/python3.12/site-packages/neutron_lib/callbacks/manager.py:52}}
Aug 28 03:13:37.995245 np0000191363 devstack@neutron-api.service[102125]: DEBUG neutron.api.extensions [None req-03fc08f8-61fb-41a8-8808-46e9eedde990 None None] Ext name="Equal Cost Multipath Routing" alias="ecmp_routes" description="Allows traffic to reach thesame destination via multiple different links " updated="2020-11-26T18:00:00-00:00" {{(pid=102125) _check_extension /opt/stack/neutron/neutron/api/extensions.py:415}}
Aug 28 03:13:37.995405 np0000191363 devstack@neutron-api.service[102126]: DEBUG neutron_lib.callbacks.manager [None req-7bf01630-3d6a-4fe4-a984-35a9d6425f3a None None] Subscribe: > security_group_rule after_create 55550000, False {{(pid=102126) subscribe /opt/stack/data/venv/lib/python3.12/site-packages/neutron_lib/callbacks/manager.py:52}}
Aug 28 03:13:37.995405 np0000191363 devstack@neutron-api.service[102126]: DEBUG neutron_lib.callbacks.manager [None req-7bf01630-3d6a-4fe4-a984-35a9d6425f3a None None] Subscribe: > security_group_rule after_update 55550000, False {{(pid=102126) subscribe /opt/stack/data/venv/lib/python3.12/site-packages/neutron_lib/callbacks/manager.py:52}}
Aug 28 03:13:37.995499 np0000191363 devstack@neutron-api.service[102125]: INFO neutron.api.extensions [None req-03fc08f8-61fb-41a8-8808-46e9eedde990 None None] Extension ecmp_routes not supported by any of loaded plugins
Aug 28 03:13:37.995676 np0000191363 devstack@neutron-api.service[102126]: DEBUG neutron_lib.callbacks.manager [None req-7bf01630-3d6a-4fe4-a984-35a9d6425f3a None None] Subscribe: > security_group_rule after_delete 55550000, False {{(pid=102126) subscribe /opt/stack/data/venv/lib/python3.12/site-packages/neutron_lib/callbacks/manager.py:52}}
Aug 28 03:13:37.995780 np0000191363 devstack@neutron-api.service[102125]: DEBUG neutron.api.extensions [None req-03fc08f8-61fb-41a8-8808-46e9eedde990 None None] Loading extension file: empty_string_filtering.py {{(pid=102125) _load_all_extensions_from_path /opt/stack/neutron/neutron/api/extensions.py:449}}
Aug 28 03:13:37.995810 np0000191363 devstack@neutron-api.service[102126]: DEBUG neutron_lib.callbacks.manager [None req-7bf01630-3d6a-4fe4-a984-35a9d6425f3a None None] Subscribe: > address_group after_create 55550000, False {{(pid=102126) subscribe /opt/stack/data/venv/lib/python3.12/site-packages/neutron_lib/callbacks/manager.py:52}}
Aug 28 03:13:37.995810 np0000191363 devstack@neutron-api.service[102126]: DEBUG neutron_lib.callbacks.manager [None req-7bf01630-3d6a-4fe4-a984-35a9d6425f3a None None] Subscribe: > address_group after_update 55550000, False {{(pid=102126) subscribe /opt/stack/data/venv/lib/python3.12/site-packages/neutron_lib/callbacks/manager.py:52}}
Aug 28 03:13:37.995865 np0000191363 devstack@neutron-api.service[102125]: DEBUG neutron.api.extensions [None req-03fc08f8-61fb-41a8-8808-46e9eedde990 None None] Ext name="Empty String Filtering Extension" alias="empty-string-filtering" description="Allow filtering by attributes with empty string value" updated="2018-05-01T10:00:00-00:00" {{(pid=102125) _check_extension /opt/stack/neutron/neutron/api/extensions.py:415}}
Aug 28 03:13:37.995935 np0000191363 devstack@neutron-api.service[102126]: DEBUG neutron_lib.callbacks.manager [None req-7bf01630-3d6a-4fe4-a984-35a9d6425f3a None None] Subscribe: > address_group after_delete 55550000, False {{(pid=102126) subscribe /opt/stack/data/venv/lib/python3.12/site-packages/neutron_lib/callbacks/manager.py:52}}
Aug 28 03:13:37.995935 np0000191363 devstack@neutron-api.service[102126]: DEBUG neutron.plugins.ml2.ovo_rpc [None req-7bf01630-3d6a-4fe4-a984-35a9d6425f3a None None] ML2 OVO RPC backend initialized. {{(pid=102126) __init__ /opt/stack/neutron/neutron/plugins/ml2/ovo_rpc.py:117}}
Aug 28 03:13:37.996041 np0000191363 devstack@neutron-api.service[102125]: INFO neutron.api.extensions [None req-03fc08f8-61fb-41a8-8808-46e9eedde990 None None] Loaded extension: empty-string-filtering
Aug 28 03:13:37.996041 np0000191363 devstack@neutron-api.service[102125]: DEBUG neutron.api.extensions [None req-03fc08f8-61fb-41a8-8808-46e9eedde990 None None] Loading extension file: evpn.py {{(pid=102125) _load_all_extensions_from_path /opt/stack/neutron/neutron/api/extensions.py:449}}
Aug 28 03:13:37.996041 np0000191363 devstack@neutron-api.service[102125]: DEBUG neutron.api.extensions [None req-03fc08f8-61fb-41a8-8808-46e9eedde990 None None] Ext name="EVPN" alias="evpn" description="Router extension to support EVPN Type-5 route advertisement" updated="2026-04-28T00:00:00-00:00" {{(pid=102125) _check_extension /opt/stack/neutron/neutron/api/extensions.py:415}}
Aug 28 03:13:37.996041 np0000191363 devstack@neutron-api.service[102125]: INFO neutron.api.extensions [None req-03fc08f8-61fb-41a8-8808-46e9eedde990 None None] Extension evpn not supported by any of loaded plugins
Aug 28 03:13:37.996041 np0000191363 devstack@neutron-api.service[102125]: DEBUG neutron.api.extensions [None req-03fc08f8-61fb-41a8-8808-46e9eedde990 None None] Loading extension file: expose_l3_conntrack_helper.py {{(pid=102125) _load_all_extensions_from_path /opt/stack/neutron/neutron/api/extensions.py:449}}
Aug 28 03:13:37.996292 np0000191363 devstack@neutron-api.service[102125]: DEBUG neutron.api.extensions [None req-03fc08f8-61fb-41a8-8808-46e9eedde990 None None] Ext name="Expose CT target rules for conntrack helper" alias="expose-l3-conntrack-helper" description="Expose allow adding CT target rules for conntrack helper" updated="2019-04-04T10:00:00-00:00" {{(pid=102125) _check_extension /opt/stack/neutron/neutron/api/extensions.py:415}}
Aug 28 03:13:37.996361 np0000191363 devstack@neutron-api.service[102126]: INFO neutron.quota [None req-7bf01630-3d6a-4fe4-a984-35a9d6425f3a None None] Loaded quota_driver: .
Aug 28 03:13:37.996361 np0000191363 devstack@neutron-api.service[102126]: INFO neutron.plugins.ml2.plugin [None req-7bf01630-3d6a-4fe4-a984-35a9d6425f3a None None] Modular L2 Plugin initialization complete
Aug 28 03:13:37.996474 np0000191363 devstack@neutron-api.service[102125]: INFO neutron.api.extensions [None req-03fc08f8-61fb-41a8-8808-46e9eedde990 None None] Extension expose-l3-conntrack-helper not supported by any of loaded plugins
Aug 28 03:13:37.996474 np0000191363 devstack@neutron-api.service[102125]: DEBUG neutron.api.extensions [None req-03fc08f8-61fb-41a8-8808-46e9eedde990 None None] Loading extension file: expose_port_forwarding_in_fip.py {{(pid=102125) _load_all_extensions_from_path /opt/stack/neutron/neutron/api/extensions.py:449}}
Aug 28 03:13:37.996527 np0000191363 devstack@neutron-api.service[102126]: DEBUG neutron.manager [None req-7bf01630-3d6a-4fe4-a984-35a9d6425f3a None None] Loading services supported by the core plugin {{(pid=102126) _load_services_from_core_plugin /opt/stack/neutron/neutron/manager.py:167}}
Aug 28 03:13:37.996585 np0000191363 devstack@neutron-api.service[102126]: INFO neutron.plugins.ml2.managers [None req-7bf01630-3d6a-4fe4-a984-35a9d6425f3a None None] Got port-security extension from driver 'port_security'
Aug 28 03:13:37.996648 np0000191363 devstack@neutron-api.service[102125]: DEBUG neutron.api.extensions [None req-03fc08f8-61fb-41a8-8808-46e9eedde990 None None] Ext name="Expose Floating IP port forwardings" alias="expose-port-forwarding-in-fip" description="Expose port forwarding fields in floating IP response" updated="2018-06-28T16:00:00-00:00" {{(pid=102125) _check_extension /opt/stack/neutron/neutron/api/extensions.py:415}}
Aug 28 03:13:37.996807 np0000191363 devstack@neutron-api.service[102125]: INFO neutron.api.extensions [None req-03fc08f8-61fb-41a8-8808-46e9eedde990 None None] Extension expose-port-forwarding-in-fip not supported by any of loaded plugins
Aug 28 03:13:37.996838 np0000191363 devstack@neutron-api.service[102126]: DEBUG neutron.manager [None req-7bf01630-3d6a-4fe4-a984-35a9d6425f3a None None] Loading service plugins: ['ovn-router', 'auto_allocate', 'tag', 'timestamp', 'network_ip_availability', 'flavors', 'revisions'] {{(pid=102126) _load_service_plugins /opt/stack/neutron/neutron/manager.py:192}}
Aug 28 03:13:37.996898 np0000191363 devstack@neutron-api.service[102125]: DEBUG neutron.api.extensions [None req-03fc08f8-61fb-41a8-8808-46e9eedde990 None None] Loading extension file: external_net.py {{(pid=102125) _load_all_extensions_from_path /opt/stack/neutron/neutron/api/extensions.py:449}}
Aug 28 03:13:37.996926 np0000191363 devstack@neutron-api.service[102126]: INFO neutron.manager [None req-7bf01630-3d6a-4fe4-a984-35a9d6425f3a None None] Loading Plugin: ovn-router
Aug 28 03:13:37.997107 np0000191363 devstack@neutron-api.service[102125]: DEBUG neutron.api.extensions [None req-03fc08f8-61fb-41a8-8808-46e9eedde990 None None] Ext name="Neutron external network" alias="external-net" description="Adds external network attribute to network resource." updated="2013-01-14T10:00:00-00:00" {{(pid=102125) _check_extension /opt/stack/neutron/neutron/api/extensions.py:415}}
Aug 28 03:13:37.997281 np0000191363 devstack@neutron-api.service[102125]: INFO neutron.api.extensions [None req-03fc08f8-61fb-41a8-8808-46e9eedde990 None None] Loaded extension: external-net
Aug 28 03:13:37.997376 np0000191363 devstack@neutron-api.service[102125]: DEBUG neutron.api.extensions [None req-03fc08f8-61fb-41a8-8808-46e9eedde990 None None] Loading extension file: extra_dhcp_opt.py {{(pid=102125) _load_all_extensions_from_path /opt/stack/neutron/neutron/api/extensions.py:449}}
Aug 28 03:13:37.997587 np0000191363 devstack@neutron-api.service[102125]: DEBUG neutron.api.extensions [None req-03fc08f8-61fb-41a8-8808-46e9eedde990 None None] Ext name="Neutron Extra DHCP options" alias="extra_dhcp_opt" description="Extra options configuration for DHCP. For example PXE boot options to DHCP clients can be specified (e.g. tftp-server, server-ip-address, bootfile-name)" updated="2013-03-17T12:00:00-00:00" {{(pid=102125) _check_extension /opt/stack/neutron/neutron/api/extensions.py:415}}
Aug 28 03:13:37.997747 np0000191363 devstack@neutron-api.service[102125]: INFO neutron.api.extensions [None req-03fc08f8-61fb-41a8-8808-46e9eedde990 None None] Loaded extension: extra_dhcp_opt
Aug 28 03:13:37.997833 np0000191363 devstack@neutron-api.service[102125]: DEBUG neutron.api.extensions [None req-03fc08f8-61fb-41a8-8808-46e9eedde990 None None] Loading extension file: extraroute.py {{(pid=102125) _load_all_extensions_from_path /opt/stack/neutron/neutron/api/extensions.py:449}}
Aug 28 03:13:37.998070 np0000191363 devstack@neutron-api.service[102125]: DEBUG neutron.api.extensions [None req-03fc08f8-61fb-41a8-8808-46e9eedde990 None None] Ext name="Neutron Extra Route" alias="extraroute" description="Extra routes configuration for L3 router" updated="2013-02-01T10:00:00-00:00" {{(pid=102125) _check_extension /opt/stack/neutron/neutron/api/extensions.py:415}}
Aug 28 03:13:37.998255 np0000191363 devstack@neutron-api.service[102125]: INFO neutron.api.extensions [None req-03fc08f8-61fb-41a8-8808-46e9eedde990 None None] Loaded extension: extraroute
Aug 28 03:13:37.998342 np0000191363 devstack@neutron-api.service[102125]: DEBUG neutron.api.extensions [None req-03fc08f8-61fb-41a8-8808-46e9eedde990 None None] Loading extension file: extraroute_atomic.py {{(pid=102125) _load_all_extensions_from_path /opt/stack/neutron/neutron/api/extensions.py:449}}
Aug 28 03:13:37.998588 np0000191363 devstack@neutron-api.service[102125]: DEBUG neutron.api.extensions [None req-03fc08f8-61fb-41a8-8808-46e9eedde990 None None] Ext name="Atomically add/remove extra routes" alias="extraroute-atomic" description="Edit extra routes of a router on server side by atomically adding/removing extra routes" updated="2019-07-10T00:00:00+00:00" {{(pid=102125) _check_extension /opt/stack/neutron/neutron/api/extensions.py:415}}
Aug 28 03:13:37.998746 np0000191363 devstack@neutron-api.service[102125]: INFO neutron.api.extensions [None req-03fc08f8-61fb-41a8-8808-46e9eedde990 None None] Loaded extension: extraroute-atomic
Aug 28 03:13:37.998843 np0000191363 devstack@neutron-api.service[102125]: DEBUG neutron.api.extensions [None req-03fc08f8-61fb-41a8-8808-46e9eedde990 None None] Loading extension file: filter_validation.py {{(pid=102125) _load_all_extensions_from_path /opt/stack/neutron/neutron/api/extensions.py:449}}
Aug 28 03:13:37.999082 np0000191363 devstack@neutron-api.service[102125]: DEBUG neutron.api.extensions [None req-03fc08f8-61fb-41a8-8808-46e9eedde990 None None] Ext name="Filter parameters validation" alias="filter-validation" description="Provides validation on filter parameters." updated="2018-07-04T10:00:00-00:00" {{(pid=102125) _check_extension /opt/stack/neutron/neutron/api/extensions.py:415}}
Aug 28 03:13:37.999278 np0000191363 devstack@neutron-api.service[102125]: INFO neutron.api.extensions [None req-03fc08f8-61fb-41a8-8808-46e9eedde990 None None] Loaded extension: filter-validation
Aug 28 03:13:37.999374 np0000191363 devstack@neutron-api.service[102125]: DEBUG neutron.api.extensions [None req-03fc08f8-61fb-41a8-8808-46e9eedde990 None None] Loading extension file: fip_pf_description.py {{(pid=102125) _load_all_extensions_from_path /opt/stack/neutron/neutron/api/extensions.py:449}}
Aug 28 03:13:37.999562 np0000191363 devstack@neutron-api.service[102125]: DEBUG neutron.api.extensions [None req-03fc08f8-61fb-41a8-8808-46e9eedde990 None None] Ext name="Floating IP Port Forwarding new attribute description" alias="floating-ip-port-forwarding-description" description="Add a description field to Port Forwarding rules" updated="2019-11-01T10:00:00-00:00" {{(pid=102125) _check_extension /opt/stack/neutron/neutron/api/extensions.py:415}}
Aug 28 03:13:37.999719 np0000191363 devstack@neutron-api.service[102125]: INFO neutron.api.extensions [None req-03fc08f8-61fb-41a8-8808-46e9eedde990 None None] Extension floating-ip-port-forwarding-description not supported by any of loaded plugins
Aug 28 03:13:37.999803 np0000191363 devstack@neutron-api.service[102125]: DEBUG neutron.api.extensions [None req-03fc08f8-61fb-41a8-8808-46e9eedde990 None None] Loading extension file: fip_pf_detail.py {{(pid=102125) _load_all_extensions_from_path /opt/stack/neutron/neutron/api/extensions.py:449}}
Aug 28 03:13:38.000018 np0000191363 devstack@neutron-api.service[102125]: DEBUG neutron.api.extensions [None req-03fc08f8-61fb-41a8-8808-46e9eedde990 None None] Ext name="Floating IP port forwarding detail" alias="floating-ip-port-forwarding-detail" description="Allow list floating ip return more port forwarding data, include'id' and 'internal_port_id'" updated="2022-05-06T10:00:00-00:00" {{(pid=102125) _check_extension /opt/stack/neutron/neutron/api/extensions.py:415}}
Aug 28 03:13:38.000230 np0000191363 devstack@neutron-api.service[102125]: INFO neutron.api.extensions [None req-03fc08f8-61fb-41a8-8808-46e9eedde990 None None] Loaded extension: floating-ip-port-forwarding-detail
Aug 28 03:13:38.000286 np0000191363 devstack@neutron-api.service[102125]: DEBUG neutron.api.extensions [None req-03fc08f8-61fb-41a8-8808-46e9eedde990 None None] Loading extension file: fip_pf_port_range.py {{(pid=102125) _load_all_extensions_from_path /opt/stack/neutron/neutron/api/extensions.py:449}}
Aug 28 03:13:38.000500 np0000191363 devstack@neutron-api.service[102125]: DEBUG neutron.api.extensions [None req-03fc08f8-61fb-41a8-8808-46e9eedde990 None None] Ext name="Floating IP Port Forwarding support port ranges" alias="floating-ip-port-forwarding-port-ranges" description="Add support to port ranges" updated="2020-07-01T10:00:00-00:00" {{(pid=102125) _check_extension /opt/stack/neutron/neutron/api/extensions.py:415}}
Aug 28 03:13:38.000678 np0000191363 devstack@neutron-api.service[102125]: INFO neutron.api.extensions [None req-03fc08f8-61fb-41a8-8808-46e9eedde990 None None] Extension floating-ip-port-forwarding-port-ranges not supported by any of loaded plugins
Aug 28 03:13:38.000772 np0000191363 devstack@neutron-api.service[102125]: DEBUG neutron.api.extensions [None req-03fc08f8-61fb-41a8-8808-46e9eedde990 None None] Loading extension file: fip_port_details.py {{(pid=102125) _load_all_extensions_from_path /opt/stack/neutron/neutron/api/extensions.py:449}}
Aug 28 03:13:38.000951 np0000191363 devstack@neutron-api.service[102125]: DEBUG neutron.api.extensions [None req-03fc08f8-61fb-41a8-8808-46e9eedde990 None None] Ext name="Floating IP Port Details Extension" alias="fip-port-details" description="Add port_details attribute to Floating IP resource" updated="2018-04-09T10:00:00-00:00" {{(pid=102125) _check_extension /opt/stack/neutron/neutron/api/extensions.py:415}}
Aug 28 03:13:38.001139 np0000191363 devstack@neutron-api.service[102125]: INFO neutron.api.extensions [None req-03fc08f8-61fb-41a8-8808-46e9eedde990 None None] Loaded extension: fip-port-details
Aug 28 03:13:38.001218 np0000191363 devstack@neutron-api.service[102125]: DEBUG neutron.api.extensions [None req-03fc08f8-61fb-41a8-8808-46e9eedde990 None None] Loading extension file: flavors.py {{(pid=102125) _load_all_extensions_from_path /opt/stack/neutron/neutron/api/extensions.py:449}}
Aug 28 03:13:38.001479 np0000191363 devstack@neutron-api.service[102125]: DEBUG neutron.api.extensions [None req-03fc08f8-61fb-41a8-8808-46e9eedde990 None None] Ext name="Neutron Service Flavors" alias="flavors" description="Flavor specification for Neutron advanced services." updated="2015-09-17T10:00:00-00:00" {{(pid=102125) _check_extension /opt/stack/neutron/neutron/api/extensions.py:415}}
Aug 28 03:13:38.001654 np0000191363 devstack@neutron-api.service[102125]: INFO neutron.api.extensions [None req-03fc08f8-61fb-41a8-8808-46e9eedde990 None None] Loaded extension: flavors
Aug 28 03:13:38.001747 np0000191363 devstack@neutron-api.service[102125]: DEBUG neutron.api.extensions [None req-03fc08f8-61fb-41a8-8808-46e9eedde990 None None] Loading extension file: floating_ip_port_forwarding.py {{(pid=102125) _load_all_extensions_from_path /opt/stack/neutron/neutron/api/extensions.py:449}}
Aug 28 03:13:38.002063 np0000191363 devstack@neutron-api.service[102125]: DEBUG neutron.api.extensions [None req-03fc08f8-61fb-41a8-8808-46e9eedde990 None None] Ext name="Floating IP Port Forwarding" alias="floating-ip-port-forwarding" description="Allow port forwarding from floating IP port to an internal port" updated="2018-01-19T10:00:00-00:00" {{(pid=102125) _check_extension /opt/stack/neutron/neutron/api/extensions.py:415}}
Aug 28 03:13:38.002242 np0000191363 devstack@neutron-api.service[102125]: INFO neutron.api.extensions [None req-03fc08f8-61fb-41a8-8808-46e9eedde990 None None] Extension floating-ip-port-forwarding not supported by any of loaded plugins
Aug 28 03:13:38.002331 np0000191363 devstack@neutron-api.service[102125]: DEBUG neutron.api.extensions [None req-03fc08f8-61fb-41a8-8808-46e9eedde990 None None] Loading extension file: floatingip_pools.py {{(pid=102125) _load_all_extensions_from_path /opt/stack/neutron/neutron/api/extensions.py:449}}
Aug 28 03:13:38.002622 np0000191363 devstack@neutron-api.service[102125]: DEBUG neutron.api.extensions [None req-03fc08f8-61fb-41a8-8808-46e9eedde990 None None] Ext name="Floating IP Pools Extension" alias="floatingip-pools" description="Provides a floating IP pools API." updated="2018-03-21T10:00:00-00:00" {{(pid=102125) _check_extension /opt/stack/neutron/neutron/api/extensions.py:415}}
Aug 28 03:13:38.002754 np0000191363 devstack@neutron-api.service[102125]: INFO neutron.api.extensions [None req-03fc08f8-61fb-41a8-8808-46e9eedde990 None None] Loaded extension: floatingip-pools
Aug 28 03:13:38.002839 np0000191363 devstack@neutron-api.service[102125]: DEBUG neutron.api.extensions [None req-03fc08f8-61fb-41a8-8808-46e9eedde990 None None] Loading extension file: ip_allocation.py {{(pid=102125) _load_all_extensions_from_path /opt/stack/neutron/neutron/api/extensions.py:449}}
Aug 28 03:13:38.003057 np0000191363 devstack@neutron-api.service[102125]: DEBUG neutron.api.extensions [None req-03fc08f8-61fb-41a8-8808-46e9eedde990 None None] Ext name="IP Allocation" alias="ip_allocation" description="IP allocation extension." updated="2016-06-10T23:00:00-00:00" {{(pid=102125) _check_extension /opt/stack/neutron/neutron/api/extensions.py:415}}
Aug 28 03:13:38.003263 np0000191363 devstack@neutron-api.service[102125]: INFO neutron.api.extensions [None req-03fc08f8-61fb-41a8-8808-46e9eedde990 None None] Extension ip_allocation not supported by any of loaded plugins
Aug 28 03:13:38.003322 np0000191363 devstack@neutron-api.service[102125]: DEBUG neutron.api.extensions [None req-03fc08f8-61fb-41a8-8808-46e9eedde990 None None] Loading extension file: ip_substring_port_filtering.py {{(pid=102125) _load_all_extensions_from_path /opt/stack/neutron/neutron/api/extensions.py:449}}
Aug 28 03:13:38.003574 np0000191363 devstack@neutron-api.service[102125]: DEBUG neutron.api.extensions [None req-03fc08f8-61fb-41a8-8808-46e9eedde990 None None] Ext name="IP address substring filtering" alias="ip-substring-filtering" description="Provides IP address substring filtering when listing ports" updated="2017-11-28T09:00:00-00:00" {{(pid=102125) _check_extension /opt/stack/neutron/neutron/api/extensions.py:415}}
Aug 28 03:13:38.003697 np0000191363 devstack@neutron-api.service[102125]: INFO neutron.api.extensions [None req-03fc08f8-61fb-41a8-8808-46e9eedde990 None None] Extension ip-substring-filtering not supported by any of loaded plugins
Aug 28 03:13:38.003782 np0000191363 devstack@neutron-api.service[102125]: DEBUG neutron.api.extensions [None req-03fc08f8-61fb-41a8-8808-46e9eedde990 None None] Loading extension file: l2_adjacency.py {{(pid=102125) _load_all_extensions_from_path /opt/stack/neutron/neutron/api/extensions.py:449}}
Aug 28 03:13:38.004032 np0000191363 devstack@neutron-api.service[102125]: DEBUG neutron.api.extensions [None req-03fc08f8-61fb-41a8-8808-46e9eedde990 None None] Ext name="L2 Adjacency" alias="l2_adjacency" description="Display L2 Adjacency for Neutron Networks." updated="2016-04-12T16:00:00-00:00" {{(pid=102125) _check_extension /opt/stack/neutron/neutron/api/extensions.py:415}}
Aug 28 03:13:38.004192 np0000191363 devstack@neutron-api.service[102125]: INFO neutron.api.extensions [None req-03fc08f8-61fb-41a8-8808-46e9eedde990 None None] Extension l2_adjacency not supported by any of loaded plugins
Aug 28 03:13:38.004297 np0000191363 devstack@neutron-api.service[102125]: DEBUG neutron.api.extensions [None req-03fc08f8-61fb-41a8-8808-46e9eedde990 None None] Loading extension file: l3.py {{(pid=102125) _load_all_extensions_from_path /opt/stack/neutron/neutron/api/extensions.py:449}}
