2026-04-27 02:37:03.727 8 INFO neutron.api.v2.resource [None req-6d396d14-8d7a-47b9-beaf-ec9336b7eae7 95c19b9a35ca4fcc94e7a1c2cf7bf955 65c209ac4c234592b7f17dcdf7004c53 - - default default] show failed (client error): The resource could not be found. [pid: 8|app: 0|req: 458/876] 10.0.0.145 () {32 vars in 736 bytes} [Mon Apr 27 02:37:03 2026] GET /v2.0/security-groups/8079656d-910a-4f87-9450-120388c42b6e => generated 146 bytes in 13 msecs (HTTP/1.1 404) 4 headers in 164 bytes (1 switches on core 0) [pid: 7|app: 0|req: 419/877] 10.0.0.145 () {32 vars in 739 bytes} [Mon Apr 27 02:37:03 2026] DELETE /v2.0/security-groups/8890d528-1648-4d20-b6a7-bbd2f02efd73 => generated 0 bytes in 297 msecs (HTTP/1.1 204) 2 headers in 112 bytes (1 switches on core 0)
2026-04-27 02:37:03.888 8 INFO neutron_taas.services.taas.taas_plugin [None req-e4590ad9-c48b-42bd-92d3-a743fa3372fb 95c19b9a35ca4fcc94e7a1c2cf7bf955 65c209ac4c234592b7f17dcdf7004c53 - - default default] TaaS: Handle Delete Port: c3630cda-4dd6-406e-bc43-e35b02f9316f
2026-04-27 02:37:03.893 8 INFO neutron_taas.services.taas.tap_mirror_plugin [None req-e4590ad9-c48b-42bd-92d3-a743fa3372fb 95c19b9a35ca4fcc94e7a1c2cf7bf955 65c209ac4c234592b7f17dcdf7004c53 - - default default] Tap Mirror: Handle Delete Port: c3630cda-4dd6-406e-bc43-e35b02f9316f [pid: 7|app: 0|req: 420/878] 10.0.0.247 () {34 vars in 989 bytes} [Mon Apr 27 02:37:03 2026] GET /v2.0/ports?device_id=9d9fecf6-4552-40ec-99ca-1bf6c7293135 => generated 12 bytes in 19 msecs (HTTP/1.1 200) 4 headers in 156 bytes (1 switches on core 0) [pid: 8|app: 0|req: 459/879] 10.0.0.145 () {32 vars in 731 bytes} [Mon Apr 27 02:37:03 2026] DELETE /v2.0/floatingips/eb3216d8-1baa-4e0f-80cf-42487b60d868 => generated 0 bytes in 350 msecs (HTTP/1.1 204) 2 headers in 112 bytes (1 switches on core 0)
2026-04-27 02:37:04.376 7 INFO neutron_taas.services.taas.taas_plugin [None req-43bc4065-cb29-48fd-b261-8f7a2916bc61 11c31470e742432d9f3466f95f769181 eef907a946234cefb1a1ea5367f1e103 - - default default] TaaS: Handle Delete Port: 00ba2c4d-ba08-4e04-aa5f-92eebcddcccd
2026-04-27 02:37:04.379 7 INFO neutron_taas.services.taas.tap_mirror_plugin [None req-43bc4065-cb29-48fd-b261-8f7a2916bc61 11c31470e742432d9f3466f95f769181 eef907a946234cefb1a1ea5367f1e103 - - default default] Tap Mirror: Handle Delete Port: 00ba2c4d-ba08-4e04-aa5f-92eebcddcccd [pid: 7|app: 0|req: 421/880] 10.0.0.145 () {34 vars in 788 bytes} [Mon Apr 27 02:37:04 2026] PUT /v2.0/routers/0c231500-201c-4dac-a0fd-025a05cfec01/remove_router_interface => generated 309 bytes in 998 msecs (HTTP/1.1 200) 4 headers in 157 bytes (1 switches on core 0) /var/lib/openstack/lib/python3.12/site-packages/pycadf/identifier.py:70: UserWarning: Invalid uuid: neutron. To ensure interoperability, identifiers should be a valid uuid. warnings.warn(('Invalid uuid: %s. To ensure interoperability, ' [pid: 8|app: 0|req: 460/881] 10.0.0.145 () {32 vars in 739 bytes} [Mon Apr 27 02:37:05 2026] DELETE /v2.0/security-groups/9d0a0080-14cd-40d9-ae67-06b61eb1e39a => generated 0 bytes in 232 msecs (HTTP/1.1 204) 2 headers in 112 bytes (1 switches on core 0)
2026-04-27 02:37:05.308 8 INFO neutron.api.v2.resource [None req-5336d458-00f6-452d-af94-fc0eb8c192ba 7e25b9947ec446b58a6f1976d59776ee 3a19522a27ef4d00ab68836b55dca989 - - default default] show failed (client error): The resource could not be found. [pid: 8|app: 0|req: 463/884] 10.0.0.145 () {32 vars in 736 bytes} [Mon Apr 27 02:37:05 2026] GET /v2.0/security-groups/9d0a0080-14cd-40d9-ae67-06b61eb1e39a => generated 146 bytes in 11 msecs (HTTP/1.1 404) 4 headers in 164 bytes (1 switches on core 0)
2026-04-27 02:37:05.449 8 INFO neutron_taas.services.taas.taas_plugin [None req-dae0b736-4d1a-47af-aaaf-ed959f3ec347 7e25b9947ec446b58a6f1976d59776ee 3a19522a27ef4d00ab68836b55dca989 - - default default] TaaS: Handle Delete Port: 1b634ad8-b3c8-40ff-9215-1164c4c0d74d
2026-04-27 02:37:05.453 8 INFO neutron_taas.services.taas.tap_mirror_plugin [None req-dae0b736-4d1a-47af-aaaf-ed959f3ec347 7e25b9947ec446b58a6f1976d59776ee 3a19522a27ef4d00ab68836b55dca989 - - default default] Tap Mirror: Handle Delete Port: 1b634ad8-b3c8-40ff-9215-1164c4c0d74d
2026-04-27 02:37:05.584 7 INFO neutron_taas.services.taas.taas_plugin [None req-f94dc928-cc23-4c0d-9d6a-49edae733f26 11c31470e742432d9f3466f95f769181 eef907a946234cefb1a1ea5367f1e103 - - default default] TaaS: Handle Delete Port: 3a17278e-1e26-4a34-aa55-303f26021971
2026-04-27 02:37:05.588 7 INFO neutron_taas.services.taas.tap_mirror_plugin [None req-f94dc928-cc23-4c0d-9d6a-49edae733f26 11c31470e742432d9f3466f95f769181 eef907a946234cefb1a1ea5367f1e103 - - default default] Tap Mirror: Handle Delete Port: 3a17278e-1e26-4a34-aa55-303f26021971 [pid: 8|app: 0|req: 464/885] 10.0.0.145 () {32 vars in 731 bytes} [Mon Apr 27 02:37:05 2026] DELETE /v2.0/floatingips/14352e17-ff60-4d87-a5e6-43c6668f3aa9 => generated 0 bytes in 288 msecs (HTTP/1.1 204) 2 headers in 112 bytes (1 switches on core 0)
2026-04-27 02:37:06.025 8 INFO neutron.db.ovn_revision_numbers_db [None req-385e035d-eef6-4802-bd58-78539fe48cc5 4954220bd345423187179090fc0b634f e96cd550bc9241da820fef1cce3bd01e - - default default] Successfully bumped revision number for resource cbc40542-0742-4bd7-ae6f-f9469a68c51c (type: security_groups) to 1
2026-04-27 02:37:06.070 8 INFO neutron.db.ovn_revision_numbers_db [None req-385e035d-eef6-4802-bd58-78539fe48cc5 4954220bd345423187179090fc0b634f e96cd550bc9241da820fef1cce3bd01e - - default default] Successfully bumped revision number for resource 08f69139-f6b0-466f-971e-44b5ac51cad9 (type: security_group_rules) to 0
2026-04-27 02:37:06.105 8 INFO neutron.db.ovn_revision_numbers_db [None req-385e035d-eef6-4802-bd58-78539fe48cc5 4954220bd345423187179090fc0b634f e96cd550bc9241da820fef1cce3bd01e - - default default] Successfully bumped revision number for resource 466a1cfd-eadb-4da4-a13b-1c9b9677bb74 (type: security_group_rules) to 0 [pid: 7|app: 0|req: 422/886] 10.0.0.145 () {32 vars in 723 bytes} [Mon Apr 27 02:37:05 2026] DELETE /v2.0/routers/0c231500-201c-4dac-a0fd-025a05cfec01 => generated 0 bytes in 918 msecs (HTTP/1.1 204) 2 headers in 112 bytes (1 switches on core 0)
2026-04-27 02:37:06.134 8 INFO neutron.db.ovn_revision_numbers_db [None req-385e035d-eef6-4802-bd58-78539fe48cc5 4954220bd345423187179090fc0b634f e96cd550bc9241da820fef1cce3bd01e - - default default] Successfully bumped revision number for resource 7ce0c166-7d7e-4778-8045-997f89ec6368 (type: security_group_rules) to 0
2026-04-27 02:37:06.164 8 INFO neutron.db.ovn_revision_numbers_db [None req-385e035d-eef6-4802-bd58-78539fe48cc5 4954220bd345423187179090fc0b634f e96cd550bc9241da820fef1cce3bd01e - - default default] Successfully bumped revision number for resource cb7f14e9-02b3-4a9e-8d2c-a49100713c7b (type: security_group_rules) to 0
2026-04-27 02:37:06.259 8 INFO neutron.db.segments_db [None req-385e035d-eef6-4802-bd58-78539fe48cc5 4954220bd345423187179090fc0b634f e96cd550bc9241da820fef1cce3bd01e - - default default] Added segment 9f40f347-2daa-4347-852f-6f8a1082691c of type geneve for network c23be94a-2ea6-4615-a5b4-609552fb1a90
2026-04-27 02:37:06.356 8 INFO neutron.db.segments_db [None req-385e035d-eef6-4802-bd58-78539fe48cc5 4954220bd345423187179090fc0b634f e96cd550bc9241da820fef1cce3bd01e - - default default] Added segment 360b44b5-7bf4-467e-b095-494fb8126f49 of type geneve for network 910ab65b-9452-47bb-b8c9-9a5e5b2dd958
2026-04-27 02:37:06.369 7 INFO neutron_taas.services.taas.taas_plugin [None req-a9f3c878-a37c-4581-ae22-0514f05092c1 11c31470e742432d9f3466f95f769181 eef907a946234cefb1a1ea5367f1e103 - - default default] TaaS: Handle Delete Port: a8f0b2e0-8ac7-4628-ac42-2fe08c42667d
2026-04-27 02:37:06.372 7 INFO neutron_taas.services.taas.tap_mirror_plugin [None req-a9f3c878-a37c-4581-ae22-0514f05092c1 11c31470e742432d9f3466f95f769181 eef907a946234cefb1a1ea5367f1e103 - - default default] Tap Mirror: Handle Delete Port: a8f0b2e0-8ac7-4628-ac42-2fe08c42667d
2026-04-27 02:37:06.505 8 INFO neutron.db.ovn_revision_numbers_db [None req-385e035d-eef6-4802-bd58-78539fe48cc5 4954220bd345423187179090fc0b634f e96cd550bc9241da820fef1cce3bd01e - - default default] Successfully bumped revision number for resource c23be94a-2ea6-4615-a5b4-609552fb1a90 (type: networks) to 1
2026-04-27 02:37:06.820 8 WARNING neutron.scheduler.dhcp_agent_scheduler [None req-385e035d-eef6-4802-bd58-78539fe48cc5 4954220bd345423187179090fc0b634f e96cd550bc9241da820fef1cce3bd01e - - default default] No more DHCP agents
2026-04-27 02:37:06.821 8 WARNING neutron.api.rpc.agentnotifiers.dhcp_rpc_agent_api [None req-385e035d-eef6-4802-bd58-78539fe48cc5 4954220bd345423187179090fc0b634f e96cd550bc9241da820fef1cce3bd01e - - default default] Unable to schedule network c23be94a-2ea6-4615-a5b4-609552fb1a90: no agents available; will retry on subsequent port and subnet creation events.
2026-04-27 02:37:06.915 7 INFO neutron.plugins.ml2.drivers.ovn.mech_driver.mech_driver [None req-dcda7315-f4ae-4dec-9780-66cd933d78c1 - - - - - -] OVN reports status down for port: e41bd78b-db86-449b-ba6b-2009646fddc1
2026-04-27 02:37:06.934 8 INFO neutron.db.ovn_revision_numbers_db [None req-385e035d-eef6-4802-bd58-78539fe48cc5 4954220bd345423187179090fc0b634f e96cd550bc9241da820fef1cce3bd01e - - default default] Successfully bumped revision number for resource e41bd78b-db86-449b-ba6b-2009646fddc1 (type: ports) to 1
2026-04-27 02:37:07.020 8 INFO neutron.db.ovn_revision_numbers_db [None req-385e035d-eef6-4802-bd58-78539fe48cc5 4954220bd345423187179090fc0b634f e96cd550bc9241da820fef1cce3bd01e - - default default] Successfully bumped revision number for resource 910ab65b-9452-47bb-b8c9-9a5e5b2dd958 (type: networks) to 1
2026-04-27 02:37:07.184 8 WARNING neutron.scheduler.dhcp_agent_scheduler [None req-385e035d-eef6-4802-bd58-78539fe48cc5 4954220bd345423187179090fc0b634f e96cd550bc9241da820fef1cce3bd01e - - default default] No more DHCP agents
2026-04-27 02:37:07.186 8 WARNING neutron.api.rpc.agentnotifiers.dhcp_rpc_agent_api [None req-385e035d-eef6-4802-bd58-78539fe48cc5 4954220bd345423187179090fc0b634f e96cd550bc9241da820fef1cce3bd01e - - default default] Unable to schedule network 910ab65b-9452-47bb-b8c9-9a5e5b2dd958: no agents available; will retry on subsequent port and subnet creation events.
2026-04-27 02:37:07.330 7 INFO neutron.plugins.ml2.drivers.ovn.mech_driver.mech_driver [None req-dcda7315-f4ae-4dec-9780-66cd933d78c1 - - - - - -] OVN reports status down for port: 7268dd57-f413-4e61-9eae-73a3bbdd3b4b
2026-04-27 02:37:07.345 8 INFO neutron.db.ovn_revision_numbers_db [None req-385e035d-eef6-4802-bd58-78539fe48cc5 4954220bd345423187179090fc0b634f e96cd550bc9241da820fef1cce3bd01e - - default default] Successfully bumped revision number for resource 7268dd57-f413-4e61-9eae-73a3bbdd3b4b (type: ports) to 1 [pid: 7|app: 0|req: 423/887] 10.0.0.145 () {34 vars in 788 bytes} [Mon Apr 27 02:37:06 2026] PUT /v2.0/routers/bd2eb651-48ec-4dbe-9b36-74fb07ec7978/remove_router_interface => generated 309 bytes in 1235 msecs (HTTP/1.1 200) 4 headers in 157 bytes (1 switches on core 0) /var/lib/openstack/lib/python3.12/site-packages/pycadf/identifier.py:70: UserWarning: Invalid uuid: neutron. To ensure interoperability, identifiers should be a valid uuid. warnings.warn(('Invalid uuid: %s. To ensure interoperability, ' [pid: 8|app: 0|req: 465/888] 10.0.0.145 () {34 vars in 669 bytes} [Mon Apr 27 02:37:05 2026] POST /v2.0/networks => generated 1321 bytes in 1792 msecs (HTTP/1.1 201) 4 headers in 163 bytes (1 switches on core 0) [pid: 8|app: 0|req: 466/889] 10.0.0.121 () {34 vars in 989 bytes} [Mon Apr 27 02:37:07 2026] GET /v2.0/ports?device_id=402a8ebf-1ab1-4ee5-9255-fdefd87ce292 => generated 1213 bytes in 109 msecs (HTTP/1.1 200) 4 headers in 158 bytes (1 switches on core 0) [pid: 7|app: 0|req: 424/890] 10.0.0.145 () {32 vars in 723 bytes} [Mon Apr 27 02:37:07 2026] DELETE /v2.0/subnets/122a79fd-634f-4e9c-8193-e0bafaf3dff8 => generated 0 bytes in 297 msecs (HTTP/1.1 204) 3 headers in 131 bytes (1 switches on core 0) [pid: 7|app: 0|req: 425/891] 10.0.0.145 () {32 vars in 648 bytes} [Mon Apr 27 02:37:07 2026] GET /v2.0/networks => generated 1970 bytes in 64 msecs (HTTP/1.1 200) 4 headers in 158 bytes (1 switches on core 0) [pid: 7|app: 0|req: 426/892] 10.0.0.121 () {34 vars in 1039 bytes} [Mon Apr 27 02:37:07 2026] GET /v2.0/security-groups?id=bad9420c-6dd7-43f2-ae22-d27029189798&fields=id&fields=name => generated 113 bytes in 35 msecs (HTTP/1.1 200) 4 headers in 157 bytes (1 switches on core 0)
2026-04-27 02:37:07.858 7 INFO neutron_taas.services.taas.taas_plugin [None req-95138c52-9244-4038-a5c2-04ed8b1ee509 11c31470e742432d9f3466f95f769181 eef907a946234cefb1a1ea5367f1e103 - - default default] TaaS: Handle Delete Port: 091ddb18-5b78-4ff7-ba1f-234e5527133e
2026-04-27 02:37:07.861 7 INFO neutron_taas.services.taas.tap_mirror_plugin [None req-95138c52-9244-4038-a5c2-04ed8b1ee509 11c31470e742432d9f3466f95f769181 eef907a946234cefb1a1ea5367f1e103 - - default default] Tap Mirror: Handle Delete Port: 091ddb18-5b78-4ff7-ba1f-234e5527133e
2026-04-27 02:37:07.875 8 INFO neutron_taas.services.taas.taas_plugin [None req-3e6a793a-1aea-4ef7-be47-41651c2581f5 11c31470e742432d9f3466f95f769181 eef907a946234cefb1a1ea5367f1e103 - - default default] TaaS: Handle Delete Port: f96fdc21-c0df-4b23-a761-fe75e2155198
2026-04-27 02:37:07.879 8 INFO neutron_taas.services.taas.tap_mirror_plugin [None req-3e6a793a-1aea-4ef7-be47-41651c2581f5 11c31470e742432d9f3466f95f769181 eef907a946234cefb1a1ea5367f1e103 - - default default] Tap Mirror: Handle Delete Port: f96fdc21-c0df-4b23-a761-fe75e2155198
2026-04-27 02:37:08.113 7 INFO neutron.services.segments.plugin [-] Segment 3cf8475b-8472-45cd-b2fd-72da685fe5ff resource provider aggregate not found
2026-04-27 02:37:08.118 7 INFO neutron.services.segments.plugin [-] Segment 3cf8475b-8472-45cd-b2fd-72da685fe5ff resource provider aggregate not found
2026-04-27 02:37:08.132 7 INFO neutron.services.segments.plugin [-] Segment 3cf8475b-8472-45cd-b2fd-72da685fe5ff resource provider not found; error: Placement Client Error (4xx): {"errors": [{"status": 404, "title": "Not Found", "detail": "The resource could not be found.\n\n No resource provider with uuid 3cf8475b-8472-45cd-b2fd-72da685fe5ff found for delete ", "request_id": "req-e02aa4f6-89eb-4485-b950-7d6db7090cd4"}]}
2026-04-27 02:37:08.143 7 INFO neutron.services.segments.plugin [-] Segment 3cf8475b-8472-45cd-b2fd-72da685fe5ff resource provider not found; error: Placement Client Error (4xx): {"errors": [{"status": 404, "title": "Not Found", "detail": "The resource could not be found.\n\n No resource provider with uuid 3cf8475b-8472-45cd-b2fd-72da685fe5ff found for delete ", "request_id": "req-d38b667f-51ed-4661-9447-2caa3f89e245"}]} [pid: 7|app: 0|req: 427/893] 10.0.0.145 () {32 vars in 725 bytes} [Mon Apr 27 02:37:07 2026] DELETE /v2.0/networks/3cdefcb9-1f41-46e2-bbee-bd2ca9b91e62 => generated 0 bytes in 527 msecs (HTTP/1.1 204) 3 headers in 131 bytes (1 switches on core 0)
2026-04-27 02:37:08.396 7 INFO neutron_taas.services.taas.taas_plugin [None req-d3cbc0f6-eaf3-48ae-a5f9-4204a40675a9 4954220bd345423187179090fc0b634f e96cd550bc9241da820fef1cce3bd01e - - default default] TaaS: Handle Delete Port: e41bd78b-db86-449b-ba6b-2009646fddc1
2026-04-27 02:37:08.399 7 INFO neutron_taas.services.taas.tap_mirror_plugin [None req-d3cbc0f6-eaf3-48ae-a5f9-4204a40675a9 4954220bd345423187179090fc0b634f e96cd550bc9241da820fef1cce3bd01e - - default default] Tap Mirror: Handle Delete Port: e41bd78b-db86-449b-ba6b-2009646fddc1 [pid: 8|app: 0|req: 467/894] 10.0.0.145 () {32 vars in 723 bytes} [Mon Apr 27 02:37:07 2026] DELETE /v2.0/routers/bd2eb651-48ec-4dbe-9b36-74fb07ec7978 => generated 0 bytes in 1052 msecs (HTTP/1.1 204) 2 headers in 112 bytes (1 switches on core 0) [pid: 8|app: 0|req: 468/895] 10.0.0.170 () {28 vars in 578 bytes} [Mon Apr 27 02:37:08 2026] GET /v2.0/ports => generated 12523 bytes in 192 msecs (HTTP/1.1 200) 4 headers in 159 bytes (1 switches on core 0) [pid: 8|app: 0|req: 469/896] 10.0.0.145 () {32 vars in 773 bytes} [Mon Apr 27 02:37:08 2026] GET /v2.0/security-groups?tenant_id=65c209ac4c234592b7f17dcdf7004c53&name=default => generated 2921 bytes in 22 msecs (HTTP/1.1 200) 4 headers in 158 bytes (1 switches on core 0) [pid: 7|app: 0|req: 428/897] 10.0.0.145 () {32 vars in 725 bytes} [Mon Apr 27 02:37:08 2026] DELETE /v2.0/networks/c23be94a-2ea6-4615-a5b4-609552fb1a90 => generated 0 bytes in 503 msecs (HTTP/1.1 204) 3 headers in 131 bytes (1 switches on core 0) [pid: 7|app: 0|req: 429/898] 10.0.0.170 () {28 vars in 582 bytes} [Mon Apr 27 02:37:08 2026] GET /v2.0/routers => generated 986 bytes in 61 msecs (HTTP/1.1 200) 4 headers in 157 bytes (1 switches on core 0) [pid: 8|app: 0|req: 470/899] 10.0.0.145 () {32 vars in 723 bytes} [Mon Apr 27 02:37:08 2026] DELETE /v2.0/subnets/0c8a82b7-294e-45c4-bede-a12ee2fe747a => generated 0 bytes in 208 msecs (HTTP/1.1 204) 3 headers in 131 bytes (1 switches on core 0)
2026-04-27 02:37:09.110 8 INFO neutron_taas.services.taas.taas_plugin [None req-74c7a737-f068-47c6-b863-f840d1db9522 4954220bd345423187179090fc0b634f e96cd550bc9241da820fef1cce3bd01e - - default default] TaaS: Handle Delete Port: 7268dd57-f413-4e61-9eae-73a3bbdd3b4b
2026-04-27 02:37:09.114 8 INFO neutron_taas.services.taas.tap_mirror_plugin [None req-74c7a737-f068-47c6-b863-f840d1db9522 4954220bd345423187179090fc0b634f e96cd550bc9241da820fef1cce3bd01e - - default default] Tap Mirror: Handle Delete Port: 7268dd57-f413-4e61-9eae-73a3bbdd3b4b [pid: 7|app: 0|req: 430/900] 10.0.0.145 () {32 vars in 739 bytes} [Mon Apr 27 02:37:08 2026] DELETE /v2.0/security-groups/e1fb0a1f-acba-4013-8192-4c7b108ae696 => generated 0 bytes in 453 msecs (HTTP/1.1 204) 2 headers in 112 bytes (1 switches on core 0) [pid: 7|app: 0|req: 431/901] 10.0.0.170 () {28 vars in 623 bytes} [Mon Apr 27 02:37:09 2026] GET /v2.0/agents?binary=ovn-controller => generated 416 bytes in 84 msecs (HTTP/1.1 200) 4 headers in 157 bytes (1 switches on core 0)
2026-04-27 02:37:09.429 8 INFO neutron.services.segments.plugin [-] Segment 360b44b5-7bf4-467e-b095-494fb8126f49 resource provider aggregate not found
2026-04-27 02:37:09.437 8 INFO neutron.services.segments.plugin [-] Segment 360b44b5-7bf4-467e-b095-494fb8126f49 resource provider aggregate not found
2026-04-27 02:37:09.457 8 INFO neutron.services.segments.plugin [-] Segment 360b44b5-7bf4-467e-b095-494fb8126f49 resource provider not found; error: Placement Client Error (4xx): {"errors": [{"status": 404, "title": "Not Found", "detail": "The resource could not be found.\n\n No resource provider with uuid 360b44b5-7bf4-467e-b095-494fb8126f49 found for delete ", "request_id": "req-049f296c-6006-46ab-a347-e2e4123548ba"}]}
2026-04-27 02:37:09.467 8 INFO neutron.services.segments.plugin [-] Segment 360b44b5-7bf4-467e-b095-494fb8126f49 resource provider not found; error: Placement Client Error (4xx): {"errors": [{"status": 404, "title": "Not Found", "detail": "The resource could not be found.\n\n No resource provider with uuid 360b44b5-7bf4-467e-b095-494fb8126f49 found for delete ", "request_id": "req-281bd05f-a7c8-4bd4-8761-cec146a3dee8"}]} [pid: 8|app: 0|req: 471/902] 10.0.0.145 () {32 vars in 725 bytes} [Mon Apr 27 02:37:08 2026] DELETE /v2.0/networks/910ab65b-9452-47bb-b8c9-9a5e5b2dd958 => generated 0 bytes in 513 msecs (HTTP/1.1 204) 3 headers in 131 bytes (1 switches on core 0) [pid: 8|app: 0|req: 472/903] 10.0.0.170 () {28 vars in 618 bytes} [Mon Apr 27 02:37:09 2026] GET /v2.0/network-ip-availabilities => generated 1886 bytes in 11 msecs (HTTP/1.1 200) 4 headers in 158 bytes (1 switches on core 0)
2026-04-27 02:37:09.526 7 INFO neutron_taas.services.taas.taas_plugin [None req-5ff60071-d00f-4a2d-b33c-0bf9bf2b1b82 11c31470e742432d9f3466f95f769181 eef907a946234cefb1a1ea5367f1e103 - - default default] TaaS: Handle Delete Port: fd0edc74-a55a-4b6c-acbd-e7c57be320b6
2026-04-27 02:37:09.529 7 INFO neutron_taas.services.taas.tap_mirror_plugin [None req-5ff60071-d00f-4a2d-b33c-0bf9bf2b1b82 11c31470e742432d9f3466f95f769181 eef907a946234cefb1a1ea5367f1e103 - - default default] Tap Mirror: Handle Delete Port: fd0edc74-a55a-4b6c-acbd-e7c57be320b6 [pid: 8|app: 0|req: 473/904] 10.0.0.145 () {32 vars in 648 bytes} [Mon Apr 27 02:37:09 2026] GET /v2.0/networks => generated 689 bytes in 50 msecs (HTTP/1.1 200) 4 headers in 157 bytes (1 switches on core 0) [pid: 8|app: 0|req: 474/905] 10.0.0.170 () {28 vars in 590 bytes} [Mon Apr 27 02:37:09 2026] GET /v2.0/floatingips => generated 861 bytes in 33 msecs (HTTP/1.1 200) 4 headers in 157 bytes (1 switches on core 0)
2026-04-27 02:37:09.691 8 INFO neutron.db.segments_db [None req-658a52da-1017-49df-b18f-203ee62a4be3 4954220bd345423187179090fc0b634f e96cd550bc9241da820fef1cce3bd01e - - default default] Added segment bb882ca0-9330-42b5-b81e-f87a193e906c of type geneve for network 7813cdef-1d26-4086-b646-1b5f693794f9 [pid: 7|app: 0|req: 432/906] 10.0.0.145 () {32 vars in 725 bytes} [Mon Apr 27 02:37:09 2026] DELETE /v2.0/networks/8f5bb33f-2c8f-410c-a4f8-89e712242e20 => generated 0 bytes in 384 msecs (HTTP/1.1 204) 3 headers in 131 bytes (1 switches on core 0)
2026-04-27 02:37:09.829 8 INFO neutron.db.ovn_revision_numbers_db [None req-658a52da-1017-49df-b18f-203ee62a4be3 4954220bd345423187179090fc0b634f e96cd550bc9241da820fef1cce3bd01e - - default default] Successfully bumped revision number for resource 7813cdef-1d26-4086-b646-1b5f693794f9 (type: networks) to 1 [pid: 7|app: 0|req: 433/907] 10.0.0.170 () {28 vars in 584 bytes} [Mon Apr 27 02:37:09 2026] GET /v2.0/networks => generated 3859 bytes in 87 msecs (HTTP/1.1 200) 4 headers in 158 bytes (1 switches on core 0) [pid: 7|app: 0|req: 434/908] 10.0.0.145 () {32 vars in 773 bytes} [Mon Apr 27 02:37:09 2026] GET /v2.0/security-groups?tenant_id=3a19522a27ef4d00ab68836b55dca989&name=default => generated 2921 bytes in 34 msecs (HTTP/1.1 200) 4 headers in 158 bytes (1 switches on core 0) [pid: 7|app: 0|req: 435/909] 10.0.0.170 () {28 vars in 598 bytes} [Mon Apr 27 02:37:09 2026] GET /v2.0/security-groups => generated 28973 bytes in 47 msecs (HTTP/1.1 200) 4 headers in 159 bytes (1 switches on core 0)
2026-04-27 02:37:10.005 8 WARNING neutron.scheduler.dhcp_agent_scheduler [None req-658a52da-1017-49df-b18f-203ee62a4be3 4954220bd345423187179090fc0b634f e96cd550bc9241da820fef1cce3bd01e - - default default] No more DHCP agents
2026-04-27 02:37:10.006 8 WARNING neutron.api.rpc.agentnotifiers.dhcp_rpc_agent_api [None req-658a52da-1017-49df-b18f-203ee62a4be3 4954220bd345423187179090fc0b634f e96cd550bc9241da820fef1cce3bd01e - - default default] Unable to schedule network 7813cdef-1d26-4086-b646-1b5f693794f9: no agents available; will retry on subsequent port and subnet creation events.
2026-04-27 02:37:10.087 7 INFO neutron.plugins.ml2.drivers.ovn.mech_driver.mech_driver [None req-dcda7315-f4ae-4dec-9780-66cd933d78c1 - - - - - -] OVN reports status down for port: 591802b4-aed9-49b1-8aa8-24a3ac12a036
2026-04-27 02:37:10.134 8 INFO neutron.db.ovn_revision_numbers_db [None req-658a52da-1017-49df-b18f-203ee62a4be3 4954220bd345423187179090fc0b634f e96cd550bc9241da820fef1cce3bd01e - - default default] Successfully bumped revision number for resource 591802b4-aed9-49b1-8aa8-24a3ac12a036 (type: ports) to 1
2026-04-27 02:37:10.149 7 INFO neutron.services.segments.plugin [-] Segment 9f40f347-2daa-4347-852f-6f8a1082691c resource provider aggregate not found [pid: 8|app: 0|req: 475/910] 10.0.0.145 () {34 vars in 669 bytes} [Mon Apr 27 02:37:09 2026] POST /v2.0/networks => generated 691 bytes in 566 msecs (HTTP/1.1 201) 4 headers in 162 bytes (1 switches on core 0)
2026-04-27 02:37:10.165 7 INFO neutron.services.segments.plugin [-] Segment 9f40f347-2daa-4347-852f-6f8a1082691c resource provider not found; error: Placement Client Error (4xx): {"errors": [{"status": 404, "title": "Not Found", "detail": "The resource could not be found.\n\n No resource provider with uuid 9f40f347-2daa-4347-852f-6f8a1082691c found for delete ", "request_id": "req-0129270a-a75a-43c7-84c7-c8165eecb4e1"}]}
2026-04-27 02:37:10.175 7 INFO neutron.services.segments.plugin [-] Segment 9f40f347-2daa-4347-852f-6f8a1082691c resource provider aggregate not found
2026-04-27 02:37:10.190 7 INFO neutron.services.segments.plugin [-] Segment 9f40f347-2daa-4347-852f-6f8a1082691c resource provider not found; error: Placement Client Error (4xx): {"errors": [{"status": 404, "title": "Not Found", "detail": "The resource could not be found.\n\n No resource provider with uuid 9f40f347-2daa-4347-852f-6f8a1082691c found for delete ", "request_id": "req-ca8b6491-016d-43ba-bb07-6739d8fb36a0"}]}
2026-04-27 02:37:10.194 7 INFO neutron.services.segments.plugin [-] Segment b9c4d370-cf89-4ff3-8953-fc98d2117693 resource provider aggregate not found
2026-04-27 02:37:10.211 7 INFO neutron.services.segments.plugin [-] Segment b9c4d370-cf89-4ff3-8953-fc98d2117693 resource provider aggregate not found
2026-04-27 02:37:10.217 7 INFO neutron.services.segments.plugin [-] Segment b9c4d370-cf89-4ff3-8953-fc98d2117693 resource provider not found; error: Placement Client Error (4xx): {"errors": [{"status": 404, "title": "Not Found", "detail": "The resource could not be found.\n\n No resource provider with uuid b9c4d370-cf89-4ff3-8953-fc98d2117693 found for delete ", "request_id": "req-c1854340-cffe-4a44-b835-975f69e913e3"}]}
2026-04-27 02:37:10.230 7 INFO neutron.services.segments.plugin [-] Segment b9c4d370-cf89-4ff3-8953-fc98d2117693 resource provider not found; error: Placement Client Error (4xx): {"errors": [{"status": 404, "title": "Not Found", "detail": "The resource could not be found.\n\n No resource provider with uuid b9c4d370-cf89-4ff3-8953-fc98d2117693 found for delete ", "request_id": "req-b1756588-9dda-4ed0-9cf7-b55ae63abd22"}]} [pid: 8|app: 0|req: 476/911] 10.0.0.247 () {34 vars in 989 bytes} [Mon Apr 27 02:37:10 2026] GET /v2.0/ports?device_id=402a8ebf-1ab1-4ee5-9255-fdefd87ce292 => generated 975 bytes in 84 msecs (HTTP/1.1 200) 4 headers in 157 bytes (1 switches on core 0) [pid: 8|app: 0|req: 477/912] 10.0.0.170 () {28 vars in 580 bytes} [Mon Apr 27 02:37:10 2026] GET /v2.0/agents => generated 1214 bytes in 9 msecs (HTTP/1.1 200) 4 headers in 158 bytes (1 switches on core 0)
2026-04-27 02:37:10.344 8 INFO neutron.db.segments_db [None req-cfa2a85f-f9ff-43fe-b2e3-6d411d60799f 4954220bd345423187179090fc0b634f e96cd550bc9241da820fef1cce3bd01e - - default default] Added segment e1930640-a39d-4906-86c2-2efa6ab8d84c of type geneve for network 7ffeed60-e4e2-445c-ad6b-f7de5f24b286 [pid: 7|app: 0|req: 436/913] 10.0.0.145 () {32 vars in 739 bytes} [Mon Apr 27 02:37:09 2026] DELETE /v2.0/security-groups/7671e8fc-e316-46fe-af4d-d7b6941a4e9f => generated 0 bytes in 413 msecs (HTTP/1.1 204) 2 headers in 112 bytes (1 switches on core 0) [pid: 7|app: 0|req: 437/914] 10.0.0.170 () {28 vars in 582 bytes} [Mon Apr 27 02:37:10 2026] GET /v2.0/subnets => generated 1997 bytes in 36 msecs (HTTP/1.1 200) 4 headers in 158 bytes (1 switches on core 0)
2026-04-27 02:37:10.478 8 INFO neutron.db.ovn_revision_numbers_db [None req-cfa2a85f-f9ff-43fe-b2e3-6d411d60799f 4954220bd345423187179090fc0b634f e96cd550bc9241da820fef1cce3bd01e - - default default] Successfully bumped revision number for resource 7ffeed60-e4e2-445c-ad6b-f7de5f24b286 (type: networks) to 1 [pid: 7|app: 0|req: 438/915] 10.0.0.247 () {34 vars in 970 bytes} [Mon Apr 27 02:37:10 2026] GET /v2.0/ports/e79627e6-7773-4f03-a892-770d1a3a6134 => generated 972 bytes in 98 msecs (HTTP/1.1 200) 4 headers in 157 bytes (1 switches on core 0) [pid: 7|app: 0|req: 439/916] 10.0.0.170 () {28 vars in 590 bytes} [Mon Apr 27 02:37:10 2026] GET /v2.0/subnetpools => generated 19 bytes in 13 msecs (HTTP/1.1 200) 4 headers in 156 bytes (1 switches on core 0) [pid: 7|app: 0|req: 440/917] 10.0.0.170 () {28 vars in 582 bytes} [Mon Apr 27 02:37:10 2026] GET /v2.0/subnets => generated 1997 bytes in 31 msecs (HTTP/1.1 200) 4 headers in 158 bytes (1 switches on core 0)
2026-04-27 02:37:10.648 8 WARNING neutron.scheduler.dhcp_agent_scheduler [None req-cfa2a85f-f9ff-43fe-b2e3-6d411d60799f 4954220bd345423187179090fc0b634f e96cd550bc9241da820fef1cce3bd01e - - default default] No more DHCP agents
2026-04-27 02:37:10.649 8 WARNING neutron.api.rpc.agentnotifiers.dhcp_rpc_agent_api [None req-cfa2a85f-f9ff-43fe-b2e3-6d411d60799f 4954220bd345423187179090fc0b634f e96cd550bc9241da820fef1cce3bd01e - - default default] Unable to schedule network 7ffeed60-e4e2-445c-ad6b-f7de5f24b286: no agents available; will retry on subsequent port and subnet creation events.
2026-04-27 02:37:10.714 7 INFO neutron.plugins.ml2.drivers.ovn.mech_driver.mech_driver [None req-dcda7315-f4ae-4dec-9780-66cd933d78c1 - - - - - -] OVN reports status down for port: 16f1d8e2-c9d0-4177-8a77-f79d1285589a
2026-04-27 02:37:10.747 8 INFO neutron.db.ovn_revision_numbers_db [None req-cfa2a85f-f9ff-43fe-b2e3-6d411d60799f 4954220bd345423187179090fc0b634f e96cd550bc9241da820fef1cce3bd01e - - default default] Successfully bumped revision number for resource 16f1d8e2-c9d0-4177-8a77-f79d1285589a (type: ports) to 1 [pid: 8|app: 0|req: 478/918] 10.0.0.145 () {34 vars in 669 bytes} [Mon Apr 27 02:37:10 2026] POST /v2.0/networks => generated 692 bytes in 519 msecs (HTTP/1.1 201) 4 headers in 162 bytes (1 switches on core 0) [pid: 8|app: 0|req: 479/919] 199.19.213.63 () {34 vars in 998 bytes} [Mon Apr 27 02:37:11 2026] GET /v2.0/subnets?network_id=265df958-62a6-47ff-a04d-18f6f866776f => generated 684 bytes in 45 msecs (HTTP/1.1 200) 4 headers in 157 bytes (1 switches on core 0)
2026-04-27 02:37:11.180 7 WARNING neutron.scheduler.dhcp_agent_scheduler [None req-64603416-010f-4bd9-bf78-2ffb804268db 4954220bd345423187179090fc0b634f e96cd550bc9241da820fef1cce3bd01e - - default default] No more DHCP agents
2026-04-27 02:37:11.181 7 WARNING neutron.api.rpc.agentnotifiers.dhcp_rpc_agent_api [None req-64603416-010f-4bd9-bf78-2ffb804268db 4954220bd345423187179090fc0b634f e96cd550bc9241da820fef1cce3bd01e - - default default] Unable to schedule network 7813cdef-1d26-4086-b646-1b5f693794f9: no agents available; will retry on subsequent port and subnet creation events. [pid: 8|app: 0|req: 480/920] 199.19.213.63 () {34 vars in 1144 bytes} [Mon Apr 27 02:37:11 2026] GET /v2.0/ports?device_id=402a8ebf-1ab1-4ee5-9255-fdefd87ce292&device_owner=compute%3Anova&network_id=265df958-62a6-47ff-a04d-18f6f866776f => generated 975 bytes in 49 msecs (HTTP/1.1 200) 4 headers in 157 bytes (1 switches on core 0)
2026-04-27 02:37:11.242 7 INFO neutron.plugins.ml2.drivers.ovn.mech_driver.mech_driver [None req-dcda7315-f4ae-4dec-9780-66cd933d78c1 - - - - - -] OVN reports status down for port: 5ba472f9-5dc3-4b91-9c35-c01762b78a38
2026-04-27 02:37:11.322 7 INFO neutron.db.ovn_revision_numbers_db [None req-64603416-010f-4bd9-bf78-2ffb804268db 4954220bd345423187179090fc0b634f e96cd550bc9241da820fef1cce3bd01e - - default default] Successfully bumped revision number for resource 5ba472f9-5dc3-4b91-9c35-c01762b78a38 (type: ports) to 1
2026-04-27 02:37:11.407 7 WARNING neutron.scheduler.dhcp_agent_scheduler [None req-64603416-010f-4bd9-bf78-2ffb804268db 4954220bd345423187179090fc0b634f e96cd550bc9241da820fef1cce3bd01e - - default default] No more DHCP agents
2026-04-27 02:37:11.408 7 WARNING neutron.api.rpc.agentnotifiers.dhcp_rpc_agent_api [None req-64603416-010f-4bd9-bf78-2ffb804268db 4954220bd345423187179090fc0b634f e96cd550bc9241da820fef1cce3bd01e - - default default] Unable to schedule network 7ffeed60-e4e2-445c-ad6b-f7de5f24b286: no agents available; will retry on subsequent port and subnet creation events.
2026-04-27 02:37:11.486 7 INFO neutron.plugins.ml2.drivers.ovn.mech_driver.mech_driver [None req-dcda7315-f4ae-4dec-9780-66cd933d78c1 - - - - - -] OVN reports status down for port: c9ca9786-96ff-424e-a782-b7dc4d0fab1a
2026-04-27 02:37:11.557 7 INFO neutron.db.ovn_revision_numbers_db [None req-64603416-010f-4bd9-bf78-2ffb804268db 4954220bd345423187179090fc0b634f e96cd550bc9241da820fef1cce3bd01e - - default default] Successfully bumped revision number for resource c9ca9786-96ff-424e-a782-b7dc4d0fab1a (type: ports) to 1 [pid: 7|app: 0|req: 441/921] 10.0.0.145 () {34 vars in 664 bytes} [Mon Apr 27 02:37:10 2026] POST /v2.0/ports => generated 1506 bytes in 887 msecs (HTTP/1.1 201) 4 headers in 163 bytes (1 switches on core 0) /var/lib/openstack/lib/python3.12/site-packages/pycadf/identifier.py:70: UserWarning: Invalid uuid: neutron. To ensure interoperability, identifiers should be a valid uuid. warnings.warn(('Invalid uuid: %s. To ensure interoperability, ' [pid: 7|app: 0|req: 442/922] 10.0.0.145 () {32 vars in 642 bytes} [Mon Apr 27 02:37:11 2026] GET /v2.0/ports => generated 3018 bytes in 77 msecs (HTTP/1.1 200) 4 headers in 158 bytes (1 switches on core 0)
2026-04-27 02:37:11.829 8 INFO neutron.db.ovn_revision_numbers_db [req-79459b25-285c-417d-bd5b-c0b80b31e07f req-48f37501-f456-4257-9b06-8e73e65bcb13 824c094fa4f046b492a3c75b3388486d 12beac5d28e14617a3a7cfbc479e42a7 - - default default] Successfully bumped revision number for resource e79627e6-7773-4f03-a892-770d1a3a6134 (type: ports) to 6 [pid: 8|app: 0|req: 481/923] 199.19.213.63 () {38 vars in 1026 bytes} [Mon Apr 27 02:37:11 2026] PUT /v2.0/ports/e79627e6-7773-4f03-a892-770d1a3a6134 => generated 1149 bytes in 650 msecs (HTTP/1.1 200) 4 headers in 158 bytes (1 switches on core 0)
2026-04-27 02:37:11.896 8 INFO neutron.notifiers.nova [-] Nova event matching ['req-10a9e0b2-e367-462b-a80e-597438e4b110'] response: {'name': 'network-changed', 'server_uuid': '402a8ebf-1ab1-4ee5-9255-fdefd87ce292', 'tag': 'e79627e6-7773-4f03-a892-770d1a3a6134', 'status': 'completed', 'code': 200}
2026-04-27 02:37:11.943 7 INFO neutron_taas.services.taas.taas_plugin [None req-0d04e998-6128-4c5a-9f82-a8093434a27d 4954220bd345423187179090fc0b634f e96cd550bc9241da820fef1cce3bd01e - - default default] TaaS: Handle Delete Port: 5ba472f9-5dc3-4b91-9c35-c01762b78a38
2026-04-27 02:37:11.951 7 INFO neutron_taas.services.taas.tap_mirror_plugin [None req-0d04e998-6128-4c5a-9f82-a8093434a27d 4954220bd345423187179090fc0b634f e96cd550bc9241da820fef1cce3bd01e - - default default] Tap Mirror: Handle Delete Port: 5ba472f9-5dc3-4b91-9c35-c01762b78a38 [pid: 7|app: 0|req: 443/924] 10.0.0.145 () {32 vars in 719 bytes} [Mon Apr 27 02:37:11 2026] DELETE /v2.0/ports/5ba472f9-5dc3-4b91-9c35-c01762b78a38 => generated 0 bytes in 360 msecs (HTTP/1.1 204) 3 headers in 131 bytes (1 switches on core 0)
2026-04-27 02:37:12.240 7 INFO neutron_taas.services.taas.taas_plugin [None req-56f89f89-2ae8-4dcf-948a-b15408590edc 4954220bd345423187179090fc0b634f e96cd550bc9241da820fef1cce3bd01e - - default default] TaaS: Handle Delete Port: c9ca9786-96ff-424e-a782-b7dc4d0fab1a
2026-04-27 02:37:12.244 7 INFO neutron_taas.services.taas.tap_mirror_plugin [None req-56f89f89-2ae8-4dcf-948a-b15408590edc 4954220bd345423187179090fc0b634f e96cd550bc9241da820fef1cce3bd01e - - default default] Tap Mirror: Handle Delete Port: c9ca9786-96ff-424e-a782-b7dc4d0fab1a /var/lib/openstack/lib/python3.12/site-packages/pycadf/identifier.py:70: UserWarning: Invalid uuid: neutron. To ensure interoperability, identifiers should be a valid uuid. warnings.warn(('Invalid uuid: %s. To ensure interoperability, ' [pid: 7|app: 0|req: 444/925] 10.0.0.145 () {32 vars in 719 bytes} [Mon Apr 27 02:37:12 2026] DELETE /v2.0/ports/c9ca9786-96ff-424e-a782-b7dc4d0fab1a => generated 0 bytes in 262 msecs (HTTP/1.1 204) 3 headers in 131 bytes (1 switches on core 0) [pid: 7|app: 0|req: 445/926] 199.19.213.63 () {34 vars in 1078 bytes} [Mon Apr 27 02:37:12 2026] GET /v2.0/ports?tenant_id=12beac5d28e14617a3a7cfbc479e42a7&device_id=402a8ebf-1ab1-4ee5-9255-fdefd87ce292 => generated 1390 bytes in 38 msecs (HTTP/1.1 200) 4 headers in 158 bytes (1 switches on core 0) [pid: 7|app: 0|req: 446/927] 10.0.0.145 () {32 vars in 642 bytes} [Mon Apr 27 02:37:12 2026] GET /v2.0/ports => generated 1523 bytes in 55 msecs (HTTP/1.1 200) 4 headers in 158 bytes (1 switches on core 0)
2026-04-27 02:37:12.490 8 INFO neutron.db.ovn_revision_numbers_db [None req-7f346726-b0b2-4d8e-ae06-6cc4e0efda66 11c31470e742432d9f3466f95f769181 eef907a946234cefb1a1ea5367f1e103 - - default default] Successfully bumped revision number for resource 6c1943e3-2c1f-487b-ba0a-8125983ddc73 (type: security_groups) to 1
2026-04-27 02:37:12.511 8 INFO neutron.db.ovn_revision_numbers_db [None req-7f346726-b0b2-4d8e-ae06-6cc4e0efda66 11c31470e742432d9f3466f95f769181 eef907a946234cefb1a1ea5367f1e103 - - default default] Successfully bumped revision number for resource ae990592-bffc-4715-a521-9c619a896cbf (type: security_group_rules) to 0
2026-04-27 02:37:12.523 8 INFO neutron.db.ovn_revision_numbers_db [None req-7f346726-b0b2-4d8e-ae06-6cc4e0efda66 11c31470e742432d9f3466f95f769181 eef907a946234cefb1a1ea5367f1e103 - - default default] Successfully bumped revision number for resource e1644e06-e552-4e9e-8522-93e09c1024e0 (type: security_group_rules) to 0
2026-04-27 02:37:12.543 8 INFO neutron.db.ovn_revision_numbers_db [None req-7f346726-b0b2-4d8e-ae06-6cc4e0efda66 11c31470e742432d9f3466f95f769181 eef907a946234cefb1a1ea5367f1e103 - - default default] Successfully bumped revision number for resource f195b318-0b62-4e58-a11f-1783d0e25371 (type: security_group_rules) to 0
2026-04-27 02:37:12.558 8 INFO neutron.db.ovn_revision_numbers_db [None req-7f346726-b0b2-4d8e-ae06-6cc4e0efda66 11c31470e742432d9f3466f95f769181 eef907a946234cefb1a1ea5367f1e103 - - default default] Successfully bumped revision number for resource ff054295-c387-4cd5-9f1b-7d6a78e2abd8 (type: security_group_rules) to 0 [pid: 7|app: 0|req: 447/928] 199.19.213.63 () {34 vars in 984 bytes} [Mon Apr 27 02:37:12 2026] GET /v2.0/networks?id=265df958-62a6-47ff-a04d-18f6f866776f => generated 821 bytes in 86 msecs (HTTP/1.1 200) 4 headers in 157 bytes (1 switches on core 0)
2026-04-27 02:37:12.632 8 INFO neutron.db.segments_db [None req-7f346726-b0b2-4d8e-ae06-6cc4e0efda66 11c31470e742432d9f3466f95f769181 eef907a946234cefb1a1ea5367f1e103 - - default default] Added segment 53c73c56-5cf8-4136-93c6-36d7f6273ae8 of type geneve for network ee789c10-781d-4e6e-84d0-73cbcea30582
2026-04-27 02:37:12.646 7 INFO neutron.db.segments_db [None req-492ecaed-08a7-4a7d-b722-2a5c7059664f 4954220bd345423187179090fc0b634f e96cd550bc9241da820fef1cce3bd01e - - default default] Added segment e5f34228-1130-45b7-9b52-af6d03027d2d of type geneve for network c5fa496b-d721-4116-b9a8-cbde6278e02a
2026-04-27 02:37:12.786 7 INFO neutron.db.ovn_revision_numbers_db [None req-492ecaed-08a7-4a7d-b722-2a5c7059664f 4954220bd345423187179090fc0b634f e96cd550bc9241da820fef1cce3bd01e - - default default] Successfully bumped revision number for resource c5fa496b-d721-4116-b9a8-cbde6278e02a (type: networks) to 1
2026-04-27 02:37:12.806 8 INFO neutron.db.ovn_revision_numbers_db [None req-7f346726-b0b2-4d8e-ae06-6cc4e0efda66 11c31470e742432d9f3466f95f769181 eef907a946234cefb1a1ea5367f1e103 - - default default] Successfully bumped revision number for resource ee789c10-781d-4e6e-84d0-73cbcea30582 (type: networks) to 1
2026-04-27 02:37:12.964 8 WARNING neutron.scheduler.dhcp_agent_scheduler [None req-7f346726-b0b2-4d8e-ae06-6cc4e0efda66 11c31470e742432d9f3466f95f769181 eef907a946234cefb1a1ea5367f1e103 - - default default] No more DHCP agents
2026-04-27 02:37:12.966 8 WARNING neutron.api.rpc.agentnotifiers.dhcp_rpc_agent_api [None req-7f346726-b0b2-4d8e-ae06-6cc4e0efda66 11c31470e742432d9f3466f95f769181 eef907a946234cefb1a1ea5367f1e103 - - default default] Unable to schedule network ee789c10-781d-4e6e-84d0-73cbcea30582: no agents available; will retry on subsequent port and subnet creation events.
2026-04-27 02:37:12.974 7 WARNING neutron.scheduler.dhcp_agent_scheduler [None req-492ecaed-08a7-4a7d-b722-2a5c7059664f 4954220bd345423187179090fc0b634f e96cd550bc9241da820fef1cce3bd01e - - default default] No more DHCP agents
2026-04-27 02:37:12.975 7 WARNING neutron.api.rpc.agentnotifiers.dhcp_rpc_agent_api [None req-492ecaed-08a7-4a7d-b722-2a5c7059664f 4954220bd345423187179090fc0b634f e96cd550bc9241da820fef1cce3bd01e - - default default] Unable to schedule network c5fa496b-d721-4116-b9a8-cbde6278e02a: no agents available; will retry on subsequent port and subnet creation events.
2026-04-27 02:37:13.043 7 INFO neutron.plugins.ml2.drivers.ovn.mech_driver.mech_driver [None req-dcda7315-f4ae-4dec-9780-66cd933d78c1 - - - - - -] OVN reports status down for port: f84ed222-e1a8-44b1-921c-f75bb36d9a8c
2026-04-27 02:37:13.137 7 INFO neutron.db.ovn_revision_numbers_db [None req-492ecaed-08a7-4a7d-b722-2a5c7059664f 4954220bd345423187179090fc0b634f e96cd550bc9241da820fef1cce3bd01e - - default default] Successfully bumped revision number for resource f84ed222-e1a8-44b1-921c-f75bb36d9a8c (type: ports) to 1
2026-04-27 02:37:13.140 8 INFO neutron.db.ovn_revision_numbers_db [None req-7f346726-b0b2-4d8e-ae06-6cc4e0efda66 11c31470e742432d9f3466f95f769181 eef907a946234cefb1a1ea5367f1e103 - - default default] Successfully bumped revision number for resource 3c05301d-432b-4348-8150-c85ec3db8dd4 (type: ports) to 1 [pid: 8|app: 0|req: 482/929] 10.0.0.145 () {34 vars in 670 bytes} [Mon Apr 27 02:37:12 2026] POST /v2.0/networks => generated 777 bytes in 1081 msecs (HTTP/1.1 201) 4 headers in 162 bytes (1 switches on core 0) [pid: 7|app: 0|req: 448/930] 10.0.0.145 () {34 vars in 669 bytes} [Mon Apr 27 02:37:12 2026] POST /v2.0/networks => generated 691 bytes in 615 msecs (HTTP/1.1 201) 4 headers in 162 bytes (1 switches on core 0)
2026-04-27 02:37:13.201 7 INFO neutron.plugins.ml2.drivers.ovn.mech_driver.mech_driver [None req-dcda7315-f4ae-4dec-9780-66cd933d78c1 - - - - - -] OVN reports status down for port: 3c05301d-432b-4348-8150-c85ec3db8dd4 [pid: 8|app: 0|req: 483/931] 199.19.213.63 () {34 vars in 1058 bytes} [Mon Apr 27 02:37:13 2026] GET /v2.0/floatingips?fixed_ip_address=10.100.0.11&port_id=e79627e6-7773-4f03-a892-770d1a3a6134 => generated 861 bytes in 37 msecs (HTTP/1.1 200) 4 headers in 157 bytes (1 switches on core 0)
2026-04-27 02:37:13.296 8 INFO neutron.db.segments_db [None req-eecb4be4-1633-4cef-afff-1ac1c5caa4d9 4954220bd345423187179090fc0b634f e96cd550bc9241da820fef1cce3bd01e - - default default] Added segment 098e98ff-0690-436b-834d-d09744a3a97b of type geneve for network 18f4a057-d00b-4b87-83cc-c6669d8533cc
2026-04-27 02:37:13.438 7 WARNING neutron.scheduler.dhcp_agent_scheduler [None req-c78afe23-728d-4b39-95d8-630370897a36 11c31470e742432d9f3466f95f769181 eef907a946234cefb1a1ea5367f1e103 - - default default] No more DHCP agents
2026-04-27 02:37:13.439 7 WARNING neutron.api.rpc.agentnotifiers.dhcp_rpc_agent_api [None req-c78afe23-728d-4b39-95d8-630370897a36 11c31470e742432d9f3466f95f769181 eef907a946234cefb1a1ea5367f1e103 - - default default] Unable to schedule network ee789c10-781d-4e6e-84d0-73cbcea30582: no agents available; will retry on subsequent port and subnet creation events.
2026-04-27 02:37:13.464 8 INFO neutron.db.ovn_revision_numbers_db [None req-eecb4be4-1633-4cef-afff-1ac1c5caa4d9 4954220bd345423187179090fc0b634f e96cd550bc9241da820fef1cce3bd01e - - default default] Successfully bumped revision number for resource 18f4a057-d00b-4b87-83cc-c6669d8533cc (type: networks) to 1
2026-04-27 02:37:13.635 8 WARNING neutron.scheduler.dhcp_agent_scheduler [None req-eecb4be4-1633-4cef-afff-1ac1c5caa4d9 4954220bd345423187179090fc0b634f e96cd550bc9241da820fef1cce3bd01e - - default default] No more DHCP agents
2026-04-27 02:37:13.636 8 WARNING neutron.api.rpc.agentnotifiers.dhcp_rpc_agent_api [None req-eecb4be4-1633-4cef-afff-1ac1c5caa4d9 4954220bd345423187179090fc0b634f e96cd550bc9241da820fef1cce3bd01e - - default default] Unable to schedule network 18f4a057-d00b-4b87-83cc-c6669d8533cc: no agents available; will retry on subsequent port and subnet creation events.
2026-04-27 02:37:13.743 7 INFO neutron.plugins.ml2.drivers.ovn.mech_driver.mech_driver [None req-dcda7315-f4ae-4dec-9780-66cd933d78c1 - - - - - -] OVN reports status down for port: c6b047d7-38bd-4e09-b342-8187c1e82971
2026-04-27 02:37:13.760 8 INFO neutron.db.ovn_revision_numbers_db [None req-eecb4be4-1633-4cef-afff-1ac1c5caa4d9 4954220bd345423187179090fc0b634f e96cd550bc9241da820fef1cce3bd01e - - default default] Successfully bumped revision number for resource c6b047d7-38bd-4e09-b342-8187c1e82971 (type: ports) to 1 [pid: 8|app: 0|req: 484/932] 10.0.0.145 () {34 vars in 669 bytes} [Mon Apr 27 02:37:13 2026] POST /v2.0/networks => generated 692 bytes in 573 msecs (HTTP/1.1 201) 4 headers in 162 bytes (1 switches on core 0) [pid: 8|app: 0|req: 485/933] 199.19.213.63 () {34 vars in 1056 bytes} [Mon Apr 27 02:37:13 2026] GET /v2.0/floatingips?fixed_ip_address=10.100.0.8&port_id=e79627e6-7773-4f03-a892-770d1a3a6134 => generated 19 bytes in 19 msecs (HTTP/1.1 200) 4 headers in 156 bytes (1 switches on core 0) [pid: 8|app: 0|req: 486/934] 199.19.213.63 () {34 vars in 982 bytes} [Mon Apr 27 02:37:13 2026] GET /v2.0/subnets?id=357d0063-343b-4f92-aa4e-473912e464f2 => generated 702 bytes in 21 msecs (HTTP/1.1 200) 4 headers in 157 bytes (1 switches on core 0) [pid: 8|app: 0|req: 487/935] 199.19.213.63 () {34 vars in 1050 bytes} [Mon Apr 27 02:37:13 2026] GET /v2.0/ports?network_id=265df958-62a6-47ff-a04d-18f6f866776f&device_owner=network%3Adhcp => generated 12 bytes in 23 msecs (HTTP/1.1 200) 4 headers in 156 bytes (1 switches on core 0) [pid: 8|app: 0|req: 488/936] 199.19.213.63 () {34 vars in 1010 bytes} [Mon Apr 27 02:37:13 2026] GET /v2.0/networks/265df958-62a6-47ff-a04d-18f6f866776f?fields=segments => generated 14 bytes in 44 msecs (HTTP/1.1 200) 4 headers in 156 bytes (1 switches on core 0) [pid: 8|app: 0|req: 489/937] 199.19.213.63 () {34 vars in 1110 bytes} [Mon Apr 27 02:37:13 2026] GET /v2.0/networks/265df958-62a6-47ff-a04d-18f6f866776f?fields=provider%3Aphysical_network&fields=provider%3Anetwork_type => generated 79 bytes in 63 msecs (HTTP/1.1 200) 4 headers in 156 bytes (1 switches on core 0)
2026-04-27 02:37:14.007 7 INFO neutron.db.ovn_revision_numbers_db [None req-a5d46036-e978-49f7-8910-a97b889e923b - - - - - -] Successfully bumped revision number for resource 3c05301d-432b-4348-8150-c85ec3db8dd4 (type: ports) to 2
2026-04-27 02:37:14.041 7 INFO neutron.db.ovn_revision_numbers_db [None req-a5d46036-e978-49f7-8910-a97b889e923b - - - - - -] Successfully bumped revision number for resource 3c1360b6-5cc9-43a7-b442-b7b9497f4838 (type: subnets) to 0 [pid: 7|app: 0|req: 449/938] 10.0.0.145 () {34 vars in 668 bytes} [Mon Apr 27 02:37:13 2026] POST /v2.0/subnets => generated 684 bytes in 881 msecs (HTTP/1.1 201) 4 headers in 162 bytes (1 switches on core 0)
2026-04-27 02:37:14.521 8 WARNING neutron.scheduler.dhcp_agent_scheduler [None req-c3c7722a-89d8-48c3-b4d9-aacaa6f7a611 11c31470e742432d9f3466f95f769181 eef907a946234cefb1a1ea5367f1e103 - - default default] No more DHCP agents
2026-04-27 02:37:14.522 8 WARNING neutron.api.rpc.agentnotifiers.dhcp_rpc_agent_api [None req-c3c7722a-89d8-48c3-b4d9-aacaa6f7a611 11c31470e742432d9f3466f95f769181 eef907a946234cefb1a1ea5367f1e103 - - default default] Unable to schedule network 19b4c30a-4a76-480c-8cb9-79b51b4e55d4: no agents available; will retry on subsequent port and subnet creation events.
2026-04-27 02:37:14.559 7 WARNING neutron.scheduler.dhcp_agent_scheduler [None req-97f462f8-e965-4c91-841a-600c15ea14b9 4954220bd345423187179090fc0b634f e96cd550bc9241da820fef1cce3bd01e - - default default] No more DHCP agents
2026-04-27 02:37:14.561 7 WARNING neutron.api.rpc.agentnotifiers.dhcp_rpc_agent_api [None req-97f462f8-e965-4c91-841a-600c15ea14b9 4954220bd345423187179090fc0b634f e96cd550bc9241da820fef1cce3bd01e - - default default] Unable to schedule network c5fa496b-d721-4116-b9a8-cbde6278e02a: no agents available; will retry on subsequent port and subnet creation events.
2026-04-27 02:37:14.594 7 INFO neutron.db.ovn_revision_numbers_db [None req-97f462f8-e965-4c91-841a-600c15ea14b9 4954220bd345423187179090fc0b634f e96cd550bc9241da820fef1cce3bd01e - - default default] Successfully bumped revision number for resource 9bc2ed77-7a85-46a8-b6a1-f46d6ad51b1a (type: subnets) to 0
2026-04-27 02:37:14.623 7 WARNING neutron.scheduler.dhcp_agent_scheduler [None req-97f462f8-e965-4c91-841a-600c15ea14b9 4954220bd345423187179090fc0b634f e96cd550bc9241da820fef1cce3bd01e - - default default] No more DHCP agents
2026-04-27 02:37:14.624 7 WARNING neutron.api.rpc.agentnotifiers.dhcp_rpc_agent_api [None req-97f462f8-e965-4c91-841a-600c15ea14b9 4954220bd345423187179090fc0b634f e96cd550bc9241da820fef1cce3bd01e - - default default] Unable to schedule network 18f4a057-d00b-4b87-83cc-c6669d8533cc: no agents available; will retry on subsequent port and subnet creation events.
2026-04-27 02:37:14.659 7 INFO neutron.plugins.ml2.drivers.ovn.mech_driver.mech_driver [None req-dcda7315-f4ae-4dec-9780-66cd933d78c1 - - - - - -] OVN reports status down for port: 5f1e1f4d-5e6d-404f-9737-b01d02766e16
2026-04-27 02:37:14.720 8 INFO neutron.db.ovn_revision_numbers_db [None req-c3c7722a-89d8-48c3-b4d9-aacaa6f7a611 11c31470e742432d9f3466f95f769181 eef907a946234cefb1a1ea5367f1e103 - - default default] Successfully bumped revision number for resource 5f1e1f4d-5e6d-404f-9737-b01d02766e16 (type: ports) to 1
2026-04-27 02:37:14.726 7 INFO neutron.db.ovn_revision_numbers_db [None req-97f462f8-e965-4c91-841a-600c15ea14b9 4954220bd345423187179090fc0b634f e96cd550bc9241da820fef1cce3bd01e - - default default] Successfully bumped revision number for resource 57993d42-e32e-41d3-aa12-721b52db4620 (type: subnets) to 0 [pid: 7|app: 0|req: 450/939] 10.0.0.145 () {34 vars in 668 bytes} [Mon Apr 27 02:37:14 2026] POST /v2.0/subnets => generated 1323 bytes in 537 msecs (HTTP/1.1 201) 4 headers in 163 bytes (1 switches on core 0)
2026-04-27 02:37:15.049 7 INFO neutron.db.ovn_revision_numbers_db [None req-4610e0c3-87e9-491f-87ec-42b0ee1f44c7 11c31470e742432d9f3466f95f769181 eef907a946234cefb1a1ea5367f1e103 - - default default] Successfully bumped revision number for resource 4da608ed-8984-49d7-b48c-4332c249dac2 (type: security_groups) to 1
