+ COMMAND=start + start + exec neutron-rpc-server --config-file /etc/neutron/neutron.conf --config-file /etc/neutron/plugins/ml2/ml2_conf.ini /var/lib/openstack/lib/python3.10/site-packages/neutron/common/utils.py:54: UserWarning: pkg_resources is deprecated as an API. See https://setuptools.pypa.io/en/latest/pkg_resources.html. The pkg_resources package is slated for removal as early as 2025-11-30. Refrain from using this package or pin to Setuptools<81. import pkg_resources
2026-05-12 12:00:34.051 1 INFO neutron.common.config [-] Logging enabled!
2026-05-12 12:00:34.051 1 INFO neutron.common.config [-] /var/lib/openstack/bin/neutron-rpc-server version 23.5.0
2026-05-12 12:00:34.052 1 INFO neutron.server.rpc_eventlet [-] Eventlet based AMQP RPC server starting...
2026-05-12 12:00:34.052 1 INFO neutron.manager [-] Loading core plugin: ml2
2026-05-12 12:00:34.789 1 INFO neutron.plugins.ml2.managers [-] Configured type driver names: ['flat', 'gre', 'vlan', 'vxlan']
2026-05-12 12:00:34.791 1 INFO neutron.plugins.ml2.drivers.type_flat [-] Arbitrary flat physical_network names allowed
2026-05-12 12:00:34.793 1 INFO neutron.plugins.ml2.drivers.type_vlan [-] Network VLAN ranges: OrderedDict([('external', [(1, 4094)])])
2026-05-12 12:00:34.794 1 INFO neutron.plugins.ml2.managers [-] Loaded type driver names: ['flat', 'gre', 'vlan', 'vxlan']
2026-05-12 12:00:34.794 1 INFO neutron.plugins.ml2.managers [-] Registered types: dict_keys(['flat', 'gre', 'vlan', 'vxlan'])
2026-05-12 12:00:34.794 1 INFO neutron.plugins.ml2.managers [-] Tenant network_types: ['vxlan']
2026-05-12 12:00:34.795 1 INFO neutron.plugins.ml2.managers [-] Configured extension driver names: ['dns_domain_ports', 'port_security', 'qos']
2026-05-12 12:00:34.799 1 INFO neutron.plugins.ml2.managers [-] Loaded extension driver names: ['dns_domain_ports', 'port_security', 'qos']
2026-05-12 12:00:34.799 1 INFO neutron.plugins.ml2.managers [-] Registered extension drivers: ['dns_domain_ports', 'port_security', 'qos']
2026-05-12 12:00:34.800 1 INFO neutron.plugins.ml2.managers [-] Configured mechanism driver names: ['openvswitch', 'l2population']
2026-05-12 12:00:34.814 1 INFO neutron.plugins.ml2.drivers.mech_agent [-] Open vSwitch agent's supported_vnic_types: ['normal', 'direct', 'smart-nic', 'vdpa']
2026-05-12 12:00:34.815 1 INFO neutron.plugins.ml2.managers [-] Loaded mechanism driver names: ['openvswitch', 'l2population']
2026-05-12 12:00:34.815 1 INFO neutron.plugins.ml2.managers [-] Registered mechanism drivers: ['openvswitch', 'l2population']
2026-05-12 12:00:34.845 1 INFO neutron.plugins.ml2.managers [-] Initializing driver for type 'flat'
2026-05-12 12:00:34.845 1 INFO neutron.plugins.ml2.drivers.type_flat [-] ML2 FlatTypeDriver initialization complete
2026-05-12 12:00:34.845 1 INFO neutron.plugins.ml2.managers [-] Initializing driver for type 'gre'
2026-05-12 12:00:34.845 1 INFO neutron.plugins.ml2.drivers.type_tunnel [-] gre ID ranges: [(1, 1000)]
2026-05-12 12:00:34.851 1 WARNING oslo_policy.policy [None req-fd33c1d8-165b-47bd-9319-7d0ca816b187 - - - - - -] Policies ['delete_port', 'update_port:allowed_address_pairs', 'update_port:allowed_address_pairs:ip_address', 'update_port:allowed_address_pairs:mac_address', 'update_port:fixed_ips', 'update_port:mac_address'] reference a rule that is not defined.
2026-05-12 12:00:35.081 1 INFO neutron.plugins.ml2.managers [None req-fd33c1d8-165b-47bd-9319-7d0ca816b187 - - - - - -] Initializing driver for type 'vlan'
2026-05-12 12:00:35.303 1 INFO neutron.plugins.ml2.drivers.type_vlan [None req-fd33c1d8-165b-47bd-9319-7d0ca816b187 - - - - - -] VlanTypeDriver initialization complete
2026-05-12 12:00:35.304 1 INFO neutron.plugins.ml2.managers [None req-fd33c1d8-165b-47bd-9319-7d0ca816b187 - - - - - -] Initializing driver for type 'vxlan'
2026-05-12 12:00:35.304 1 INFO neutron.plugins.ml2.drivers.type_tunnel [None req-fd33c1d8-165b-47bd-9319-7d0ca816b187 - - - - - -] vxlan ID ranges: [(1, 1000)]
2026-05-12 12:00:35.341 1 INFO neutron.plugins.ml2.managers [None req-fd33c1d8-165b-47bd-9319-7d0ca816b187 - - - - - -] Initializing extension driver 'dns_domain_ports'
2026-05-12 12:00:35.341 1 INFO neutron.plugins.ml2.extensions.dns_integration [None req-fd33c1d8-165b-47bd-9319-7d0ca816b187 - - - - - -] DNSDomainPortsExtensionDriver initialization complete
2026-05-12 12:00:35.341 1 INFO neutron.plugins.ml2.managers [None req-fd33c1d8-165b-47bd-9319-7d0ca816b187 - - - - - -] Initializing extension driver 'port_security'
2026-05-12 12:00:35.341 1 INFO neutron.plugins.ml2.extensions.port_security [None req-fd33c1d8-165b-47bd-9319-7d0ca816b187 - - - - - -] PortSecurityExtensionDriver initialization complete
2026-05-12 12:00:35.341 1 INFO neutron.plugins.ml2.managers [None req-fd33c1d8-165b-47bd-9319-7d0ca816b187 - - - - - -] Initializing extension driver 'qos'
2026-05-12 12:00:35.342 1 INFO neutron.plugins.ml2.managers [None req-fd33c1d8-165b-47bd-9319-7d0ca816b187 - - - - - -] Initializing mechanism driver 'openvswitch'
2026-05-12 12:00:35.342 1 INFO neutron.plugins.ml2.managers [None req-fd33c1d8-165b-47bd-9319-7d0ca816b187 - - - - - -] Initializing mechanism driver 'l2population'
2026-05-12 12:00:35.353 1 INFO neutron.quota [None req-c6a83780-af5f-458a-8561-dfe622f575aa - - - - - -] Loaded quota_driver: .
2026-05-12 12:00:35.353 1 INFO neutron.plugins.ml2.plugin [None req-c6a83780-af5f-458a-8561-dfe622f575aa - - - - - -] Modular L2 Plugin initialization complete
2026-05-12 12:00:35.353 1 INFO neutron.plugins.ml2.managers [None req-c6a83780-af5f-458a-8561-dfe622f575aa - - - - - -] Got dns-integration extension from driver 'dns_domain_ports'
2026-05-12 12:00:35.353 1 INFO neutron.plugins.ml2.managers [None req-c6a83780-af5f-458a-8561-dfe622f575aa - - - - - -] Got dns-domain-ports extension from driver 'dns_domain_ports'
2026-05-12 12:00:35.354 1 INFO neutron.plugins.ml2.managers [None req-c6a83780-af5f-458a-8561-dfe622f575aa - - - - - -] Got port-security extension from driver 'port_security'
2026-05-12 12:00:35.354 1 INFO neutron.extensions.vlantransparent [None req-c6a83780-af5f-458a-8561-dfe622f575aa - - - - - -] Disabled vlantransparent extension.
2026-05-12 12:00:35.354 1 INFO neutron.manager [None req-c6a83780-af5f-458a-8561-dfe622f575aa - - - - - -] Loading Plugin: qos
2026-05-12 12:00:35.363 1 INFO neutron.manager [None req-c6a83780-af5f-458a-8561-dfe622f575aa - - - - - -] Loading Plugin: router
2026-05-12 12:00:35.390 1 INFO neutron.services.service_base [None req-c6a83780-af5f-458a-8561-dfe622f575aa - - - - - -] Default provider is not specified for service type L3_ROUTER_NAT
2026-05-12 12:00:35.390 1 INFO neutron.manager [None req-c6a83780-af5f-458a-8561-dfe622f575aa - - - - - -] Loading Plugin: segments
2026-05-12 12:00:35.450 1 INFO neutron.manager [None req-c6a83780-af5f-458a-8561-dfe622f575aa - - - - - -] Loading Plugin: trunk
2026-05-12 12:00:35.499 1 INFO neutron.manager [None req-c6a83780-af5f-458a-8561-dfe622f575aa - - - - - -] Loading Plugin: vpnaas
2026-05-12 12:00:35.529 1 WARNING stevedore.named [None req-c6a83780-af5f-458a-8561-dfe622f575aa - - - - - -] Could not load neutron_vpnaas.services.vpn.service_drivers.ipsec.IPsecVPNDriver
2026-05-12 12:00:35.582 1 INFO neutron_vpnaas.services.vpn.plugin [None req-c6a83780-af5f-458a-8561-dfe622f575aa - - - - - -] VPN plugin using service drivers: dict_keys(['strongswan']), default: strongswan
2026-05-12 12:00:35.583 1 INFO neutron.common.utils [None req-c6a83780-af5f-458a-8561-dfe622f575aa - - - - - -] Disable filter validation extension by service plugin VPNDriverPlugin.
2026-05-12 12:00:35.583 1 INFO neutron.manager [None req-c6a83780-af5f-458a-8561-dfe622f575aa - - - - - -] Loading Plugin: auto_allocate
2026-05-12 12:00:35.586 1 INFO neutron.manager [None req-c6a83780-af5f-458a-8561-dfe622f575aa - - - - - -] Loading Plugin: tag
2026-05-12 12:00:35.591 1 INFO neutron.manager [None req-c6a83780-af5f-458a-8561-dfe622f575aa - - - - - -] Loading Plugin: timestamp
2026-05-12 12:00:35.594 1 INFO neutron.manager [None req-c6a83780-af5f-458a-8561-dfe622f575aa - - - - - -] Loading Plugin: network_ip_availability
2026-05-12 12:00:35.598 1 INFO neutron.manager [None req-c6a83780-af5f-458a-8561-dfe622f575aa - - - - - -] Loading Plugin: flavors
2026-05-12 12:00:35.604 1 INFO neutron.manager [None req-c6a83780-af5f-458a-8561-dfe622f575aa - - - - - -] Loading Plugin: revisions
2026-05-12 12:00:35.609 1 INFO neutron.api.extensions [None req-c6a83780-af5f-458a-8561-dfe622f575aa - - - - - -] Initializing extension manager.
2026-05-12 12:00:35.610 1 INFO neutron.api.extensions [None req-c6a83780-af5f-458a-8561-dfe622f575aa - - - - - -] Loaded extension: address-group
2026-05-12 12:00:35.611 1 INFO neutron.api.extensions [None req-c6a83780-af5f-458a-8561-dfe622f575aa - - - - - -] Loaded extension: address-scope
2026-05-12 12:00:35.611 1 INFO neutron.api.extensions [None req-c6a83780-af5f-458a-8561-dfe622f575aa - - - - - -] Loaded extension: router-admin-state-down-before-update
2026-05-12 12:00:35.612 1 INFO neutron.api.extensions [None req-c6a83780-af5f-458a-8561-dfe622f575aa - - - - - -] Loaded extension: agent
2026-05-12 12:00:35.612 1 INFO neutron.api.extensions [None req-c6a83780-af5f-458a-8561-dfe622f575aa - - - - - -] Loaded extension: agent-resources-synced
2026-05-12 12:00:35.613 1 INFO neutron.api.extensions [None req-c6a83780-af5f-458a-8561-dfe622f575aa - - - - - -] Loaded extension: allowed-address-pairs
2026-05-12 12:00:35.614 1 INFO neutron.api.extensions [None req-c6a83780-af5f-458a-8561-dfe622f575aa - - - - - -] Loaded extension: auto-allocated-topology
2026-05-12 12:00:35.615 1 INFO neutron.api.extensions [None req-c6a83780-af5f-458a-8561-dfe622f575aa - - - - - -] Loaded extension: availability_zone
2026-05-12 12:00:35.615 1 INFO neutron.api.extensions [None req-c6a83780-af5f-458a-8561-dfe622f575aa - - - - - -] Loaded extension: availability_zone_filter
2026-05-12 12:00:35.615 1 INFO neutron.api.extensions [None req-c6a83780-af5f-458a-8561-dfe622f575aa - - - - - -] Extension data-plane-status not supported by any of loaded plugins
2026-05-12 12:00:35.616 1 INFO neutron.api.extensions [None req-c6a83780-af5f-458a-8561-dfe622f575aa - - - - - -] Loaded extension: default-subnetpools
2026-05-12 12:00:35.617 1 INFO neutron.api.extensions [None req-c6a83780-af5f-458a-8561-dfe622f575aa - - - - - -] Loaded extension: dhcp_agent_scheduler
2026-05-12 12:00:35.617 1 INFO neutron.api.extensions [None req-c6a83780-af5f-458a-8561-dfe622f575aa - - - - - -] Loaded extension: dns-integration
2026-05-12 12:00:35.618 1 INFO neutron.api.extensions [None req-c6a83780-af5f-458a-8561-dfe622f575aa - - - - - -] Loaded extension: dns-domain-ports
2026-05-12 12:00:35.618 1 INFO neutron.api.extensions [None req-c6a83780-af5f-458a-8561-dfe622f575aa - - - - - -] Extension dns-integration-domain-keywords not supported by any of loaded plugins
2026-05-12 12:00:35.619 1 INFO neutron.api.extensions [None req-c6a83780-af5f-458a-8561-dfe622f575aa - - - - - -] Loaded extension: dvr
2026-05-12 12:00:35.619 1 INFO neutron.api.extensions [None req-c6a83780-af5f-458a-8561-dfe622f575aa - - - - - -] Extension ecmp_routes not supported by any of loaded plugins
2026-05-12 12:00:35.620 1 INFO neutron.api.extensions [None req-c6a83780-af5f-458a-8561-dfe622f575aa - - - - - -] Loaded extension: empty-string-filtering
2026-05-12 12:00:35.620 1 INFO neutron.api.extensions [None req-c6a83780-af5f-458a-8561-dfe622f575aa - - - - - -] Extension expose-l3-conntrack-helper not supported by any of loaded plugins
2026-05-12 12:00:35.620 1 INFO neutron.api.extensions [None req-c6a83780-af5f-458a-8561-dfe622f575aa - - - - - -] Extension expose-port-forwarding-in-fip not supported by any of loaded plugins
2026-05-12 12:00:35.621 1 INFO neutron.api.extensions [None req-c6a83780-af5f-458a-8561-dfe622f575aa - - - - - -] Loaded extension: external-net
2026-05-12 12:00:35.621 1 INFO neutron.api.extensions [None req-c6a83780-af5f-458a-8561-dfe622f575aa - - - - - -] Loaded extension: extra_dhcp_opt
2026-05-12 12:00:35.622 1 INFO neutron.api.extensions [None req-c6a83780-af5f-458a-8561-dfe622f575aa - - - - - -] Loaded extension: extraroute
2026-05-12 12:00:35.622 1 INFO neutron.api.extensions [None req-c6a83780-af5f-458a-8561-dfe622f575aa - - - - - -] Loaded extension: extraroute-atomic
2026-05-12 12:00:35.623 1 INFO neutron.api.extensions [None req-c6a83780-af5f-458a-8561-dfe622f575aa - - - - - -] Extension filter-validation not supported by any of loaded plugins
2026-05-12 12:00:35.623 1 INFO neutron.api.extensions [None req-c6a83780-af5f-458a-8561-dfe622f575aa - - - - - -] Extension floating-ip-port-forwarding-description not supported by any of loaded plugins
2026-05-12 12:00:35.624 1 INFO neutron.api.extensions [None req-c6a83780-af5f-458a-8561-dfe622f575aa - - - - - -] Loaded extension: floating-ip-port-forwarding-detail
2026-05-12 12:00:35.624 1 INFO neutron.api.extensions [None req-c6a83780-af5f-458a-8561-dfe622f575aa - - - - - -] Extension floating-ip-port-forwarding-port-ranges not supported by any of loaded plugins
2026-05-12 12:00:35.625 1 INFO neutron.api.extensions [None req-c6a83780-af5f-458a-8561-dfe622f575aa - - - - - -] Loaded extension: fip-port-details
2026-05-12 12:00:35.625 1 INFO neutron.api.extensions [None req-c6a83780-af5f-458a-8561-dfe622f575aa - - - - - -] Loaded extension: flavors
2026-05-12 12:00:35.626 1 INFO neutron.api.extensions [None req-c6a83780-af5f-458a-8561-dfe622f575aa - - - - - -] Extension floating-ip-port-forwarding not supported by any of loaded plugins
2026-05-12 12:00:35.627 1 INFO neutron.api.extensions [None req-c6a83780-af5f-458a-8561-dfe622f575aa - - - - - -] Loaded extension: floatingip-pools
2026-05-12 12:00:35.627 1 INFO neutron.api.extensions [None req-c6a83780-af5f-458a-8561-dfe622f575aa - - - - - -] Loaded extension: ip_allocation
2026-05-12 12:00:35.627 1 INFO neutron.api.extensions [None req-c6a83780-af5f-458a-8561-dfe622f575aa - - - - - -] Loaded extension: ip-substring-filtering
2026-05-12 12:00:35.628 1 INFO neutron.api.extensions [None req-c6a83780-af5f-458a-8561-dfe622f575aa - - - - - -] Loaded extension: l2_adjacency
2026-05-12 12:00:35.629 1 INFO neutron.api.extensions [None req-c6a83780-af5f-458a-8561-dfe622f575aa - - - - - -] Loaded extension: router
2026-05-12 12:00:35.630 1 INFO neutron.api.extensions [None req-c6a83780-af5f-458a-8561-dfe622f575aa - - - - - -] Extension l3-conntrack-helper not supported by any of loaded plugins
2026-05-12 12:00:35.631 1 INFO neutron.api.extensions [None req-c6a83780-af5f-458a-8561-dfe622f575aa - - - - - -] Loaded extension: ext-gw-mode
2026-05-12 12:00:35.631 1 INFO neutron.api.extensions [None req-c6a83780-af5f-458a-8561-dfe622f575aa - - - - - -] Loaded extension: l3-ha
2026-05-12 12:00:35.631 1 INFO neutron.api.extensions [None req-c6a83780-af5f-458a-8561-dfe622f575aa - - - - - -] Extension l3-ext-ndp-proxy not supported by any of loaded plugins
2026-05-12 12:00:35.632 1 INFO neutron.api.extensions [None req-c6a83780-af5f-458a-8561-dfe622f575aa - - - - - -] Extension external-gateway-multihoming not supported by any of loaded plugins
2026-05-12 12:00:35.632 1 INFO neutron.api.extensions [None req-c6a83780-af5f-458a-8561-dfe622f575aa - - - - - -] Loaded extension: l3-flavors
2026-05-12 12:00:35.633 1 INFO neutron.api.extensions [None req-c6a83780-af5f-458a-8561-dfe622f575aa - - - - - -] Extension l3-ndp-proxy not supported by any of loaded plugins
2026-05-12 12:00:35.633 1 INFO neutron.api.extensions [None req-c6a83780-af5f-458a-8561-dfe622f575aa - - - - - -] Loaded extension: l3-port-ip-change-not-allowed
2026-05-12 12:00:35.635 1 INFO neutron.api.extensions [None req-c6a83780-af5f-458a-8561-dfe622f575aa - - - - - -] Loaded extension: l3_agent_scheduler
2026-05-12 12:00:35.636 1 INFO neutron.api.extensions [None req-c6a83780-af5f-458a-8561-dfe622f575aa - - - - - -] Extension local_ip not supported by any of loaded plugins
2026-05-12 12:00:35.636 1 INFO neutron.api.extensions [None req-c6a83780-af5f-458a-8561-dfe622f575aa - - - - - -] Extension logging not supported by any of loaded plugins
2026-05-12 12:00:35.637 1 INFO neutron.api.extensions [None req-c6a83780-af5f-458a-8561-dfe622f575aa - - - - - -] Extension metering not supported by any of loaded plugins
2026-05-12 12:00:35.638 1 INFO neutron.api.extensions [None req-c6a83780-af5f-458a-8561-dfe622f575aa - - - - - -] Extension metering_source_and_destination_fields not supported by any of loaded plugins
2026-05-12 12:00:35.638 1 INFO neutron.api.extensions [None req-c6a83780-af5f-458a-8561-dfe622f575aa - - - - - -] Loaded extension: multi-provider
2026-05-12 12:00:35.639 1 INFO neutron.api.extensions [None req-c6a83780-af5f-458a-8561-dfe622f575aa - - - - - -] Loaded extension: net-mtu
2026-05-12 12:00:35.639 1 INFO neutron.api.extensions [None req-c6a83780-af5f-458a-8561-dfe622f575aa - - - - - -] Loaded extension: net-mtu-writable
2026-05-12 12:00:35.640 1 INFO neutron.api.extensions [None req-c6a83780-af5f-458a-8561-dfe622f575aa - - - - - -] Loaded extension: network_availability_zone
2026-05-12 12:00:35.640 1 INFO neutron.api.extensions [None req-c6a83780-af5f-458a-8561-dfe622f575aa - - - - - -] Loaded extension: network_ha
2026-05-12 12:00:35.641 1 INFO neutron.api.extensions [None req-c6a83780-af5f-458a-8561-dfe622f575aa - - - - - -] Loaded extension: network-ip-availability
2026-05-12 12:00:35.641 1 INFO neutron.api.extensions [None req-c6a83780-af5f-458a-8561-dfe622f575aa - - - - - -] Extension network-segment-range not supported by any of loaded plugins
2026-05-12 12:00:35.642 1 INFO neutron.api.extensions [None req-c6a83780-af5f-458a-8561-dfe622f575aa - - - - - -] Loaded extension: pagination
2026-05-12 12:00:35.642 1 INFO neutron.api.extensions [None req-c6a83780-af5f-458a-8561-dfe622f575aa - - - - - -] Loaded extension: port-device-profile
2026-05-12 12:00:35.643 1 INFO neutron.api.extensions [None req-c6a83780-af5f-458a-8561-dfe622f575aa - - - - - -] Extension port-hint-ovs-tx-steering not supported by any of loaded plugins
2026-05-12 12:00:35.643 1 INFO neutron.api.extensions [None req-c6a83780-af5f-458a-8561-dfe622f575aa - - - - - -] Extension port-hints not supported by any of loaded plugins
2026-05-12 12:00:35.643 1 INFO neutron.api.extensions [None req-c6a83780-af5f-458a-8561-dfe622f575aa - - - - - -] Loaded extension: port-mac-override
2026-05-12 12:00:35.644 1 INFO neutron.api.extensions [None req-c6a83780-af5f-458a-8561-dfe622f575aa - - - - - -] Loaded extension: port-mac-address-regenerate
2026-05-12 12:00:35.644 1 INFO neutron.api.extensions [None req-c6a83780-af5f-458a-8561-dfe622f575aa - - - - - -] Loaded extension: port-numa-affinity-policy
2026-05-12 12:00:35.645 1 INFO neutron.api.extensions [None req-c6a83780-af5f-458a-8561-dfe622f575aa - - - - - -] Loaded extension: port-resource-request
2026-05-12 12:00:35.645 1 INFO neutron.api.extensions [None req-c6a83780-af5f-458a-8561-dfe622f575aa - - - - - -] Loaded extension: port-resource-request-groups
2026-05-12 12:00:35.646 1 INFO neutron.api.extensions [None req-c6a83780-af5f-458a-8561-dfe622f575aa - - - - - -] Loaded extension: binding
2026-05-12 12:00:35.646 1 INFO neutron.api.extensions [None req-c6a83780-af5f-458a-8561-dfe622f575aa - - - - - -] Loaded extension: binding-extended
2026-05-12 12:00:35.647 1 INFO neutron.api.extensions [None req-c6a83780-af5f-458a-8561-dfe622f575aa - - - - - -] Loaded extension: port-security
2026-05-12 12:00:35.647 1 INFO neutron.api.extensions [None req-c6a83780-af5f-458a-8561-dfe622f575aa - - - - - -] Loaded extension: project-id
2026-05-12 12:00:35.648 1 INFO neutron.api.extensions [None req-c6a83780-af5f-458a-8561-dfe622f575aa - - - - - -] Loaded extension: provider
2026-05-12 12:00:35.649 1 INFO neutron.api.extensions [None req-c6a83780-af5f-458a-8561-dfe622f575aa - - - - - -] Loaded extension: qos
2026-05-12 12:00:35.650 1 INFO neutron.api.extensions [None req-c6a83780-af5f-458a-8561-dfe622f575aa - - - - - -] Loaded extension: qos-bw-limit-direction
2026-05-12 12:00:35.650 1 INFO neutron.api.extensions [None req-c6a83780-af5f-458a-8561-dfe622f575aa - - - - - -] Loaded extension: qos-bw-minimum-ingress
2026-05-12 12:00:35.650 1 INFO neutron.api.extensions [None req-c6a83780-af5f-458a-8561-dfe622f575aa - - - - - -] Loaded extension: qos-default
2026-05-12 12:00:35.651 1 INFO neutron.api.extensions [None req-c6a83780-af5f-458a-8561-dfe622f575aa - - - - - -] Loaded extension: qos-fip
2026-05-12 12:00:35.651 1 INFO neutron.api.extensions [None req-c6a83780-af5f-458a-8561-dfe622f575aa - - - - - -] Extension qos-fip-network-policy not supported by any of loaded plugins
2026-05-12 12:00:35.652 1 INFO neutron.api.extensions [None req-c6a83780-af5f-458a-8561-dfe622f575aa - - - - - -] Loaded extension: qos-gateway-ip
2026-05-12 12:00:35.652 1 INFO neutron.api.extensions [None req-c6a83780-af5f-458a-8561-dfe622f575aa - - - - - -] Loaded extension: qos-port-network-policy
2026-05-12 12:00:35.653 1 INFO neutron.api.extensions [None req-c6a83780-af5f-458a-8561-dfe622f575aa - - - - - -] Loaded extension: qos-pps-minimum
2026-05-12 12:00:35.653 1 INFO neutron.api.extensions [None req-c6a83780-af5f-458a-8561-dfe622f575aa - - - - - -] Loaded extension: qos-pps-minimum-rule-alias
2026-05-12 12:00:35.654 1 INFO neutron.api.extensions [None req-c6a83780-af5f-458a-8561-dfe622f575aa - - - - - -] Loaded extension: qos-pps
2026-05-12 12:00:35.654 1 INFO neutron.api.extensions [None req-c6a83780-af5f-458a-8561-dfe622f575aa - - - - - -] Loaded extension: qos-rule-type-details
2026-05-12 12:00:35.655 1 INFO neutron.api.extensions [None req-c6a83780-af5f-458a-8561-dfe622f575aa - - - - - -] Loaded extension: qos-rule-type-filter
2026-05-12 12:00:35.655 1 INFO neutron.api.extensions [None req-c6a83780-af5f-458a-8561-dfe622f575aa - - - - - -] Loaded extension: qos-rules-alias
2026-05-12 12:00:35.656 1 INFO neutron.api.extensions [None req-c6a83780-af5f-458a-8561-dfe622f575aa - - - - - -] Loaded extension: quota-check-limit
2026-05-12 12:00:35.657 1 INFO neutron.api.extensions [None req-c6a83780-af5f-458a-8561-dfe622f575aa - - - - - -] Loaded extension: quotas
2026-05-12 12:00:35.659 1 INFO neutron.api.extensions [None req-c6a83780-af5f-458a-8561-dfe622f575aa - - - - - -] Loaded extension: quota_details
2026-05-12 12:00:35.660 1 INFO neutron.api.extensions [None req-c6a83780-af5f-458a-8561-dfe622f575aa - - - - - -] Loaded extension: rbac-policies
2026-05-12 12:00:35.660 1 INFO neutron.api.extensions [None req-c6a83780-af5f-458a-8561-dfe622f575aa - - - - - -] Loaded extension: rbac-address-group
2026-05-12 12:00:35.661 1 INFO neutron.api.extensions [None req-c6a83780-af5f-458a-8561-dfe622f575aa - - - - - -] Loaded extension: rbac-address-scope
2026-05-12 12:00:35.661 1 INFO neutron.api.extensions [None req-c6a83780-af5f-458a-8561-dfe622f575aa - - - - - -] Loaded extension: rbac-security-groups
2026-05-12 12:00:35.662 1 INFO neutron.api.extensions [None req-c6a83780-af5f-458a-8561-dfe622f575aa - - - - - -] Loaded extension: rbac-subnetpool
2026-05-12 12:00:35.662 1 INFO neutron.api.extensions [None req-c6a83780-af5f-458a-8561-dfe622f575aa - - - - - -] Loaded extension: revision-if-match
2026-05-12 12:00:35.663 1 INFO neutron.api.extensions [None req-c6a83780-af5f-458a-8561-dfe622f575aa - - - - - -] Loaded extension: standard-attr-revisions
2026-05-12 12:00:35.663 1 INFO neutron.api.extensions [None req-c6a83780-af5f-458a-8561-dfe622f575aa - - - - - -] Loaded extension: router_availability_zone
2026-05-12 12:00:35.664 1 INFO neutron.api.extensions [None req-c6a83780-af5f-458a-8561-dfe622f575aa - - - - - -] Extension router-service-type not supported by any of loaded plugins
2026-05-12 12:00:35.665 1 INFO neutron.api.extensions [None req-c6a83780-af5f-458a-8561-dfe622f575aa - - - - - -] Loaded extension: security-groups-default-rules
2026-05-12 12:00:35.665 1 INFO neutron.api.extensions [None req-c6a83780-af5f-458a-8561-dfe622f575aa - - - - - -] Loaded extension: security-groups-normalized-cidr
2026-05-12 12:00:35.666 1 INFO neutron.api.extensions [None req-c6a83780-af5f-458a-8561-dfe622f575aa - - - - - -] Loaded extension: port-security-groups-filtering
2026-05-12 12:00:35.666 1 INFO neutron.api.extensions [None req-c6a83780-af5f-458a-8561-dfe622f575aa - - - - - -] Loaded extension: security-groups-remote-address-group
2026-05-12 12:00:35.666 1 INFO neutron.api.extensions [None req-c6a83780-af5f-458a-8561-dfe622f575aa - - - - - -] Loaded extension: security-groups-shared-filtering
2026-05-12 12:00:35.673 1 INFO neutron.api.extensions [None req-c6a83780-af5f-458a-8561-dfe622f575aa - - - - - -] Loaded extension: security-group
2026-05-12 12:00:35.673 1 INFO neutron.api.extensions [None req-c6a83780-af5f-458a-8561-dfe622f575aa - - - - - -] Loaded extension: segment
2026-05-12 12:00:35.674 1 INFO neutron.api.extensions [None req-c6a83780-af5f-458a-8561-dfe622f575aa - - - - - -] Loaded extension: segments-peer-subnet-host-routes
2026-05-12 12:00:35.674 1 INFO neutron.api.extensions [None req-c6a83780-af5f-458a-8561-dfe622f575aa - - - - - -] Loaded extension: service-type
2026-05-12 12:00:35.675 1 INFO neutron.api.extensions [None req-c6a83780-af5f-458a-8561-dfe622f575aa - - - - - -] Loaded extension: sorting
2026-05-12 12:00:35.675 1 INFO neutron.api.extensions [None req-c6a83780-af5f-458a-8561-dfe622f575aa - - - - - -] Loaded extension: standard-attr-segment
2026-05-12 12:00:35.676 1 INFO neutron.api.extensions [None req-c6a83780-af5f-458a-8561-dfe622f575aa - - - - - -] Loaded extension: standard-attr-description
2026-05-12 12:00:35.676 1 INFO neutron.api.extensions [None req-c6a83780-af5f-458a-8561-dfe622f575aa - - - - - -] Loaded extension: stateful-security-group
2026-05-12 12:00:35.677 1 WARNING neutron.api.extensions [None req-c6a83780-af5f-458a-8561-dfe622f575aa - - - - - -] Did not find expected name "Stdattrs_common" in /var/lib/openstack/lib/python3.10/site-packages/neutron/extensions/stdattrs_common.py
2026-05-12 12:00:35.677 1 INFO neutron.api.extensions [None req-c6a83780-af5f-458a-8561-dfe622f575aa - - - - - -] Extension subnet-dns-publish-fixed-ip not supported by any of loaded plugins
2026-05-12 12:00:35.678 1 INFO neutron.api.extensions [None req-c6a83780-af5f-458a-8561-dfe622f575aa - - - - - -] Loaded extension: subnet_onboard
2026-05-12 12:00:35.678 1 INFO neutron.api.extensions [None req-c6a83780-af5f-458a-8561-dfe622f575aa - - - - - -] Loaded extension: subnet-segmentid-writable
2026-05-12 12:00:35.678 1 INFO neutron.api.extensions [None req-c6a83780-af5f-458a-8561-dfe622f575aa - - - - - -] Loaded extension: subnet-service-types
2026-05-12 12:00:35.679 1 INFO neutron.api.extensions [None req-c6a83780-af5f-458a-8561-dfe622f575aa - - - - - -] Loaded extension: subnet_allocation
2026-05-12 12:00:35.680 1 INFO neutron.api.extensions [None req-c6a83780-af5f-458a-8561-dfe622f575aa - - - - - -] Loaded extension: subnetpool-prefix-ops
2026-05-12 12:00:35.680 1 INFO neutron.api.extensions [None req-c6a83780-af5f-458a-8561-dfe622f575aa - - - - - -] Extension tag-ports-during-bulk-creation not supported by any of loaded plugins
2026-05-12 12:00:35.682 1 INFO neutron.api.extensions [None req-c6a83780-af5f-458a-8561-dfe622f575aa - - - - - -] Loaded extension: standard-attr-tag
2026-05-12 12:00:35.683 1 INFO neutron.api.extensions [None req-c6a83780-af5f-458a-8561-dfe622f575aa - - - - - -] Loaded extension: standard-attr-timestamp
2026-05-12 12:00:35.683 1 INFO neutron.api.extensions [None req-c6a83780-af5f-458a-8561-dfe622f575aa - - - - - -] Loaded extension: trunk
2026-05-12 12:00:35.684 1 INFO neutron.api.extensions [None req-c6a83780-af5f-458a-8561-dfe622f575aa - - - - - -] Loaded extension: trunk-details
2026-05-12 12:00:35.684 1 INFO neutron.api.extensions [None req-c6a83780-af5f-458a-8561-dfe622f575aa - - - - - -] Extension uplink-status-propagation not supported by any of loaded plugins
2026-05-12 12:00:35.685 1 INFO neutron.api.extensions [None req-c6a83780-af5f-458a-8561-dfe622f575aa - - - - - -] Extension vlan-transparent not supported by any of loaded plugins
2026-05-12 12:00:35.685 1 INFO neutron.api.extensions [None req-c6a83780-af5f-458a-8561-dfe622f575aa - - - - - -] Loaded extension: vpn-endpoint-groups
2026-05-12 12:00:35.686 1 INFO neutron.api.extensions [None req-c6a83780-af5f-458a-8561-dfe622f575aa - - - - - -] Loaded extension: vpn-flavors
2026-05-12 12:00:35.687 1 INFO neutron.api.extensions [None req-c6a83780-af5f-458a-8561-dfe622f575aa - - - - - -] Loaded extension: vpnaas
2026-05-12 12:00:35.689 1 INFO oslo_service.service [None req-c6a83780-af5f-458a-8561-dfe622f575aa - - - - - -] Starting 2 workers
2026-05-12 12:00:35.693 1 INFO oslo_service.service [None req-c6a83780-af5f-458a-8561-dfe622f575aa - - - - - -] Starting 1 workers
2026-05-12 12:01:15.112 9 INFO neutron.db.l3_hamode_db [None req-18505488-34eb-4ba1-a248-40b068848bd5 - - - - - -] Number of active agents lower than max_l3_agents_per_router. L3 agents available: 1
2026-05-12 12:01:23.918 10 INFO neutron.plugins.ml2.plugin [None req-e9054434-2189-43da-956a-035e607bb0e9 - - - - - -] Attempt 1 to provision port a4847b46-b0d2-4a5d-a798-7808e9fc95b7
2026-05-12 12:01:24.772 9 INFO neutron.plugins.ml2.plugin [None req-30796eb7-cc8f-4620-8d2f-c2723bcd6a5e - - - - - -] Attempt 1 to provision port a4847b46-b0d2-4a5d-a798-7808e9fc95b7
2026-05-12 12:01:25.651 10 INFO neutron.plugins.ml2.plugin [None req-e9054434-2189-43da-956a-035e607bb0e9 - - - - - -] Attempt 1 to provision port a4847b46-b0d2-4a5d-a798-7808e9fc95b7
2026-05-12 12:05:37.562 9 INFO neutron.plugins.ml2.plugin [None req-1fc993a2-346b-44de-a0e2-dbd2b4080927 - - - - - -] Attempt 1 to provision port 990ae124-4c68-4102-a0ab-79612c03adfe
2026-05-12 12:05:37.845 10 INFO neutron.plugins.ml2.plugin [None req-e9054434-2189-43da-956a-035e607bb0e9 - - - - - -] Attempt 1 to provision port 990ae124-4c68-4102-a0ab-79612c03adfe
2026-05-12 12:05:39.829 9 INFO neutron.plugins.ml2.plugin [None req-e9054434-2189-43da-956a-035e607bb0e9 - - - - - -] Attempt 1 to provision port 990ae124-4c68-4102-a0ab-79612c03adfe
2026-05-12 12:05:44.716 9 INFO neutron.plugins.ml2.plugin [None req-c6aff16c-bf53-419b-86ed-25b9ea4d7bde - - - - - -] Attempt 1 to provision port bbe052ae-d914-4ae1-b4bd-869cb6aa6828
2026-05-12 12:09:44.089 9 INFO neutron.plugins.ml2.plugin [None req-e9054434-2189-43da-956a-035e607bb0e9 - - - - - -] Attempt 1 to provision port bbe052ae-d914-4ae1-b4bd-869cb6aa6828
2026-05-12 12:09:45.976 10 INFO neutron.plugins.ml2.plugin [None req-e9054434-2189-43da-956a-035e607bb0e9 - - - - - -] Attempt 1 to provision port bbe052ae-d914-4ae1-b4bd-869cb6aa6828
2026-05-12 12:18:04.327 9 INFO neutron.plugins.ml2.plugin [None req-e9054434-2189-43da-956a-035e607bb0e9 - - - - - -] Attempt 1 to provision port 52924b1a-ad2f-4983-93ab-30d97811dfec
2026-05-12 12:18:06.305 10 INFO neutron.plugins.ml2.plugin [None req-e9054434-2189-43da-956a-035e607bb0e9 - - - - - -] Attempt 1 to provision port 52924b1a-ad2f-4983-93ab-30d97811dfec
2026-05-12 12:32:36.005 9 INFO neutron.plugins.ml2.plugin [None req-6cc65e2e-6c5f-4a6e-aeef-ed41933cd15a - - - - - -] Attempt 1 to provision port 0bfaacc0-c815-495e-abe7-48d4719191d0
2026-05-12 12:32:36.450 10 INFO neutron.plugins.ml2.plugin [None req-34b579c5-7d76-4859-a3f0-f25b7b8824c9 - - - - - -] Attempt 1 to provision port e33ff7ae-1566-4302-9acd-ee4ad59c8493
2026-05-12 12:32:36.789 10 INFO neutron.plugins.ml2.plugin [None req-d0a80783-65c3-4a9e-b2a5-9601dac73378 - - - - - -] Attempt 1 to provision port 8298e63a-89b4-44e2-85b2-1a669c6553b9
2026-05-12 12:32:36.844 10 INFO neutron.plugins.ml2.plugin [None req-e9054434-2189-43da-956a-035e607bb0e9 - - - - - -] Attempt 1 to provision port e33ff7ae-1566-4302-9acd-ee4ad59c8493
2026-05-12 12:32:37.036 9 INFO neutron.plugins.ml2.plugin [None req-886d72ab-ab5a-411f-808d-157c402d3020 - - - - - -] Attempt 1 to provision port b3912603-781f-4056-afa0-31dfae7bcf2f
2026-05-12 12:32:37.340 10 INFO neutron.plugins.ml2.plugin [None req-e9054434-2189-43da-956a-035e607bb0e9 - - - - - -] Attempt 1 to provision port b3912603-781f-4056-afa0-31dfae7bcf2f
2026-05-12 12:32:37.370 9 INFO neutron.plugins.ml2.plugin [None req-886d72ab-ab5a-411f-808d-157c402d3020 - - - - - -] Attempt 1 to provision port 95e2c8f2-9127-47f6-b497-76d7128f2574
2026-05-12 12:32:37.799 10 INFO neutron.plugins.ml2.plugin [None req-e9054434-2189-43da-956a-035e607bb0e9 - - - - - -] Attempt 1 to provision port 95e2c8f2-9127-47f6-b497-76d7128f2574
2026-05-12 12:32:38.559 9 INFO neutron.plugins.ml2.plugin [None req-f391c769-6d66-440d-baad-531dbfdabc0e - - - - - -] Attempt 1 to provision port bee9d3a4-2327-46b9-8bc6-db0010909dd8
2026-05-12 12:32:38.751 10 INFO neutron.plugins.ml2.plugin [None req-18faacdc-17c3-4905-8431-a28769b2ea68 - - - - - -] Attempt 1 to provision port 003e303f-960e-4b43-9cde-779142a7e6d6
2026-05-12 12:32:38.882 9 INFO neutron.plugins.ml2.plugin [None req-e9054434-2189-43da-956a-035e607bb0e9 - - - - - -] Attempt 1 to provision port b3912603-781f-4056-afa0-31dfae7bcf2f
2026-05-12 12:32:39.185 9 INFO neutron.plugins.ml2.plugin [None req-e9054434-2189-43da-956a-035e607bb0e9 - - - - - -] Attempt 1 to provision port e33ff7ae-1566-4302-9acd-ee4ad59c8493
2026-05-12 12:32:39.309 9 INFO neutron.plugins.ml2.plugin [None req-14f4df26-e6eb-495e-82e7-ca03c85307f9 - - - - - -] Attempt 1 to provision port 003e303f-960e-4b43-9cde-779142a7e6d6
2026-05-12 12:32:39.480 9 INFO neutron.plugins.ml2.plugin [None req-e9054434-2189-43da-956a-035e607bb0e9 - - - - - -] Attempt 1 to provision port 95e2c8f2-9127-47f6-b497-76d7128f2574
2026-05-12 12:32:40.176 9 INFO neutron.plugins.ml2.plugin [None req-8b261eec-47a0-4dcb-8144-a774f11c0298 - - - - - -] Attempt 1 to provision port d9a36712-8f87-434d-a882-e4df5df36d17
2026-05-12 12:32:40.724 10 INFO neutron.plugins.ml2.plugin [None req-abe55be8-c727-4eb6-99a3-ce2da1260e37 - - - - - -] Attempt 1 to provision port d9a36712-8f87-434d-a882-e4df5df36d17
2026-05-12 12:32:41.170 10 INFO neutron.plugins.ml2.plugin [None req-cd4e8eb9-276d-4eb1-a0d5-97c0307ec064 - - - - - -] Attempt 1 to provision port 86f6643b-ddb1-41f0-8830-4778e0e46cf7
2026-05-12 12:32:41.819 9 INFO neutron.plugins.ml2.plugin [None req-15c19b5f-225e-49c5-99ef-6d4f07ab9965 - - - - - -] Attempt 1 to provision port 86f6643b-ddb1-41f0-8830-4778e0e46cf7
2026-05-12 12:32:42.271 9 INFO neutron.plugins.ml2.plugin [None req-871c27d8-99d3-47be-9958-2f5407d8c968 - - - - - -] Attempt 1 to provision port 95d47aeb-41ae-4a27-a63a-e52458570e7e
2026-05-12 12:32:42.871 9 INFO neutron.plugins.ml2.plugin [None req-e9054434-2189-43da-956a-035e607bb0e9 - - - - - -] Attempt 1 to provision port 5aa3e904-87ba-40af-b411-0d2555993af7
2026-05-12 12:32:42.917 10 INFO neutron.plugins.ml2.plugin [None req-fb477f2a-c91d-4b44-bb8a-5765535832fd - - - - - -] Attempt 1 to provision port 5aa3e904-87ba-40af-b411-0d2555993af7
2026-05-12 12:32:44.675 10 INFO neutron.plugins.ml2.plugin [None req-c5cd75dc-631f-42a9-93a8-f95aa45696d8 - - - - - -] Attempt 1 to provision port a0e24713-2a83-4a5a-95d9-1a4879828321
2026-05-12 12:32:44.805 9 INFO neutron.plugins.ml2.plugin [None req-e9054434-2189-43da-956a-035e607bb0e9 - - - - - -] Attempt 1 to provision port 5aa3e904-87ba-40af-b411-0d2555993af7
2026-05-12 12:32:45.218 9 INFO neutron.plugins.ml2.plugin [None req-02c24e8d-d2f1-480e-812c-65a6eb6bdebf - - - - - -] Attempt 1 to provision port a0e24713-2a83-4a5a-95d9-1a4879828321
2026-05-12 12:32:48.591 10 INFO neutron.plugins.ml2.plugin [None req-c48d9c2d-1034-48cf-8d33-4daff5b9b1c0 - - - - - -] Attempt 1 to provision port 040466b0-01da-49d3-9b7a-a1ba31a19fc2
2026-05-12 12:32:48.909 10 INFO neutron.plugins.ml2.plugin [None req-e9054434-2189-43da-956a-035e607bb0e9 - - - - - -] Attempt 1 to provision port c80aeed6-c9b8-4aae-ad9e-ecc57c72b82a
2026-05-12 12:32:49.041 9 INFO neutron.plugins.ml2.plugin [None req-5ecb7034-21f2-4a14-b0ff-36144bac8e31 - - - - - -] Attempt 1 to provision port 16e10273-0e0f-4725-bb97-26c73d9da653
2026-05-12 12:32:49.435 10 INFO neutron.plugins.ml2.plugin [None req-e9054434-2189-43da-956a-035e607bb0e9 - - - - - -] Attempt 1 to provision port c0766bba-f1a2-4ea9-b39a-a82e2f046616
2026-05-12 12:32:49.973 10 INFO neutron.plugins.ml2.plugin [None req-e9054434-2189-43da-956a-035e607bb0e9 - - - - - -] Attempt 1 to provision port 044b947a-cb25-47d9-b3e7-821221f5f0e1
2026-05-12 12:32:50.907 9 INFO neutron.plugins.ml2.plugin [None req-e9054434-2189-43da-956a-035e607bb0e9 - - - - - -] Attempt 1 to provision port c0766bba-f1a2-4ea9-b39a-a82e2f046616
2026-05-12 12:32:51.208 9 INFO neutron.plugins.ml2.plugin [None req-e9054434-2189-43da-956a-035e607bb0e9 - - - - - -] Attempt 1 to provision port 044b947a-cb25-47d9-b3e7-821221f5f0e1 /var/lib/openstack/lib/python3.10/site-packages/oslo_db/sqlalchemy/enginefacade.py:667: SAWarning: DELETE statement on table 'portsecuritybindings' expected to delete 1 row(s); 0 were matched. Please set confirm_deleted_rows=False within the mapper configuration to prevent this warning. self.session.flush() /var/lib/openstack/lib/python3.10/site-packages/oslo_db/sqlalchemy/enginefacade.py:667: SAWarning: DELETE statement on table 'ml2_port_bindings' expected to delete 1 row(s); 0 were matched. Please set confirm_deleted_rows=False within the mapper configuration to prevent this warning. self.session.flush() /var/lib/openstack/lib/python3.10/site-packages/oslo_db/sqlalchemy/enginefacade.py:667: SAWarning: DELETE statement on table 'ml2_port_binding_levels' expected to delete 1 row(s); 0 were matched. Please set confirm_deleted_rows=False within the mapper configuration to prevent this warning. self.session.flush() /var/lib/openstack/lib/python3.10/site-packages/oslo_db/sqlalchemy/enginefacade.py:667: SAWarning: DELETE statement on table 'ports' expected to delete 1 row(s); 0 were matched. Please set confirm_deleted_rows=False within the mapper configuration to prevent this warning. self.session.flush()
2026-05-12 12:32:56.060 9 INFO neutron.plugins.ml2.plugin [None req-80e7efdc-1c69-40e4-b7dd-43128465583b - - - - - -] Attempt 1 to provision port 53e45219-9b1b-4a6e-8478-cd6f7ac9e052
2026-05-12 12:32:56.607 10 INFO neutron.plugins.ml2.plugin [None req-cfae7472-0e43-49aa-90b6-b6b68fa8bc9c - - - - - -] Attempt 1 to provision port 9a6a30f8-2614-487a-95ac-eb4ded18bb1b
2026-05-12 12:32:56.930 10 INFO neutron.plugins.ml2.plugin [None req-e9054434-2189-43da-956a-035e607bb0e9 - - - - - -] Attempt 1 to provision port ac2ca625-99eb-4ed0-a217-b0c237d77bf0
2026-05-12 12:32:57.064 10 INFO neutron.plugins.ml2.plugin [None req-303fed3b-2113-4dce-974a-fa466bc653e0 - - - - - -] Attempt 1 to provision port 76f44b26-d865-48a5-92b9-9793f0240c41
2026-05-12 12:32:57.641 10 INFO neutron.plugins.ml2.plugin [None req-cc361d89-c356-4930-8baf-e0c4c22af007 - - - - - -] Attempt 1 to provision port ac2ca625-99eb-4ed0-a217-b0c237d77bf0
2026-05-12 12:32:57.686 10 INFO neutron.plugins.ml2.plugin [None req-e9054434-2189-43da-956a-035e607bb0e9 - - - - - -] Attempt 1 to provision port 16e10273-0e0f-4725-bb97-26c73d9da653
2026-05-12 12:32:58.410 10 INFO neutron.plugins.ml2.plugin [None req-e9054434-2189-43da-956a-035e607bb0e9 - - - - - -] Attempt 1 to provision port 040466b0-01da-49d3-9b7a-a1ba31a19fc2
2026-05-12 12:32:58.417 10 INFO neutron.notifiers.nova [-] Nova event matching ['req-92f442ae-f410-410b-8013-aef33bd9b2de'] response: {'server_uuid': '99ac9c1c-d99c-41fa-a706-8d68e2a2e878', 'name': 'network-vif-plugged', 'status': 'completed', 'tag': '16e10273-0e0f-4725-bb97-26c73d9da653', 'code': 200}
2026-05-12 12:32:58.607 10 INFO neutron.plugins.ml2.plugin [None req-1abd66d7-3f0d-4807-b5e9-5c94e192c10b - - - - - -] Attempt 1 to provision port 4a648e33-bbef-419c-af6d-a9974b3c5ac9
2026-05-12 12:32:59.203 9 INFO neutron.plugins.ml2.plugin [None req-02beaf8b-f520-4415-a32a-1ef2ff073695 - - - - - -] Attempt 1 to provision port 0d4bc4dc-5911-497d-a6d1-624b40ab6700
2026-05-12 12:32:59.339 10 INFO neutron.plugins.ml2.plugin [None req-e9054434-2189-43da-956a-035e607bb0e9 - - - - - -] Attempt 1 to provision port 76f44b26-d865-48a5-92b9-9793f0240c41
2026-05-12 12:32:59.357 10 INFO neutron.plugins.ml2.plugin [None req-bbe2e831-c16e-472c-849d-206b58e7627a - - - - - -] Attempt 1 to provision port 4a648e33-bbef-419c-af6d-a9974b3c5ac9
2026-05-12 12:33:00.004 9 INFO neutron.plugins.ml2.plugin [None req-9b3e9e37-4d0a-49db-9eb2-57cfd6b8fec6 - - - - - -] Attempt 1 to provision port 0d4bc4dc-5911-497d-a6d1-624b40ab6700
2026-05-12 12:33:00.077 10 INFO neutron.plugins.ml2.plugin [None req-e9054434-2189-43da-956a-035e607bb0e9 - - - - - -] Attempt 1 to provision port aecb4db3-062f-4af4-be50-089cb7616dd6
2026-05-12 12:33:00.462 10 INFO neutron.notifiers.nova [-] Nova event matching ['req-211329d8-3533-4670-8230-ac77006b957a'] response: {'server_uuid': 'a4108ceb-46f1-461b-b444-9ce5b8fb835c', 'name': 'network-vif-plugged', 'status': 'completed', 'tag': '040466b0-01da-49d3-9b7a-a1ba31a19fc2', 'code': 200}
2026-05-12 12:33:00.562 10 INFO neutron.plugins.ml2.plugin [None req-e9054434-2189-43da-956a-035e607bb0e9 - - - - - -] Attempt 1 to provision port 1072a37f-dfed-4f20-be32-b9f4355d0b73
2026-05-12 12:33:01.059 10 INFO neutron.plugins.ml2.plugin [None req-e9054434-2189-43da-956a-035e607bb0e9 - - - - - -] Attempt 1 to provision port 040466b0-01da-49d3-9b7a-a1ba31a19fc2
2026-05-12 12:33:01.406 10 INFO neutron.plugins.ml2.plugin [None req-e9054434-2189-43da-956a-035e607bb0e9 - - - - - -] Attempt 1 to provision port 76f44b26-d865-48a5-92b9-9793f0240c41
2026-05-12 12:33:01.719 10 INFO neutron.plugins.ml2.plugin [None req-e9054434-2189-43da-956a-035e607bb0e9 - - - - - -] Attempt 1 to provision port ac2ca625-99eb-4ed0-a217-b0c237d77bf0
2026-05-12 12:33:02.012 10 INFO neutron.plugins.ml2.plugin [None req-e9054434-2189-43da-956a-035e607bb0e9 - - - - - -] Attempt 1 to provision port 16e10273-0e0f-4725-bb97-26c73d9da653
2026-05-12 12:33:02.828 10 INFO neutron.plugins.ml2.plugin [None req-e9054434-2189-43da-956a-035e607bb0e9 - - - - - -] Attempt 1 to provision port 1072a37f-dfed-4f20-be32-b9f4355d0b73
2026-05-12 12:33:03.316 10 INFO neutron.plugins.ml2.plugin [None req-e9054434-2189-43da-956a-035e607bb0e9 - - - - - -] Attempt 1 to provision port aecb4db3-062f-4af4-be50-089cb7616dd6
2026-05-12 12:33:05.298 10 INFO neutron.plugins.ml2.plugin [None req-3dd8e607-a147-4bf0-b15e-bd0b464124db - - - - - -] Attempt 1 to provision port 0470733e-2f87-43b1-9f25-a3cc695e829e
2026-05-12 12:33:06.999 10 INFO neutron.plugins.ml2.plugin [None req-e9054434-2189-43da-956a-035e607bb0e9 - - - - - -] Attempt 1 to provision port 0470733e-2f87-43b1-9f25-a3cc695e829e
2026-05-12 12:33:07.161 10 INFO neutron.notifiers.nova [-] Nova event matching ['req-67337124-b3cd-4d35-babd-aa4d54545658'] response: {'server_uuid': '8fd86d14-288a-4bdb-a128-b93ebb3878d1', 'name': 'network-vif-plugged', 'status': 'completed', 'tag': '0470733e-2f87-43b1-9f25-a3cc695e829e', 'code': 200}
2026-05-12 12:33:08.843 9 INFO neutron.plugins.ml2.plugin [None req-e9054434-2189-43da-956a-035e607bb0e9 - - - - - -] Attempt 1 to provision port 0470733e-2f87-43b1-9f25-a3cc695e829e
2026-05-12 12:33:09.078 9 INFO neutron.plugins.ml2.plugin [None req-90c3999d-f058-4652-a48a-6890ed37fd65 - - - - - -] Attempt 1 to provision port cd6958e2-4341-43bd-9d75-ef31e052b803
2026-05-12 12:33:13.067 9 INFO neutron.plugins.ml2.plugin [None req-e9054434-2189-43da-956a-035e607bb0e9 - - - - - -] Attempt 1 to provision port cd6958e2-4341-43bd-9d75-ef31e052b803
2026-05-12 12:33:13.385 10 INFO neutron.plugins.ml2.plugin [None req-26334466-ad1c-40f3-8ea0-61de7834f126 - - - - - -] Attempt 1 to provision port 7377c491-41a8-4ac7-8bb5-d0df7ecbafec
2026-05-12 12:33:13.630 9 INFO neutron.notifiers.nova [-] Nova event matching ['req-62e82e62-9689-4297-a9ae-0caf101313dd'] response: {'server_uuid': 'af5d8417-6dcd-4155-9bdd-fcf79e72628c', 'name': 'network-vif-plugged', 'status': 'completed', 'tag': 'cd6958e2-4341-43bd-9d75-ef31e052b803', 'code': 200}
2026-05-12 12:33:13.749 9 INFO neutron.plugins.ml2.plugin [None req-e9054434-2189-43da-956a-035e607bb0e9 - - - - - -] Attempt 1 to provision port 9ebcf674-dd5c-49d2-8df3-29b8091441e8
2026-05-12 12:33:13.942 10 INFO neutron.plugins.ml2.plugin [None req-f8c27be6-59ad-4ee1-8840-f3b960678652 - - - - - -] Attempt 1 to provision port 9ebcf674-dd5c-49d2-8df3-29b8091441e8
2026-05-12 12:33:14.964 9 INFO neutron.plugins.ml2.plugin [None req-e9054434-2189-43da-956a-035e607bb0e9 - - - - - -] Attempt 1 to provision port cd6958e2-4341-43bd-9d75-ef31e052b803
2026-05-12 12:33:15.405 9 INFO neutron.plugins.ml2.plugin [None req-e9054434-2189-43da-956a-035e607bb0e9 - - - - - -] Attempt 1 to provision port 9ebcf674-dd5c-49d2-8df3-29b8091441e8
2026-05-12 12:33:16.037 10 INFO neutron.plugins.ml2.plugin [None req-635c1e4d-e9bc-4cce-97dd-a0277eee5f81 - - - - - -] Attempt 1 to provision port 17d02d57-c23a-47da-b4d8-707324735f10
2026-05-12 12:33:16.583 10 INFO neutron.plugins.ml2.plugin [None req-75f2bf79-a2d3-4423-b182-01f66cb7273d - - - - - -] Attempt 1 to provision port 17d02d57-c23a-47da-b4d8-707324735f10
2026-05-12 12:33:16.782 9 INFO neutron.plugins.ml2.plugin [None req-e9054434-2189-43da-956a-035e607bb0e9 - - - - - -] Attempt 1 to provision port 5b06e59d-2962-41d7-b1b3-b292b4a8f2bc
2026-05-12 12:33:18.756 9 INFO neutron.plugins.ml2.plugin [None req-e9054434-2189-43da-956a-035e607bb0e9 - - - - - -] Attempt 1 to provision port 5b06e59d-2962-41d7-b1b3-b292b4a8f2bc
2026-05-12 12:33:19.588 10 INFO neutron.notifiers.nova [-] Nova event matching ['req-d3bca9e7-3f39-41e9-802c-dfff5dc33e66'] response: {'server_uuid': 'af5d8417-6dcd-4155-9bdd-fcf79e72628c', 'name': 'network-vif-unplugged', 'status': 'completed', 'tag': 'cd6958e2-4341-43bd-9d75-ef31e052b803', 'code': 200}
2026-05-12 12:33:20.606 9 INFO neutron.plugins.ml2.plugin [None req-5e067c15-a162-4623-864e-b6a4d3126a93 - - - - - -] Attempt 1 to provision port f70187bd-17b2-4a7a-a36b-031083c92682
2026-05-12 12:33:21.248 10 INFO neutron.plugins.ml2.plugin [None req-e9054434-2189-43da-956a-035e607bb0e9 - - - - - -] Attempt 1 to provision port e27218f6-1a31-4b07-95d4-ef3747ce22c9
2026-05-12 12:33:21.701 9 INFO neutron.plugins.ml2.plugin [None req-4ed31535-862c-47ad-9f7a-9257aa92ca17 - - - - - -] Attempt 1 to provision port cfe3cd69-4108-4012-8465-1d8fafa666fe
2026-05-12 12:33:21.940 10 INFO neutron.plugins.ml2.plugin [None req-7f16e902-fd8e-4573-98de-217662a08866 - - - - - -] Attempt 1 to provision port e27218f6-1a31-4b07-95d4-ef3747ce22c9
2026-05-12 12:33:22.092 10 INFO neutron.plugins.ml2.plugin [None req-e9054434-2189-43da-956a-035e607bb0e9 - - - - - -] Attempt 1 to provision port 8298e63a-89b4-44e2-85b2-1a669c6553b9
2026-05-12 12:33:23.157 10 INFO neutron.plugins.ml2.plugin [None req-e9054434-2189-43da-956a-035e607bb0e9 - - - - - -] Attempt 1 to provision port f70187bd-17b2-4a7a-a36b-031083c92682
2026-05-12 12:33:23.427 10 INFO neutron.notifiers.nova [-] Nova event matching ['req-ff47188d-4f20-4243-94a0-eab90824ea00'] response: {'server_uuid': '2299c2e9-c2ef-455f-a2b0-e40a2b0a59a3', 'name': 'network-vif-plugged', 'status': 'completed', 'tag': 'f70187bd-17b2-4a7a-a36b-031083c92682', 'code': 200}
2026-05-12 12:33:24.126 10 INFO neutron.plugins.ml2.plugin [None req-e9054434-2189-43da-956a-035e607bb0e9 - - - - - -] Attempt 1 to provision port e27218f6-1a31-4b07-95d4-ef3747ce22c9
2026-05-12 12:33:24.556 10 INFO neutron.plugins.ml2.plugin [None req-e9054434-2189-43da-956a-035e607bb0e9 - - - - - -] Attempt 1 to provision port d9a36712-8f87-434d-a882-e4df5df36d17
2026-05-12 12:33:24.673 9 INFO neutron.plugins.ml2.plugin [None req-a7f38d54-568e-43f2-9d08-1ad037db99ac - - - - - -] Attempt 1 to provision port 9c0f68e3-d463-4770-9656-d08788dfd5c1
2026-05-12 12:33:25.225 10 INFO neutron.plugins.ml2.plugin [None req-e9054434-2189-43da-956a-035e607bb0e9 - - - - - -] Attempt 1 to provision port 8298e63a-89b4-44e2-85b2-1a669c6553b9
2026-05-12 12:33:25.337 10 INFO neutron.plugins.ml2.plugin [None req-75c5ae92-383d-4a8e-bdc2-1ae6388c5b64 - - - - - -] Attempt 1 to provision port 9c0f68e3-d463-4770-9656-d08788dfd5c1 /var/lib/openstack/lib/python3.10/site-packages/oslo_db/sqlalchemy/enginefacade.py:667: SAWarning: DELETE statement on table 'portsecuritybindings' expected to delete 1 row(s); 0 were matched. Please set confirm_deleted_rows=False within the mapper configuration to prevent this warning. self.session.flush() /var/lib/openstack/lib/python3.10/site-packages/oslo_db/sqlalchemy/enginefacade.py:667: SAWarning: DELETE statement on table 'ml2_port_bindings' expected to delete 1 row(s); 0 were matched. Please set confirm_deleted_rows=False within the mapper configuration to prevent this warning. self.session.flush() /var/lib/openstack/lib/python3.10/site-packages/oslo_db/sqlalchemy/enginefacade.py:667: SAWarning: DELETE statement on table 'ml2_port_binding_levels' expected to delete 1 row(s); 0 were matched. Please set confirm_deleted_rows=False within the mapper configuration to prevent this warning. self.session.flush() /var/lib/openstack/lib/python3.10/site-packages/oslo_db/sqlalchemy/enginefacade.py:667: SAWarning: DELETE statement on table 'ports' expected to delete 1 row(s); 0 were matched. Please set confirm_deleted_rows=False within the mapper configuration to prevent this warning. self.session.flush()
2026-05-12 12:33:25.783 10 INFO neutron.plugins.ml2.plugin [None req-e9054434-2189-43da-956a-035e607bb0e9 - - - - - -] Attempt 1 to provision port f70187bd-17b2-4a7a-a36b-031083c92682
2026-05-12 12:33:26.119 10 INFO neutron.plugins.ml2.plugin [None req-e9054434-2189-43da-956a-035e607bb0e9 - - - - - -] Attempt 1 to provision port 1ccecd54-5e60-41e4-b8ab-25e15d1f0b6b
2026-05-12 12:33:26.601 10 INFO neutron.plugins.ml2.plugin [None req-d08ebacf-07db-4124-b720-47f780cf990a - - - - - -] Attempt 1 to provision port 040466b0-01da-49d3-9b7a-a1ba31a19fc2
2026-05-12 12:33:26.616 10 INFO neutron.plugins.ml2.plugin [None req-e9054434-2189-43da-956a-035e607bb0e9 - - - - - -] Attempt 1 to provision port d9a36712-8f87-434d-a882-e4df5df36d17
