Jul 23 00:57:00.820035 np0000186232 devstack@neutron-api.service[102077]: DEBUG neutron_lib.callbacks.manager [None req-bdbda6ff-c4d1-4306-b742-01e95ae358d6 None None] Subscribe: > floatingip precommit_create 55550000, False {{(pid=102077) subscribe /opt/stack/data/venv/lib/python3.12/site-packages/neutron_lib/callbacks/manager.py:52}}
Jul 23 00:57:00.820131 np0000186232 devstack@neutron-api.service[102077]: DEBUG neutron_lib.callbacks.manager [None req-bdbda6ff-c4d1-4306-b742-01e95ae358d6 None None] Subscribe: > floatingip precommit_update 55550000, False {{(pid=102077) subscribe /opt/stack/data/venv/lib/python3.12/site-packages/neutron_lib/callbacks/manager.py:52}}
Jul 23 00:57:00.820226 np0000186232 devstack@neutron-api.service[102077]: DEBUG neutron_lib.callbacks.manager [None req-bdbda6ff-c4d1-4306-b742-01e95ae358d6 None None] Subscribe: > floatingip after_delete 55550000, False {{(pid=102077) subscribe /opt/stack/data/venv/lib/python3.12/site-packages/neutron_lib/callbacks/manager.py:52}}
Jul 23 00:57:00.820327 np0000186232 devstack@neutron-api.service[102077]: DEBUG neutron_lib.callbacks.manager [None req-bdbda6ff-c4d1-4306-b742-01e95ae358d6 None None] Subscribe: > floatingip after_status_update 55550000, False {{(pid=102077) subscribe /opt/stack/data/venv/lib/python3.12/site-packages/neutron_lib/callbacks/manager.py:52}}
Jul 23 00:57:00.820426 np0000186232 devstack@neutron-api.service[102077]: DEBUG neutron_lib.callbacks.manager [None req-bdbda6ff-c4d1-4306-b742-01e95ae358d6 None None] Subscribe: > floatingip after_update 55550000, False {{(pid=102077) subscribe /opt/stack/data/venv/lib/python3.12/site-packages/neutron_lib/callbacks/manager.py:52}}
Jul 23 00:57:00.820553 np0000186232 devstack@neutron-api.service[102077]: DEBUG neutron_lib.callbacks.manager [None req-bdbda6ff-c4d1-4306-b742-01e95ae358d6 None None] Subscribe: > port_forwarding after_create 55550000, False {{(pid=102077) subscribe /opt/stack/data/venv/lib/python3.12/site-packages/neutron_lib/callbacks/manager.py:52}}
Jul 23 00:57:00.820659 np0000186232 devstack@neutron-api.service[102077]: DEBUG neutron_lib.callbacks.manager [None req-bdbda6ff-c4d1-4306-b742-01e95ae358d6 None None] Subscribe: > router_interface after_delete 55550000, False {{(pid=102077) subscribe /opt/stack/data/venv/lib/python3.12/site-packages/neutron_lib/callbacks/manager.py:52}}
Jul 23 00:57:00.820759 np0000186232 devstack@neutron-api.service[102077]: DEBUG neutron_lib.callbacks.manager [None req-bdbda6ff-c4d1-4306-b742-01e95ae358d6 None None] Subscribe: > router after_create 55550000, False {{(pid=102077) subscribe /opt/stack/data/venv/lib/python3.12/site-packages/neutron_lib/callbacks/manager.py:52}}
Jul 23 00:57:00.820857 np0000186232 devstack@neutron-api.service[102077]: DEBUG neutron_lib.callbacks.manager [None req-bdbda6ff-c4d1-4306-b742-01e95ae358d6 None None] Subscribe: > router precommit_create 55550000, False {{(pid=102077) subscribe /opt/stack/data/venv/lib/python3.12/site-packages/neutron_lib/callbacks/manager.py:52}}
Jul 23 00:57:00.820955 np0000186232 devstack@neutron-api.service[102077]: DEBUG neutron_lib.callbacks.manager [None req-bdbda6ff-c4d1-4306-b742-01e95ae358d6 None None] Subscribe: > router after_delete 55550000, False {{(pid=102077) subscribe /opt/stack/data/venv/lib/python3.12/site-packages/neutron_lib/callbacks/manager.py:52}}
Jul 23 00:57:00.821052 np0000186232 devstack@neutron-api.service[102077]: DEBUG neutron_lib.callbacks.manager [None req-bdbda6ff-c4d1-4306-b742-01e95ae358d6 None None] Subscribe: > router after_update 55550000, False {{(pid=102077) subscribe /opt/stack/data/venv/lib/python3.12/site-packages/neutron_lib/callbacks/manager.py:52}}
Jul 23 00:57:00.821160 np0000186232 devstack@neutron-api.service[102077]: DEBUG neutron.services.service_base [None req-bdbda6ff-c4d1-4306-b742-01e95ae358d6 None None] Loaded 'neutron.services.ovn_l3.service_providers.ovn.OvnDriver' provider for service L3_ROUTER_NAT {{(pid=102077) load_drivers /opt/stack/neutron/neutron/services/service_base.py:49}}
Jul 23 00:57:00.821277 np0000186232 devstack@neutron-api.service[102077]: DEBUG neutron_lib.callbacks.manager [None req-bdbda6ff-c4d1-4306-b742-01e95ae358d6 None None] Subscribe: > process after_init 55550001, True {{(pid=102077) subscribe /opt/stack/data/venv/lib/python3.12/site-packages/neutron_lib/callbacks/manager.py:52}}
Jul 23 00:57:00.821419 np0000186232 devstack@neutron-api.service[102077]: DEBUG neutron.manager [None req-bdbda6ff-c4d1-4306-b742-01e95ae358d6 None None] Successfully loaded L3_ROUTER_NAT plugin. Description: L3 Router Service Plugin for basic L3 forwarding using OVN {{(pid=102077) _create_and_add_service_plugin /opt/stack/neutron/neutron/manager.py:236}}
Jul 23 00:57:00.821533 np0000186232 devstack@neutron-api.service[102077]: INFO neutron.manager [None req-bdbda6ff-c4d1-4306-b742-01e95ae358d6 None None] Loading Plugin: auto_allocate
Jul 23 00:57:00.822642 np0000186232 devstack@neutron-api.service[102077]: DEBUG neutron_lib.callbacks.manager [None req-bdbda6ff-c4d1-4306-b742-01e95ae358d6 None None] Subscribe: network precommit_update 55550000, False {{(pid=102077) subscribe /opt/stack/data/venv/lib/python3.12/site-packages/neutron_lib/callbacks/manager.py:52}}
Jul 23 00:57:00.822642 np0000186232 devstack@neutron-api.service[102077]: DEBUG neutron_lib.callbacks.manager [None req-bdbda6ff-c4d1-4306-b742-01e95ae358d6 None None] Subscribe: network precommit_create 55550000, False {{(pid=102077) subscribe /opt/stack/data/venv/lib/python3.12/site-packages/neutron_lib/callbacks/manager.py:52}}
Jul 23 00:57:00.822827 np0000186232 devstack@neutron-api.service[102077]: DEBUG neutron.manager [None req-bdbda6ff-c4d1-4306-b742-01e95ae358d6 None None] Successfully loaded auto-allocated-topology plugin. Description: Auto Allocated Topology - aka get me a network. {{(pid=102077) _create_and_add_service_plugin /opt/stack/neutron/neutron/manager.py:236}}
Jul 23 00:57:00.822915 np0000186232 devstack@neutron-api.service[102077]: INFO neutron.manager [None req-bdbda6ff-c4d1-4306-b742-01e95ae358d6 None None] Loading Plugin: tag
Jul 23 00:57:00.825612 np0000186232 devstack@neutron-api.service[102077]: DEBUG neutron.manager [None req-bdbda6ff-c4d1-4306-b742-01e95ae358d6 None None] Successfully loaded TAG plugin. Description: Tag support {{(pid=102077) _create_and_add_service_plugin /opt/stack/neutron/neutron/manager.py:236}}
Jul 23 00:57:00.825704 np0000186232 devstack@neutron-api.service[102077]: INFO neutron.manager [None req-bdbda6ff-c4d1-4306-b742-01e95ae358d6 None None] Loading Plugin: timestamp
Jul 23 00:57:00.826949 np0000186232 devstack@neutron-api.service[102077]: DEBUG neutron.manager [None req-bdbda6ff-c4d1-4306-b742-01e95ae358d6 None None] Successfully loaded timestamp plugin. Description: Adds timestamps to Neutron resources with standard attributes {{(pid=102077) _create_and_add_service_plugin /opt/stack/neutron/neutron/manager.py:236}}
Jul 23 00:57:00.827034 np0000186232 devstack@neutron-api.service[102077]: INFO neutron.manager [None req-bdbda6ff-c4d1-4306-b742-01e95ae358d6 None None] Loading Plugin: network_ip_availability
Jul 23 00:57:00.828921 np0000186232 devstack@neutron-api.service[102077]: DEBUG neutron.manager [None req-bdbda6ff-c4d1-4306-b742-01e95ae358d6 None None] Successfully loaded network-ip-availability plugin. Description: Provides IP availability data for each network and subnet. {{(pid=102077) _create_and_add_service_plugin /opt/stack/neutron/neutron/manager.py:236}}
Jul 23 00:57:00.828921 np0000186232 devstack@neutron-api.service[102077]: INFO neutron.manager [None req-bdbda6ff-c4d1-4306-b742-01e95ae358d6 None None] Loading Plugin: flavors
Jul 23 00:57:00.829639 np0000186232 devstack@neutron-api.service[102077]: DEBUG neutron.manager [None req-bdbda6ff-c4d1-4306-b742-01e95ae358d6 None None] Successfully loaded FLAVORS plugin. Description: Neutron Flavors and Service Profiles manager plugin {{(pid=102077) _create_and_add_service_plugin /opt/stack/neutron/neutron/manager.py:236}}
Jul 23 00:57:00.829765 np0000186232 devstack@neutron-api.service[102077]: INFO neutron.manager [None req-bdbda6ff-c4d1-4306-b742-01e95ae358d6 None None] Loading Plugin: revisions
Jul 23 00:57:00.830922 np0000186232 devstack@neutron-api.service[102077]: DEBUG neutron.manager [None req-bdbda6ff-c4d1-4306-b742-01e95ae358d6 None None] Successfully loaded revision_plugin plugin. Description: Adds revision numbers to resources. {{(pid=102077) _create_and_add_service_plugin /opt/stack/neutron/neutron/manager.py:236}}
Jul 23 00:57:00.831055 np0000186232 devstack@neutron-api.service[102077]: DEBUG oslo_concurrency.lockutils [None req-bdbda6ff-c4d1-4306-b742-01e95ae358d6 None None] Lock "manager" "released" by "neutron.manager.NeutronManager._create_instance" :: held 5.520s {{(pid=102077) inner /opt/stack/data/venv/lib/python3.12/site-packages/oslo_concurrency/lockutils.py:544}}
Jul 23 00:57:00.831272 np0000186232 devstack@neutron-api.service[102077]: DEBUG neutron.api.extensions [None req-bdbda6ff-c4d1-4306-b742-01e95ae358d6 None None] get_extension_paths = OrderedDict({'/opt/stack/neutron/neutron/extensions': 1}) {{(pid=102077) get_extensions_path /opt/stack/neutron/neutron/api/extensions.py:640}}
Jul 23 00:57:00.831409 np0000186232 devstack@neutron-api.service[102077]: INFO neutron.api.extensions [None req-bdbda6ff-c4d1-4306-b742-01e95ae358d6 None None] Initializing extension manager.
Jul 23 00:57:00.831768 np0000186232 devstack@neutron-api.service[102077]: DEBUG neutron.api.extensions [None req-bdbda6ff-c4d1-4306-b742-01e95ae358d6 None None] Loading extension file: __init__.py {{(pid=102077) _load_all_extensions_from_path /opt/stack/neutron/neutron/api/extensions.py:449}}
Jul 23 00:57:00.831891 np0000186232 devstack@neutron-api.service[102077]: DEBUG neutron.api.extensions [None req-bdbda6ff-c4d1-4306-b742-01e95ae358d6 None None] Loading extension file: __pycache__ {{(pid=102077) _load_all_extensions_from_path /opt/stack/neutron/neutron/api/extensions.py:449}}
Jul 23 00:57:00.832010 np0000186232 devstack@neutron-api.service[102077]: DEBUG neutron.api.extensions [None req-bdbda6ff-c4d1-4306-b742-01e95ae358d6 None None] Loading extension file: aap_reject_multicast.py {{(pid=102077) _load_all_extensions_from_path /opt/stack/neutron/neutron/api/extensions.py:449}}
Jul 23 00:57:00.832091 np0000186232 devstack@neutron-api.service[102075]: INFO neutron.plugins.ml2.drivers.type_vlan [None req-d126d798-8264-491d-8b6b-0d6c6ab2cf1c None None] VlanTypeDriver initialization complete
Jul 23 00:57:00.832422 np0000186232 devstack@neutron-api.service[102075]: INFO neutron.plugins.ml2.managers [None req-d126d798-8264-491d-8b6b-0d6c6ab2cf1c None None] Initializing extension driver 'port_security'
Jul 23 00:57:00.832422 np0000186232 devstack@neutron-api.service[102075]: INFO neutron.plugins.ml2.extensions.port_security [None req-d126d798-8264-491d-8b6b-0d6c6ab2cf1c None None] PortSecurityExtensionDriver initialization complete
Jul 23 00:57:00.832561 np0000186232 devstack@neutron-api.service[102077]: DEBUG neutron.api.extensions [None req-bdbda6ff-c4d1-4306-b742-01e95ae358d6 None None] Ext name="Allowed address pairs reject multicast extension" alias="aap-reject-multicast" description="Reject multicast addresses in Allowed Address Pairs" updated="2026-04-01T00:00:00-00:00" {{(pid=102077) _check_extension /opt/stack/neutron/neutron/api/extensions.py:415}}
Jul 23 00:57:00.832610 np0000186232 devstack@neutron-api.service[102075]: INFO neutron.plugins.ml2.managers [None req-d126d798-8264-491d-8b6b-0d6c6ab2cf1c None None] Initializing extension driver 'qos'
Jul 23 00:57:00.832610 np0000186232 devstack@neutron-api.service[102075]: DEBUG neutron.plugins.ml2.extensions.qos [None req-d126d798-8264-491d-8b6b-0d6c6ab2cf1c None None] QosExtensionDriver initialization complete {{(pid=102075) initialize /opt/stack/neutron/neutron/plugins/ml2/extensions/qos.py:31}}
Jul 23 00:57:00.832679 np0000186232 devstack@neutron-api.service[102077]: INFO neutron.api.extensions [None req-bdbda6ff-c4d1-4306-b742-01e95ae358d6 None None] Extension aap-reject-multicast not supported by any of loaded plugins
Jul 23 00:57:00.832718 np0000186232 devstack@neutron-api.service[102075]: INFO neutron.plugins.ml2.managers [None req-d126d798-8264-491d-8b6b-0d6c6ab2cf1c None None] Initializing mechanism driver 'ovn'
Jul 23 00:57:00.832753 np0000186232 devstack@neutron-api.service[102077]: DEBUG neutron.api.extensions [None req-bdbda6ff-c4d1-4306-b742-01e95ae358d6 None None] Loading extension file: address_group.py {{(pid=102077) _load_all_extensions_from_path /opt/stack/neutron/neutron/api/extensions.py:449}}
Jul 23 00:57:00.832809 np0000186232 devstack@neutron-api.service[102075]: INFO neutron.plugins.ml2.drivers.ovn.mech_driver.mech_driver [None req-d126d798-8264-491d-8b6b-0d6c6ab2cf1c None None] Starting OVNMechanismDriver
Jul 23 00:57:00.833529 np0000186232 devstack@neutron-api.service[102077]: DEBUG neutron.api.extensions [None req-bdbda6ff-c4d1-4306-b742-01e95ae358d6 None None] Ext name="Address group" alias="address-group" description="Support address group" updated="2020-07-15T10:00:00-00:00" {{(pid=102077) _check_extension /opt/stack/neutron/neutron/api/extensions.py:415}}
Jul 23 00:57:00.833529 np0000186232 devstack@neutron-api.service[102077]: INFO neutron.api.extensions [None req-bdbda6ff-c4d1-4306-b742-01e95ae358d6 None None] Loaded extension: address-group
Jul 23 00:57:00.833529 np0000186232 devstack@neutron-api.service[102077]: DEBUG neutron.api.extensions [None req-bdbda6ff-c4d1-4306-b742-01e95ae358d6 None None] Loading extension file: address_scope.py {{(pid=102077) _load_all_extensions_from_path /opt/stack/neutron/neutron/api/extensions.py:449}}
Jul 23 00:57:00.833694 np0000186232 devstack@neutron-api.service[102077]: DEBUG neutron.api.extensions [None req-bdbda6ff-c4d1-4306-b742-01e95ae358d6 None None] Ext name="Address scope" alias="address-scope" description="Address scopes extension." updated="2015-07-26T10:00:00-00:00" {{(pid=102077) _check_extension /opt/stack/neutron/neutron/api/extensions.py:415}}
Jul 23 00:57:00.833818 np0000186232 devstack@neutron-api.service[102077]: INFO neutron.api.extensions [None req-bdbda6ff-c4d1-4306-b742-01e95ae358d6 None None] Loaded extension: address-scope
Jul 23 00:57:00.833956 np0000186232 devstack@neutron-api.service[102077]: DEBUG neutron.api.extensions [None req-bdbda6ff-c4d1-4306-b742-01e95ae358d6 None None] Loading extension file: admin_state_down_before_update.py {{(pid=102077) _load_all_extensions_from_path /opt/stack/neutron/neutron/api/extensions.py:449}}
Jul 23 00:57:00.834184 np0000186232 devstack@neutron-api.service[102077]: DEBUG neutron.api.extensions [None req-bdbda6ff-c4d1-4306-b742-01e95ae358d6 None None] Ext name="Enforce Router's Admin State Down Before Update Extension" alias="router-admin-state-down-before-update" description="Ensure that the admin state of a router is DOWN (admin_state_up=False) before updating the distributed attribute" updated="2019-07-02T15:56:00" {{(pid=102077) _check_extension /opt/stack/neutron/neutron/api/extensions.py:415}}
Jul 23 00:57:00.834360 np0000186232 devstack@neutron-api.service[102077]: INFO neutron.api.extensions [None req-bdbda6ff-c4d1-4306-b742-01e95ae358d6 None None] Extension router-admin-state-down-before-update not supported by any of loaded plugins
Jul 23 00:57:00.834442 np0000186232 devstack@neutron-api.service[102075]: DEBUG neutron_lib.callbacks.manager [None req-d126d798-8264-491d-8b6b-0d6c6ab2cf1c None None] Subscribe: > process before_spawn 55550000, False {{(pid=102075) subscribe /opt/stack/data/venv/lib/python3.12/site-packages/neutron_lib/callbacks/manager.py:52}}
Jul 23 00:57:00.834509 np0000186232 devstack@neutron-api.service[102077]: DEBUG neutron.api.extensions [None req-bdbda6ff-c4d1-4306-b742-01e95ae358d6 None None] Loading extension file: agent.py {{(pid=102077) _load_all_extensions_from_path /opt/stack/neutron/neutron/api/extensions.py:449}}
Jul 23 00:57:00.834623 np0000186232 devstack@neutron-api.service[102075]: DEBUG neutron_lib.callbacks.manager [None req-d126d798-8264-491d-8b6b-0d6c6ab2cf1c None None] Subscribe: > process after_init 55550000, True {{(pid=102075) subscribe /opt/stack/data/venv/lib/python3.12/site-packages/neutron_lib/callbacks/manager.py:52}}
Jul 23 00:57:00.834739 np0000186232 devstack@neutron-api.service[102075]: DEBUG neutron_lib.callbacks.manager [None req-d126d798-8264-491d-8b6b-0d6c6ab2cf1c None None] Subscribe: > segment after_create 55550000, False {{(pid=102075) subscribe /opt/stack/data/venv/lib/python3.12/site-packages/neutron_lib/callbacks/manager.py:52}}
Jul 23 00:57:00.834783 np0000186232 devstack@neutron-api.service[102077]: DEBUG neutron.api.extensions [None req-bdbda6ff-c4d1-4306-b742-01e95ae358d6 None None] Ext name="agent" alias="agent" description="The agent management extension." updated="2013-02-03T10:00:00-00:00" {{(pid=102077) _check_extension /opt/stack/neutron/neutron/api/extensions.py:415}}
Jul 23 00:57:00.834847 np0000186232 devstack@neutron-api.service[102075]: DEBUG neutron_lib.callbacks.manager [None req-d126d798-8264-491d-8b6b-0d6c6ab2cf1c None None] Subscribe: > segment after_create 55550000, False {{(pid=102075) subscribe /opt/stack/data/venv/lib/python3.12/site-packages/neutron_lib/callbacks/manager.py:52}}
Jul 23 00:57:00.834937 np0000186232 devstack@neutron-api.service[102077]: INFO neutron.api.extensions [None req-bdbda6ff-c4d1-4306-b742-01e95ae358d6 None None] Loaded extension: agent
Jul 23 00:57:00.834992 np0000186232 devstack@neutron-api.service[102075]: DEBUG neutron_lib.callbacks.manager [None req-d126d798-8264-491d-8b6b-0d6c6ab2cf1c None None] Subscribe: > segment after_delete 55550000, False {{(pid=102075) subscribe /opt/stack/data/venv/lib/python3.12/site-packages/neutron_lib/callbacks/manager.py:52}}
Jul 23 00:57:00.835041 np0000186232 devstack@neutron-api.service[102077]: DEBUG neutron.api.extensions [None req-bdbda6ff-c4d1-4306-b742-01e95ae358d6 None None] Loading extension file: agent_resources_synced.py {{(pid=102077) _load_all_extensions_from_path /opt/stack/neutron/neutron/api/extensions.py:449}}
Jul 23 00:57:00.835091 np0000186232 devstack@neutron-api.service[102075]: DEBUG neutron_lib.callbacks.manager [None req-d126d798-8264-491d-8b6b-0d6c6ab2cf1c None None] Subscribe: > allowed_address_pair before_create 55550000, False {{(pid=102075) subscribe /opt/stack/data/venv/lib/python3.12/site-packages/neutron_lib/callbacks/manager.py:52}}
Jul 23 00:57:00.835207 np0000186232 devstack@neutron-api.service[102075]: DEBUG neutron_lib.callbacks.manager [None req-d126d798-8264-491d-8b6b-0d6c6ab2cf1c None None] Subscribe: > security_group precommit_create 55550000, False {{(pid=102075) subscribe /opt/stack/data/venv/lib/python3.12/site-packages/neutron_lib/callbacks/manager.py:52}}
Jul 23 00:57:00.835254 np0000186232 devstack@neutron-api.service[102077]: DEBUG neutron.api.extensions [None req-bdbda6ff-c4d1-4306-b742-01e95ae358d6 None None] Ext name="Agent's Resource View Synced to Placement" alias="agent-resources-synced" description="Stores success/failure of last sync to Placement" updated="2018-12-19T00:00:00-00:00" {{(pid=102077) _check_extension /opt/stack/neutron/neutron/api/extensions.py:415}}
Jul 23 00:57:00.835325 np0000186232 devstack@neutron-api.service[102075]: DEBUG neutron_lib.callbacks.manager [None req-d126d798-8264-491d-8b6b-0d6c6ab2cf1c None None] Subscribe: > security_group after_update 55550000, False {{(pid=102075) subscribe /opt/stack/data/venv/lib/python3.12/site-packages/neutron_lib/callbacks/manager.py:52}}
Jul 23 00:57:00.835428 np0000186232 devstack@neutron-api.service[102077]: INFO neutron.api.extensions [None req-bdbda6ff-c4d1-4306-b742-01e95ae358d6 None None] Extension agent-resources-synced not supported by any of loaded plugins
Jul 23 00:57:00.835491 np0000186232 devstack@neutron-api.service[102075]: DEBUG neutron_lib.callbacks.manager [None req-d126d798-8264-491d-8b6b-0d6c6ab2cf1c None None] Subscribe: > security_group after_create 55550000, False {{(pid=102075) subscribe /opt/stack/data/venv/lib/python3.12/site-packages/neutron_lib/callbacks/manager.py:52}}
Jul 23 00:57:00.835558 np0000186232 devstack@neutron-api.service[102077]: DEBUG neutron.api.extensions [None req-bdbda6ff-c4d1-4306-b742-01e95ae358d6 None None] Loading extension file: agent_sort_key.py {{(pid=102077) _load_all_extensions_from_path /opt/stack/neutron/neutron/api/extensions.py:449}}
Jul 23 00:57:00.835599 np0000186232 devstack@neutron-api.service[102075]: DEBUG neutron_lib.callbacks.manager [None req-d126d798-8264-491d-8b6b-0d6c6ab2cf1c None None] Subscribe: > security_group precommit_delete 55550000, False {{(pid=102075) subscribe /opt/stack/data/venv/lib/python3.12/site-packages/neutron_lib/callbacks/manager.py:52}}
Jul 23 00:57:00.835700 np0000186232 devstack@neutron-api.service[102075]: DEBUG neutron_lib.callbacks.manager [None req-d126d798-8264-491d-8b6b-0d6c6ab2cf1c None None] Subscribe: > security_group after_delete 55550000, False {{(pid=102075) subscribe /opt/stack/data/venv/lib/python3.12/site-packages/neutron_lib/callbacks/manager.py:52}}
Jul 23 00:57:00.835793 np0000186232 devstack@neutron-api.service[102077]: DEBUG neutron.api.extensions [None req-bdbda6ff-c4d1-4306-b742-01e95ae358d6 None None] Ext name="Agents Sort Key" alias="agent_sort_key" description="Enabling the keyword sort_key for sorting in agents." updated="2013-02-03T10:00:00-00:00" {{(pid=102077) _check_extension /opt/stack/neutron/neutron/api/extensions.py:415}}
Jul 23 00:57:00.836052 np0000186232 devstack@neutron-api.service[102075]: DEBUG neutron_lib.callbacks.manager [None req-d126d798-8264-491d-8b6b-0d6c6ab2cf1c None None] Subscribe: > security_group_rule precommit_create 55550000, False {{(pid=102075) subscribe /opt/stack/data/venv/lib/python3.12/site-packages/neutron_lib/callbacks/manager.py:52}}
Jul 23 00:57:00.836052 np0000186232 devstack@neutron-api.service[102075]: DEBUG neutron_lib.callbacks.manager [None req-d126d798-8264-491d-8b6b-0d6c6ab2cf1c None None] Subscribe: > security_group_rule after_create 55550000, False {{(pid=102075) subscribe /opt/stack/data/venv/lib/python3.12/site-packages/neutron_lib/callbacks/manager.py:52}}
Jul 23 00:57:00.836156 np0000186232 devstack@neutron-api.service[102077]: INFO neutron.api.extensions [None req-bdbda6ff-c4d1-4306-b742-01e95ae358d6 None None] Extension agent_sort_key not supported by any of loaded plugins
Jul 23 00:57:00.836198 np0000186232 devstack@neutron-api.service[102075]: DEBUG neutron_lib.callbacks.manager [None req-d126d798-8264-491d-8b6b-0d6c6ab2cf1c None None] Subscribe: > security_group_rule before_delete 55550000, False {{(pid=102075) subscribe /opt/stack/data/venv/lib/python3.12/site-packages/neutron_lib/callbacks/manager.py:52}}
Jul 23 00:57:00.836244 np0000186232 devstack@neutron-api.service[102077]: DEBUG neutron.api.extensions [None req-bdbda6ff-c4d1-4306-b742-01e95ae358d6 None None] Loading extension file: allowedaddresspairs.py {{(pid=102077) _load_all_extensions_from_path /opt/stack/neutron/neutron/api/extensions.py:449}}
Jul 23 00:57:00.836284 np0000186232 devstack@neutron-api.service[102075]: DEBUG neutron_lib.callbacks.manager [None req-d126d798-8264-491d-8b6b-0d6c6ab2cf1c None None] Subscribe: > address_group after_create 55550000, False {{(pid=102075) subscribe /opt/stack/data/venv/lib/python3.12/site-packages/neutron_lib/callbacks/manager.py:52}}
Jul 23 00:57:00.836284 np0000186232 devstack@neutron-api.service[102075]: DEBUG neutron_lib.callbacks.manager [None req-d126d798-8264-491d-8b6b-0d6c6ab2cf1c None None] Subscribe: > address_group after_update 55550000, False {{(pid=102075) subscribe /opt/stack/data/venv/lib/python3.12/site-packages/neutron_lib/callbacks/manager.py:52}}
Jul 23 00:57:00.836367 np0000186232 devstack@neutron-api.service[102075]: DEBUG neutron_lib.callbacks.manager [None req-d126d798-8264-491d-8b6b-0d6c6ab2cf1c None None] Subscribe: > address_group after_delete 55550000, False {{(pid=102075) subscribe /opt/stack/data/venv/lib/python3.12/site-packages/neutron_lib/callbacks/manager.py:52}}
Jul 23 00:57:00.836608 np0000186232 devstack@neutron-api.service[102075]: DEBUG neutron_lib.callbacks.manager [None req-d126d798-8264-491d-8b6b-0d6c6ab2cf1c None None] Subscribe: > qos_plugin after_init 55550000, False {{(pid=102075) subscribe /opt/stack/data/venv/lib/python3.12/site-packages/neutron_lib/callbacks/manager.py:52}}
Jul 23 00:57:00.836739 np0000186232 devstack@neutron-api.service[102077]: DEBUG neutron.api.extensions [None req-bdbda6ff-c4d1-4306-b742-01e95ae358d6 None None] Ext name="Allowed Address Pairs" alias="allowed-address-pairs" description="Provides allowed address pairs" updated="2013-07-23T10:00:00-00:00" {{(pid=102077) _check_extension /opt/stack/neutron/neutron/api/extensions.py:415}}
Jul 23 00:57:00.836844 np0000186232 devstack@neutron-api.service[102075]: DEBUG neutron_lib.callbacks.manager [None req-d126d798-8264-491d-8b6b-0d6c6ab2cf1c None None] Subscribe: > trunk_plugin after_init 55550000, False {{(pid=102075) subscribe /opt/stack/data/venv/lib/python3.12/site-packages/neutron_lib/callbacks/manager.py:52}}
Jul 23 00:57:00.836927 np0000186232 devstack@neutron-api.service[102077]: INFO neutron.api.extensions [None req-bdbda6ff-c4d1-4306-b742-01e95ae358d6 None None] Loaded extension: allowed-address-pairs
Jul 23 00:57:00.837020 np0000186232 devstack@neutron-api.service[102077]: DEBUG neutron.api.extensions [None req-bdbda6ff-c4d1-4306-b742-01e95ae358d6 None None] Loading extension file: auto_allocated_topology.py {{(pid=102077) _load_all_extensions_from_path /opt/stack/neutron/neutron/api/extensions.py:449}}
Jul 23 00:57:00.837159 np0000186232 devstack@neutron-api.service[102075]: DEBUG neutron_lib.callbacks.manager [None req-d126d798-8264-491d-8b6b-0d6c6ab2cf1c None None] Subscribe: > logging-plugin after_init 55550000, False {{(pid=102075) subscribe /opt/stack/data/venv/lib/python3.12/site-packages/neutron_lib/callbacks/manager.py:52}}
Jul 23 00:57:00.837269 np0000186232 devstack@neutron-api.service[102077]: DEBUG neutron.api.extensions [None req-bdbda6ff-c4d1-4306-b742-01e95ae358d6 None None] Ext name="Auto Allocated Topology Services" alias="auto-allocated-topology" description="Auto Allocated Topology Services." updated="2016-01-01T00:00:00-00:00" {{(pid=102077) _check_extension /opt/stack/neutron/neutron/api/extensions.py:415}}
Jul 23 00:57:00.837448 np0000186232 devstack@neutron-api.service[102077]: INFO neutron.api.extensions [None req-bdbda6ff-c4d1-4306-b742-01e95ae358d6 None None] Loaded extension: auto-allocated-topology
Jul 23 00:57:00.837562 np0000186232 devstack@neutron-api.service[102077]: DEBUG neutron.api.extensions [None req-bdbda6ff-c4d1-4306-b742-01e95ae358d6 None None] Loading extension file: availability_zone.py {{(pid=102077) _load_all_extensions_from_path /opt/stack/neutron/neutron/api/extensions.py:449}}
Jul 23 00:57:00.837689 np0000186232 devstack@neutron-api.service[102075]: INFO neutron.services.logapi.drivers.ovn.driver [None req-d126d798-8264-491d-8b6b-0d6c6ab2cf1c None None] OVN logging driver registered
Jul 23 00:57:00.837798 np0000186232 devstack@neutron-api.service[102075]: DEBUG neutron_lib.callbacks.manager [None req-d126d798-8264-491d-8b6b-0d6c6ab2cf1c None None] Subscribe: ._register_pvlan_driver at 0x7177aa289120> pvlan_plugin before_spawn 55550000, False {{(pid=102075) subscribe /opt/stack/data/venv/lib/python3.12/site-packages/neutron_lib/callbacks/manager.py:52}}
Jul 23 00:57:00.837995 np0000186232 devstack@neutron-api.service[102077]: DEBUG neutron.api.extensions [None req-bdbda6ff-c4d1-4306-b742-01e95ae358d6 None None] Ext name="Availability Zone" alias="availability_zone" description="The availability zone extension." updated="2015-01-01T10:00:00-00:00" {{(pid=102077) _check_extension /opt/stack/neutron/neutron/api/extensions.py:415}}
Jul 23 00:57:00.838056 np0000186232 devstack@neutron-api.service[102075]: DEBUG neutron_lib.callbacks.manager [None req-d126d798-8264-491d-8b6b-0d6c6ab2cf1c None None] Subscribe: process after_init 55550000, False {{(pid=102075) subscribe /opt/stack/data/venv/lib/python3.12/site-packages/neutron_lib/callbacks/manager.py:52}}
Jul 23 00:57:00.838181 np0000186232 devstack@neutron-api.service[102077]: INFO neutron.api.extensions [None req-bdbda6ff-c4d1-4306-b742-01e95ae358d6 None None] Loaded extension: availability_zone
Jul 23 00:57:00.838271 np0000186232 devstack@neutron-api.service[102077]: DEBUG neutron.api.extensions [None req-bdbda6ff-c4d1-4306-b742-01e95ae358d6 None None] Loading extension file: availability_zone_filter.py {{(pid=102077) _load_all_extensions_from_path /opt/stack/neutron/neutron/api/extensions.py:449}}
Jul 23 00:57:00.838528 np0000186232 devstack@neutron-api.service[102077]: DEBUG neutron.api.extensions [None req-bdbda6ff-c4d1-4306-b742-01e95ae358d6 None None] Ext name="Availability Zone Filter Extension" alias="availability_zone_filter" description="Add filter parameters to AvailabilityZone resource" updated="2018-06-22T10:00:00-00:00" {{(pid=102077) _check_extension /opt/stack/neutron/neutron/api/extensions.py:415}}
Jul 23 00:57:00.838709 np0000186232 devstack@neutron-api.service[102077]: INFO neutron.api.extensions [None req-bdbda6ff-c4d1-4306-b742-01e95ae358d6 None None] Extension availability_zone_filter not supported by any of loaded plugins
Jul 23 00:57:00.838797 np0000186232 devstack@neutron-api.service[102077]: DEBUG neutron.api.extensions [None req-bdbda6ff-c4d1-4306-b742-01e95ae358d6 None None] Loading extension file: data_plane_status.py {{(pid=102077) _load_all_extensions_from_path /opt/stack/neutron/neutron/api/extensions.py:449}}
Jul 23 00:57:00.839040 np0000186232 devstack@neutron-api.service[102077]: DEBUG neutron.api.extensions [None req-bdbda6ff-c4d1-4306-b742-01e95ae358d6 None None] Ext name="Port data plane status extension" alias="data-plane-status" description="Expose status of underlying data plane" updated="2017-01-24T10:00:00-00:00" {{(pid=102077) _check_extension /opt/stack/neutron/neutron/api/extensions.py:415}}
Jul 23 00:57:00.839930 np0000186232 devstack@neutron-api.service[102077]: INFO neutron.api.extensions [None req-bdbda6ff-c4d1-4306-b742-01e95ae358d6 None None] Extension data-plane-status not supported by any of loaded plugins
Jul 23 00:57:00.839930 np0000186232 devstack@neutron-api.service[102077]: DEBUG neutron.api.extensions [None req-bdbda6ff-c4d1-4306-b742-01e95ae358d6 None None] Loading extension file: default_subnetpools.py {{(pid=102077) _load_all_extensions_from_path /opt/stack/neutron/neutron/api/extensions.py:449}}
Jul 23 00:57:00.839930 np0000186232 devstack@neutron-api.service[102077]: DEBUG neutron.api.extensions [None req-bdbda6ff-c4d1-4306-b742-01e95ae358d6 None None] Ext name="Default Subnetpools" alias="default-subnetpools" description="Provides ability to mark and use a subnetpool as the default." updated="2016-02-18T18:00:00-00:00" {{(pid=102077) _check_extension /opt/stack/neutron/neutron/api/extensions.py:415}}
Jul 23 00:57:00.840129 np0000186232 devstack@neutron-api.service[102075]: DEBUG neutron.plugins.ml2.plugin [None req-d126d798-8264-491d-8b6b-0d6c6ab2cf1c None None] neutron.plugins.ml2.plugin.Ml2Plugin method _start_rpc_notifiers called with arguments () {} {{(pid=102075) wrapper /opt/stack/data/venv/lib/python3.12/site-packages/oslo_log/helpers.py:77}}
Jul 23 00:57:00.840187 np0000186232 devstack@neutron-api.service[102077]: INFO neutron.api.extensions [None req-bdbda6ff-c4d1-4306-b742-01e95ae358d6 None None] Loaded extension: default-subnetpools
Jul 23 00:57:00.840187 np0000186232 devstack@neutron-api.service[102077]: DEBUG neutron.api.extensions [None req-bdbda6ff-c4d1-4306-b742-01e95ae358d6 None None] Loading extension file: dhcpagentscheduler.py {{(pid=102077) _load_all_extensions_from_path /opt/stack/neutron/neutron/api/extensions.py:449}}
Jul 23 00:57:00.840279 np0000186232 devstack@neutron-api.service[102075]: DEBUG neutron_lib.callbacks.manager [None req-d126d798-8264-491d-8b6b-0d6c6ab2cf1c None None] Subscribe: > port after_create 55550000, False {{(pid=102075) subscribe /opt/stack/data/venv/lib/python3.12/site-packages/neutron_lib/callbacks/manager.py:52}}
Jul 23 00:57:00.840279 np0000186232 devstack@neutron-api.service[102075]: DEBUG neutron_lib.callbacks.manager [None req-d126d798-8264-491d-8b6b-0d6c6ab2cf1c None None] Subscribe: > port after_update 55550000, False {{(pid=102075) subscribe /opt/stack/data/venv/lib/python3.12/site-packages/neutron_lib/callbacks/manager.py:52}}
Jul 23 00:57:00.840279 np0000186232 devstack@neutron-api.service[102075]: DEBUG neutron_lib.callbacks.manager [None req-d126d798-8264-491d-8b6b-0d6c6ab2cf1c None None] Subscribe: > port after_delete 55550000, False {{(pid=102075) subscribe /opt/stack/data/venv/lib/python3.12/site-packages/neutron_lib/callbacks/manager.py:52}}
Jul 23 00:57:00.840440 np0000186232 devstack@neutron-api.service[102077]: DEBUG neutron.api.extensions [None req-bdbda6ff-c4d1-4306-b742-01e95ae358d6 None None] Ext name="DHCP Agent Scheduler" alias="dhcp_agent_scheduler" description="Schedule networks among dhcp agents" updated="2013-02-07T10:00:00-00:00" {{(pid=102077) _check_extension /opt/stack/neutron/neutron/api/extensions.py:415}}
Jul 23 00:57:00.840523 np0000186232 devstack@neutron-api.service[102075]: DEBUG neutron_lib.callbacks.manager [None req-d126d798-8264-491d-8b6b-0d6c6ab2cf1c None None] Subscribe: > subnet after_create 55550000, False {{(pid=102075) subscribe /opt/stack/data/venv/lib/python3.12/site-packages/neutron_lib/callbacks/manager.py:52}}
Jul 23 00:57:00.840523 np0000186232 devstack@neutron-api.service[102075]: DEBUG neutron_lib.callbacks.manager [None req-d126d798-8264-491d-8b6b-0d6c6ab2cf1c None None] Subscribe: > subnet after_update 55550000, False {{(pid=102075) subscribe /opt/stack/data/venv/lib/python3.12/site-packages/neutron_lib/callbacks/manager.py:52}}
Jul 23 00:57:00.840624 np0000186232 devstack@neutron-api.service[102077]: INFO neutron.api.extensions [None req-bdbda6ff-c4d1-4306-b742-01e95ae358d6 None None] Loaded extension: dhcp_agent_scheduler
Jul 23 00:57:00.840624 np0000186232 devstack@neutron-api.service[102077]: DEBUG neutron.api.extensions [None req-bdbda6ff-c4d1-4306-b742-01e95ae358d6 None None] Loading extension file: dns.py {{(pid=102077) _load_all_extensions_from_path /opt/stack/neutron/neutron/api/extensions.py:449}}
Jul 23 00:57:00.840719 np0000186232 devstack@neutron-api.service[102075]: DEBUG neutron_lib.callbacks.manager [None req-d126d798-8264-491d-8b6b-0d6c6ab2cf1c None None] Subscribe: > subnet after_delete 55550000, False {{(pid=102075) subscribe /opt/stack/data/venv/lib/python3.12/site-packages/neutron_lib/callbacks/manager.py:52}}
Jul 23 00:57:00.840719 np0000186232 devstack@neutron-api.service[102075]: DEBUG neutron_lib.callbacks.manager [None req-d126d798-8264-491d-8b6b-0d6c6ab2cf1c None None] Subscribe: > network after_create 55550000, False {{(pid=102075) subscribe /opt/stack/data/venv/lib/python3.12/site-packages/neutron_lib/callbacks/manager.py:52}}
Jul 23 00:57:00.840719 np0000186232 devstack@neutron-api.service[102075]: DEBUG neutron_lib.callbacks.manager [None req-d126d798-8264-491d-8b6b-0d6c6ab2cf1c None None] Subscribe: > network after_update 55550000, False {{(pid=102075) subscribe /opt/stack/data/venv/lib/python3.12/site-packages/neutron_lib/callbacks/manager.py:52}}
Jul 23 00:57:00.840877 np0000186232 devstack@neutron-api.service[102077]: DEBUG neutron.api.extensions [None req-bdbda6ff-c4d1-4306-b742-01e95ae358d6 None None] Ext name="DNS Integration" alias="dns-integration" description="Provides integration with DNS." updated="2015-08-15T18:00:00-00:00" {{(pid=102077) _check_extension /opt/stack/neutron/neutron/api/extensions.py:415}}
Jul 23 00:57:00.840927 np0000186232 devstack@neutron-api.service[102075]: DEBUG neutron_lib.callbacks.manager [None req-d126d798-8264-491d-8b6b-0d6c6ab2cf1c None None] Subscribe: > network after_delete 55550000, False {{(pid=102075) subscribe /opt/stack/data/venv/lib/python3.12/site-packages/neutron_lib/callbacks/manager.py:52}}
Jul 23 00:57:00.840977 np0000186232 devstack@neutron-api.service[102077]: INFO neutron.api.extensions [None req-bdbda6ff-c4d1-4306-b742-01e95ae358d6 None None] Loaded extension: dns-integration
Jul 23 00:57:00.841024 np0000186232 devstack@neutron-api.service[102075]: DEBUG neutron_lib.callbacks.manager [None req-d126d798-8264-491d-8b6b-0d6c6ab2cf1c None None] Subscribe: > security_group after_create 55550000, False {{(pid=102075) subscribe /opt/stack/data/venv/lib/python3.12/site-packages/neutron_lib/callbacks/manager.py:52}}
Jul 23 00:57:00.841077 np0000186232 devstack@neutron-api.service[102077]: DEBUG neutron.api.extensions [None req-bdbda6ff-c4d1-4306-b742-01e95ae358d6 None None] Loading extension file: dns_domain_ports.py {{(pid=102077) _load_all_extensions_from_path /opt/stack/neutron/neutron/api/extensions.py:449}}
Jul 23 00:57:00.841127 np0000186232 devstack@neutron-api.service[102075]: DEBUG neutron_lib.callbacks.manager [None req-d126d798-8264-491d-8b6b-0d6c6ab2cf1c None None] Subscribe: > security_group after_update 55550000, False {{(pid=102075) subscribe /opt/stack/data/venv/lib/python3.12/site-packages/neutron_lib/callbacks/manager.py:52}}
Jul 23 00:57:00.841127 np0000186232 devstack@neutron-api.service[102075]: DEBUG neutron_lib.callbacks.manager [None req-d126d798-8264-491d-8b6b-0d6c6ab2cf1c None None] Subscribe: > security_group after_delete 55550000, False {{(pid=102075) subscribe /opt/stack/data/venv/lib/python3.12/site-packages/neutron_lib/callbacks/manager.py:52}}
Jul 23 00:57:00.841230 np0000186232 devstack@neutron-api.service[102077]: DEBUG neutron.api.extensions [None req-bdbda6ff-c4d1-4306-b742-01e95ae358d6 None None] Ext name="dns_domain for ports" alias="dns-domain-ports" description="Allows the DNS domain to be specified for a network port." updated="2017-04-24T10:00:00-00:00" {{(pid=102077) _check_extension /opt/stack/neutron/neutron/api/extensions.py:415}}
Jul 23 00:57:00.841272 np0000186232 devstack@neutron-api.service[102075]: DEBUG neutron_lib.callbacks.manager [None req-d126d798-8264-491d-8b6b-0d6c6ab2cf1c None None] Subscribe: > security_group_rule after_create 55550000, False {{(pid=102075) subscribe /opt/stack/data/venv/lib/python3.12/site-packages/neutron_lib/callbacks/manager.py:52}}
Jul 23 00:57:00.841312 np0000186232 devstack@neutron-api.service[102077]: INFO neutron.api.extensions [None req-bdbda6ff-c4d1-4306-b742-01e95ae358d6 None None] Loaded extension: dns-domain-ports
Jul 23 00:57:00.841398 np0000186232 devstack@neutron-api.service[102075]: DEBUG neutron_lib.callbacks.manager [None req-d126d798-8264-491d-8b6b-0d6c6ab2cf1c None None] Subscribe: > security_group_rule after_update 55550000, False {{(pid=102075) subscribe /opt/stack/data/venv/lib/python3.12/site-packages/neutron_lib/callbacks/manager.py:52}}
Jul 23 00:57:00.841449 np0000186232 devstack@neutron-api.service[102077]: DEBUG neutron.api.extensions [None req-bdbda6ff-c4d1-4306-b742-01e95ae358d6 None None] Loading extension file: dns_integration_domain_keywords.py {{(pid=102077) _load_all_extensions_from_path /opt/stack/neutron/neutron/api/extensions.py:449}}
Jul 23 00:57:00.841515 np0000186232 devstack@neutron-api.service[102075]: DEBUG neutron_lib.callbacks.manager [None req-d126d798-8264-491d-8b6b-0d6c6ab2cf1c None None] Subscribe: > security_group_rule after_delete 55550000, False {{(pid=102075) subscribe /opt/stack/data/venv/lib/python3.12/site-packages/neutron_lib/callbacks/manager.py:52}}
Jul 23 00:57:00.841650 np0000186232 devstack@neutron-api.service[102075]: DEBUG neutron_lib.callbacks.manager [None req-d126d798-8264-491d-8b6b-0d6c6ab2cf1c None None] Subscribe: > address_group after_create 55550000, False {{(pid=102075) subscribe /opt/stack/data/venv/lib/python3.12/site-packages/neutron_lib/callbacks/manager.py:52}}
Jul 23 00:57:00.841695 np0000186232 devstack@neutron-api.service[102077]: DEBUG neutron.api.extensions [None req-bdbda6ff-c4d1-4306-b742-01e95ae358d6 None None] Ext name="DNS domain names with keywords allowed" alias="dns-integration-domain-keywords" description="Allows to use keywords like , , and as DNS domain name" updated="2020-06-15T18:00:00-00:00" {{(pid=102077) _check_extension /opt/stack/neutron/neutron/api/extensions.py:415}}
Jul 23 00:57:00.841733 np0000186232 devstack@neutron-api.service[102075]: DEBUG neutron_lib.callbacks.manager [None req-d126d798-8264-491d-8b6b-0d6c6ab2cf1c None None] Subscribe: > address_group after_update 55550000, False {{(pid=102075) subscribe /opt/stack/data/venv/lib/python3.12/site-packages/neutron_lib/callbacks/manager.py:52}}
Jul 23 00:57:00.841825 np0000186232 devstack@neutron-api.service[102075]: DEBUG neutron_lib.callbacks.manager [None req-d126d798-8264-491d-8b6b-0d6c6ab2cf1c None None] Subscribe: > address_group after_delete 55550000, False {{(pid=102075) subscribe /opt/stack/data/venv/lib/python3.12/site-packages/neutron_lib/callbacks/manager.py:52}}
Jul 23 00:57:00.841870 np0000186232 devstack@neutron-api.service[102077]: INFO neutron.api.extensions [None req-bdbda6ff-c4d1-4306-b742-01e95ae358d6 None None] Loaded extension: dns-integration-domain-keywords
Jul 23 00:57:00.841906 np0000186232 devstack@neutron-api.service[102077]: DEBUG neutron.api.extensions [None req-bdbda6ff-c4d1-4306-b742-01e95ae358d6 None None] Loading extension file: dvr.py {{(pid=102077) _load_all_extensions_from_path /opt/stack/neutron/neutron/api/extensions.py:449}}
Jul 23 00:57:00.841998 np0000186232 devstack@neutron-api.service[102075]: DEBUG neutron.plugins.ml2.ovo_rpc [None req-d126d798-8264-491d-8b6b-0d6c6ab2cf1c None None] ML2 OVO RPC backend initialized. {{(pid=102075) __init__ /opt/stack/neutron/neutron/plugins/ml2/ovo_rpc.py:117}}
Jul 23 00:57:00.842213 np0000186232 devstack@neutron-api.service[102077]: DEBUG neutron.api.extensions [None req-bdbda6ff-c4d1-4306-b742-01e95ae358d6 None None] Ext name="Distributed Virtual Router" alias="dvr" description="Enables configuration of Distributed Virtual Routers." updated="2014-06-1T10:00:00-00:00" {{(pid=102077) _check_extension /opt/stack/neutron/neutron/api/extensions.py:415}}
Jul 23 00:57:00.842385 np0000186232 devstack@neutron-api.service[102077]: INFO neutron.api.extensions [None req-bdbda6ff-c4d1-4306-b742-01e95ae358d6 None None] Extension dvr not supported by any of loaded plugins
Jul 23 00:57:00.842485 np0000186232 devstack@neutron-api.service[102077]: DEBUG neutron.api.extensions [None req-bdbda6ff-c4d1-4306-b742-01e95ae358d6 None None] Loading extension file: ecmp_routes.py {{(pid=102077) _load_all_extensions_from_path /opt/stack/neutron/neutron/api/extensions.py:449}}
Jul 23 00:57:00.842737 np0000186232 devstack@neutron-api.service[102077]: DEBUG neutron.api.extensions [None req-bdbda6ff-c4d1-4306-b742-01e95ae358d6 None None] Ext name="Equal Cost Multipath Routing" alias="ecmp_routes" description="Allows traffic to reach thesame destination via multiple different links " updated="2020-11-26T18:00:00-00:00" {{(pid=102077) _check_extension /opt/stack/neutron/neutron/api/extensions.py:415}}
Jul 23 00:57:00.842848 np0000186232 devstack@neutron-api.service[102075]: INFO neutron.quota [None req-d126d798-8264-491d-8b6b-0d6c6ab2cf1c None None] Loaded quota_driver: .
Jul 23 00:57:00.842900 np0000186232 devstack@neutron-api.service[102077]: INFO neutron.api.extensions [None req-bdbda6ff-c4d1-4306-b742-01e95ae358d6 None None] Extension ecmp_routes not supported by any of loaded plugins
Jul 23 00:57:00.842962 np0000186232 devstack@neutron-api.service[102075]: INFO neutron.plugins.ml2.plugin [None req-d126d798-8264-491d-8b6b-0d6c6ab2cf1c None None] Modular L2 Plugin initialization complete
Jul 23 00:57:00.842994 np0000186232 devstack@neutron-api.service[102077]: DEBUG neutron.api.extensions [None req-bdbda6ff-c4d1-4306-b742-01e95ae358d6 None None] Loading extension file: empty_string_filtering.py {{(pid=102077) _load_all_extensions_from_path /opt/stack/neutron/neutron/api/extensions.py:449}}
Jul 23 00:57:00.843100 np0000186232 devstack@neutron-api.service[102075]: DEBUG neutron.manager [None req-d126d798-8264-491d-8b6b-0d6c6ab2cf1c None None] Loading services supported by the core plugin {{(pid=102075) _load_services_from_core_plugin /opt/stack/neutron/neutron/manager.py:167}}
Jul 23 00:57:00.843212 np0000186232 devstack@neutron-api.service[102077]: DEBUG neutron.api.extensions [None req-bdbda6ff-c4d1-4306-b742-01e95ae358d6 None None] Ext name="Empty String Filtering Extension" alias="empty-string-filtering" description="Allow filtering by attributes with empty string value" updated="2018-05-01T10:00:00-00:00" {{(pid=102077) _check_extension /opt/stack/neutron/neutron/api/extensions.py:415}}
Jul 23 00:57:00.843320 np0000186232 devstack@neutron-api.service[102075]: INFO neutron.plugins.ml2.managers [None req-d126d798-8264-491d-8b6b-0d6c6ab2cf1c None None] Got port-security extension from driver 'port_security'
Jul 23 00:57:00.843385 np0000186232 devstack@neutron-api.service[102077]: INFO neutron.api.extensions [None req-bdbda6ff-c4d1-4306-b742-01e95ae358d6 None None] Loaded extension: empty-string-filtering
Jul 23 00:57:00.843490 np0000186232 devstack@neutron-api.service[102077]: DEBUG neutron.api.extensions [None req-bdbda6ff-c4d1-4306-b742-01e95ae358d6 None None] Loading extension file: evpn.py {{(pid=102077) _load_all_extensions_from_path /opt/stack/neutron/neutron/api/extensions.py:449}}
Jul 23 00:57:00.843639 np0000186232 devstack@neutron-api.service[102075]: DEBUG neutron.manager [None req-d126d798-8264-491d-8b6b-0d6c6ab2cf1c None None] Loading service plugins: ['ovn-router', 'auto_allocate', 'tag', 'timestamp', 'network_ip_availability', 'flavors', 'revisions'] {{(pid=102075) _load_service_plugins /opt/stack/neutron/neutron/manager.py:192}}
Jul 23 00:57:00.843728 np0000186232 devstack@neutron-api.service[102075]: INFO neutron.manager [None req-d126d798-8264-491d-8b6b-0d6c6ab2cf1c None None] Loading Plugin: ovn-router
Jul 23 00:57:00.843758 np0000186232 devstack@neutron-api.service[102077]: DEBUG neutron.api.extensions [None req-bdbda6ff-c4d1-4306-b742-01e95ae358d6 None None] Ext name="EVPN" alias="evpn" description="Router extension to support EVPN Type-5 route advertisement" updated="2026-04-28T00:00:00-00:00" {{(pid=102077) _check_extension /opt/stack/neutron/neutron/api/extensions.py:415}}
Jul 23 00:57:00.843903 np0000186232 devstack@neutron-api.service[102077]: INFO neutron.api.extensions [None req-bdbda6ff-c4d1-4306-b742-01e95ae358d6 None None] Extension evpn not supported by any of loaded plugins
Jul 23 00:57:00.843994 np0000186232 devstack@neutron-api.service[102077]: DEBUG neutron.api.extensions [None req-bdbda6ff-c4d1-4306-b742-01e95ae358d6 None None] Loading extension file: expose_l3_conntrack_helper.py {{(pid=102077) _load_all_extensions_from_path /opt/stack/neutron/neutron/api/extensions.py:449}}
Jul 23 00:57:00.844224 np0000186232 devstack@neutron-api.service[102077]: DEBUG neutron.api.extensions [None req-bdbda6ff-c4d1-4306-b742-01e95ae358d6 None None] Ext name="Expose CT target rules for conntrack helper" alias="expose-l3-conntrack-helper" description="Expose allow adding CT target rules for conntrack helper" updated="2019-04-04T10:00:00-00:00" {{(pid=102077) _check_extension /opt/stack/neutron/neutron/api/extensions.py:415}}
Jul 23 00:57:00.844394 np0000186232 devstack@neutron-api.service[102077]: INFO neutron.api.extensions [None req-bdbda6ff-c4d1-4306-b742-01e95ae358d6 None None] Extension expose-l3-conntrack-helper not supported by any of loaded plugins
Jul 23 00:57:00.844505 np0000186232 devstack@neutron-api.service[102077]: DEBUG neutron.api.extensions [None req-bdbda6ff-c4d1-4306-b742-01e95ae358d6 None None] Loading extension file: expose_port_forwarding_in_fip.py {{(pid=102077) _load_all_extensions_from_path /opt/stack/neutron/neutron/api/extensions.py:449}}
Jul 23 00:57:00.844750 np0000186232 devstack@neutron-api.service[102077]: DEBUG neutron.api.extensions [None req-bdbda6ff-c4d1-4306-b742-01e95ae358d6 None None] Ext name="Expose Floating IP port forwardings" alias="expose-port-forwarding-in-fip" description="Expose port forwarding fields in floating IP response" updated="2018-06-28T16:00:00-00:00" {{(pid=102077) _check_extension /opt/stack/neutron/neutron/api/extensions.py:415}}
Jul 23 00:57:00.844924 np0000186232 devstack@neutron-api.service[102077]: INFO neutron.api.extensions [None req-bdbda6ff-c4d1-4306-b742-01e95ae358d6 None None] Extension expose-port-forwarding-in-fip not supported by any of loaded plugins
Jul 23 00:57:00.845013 np0000186232 devstack@neutron-api.service[102077]: DEBUG neutron.api.extensions [None req-bdbda6ff-c4d1-4306-b742-01e95ae358d6 None None] Loading extension file: external_net.py {{(pid=102077) _load_all_extensions_from_path /opt/stack/neutron/neutron/api/extensions.py:449}}
Jul 23 00:57:00.845564 np0000186232 devstack@neutron-api.service[102077]: DEBUG neutron.api.extensions [None req-bdbda6ff-c4d1-4306-b742-01e95ae358d6 None None] Ext name="Neutron external network" alias="external-net" description="Adds external network attribute to network resource." updated="2013-01-14T10:00:00-00:00" {{(pid=102077) _check_extension /opt/stack/neutron/neutron/api/extensions.py:415}}
Jul 23 00:57:00.845564 np0000186232 devstack@neutron-api.service[102077]: INFO neutron.api.extensions [None req-bdbda6ff-c4d1-4306-b742-01e95ae358d6 None None] Loaded extension: external-net
Jul 23 00:57:00.845564 np0000186232 devstack@neutron-api.service[102077]: DEBUG neutron.api.extensions [None req-bdbda6ff-c4d1-4306-b742-01e95ae358d6 None None] Loading extension file: extra_dhcp_opt.py {{(pid=102077) _load_all_extensions_from_path /opt/stack/neutron/neutron/api/extensions.py:449}}
