2026-09-02 17:43:51.499 8 INFO neutron_taas.services.taas.tap_mirror_plugin [None req-006561fc-81f6-4776-b687-c5acfa85ea83 2d71c2f0f0234be683f1bcffc841b25d bbc43593283e4e6693dce56710a15eb7 - - default default] Tap Mirror: Handle Delete Port: 7788b158-bceb-4ab0-8d6d-33f6b70c6d0b [pid: 8|app: 0|req: 585/1190] 10.0.0.53 () {32 vars in 731 bytes} [Wed Sep 2 17:43:51 2026] DELETE /v2.0/floatingips/b9eb3d7e-24f6-4835-a08e-754a046f0270 => generated 0 bytes in 271 msecs (HTTP/1.1 204) 2 headers in 112 bytes (1 switches on core 0)
2026-09-02 17:43:51.946 7 INFO neutron_taas.services.taas.taas_plugin [None req-bd416b9c-214e-40f7-90d9-3f4899444be7 311cf6758c3e448f90fa66417b36554f 0a91da7febc24f76964f19b9f09d7e71 - - default default] TaaS: Handle Delete Port: ced19d01-a9ca-42db-88ff-e9b7dcc645d2
2026-09-02 17:43:51.949 7 INFO neutron_taas.services.taas.tap_mirror_plugin [None req-bd416b9c-214e-40f7-90d9-3f4899444be7 311cf6758c3e448f90fa66417b36554f 0a91da7febc24f76964f19b9f09d7e71 - - default default] Tap Mirror: Handle Delete Port: ced19d01-a9ca-42db-88ff-e9b7dcc645d2
2026-09-02 17:43:52.236 8 INFO neutron.db.ovn_revision_numbers_db [None req-5d3b4e21-3f1b-41e9-841b-40bb4ecaa8b2 311cf6758c3e448f90fa66417b36554f 0a91da7febc24f76964f19b9f09d7e71 - - default default] Successfully bumped revision number for resource bd317693-d06f-4458-b829-52055b8cfce5 (type: security_groups) to 1
2026-09-02 17:43:52.248 8 INFO neutron.db.ovn_revision_numbers_db [None req-5d3b4e21-3f1b-41e9-841b-40bb4ecaa8b2 311cf6758c3e448f90fa66417b36554f 0a91da7febc24f76964f19b9f09d7e71 - - default default] Successfully bumped revision number for resource 213c3c6c-f669-4139-a983-9245948da93e (type: security_group_rules) to 0
2026-09-02 17:43:52.265 8 INFO neutron.db.ovn_revision_numbers_db [None req-5d3b4e21-3f1b-41e9-841b-40bb4ecaa8b2 311cf6758c3e448f90fa66417b36554f 0a91da7febc24f76964f19b9f09d7e71 - - default default] Successfully bumped revision number for resource 366a5acc-e1e9-4ba3-91f7-858a52261831 (type: security_group_rules) to 0
2026-09-02 17:43:52.285 8 INFO neutron.db.ovn_revision_numbers_db [None req-5d3b4e21-3f1b-41e9-841b-40bb4ecaa8b2 311cf6758c3e448f90fa66417b36554f 0a91da7febc24f76964f19b9f09d7e71 - - default default] Successfully bumped revision number for resource dee26578-eb8c-4927-9947-d394ca5f0f93 (type: security_group_rules) to 0
2026-09-02 17:43:52.310 8 INFO neutron.db.ovn_revision_numbers_db [None req-5d3b4e21-3f1b-41e9-841b-40bb4ecaa8b2 311cf6758c3e448f90fa66417b36554f 0a91da7febc24f76964f19b9f09d7e71 - - default default] Successfully bumped revision number for resource f0c7602e-16c2-4ea8-98e6-fc419665524a (type: security_group_rules) to 0 [pid: 8|app: 0|req: 586/1191] 10.0.0.53 () {32 vars in 773 bytes} [Wed Sep 2 17:43:51 2026] GET /v2.0/security-groups?tenant_id=3ce6c8ecc263474fba4ac21c5968ce57&name=default => generated 2925 bytes in 598 msecs (HTTP/1.1 200) 4 headers in 158 bytes (1 switches on core 0) [pid: 8|app: 0|req: 587/1192] 10.0.0.53 () {32 vars in 739 bytes} [Wed Sep 2 17:43:52 2026] DELETE /v2.0/security-groups/bd317693-d06f-4458-b829-52055b8cfce5 => generated 0 bytes in 180 msecs (HTTP/1.1 204) 2 headers in 112 bytes (1 switches on core 0) [pid: 7|app: 0|req: 606/1193] 10.0.0.53 () {34 vars in 788 bytes} [Wed Sep 2 17:43:51 2026] PUT /v2.0/routers/080dd8a4-8b8a-4f7b-8e33-8550368d008e/remove_router_interface => generated 309 bytes in 1012 msecs (HTTP/1.1 200) 4 headers in 157 bytes (1 switches on core 0) /var/lib/openstack/lib/python3.12/site-packages/pycadf/identifier.py:70: UserWarning: Invalid uuid: neutron. To ensure interoperability, identifiers should be a valid uuid. warnings.warn(('Invalid uuid: %s. To ensure interoperability, '
2026-09-02 17:43:52.834 7 INFO neutron.db.ovn_revision_numbers_db [None req-b74a1229-33a0-4a56-8137-2ce9ddc4ad37 311cf6758c3e448f90fa66417b36554f 0a91da7febc24f76964f19b9f09d7e71 - - default default] Successfully bumped revision number for resource 2ccf325a-242d-4353-98bc-76b531e8a198 (type: security_groups) to 1
2026-09-02 17:43:52.846 7 INFO neutron.db.ovn_revision_numbers_db [None req-b74a1229-33a0-4a56-8137-2ce9ddc4ad37 311cf6758c3e448f90fa66417b36554f 0a91da7febc24f76964f19b9f09d7e71 - - default default] Successfully bumped revision number for resource a687ae50-6d11-4f4d-b140-8f5be6be4c8f (type: security_group_rules) to 0
2026-09-02 17:43:52.857 7 INFO neutron.db.ovn_revision_numbers_db [None req-b74a1229-33a0-4a56-8137-2ce9ddc4ad37 311cf6758c3e448f90fa66417b36554f 0a91da7febc24f76964f19b9f09d7e71 - - default default] Successfully bumped revision number for resource a9ace8e2-c693-478e-9675-cfaf404a4f1c (type: security_group_rules) to 0
2026-09-02 17:43:52.871 7 INFO neutron.db.ovn_revision_numbers_db [None req-b74a1229-33a0-4a56-8137-2ce9ddc4ad37 311cf6758c3e448f90fa66417b36554f 0a91da7febc24f76964f19b9f09d7e71 - - default default] Successfully bumped revision number for resource ab87f393-12bd-4b7e-9b82-87f22f94a4c4 (type: security_group_rules) to 0
2026-09-02 17:43:52.881 7 INFO neutron.db.ovn_revision_numbers_db [None req-b74a1229-33a0-4a56-8137-2ce9ddc4ad37 311cf6758c3e448f90fa66417b36554f 0a91da7febc24f76964f19b9f09d7e71 - - default default] Successfully bumped revision number for resource ea08dc43-744e-4d97-a9e1-844ea6c26e31 (type: security_group_rules) to 0 [pid: 7|app: 0|req: 607/1194] 10.0.0.53 () {32 vars in 773 bytes} [Wed Sep 2 17:43:52 2026] GET /v2.0/security-groups?tenant_id=e6b86b3e30fd46b8a1b380124bee00e7&name=default => generated 2925 bytes in 222 msecs (HTTP/1.1 200) 4 headers in 158 bytes (1 switches on core 0)
2026-09-02 17:43:53.085 8 INFO neutron_taas.services.taas.taas_plugin [None req-728761be-f3a5-419c-b084-573f802fde80 311cf6758c3e448f90fa66417b36554f 0a91da7febc24f76964f19b9f09d7e71 - - default default] TaaS: Handle Delete Port: b25486b9-69ba-4097-8667-ddb181e95980
2026-09-02 17:43:53.089 8 INFO neutron_taas.services.taas.tap_mirror_plugin [None req-728761be-f3a5-419c-b084-573f802fde80 311cf6758c3e448f90fa66417b36554f 0a91da7febc24f76964f19b9f09d7e71 - - default default] Tap Mirror: Handle Delete Port: b25486b9-69ba-4097-8667-ddb181e95980 [pid: 7|app: 0|req: 608/1195] 10.0.0.53 () {32 vars in 739 bytes} [Wed Sep 2 17:43:52 2026] DELETE /v2.0/security-groups/2ccf325a-242d-4353-98bc-76b531e8a198 => generated 0 bytes in 279 msecs (HTTP/1.1 204) 2 headers in 112 bytes (1 switches on core 0) [pid: 8|app: 0|req: 588/1196] 10.0.0.53 () {32 vars in 723 bytes} [Wed Sep 2 17:43:52 2026] DELETE /v2.0/routers/080dd8a4-8b8a-4f7b-8e33-8550368d008e => generated 0 bytes in 1373 msecs (HTTP/1.1 204) 2 headers in 112 bytes (1 switches on core 0) [pid: 8|app: 0|req: 589/1197] 10.0.0.53 () {32 vars in 723 bytes} [Wed Sep 2 17:43:54 2026] DELETE /v2.0/subnets/c9cf45dc-cc30-445e-86af-1129201401e3 => generated 0 bytes in 162 msecs (HTTP/1.1 204) 3 headers in 131 bytes (1 switches on core 0)
2026-09-02 17:43:54.230 7 INFO neutron.db.ovn_revision_numbers_db [None req-8ac41d65-b09a-4d2e-b9e3-9fcfe5e08d31 311cf6758c3e448f90fa66417b36554f 0a91da7febc24f76964f19b9f09d7e71 - - default default] Successfully bumped revision number for resource 3f8de5d9-6151-49b3-9d36-437fae0c5df5 (type: security_groups) to 1
2026-09-02 17:43:54.245 7 INFO neutron.db.ovn_revision_numbers_db [None req-8ac41d65-b09a-4d2e-b9e3-9fcfe5e08d31 311cf6758c3e448f90fa66417b36554f 0a91da7febc24f76964f19b9f09d7e71 - - default default] Successfully bumped revision number for resource 055516f4-823a-4c89-9c38-7605af3ab299 (type: security_group_rules) to 0
2026-09-02 17:43:54.257 7 INFO neutron.db.ovn_revision_numbers_db [None req-8ac41d65-b09a-4d2e-b9e3-9fcfe5e08d31 311cf6758c3e448f90fa66417b36554f 0a91da7febc24f76964f19b9f09d7e71 - - default default] Successfully bumped revision number for resource 2d8bc1e1-82dd-4941-9e08-0fec9071aa46 (type: security_group_rules) to 0
2026-09-02 17:43:54.271 7 INFO neutron.db.ovn_revision_numbers_db [None req-8ac41d65-b09a-4d2e-b9e3-9fcfe5e08d31 311cf6758c3e448f90fa66417b36554f 0a91da7febc24f76964f19b9f09d7e71 - - default default] Successfully bumped revision number for resource 3c099146-659e-492c-bf8c-9a2ffbc96a8a (type: security_group_rules) to 0
2026-09-02 17:43:54.283 7 INFO neutron.db.ovn_revision_numbers_db [None req-8ac41d65-b09a-4d2e-b9e3-9fcfe5e08d31 311cf6758c3e448f90fa66417b36554f 0a91da7febc24f76964f19b9f09d7e71 - - default default] Successfully bumped revision number for resource 5e389592-152b-4fac-b291-bc530d4e1cae (type: security_group_rules) to 0
2026-09-02 17:43:54.303 8 INFO neutron_taas.services.taas.taas_plugin [None req-702d184d-68c9-4840-b648-6115737cf45d 311cf6758c3e448f90fa66417b36554f 0a91da7febc24f76964f19b9f09d7e71 - - default default] TaaS: Handle Delete Port: 98fab1f4-550c-44df-96f1-917d50d61573
2026-09-02 17:43:54.306 8 INFO neutron_taas.services.taas.tap_mirror_plugin [None req-702d184d-68c9-4840-b648-6115737cf45d 311cf6758c3e448f90fa66417b36554f 0a91da7febc24f76964f19b9f09d7e71 - - default default] Tap Mirror: Handle Delete Port: 98fab1f4-550c-44df-96f1-917d50d61573 [pid: 7|app: 0|req: 609/1198] 10.0.0.53 () {32 vars in 773 bytes} [Wed Sep 2 17:43:53 2026] GET /v2.0/security-groups?tenant_id=ca1c09dad52f4e819418db1d40d153cc&name=default => generated 2925 bytes in 462 msecs (HTTP/1.1 200) 4 headers in 158 bytes (1 switches on core 0)
2026-09-02 17:43:54.446 8 INFO neutron.services.segments.plugin [-] Segment c2c4712c-6402-41ed-a909-aadbec360b3e resource provider aggregate not found
2026-09-02 17:43:54.454 8 INFO neutron.services.segments.plugin [-] Segment c2c4712c-6402-41ed-a909-aadbec360b3e resource provider aggregate not found
2026-09-02 17:43:54.463 8 INFO neutron.services.segments.plugin [-] Client error retrieving segment c2c4712c-6402-41ed-a909-aadbec360b3e resource provider; error: Placement Client Error (4xx): {"errors": [{"status": 404, "title": "Not Found", "detail": "The resource could not be found.\n\n No resource provider with uuid c2c4712c-6402-41ed-a909-aadbec360b3e found for delete ", "request_id": "req-74c88202-2bf6-4c61-88f2-818f10896459"}]}
2026-09-02 17:43:54.483 8 INFO neutron.services.segments.plugin [-] Client error retrieving segment c2c4712c-6402-41ed-a909-aadbec360b3e resource provider; error: Placement Client Error (4xx): {"errors": [{"status": 404, "title": "Not Found", "detail": "The resource could not be found.\n\n No resource provider with uuid c2c4712c-6402-41ed-a909-aadbec360b3e found for delete ", "request_id": "req-b5083179-f49d-4b60-a6a8-6a02ca82e4ac"}]} [pid: 8|app: 0|req: 590/1199] 10.0.0.53 () {32 vars in 725 bytes} [Wed Sep 2 17:43:54 2026] DELETE /v2.0/networks/4920970e-93e2-40d8-8c2a-c01960cc4d55 => generated 0 bytes in 317 msecs (HTTP/1.1 204) 3 headers in 131 bytes (1 switches on core 0) [pid: 7|app: 0|req: 610/1200] 10.0.0.53 () {32 vars in 739 bytes} [Wed Sep 2 17:43:54 2026] DELETE /v2.0/security-groups/3f8de5d9-6151-49b3-9d36-437fae0c5df5 => generated 0 bytes in 200 msecs (HTTP/1.1 204) 2 headers in 112 bytes (1 switches on core 0) [pid: 8|app: 0|req: 591/1201] 10.0.0.53 () {32 vars in 773 bytes} [Wed Sep 2 17:43:54 2026] GET /v2.0/security-groups?tenant_id=bbc43593283e4e6693dce56710a15eb7&name=default => generated 2925 bytes in 42 msecs (HTTP/1.1 200) 4 headers in 158 bytes (1 switches on core 0) [pid: 7|app: 0|req: 611/1202] 10.0.0.53 () {32 vars in 739 bytes} [Wed Sep 2 17:43:54 2026] DELETE /v2.0/security-groups/7556d7c1-ecd5-4ee6-8368-a48b97938b24 => generated 0 bytes in 201 msecs (HTTP/1.1 204) 2 headers in 112 bytes (1 switches on core 0)
2026-09-02 17:43:56.635 7 INFO neutron.db.ovn_revision_numbers_db [None req-de6aed87-f018-4627-8b96-58de1afe8dfc 311cf6758c3e448f90fa66417b36554f 0a91da7febc24f76964f19b9f09d7e71 - - default default] Successfully bumped revision number for resource 702905d3-d7ec-4cbe-b32d-abedffae8a8e (type: security_groups) to 1
2026-09-02 17:43:56.650 7 INFO neutron.db.ovn_revision_numbers_db [None req-de6aed87-f018-4627-8b96-58de1afe8dfc 311cf6758c3e448f90fa66417b36554f 0a91da7febc24f76964f19b9f09d7e71 - - default default] Successfully bumped revision number for resource 35b5ea08-0927-4bd1-87ee-002b2d7478db (type: security_group_rules) to 0
2026-09-02 17:43:56.661 7 INFO neutron.db.ovn_revision_numbers_db [None req-de6aed87-f018-4627-8b96-58de1afe8dfc 311cf6758c3e448f90fa66417b36554f 0a91da7febc24f76964f19b9f09d7e71 - - default default] Successfully bumped revision number for resource 486f5e08-b29b-4eb4-af76-f59193d48838 (type: security_group_rules) to 0
2026-09-02 17:43:56.674 7 INFO neutron.db.ovn_revision_numbers_db [None req-de6aed87-f018-4627-8b96-58de1afe8dfc 311cf6758c3e448f90fa66417b36554f 0a91da7febc24f76964f19b9f09d7e71 - - default default] Successfully bumped revision number for resource 8ead19a1-1e50-4f85-8689-6790c134a824 (type: security_group_rules) to 0
2026-09-02 17:43:56.699 7 INFO neutron.db.ovn_revision_numbers_db [None req-de6aed87-f018-4627-8b96-58de1afe8dfc 311cf6758c3e448f90fa66417b36554f 0a91da7febc24f76964f19b9f09d7e71 - - default default] Successfully bumped revision number for resource a5ebb139-baed-49bb-867f-59382d219658 (type: security_group_rules) to 0 [pid: 7|app: 0|req: 613/1205] 10.0.0.53 () {32 vars in 773 bytes} [Wed Sep 2 17:43:56 2026] GET /v2.0/security-groups?tenant_id=337c73af26ae429f9bfe61bea0cb28c3&name=default => generated 2925 bytes in 488 msecs (HTTP/1.1 200) 4 headers in 158 bytes (1 switches on core 0)
2026-09-02 17:43:56.793 8 INFO neutron.db.ovn_revision_numbers_db [None req-9145f6c6-76d7-49f9-b135-772f88335101 311cf6758c3e448f90fa66417b36554f 0a91da7febc24f76964f19b9f09d7e71 - - default default] Successfully bumped revision number for resource 4fcdcba3-2593-4ada-8e06-948f4f74f386 (type: security_groups) to 1
2026-09-02 17:43:56.809 8 INFO neutron.db.ovn_revision_numbers_db [None req-9145f6c6-76d7-49f9-b135-772f88335101 311cf6758c3e448f90fa66417b36554f 0a91da7febc24f76964f19b9f09d7e71 - - default default] Successfully bumped revision number for resource 3abc2e6d-463e-4166-82cd-323829590112 (type: security_group_rules) to 0
2026-09-02 17:43:56.818 8 INFO neutron.db.ovn_revision_numbers_db [None req-9145f6c6-76d7-49f9-b135-772f88335101 311cf6758c3e448f90fa66417b36554f 0a91da7febc24f76964f19b9f09d7e71 - - default default] Successfully bumped revision number for resource 3f4f39f8-3d21-4e43-9b41-09d2bb3cb28b (type: security_group_rules) to 0
2026-09-02 17:43:56.833 8 INFO neutron.db.ovn_revision_numbers_db [None req-9145f6c6-76d7-49f9-b135-772f88335101 311cf6758c3e448f90fa66417b36554f 0a91da7febc24f76964f19b9f09d7e71 - - default default] Successfully bumped revision number for resource ae33e948-d919-465e-9698-a26886a831b7 (type: security_group_rules) to 0
2026-09-02 17:43:56.846 8 INFO neutron.db.ovn_revision_numbers_db [None req-9145f6c6-76d7-49f9-b135-772f88335101 311cf6758c3e448f90fa66417b36554f 0a91da7febc24f76964f19b9f09d7e71 - - default default] Successfully bumped revision number for resource db51b1e5-85ac-4e06-9fb2-7e76f4a01b29 (type: security_group_rules) to 0 [pid: 8|app: 0|req: 593/1206] 10.0.0.53 () {32 vars in 773 bytes} [Wed Sep 2 17:43:56 2026] GET /v2.0/security-groups?tenant_id=3edfc067cf1941bda8ae3f5891e5b1c6&name=default => generated 2925 bytes in 345 msecs (HTTP/1.1 200) 4 headers in 158 bytes (1 switches on core 0) [pid: 7|app: 0|req: 614/1207] 10.0.0.53 () {32 vars in 739 bytes} [Wed Sep 2 17:43:56 2026] DELETE /v2.0/security-groups/702905d3-d7ec-4cbe-b32d-abedffae8a8e => generated 0 bytes in 181 msecs (HTTP/1.1 204) 2 headers in 112 bytes (1 switches on core 0) [pid: 8|app: 0|req: 594/1208] 10.0.0.53 () {32 vars in 739 bytes} [Wed Sep 2 17:43:56 2026] DELETE /v2.0/security-groups/4fcdcba3-2593-4ada-8e06-948f4f74f386 => generated 0 bytes in 250 msecs (HTTP/1.1 204) 2 headers in 112 bytes (1 switches on core 0)
2026-09-02 17:43:57.194 7 INFO neutron.db.ovn_revision_numbers_db [None req-115ef3d7-11f4-46b6-9ca2-13d0f6a9337a 311cf6758c3e448f90fa66417b36554f 0a91da7febc24f76964f19b9f09d7e71 - - default default] Successfully bumped revision number for resource 13d78673-b9e9-41bf-9c47-8c5e34a94574 (type: security_groups) to 1
2026-09-02 17:43:57.209 7 INFO neutron.db.ovn_revision_numbers_db [None req-115ef3d7-11f4-46b6-9ca2-13d0f6a9337a 311cf6758c3e448f90fa66417b36554f 0a91da7febc24f76964f19b9f09d7e71 - - default default] Successfully bumped revision number for resource 14549676-4201-41c2-ab69-2d6d99f02d97 (type: security_group_rules) to 0
2026-09-02 17:43:57.222 7 INFO neutron.db.ovn_revision_numbers_db [None req-115ef3d7-11f4-46b6-9ca2-13d0f6a9337a 311cf6758c3e448f90fa66417b36554f 0a91da7febc24f76964f19b9f09d7e71 - - default default] Successfully bumped revision number for resource 4880f3aa-f962-4450-93b2-8eab28689c51 (type: security_group_rules) to 0
2026-09-02 17:43:57.233 7 INFO neutron.db.ovn_revision_numbers_db [None req-115ef3d7-11f4-46b6-9ca2-13d0f6a9337a 311cf6758c3e448f90fa66417b36554f 0a91da7febc24f76964f19b9f09d7e71 - - default default] Successfully bumped revision number for resource c983e2d5-3b50-49e7-8673-744618a8de09 (type: security_group_rules) to 0
2026-09-02 17:43:57.245 7 INFO neutron.db.ovn_revision_numbers_db [None req-115ef3d7-11f4-46b6-9ca2-13d0f6a9337a 311cf6758c3e448f90fa66417b36554f 0a91da7febc24f76964f19b9f09d7e71 - - default default] Successfully bumped revision number for resource e4429cea-ff71-4c42-b882-091ee6e544cd (type: security_group_rules) to 0
2026-09-02 17:43:57.267 8 INFO neutron.db.ovn_revision_numbers_db [None req-63ea5510-ed87-40e1-8a40-372226b65e86 311cf6758c3e448f90fa66417b36554f 0a91da7febc24f76964f19b9f09d7e71 - - default default] Successfully bumped revision number for resource 2c87f46d-9b4e-4eeb-9203-c4098090dcef (type: security_groups) to 1
2026-09-02 17:43:57.279 8 INFO neutron.db.ovn_revision_numbers_db [None req-63ea5510-ed87-40e1-8a40-372226b65e86 311cf6758c3e448f90fa66417b36554f 0a91da7febc24f76964f19b9f09d7e71 - - default default] Successfully bumped revision number for resource 0537ee20-b1ac-4d9c-b1f8-595c4cf73bd1 (type: security_group_rules) to 0
2026-09-02 17:43:57.288 8 INFO neutron.db.ovn_revision_numbers_db [None req-63ea5510-ed87-40e1-8a40-372226b65e86 311cf6758c3e448f90fa66417b36554f 0a91da7febc24f76964f19b9f09d7e71 - - default default] Successfully bumped revision number for resource 1821d16f-c31f-4dd6-a4d4-8019feb2b1dd (type: security_group_rules) to 0
2026-09-02 17:43:57.299 8 INFO neutron.db.ovn_revision_numbers_db [None req-63ea5510-ed87-40e1-8a40-372226b65e86 311cf6758c3e448f90fa66417b36554f 0a91da7febc24f76964f19b9f09d7e71 - - default default] Successfully bumped revision number for resource 1d59bfd1-ccc7-4a40-8127-820feae6f563 (type: security_group_rules) to 0
2026-09-02 17:43:57.310 8 INFO neutron.db.ovn_revision_numbers_db [None req-63ea5510-ed87-40e1-8a40-372226b65e86 311cf6758c3e448f90fa66417b36554f 0a91da7febc24f76964f19b9f09d7e71 - - default default] Successfully bumped revision number for resource 5e664603-664d-44ae-8669-08f20a77bd5c (type: security_group_rules) to 0 [pid: 8|app: 0|req: 595/1209] 10.0.0.53 () {32 vars in 773 bytes} [Wed Sep 2 17:43:57 2026] GET /v2.0/security-groups?tenant_id=aefe8755b4a547de8249dcd4904b5c5a&name=default => generated 2925 bytes in 194 msecs (HTTP/1.1 200) 4 headers in 158 bytes (1 switches on core 0)
2026-09-02 17:43:57.357 7 INFO neutron.db.segments_db [None req-115ef3d7-11f4-46b6-9ca2-13d0f6a9337a 311cf6758c3e448f90fa66417b36554f 0a91da7febc24f76964f19b9f09d7e71 - - default default] Added segment c7b7a223-63d7-4c0b-83b2-bc2f1ebc5161 of type geneve for network b439d3cd-1fa0-4b1b-b9fd-9d3c114e0253
2026-09-02 17:43:57.471 7 INFO neutron.db.ovn_revision_numbers_db [None req-115ef3d7-11f4-46b6-9ca2-13d0f6a9337a 311cf6758c3e448f90fa66417b36554f 0a91da7febc24f76964f19b9f09d7e71 - - default default] Successfully bumped revision number for resource b439d3cd-1fa0-4b1b-b9fd-9d3c114e0253 (type: networks) to 1 [pid: 8|app: 0|req: 596/1210] 10.0.0.53 () {32 vars in 739 bytes} [Wed Sep 2 17:43:57 2026] DELETE /v2.0/security-groups/2c87f46d-9b4e-4eeb-9203-c4098090dcef => generated 0 bytes in 176 msecs (HTTP/1.1 204) 2 headers in 112 bytes (1 switches on core 0)
2026-09-02 17:43:57.647 7 WARNING neutron.scheduler.dhcp_agent_scheduler [None req-115ef3d7-11f4-46b6-9ca2-13d0f6a9337a 311cf6758c3e448f90fa66417b36554f 0a91da7febc24f76964f19b9f09d7e71 - - default default] No more DHCP agents
2026-09-02 17:43:57.650 7 WARNING neutron.api.rpc.agentnotifiers.dhcp_rpc_agent_api [None req-115ef3d7-11f4-46b6-9ca2-13d0f6a9337a 311cf6758c3e448f90fa66417b36554f 0a91da7febc24f76964f19b9f09d7e71 - - default default] Unable to schedule network b439d3cd-1fa0-4b1b-b9fd-9d3c114e0253: no agents available; will retry on subsequent port and subnet creation events.
2026-09-02 17:43:57.703 7 INFO neutron.plugins.ml2.drivers.ovn.mech_driver.mech_driver [None req-838bf9fa-00f3-4e00-b5e8-b52b51684cfa - - - - - -] OVN reports status down for port: 55206051-2817-4334-9ca0-e7c8e9f24dc9
2026-09-02 17:43:57.766 7 INFO neutron.db.ovn_revision_numbers_db [None req-115ef3d7-11f4-46b6-9ca2-13d0f6a9337a 311cf6758c3e448f90fa66417b36554f 0a91da7febc24f76964f19b9f09d7e71 - - default default] Successfully bumped revision number for resource 55206051-2817-4334-9ca0-e7c8e9f24dc9 (type: ports) to 1 [pid: 7|app: 0|req: 615/1211] 10.0.0.53 () {34 vars in 670 bytes} [Wed Sep 2 17:43:56 2026] POST /v2.0/networks => generated 784 bytes in 904 msecs (HTTP/1.1 201) 4 headers in 162 bytes (1 switches on core 0)
2026-09-02 17:43:57.945 8 INFO neutron.db.ovn_revision_numbers_db [None req-19b2f244-0c08-48a0-bab2-8bd240d14e56 311cf6758c3e448f90fa66417b36554f 0a91da7febc24f76964f19b9f09d7e71 - - default default] Successfully bumped revision number for resource 19483621-527b-4e2e-8682-11efa76cb138 (type: security_groups) to 1
2026-09-02 17:43:57.963 8 INFO neutron.db.ovn_revision_numbers_db [None req-19b2f244-0c08-48a0-bab2-8bd240d14e56 311cf6758c3e448f90fa66417b36554f 0a91da7febc24f76964f19b9f09d7e71 - - default default] Successfully bumped revision number for resource 04d5cadf-6e9f-4caa-b4fa-5bd78de83fb8 (type: security_group_rules) to 0
2026-09-02 17:43:57.979 8 INFO neutron.db.ovn_revision_numbers_db [None req-19b2f244-0c08-48a0-bab2-8bd240d14e56 311cf6758c3e448f90fa66417b36554f 0a91da7febc24f76964f19b9f09d7e71 - - default default] Successfully bumped revision number for resource 31e067c5-4219-49e9-a9a8-0fdbf529eef2 (type: security_group_rules) to 0
2026-09-02 17:43:58.001 8 INFO neutron.db.ovn_revision_numbers_db [None req-19b2f244-0c08-48a0-bab2-8bd240d14e56 311cf6758c3e448f90fa66417b36554f 0a91da7febc24f76964f19b9f09d7e71 - - default default] Successfully bumped revision number for resource 45f86563-727b-49cf-9dd7-2a39a5eb133a (type: security_group_rules) to 0
2026-09-02 17:43:58.023 8 INFO neutron.db.ovn_revision_numbers_db [None req-19b2f244-0c08-48a0-bab2-8bd240d14e56 311cf6758c3e448f90fa66417b36554f 0a91da7febc24f76964f19b9f09d7e71 - - default default] Successfully bumped revision number for resource ea681dcc-1ba2-4606-b137-030545ba3362 (type: security_group_rules) to 0
2026-09-02 17:43:58.031 7 WARNING neutron.scheduler.dhcp_agent_scheduler [None req-10851c06-31c2-4ff2-b9b0-f60b011faaa7 311cf6758c3e448f90fa66417b36554f 0a91da7febc24f76964f19b9f09d7e71 - - default default] No more DHCP agents
2026-09-02 17:43:58.033 7 WARNING neutron.api.rpc.agentnotifiers.dhcp_rpc_agent_api [None req-10851c06-31c2-4ff2-b9b0-f60b011faaa7 311cf6758c3e448f90fa66417b36554f 0a91da7febc24f76964f19b9f09d7e71 - - default default] Unable to schedule network b439d3cd-1fa0-4b1b-b9fd-9d3c114e0253: no agents available; will retry on subsequent port and subnet creation events. [pid: 8|app: 0|req: 597/1212] 10.0.0.53 () {32 vars in 773 bytes} [Wed Sep 2 17:43:57 2026] GET /v2.0/security-groups?tenant_id=8ab5cb94a4174b3ea799007eb6f3e5d3&name=default => generated 2925 bytes in 564 msecs (HTTP/1.1 200) 4 headers in 158 bytes (1 switches on core 0) [pid: 8|app: 0|req: 598/1213] 10.0.0.53 () {32 vars in 739 bytes} [Wed Sep 2 17:43:58 2026] DELETE /v2.0/security-groups/19483621-527b-4e2e-8682-11efa76cb138 => generated 0 bytes in 283 msecs (HTTP/1.1 204) 2 headers in 112 bytes (1 switches on core 0)
2026-09-02 17:43:58.468 7 INFO neutron.db.ovn_revision_numbers_db [None req-985ee118-9efb-43d5-9989-4d76c9fcdad7 - - - - - -] Successfully bumped revision number for resource 55206051-2817-4334-9ca0-e7c8e9f24dc9 (type: ports) to 2
2026-09-02 17:43:58.511 7 INFO neutron.db.ovn_revision_numbers_db [None req-985ee118-9efb-43d5-9989-4d76c9fcdad7 - - - - - -] Successfully bumped revision number for resource 5b93cc1b-d1ca-4326-8952-8e63eafe0176 (type: subnets) to 0 [pid: 7|app: 0|req: 616/1214] 10.0.0.53 () {34 vars in 668 bytes} [Wed Sep 2 17:43:57 2026] POST /v2.0/subnets => generated 690 bytes in 689 msecs (HTTP/1.1 201) 4 headers in 162 bytes (1 switches on core 0)
2026-09-02 17:43:58.575 8 INFO neutron.db.ovn_revision_numbers_db [None req-93308e75-4b76-48af-a1fe-d04072e9f372 311cf6758c3e448f90fa66417b36554f 0a91da7febc24f76964f19b9f09d7e71 - - default default] Successfully bumped revision number for resource c1db5b17-8d29-4cfe-ac8d-0621cf0d13d6 (type: security_groups) to 1
2026-09-02 17:43:58.589 8 INFO neutron.db.ovn_revision_numbers_db [None req-93308e75-4b76-48af-a1fe-d04072e9f372 311cf6758c3e448f90fa66417b36554f 0a91da7febc24f76964f19b9f09d7e71 - - default default] Successfully bumped revision number for resource 0f0f6799-91c5-41d7-a9e7-bdd8c495535e (type: security_group_rules) to 0
2026-09-02 17:43:58.601 8 INFO neutron.db.ovn_revision_numbers_db [None req-93308e75-4b76-48af-a1fe-d04072e9f372 311cf6758c3e448f90fa66417b36554f 0a91da7febc24f76964f19b9f09d7e71 - - default default] Successfully bumped revision number for resource 26e7db26-f64a-43b3-93c0-cd22130743be (type: security_group_rules) to 0
2026-09-02 17:43:58.611 8 INFO neutron.db.ovn_revision_numbers_db [None req-93308e75-4b76-48af-a1fe-d04072e9f372 311cf6758c3e448f90fa66417b36554f 0a91da7febc24f76964f19b9f09d7e71 - - default default] Successfully bumped revision number for resource 8c414d9a-117d-47dd-9762-c4fdcf74afd6 (type: security_group_rules) to 0
2026-09-02 17:43:58.632 8 INFO neutron.db.ovn_revision_numbers_db [None req-93308e75-4b76-48af-a1fe-d04072e9f372 311cf6758c3e448f90fa66417b36554f 0a91da7febc24f76964f19b9f09d7e71 - - default default] Successfully bumped revision number for resource f7416563-9f18-4a12-a94e-ce9f53e7baef (type: security_group_rules) to 0 [pid: 8|app: 0|req: 599/1215] 10.0.0.53 () {32 vars in 773 bytes} [Wed Sep 2 17:43:58 2026] GET /v2.0/security-groups?tenant_id=2252c277a66245cfb3fdeb834be12999&name=default => generated 2925 bytes in 193 msecs (HTTP/1.1 200) 4 headers in 158 bytes (1 switches on core 0)
2026-09-02 17:43:58.850 7 WARNING neutron.scheduler.dhcp_agent_scheduler [None req-884382bb-5199-4598-85e4-e7a17c22399c 311cf6758c3e448f90fa66417b36554f 0a91da7febc24f76964f19b9f09d7e71 - - default default] No more DHCP agents
2026-09-02 17:43:58.851 7 WARNING neutron.api.rpc.agentnotifiers.dhcp_rpc_agent_api [None req-884382bb-5199-4598-85e4-e7a17c22399c 311cf6758c3e448f90fa66417b36554f 0a91da7febc24f76964f19b9f09d7e71 - - default default] Unable to schedule network 8f4a1f0b-8de2-4f8d-8f90-22da91c00bae: no agents available; will retry on subsequent port and subnet creation events. [pid: 8|app: 0|req: 600/1216] 10.0.0.53 () {32 vars in 739 bytes} [Wed Sep 2 17:43:58 2026] DELETE /v2.0/security-groups/c1db5b17-8d29-4cfe-ac8d-0621cf0d13d6 => generated 0 bytes in 233 msecs (HTTP/1.1 204) 2 headers in 112 bytes (1 switches on core 0)
2026-09-02 17:43:58.913 7 INFO neutron.plugins.ml2.drivers.ovn.mech_driver.mech_driver [None req-838bf9fa-00f3-4e00-b5e8-b52b51684cfa - - - - - -] OVN reports status down for port: ce914794-494c-407d-90d2-b98c2fb36ff6
2026-09-02 17:43:58.970 7 INFO neutron.db.ovn_revision_numbers_db [None req-884382bb-5199-4598-85e4-e7a17c22399c 311cf6758c3e448f90fa66417b36554f 0a91da7febc24f76964f19b9f09d7e71 - - default default] Successfully bumped revision number for resource ce914794-494c-407d-90d2-b98c2fb36ff6 (type: ports) to 1
2026-09-02 17:43:59.524 7 INFO neutron.plugins.ml2.drivers.ovn.mech_driver.ovsdb.commands [None req-e2b1d684-7677-4986-9be5-fd2a59f3c073 - - - - - -] Schedule LRP lrp-ce914794-494c-407d-90d2-b98c2fb36ff6 on gateway 727126b9-ebe9-4bba-a4b3-252dfcafc44b with priority 1
2026-09-02 17:43:59.543 7 INFO neutron.plugins.ml2.drivers.ovn.mech_driver.mech_driver [None req-838bf9fa-00f3-4e00-b5e8-b52b51684cfa - - - - - -] OVN reports status up for port: ce914794-494c-407d-90d2-b98c2fb36ff6
2026-09-02 17:43:59.560 7 INFO neutron.plugins.ml2.drivers.ovn.mech_driver.ovsdb.ovsdb_monitor [None req-190f2dfb-192d-42ad-906b-e8eeeeb2f235 - - - - - -] Router ef5316a1-82e5-4251-91ae-c874e11788fd is bound to host instance
2026-09-02 17:43:59.607 7 INFO neutron.plugins.ml2.plugin [None req-838bf9fa-00f3-4e00-b5e8-b52b51684cfa - - - - - -] Attempt 1 to provision port ce914794-494c-407d-90d2-b98c2fb36ff6
2026-09-02 17:43:59.609 8 INFO neutron.db.ovn_revision_numbers_db [None req-ff7ba688-36bd-4af3-9558-4d6223f4acad 311cf6758c3e448f90fa66417b36554f 0a91da7febc24f76964f19b9f09d7e71 - - default default] Successfully bumped revision number for resource b1da5f7a-c10b-4996-9d70-df63b9618c59 (type: security_groups) to 1
2026-09-02 17:43:59.632 8 INFO neutron.db.ovn_revision_numbers_db [None req-ff7ba688-36bd-4af3-9558-4d6223f4acad 311cf6758c3e448f90fa66417b36554f 0a91da7febc24f76964f19b9f09d7e71 - - default default] Successfully bumped revision number for resource 03795406-8601-4b6e-8852-5b5fb6453bdf (type: security_group_rules) to 0
2026-09-02 17:43:59.645 7 INFO neutron.db.ovn_revision_numbers_db [None req-884382bb-5199-4598-85e4-e7a17c22399c 311cf6758c3e448f90fa66417b36554f 0a91da7febc24f76964f19b9f09d7e71 - - default default] Successfully bumped revision number for resource ce914794-494c-407d-90d2-b98c2fb36ff6 (type: router_ports) to 1
2026-09-02 17:43:59.648 8 INFO neutron.db.ovn_revision_numbers_db [None req-ff7ba688-36bd-4af3-9558-4d6223f4acad 311cf6758c3e448f90fa66417b36554f 0a91da7febc24f76964f19b9f09d7e71 - - default default] Successfully bumped revision number for resource 4d062359-4733-42f7-9419-7ef34ebd1750 (type: security_group_rules) to 0
2026-09-02 17:43:59.662 8 INFO neutron.db.ovn_revision_numbers_db [None req-ff7ba688-36bd-4af3-9558-4d6223f4acad 311cf6758c3e448f90fa66417b36554f 0a91da7febc24f76964f19b9f09d7e71 - - default default] Successfully bumped revision number for resource 6b06586f-eefc-409a-86c1-c50cd41f3662 (type: security_group_rules) to 0
2026-09-02 17:43:59.677 8 INFO neutron.db.ovn_revision_numbers_db [None req-ff7ba688-36bd-4af3-9558-4d6223f4acad 311cf6758c3e448f90fa66417b36554f 0a91da7febc24f76964f19b9f09d7e71 - - default default] Successfully bumped revision number for resource e0dfca45-8aa9-418c-abbc-734330e2a747 (type: security_group_rules) to 0
2026-09-02 17:43:59.778 8 INFO neutron.db.segments_db [None req-ff7ba688-36bd-4af3-9558-4d6223f4acad 311cf6758c3e448f90fa66417b36554f 0a91da7febc24f76964f19b9f09d7e71 - - default default] Added segment 646aaf9e-5fa0-4bea-b66c-39d725de81f8 of type geneve for network 1d205944-6e0b-4c42-bd8c-da3688a870ec
2026-09-02 17:43:59.838 7 INFO neutron.db.ovn_revision_numbers_db [None req-884382bb-5199-4598-85e4-e7a17c22399c 311cf6758c3e448f90fa66417b36554f 0a91da7febc24f76964f19b9f09d7e71 - - default default] Successfully bumped revision number for resource ef5316a1-82e5-4251-91ae-c874e11788fd (type: routers) to 2 [pid: 7|app: 0|req: 617/1217] 10.0.0.53 () {34 vars in 668 bytes} [Wed Sep 2 17:43:58 2026] POST /v2.0/routers => generated 968 bytes in 1337 msecs (HTTP/1.1 201) 4 headers in 162 bytes (1 switches on core 0)
2026-09-02 17:43:59.928 8 INFO neutron.db.ovn_revision_numbers_db [None req-ff7ba688-36bd-4af3-9558-4d6223f4acad 311cf6758c3e448f90fa66417b36554f 0a91da7febc24f76964f19b9f09d7e71 - - default default] Successfully bumped revision number for resource 1d205944-6e0b-4c42-bd8c-da3688a870ec (type: networks) to 1
2026-09-02 17:44:00.155 8 WARNING neutron.scheduler.dhcp_agent_scheduler [None req-ff7ba688-36bd-4af3-9558-4d6223f4acad 311cf6758c3e448f90fa66417b36554f 0a91da7febc24f76964f19b9f09d7e71 - - default default] No more DHCP agents
2026-09-02 17:44:00.156 8 WARNING neutron.api.rpc.agentnotifiers.dhcp_rpc_agent_api [None req-ff7ba688-36bd-4af3-9558-4d6223f4acad 311cf6758c3e448f90fa66417b36554f 0a91da7febc24f76964f19b9f09d7e71 - - default default] Unable to schedule network 1d205944-6e0b-4c42-bd8c-da3688a870ec: no agents available; will retry on subsequent port and subnet creation events.
2026-09-02 17:44:00.255 8 INFO neutron.db.ovn_revision_numbers_db [None req-ff7ba688-36bd-4af3-9558-4d6223f4acad 311cf6758c3e448f90fa66417b36554f 0a91da7febc24f76964f19b9f09d7e71 - - default default] Successfully bumped revision number for resource 8e7eeb40-f552-4deb-8267-fac3b2cb3130 (type: ports) to 1 [pid: 8|app: 0|req: 601/1218] 10.0.0.53 () {34 vars in 670 bytes} [Wed Sep 2 17:43:59 2026] POST /v2.0/networks => generated 782 bytes in 1049 msecs (HTTP/1.1 201) 4 headers in 162 bytes (1 switches on core 0)
2026-09-02 17:44:00.403 8 WARNING neutron.scheduler.dhcp_agent_scheduler [None req-7ebb5fab-41dd-4717-9e70-0983594e2af4 311cf6758c3e448f90fa66417b36554f 0a91da7febc24f76964f19b9f09d7e71 - - default default] No more DHCP agents
2026-09-02 17:44:00.405 8 WARNING neutron.api.rpc.agentnotifiers.dhcp_rpc_agent_api [None req-7ebb5fab-41dd-4717-9e70-0983594e2af4 311cf6758c3e448f90fa66417b36554f 0a91da7febc24f76964f19b9f09d7e71 - - default default] Unable to schedule network 1d205944-6e0b-4c42-bd8c-da3688a870ec: no agents available; will retry on subsequent port and subnet creation events.
2026-09-02 17:44:00.844 7 WARNING neutron.scheduler.dhcp_agent_scheduler [None req-1e67c60e-f837-499f-8381-d3245d241f75 311cf6758c3e448f90fa66417b36554f 0a91da7febc24f76964f19b9f09d7e71 - - default default] No more DHCP agents
2026-09-02 17:44:00.861 7 WARNING neutron.api.rpc.agentnotifiers.dhcp_rpc_agent_api [None req-1e67c60e-f837-499f-8381-d3245d241f75 311cf6758c3e448f90fa66417b36554f 0a91da7febc24f76964f19b9f09d7e71 - - default default] Unable to schedule network b439d3cd-1fa0-4b1b-b9fd-9d3c114e0253: no agents available; will retry on subsequent port and subnet creation events.
2026-09-02 17:44:00.907 8 INFO neutron.db.ovn_revision_numbers_db [None req-05898d8f-1676-44cb-8c89-150a92f86aae - - - - - -] Successfully bumped revision number for resource 8e7eeb40-f552-4deb-8267-fac3b2cb3130 (type: ports) to 2
2026-09-02 17:44:00.936 8 INFO neutron.db.ovn_revision_numbers_db [None req-05898d8f-1676-44cb-8c89-150a92f86aae - - - - - -] Successfully bumped revision number for resource f93da8d1-1df0-4d62-bcb8-0b997bf98a48 (type: subnets) to 0 [pid: 8|app: 0|req: 602/1219] 10.0.0.53 () {34 vars in 668 bytes} [Wed Sep 2 17:44:00 2026] POST /v2.0/subnets => generated 688 bytes in 677 msecs (HTTP/1.1 201) 4 headers in 162 bytes (1 switches on core 0)
2026-09-02 17:44:01.486 8 WARNING neutron.scheduler.dhcp_agent_scheduler [None req-53ec42ff-9b4c-45c7-9a61-84377fb73e48 311cf6758c3e448f90fa66417b36554f 0a91da7febc24f76964f19b9f09d7e71 - - default default] No more DHCP agents
2026-09-02 17:44:01.487 8 WARNING neutron.api.rpc.agentnotifiers.dhcp_rpc_agent_api [None req-53ec42ff-9b4c-45c7-9a61-84377fb73e48 311cf6758c3e448f90fa66417b36554f 0a91da7febc24f76964f19b9f09d7e71 - - default default] Unable to schedule network 8f4a1f0b-8de2-4f8d-8f90-22da91c00bae: no agents available; will retry on subsequent port and subnet creation events.
2026-09-02 17:44:01.584 7 INFO neutron.db.ovn_revision_numbers_db [None req-1e67c60e-f837-499f-8381-d3245d241f75 311cf6758c3e448f90fa66417b36554f 0a91da7febc24f76964f19b9f09d7e71 - - default default] Successfully bumped revision number for resource dd0fa0de-7858-4d84-9675-70c631f09e71 (type: ports) to 1
2026-09-02 17:44:01.611 8 INFO neutron.db.ovn_revision_numbers_db [None req-53ec42ff-9b4c-45c7-9a61-84377fb73e48 311cf6758c3e448f90fa66417b36554f 0a91da7febc24f76964f19b9f09d7e71 - - default default] Successfully bumped revision number for resource a9a5aa6b-a081-480a-ad7d-0a0aedf87653 (type: ports) to 1
2026-09-02 17:44:01.668 7 INFO neutron.db.ovn_revision_numbers_db [None req-83626e8d-c1f3-4a65-9f13-e06665bfac0b - - - - - -] Successfully bumped revision number for resource ce914794-494c-407d-90d2-b98c2fb36ff6 (type: ports) to 4
2026-09-02 17:44:02.125 8 INFO neutron.plugins.ml2.drivers.ovn.mech_driver.ovsdb.commands [None req-65cb0599-91ce-43e2-bfd4-902d8813ee66 - - - - - -] Schedule LRP lrp-a9a5aa6b-a081-480a-ad7d-0a0aedf87653 on gateway 727126b9-ebe9-4bba-a4b3-252dfcafc44b with priority 1
2026-09-02 17:44:02.178 8 INFO neutron.db.ovn_revision_numbers_db [None req-53ec42ff-9b4c-45c7-9a61-84377fb73e48 311cf6758c3e448f90fa66417b36554f 0a91da7febc24f76964f19b9f09d7e71 - - default default] Successfully bumped revision number for resource a9a5aa6b-a081-480a-ad7d-0a0aedf87653 (type: router_ports) to 1
2026-09-02 17:44:02.252 8 INFO neutron.db.ovn_revision_numbers_db [None req-53ec42ff-9b4c-45c7-9a61-84377fb73e48 311cf6758c3e448f90fa66417b36554f 0a91da7febc24f76964f19b9f09d7e71 - - default default] Successfully bumped revision number for resource 90885692-c2da-490c-8eb4-08ca5bcf679c (type: routers) to 2 [pid: 8|app: 0|req: 603/1220] 10.0.0.53 () {34 vars in 668 bytes} [Wed Sep 2 17:44:00 2026] POST /v2.0/routers => generated 966 bytes in 1316 msecs (HTTP/1.1 201) 4 headers in 162 bytes (1 switches on core 0)
2026-09-02 17:44:02.299 7 INFO neutron.db.ovn_revision_numbers_db [None req-83626e8d-c1f3-4a65-9f13-e06665bfac0b - - - - - -] Successfully bumped revision number for resource ce914794-494c-407d-90d2-b98c2fb36ff6 (type: ports) to 5
2026-09-02 17:44:02.369 7 INFO neutron.plugins.ml2.drivers.ovn.mech_driver.mech_driver [None req-838bf9fa-00f3-4e00-b5e8-b52b51684cfa - - - - - -] OVN reports status down for port: 8e7eeb40-f552-4deb-8267-fac3b2cb3130
2026-09-02 17:44:02.568 7 INFO neutron.plugins.ml2.drivers.ovn.mech_driver.mech_driver [None req-838bf9fa-00f3-4e00-b5e8-b52b51684cfa - - - - - -] OVN reports status down for port: dd0fa0de-7858-4d84-9675-70c631f09e71
2026-09-02 17:44:02.591 7 INFO neutron.plugins.ml2.drivers.ovn.mech_driver.ovsdb.ovsdb_monitor [None req-83626e8d-c1f3-4a65-9f13-e06665bfac0b - - - - - -] Router 90885692-c2da-490c-8eb4-08ca5bcf679c is bound to host instance
2026-09-02 17:44:02.599 8 INFO neutron.db.ovn_revision_numbers_db [None req-0c7d95f8-4801-40a7-9b85-ba8c3ad9856a 311cf6758c3e448f90fa66417b36554f 0a91da7febc24f76964f19b9f09d7e71 - - default default] Successfully bumped revision number for resource c179e2ac-02f0-4550-9f1f-95b232ba7098 (type: security_groups) to 1
2026-09-02 17:44:02.618 8 INFO neutron.db.ovn_revision_numbers_db [None req-0c7d95f8-4801-40a7-9b85-ba8c3ad9856a 311cf6758c3e448f90fa66417b36554f 0a91da7febc24f76964f19b9f09d7e71 - - default default] Successfully bumped revision number for resource 08c22ab2-0653-43ac-8289-bb9c92d53513 (type: security_group_rules) to 0
2026-09-02 17:44:02.640 8 INFO neutron.db.ovn_revision_numbers_db [None req-0c7d95f8-4801-40a7-9b85-ba8c3ad9856a 311cf6758c3e448f90fa66417b36554f 0a91da7febc24f76964f19b9f09d7e71 - - default default] Successfully bumped revision number for resource 26b5bf12-f99d-4076-bf28-b151b607c633 (type: security_group_rules) to 0
2026-09-02 17:44:02.657 8 INFO neutron.db.ovn_revision_numbers_db [None req-0c7d95f8-4801-40a7-9b85-ba8c3ad9856a 311cf6758c3e448f90fa66417b36554f 0a91da7febc24f76964f19b9f09d7e71 - - default default] Successfully bumped revision number for resource b69e12e4-bc58-44d6-9222-7327c58a4689 (type: security_group_rules) to 0
2026-09-02 17:44:02.673 8 INFO neutron.db.ovn_revision_numbers_db [None req-0c7d95f8-4801-40a7-9b85-ba8c3ad9856a 311cf6758c3e448f90fa66417b36554f 0a91da7febc24f76964f19b9f09d7e71 - - default default] Successfully bumped revision number for resource f873fc84-0ddf-4791-9a18-310404816c58 (type: security_group_rules) to 0 [pid: 8|app: 0|req: 604/1221] 10.0.0.53 () {32 vars in 773 bytes} [Wed Sep 2 17:44:02 2026] GET /v2.0/security-groups?tenant_id=89b5062b6d5743a788b9a9ff199c1c5f&name=default => generated 2925 bytes in 444 msecs (HTTP/1.1 200) 4 headers in 158 bytes (1 switches on core 0)
2026-09-02 17:44:02.795 7 INFO neutron.plugins.ml2.drivers.ovn.mech_driver.mech_driver [None req-838bf9fa-00f3-4e00-b5e8-b52b51684cfa - - - - - -] OVN reports status down for port: a9a5aa6b-a081-480a-ad7d-0a0aedf87653
2026-09-02 17:44:03.081 7 WARNING neutron.plugins.ml2.drivers.ovn.mech_driver.ovsdb.ovn_client [None req-838bf9fa-00f3-4e00-b5e8-b52b51684cfa - - - - - -] Logical_Switch_Port a9a5aa6b-a081-480a-ad7d-0a0aedf87653 host information not removed, the port state is up
2026-09-02 17:44:03.083 7 INFO neutron.plugins.ml2.drivers.ovn.mech_driver.mech_driver [None req-838bf9fa-00f3-4e00-b5e8-b52b51684cfa - - - - - -] OVN reports status up for port: a9a5aa6b-a081-480a-ad7d-0a0aedf87653
2026-09-02 17:44:03.137 7 INFO neutron.plugins.ml2.plugin [None req-838bf9fa-00f3-4e00-b5e8-b52b51684cfa - - - - - -] Attempt 1 to provision port a9a5aa6b-a081-480a-ad7d-0a0aedf87653
2026-09-02 17:44:03.169 8 WARNING neutron.scheduler.dhcp_agent_scheduler [None req-aef8e38e-3b9f-4bca-92cc-c2b234e652f7 311cf6758c3e448f90fa66417b36554f 0a91da7febc24f76964f19b9f09d7e71 - - default default] No more DHCP agents
2026-09-02 17:44:03.170 8 WARNING neutron.api.rpc.agentnotifiers.dhcp_rpc_agent_api [None req-aef8e38e-3b9f-4bca-92cc-c2b234e652f7 311cf6758c3e448f90fa66417b36554f 0a91da7febc24f76964f19b9f09d7e71 - - default default] Unable to schedule network 1d205944-6e0b-4c42-bd8c-da3688a870ec: no agents available; will retry on subsequent port and subnet creation events.
2026-09-02 17:44:03.298 8 INFO neutron.plugins.ml2.drivers.ovn.mech_driver.mech_driver [None req-b2f9e22c-b3fb-4a7b-8ae2-2fdedcd275b9 - - - - - -] OVN reports status down for port: 07f1faa9-a596-422e-bd74-85b84faea8a2
2026-09-02 17:44:03.352 8 INFO neutron.db.ovn_revision_numbers_db [None req-aef8e38e-3b9f-4bca-92cc-c2b234e652f7 311cf6758c3e448f90fa66417b36554f 0a91da7febc24f76964f19b9f09d7e71 - - default default] Successfully bumped revision number for resource 07f1faa9-a596-422e-bd74-85b84faea8a2 (type: ports) to 1
2026-09-02 17:44:03.436 7 WARNING neutron.scheduler.dhcp_agent_scheduler [None req-1e67c60e-f837-499f-8381-d3245d241f75 311cf6758c3e448f90fa66417b36554f 0a91da7febc24f76964f19b9f09d7e71 - - default default] No more DHCP agents
2026-09-02 17:44:03.439 7 WARNING neutron.api.rpc.agentnotifiers.dhcp_rpc_agent_api [None req-1e67c60e-f837-499f-8381-d3245d241f75 311cf6758c3e448f90fa66417b36554f 0a91da7febc24f76964f19b9f09d7e71 - - default default] Unable to schedule network b439d3cd-1fa0-4b1b-b9fd-9d3c114e0253: no agents available; will retry on subsequent port and subnet creation events.
2026-09-02 17:44:03.950 8 INFO neutron.plugins.ml2.drivers.ovn.mech_driver.mech_driver [None req-b2f9e22c-b3fb-4a7b-8ae2-2fdedcd275b9 - - - - - -] OVN reports status up for port: 07f1faa9-a596-422e-bd74-85b84faea8a2
2026-09-02 17:44:03.979 8 INFO neutron.plugins.ml2.plugin [None req-b2f9e22c-b3fb-4a7b-8ae2-2fdedcd275b9 - - - - - -] Attempt 1 to provision port 07f1faa9-a596-422e-bd74-85b84faea8a2
2026-09-02 17:44:04.157 8 WARNING neutron.scheduler.dhcp_agent_scheduler [None req-aef8e38e-3b9f-4bca-92cc-c2b234e652f7 311cf6758c3e448f90fa66417b36554f 0a91da7febc24f76964f19b9f09d7e71 - - default default] No more DHCP agents
2026-09-02 17:44:04.161 8 WARNING neutron.api.rpc.agentnotifiers.dhcp_rpc_agent_api [None req-aef8e38e-3b9f-4bca-92cc-c2b234e652f7 311cf6758c3e448f90fa66417b36554f 0a91da7febc24f76964f19b9f09d7e71 - - default default] Unable to schedule network 1d205944-6e0b-4c42-bd8c-da3688a870ec: no agents available; will retry on subsequent port and subnet creation events.
2026-09-02 17:44:04.648 7 INFO neutron.db.ovn_revision_numbers_db [None req-1e67c60e-f837-499f-8381-d3245d241f75 311cf6758c3e448f90fa66417b36554f 0a91da7febc24f76964f19b9f09d7e71 - - default default] Successfully bumped revision number for resource dd0fa0de-7858-4d84-9675-70c631f09e71 (type: router_ports) to 1 [pid: 7|app: 0|req: 618/1222] 10.0.0.53 () {34 vars in 782 bytes} [Wed Sep 2 17:43:59 2026] PUT /v2.0/routers/ef5316a1-82e5-4251-91ae-c874e11788fd/add_router_interface => generated 309 bytes in 4789 msecs (HTTP/1.1 200) 4 headers in 157 bytes (1 switches on core 0)
2026-09-02 17:44:04.801 8 INFO neutron.db.ovn_revision_numbers_db [None req-b2f9e22c-b3fb-4a7b-8ae2-2fdedcd275b9 - - - - - -] Successfully bumped revision number for resource 07f1faa9-a596-422e-bd74-85b84faea8a2 (type: ports) to 2
2026-09-02 17:44:04.808 7 INFO neutron.db.ovn_revision_numbers_db [None req-f88f731b-ae03-42b5-a5a6-3700a7c6c985 - - - - - -] Successfully bumped revision number for resource a9a5aa6b-a081-480a-ad7d-0a0aedf87653 (type: ports) to 4 [pid: 7|app: 0|req: 619/1223] 10.0.0.53 () {32 vars in 739 bytes} [Wed Sep 2 17:44:04 2026] DELETE /v2.0/security-groups/c179e2ac-02f0-4550-9f1f-95b232ba7098 => generated 0 bytes in 492 msecs (HTTP/1.1 204) 2 headers in 112 bytes (1 switches on core 0)
2026-09-02 17:44:05.169 8 INFO neutron.db.ovn_revision_numbers_db [None req-aef8e38e-3b9f-4bca-92cc-c2b234e652f7 311cf6758c3e448f90fa66417b36554f 0a91da7febc24f76964f19b9f09d7e71 - - default default] Successfully bumped revision number for resource 07f1faa9-a596-422e-bd74-85b84faea8a2 (type: router_ports) to 1 [pid: 8|app: 0|req: 605/1224] 10.0.0.53 () {34 vars in 782 bytes} [Wed Sep 2 17:44:02 2026] PUT /v2.0/routers/90885692-c2da-490c-8eb4-08ca5bcf679c/add_router_interface => generated 309 bytes in 2460 msecs (HTTP/1.1 200) 4 headers in 157 bytes (1 switches on core 0)
2026-09-02 17:44:05.212 8 INFO neutron.db.ovn_revision_numbers_db [None req-8cefa75a-e2a5-4770-a6c0-7cb4d8078f6d - - - - - -] Successfully bumped revision number for resource 07f1faa9-a596-422e-bd74-85b84faea8a2 (type: router_ports) to 2
2026-09-02 17:44:05.357 7 INFO neutron.db.ovn_revision_numbers_db [None req-f88f731b-ae03-42b5-a5a6-3700a7c6c985 - - - - - -] Successfully bumped revision number for resource a9a5aa6b-a081-480a-ad7d-0a0aedf87653 (type: ports) to 5
2026-09-02 17:44:05.525 8 INFO neutron.db.ovn_revision_numbers_db [None req-8098763b-ff54-4f5b-941d-9be9afd5d8b5 2d736420feb54d5a9628cd398ffdea1c ba636c87dc1949b29107cab3eba97686 - - default default] Successfully bumped revision number for resource 6f147a0a-b924-4fb7-87a2-1da1ca0b7271 (type: security_groups) to 1
2026-09-02 17:44:05.539 8 INFO neutron.db.ovn_revision_numbers_db [None req-8098763b-ff54-4f5b-941d-9be9afd5d8b5 2d736420feb54d5a9628cd398ffdea1c ba636c87dc1949b29107cab3eba97686 - - default default] Successfully bumped revision number for resource 613fc11e-2a75-4cfb-afe9-7b47e0d0eedc (type: security_group_rules) to 0
2026-09-02 17:44:05.559 8 INFO neutron.db.ovn_revision_numbers_db [None req-8098763b-ff54-4f5b-941d-9be9afd5d8b5 2d736420feb54d5a9628cd398ffdea1c ba636c87dc1949b29107cab3eba97686 - - default default] Successfully bumped revision number for resource f176f38f-6265-4f18-9dc1-b733f0f7056b (type: security_group_rules) to 0 [pid: 8|app: 0|req: 606/1225] 10.0.0.53 () {34 vars in 684 bytes} [Wed Sep 2 17:44:05 2026] POST /v2.0/security-groups => generated 1659 bytes in 295 msecs (HTTP/1.1 201) 4 headers in 163 bytes (1 switches on core 0)
2026-09-02 17:44:05.637 7 INFO neutron.db.ovn_revision_numbers_db [None req-dc163766-9666-49ab-8366-d9b90738015e 311cf6758c3e448f90fa66417b36554f 0a91da7febc24f76964f19b9f09d7e71 - - default default] Successfully bumped revision number for resource 5df9b38d-2ebb-4366-840c-3384f1dafc32 (type: security_groups) to 1
2026-09-02 17:44:05.654 7 INFO neutron.db.ovn_revision_numbers_db [None req-dc163766-9666-49ab-8366-d9b90738015e 311cf6758c3e448f90fa66417b36554f 0a91da7febc24f76964f19b9f09d7e71 - - default default] Successfully bumped revision number for resource 2685911b-fe8b-48aa-84ca-13b4e75751bc (type: security_group_rules) to 0
2026-09-02 17:44:05.671 7 INFO neutron.db.ovn_revision_numbers_db [None req-dc163766-9666-49ab-8366-d9b90738015e 311cf6758c3e448f90fa66417b36554f 0a91da7febc24f76964f19b9f09d7e71 - - default default] Successfully bumped revision number for resource 9ea31b97-0daf-4cd0-bc2b-3cc371edf7bf (type: security_group_rules) to 0
2026-09-02 17:44:05.688 7 INFO neutron.db.ovn_revision_numbers_db [None req-dc163766-9666-49ab-8366-d9b90738015e 311cf6758c3e448f90fa66417b36554f 0a91da7febc24f76964f19b9f09d7e71 - - default default] Successfully bumped revision number for resource a61a6273-4409-4abc-92b4-6e1489875eac (type: security_group_rules) to 0
2026-09-02 17:44:05.706 7 INFO neutron.db.ovn_revision_numbers_db [None req-dc163766-9666-49ab-8366-d9b90738015e 311cf6758c3e448f90fa66417b36554f 0a91da7febc24f76964f19b9f09d7e71 - - default default] Successfully bumped revision number for resource af81ddb5-eb4f-41f4-a03a-226b3464ac53 (type: security_group_rules) to 0
2026-09-02 17:44:05.724 8 INFO neutron.db.ovn_revision_numbers_db [None req-4effcdb7-67de-4e07-aa6b-a15913ced765 2d736420feb54d5a9628cd398ffdea1c ba636c87dc1949b29107cab3eba97686 - - default default] Successfully bumped revision number for resource 5aeb4f98-0dfb-4a50-9dad-1f4123125b74 (type: security_group_rules) to 0 [pid: 8|app: 0|req: 607/1226] 10.0.0.53 () {34 vars in 694 bytes} [Wed Sep 2 17:44:05 2026] POST /v2.0/security-group-rules => generated 597 bytes in 137 msecs (HTTP/1.1 201) 4 headers in 162 bytes (1 switches on core 0) [pid: 7|app: 0|req: 620/1227] 10.0.0.53 () {32 vars in 773 bytes} [Wed Sep 2 17:44:05 2026] GET /v2.0/security-groups?tenant_id=05f7d667b43247b1b95a2cfda1496a6a&name=default => generated 2925 bytes in 609 msecs (HTTP/1.1 200) 4 headers in 158 bytes (1 switches on core 0)
