2026-09-02 17:45:12.870 8 WARNING neutron.api.rpc.agentnotifiers.dhcp_rpc_agent_api [None req-101131b5-461f-4947-a47b-3ecc5471f438 311cf6758c3e448f90fa66417b36554f 0a91da7febc24f76964f19b9f09d7e71 - - default default] Unable to schedule network 91a501cd-b71f-402c-8cf6-9d29bcd4566f: no agents available; will retry on subsequent port and subnet creation events. [pid: 7|app: 0|req: 793/1610] 10.0.0.235 () {34 vars in 990 bytes} [Wed Sep 2 17:45:12 2026] GET /v2.0/ports?device_id=90e914bd-a83d-4aec-af6e-26ef6d0d2f2a => generated 12 bytes in 60 msecs (HTTP/1.1 200) 4 headers in 156 bytes (1 switches on core 0)
2026-09-02 17:45:12.896 7 INFO neutron.db.ovn_revision_numbers_db [None req-4368cb30-4719-4db9-a726-74e7df715ade - - - - - -] Successfully bumped revision number for resource f9e2bcee-e2bb-4134-a32a-55d4dce50aae (type: router_ports) to 2
2026-09-02 17:45:12.925 8 INFO neutron.plugins.ml2.drivers.ovn.mech_driver.mech_driver [None req-312932a1-e7ba-41cc-a612-197d29021d35 - - - - - -] OVN reports status down for port: 53f1bc5c-dba4-4312-aadc-67c10983c890
2026-09-02 17:45:12.928 7 INFO neutron.plugins.ml2.drivers.ovn.mech_driver.mech_driver [None req-4368cb30-4719-4db9-a726-74e7df715ade - - - - - -] OVN reports status down for port: 1370f8d2-6453-433b-9399-8f0dd53a62c5
2026-09-02 17:45:13.005 8 INFO neutron.db.ovn_revision_numbers_db [None req-101131b5-461f-4947-a47b-3ecc5471f438 311cf6758c3e448f90fa66417b36554f 0a91da7febc24f76964f19b9f09d7e71 - - default default] Successfully bumped revision number for resource 53f1bc5c-dba4-4312-aadc-67c10983c890 (type: ports) to 1 [pid: 8|app: 0|req: 818/1611] 10.0.0.53 () {34 vars in 670 bytes} [Wed Sep 2 17:45:12 2026] POST /v2.0/networks => generated 781 bytes in 908 msecs (HTTP/1.1 201) 4 headers in 162 bytes (1 switches on core 0)
2026-09-02 17:45:13.103 7 INFO neutron.plugins.ml2.drivers.ovn.mech_driver.mech_driver [None req-4368cb30-4719-4db9-a726-74e7df715ade - - - - - -] OVN reports status up for port: 1370f8d2-6453-433b-9399-8f0dd53a62c5
2026-09-02 17:45:13.125 7 INFO neutron.plugins.ml2.plugin [None req-4368cb30-4719-4db9-a726-74e7df715ade - - - - - -] Attempt 1 to provision port 1370f8d2-6453-433b-9399-8f0dd53a62c5 [pid: 8|app: 0|req: 819/1612] 10.0.0.53 () {32 vars in 716 bytes} [Wed Sep 2 17:45:13 2026] GET /v2.0/ports/1370f8d2-6453-433b-9399-8f0dd53a62c5 => generated 945 bytes in 77 msecs (HTTP/1.1 200) 4 headers in 157 bytes (1 switches on core 0)
2026-09-02 17:45:13.213 7 WARNING neutron.scheduler.dhcp_agent_scheduler [None req-effdde5e-d835-4042-9cae-7e8caafd1507 6f94f35893d646779308c6a88e2bba4c f776f5d4d6cd40e690a59013f296d38f - - default default] No more DHCP agents
2026-09-02 17:45:13.224 7 WARNING neutron.api.rpc.agentnotifiers.dhcp_rpc_agent_api [None req-effdde5e-d835-4042-9cae-7e8caafd1507 6f94f35893d646779308c6a88e2bba4c f776f5d4d6cd40e690a59013f296d38f - - default default] Unable to schedule network c2c20fa7-90a1-4435-9dd9-b7eca33371d1: no agents available; will retry on subsequent port and subnet creation events.
2026-09-02 17:45:13.302 8 WARNING neutron.scheduler.dhcp_agent_scheduler [None req-2935c490-1ec3-4dd5-b254-4422d4a2b6a7 311cf6758c3e448f90fa66417b36554f 0a91da7febc24f76964f19b9f09d7e71 - - default default] No more DHCP agents
2026-09-02 17:45:13.303 8 WARNING neutron.api.rpc.agentnotifiers.dhcp_rpc_agent_api [None req-2935c490-1ec3-4dd5-b254-4422d4a2b6a7 311cf6758c3e448f90fa66417b36554f 0a91da7febc24f76964f19b9f09d7e71 - - default default] Unable to schedule network 91a501cd-b71f-402c-8cf6-9d29bcd4566f: no agents available; will retry on subsequent port and subnet creation events.
2026-09-02 17:45:13.771 8 INFO neutron.db.ovn_revision_numbers_db [None req-8229d5ee-0c07-4c2d-bc96-86295a7bf210 - - - - - -] Successfully bumped revision number for resource 53f1bc5c-dba4-4312-aadc-67c10983c890 (type: ports) to 2
2026-09-02 17:45:13.805 7 INFO neutron.db.ovn_revision_numbers_db [None req-4368cb30-4719-4db9-a726-74e7df715ade - - - - - -] Successfully bumped revision number for resource 1370f8d2-6453-433b-9399-8f0dd53a62c5 (type: ports) to 2
2026-09-02 17:45:13.813 8 INFO neutron.db.ovn_revision_numbers_db [None req-8229d5ee-0c07-4c2d-bc96-86295a7bf210 - - - - - -] Successfully bumped revision number for resource e2e8104c-ab5d-4063-ad88-fab006973c4b (type: subnets) to 0 [pid: 8|app: 0|req: 820/1613] 10.0.0.53 () {34 vars in 668 bytes} [Wed Sep 2 17:45:13 2026] POST /v2.0/subnets => generated 687 bytes in 706 msecs (HTTP/1.1 201) 4 headers in 162 bytes (1 switches on core 0) [pid: 8|app: 0|req: 821/1614] 10.0.0.53 () {32 vars in 716 bytes} [Wed Sep 2 17:45:13 2026] GET /v2.0/ports/1370f8d2-6453-433b-9399-8f0dd53a62c5 => generated 947 bytes in 42 msecs (HTTP/1.1 200) 4 headers in 157 bytes (1 switches on core 0)
2026-09-02 17:45:14.105 7 INFO neutron.db.ovn_revision_numbers_db [None req-d5ee68af-9c76-4768-83ef-421e0477a97d - - - - - -] Successfully bumped revision number for resource 1370f8d2-6453-433b-9399-8f0dd53a62c5 (type: router_ports) to 2
2026-09-02 17:45:14.264 7 INFO neutron.db.ovn_revision_numbers_db [None req-d7b7c967-b1d8-48f7-9def-24c4e8fddeda - - - - - -] Successfully bumped revision number for resource bef38a5a-7a08-4c9d-adbf-2d6b4fccd991 (type: ports) to 2
2026-09-02 17:45:14.308 7 INFO neutron.db.ovn_revision_numbers_db [None req-d7b7c967-b1d8-48f7-9def-24c4e8fddeda - - - - - -] Successfully bumped revision number for resource 92df5457-d222-44fd-bf8b-d0bc999fbbd9 (type: subnets) to 0 [pid: 7|app: 0|req: 794/1615] 10.0.0.53 () {34 vars in 668 bytes} [Wed Sep 2 17:45:12 2026] POST /v2.0/subnets => generated 644 bytes in 1460 msecs (HTTP/1.1 201) 4 headers in 162 bytes (1 switches on core 0)
2026-09-02 17:45:14.333 8 WARNING neutron.scheduler.dhcp_agent_scheduler [None req-ebb0960a-a26c-4c12-b6d0-3eda1c1205e6 311cf6758c3e448f90fa66417b36554f 0a91da7febc24f76964f19b9f09d7e71 - - default default] No more DHCP agents
2026-09-02 17:45:14.334 8 WARNING neutron.api.rpc.agentnotifiers.dhcp_rpc_agent_api [None req-ebb0960a-a26c-4c12-b6d0-3eda1c1205e6 311cf6758c3e448f90fa66417b36554f 0a91da7febc24f76964f19b9f09d7e71 - - default default] Unable to schedule network 8f4a1f0b-8de2-4f8d-8f90-22da91c00bae: no agents available; will retry on subsequent port and subnet creation events. /var/lib/openstack/lib/python3.12/site-packages/pycadf/identifier.py:70: UserWarning: Invalid uuid: neutron. To ensure interoperability, identifiers should be a valid uuid. warnings.warn(('Invalid uuid: %s. To ensure interoperability, '
2026-09-02 17:45:14.438 7 INFO neutron.plugins.ml2.drivers.ovn.mech_driver.mech_driver [None req-d5ee68af-9c76-4768-83ef-421e0477a97d - - - - - -] OVN reports status down for port: b5f76af1-7724-4163-a82f-462ec6b15d03
2026-09-02 17:45:14.452 8 INFO neutron.db.ovn_revision_numbers_db [None req-ebb0960a-a26c-4c12-b6d0-3eda1c1205e6 311cf6758c3e448f90fa66417b36554f 0a91da7febc24f76964f19b9f09d7e71 - - default default] Successfully bumped revision number for resource b5f76af1-7724-4163-a82f-462ec6b15d03 (type: ports) to 1
2026-09-02 17:45:14.730 7 INFO neutron_taas.services.taas.taas_plugin [None req-8a92b8f4-ecd8-423d-aa95-1f2fe9fea5e3 471a393c54ec4719a323995d85403562 5a1f2a1ac4d947238939384068a10ca3 - - default default] TaaS: Handle Delete Port: 1370f8d2-6453-433b-9399-8f0dd53a62c5
2026-09-02 17:45:14.733 7 INFO neutron_taas.services.taas.tap_mirror_plugin [None req-8a92b8f4-ecd8-423d-aa95-1f2fe9fea5e3 471a393c54ec4719a323995d85403562 5a1f2a1ac4d947238939384068a10ca3 - - default default] Tap Mirror: Handle Delete Port: 1370f8d2-6453-433b-9399-8f0dd53a62c5 [pid: 7|app: 0|req: 795/1616] 10.0.0.53 () {34 vars in 788 bytes} [Wed Sep 2 17:45:14 2026] PUT /v2.0/routers/59ecfe88-d563-431c-bb23-fff42eade34f/remove_router_interface => generated 309 bytes in 676 msecs (HTTP/1.1 200) 4 headers in 157 bytes (1 switches on core 0) /var/lib/openstack/lib/python3.12/site-packages/pycadf/identifier.py:70: UserWarning: Invalid uuid: neutron. To ensure interoperability, identifiers should be a valid uuid. warnings.warn(('Invalid uuid: %s. To ensure interoperability, ' [pid: 7|app: 0|req: 796/1617] 10.0.0.235 () {34 vars in 990 bytes} [Wed Sep 2 17:45:15 2026] GET /v2.0/ports?device_id=90e914bd-a83d-4aec-af6e-26ef6d0d2f2a => generated 12 bytes in 45 msecs (HTTP/1.1 200) 4 headers in 156 bytes (1 switches on core 0)
2026-09-02 17:45:15.061 7 WARNING neutron.api.v2.base [None req-7aead9e7-41f7-451b-925f-1acba6f53fd9 6f94f35893d646779308c6a88e2bba4c f776f5d4d6cd40e690a59013f296d38f - - default default] An exception happened while processing the request body. The exception message is [Invalid input for target_tenant. Reason: 'None' is not a valid string.].: webob.exc.HTTPBadRequest: Invalid input for target_tenant. Reason: 'None' is not a valid string.
2026-09-02 17:45:15.063 7 INFO neutron.api.v2.resource [None req-7aead9e7-41f7-451b-925f-1acba6f53fd9 6f94f35893d646779308c6a88e2bba4c f776f5d4d6cd40e690a59013f296d38f - - default default] create failed (client error): Invalid input for target_tenant. Reason: 'None' is not a valid string. [pid: 7|app: 0|req: 797/1618] 10.0.0.53 () {34 vars in 680 bytes} [Wed Sep 2 17:45:15 2026] POST /v2.0/rbac-policies => generated 143 bytes in 10 msecs (HTTP/1.1 400) 4 headers in 166 bytes (1 switches on core 0) [pid: 7|app: 0|req: 798/1619] 10.0.0.53 () {32 vars in 735 bytes} [Wed Sep 2 17:45:15 2026] GET /v2.0/ports?device_id=59ecfe88-d563-431c-bb23-fff42eade34f => generated 12 bytes in 26 msecs (HTTP/1.1 200) 4 headers in 156 bytes (1 switches on core 0)
2026-09-02 17:45:15.147 8 INFO neutron.plugins.ml2.drivers.ovn.mech_driver.ovsdb.commands [None req-65cb0599-91ce-43e2-bfd4-902d8813ee66 - - - - - -] Schedule LRP lrp-b5f76af1-7724-4163-a82f-462ec6b15d03 on gateway 727126b9-ebe9-4bba-a4b3-252dfcafc44b with priority 1
2026-09-02 17:45:15.215 8 INFO neutron.plugins.ml2.drivers.ovn.mech_driver.ovsdb.ovsdb_monitor [None req-43ccb863-f18f-467f-b4dc-6219a0ef2a78 - - - - - -] Router 636a5881-a588-47b5-a188-9c62c9ecf4aa is bound to host instance
2026-09-02 17:45:15.243 8 INFO neutron.db.ovn_revision_numbers_db [None req-ebb0960a-a26c-4c12-b6d0-3eda1c1205e6 311cf6758c3e448f90fa66417b36554f 0a91da7febc24f76964f19b9f09d7e71 - - default default] Successfully bumped revision number for resource b5f76af1-7724-4163-a82f-462ec6b15d03 (type: router_ports) to 1
2026-09-02 17:45:15.251 7 INFO neutron.plugins.ml2.drivers.ovn.mech_driver.mech_driver [None req-d5ee68af-9c76-4768-83ef-421e0477a97d - - - - - -] OVN reports status up for port: b5f76af1-7724-4163-a82f-462ec6b15d03
2026-09-02 17:45:15.279 7 INFO neutron.plugins.ml2.plugin [None req-d5ee68af-9c76-4768-83ef-421e0477a97d - - - - - -] Attempt 1 to provision port b5f76af1-7724-4163-a82f-462ec6b15d03
2026-09-02 17:45:15.367 8 INFO neutron.db.ovn_revision_numbers_db [None req-ebb0960a-a26c-4c12-b6d0-3eda1c1205e6 311cf6758c3e448f90fa66417b36554f 0a91da7febc24f76964f19b9f09d7e71 - - default default] Successfully bumped revision number for resource 636a5881-a588-47b5-a188-9c62c9ecf4aa (type: routers) to 2
2026-09-02 17:45:15.374 7 INFO neutron_taas.services.taas.taas_plugin [None req-b4320013-8e6b-45fa-89f4-e5645480c73f 6f94f35893d646779308c6a88e2bba4c f776f5d4d6cd40e690a59013f296d38f - - default default] TaaS: Handle Delete Port: bef38a5a-7a08-4c9d-adbf-2d6b4fccd991
2026-09-02 17:45:15.382 7 INFO neutron_taas.services.taas.tap_mirror_plugin [None req-b4320013-8e6b-45fa-89f4-e5645480c73f 6f94f35893d646779308c6a88e2bba4c f776f5d4d6cd40e690a59013f296d38f - - default default] Tap Mirror: Handle Delete Port: bef38a5a-7a08-4c9d-adbf-2d6b4fccd991 [pid: 8|app: 0|req: 822/1620] 10.0.0.53 () {34 vars in 668 bytes} [Wed Sep 2 17:45:13 2026] POST /v2.0/routers => generated 965 bytes in 1520 msecs (HTTP/1.1 201) 4 headers in 162 bytes (1 switches on core 0) [pid: 8|app: 0|req: 823/1621] 10.0.0.53 () {32 vars in 723 bytes} [Wed Sep 2 17:45:15 2026] DELETE /v2.0/routers/59ecfe88-d563-431c-bb23-fff42eade34f => generated 0 bytes in 376 msecs (HTTP/1.1 204) 2 headers in 112 bytes (1 switches on core 0)
2026-09-02 17:45:15.802 7 INFO neutron.services.segments.plugin [-] Segment 2d0414c8-df06-428e-8998-0bda8bded865 resource provider aggregate not found
2026-09-02 17:45:15.806 7 INFO neutron.services.segments.plugin [-] Segment 2d0414c8-df06-428e-8998-0bda8bded865 resource provider aggregate not found
2026-09-02 17:45:15.829 7 INFO neutron.services.segments.plugin [-] Client error retrieving segment 2d0414c8-df06-428e-8998-0bda8bded865 resource provider; error: Placement Client Error (4xx): {"errors": [{"status": 404, "title": "Not Found", "detail": "The resource could not be found.\n\n No resource provider with uuid 2d0414c8-df06-428e-8998-0bda8bded865 found for delete ", "request_id": "req-8d34083e-23bb-434f-b07f-df3203fd62e9"}]}
2026-09-02 17:45:15.830 7 INFO neutron.services.segments.plugin [-] Client error retrieving segment 2d0414c8-df06-428e-8998-0bda8bded865 resource provider; error: Placement Client Error (4xx): {"errors": [{"status": 404, "title": "Not Found", "detail": "The resource could not be found.\n\n No resource provider with uuid 2d0414c8-df06-428e-8998-0bda8bded865 found for delete ", "request_id": "req-bdf868ce-59ce-4c90-8d10-d5355220a939"}]} [pid: 7|app: 0|req: 799/1622] 10.0.0.53 () {32 vars in 725 bytes} [Wed Sep 2 17:45:15 2026] DELETE /v2.0/networks/c2c20fa7-90a1-4435-9dd9-b7eca33371d1 => generated 0 bytes in 769 msecs (HTTP/1.1 204) 3 headers in 131 bytes (1 switches on core 0) [pid: 7|app: 0|req: 800/1623] 10.0.0.53 () {32 vars in 723 bytes} [Wed Sep 2 17:45:15 2026] DELETE /v2.0/subnets/3dbf2716-b916-4961-b5b7-88abf26c7dda => generated 0 bytes in 160 msecs (HTTP/1.1 204) 3 headers in 131 bytes (1 switches on core 0)
2026-09-02 17:45:16.111 7 INFO neutron.db.segments_db [None req-568525eb-b8e1-4507-92fb-d4db05b73bc4 6f94f35893d646779308c6a88e2bba4c f776f5d4d6cd40e690a59013f296d38f - - default default] Added segment 14d20ba3-386c-4796-9d9a-3c5ba515a71a of type geneve for network e4b4a126-1695-41a7-ab22-6fc95e502601
2026-09-02 17:45:16.199 7 INFO neutron.db.ovn_revision_numbers_db [None req-568525eb-b8e1-4507-92fb-d4db05b73bc4 6f94f35893d646779308c6a88e2bba4c f776f5d4d6cd40e690a59013f296d38f - - default default] Successfully bumped revision number for resource e4b4a126-1695-41a7-ab22-6fc95e502601 (type: networks) to 1
2026-09-02 17:45:16.345 7 WARNING neutron.scheduler.dhcp_agent_scheduler [None req-568525eb-b8e1-4507-92fb-d4db05b73bc4 6f94f35893d646779308c6a88e2bba4c f776f5d4d6cd40e690a59013f296d38f - - default default] No more DHCP agents
2026-09-02 17:45:16.346 7 WARNING neutron.api.rpc.agentnotifiers.dhcp_rpc_agent_api [None req-568525eb-b8e1-4507-92fb-d4db05b73bc4 6f94f35893d646779308c6a88e2bba4c f776f5d4d6cd40e690a59013f296d38f - - default default] Unable to schedule network e4b4a126-1695-41a7-ab22-6fc95e502601: no agents available; will retry on subsequent port and subnet creation events.
2026-09-02 17:45:16.433 7 INFO neutron.db.ovn_revision_numbers_db [None req-568525eb-b8e1-4507-92fb-d4db05b73bc4 6f94f35893d646779308c6a88e2bba4c f776f5d4d6cd40e690a59013f296d38f - - default default] Successfully bumped revision number for resource b14bd0f4-d3f4-4e7e-8fc6-4a9b507c069e (type: ports) to 1 [pid: 7|app: 0|req: 801/1624] 10.0.0.53 () {34 vars in 669 bytes} [Wed Sep 2 17:45:16 2026] POST /v2.0/networks => generated 767 bytes in 438 msecs (HTTP/1.1 201) 4 headers in 162 bytes (1 switches on core 0)
2026-09-02 17:45:16.544 7 INFO neutron_taas.services.taas.taas_plugin [None req-e1cb3dd5-ca7c-42ed-a5c0-29aa915bb2bf 471a393c54ec4719a323995d85403562 5a1f2a1ac4d947238939384068a10ca3 - - default default] TaaS: Handle Delete Port: b3a94d16-fee4-407b-8adb-8ca78ffe9250
2026-09-02 17:45:16.548 7 INFO neutron_taas.services.taas.tap_mirror_plugin [None req-e1cb3dd5-ca7c-42ed-a5c0-29aa915bb2bf 471a393c54ec4719a323995d85403562 5a1f2a1ac4d947238939384068a10ca3 - - default default] Tap Mirror: Handle Delete Port: b3a94d16-fee4-407b-8adb-8ca78ffe9250 [pid: 7|app: 0|req: 802/1625] 10.0.0.53 () {32 vars in 725 bytes} [Wed Sep 2 17:45:16 2026] DELETE /v2.0/networks/91237a34-012e-4b14-bf4f-fe259b758961 => generated 0 bytes in 275 msecs (HTTP/1.1 204) 3 headers in 131 bytes (1 switches on core 0)
2026-09-02 17:45:16.792 8 WARNING neutron.scheduler.dhcp_agent_scheduler [None req-8672c8f7-5a59-4225-b407-dd5e3f7d6173 311cf6758c3e448f90fa66417b36554f 0a91da7febc24f76964f19b9f09d7e71 - - default default] No more DHCP agents
2026-09-02 17:45:16.798 8 WARNING neutron.api.rpc.agentnotifiers.dhcp_rpc_agent_api [None req-8672c8f7-5a59-4225-b407-dd5e3f7d6173 311cf6758c3e448f90fa66417b36554f 0a91da7febc24f76964f19b9f09d7e71 - - default default] Unable to schedule network 91a501cd-b71f-402c-8cf6-9d29bcd4566f: no agents available; will retry on subsequent port and subnet creation events.
2026-09-02 17:45:16.849 8 INFO neutron.db.ovn_revision_numbers_db [None req-44c061ce-5397-4068-9eeb-c28dff62f8ee - - - - - -] Successfully bumped revision number for resource b5f76af1-7724-4163-a82f-462ec6b15d03 (type: ports) to 4 [pid: 7|app: 0|req: 803/1626] 10.0.0.53 () {32 vars in 739 bytes} [Wed Sep 2 17:45:16 2026] DELETE /v2.0/security-groups/6f147a0a-b924-4fb7-87a2-1da1ca0b7271 => generated 0 bytes in 194 msecs (HTTP/1.1 204) 2 headers in 112 bytes (1 switches on core 0)
2026-09-02 17:45:17.132 8 INFO neutron.db.ovn_revision_numbers_db [None req-8672c8f7-5a59-4225-b407-dd5e3f7d6173 311cf6758c3e448f90fa66417b36554f 0a91da7febc24f76964f19b9f09d7e71 - - default default] Successfully bumped revision number for resource bac13259-220f-4be0-adb0-8f93ce2cce7a (type: ports) to 1
2026-09-02 17:45:17.148 7 WARNING neutron.scheduler.dhcp_agent_scheduler [None req-7c5a72ba-489a-49cf-b7f4-ecc962b8cbff 6f94f35893d646779308c6a88e2bba4c f776f5d4d6cd40e690a59013f296d38f - - default default] No more DHCP agents
2026-09-02 17:45:17.150 7 WARNING neutron.api.rpc.agentnotifiers.dhcp_rpc_agent_api [None req-7c5a72ba-489a-49cf-b7f4-ecc962b8cbff 6f94f35893d646779308c6a88e2bba4c f776f5d4d6cd40e690a59013f296d38f - - default default] Unable to schedule network e4b4a126-1695-41a7-ab22-6fc95e502601: no agents available; will retry on subsequent port and subnet creation events.
2026-09-02 17:45:17.557 8 INFO neutron.db.ovn_revision_numbers_db [None req-44c061ce-5397-4068-9eeb-c28dff62f8ee - - - - - -] Successfully bumped revision number for resource b5f76af1-7724-4163-a82f-462ec6b15d03 (type: ports) to 5
2026-09-02 17:45:17.639 7 INFO neutron.db.ovn_revision_numbers_db [None req-67a07605-f32b-46a6-9415-31a7ab9a1345 - - - - - -] Successfully bumped revision number for resource b14bd0f4-d3f4-4e7e-8fc6-4a9b507c069e (type: ports) to 2
2026-09-02 17:45:17.681 7 INFO neutron.db.ovn_revision_numbers_db [None req-67a07605-f32b-46a6-9415-31a7ab9a1345 - - - - - -] Successfully bumped revision number for resource e8a77fe5-a4e6-48fb-a780-e9c4cda99772 (type: subnets) to 0 [pid: 7|app: 0|req: 804/1627] 10.0.0.53 () {34 vars in 668 bytes} [Wed Sep 2 17:45:16 2026] POST /v2.0/subnets => generated 647 bytes in 774 msecs (HTTP/1.1 201) 4 headers in 162 bytes (1 switches on core 0)
2026-09-02 17:45:17.857 7 INFO neutron.services.segments.plugin [-] Segment e10262f4-0564-4aa4-b0e2-fbddae37809d resource provider aggregate not found
2026-09-02 17:45:17.862 7 INFO neutron.services.segments.plugin [-] Segment e10262f4-0564-4aa4-b0e2-fbddae37809d resource provider aggregate not found
2026-09-02 17:45:17.889 7 INFO neutron.services.segments.plugin [-] Client error retrieving segment e10262f4-0564-4aa4-b0e2-fbddae37809d resource provider; error: Placement Client Error (4xx): {"errors": [{"status": 404, "title": "Not Found", "detail": "The resource could not be found.\n\n No resource provider with uuid e10262f4-0564-4aa4-b0e2-fbddae37809d found for delete ", "request_id": "req-1efd83ad-03d9-41a0-9ef4-7273731d6cc6"}]}
2026-09-02 17:45:17.898 7 INFO neutron.services.segments.plugin [-] Client error retrieving segment e10262f4-0564-4aa4-b0e2-fbddae37809d resource provider; error: Placement Client Error (4xx): {"errors": [{"status": 404, "title": "Not Found", "detail": "The resource could not be found.\n\n No resource provider with uuid e10262f4-0564-4aa4-b0e2-fbddae37809d found for delete ", "request_id": "req-c84f779d-8aba-4cb9-8911-b6d614d06ac4"}]}
2026-09-02 17:45:18.124 8 WARNING neutron.scheduler.dhcp_agent_scheduler [None req-8672c8f7-5a59-4225-b407-dd5e3f7d6173 311cf6758c3e448f90fa66417b36554f 0a91da7febc24f76964f19b9f09d7e71 - - default default] No more DHCP agents
2026-09-02 17:45:18.125 8 WARNING neutron.api.rpc.agentnotifiers.dhcp_rpc_agent_api [None req-8672c8f7-5a59-4225-b407-dd5e3f7d6173 311cf6758c3e448f90fa66417b36554f 0a91da7febc24f76964f19b9f09d7e71 - - default default] Unable to schedule network 91a501cd-b71f-402c-8cf6-9d29bcd4566f: no agents available; will retry on subsequent port and subnet creation events.
2026-09-02 17:45:18.203 7 INFO neutron.plugins.ml2.drivers.ovn.mech_driver.mech_driver [None req-d5ee68af-9c76-4768-83ef-421e0477a97d - - - - - -] OVN reports status down for port: b14bd0f4-d3f4-4e7e-8fc6-4a9b507c069e
2026-09-02 17:45:18.348 7 WARNING neutron.scheduler.dhcp_agent_scheduler [None req-b7d77db8-b5cd-48b1-983c-20f934e3b9c4 471a393c54ec4719a323995d85403562 5a1f2a1ac4d947238939384068a10ca3 - - default default] No more DHCP agents
2026-09-02 17:45:18.352 7 INFO neutron.plugins.ml2.drivers.ovn.mech_driver.mech_driver [None req-d5ee68af-9c76-4768-83ef-421e0477a97d - - - - - -] OVN reports status down for port: bac13259-220f-4be0-adb0-8f93ce2cce7a
2026-09-02 17:45:18.353 7 WARNING neutron.api.rpc.agentnotifiers.dhcp_rpc_agent_api [None req-b7d77db8-b5cd-48b1-983c-20f934e3b9c4 471a393c54ec4719a323995d85403562 5a1f2a1ac4d947238939384068a10ca3 - - default default] Unable to schedule network 8f4a1f0b-8de2-4f8d-8f90-22da91c00bae: no agents available; will retry on subsequent port and subnet creation events.
2026-09-02 17:45:18.520 7 INFO neutron.plugins.ml2.drivers.ovn.mech_driver.mech_driver [None req-d5ee68af-9c76-4768-83ef-421e0477a97d - - - - - -] OVN reports status up for port: bac13259-220f-4be0-adb0-8f93ce2cce7a
2026-09-02 17:45:18.530 8 INFO neutron.db.ovn_revision_numbers_db [None req-8672c8f7-5a59-4225-b407-dd5e3f7d6173 311cf6758c3e448f90fa66417b36554f 0a91da7febc24f76964f19b9f09d7e71 - - default default] Successfully bumped revision number for resource bac13259-220f-4be0-adb0-8f93ce2cce7a (type: router_ports) to 1 [pid: 8|app: 0|req: 824/1628] 10.0.0.53 () {34 vars in 782 bytes} [Wed Sep 2 17:45:15 2026] PUT /v2.0/routers/636a5881-a588-47b5-a188-9c62c9ecf4aa/add_router_interface => generated 309 bytes in 2761 msecs (HTTP/1.1 200) 4 headers in 157 bytes (1 switches on core 0)
2026-09-02 17:45:18.546 8 INFO neutron.api.v2.resource [None req-4365ee76-2611-4987-8cce-3e4614210fc9 2d736420feb54d5a9628cd398ffdea1c ba636c87dc1949b29107cab3eba97686 - - default default] show failed (client error): The resource could not be found. [pid: 8|app: 0|req: 825/1629] 10.0.0.53 () {32 vars in 736 bytes} [Wed Sep 2 17:45:18 2026] GET /v2.0/security-groups/6f147a0a-b924-4fb7-87a2-1da1ca0b7271 => generated 146 bytes in 11 msecs (HTTP/1.1 404) 4 headers in 164 bytes (1 switches on core 0)
2026-09-02 17:45:18.552 8 WARNING neutron.api.v2.base [None req-fd823863-afee-413f-bc19-b82d1b8f922c 6f94f35893d646779308c6a88e2bba4c f776f5d4d6cd40e690a59013f296d38f - - default default] An exception happened while processing the request body. The exception message is [Invalid input for target_tenant. Reason: '1234123412341234123412341234123412341234123412341234123412341234123412341234123412341234123412341234123412341234123412341234123412341234123412341234123412341234123412341234123412341234123412341234123412341234123412341234123412341234123412341234123412341234123412341234123412341234123412341234123412341234123412341234123412341234123412341234123412341234123412341234123412341234123412341234123412341234' exceeds maximum length of 255.].: webob.exc.HTTPBadRequest: Invalid input for target_tenant. Reason: '1234123412341234123412341234123412341234123412341234123412341234123412341234123412341234123412341234123412341234123412341234123412341234123412341234123412341234123412341234123412341234123412341234123412341234123412341234123412341234123412341234123412341234123412341234123412341234123412341234123412341234123412341234123412341234123412341234123412341234123412341234123412341234123412341234123412341234' exceeds maximum length of 255.
2026-09-02 17:45:18.553 8 INFO neutron.api.v2.resource [None req-fd823863-afee-413f-bc19-b82d1b8f922c 6f94f35893d646779308c6a88e2bba4c f776f5d4d6cd40e690a59013f296d38f - - default default] create failed (client error): Invalid input for target_tenant. Reason: '1234123412341234123412341234123412341234123412341234123412341234123412341234123412341234123412341234123412341234123412341234123412341234123412341234123412341234123412341234123412341234123412341234123412341234123412341234123412341234123412341234123412341234123412341234123412341234123412341234123412341234123412341234123412341234123412341234123412341234123412341234123412341234123412341234123412341234' exceeds maximum length of 255. [pid: 8|app: 0|req: 826/1630] 10.0.0.53 () {34 vars in 680 bytes} [Wed Sep 2 17:45:18 2026] POST /v2.0/rbac-policies => generated 547 bytes in 7 msecs (HTTP/1.1 400) 4 headers in 166 bytes (1 switches on core 0)
2026-09-02 17:45:18.644 7 INFO neutron.plugins.ml2.plugin [None req-d5ee68af-9c76-4768-83ef-421e0477a97d - - - - - -] Attempt 1 to provision port bac13259-220f-4be0-adb0-8f93ce2cce7a
2026-09-02 17:45:18.666 8 INFO neutron.plugins.ml2.drivers.ovn.mech_driver.mech_driver [None req-312932a1-e7ba-41cc-a612-197d29021d35 - - - - - -] OVN reports status down for port: 13eece9a-4bd9-4a5e-995b-5fe3f37e2bbb
2026-09-02 17:45:18.705 7 INFO neutron.db.ovn_revision_numbers_db [None req-b7d77db8-b5cd-48b1-983c-20f934e3b9c4 471a393c54ec4719a323995d85403562 5a1f2a1ac4d947238939384068a10ca3 - - default default] Successfully bumped revision number for resource 13eece9a-4bd9-4a5e-995b-5fe3f37e2bbb (type: ports) to 1
2026-09-02 17:45:18.775 8 INFO neutron_taas.services.taas.taas_plugin [None req-0ebaac55-2ac8-41ce-9199-37af52c178cc 2d736420feb54d5a9628cd398ffdea1c ba636c87dc1949b29107cab3eba97686 - - default default] TaaS: Handle Delete Port: 0fcb3a1b-b9b9-4215-a877-cda5e5e669d6
2026-09-02 17:45:18.780 8 INFO neutron_taas.services.taas.tap_mirror_plugin [None req-0ebaac55-2ac8-41ce-9199-37af52c178cc 2d736420feb54d5a9628cd398ffdea1c ba636c87dc1949b29107cab3eba97686 - - default default] Tap Mirror: Handle Delete Port: 0fcb3a1b-b9b9-4215-a877-cda5e5e669d6 [pid: 8|app: 0|req: 827/1631] 10.0.0.53 () {32 vars in 731 bytes} [Wed Sep 2 17:45:18 2026] DELETE /v2.0/floatingips/0577446d-ab36-40f0-9077-c185705fcfff => generated 0 bytes in 415 msecs (HTTP/1.1 204) 2 headers in 112 bytes (1 switches on core 0)
2026-09-02 17:45:19.157 8 INFO neutron_taas.services.taas.taas_plugin [None req-c36838cb-04e5-4b4d-81f2-3f820dc8b25f 6f94f35893d646779308c6a88e2bba4c f776f5d4d6cd40e690a59013f296d38f - - default default] TaaS: Handle Delete Port: b14bd0f4-d3f4-4e7e-8fc6-4a9b507c069e
2026-09-02 17:45:19.159 8 INFO neutron_taas.services.taas.tap_mirror_plugin [None req-c36838cb-04e5-4b4d-81f2-3f820dc8b25f 6f94f35893d646779308c6a88e2bba4c f776f5d4d6cd40e690a59013f296d38f - - default default] Tap Mirror: Handle Delete Port: b14bd0f4-d3f4-4e7e-8fc6-4a9b507c069e
2026-09-02 17:45:19.404 8 INFO neutron.services.segments.plugin [-] Segment 14d20ba3-386c-4796-9d9a-3c5ba515a71a resource provider aggregate not found
2026-09-02 17:45:19.409 8 INFO neutron.services.segments.plugin [-] Segment 14d20ba3-386c-4796-9d9a-3c5ba515a71a resource provider aggregate not found
2026-09-02 17:45:19.426 8 INFO neutron.services.segments.plugin [-] Client error retrieving segment 14d20ba3-386c-4796-9d9a-3c5ba515a71a resource provider; error: Placement Client Error (4xx): {"errors": [{"status": 404, "title": "Not Found", "detail": "The resource could not be found.\n\n No resource provider with uuid 14d20ba3-386c-4796-9d9a-3c5ba515a71a found for delete ", "request_id": "req-ed4162c1-e96e-470d-890b-dba2bf26bb3a"}]}
2026-09-02 17:45:19.431 8 INFO neutron.services.segments.plugin [-] Client error retrieving segment 14d20ba3-386c-4796-9d9a-3c5ba515a71a resource provider; error: Placement Client Error (4xx): {"errors": [{"status": 404, "title": "Not Found", "detail": "The resource could not be found.\n\n No resource provider with uuid 14d20ba3-386c-4796-9d9a-3c5ba515a71a found for delete ", "request_id": "req-79b54805-2283-4a97-b781-b213a8e7854f"}]} [pid: 8|app: 0|req: 828/1632] 10.0.0.53 () {32 vars in 725 bytes} [Wed Sep 2 17:45:18 2026] DELETE /v2.0/networks/e4b4a126-1695-41a7-ab22-6fc95e502601 => generated 0 bytes in 478 msecs (HTTP/1.1 204) 3 headers in 131 bytes (1 switches on core 0)
2026-09-02 17:45:19.681 8 INFO neutron_taas.services.taas.taas_plugin [None req-70a8a3ba-9f70-42c8-9b59-db7768eb996d 311cf6758c3e448f90fa66417b36554f 0a91da7febc24f76964f19b9f09d7e71 - - default default] TaaS: Handle Delete Port: dd0fa0de-7858-4d84-9675-70c631f09e71
2026-09-02 17:45:19.685 8 INFO neutron_taas.services.taas.tap_mirror_plugin [None req-70a8a3ba-9f70-42c8-9b59-db7768eb996d 311cf6758c3e448f90fa66417b36554f 0a91da7febc24f76964f19b9f09d7e71 - - default default] Tap Mirror: Handle Delete Port: dd0fa0de-7858-4d84-9675-70c631f09e71
2026-09-02 17:45:19.899 7 INFO neutron.db.ovn_revision_numbers_db [None req-d5ee68af-9c76-4768-83ef-421e0477a97d - - - - - -] Successfully bumped revision number for resource bac13259-220f-4be0-adb0-8f93ce2cce7a (type: ports) to 2 [pid: 8|app: 0|req: 829/1633] 10.0.0.53 () {34 vars in 788 bytes} [Wed Sep 2 17:45:19 2026] PUT /v2.0/routers/ef5316a1-82e5-4251-91ae-c874e11788fd/remove_router_interface => generated 309 bytes in 873 msecs (HTTP/1.1 200) 4 headers in 157 bytes (1 switches on core 0) /var/lib/openstack/lib/python3.12/site-packages/pycadf/identifier.py:70: UserWarning: Invalid uuid: neutron. To ensure interoperability, identifiers should be a valid uuid. warnings.warn(('Invalid uuid: %s. To ensure interoperability, '
2026-09-02 17:45:20.343 7 INFO neutron.db.ovn_revision_numbers_db [None req-25d6d78c-83d4-44dc-9e05-ba0716c411f0 - - - - - -] Successfully bumped revision number for resource bac13259-220f-4be0-adb0-8f93ce2cce7a (type: router_ports) to 2
2026-09-02 17:45:20.437 7 INFO neutron.plugins.ml2.drivers.ovn.mech_driver.ovsdb.commands [None req-e2b1d684-7677-4986-9be5-fd2a59f3c073 - - - - - -] Schedule LRP lrp-13eece9a-4bd9-4a5e-995b-5fe3f37e2bbb on gateway 727126b9-ebe9-4bba-a4b3-252dfcafc44b with priority 1
2026-09-02 17:45:20.482 8 INFO neutron.plugins.ml2.drivers.ovn.mech_driver.mech_driver [None req-312932a1-e7ba-41cc-a612-197d29021d35 - - - - - -] OVN reports status up for port: 13eece9a-4bd9-4a5e-995b-5fe3f37e2bbb
2026-09-02 17:45:20.512 8 INFO neutron.plugins.ml2.plugin [None req-312932a1-e7ba-41cc-a612-197d29021d35 - - - - - -] Attempt 1 to provision port 13eece9a-4bd9-4a5e-995b-5fe3f37e2bbb
2026-09-02 17:45:20.515 8 INFO neutron.db.ovn_revision_numbers_db [None req-28a03287-1a61-4528-84fb-a45ffd540c74 8aecc723a7da49319015261a7001701f ad5ab2a2ebe947009935e3ab6a354e96 - - default default] Successfully bumped revision number for resource 3d0adbbe-8704-4647-ad10-55e4ff666324 (type: security_groups) to 1
2026-09-02 17:45:20.525 7 INFO neutron.db.ovn_revision_numbers_db [None req-b7d77db8-b5cd-48b1-983c-20f934e3b9c4 471a393c54ec4719a323995d85403562 5a1f2a1ac4d947238939384068a10ca3 - - default default] Successfully bumped revision number for resource 13eece9a-4bd9-4a5e-995b-5fe3f37e2bbb (type: router_ports) to 1
2026-09-02 17:45:20.552 8 INFO neutron.db.ovn_revision_numbers_db [None req-28a03287-1a61-4528-84fb-a45ffd540c74 8aecc723a7da49319015261a7001701f ad5ab2a2ebe947009935e3ab6a354e96 - - default default] Successfully bumped revision number for resource 268e4ae9-c19d-4684-8f49-121aab6db275 (type: security_group_rules) to 0
2026-09-02 17:45:20.587 8 INFO neutron.db.ovn_revision_numbers_db [None req-28a03287-1a61-4528-84fb-a45ffd540c74 8aecc723a7da49319015261a7001701f ad5ab2a2ebe947009935e3ab6a354e96 - - default default] Successfully bumped revision number for resource ee8cdc6d-643e-4450-a6fb-5a68ed15f548 (type: security_group_rules) to 0
2026-09-02 17:45:20.642 7 INFO neutron.db.ovn_revision_numbers_db [None req-b7d77db8-b5cd-48b1-983c-20f934e3b9c4 471a393c54ec4719a323995d85403562 5a1f2a1ac4d947238939384068a10ca3 - - default default] Successfully bumped revision number for resource 2ef12a5b-6b92-46cd-b706-2e99f3067a73 (type: routers) to 2 [pid: 8|app: 0|req: 830/1634] 10.0.0.53 () {34 vars in 684 bytes} [Wed Sep 2 17:45:20 2026] POST /v2.0/security-groups => generated 1675 bytes in 349 msecs (HTTP/1.1 201) 4 headers in 163 bytes (1 switches on core 0) [pid: 7|app: 0|req: 805/1635] 10.0.0.53 () {34 vars in 668 bytes} [Wed Sep 2 17:45:17 2026] POST /v2.0/routers => generated 952 bytes in 2968 msecs (HTTP/1.1 201) 4 headers in 162 bytes (1 switches on core 0)
2026-09-02 17:45:20.787 8 INFO neutron.db.segments_db [None req-f9dceabb-3c66-4190-8fb4-c24ac162d242 6f94f35893d646779308c6a88e2bba4c f776f5d4d6cd40e690a59013f296d38f - - default default] Added segment 58982690-b8ec-44be-9718-84680f051697 of type geneve for network ce1ff8d9-8f12-4f2e-8ce8-f4e9df6c1028
2026-09-02 17:45:20.908 8 INFO neutron.db.ovn_revision_numbers_db [None req-f9dceabb-3c66-4190-8fb4-c24ac162d242 6f94f35893d646779308c6a88e2bba4c f776f5d4d6cd40e690a59013f296d38f - - default default] Successfully bumped revision number for resource ce1ff8d9-8f12-4f2e-8ce8-f4e9df6c1028 (type: networks) to 1
2026-09-02 17:45:20.981 7 INFO neutron_taas.services.taas.taas_plugin [None req-ac71385a-d943-4b40-94eb-9e0390c2551a 311cf6758c3e448f90fa66417b36554f 0a91da7febc24f76964f19b9f09d7e71 - - default default] TaaS: Handle Delete Port: ce914794-494c-407d-90d2-b98c2fb36ff6
2026-09-02 17:45:20.984 7 INFO neutron_taas.services.taas.tap_mirror_plugin [None req-ac71385a-d943-4b40-94eb-9e0390c2551a 311cf6758c3e448f90fa66417b36554f 0a91da7febc24f76964f19b9f09d7e71 - - default default] Tap Mirror: Handle Delete Port: ce914794-494c-407d-90d2-b98c2fb36ff6
2026-09-02 17:45:21.068 8 WARNING neutron.scheduler.dhcp_agent_scheduler [None req-f9dceabb-3c66-4190-8fb4-c24ac162d242 6f94f35893d646779308c6a88e2bba4c f776f5d4d6cd40e690a59013f296d38f - - default default] No more DHCP agents
2026-09-02 17:45:21.070 8 WARNING neutron.api.rpc.agentnotifiers.dhcp_rpc_agent_api [None req-f9dceabb-3c66-4190-8fb4-c24ac162d242 6f94f35893d646779308c6a88e2bba4c f776f5d4d6cd40e690a59013f296d38f - - default default] Unable to schedule network ce1ff8d9-8f12-4f2e-8ce8-f4e9df6c1028: no agents available; will retry on subsequent port and subnet creation events.
2026-09-02 17:45:21.155 7 INFO neutron.plugins.ml2.drivers.ovn.mech_driver.mech_driver [None req-25d6d78c-83d4-44dc-9e05-ba0716c411f0 - - - - - -] OVN reports status down for port: 5fccffcc-a604-41ef-9bad-f697b6a41c8e
2026-09-02 17:45:21.173 8 INFO neutron.db.ovn_revision_numbers_db [None req-f9dceabb-3c66-4190-8fb4-c24ac162d242 6f94f35893d646779308c6a88e2bba4c f776f5d4d6cd40e690a59013f296d38f - - default default] Successfully bumped revision number for resource 5fccffcc-a604-41ef-9bad-f697b6a41c8e (type: ports) to 1 [pid: 8|app: 0|req: 831/1636] 10.0.0.53 () {34 vars in 669 bytes} [Wed Sep 2 17:45:20 2026] POST /v2.0/networks => generated 767 bytes in 524 msecs (HTTP/1.1 201) 4 headers in 162 bytes (1 switches on core 0)
2026-09-02 17:45:21.360 8 INFO neutron.db.ovn_revision_numbers_db [None req-41a9a8f9-0aa7-40e2-8101-c7597d49e674 8aecc723a7da49319015261a7001701f ad5ab2a2ebe947009935e3ab6a354e96 - - default default] Successfully bumped revision number for resource a6ef8283-f90b-440a-8eee-5a80ad99b1cd (type: security_group_rules) to 0 [pid: 8|app: 0|req: 832/1637] 10.0.0.53 () {34 vars in 694 bytes} [Wed Sep 2 17:45:21 2026] POST /v2.0/security-group-rules => generated 597 bytes in 192 msecs (HTTP/1.1 201) 4 headers in 162 bytes (1 switches on core 0) [pid: 8|app: 0|req: 833/1638] 10.0.0.53 () {32 vars in 720 bytes} [Wed Sep 2 17:45:21 2026] GET /v2.0/routers/2ef12a5b-6b92-46cd-b706-2e99f3067a73 => generated 958 bytes in 52 msecs (HTTP/1.1 200) 4 headers in 157 bytes (1 switches on core 0)
2026-09-02 17:45:21.542 8 WARNING neutron.scheduler.dhcp_agent_scheduler [None req-b843ab45-7ff9-4138-9d73-d5cc7d7711b9 6f94f35893d646779308c6a88e2bba4c f776f5d4d6cd40e690a59013f296d38f - - default default] No more DHCP agents
2026-09-02 17:45:21.543 8 WARNING neutron.api.rpc.agentnotifiers.dhcp_rpc_agent_api [None req-b843ab45-7ff9-4138-9d73-d5cc7d7711b9 6f94f35893d646779308c6a88e2bba4c f776f5d4d6cd40e690a59013f296d38f - - default default] Unable to schedule network ce1ff8d9-8f12-4f2e-8ce8-f4e9df6c1028: no agents available; will retry on subsequent port and subnet creation events.
2026-09-02 17:45:21.899 8 INFO neutron.db.ovn_revision_numbers_db [None req-f0495f2d-3e14-43f5-b709-4bef3556e86e - - - - - -] Successfully bumped revision number for resource 5fccffcc-a604-41ef-9bad-f697b6a41c8e (type: ports) to 2
2026-09-02 17:45:21.926 8 INFO neutron.db.ovn_revision_numbers_db [None req-f0495f2d-3e14-43f5-b709-4bef3556e86e - - - - - -] Successfully bumped revision number for resource 5f4623de-da90-48a7-be10-0b3306aa8b1d (type: subnets) to 0 [pid: 8|app: 0|req: 834/1639] 10.0.0.53 () {34 vars in 668 bytes} [Wed Sep 2 17:45:21 2026] POST /v2.0/subnets => generated 647 bytes in 498 msecs (HTTP/1.1 201) 4 headers in 162 bytes (1 switches on core 0)
2026-09-02 17:45:22.093 8 INFO neutron.db.ovn_revision_numbers_db [None req-edd39852-d217-4e63-ab14-12682c1d4c7a 8aecc723a7da49319015261a7001701f ad5ab2a2ebe947009935e3ab6a354e96 - - default default] Successfully bumped revision number for resource faccbb0f-a21f-4cdf-996a-0eec7ec6309d (type: security_group_rules) to 0 [pid: 7|app: 0|req: 806/1640] 10.0.0.53 () {32 vars in 723 bytes} [Wed Sep 2 17:45:20 2026] DELETE /v2.0/routers/ef5316a1-82e5-4251-91ae-c874e11788fd => generated 0 bytes in 1455 msecs (HTTP/1.1 204) 2 headers in 112 bytes (1 switches on core 0) [pid: 8|app: 0|req: 835/1641] 10.0.0.53 () {34 vars in 694 bytes} [Wed Sep 2 17:45:21 2026] POST /v2.0/security-group-rules => generated 596 bytes in 229 msecs (HTTP/1.1 201) 4 headers in 162 bytes (1 switches on core 0) [pid: 7|app: 0|req: 807/1642] 10.0.0.53 () {32 vars in 646 bytes} [Wed Sep 2 17:45:22 2026] GET /v2.0/routers => generated 961 bytes in 103 msecs (HTTP/1.1 200) 4 headers in 157 bytes (1 switches on core 0) [pid: 8|app: 0|req: 836/1643] 10.0.0.53 () {34 vars in 680 bytes} [Wed Sep 2 17:45:22 2026] POST /v2.0/rbac-policies => generated 324 bytes in 265 msecs (HTTP/1.1 201) 4 headers in 162 bytes (1 switches on core 0) [pid: 7|app: 0|req: 808/1644] 10.0.0.53 () {32 vars in 723 bytes} [Wed Sep 2 17:45:22 2026] DELETE /v2.0/subnets/5b93cc1b-d1ca-4326-8952-8e63eafe0176 => generated 0 bytes in 220 msecs (HTTP/1.1 204) 3 headers in 131 bytes (1 switches on core 0)
2026-09-02 17:45:22.541 8 INFO neutron.db.ovn_revision_numbers_db [None req-4faf9d3f-6174-40da-9ffc-f03317e44ccb 8aecc723a7da49319015261a7001701f ad5ab2a2ebe947009935e3ab6a354e96 - - default default] Successfully bumped revision number for resource 0e386ebe-e195-494e-800a-44c442603df4 (type: security_group_rules) to 0 [pid: 8|app: 0|req: 837/1645] 10.0.0.53 () {34 vars in 694 bytes} [Wed Sep 2 17:45:22 2026] POST /v2.0/security-group-rules => generated 602 bytes in 127 msecs (HTTP/1.1 201) 4 headers in 162 bytes (1 switches on core 0)
2026-09-02 17:45:22.638 8 INFO neutron_taas.services.taas.taas_plugin [None req-a0da58f0-20fd-4dec-97cc-a21c261eaeb7 311cf6758c3e448f90fa66417b36554f 0a91da7febc24f76964f19b9f09d7e71 - - default default] TaaS: Handle Delete Port: 55206051-2817-4334-9ca0-e7c8e9f24dc9
2026-09-02 17:45:22.640 8 INFO neutron_taas.services.taas.tap_mirror_plugin [None req-a0da58f0-20fd-4dec-97cc-a21c261eaeb7 311cf6758c3e448f90fa66417b36554f 0a91da7febc24f76964f19b9f09d7e71 - - default default] Tap Mirror: Handle Delete Port: 55206051-2817-4334-9ca0-e7c8e9f24dc9
2026-09-02 17:45:22.802 8 INFO neutron.services.segments.plugin [-] Segment c7b7a223-63d7-4c0b-83b2-bc2f1ebc5161 resource provider aggregate not found
2026-09-02 17:45:22.808 8 INFO neutron.services.segments.plugin [-] Segment c7b7a223-63d7-4c0b-83b2-bc2f1ebc5161 resource provider aggregate not found
2026-09-02 17:45:22.821 8 INFO neutron.services.segments.plugin [-] Client error retrieving segment c7b7a223-63d7-4c0b-83b2-bc2f1ebc5161 resource provider; error: Placement Client Error (4xx): {"errors": [{"status": 404, "title": "Not Found", "detail": "The resource could not be found.\n\n No resource provider with uuid c7b7a223-63d7-4c0b-83b2-bc2f1ebc5161 found for delete ", "request_id": "req-48737ffe-562d-4230-b079-ad93caa373ac"}]}
2026-09-02 17:45:22.833 8 INFO neutron.services.segments.plugin [-] Client error retrieving segment c7b7a223-63d7-4c0b-83b2-bc2f1ebc5161 resource provider; error: Placement Client Error (4xx): {"errors": [{"status": 404, "title": "Not Found", "detail": "The resource could not be found.\n\n No resource provider with uuid c7b7a223-63d7-4c0b-83b2-bc2f1ebc5161 found for delete ", "request_id": "req-8b7852f7-a1b9-4e1d-bc81-b92e067567c0"}]} [pid: 8|app: 0|req: 838/1646] 10.0.0.53 () {32 vars in 725 bytes} [Wed Sep 2 17:45:22 2026] DELETE /v2.0/networks/b439d3cd-1fa0-4b1b-b9fd-9d3c114e0253 => generated 0 bytes in 298 msecs (HTTP/1.1 204) 3 headers in 131 bytes (1 switches on core 0)
2026-09-02 17:45:22.891 7 INFO neutron.db.ovn_revision_numbers_db [None req-8d863aa5-ac90-40c6-8c57-ae1ebcea3cad 471a393c54ec4719a323995d85403562 5a1f2a1ac4d947238939384068a10ca3 - - default default] Successfully bumped revision number for resource 2ef12a5b-6b92-46cd-b706-2e99f3067a73 (type: routers) to 3 [pid: 7|app: 0|req: 809/1647] 10.0.0.53 () {34 vars in 740 bytes} [Wed Sep 2 17:45:22 2026] PUT /v2.0/routers/2ef12a5b-6b92-46cd-b706-2e99f3067a73 => generated 965 bytes in 443 msecs (HTTP/1.1 200) 4 headers in 157 bytes (1 switches on core 0)
2026-09-02 17:45:23.010 8 INFO neutron.db.ovn_revision_numbers_db [None req-834cce1b-aad9-4c29-bf5c-e91839ed2ef6 8aecc723a7da49319015261a7001701f ad5ab2a2ebe947009935e3ab6a354e96 - - default default] Successfully bumped revision number for resource dde9c642-0185-492f-84b4-2a53dccc344b (type: security_group_rules) to 0 [pid: 8|app: 0|req: 839/1648] 10.0.0.53 () {34 vars in 694 bytes} [Wed Sep 2 17:45:22 2026] POST /v2.0/security-group-rules => generated 601 bytes in 177 msecs (HTTP/1.1 201) 4 headers in 162 bytes (1 switches on core 0) [pid: 7|app: 0|req: 810/1649] 10.0.0.53 () {32 vars in 722 bytes} [Wed Sep 2 17:45:22 2026] GET /v2.0/networks/ce1ff8d9-8f12-4f2e-8ce8-f4e9df6c1028 => generated 692 bytes in 197 msecs (HTTP/1.1 200) 4 headers in 157 bytes (1 switches on core 0) [pid: 8|app: 0|req: 840/1650] 10.0.0.53 () {32 vars in 720 bytes} [Wed Sep 2 17:45:23 2026] GET /v2.0/routers/2ef12a5b-6b92-46cd-b706-2e99f3067a73 => generated 965 bytes in 86 msecs (HTTP/1.1 200) 4 headers in 157 bytes (1 switches on core 0) [pid: 8|app: 0|req: 841/1651] 10.0.0.53 () {32 vars in 773 bytes} [Wed Sep 2 17:45:23 2026] GET /v2.0/security-groups?tenant_id=ba636c87dc1949b29107cab3eba97686&name=default => generated 2925 bytes in 32 msecs (HTTP/1.1 200) 4 headers in 158 bytes (1 switches on core 0)
2026-09-02 17:45:23.173 7 INFO neutron.db.securitygroups_db [None req-32eda2b7-2413-4587-9645-0830b08ed575 8aecc723a7da49319015261a7001701f ad5ab2a2ebe947009935e3ab6a354e96 - - default default] Project ad5ab2a2ebe947009935e3ab6a354e96 added a security group rule with legacy IPv6 ICMP protocol name icmp, ipv6-icmp should be used instead. It was automatically converted. [pid: 8|app: 0|req: 842/1652] 10.0.0.53 () {32 vars in 735 bytes} [Wed Sep 2 17:45:23 2026] GET /v2.0/ports?device_id=2ef12a5b-6b92-46cd-b706-2e99f3067a73 => generated 12 bytes in 16 msecs (HTTP/1.1 200) 4 headers in 156 bytes (1 switches on core 0)
2026-09-02 17:45:23.331 7 INFO neutron.db.ovn_revision_numbers_db [None req-32eda2b7-2413-4587-9645-0830b08ed575 8aecc723a7da49319015261a7001701f ad5ab2a2ebe947009935e3ab6a354e96 - - default default] Successfully bumped revision number for resource 539ab525-8d3d-421b-ba67-e1c4d1ef23d9 (type: security_group_rules) to 0 [pid: 7|app: 0|req: 811/1653] 10.0.0.53 () {34 vars in 694 bytes} [Wed Sep 2 17:45:23 2026] POST /v2.0/security-group-rules => generated 607 bytes in 287 msecs (HTTP/1.1 201) 4 headers in 162 bytes (1 switches on core 0) [pid: 8|app: 0|req: 843/1654] 10.0.0.53 () {32 vars in 739 bytes} [Wed Sep 2 17:45:23 2026] DELETE /v2.0/security-groups/13d78673-b9e9-41bf-9c47-8c5e34a94574 => generated 0 bytes in 292 msecs (HTTP/1.1 204) 2 headers in 112 bytes (1 switches on core 0)
2026-09-02 17:45:23.499 8 INFO neutron.db.securitygroups_db [None req-c776b54a-9a60-400d-854e-99cb61ff3c2b 8aecc723a7da49319015261a7001701f ad5ab2a2ebe947009935e3ab6a354e96 - - default default] Project ad5ab2a2ebe947009935e3ab6a354e96 added a security group rule with legacy IPv6 ICMP protocol name icmp, ipv6-icmp should be used instead. It was automatically converted.
2026-09-02 17:45:23.609 8 INFO neutron.db.ovn_revision_numbers_db [None req-c776b54a-9a60-400d-854e-99cb61ff3c2b 8aecc723a7da49319015261a7001701f ad5ab2a2ebe947009935e3ab6a354e96 - - default default] Successfully bumped revision number for resource 53200593-2c0e-44c8-a7f8-78895a8079be (type: security_group_rules) to 0 [pid: 8|app: 0|req: 844/1655] 10.0.0.53 () {34 vars in 694 bytes} [Wed Sep 2 17:45:23 2026] POST /v2.0/security-group-rules => generated 606 bytes in 173 msecs (HTTP/1.1 201) 4 headers in 162 bytes (1 switches on core 0)
2026-09-02 17:45:23.769 7 INFO neutron_taas.services.taas.taas_plugin [None req-343b8ab5-948d-4aab-a7a7-00cb5b28319a 471a393c54ec4719a323995d85403562 5a1f2a1ac4d947238939384068a10ca3 - - default default] TaaS: Handle Delete Port: 13eece9a-4bd9-4a5e-995b-5fe3f37e2bbb
2026-09-02 17:45:23.773 7 INFO neutron_taas.services.taas.tap_mirror_plugin [None req-343b8ab5-948d-4aab-a7a7-00cb5b28319a 471a393c54ec4719a323995d85403562 5a1f2a1ac4d947238939384068a10ca3 - - default default] Tap Mirror: Handle Delete Port: 13eece9a-4bd9-4a5e-995b-5fe3f37e2bbb
2026-09-02 17:45:23.851 8 INFO neutron.pecan_wsgi.hooks.translation [None req-6791ed0b-2dee-4b14-8e81-5ddb990a10c7 bfc78f8095424917990f9ab42107ee3a fab65f2b582849ceb3baf61a453f25cd - - default default] GET failed (client error): The resource could not be found. [pid: 8|app: 0|req: 845/1656] 10.0.0.53 () {32 vars in 722 bytes} [Wed Sep 2 17:45:23 2026] GET /v2.0/networks/ce1ff8d9-8f12-4f2e-8ce8-f4e9df6c1028 => generated 138 bytes in 212 msecs (HTTP/1.1 404) 4 headers in 164 bytes (1 switches on core 0)
2026-09-02 17:45:24.050 8 INFO neutron_taas.services.taas.taas_plugin [None req-efb3afb6-6f2f-4aa4-b3f2-f33dc3114a95 6f94f35893d646779308c6a88e2bba4c f776f5d4d6cd40e690a59013f296d38f - - default default] TaaS: Handle Delete Port: 5fccffcc-a604-41ef-9bad-f697b6a41c8e
2026-09-02 17:45:24.055 8 INFO neutron_taas.services.taas.tap_mirror_plugin [None req-efb3afb6-6f2f-4aa4-b3f2-f33dc3114a95 6f94f35893d646779308c6a88e2bba4c f776f5d4d6cd40e690a59013f296d38f - - default default] Tap Mirror: Handle Delete Port: 5fccffcc-a604-41ef-9bad-f697b6a41c8e [pid: 8|app: 0|req: 846/1657] 10.0.0.53 () {32 vars in 725 bytes} [Wed Sep 2 17:45:23 2026] DELETE /v2.0/networks/ce1ff8d9-8f12-4f2e-8ce8-f4e9df6c1028 => generated 0 bytes in 531 msecs (HTTP/1.1 204) 3 headers in 131 bytes (1 switches on core 0)
2026-09-02 17:45:24.499 8 INFO neutron.db.ovn_revision_numbers_db [None req-cf36da29-26ed-4530-87c3-d3691260c107 8aecc723a7da49319015261a7001701f ad5ab2a2ebe947009935e3ab6a354e96 - - default default] Successfully bumped revision number for resource 6429be89-9d8d-4c10-bd48-a4d255375b08 (type: security_groups) to 1
2026-09-02 17:45:24.515 8 INFO neutron.db.ovn_revision_numbers_db [None req-cf36da29-26ed-4530-87c3-d3691260c107 8aecc723a7da49319015261a7001701f ad5ab2a2ebe947009935e3ab6a354e96 - - default default] Successfully bumped revision number for resource 09bac9b0-0d23-4642-af4b-ce924d16f0b8 (type: security_group_rules) to 0
2026-09-02 17:45:24.526 8 INFO neutron.db.ovn_revision_numbers_db [None req-cf36da29-26ed-4530-87c3-d3691260c107 8aecc723a7da49319015261a7001701f ad5ab2a2ebe947009935e3ab6a354e96 - - default default] Successfully bumped revision number for resource 0ff0cc80-5aac-41eb-95e7-e4b03adddfa9 (type: security_group_rules) to 0 [pid: 8|app: 0|req: 847/1658] 10.0.0.53 () {34 vars in 684 bytes} [Wed Sep 2 17:45:24 2026] POST /v2.0/security-groups => generated 1661 bytes in 168 msecs (HTTP/1.1 201) 4 headers in 163 bytes (1 switches on core 0)
2026-09-02 17:45:24.570 8 INFO neutron.pecan_wsgi.hooks.translation [None req-cc2d2638-6a59-4540-85df-afbc68c07feb 6f94f35893d646779308c6a88e2bba4c f776f5d4d6cd40e690a59013f296d38f - - default default] DELETE failed (client error): The resource could not be found. [pid: 8|app: 0|req: 848/1659] 10.0.0.53 () {32 vars in 723 bytes} [Wed Sep 2 17:45:24 2026] DELETE /v2.0/subnets/92df5457-d222-44fd-bf8b-d0bc999fbbd9 => generated 136 bytes in 14 msecs (HTTP/1.1 404) 4 headers in 164 bytes (1 switches on core 0)
2026-09-02 17:45:24.671 8 INFO neutron.db.ovn_revision_numbers_db [None req-aa24118f-5181-432f-b249-586e6379b51a 8aecc723a7da49319015261a7001701f ad5ab2a2ebe947009935e3ab6a354e96 - - default default] Successfully bumped revision number for resource 1a9e8c19-4e3c-4192-9dc9-9dc04cfff6b4 (type: security_group_rules) to 0 [pid: 8|app: 0|req: 849/1660] 10.0.0.53 () {34 vars in 694 bytes} [Wed Sep 2 17:45:24 2026] POST /v2.0/security-group-rules => generated 597 bytes in 121 msecs (HTTP/1.1 201) 4 headers in 162 bytes (1 switches on core 0)
