2026-09-02 17:45:01.326 7 INFO neutron_taas.services.taas.tap_mirror_plugin [None req-61487131-5949-42d7-aec4-c2f5c0506406 471a393c54ec4719a323995d85403562 5a1f2a1ac4d947238939384068a10ca3 - - default default] Tap Mirror: Handle Delete Port: edfb93d8-cbf0-4898-ac98-ab1e3f7cb765 [pid: 7|app: 0|req: 773/1566] 10.0.0.53 () {34 vars in 788 bytes} [Wed Sep 2 17:45:00 2026] PUT /v2.0/routers/796cbef7-0daa-42da-8740-486a9bbf287c/remove_router_interface => generated 309 bytes in 653 msecs (HTTP/1.1 200) 4 headers in 157 bytes (1 switches on core 0) [pid: 8|app: 0|req: 794/1567] 10.0.0.53 () {32 vars in 735 bytes} [Wed Sep 2 17:45:01 2026] GET /v2.0/ports?device_id=796cbef7-0daa-42da-8740-486a9bbf287c => generated 12 bytes in 28 msecs (HTTP/1.1 200) 4 headers in 156 bytes (1 switches on core 0) /var/lib/openstack/lib/python3.12/site-packages/pycadf/identifier.py:70: UserWarning: Invalid uuid: neutron. To ensure interoperability, identifiers should be a valid uuid. warnings.warn(('Invalid uuid: %s. To ensure interoperability, ' [pid: 7|app: 0|req: 774/1568] 10.0.0.53 () {32 vars in 723 bytes} [Wed Sep 2 17:45:01 2026] DELETE /v2.0/routers/796cbef7-0daa-42da-8740-486a9bbf287c => generated 0 bytes in 176 msecs (HTTP/1.1 204) 2 headers in 112 bytes (1 switches on core 0) [pid: 8|app: 0|req: 795/1569] 10.0.0.53 () {32 vars in 723 bytes} [Wed Sep 2 17:45:01 2026] DELETE /v2.0/subnets/b1a87c22-e8f4-444e-a3e4-73a6c8da5b09 => generated 0 bytes in 163 msecs (HTTP/1.1 204) 3 headers in 131 bytes (1 switches on core 0) [pid: 7|app: 0|req: 775/1570] 10.0.0.53 () {32 vars in 723 bytes} [Wed Sep 2 17:45:02 2026] DELETE /v2.0/subnets/d486f933-7263-4f9f-a02e-48a5eb27f189 => generated 0 bytes in 177 msecs (HTTP/1.1 204) 3 headers in 131 bytes (1 switches on core 0)
2026-09-02 17:45:02.287 7 INFO neutron_taas.services.taas.taas_plugin [None req-f22a48e7-7c0f-4c24-9aa7-a6f35466de50 471a393c54ec4719a323995d85403562 5a1f2a1ac4d947238939384068a10ca3 - - default default] TaaS: Handle Delete Port: eb3641a4-430a-4eff-a7de-348363b6ef24
2026-09-02 17:45:02.290 7 INFO neutron_taas.services.taas.tap_mirror_plugin [None req-f22a48e7-7c0f-4c24-9aa7-a6f35466de50 471a393c54ec4719a323995d85403562 5a1f2a1ac4d947238939384068a10ca3 - - default default] Tap Mirror: Handle Delete Port: eb3641a4-430a-4eff-a7de-348363b6ef24
2026-09-02 17:45:02.395 8 INFO neutron.db.ovn_revision_numbers_db [None req-30cb17c0-41c5-43c6-a2eb-9ba832a063b4 311cf6758c3e448f90fa66417b36554f 0a91da7febc24f76964f19b9f09d7e71 - - default default] Successfully bumped revision number for resource 91bf92fb-59e5-40cb-86b6-7b4b20768ded (type: security_groups) to 1
2026-09-02 17:45:02.415 8 INFO neutron.db.ovn_revision_numbers_db [None req-30cb17c0-41c5-43c6-a2eb-9ba832a063b4 311cf6758c3e448f90fa66417b36554f 0a91da7febc24f76964f19b9f09d7e71 - - default default] Successfully bumped revision number for resource 3417aa97-185b-44cb-9767-b531da0046aa (type: security_group_rules) to 0
2026-09-02 17:45:02.433 8 INFO neutron.db.ovn_revision_numbers_db [None req-30cb17c0-41c5-43c6-a2eb-9ba832a063b4 311cf6758c3e448f90fa66417b36554f 0a91da7febc24f76964f19b9f09d7e71 - - default default] Successfully bumped revision number for resource 6fb9aa0a-66ff-42f4-9f94-d4960239d789 (type: security_group_rules) to 0
2026-09-02 17:45:02.449 8 INFO neutron.db.ovn_revision_numbers_db [None req-30cb17c0-41c5-43c6-a2eb-9ba832a063b4 311cf6758c3e448f90fa66417b36554f 0a91da7febc24f76964f19b9f09d7e71 - - default default] Successfully bumped revision number for resource ca3a3ecd-58ab-4b0f-8d34-ee484119a04d (type: security_group_rules) to 0
2026-09-02 17:45:02.469 8 INFO neutron.db.ovn_revision_numbers_db [None req-30cb17c0-41c5-43c6-a2eb-9ba832a063b4 311cf6758c3e448f90fa66417b36554f 0a91da7febc24f76964f19b9f09d7e71 - - default default] Successfully bumped revision number for resource f34baa2f-d896-4be0-9918-28cab0cfa3bc (type: security_group_rules) to 0
2026-09-02 17:45:02.496 7 INFO neutron.services.segments.plugin [-] Segment c7d2cc67-2907-4e5c-9b17-90c3827b908c resource provider aggregate not found
2026-09-02 17:45:02.507 7 INFO neutron.services.segments.plugin [-] Segment c7d2cc67-2907-4e5c-9b17-90c3827b908c resource provider aggregate not found
2026-09-02 17:45:02.515 7 INFO neutron.services.segments.plugin [-] Client error retrieving segment c7d2cc67-2907-4e5c-9b17-90c3827b908c resource provider; error: Placement Client Error (4xx): {"errors": [{"status": 404, "title": "Not Found", "detail": "The resource could not be found.\n\n No resource provider with uuid c7d2cc67-2907-4e5c-9b17-90c3827b908c found for delete ", "request_id": "req-5ecd5c36-0d01-4290-9ad0-d5f1299b1c39"}]} [pid: 8|app: 0|req: 796/1571] 10.0.0.53 () {32 vars in 773 bytes} [Wed Sep 2 17:45:02 2026] GET /v2.0/security-groups?tenant_id=4697a4d15695422e877b05917cae36c1&name=default => generated 2925 bytes in 465 msecs (HTTP/1.1 200) 4 headers in 158 bytes (1 switches on core 0)
2026-09-02 17:45:02.531 7 INFO neutron.services.segments.plugin [-] Client error retrieving segment c7d2cc67-2907-4e5c-9b17-90c3827b908c resource provider; error: Placement Client Error (4xx): {"errors": [{"status": 404, "title": "Not Found", "detail": "The resource could not be found.\n\n No resource provider with uuid c7d2cc67-2907-4e5c-9b17-90c3827b908c found for delete ", "request_id": "req-4b125c14-5733-4927-baea-b09ab94a0660"}]} [pid: 7|app: 0|req: 776/1572] 10.0.0.53 () {32 vars in 725 bytes} [Wed Sep 2 17:45:02 2026] DELETE /v2.0/networks/dc2c7c57-70ce-4644-b714-3bf3c8055414 => generated 0 bytes in 371 msecs (HTTP/1.1 204) 3 headers in 131 bytes (1 switches on core 0)
2026-09-02 17:45:02.734 7 INFO neutron_taas.services.taas.taas_plugin [None req-c3658c59-e1c4-464b-98da-20693a95352e 471a393c54ec4719a323995d85403562 5a1f2a1ac4d947238939384068a10ca3 - - default default] TaaS: Handle Delete Port: 86c9f2bd-868f-4083-b273-4f390762ce0c
2026-09-02 17:45:02.737 7 INFO neutron_taas.services.taas.tap_mirror_plugin [None req-c3658c59-e1c4-464b-98da-20693a95352e 471a393c54ec4719a323995d85403562 5a1f2a1ac4d947238939384068a10ca3 - - default default] Tap Mirror: Handle Delete Port: 86c9f2bd-868f-4083-b273-4f390762ce0c [pid: 8|app: 0|req: 797/1573] 10.0.0.53 () {32 vars in 739 bytes} [Wed Sep 2 17:45:02 2026] DELETE /v2.0/security-groups/91bf92fb-59e5-40cb-86b6-7b4b20768ded => generated 0 bytes in 222 msecs (HTTP/1.1 204) 2 headers in 112 bytes (1 switches on core 0) [pid: 7|app: 0|req: 777/1574] 10.0.0.53 () {32 vars in 725 bytes} [Wed Sep 2 17:45:02 2026] DELETE /v2.0/networks/71dfed4e-3a91-48d2-83cd-efd4ba8b7e39 => generated 0 bytes in 492 msecs (HTTP/1.1 204) 3 headers in 131 bytes (1 switches on core 0)
2026-09-02 17:45:03.174 8 INFO neutron.db.segments_db [None req-f21a1198-4ae3-4b8f-9256-7bd079d640b3 471a393c54ec4719a323995d85403562 5a1f2a1ac4d947238939384068a10ca3 - - default default] Added segment bcc1a4fd-3a17-4382-9216-4ebb450fe8ef of type geneve for network b4a0d8d0-187a-442d-9014-c0655715ffb8
2026-09-02 17:45:03.279 8 INFO neutron.db.ovn_revision_numbers_db [None req-f21a1198-4ae3-4b8f-9256-7bd079d640b3 471a393c54ec4719a323995d85403562 5a1f2a1ac4d947238939384068a10ca3 - - default default] Successfully bumped revision number for resource b4a0d8d0-187a-442d-9014-c0655715ffb8 (type: networks) to 1
2026-09-02 17:45:03.459 8 WARNING neutron.scheduler.dhcp_agent_scheduler [None req-f21a1198-4ae3-4b8f-9256-7bd079d640b3 471a393c54ec4719a323995d85403562 5a1f2a1ac4d947238939384068a10ca3 - - default default] No more DHCP agents
2026-09-02 17:45:03.460 8 WARNING neutron.api.rpc.agentnotifiers.dhcp_rpc_agent_api [None req-f21a1198-4ae3-4b8f-9256-7bd079d640b3 471a393c54ec4719a323995d85403562 5a1f2a1ac4d947238939384068a10ca3 - - default default] Unable to schedule network b4a0d8d0-187a-442d-9014-c0655715ffb8: no agents available; will retry on subsequent port and subnet creation events.
2026-09-02 17:45:03.505 7 INFO neutron.plugins.ml2.drivers.ovn.mech_driver.mech_driver [None req-7225b1d1-d18e-44c1-9b9b-f491ca67c249 - - - - - -] OVN reports status down for port: 83c923d8-64bf-47a9-9a00-fa8c94cdf2b2
2026-09-02 17:45:03.546 8 INFO neutron.db.ovn_revision_numbers_db [None req-f21a1198-4ae3-4b8f-9256-7bd079d640b3 471a393c54ec4719a323995d85403562 5a1f2a1ac4d947238939384068a10ca3 - - default default] Successfully bumped revision number for resource 83c923d8-64bf-47a9-9a00-fa8c94cdf2b2 (type: ports) to 1 [pid: 8|app: 0|req: 798/1575] 10.0.0.53 () {34 vars in 669 bytes} [Wed Sep 2 17:45:03 2026] POST /v2.0/networks => generated 671 bytes in 521 msecs (HTTP/1.1 201) 4 headers in 162 bytes (1 switches on core 0)
2026-09-02 17:45:03.813 7 WARNING neutron.scheduler.dhcp_agent_scheduler [None req-8aaa5fd1-4912-4e4a-8a49-68bb426d1fb7 471a393c54ec4719a323995d85403562 5a1f2a1ac4d947238939384068a10ca3 - - default default] No more DHCP agents
2026-09-02 17:45:03.814 7 WARNING neutron.api.rpc.agentnotifiers.dhcp_rpc_agent_api [None req-8aaa5fd1-4912-4e4a-8a49-68bb426d1fb7 471a393c54ec4719a323995d85403562 5a1f2a1ac4d947238939384068a10ca3 - - default default] Unable to schedule network b4a0d8d0-187a-442d-9014-c0655715ffb8: no agents available; will retry on subsequent port and subnet creation events.
2026-09-02 17:45:03.845 7 INFO neutron.db.ovn_revision_numbers_db [None req-8aaa5fd1-4912-4e4a-8a49-68bb426d1fb7 471a393c54ec4719a323995d85403562 5a1f2a1ac4d947238939384068a10ca3 - - default default] Successfully bumped revision number for resource 47e2b294-adf8-4682-9d37-54355eda1353 (type: subnets) to 0 [pid: 7|app: 0|req: 778/1576] 10.0.0.53 () {34 vars in 668 bytes} [Wed Sep 2 17:45:03 2026] POST /v2.0/subnets => generated 646 bytes in 272 msecs (HTTP/1.1 201) 4 headers in 162 bytes (1 switches on core 0)
2026-09-02 17:45:03.956 8 INFO neutron.db.ovn_revision_numbers_db [None req-51f0a50d-abd2-4af9-8ca5-30ff4ad21d18 471a393c54ec4719a323995d85403562 5a1f2a1ac4d947238939384068a10ca3 - - default default] Successfully bumped revision number for resource aa626cb2-5e55-46e1-ba52-c3211eaad5cc (type: routers) to 1 [pid: 8|app: 0|req: 799/1577] 10.0.0.53 () {34 vars in 668 bytes} [Wed Sep 2 17:45:03 2026] POST /v2.0/routers => generated 605 bytes in 101 msecs (HTTP/1.1 201) 4 headers in 162 bytes (1 switches on core 0)
2026-09-02 17:45:04.279 7 WARNING neutron.scheduler.dhcp_agent_scheduler [None req-7b105a45-bcae-460e-930c-42051d72b1bd 471a393c54ec4719a323995d85403562 5a1f2a1ac4d947238939384068a10ca3 - - default default] No more DHCP agents
2026-09-02 17:45:04.280 7 WARNING neutron.api.rpc.agentnotifiers.dhcp_rpc_agent_api [None req-7b105a45-bcae-460e-930c-42051d72b1bd 471a393c54ec4719a323995d85403562 5a1f2a1ac4d947238939384068a10ca3 - - default default] Unable to schedule network b4a0d8d0-187a-442d-9014-c0655715ffb8: no agents available; will retry on subsequent port and subnet creation events.
2026-09-02 17:45:04.366 8 INFO neutron.plugins.ml2.drivers.ovn.mech_driver.mech_driver [None req-efd94d5f-5bdc-4c02-bdaf-c4906486caab - - - - - -] OVN reports status down for port: 36abd58a-900f-4153-9174-db5aaec06286
2026-09-02 17:45:04.412 7 INFO neutron.db.ovn_revision_numbers_db [None req-7b105a45-bcae-460e-930c-42051d72b1bd 471a393c54ec4719a323995d85403562 5a1f2a1ac4d947238939384068a10ca3 - - default default] Successfully bumped revision number for resource 36abd58a-900f-4153-9174-db5aaec06286 (type: ports) to 1 [pid: 7|app: 0|req: 779/1578] 10.0.0.53 () {34 vars in 664 bytes} [Wed Sep 2 17:45:03 2026] POST /v2.0/ports => generated 963 bytes in 482 msecs (HTTP/1.1 201) 4 headers in 162 bytes (1 switches on core 0)
2026-09-02 17:45:04.536 7 INFO neutron.services.segments.plugin [-] Segment 9c9b71cb-9914-491c-a645-7ff75eb85083 resource provider aggregate not found
2026-09-02 17:45:04.548 7 INFO neutron.services.segments.plugin [-] Client error retrieving segment 9c9b71cb-9914-491c-a645-7ff75eb85083 resource provider; error: Placement Client Error (4xx): {"errors": [{"status": 404, "title": "Not Found", "detail": "The resource could not be found.\n\n No resource provider with uuid 9c9b71cb-9914-491c-a645-7ff75eb85083 found for delete ", "request_id": "req-dae5d401-4c0d-462c-994e-7d7c531d427c"}]}
2026-09-02 17:45:04.557 7 INFO neutron.services.segments.plugin [-] Segment 9c9b71cb-9914-491c-a645-7ff75eb85083 resource provider aggregate not found
2026-09-02 17:45:04.572 7 INFO neutron.services.segments.plugin [-] Client error retrieving segment 9c9b71cb-9914-491c-a645-7ff75eb85083 resource provider; error: Placement Client Error (4xx): {"errors": [{"status": 404, "title": "Not Found", "detail": "The resource could not be found.\n\n No resource provider with uuid 9c9b71cb-9914-491c-a645-7ff75eb85083 found for delete ", "request_id": "req-7ae2b699-ba41-44b9-8464-0cb1b4101874"}]} /var/lib/openstack/lib/python3.12/site-packages/pycadf/identifier.py:70: UserWarning: Invalid uuid: neutron. To ensure interoperability, identifiers should be a valid uuid. warnings.warn(('Invalid uuid: %s. To ensure interoperability, '
2026-09-02 17:45:04.913 8 INFO neutron.plugins.ml2.drivers.ovn.mech_driver.mech_driver [None req-efd94d5f-5bdc-4c02-bdaf-c4906486caab - - - - - -] OVN reports status up for port: 36abd58a-900f-4153-9174-db5aaec06286
2026-09-02 17:45:04.962 8 INFO neutron.plugins.ml2.plugin [None req-efd94d5f-5bdc-4c02-bdaf-c4906486caab - - - - - -] Attempt 1 to provision port 36abd58a-900f-4153-9174-db5aaec06286
2026-09-02 17:45:04.987 7 INFO neutron.db.ovn_revision_numbers_db [None req-befe9a85-91e7-4957-bca3-51848141134b 311cf6758c3e448f90fa66417b36554f 0a91da7febc24f76964f19b9f09d7e71 - - default default] Successfully bumped revision number for resource 2397d2e9-0437-48d3-bc62-91be69976012 (type: security_groups) to 1
2026-09-02 17:45:04.988 8 INFO neutron.db.ovn_revision_numbers_db [None req-bfe2fdf9-ed71-4201-a4e8-d675e8fbc663 471a393c54ec4719a323995d85403562 5a1f2a1ac4d947238939384068a10ca3 - - default default] Successfully bumped revision number for resource 36abd58a-900f-4153-9174-db5aaec06286 (type: ports) to 2
2026-09-02 17:45:05.004 7 INFO neutron.db.ovn_revision_numbers_db [None req-befe9a85-91e7-4957-bca3-51848141134b 311cf6758c3e448f90fa66417b36554f 0a91da7febc24f76964f19b9f09d7e71 - - default default] Successfully bumped revision number for resource 3d1780d2-8877-4cdf-a4c0-264838a6ad0f (type: security_group_rules) to 0
2026-09-02 17:45:05.020 7 INFO neutron.db.ovn_revision_numbers_db [None req-befe9a85-91e7-4957-bca3-51848141134b 311cf6758c3e448f90fa66417b36554f 0a91da7febc24f76964f19b9f09d7e71 - - default default] Successfully bumped revision number for resource 58467546-3919-4186-a146-18b7540b417b (type: security_group_rules) to 0
2026-09-02 17:45:05.037 7 INFO neutron.db.ovn_revision_numbers_db [None req-befe9a85-91e7-4957-bca3-51848141134b 311cf6758c3e448f90fa66417b36554f 0a91da7febc24f76964f19b9f09d7e71 - - default default] Successfully bumped revision number for resource c63493e3-23e2-4ead-8dec-eec0e18937bf (type: security_group_rules) to 0
2026-09-02 17:45:05.050 7 INFO neutron.db.ovn_revision_numbers_db [None req-befe9a85-91e7-4957-bca3-51848141134b 311cf6758c3e448f90fa66417b36554f 0a91da7febc24f76964f19b9f09d7e71 - - default default] Successfully bumped revision number for resource d834bc77-6bfa-4aa0-9614-adf5e42c9bc2 (type: security_group_rules) to 0
2026-09-02 17:45:05.114 7 INFO neutron.db.segments_db [None req-befe9a85-91e7-4957-bca3-51848141134b 311cf6758c3e448f90fa66417b36554f 0a91da7febc24f76964f19b9f09d7e71 - - default default] Added segment 622d1c07-ce39-4eda-8434-926edf29d238 of type geneve for network 437f21df-57b2-4a6e-a901-d5cd8a20bdad
2026-09-02 17:45:05.223 7 INFO neutron.db.ovn_revision_numbers_db [None req-befe9a85-91e7-4957-bca3-51848141134b 311cf6758c3e448f90fa66417b36554f 0a91da7febc24f76964f19b9f09d7e71 - - default default] Successfully bumped revision number for resource 437f21df-57b2-4a6e-a901-d5cd8a20bdad (type: networks) to 1
2026-09-02 17:45:05.373 7 WARNING neutron.scheduler.dhcp_agent_scheduler [None req-befe9a85-91e7-4957-bca3-51848141134b 311cf6758c3e448f90fa66417b36554f 0a91da7febc24f76964f19b9f09d7e71 - - default default] No more DHCP agents
2026-09-02 17:45:05.375 7 WARNING neutron.api.rpc.agentnotifiers.dhcp_rpc_agent_api [None req-befe9a85-91e7-4957-bca3-51848141134b 311cf6758c3e448f90fa66417b36554f 0a91da7febc24f76964f19b9f09d7e71 - - default default] Unable to schedule network 437f21df-57b2-4a6e-a901-d5cd8a20bdad: no agents available; will retry on subsequent port and subnet creation events.
2026-09-02 17:45:05.426 7 INFO neutron.plugins.ml2.drivers.ovn.mech_driver.mech_driver [None req-7225b1d1-d18e-44c1-9b9b-f491ca67c249 - - - - - -] OVN reports status down for port: ce27bffe-e89b-4962-9cad-817836d47a08
2026-09-02 17:45:05.488 7 INFO neutron.db.ovn_revision_numbers_db [None req-befe9a85-91e7-4957-bca3-51848141134b 311cf6758c3e448f90fa66417b36554f 0a91da7febc24f76964f19b9f09d7e71 - - default default] Successfully bumped revision number for resource ce27bffe-e89b-4962-9cad-817836d47a08 (type: ports) to 1 [pid: 7|app: 0|req: 780/1579] 10.0.0.53 () {34 vars in 670 bytes} [Wed Sep 2 17:45:04 2026] POST /v2.0/networks => generated 781 bytes in 845 msecs (HTTP/1.1 201) 4 headers in 162 bytes (1 switches on core 0) [pid: 7|app: 0|req: 781/1580] 10.0.0.235 () {34 vars in 990 bytes} [Wed Sep 2 17:45:05 2026] GET /v2.0/ports?device_id=90e914bd-a83d-4aec-af6e-26ef6d0d2f2a => generated 971 bytes in 65 msecs (HTTP/1.1 200) 4 headers in 157 bytes (1 switches on core 0)
2026-09-02 17:45:05.668 8 INFO neutron.db.ovn_revision_numbers_db [None req-efd94d5f-5bdc-4c02-bdaf-c4906486caab - - - - - -] Successfully bumped revision number for resource 36abd58a-900f-4153-9174-db5aaec06286 (type: ports) to 3
2026-09-02 17:45:05.791 7 INFO neutron.db.ovn_revision_numbers_db [None req-74106aac-8ad7-4ad5-ae9c-4fdbe230b2c1 311cf6758c3e448f90fa66417b36554f 0a91da7febc24f76964f19b9f09d7e71 - - default default] Successfully bumped revision number for resource 559b6588-7c80-4ed1-8416-388983dff720 (type: security_groups) to 1
2026-09-02 17:45:05.802 7 INFO neutron.db.ovn_revision_numbers_db [None req-74106aac-8ad7-4ad5-ae9c-4fdbe230b2c1 311cf6758c3e448f90fa66417b36554f 0a91da7febc24f76964f19b9f09d7e71 - - default default] Successfully bumped revision number for resource 08855501-c227-474d-90cd-8e8822a6f65e (type: security_group_rules) to 0
2026-09-02 17:45:05.810 7 INFO neutron.db.ovn_revision_numbers_db [None req-74106aac-8ad7-4ad5-ae9c-4fdbe230b2c1 311cf6758c3e448f90fa66417b36554f 0a91da7febc24f76964f19b9f09d7e71 - - default default] Successfully bumped revision number for resource c739fa07-3dee-477e-8f41-288486c35d04 (type: security_group_rules) to 0
2026-09-02 17:45:05.819 7 INFO neutron.db.ovn_revision_numbers_db [None req-74106aac-8ad7-4ad5-ae9c-4fdbe230b2c1 311cf6758c3e448f90fa66417b36554f 0a91da7febc24f76964f19b9f09d7e71 - - default default] Successfully bumped revision number for resource e46efae9-848d-4c3a-bc4f-eea98fdc66ea (type: security_group_rules) to 0
2026-09-02 17:45:05.832 7 INFO neutron.db.ovn_revision_numbers_db [None req-74106aac-8ad7-4ad5-ae9c-4fdbe230b2c1 311cf6758c3e448f90fa66417b36554f 0a91da7febc24f76964f19b9f09d7e71 - - default default] Successfully bumped revision number for resource fb3df579-7ae6-4a2a-9d91-a465327b6e24 (type: security_group_rules) to 0
2026-09-02 17:45:05.872 8 WARNING neutron.scheduler.dhcp_agent_scheduler [None req-bfe2fdf9-ed71-4201-a4e8-d675e8fbc663 471a393c54ec4719a323995d85403562 5a1f2a1ac4d947238939384068a10ca3 - - default default] No more DHCP agents
2026-09-02 17:45:05.873 8 WARNING neutron.api.rpc.agentnotifiers.dhcp_rpc_agent_api [None req-bfe2fdf9-ed71-4201-a4e8-d675e8fbc663 471a393c54ec4719a323995d85403562 5a1f2a1ac4d947238939384068a10ca3 - - default default] Unable to schedule network b4a0d8d0-187a-442d-9014-c0655715ffb8: no agents available; will retry on subsequent port and subnet creation events. [pid: 7|app: 0|req: 782/1581] 10.0.0.53 () {32 vars in 773 bytes} [Wed Sep 2 17:45:05 2026] GET /v2.0/security-groups?tenant_id=ec9247a0894f4f49a2dd224be6d3e841&name=default => generated 2925 bytes in 285 msecs (HTTP/1.1 200) 4 headers in 158 bytes (1 switches on core 0)
2026-09-02 17:45:05.981 7 WARNING neutron.scheduler.dhcp_agent_scheduler [None req-4d82c6e2-1a17-4215-a2a6-b15a485499da 311cf6758c3e448f90fa66417b36554f 0a91da7febc24f76964f19b9f09d7e71 - - default default] No more DHCP agents
2026-09-02 17:45:05.982 7 WARNING neutron.api.rpc.agentnotifiers.dhcp_rpc_agent_api [None req-4d82c6e2-1a17-4215-a2a6-b15a485499da 311cf6758c3e448f90fa66417b36554f 0a91da7febc24f76964f19b9f09d7e71 - - default default] Unable to schedule network 437f21df-57b2-4a6e-a901-d5cd8a20bdad: no agents available; will retry on subsequent port and subnet creation events.
2026-09-02 17:45:06.158 8 INFO neutron.db.ovn_revision_numbers_db [None req-bfe2fdf9-ed71-4201-a4e8-d675e8fbc663 471a393c54ec4719a323995d85403562 5a1f2a1ac4d947238939384068a10ca3 - - default default] Successfully bumped revision number for resource 36abd58a-900f-4153-9174-db5aaec06286 (type: router_ports) to 3 [pid: 8|app: 0|req: 800/1582] 10.0.0.53 () {34 vars in 782 bytes} [Wed Sep 2 17:45:04 2026] PUT /v2.0/routers/aa626cb2-5e55-46e1-ba52-c3211eaad5cc/add_router_interface => generated 309 bytes in 1706 msecs (HTTP/1.1 200) 4 headers in 157 bytes (1 switches on core 0) /var/lib/openstack/lib/python3.12/site-packages/pycadf/identifier.py:70: UserWarning: Invalid uuid: neutron. To ensure interoperability, identifiers should be a valid uuid. warnings.warn(('Invalid uuid: %s. To ensure interoperability, ' [pid: 8|app: 0|req: 801/1583] 10.0.0.235 () {34 vars in 1040 bytes} [Wed Sep 2 17:45:06 2026] GET /v2.0/security-groups?id=6f147a0a-b924-4fb7-87a2-1da1ca0b7271&fields=id&fields=name => generated 114 bytes in 36 msecs (HTTP/1.1 200) 4 headers in 157 bytes (1 switches on core 0)
2026-09-02 17:45:06.438 7 INFO neutron.db.ovn_revision_numbers_db [None req-bf881868-b7ab-44d3-b095-f32e8bfcdccb - - - - - -] Successfully bumped revision number for resource ce27bffe-e89b-4962-9cad-817836d47a08 (type: ports) to 2
2026-09-02 17:45:06.469 7 INFO neutron.db.ovn_revision_numbers_db [None req-bf881868-b7ab-44d3-b095-f32e8bfcdccb - - - - - -] Successfully bumped revision number for resource a31680ae-d3ff-4891-a612-741a1f3dc30b (type: subnets) to 0 [pid: 8|app: 0|req: 802/1584] 10.0.0.53 () {32 vars in 739 bytes} [Wed Sep 2 17:45:06 2026] DELETE /v2.0/security-groups/559b6588-7c80-4ed1-8416-388983dff720 => generated 0 bytes in 277 msecs (HTTP/1.1 204) 2 headers in 112 bytes (1 switches on core 0) [pid: 7|app: 0|req: 783/1585] 10.0.0.53 () {34 vars in 668 bytes} [Wed Sep 2 17:45:05 2026] POST /v2.0/subnets => generated 687 bytes in 613 msecs (HTTP/1.1 201) 4 headers in 162 bytes (1 switches on core 0) [pid: 7|app: 0|req: 784/1586] 10.0.0.235 () {34 vars in 990 bytes} [Wed Sep 2 17:45:06 2026] GET /v2.0/ports?device_id=90e914bd-a83d-4aec-af6e-26ef6d0d2f2a => generated 971 bytes in 43 msecs (HTTP/1.1 200) 4 headers in 157 bytes (1 switches on core 0) [pid: 8|app: 0|req: 803/1587] 10.0.0.53 () {32 vars in 716 bytes} [Wed Sep 2 17:45:06 2026] GET /v2.0/ports/36abd58a-900f-4153-9174-db5aaec06286 => generated 1025 bytes in 80 msecs (HTTP/1.1 200) 4 headers in 158 bytes (1 switches on core 0) [pid: 8|app: 0|req: 804/1588] 10.0.0.235 () {34 vars in 1040 bytes} [Wed Sep 2 17:45:06 2026] GET /v2.0/security-groups?id=6f147a0a-b924-4fb7-87a2-1da1ca0b7271&fields=id&fields=name => generated 114 bytes in 29 msecs (HTTP/1.1 200) 4 headers in 157 bytes (1 switches on core 0)
2026-09-02 17:45:06.814 8 INFO neutron_taas.services.taas.taas_plugin [None req-10fdea07-a598-481e-9237-e8525bb4a9e6 471a393c54ec4719a323995d85403562 5a1f2a1ac4d947238939384068a10ca3 - - default default] TaaS: Handle Delete Port: 36abd58a-900f-4153-9174-db5aaec06286
2026-09-02 17:45:06.817 8 INFO neutron_taas.services.taas.tap_mirror_plugin [None req-10fdea07-a598-481e-9237-e8525bb4a9e6 471a393c54ec4719a323995d85403562 5a1f2a1ac4d947238939384068a10ca3 - - default default] Tap Mirror: Handle Delete Port: 36abd58a-900f-4153-9174-db5aaec06286
2026-09-02 17:45:06.871 7 WARNING neutron.scheduler.dhcp_agent_scheduler [None req-05c79475-47e0-4279-be19-cb4a7f0a919d 311cf6758c3e448f90fa66417b36554f 0a91da7febc24f76964f19b9f09d7e71 - - default default] No more DHCP agents
2026-09-02 17:45:06.873 7 WARNING neutron.api.rpc.agentnotifiers.dhcp_rpc_agent_api [None req-05c79475-47e0-4279-be19-cb4a7f0a919d 311cf6758c3e448f90fa66417b36554f 0a91da7febc24f76964f19b9f09d7e71 - - default default] Unable to schedule network 8f4a1f0b-8de2-4f8d-8f90-22da91c00bae: no agents available; will retry on subsequent port and subnet creation events.
2026-09-02 17:45:06.990 7 INFO neutron.plugins.ml2.drivers.ovn.mech_driver.mech_driver [None req-7225b1d1-d18e-44c1-9b9b-f491ca67c249 - - - - - -] OVN reports status down for port: ab3acbb2-8c93-489f-a144-c86e3b397fd1
2026-09-02 17:45:07.055 7 INFO neutron.db.ovn_revision_numbers_db [None req-05c79475-47e0-4279-be19-cb4a7f0a919d 311cf6758c3e448f90fa66417b36554f 0a91da7febc24f76964f19b9f09d7e71 - - default default] Successfully bumped revision number for resource ab3acbb2-8c93-489f-a144-c86e3b397fd1 (type: ports) to 1 [pid: 8|app: 0|req: 805/1589] 10.0.0.53 () {34 vars in 788 bytes} [Wed Sep 2 17:45:06 2026] PUT /v2.0/routers/aa626cb2-5e55-46e1-ba52-c3211eaad5cc/remove_router_interface => generated 309 bytes in 537 msecs (HTTP/1.1 200) 4 headers in 157 bytes (1 switches on core 0) /var/lib/openstack/lib/python3.12/site-packages/pycadf/identifier.py:70: UserWarning: Invalid uuid: neutron. To ensure interoperability, identifiers should be a valid uuid. warnings.warn(('Invalid uuid: %s. To ensure interoperability, '
2026-09-02 17:45:07.193 8 INFO neutron.api.v2.resource [None req-47b093f4-0a01-4b67-a152-dd5cf388c9cf 471a393c54ec4719a323995d85403562 5a1f2a1ac4d947238939384068a10ca3 - - default default] remove_router_interface failed (client error): The resource could not be found. [pid: 8|app: 0|req: 806/1590] 10.0.0.53 () {34 vars in 788 bytes} [Wed Sep 2 17:45:07 2026] PUT /v2.0/routers/aa626cb2-5e55-46e1-ba52-c3211eaad5cc/remove_router_interface => generated 197 bytes in 58 msecs (HTTP/1.1 404) 4 headers in 164 bytes (1 switches on core 0) [pid: 8|app: 0|req: 807/1591] 10.0.0.53 () {32 vars in 735 bytes} [Wed Sep 2 17:45:07 2026] GET /v2.0/ports?device_id=aa626cb2-5e55-46e1-ba52-c3211eaad5cc => generated 12 bytes in 12 msecs (HTTP/1.1 200) 4 headers in 156 bytes (1 switches on core 0) [pid: 8|app: 0|req: 808/1592] 10.0.0.53 () {32 vars in 723 bytes} [Wed Sep 2 17:45:07 2026] DELETE /v2.0/routers/aa626cb2-5e55-46e1-ba52-c3211eaad5cc => generated 0 bytes in 159 msecs (HTTP/1.1 204) 2 headers in 112 bytes (1 switches on core 0)
2026-09-02 17:45:07.490 7 INFO neutron.plugins.ml2.drivers.ovn.mech_driver.mech_driver [None req-7225b1d1-d18e-44c1-9b9b-f491ca67c249 - - - - - -] OVN reports status down for port: 8de0485a-2f90-47aa-8844-fd2856c90abc [pid: 8|app: 0|req: 809/1593] 10.0.0.53 () {32 vars in 723 bytes} [Wed Sep 2 17:45:07 2026] DELETE /v2.0/subnets/47e2b294-adf8-4682-9d37-54355eda1353 => generated 0 bytes in 166 msecs (HTTP/1.1 204) 3 headers in 131 bytes (1 switches on core 0)
2026-09-02 17:45:07.720 8 INFO neutron_taas.services.taas.taas_plugin [None req-1e3c9f1c-537f-44e3-a968-a905e3b72f92 471a393c54ec4719a323995d85403562 5a1f2a1ac4d947238939384068a10ca3 - - default default] TaaS: Handle Delete Port: 83c923d8-64bf-47a9-9a00-fa8c94cdf2b2
2026-09-02 17:45:07.722 8 INFO neutron_taas.services.taas.tap_mirror_plugin [None req-1e3c9f1c-537f-44e3-a968-a905e3b72f92 471a393c54ec4719a323995d85403562 5a1f2a1ac4d947238939384068a10ca3 - - default default] Tap Mirror: Handle Delete Port: 83c923d8-64bf-47a9-9a00-fa8c94cdf2b2
2026-09-02 17:45:07.817 7 INFO neutron.notifiers.nova [-] Nova event matching ['req-aa51073e-8f8e-4e75-9cf5-88a581db8abb'] response: {'server_uuid': '90e914bd-a83d-4aec-af6e-26ef6d0d2f2a', 'name': 'network-vif-unplugged', 'status': 'completed', 'tag': '8de0485a-2f90-47aa-8844-fd2856c90abc', 'code': 200}
2026-09-02 17:45:07.882 8 INFO neutron.services.segments.plugin [-] Segment bcc1a4fd-3a17-4382-9216-4ebb450fe8ef resource provider aggregate not found
2026-09-02 17:45:07.887 8 INFO neutron.services.segments.plugin [-] Segment bcc1a4fd-3a17-4382-9216-4ebb450fe8ef resource provider aggregate not found
2026-09-02 17:45:07.899 7 INFO neutron.plugins.ml2.drivers.ovn.mech_driver.ovsdb.commands [None req-e2b1d684-7677-4986-9be5-fd2a59f3c073 - - - - - -] Schedule LRP lrp-ab3acbb2-8c93-489f-a144-c86e3b397fd1 on gateway 727126b9-ebe9-4bba-a4b3-252dfcafc44b with priority 1
2026-09-02 17:45:07.906 8 INFO neutron.services.segments.plugin [-] Client error retrieving segment bcc1a4fd-3a17-4382-9216-4ebb450fe8ef resource provider; error: Placement Client Error (4xx): {"errors": [{"status": 404, "title": "Not Found", "detail": "The resource could not be found.\n\n No resource provider with uuid bcc1a4fd-3a17-4382-9216-4ebb450fe8ef found for delete ", "request_id": "req-bd2f08d9-127a-4a36-a13e-b6e4f96a4e3f"}]}
2026-09-02 17:45:07.917 8 INFO neutron.services.segments.plugin [-] Client error retrieving segment bcc1a4fd-3a17-4382-9216-4ebb450fe8ef resource provider; error: Placement Client Error (4xx): {"errors": [{"status": 404, "title": "Not Found", "detail": "The resource could not be found.\n\n No resource provider with uuid bcc1a4fd-3a17-4382-9216-4ebb450fe8ef found for delete ", "request_id": "req-16c0dd43-5f3b-4ec8-99d9-777da0df367d"}]}
2026-09-02 17:45:08.000 8 INFO neutron.plugins.ml2.drivers.ovn.mech_driver.ovsdb.ovsdb_monitor [-] Router a5cbe1a8-bdec-4411-85a4-e4011618f957 is bound to host instance [pid: 8|app: 0|req: 810/1594] 10.0.0.53 () {32 vars in 725 bytes} [Wed Sep 2 17:45:07 2026] DELETE /v2.0/networks/b4a0d8d0-187a-442d-9014-c0655715ffb8 => generated 0 bytes in 474 msecs (HTTP/1.1 204) 3 headers in 131 bytes (1 switches on core 0)
2026-09-02 17:45:08.089 7 INFO neutron.db.ovn_revision_numbers_db [None req-05c79475-47e0-4279-be19-cb4a7f0a919d 311cf6758c3e448f90fa66417b36554f 0a91da7febc24f76964f19b9f09d7e71 - - default default] Successfully bumped revision number for resource ab3acbb2-8c93-489f-a144-c86e3b397fd1 (type: router_ports) to 1 [pid: 8|app: 0|req: 811/1595] 10.0.0.235 () {34 vars in 990 bytes} [Wed Sep 2 17:45:08 2026] GET /v2.0/ports?device_id=90e914bd-a83d-4aec-af6e-26ef6d0d2f2a => generated 969 bytes in 166 msecs (HTTP/1.1 200) 4 headers in 157 bytes (1 switches on core 0)
2026-09-02 17:45:08.247 7 INFO neutron.db.ovn_revision_numbers_db [None req-7225b1d1-d18e-44c1-9b9b-f491ca67c249 - - - - - -] Successfully bumped revision number for resource 8de0485a-2f90-47aa-8844-fd2856c90abc (type: ports) to 8
2026-09-02 17:45:08.260 7 INFO neutron.db.ovn_revision_numbers_db [None req-05c79475-47e0-4279-be19-cb4a7f0a919d 311cf6758c3e448f90fa66417b36554f 0a91da7febc24f76964f19b9f09d7e71 - - default default] Successfully bumped revision number for resource a5cbe1a8-bdec-4411-85a4-e4011618f957 (type: routers) to 2 [pid: 7|app: 0|req: 785/1596] 10.0.0.53 () {34 vars in 668 bytes} [Wed Sep 2 17:45:06 2026] POST /v2.0/routers => generated 965 bytes in 1776 msecs (HTTP/1.1 201) 4 headers in 162 bytes (1 switches on core 0) [pid: 7|app: 0|req: 786/1597] 10.0.0.235 () {34 vars in 1040 bytes} [Wed Sep 2 17:45:08 2026] GET /v2.0/security-groups?id=6f147a0a-b924-4fb7-87a2-1da1ca0b7271&fields=id&fields=name => generated 114 bytes in 71 msecs (HTTP/1.1 200) 4 headers in 157 bytes (1 switches on core 0) /var/lib/openstack/lib/python3.12/site-packages/pycadf/identifier.py:70: UserWarning: Invalid uuid: neutron. To ensure interoperability, identifiers should be a valid uuid. warnings.warn(('Invalid uuid: %s. To ensure interoperability, '
2026-09-02 17:45:08.400 7 INFO neutron.plugins.ml2.drivers.ovn.mech_driver.mech_driver [None req-f8c8ba44-b6dc-44fe-ab16-c0b41fe57dca - - - - - -] OVN reports status up for port: ab3acbb2-8c93-489f-a144-c86e3b397fd1
2026-09-02 17:45:08.422 7 INFO neutron.plugins.ml2.plugin [None req-f8c8ba44-b6dc-44fe-ab16-c0b41fe57dca - - - - - -] Attempt 1 to provision port ab3acbb2-8c93-489f-a144-c86e3b397fd1
2026-09-02 17:45:08.790 8 INFO neutron.db.segments_db [None req-4a5b3572-5956-46f5-9845-95c1427c3dd5 471a393c54ec4719a323995d85403562 5a1f2a1ac4d947238939384068a10ca3 - - default default] Added segment e10262f4-0564-4aa4-b0e2-fbddae37809d of type geneve for network 91237a34-012e-4b14-bf4f-fe259b758961
2026-09-02 17:45:08.831 7 WARNING neutron.scheduler.dhcp_agent_scheduler [None req-e3c7274b-b1b6-416a-9990-eb1956d0d9c8 311cf6758c3e448f90fa66417b36554f 0a91da7febc24f76964f19b9f09d7e71 - - default default] No more DHCP agents
2026-09-02 17:45:08.833 7 WARNING neutron.api.rpc.agentnotifiers.dhcp_rpc_agent_api [None req-e3c7274b-b1b6-416a-9990-eb1956d0d9c8 311cf6758c3e448f90fa66417b36554f 0a91da7febc24f76964f19b9f09d7e71 - - default default] Unable to schedule network 437f21df-57b2-4a6e-a901-d5cd8a20bdad: no agents available; will retry on subsequent port and subnet creation events.
2026-09-02 17:45:09.017 8 INFO neutron.db.ovn_revision_numbers_db [None req-4a5b3572-5956-46f5-9845-95c1427c3dd5 471a393c54ec4719a323995d85403562 5a1f2a1ac4d947238939384068a10ca3 - - default default] Successfully bumped revision number for resource 91237a34-012e-4b14-bf4f-fe259b758961 (type: networks) to 1
2026-09-02 17:45:09.061 7 INFO neutron.db.ovn_revision_numbers_db [None req-e3c7274b-b1b6-416a-9990-eb1956d0d9c8 311cf6758c3e448f90fa66417b36554f 0a91da7febc24f76964f19b9f09d7e71 - - default default] Successfully bumped revision number for resource f9e2bcee-e2bb-4134-a32a-55d4dce50aae (type: ports) to 1
2026-09-02 17:45:09.283 8 WARNING neutron.scheduler.dhcp_agent_scheduler [None req-4a5b3572-5956-46f5-9845-95c1427c3dd5 471a393c54ec4719a323995d85403562 5a1f2a1ac4d947238939384068a10ca3 - - default default] No more DHCP agents
2026-09-02 17:45:09.286 8 WARNING neutron.api.rpc.agentnotifiers.dhcp_rpc_agent_api [None req-4a5b3572-5956-46f5-9845-95c1427c3dd5 471a393c54ec4719a323995d85403562 5a1f2a1ac4d947238939384068a10ca3 - - default default] Unable to schedule network 91237a34-012e-4b14-bf4f-fe259b758961: no agents available; will retry on subsequent port and subnet creation events.
2026-09-02 17:45:09.395 8 INFO neutron.db.ovn_revision_numbers_db [None req-4a5b3572-5956-46f5-9845-95c1427c3dd5 471a393c54ec4719a323995d85403562 5a1f2a1ac4d947238939384068a10ca3 - - default default] Successfully bumped revision number for resource b3a94d16-fee4-407b-8adb-8ca78ffe9250 (type: ports) to 1 [pid: 8|app: 0|req: 812/1598] 10.0.0.53 () {34 vars in 669 bytes} [Wed Sep 2 17:45:08 2026] POST /v2.0/networks => generated 671 bytes in 1231 msecs (HTTP/1.1 201) 4 headers in 162 bytes (1 switches on core 0) [pid: 8|app: 0|req: 813/1599] 162.253.55.71 () {34 vars in 993 bytes} [Wed Sep 2 17:45:09 2026] GET /v2.0/ports?device_id=90e914bd-a83d-4aec-af6e-26ef6d0d2f2a => generated 969 bytes in 54 msecs (HTTP/1.1 200) 4 headers in 157 bytes (1 switches on core 0)
2026-09-02 17:45:09.799 7 WARNING neutron.scheduler.dhcp_agent_scheduler [None req-e3c7274b-b1b6-416a-9990-eb1956d0d9c8 311cf6758c3e448f90fa66417b36554f 0a91da7febc24f76964f19b9f09d7e71 - - default default] No more DHCP agents
2026-09-02 17:45:09.811 7 WARNING neutron.api.rpc.agentnotifiers.dhcp_rpc_agent_api [None req-e3c7274b-b1b6-416a-9990-eb1956d0d9c8 311cf6758c3e448f90fa66417b36554f 0a91da7febc24f76964f19b9f09d7e71 - - default default] Unable to schedule network 437f21df-57b2-4a6e-a901-d5cd8a20bdad: no agents available; will retry on subsequent port and subnet creation events.
2026-09-02 17:45:09.830 8 INFO neutron.db.ovn_revision_numbers_db [None req-43ccb863-f18f-467f-b4dc-6219a0ef2a78 - - - - - -] Successfully bumped revision number for resource ab3acbb2-8c93-489f-a144-c86e3b397fd1 (type: ports) to 4
2026-09-02 17:45:09.892 7 INFO neutron.notifiers.nova [-] Nova event matching ['req-808cda04-1e54-4841-82fd-5ec308fd396f'] response: {'server_uuid': '90e914bd-a83d-4aec-af6e-26ef6d0d2f2a', 'name': 'network-vif-unplugged', 'status': 'completed', 'tag': '8de0485a-2f90-47aa-8844-fd2856c90abc', 'code': 200}
2026-09-02 17:45:09.933 8 WARNING neutron.scheduler.dhcp_agent_scheduler [None req-cc1a448b-7d51-42f0-b77d-2213265e287f 471a393c54ec4719a323995d85403562 5a1f2a1ac4d947238939384068a10ca3 - - default default] No more DHCP agents
2026-09-02 17:45:09.934 8 WARNING neutron.api.rpc.agentnotifiers.dhcp_rpc_agent_api [None req-cc1a448b-7d51-42f0-b77d-2213265e287f 471a393c54ec4719a323995d85403562 5a1f2a1ac4d947238939384068a10ca3 - - default default] Unable to schedule network 91237a34-012e-4b14-bf4f-fe259b758961: no agents available; will retry on subsequent port and subnet creation events.
2026-09-02 17:45:10.026 8 INFO neutron.db.ovn_revision_numbers_db [None req-cc1a448b-7d51-42f0-b77d-2213265e287f 471a393c54ec4719a323995d85403562 5a1f2a1ac4d947238939384068a10ca3 - - default default] Successfully bumped revision number for resource 3dbf2716-b916-4961-b5b7-88abf26c7dda (type: subnets) to 0 [pid: 8|app: 0|req: 814/1600] 10.0.0.53 () {34 vars in 668 bytes} [Wed Sep 2 17:45:09 2026] POST /v2.0/subnets => generated 646 bytes in 575 msecs (HTTP/1.1 201) 4 headers in 162 bytes (1 switches on core 0) [pid: 8|app: 0|req: 815/1601] 10.0.0.235 () {34 vars in 990 bytes} [Wed Sep 2 17:45:10 2026] GET /v2.0/ports?device_id=90e914bd-a83d-4aec-af6e-26ef6d0d2f2a => generated 969 bytes in 74 msecs (HTTP/1.1 200) 4 headers in 157 bytes (1 switches on core 0)
2026-09-02 17:45:10.427 8 INFO neutron_taas.services.taas.taas_plugin [req-8da37cb0-d443-4337-985d-08584a8c51d5 req-3a475319-3dfb-4218-a339-7a4ca944b39c 2d736420feb54d5a9628cd398ffdea1c ba636c87dc1949b29107cab3eba97686 - - default default] TaaS: Handle Delete Port: 8de0485a-2f90-47aa-8844-fd2856c90abc
2026-09-02 17:45:10.430 8 INFO neutron_taas.services.taas.tap_mirror_plugin [req-8da37cb0-d443-4337-985d-08584a8c51d5 req-3a475319-3dfb-4218-a339-7a4ca944b39c 2d736420feb54d5a9628cd398ffdea1c ba636c87dc1949b29107cab3eba97686 - - default default] Tap Mirror: Handle Delete Port: 8de0485a-2f90-47aa-8844-fd2856c90abc
2026-09-02 17:45:10.458 7 INFO neutron.db.ovn_revision_numbers_db [None req-e3c7274b-b1b6-416a-9990-eb1956d0d9c8 311cf6758c3e448f90fa66417b36554f 0a91da7febc24f76964f19b9f09d7e71 - - default default] Successfully bumped revision number for resource f9e2bcee-e2bb-4134-a32a-55d4dce50aae (type: router_ports) to 1
2026-09-02 17:45:10.461 8 INFO neutron.db.ovn_revision_numbers_db [None req-43ccb863-f18f-467f-b4dc-6219a0ef2a78 - - - - - -] Successfully bumped revision number for resource ab3acbb2-8c93-489f-a144-c86e3b397fd1 (type: ports) to 5 [pid: 7|app: 0|req: 787/1602] 10.0.0.53 () {34 vars in 782 bytes} [Wed Sep 2 17:45:08 2026] PUT /v2.0/routers/a5cbe1a8-bdec-4411-85a4-e4011618f957/add_router_interface => generated 309 bytes in 2089 msecs (HTTP/1.1 200) 4 headers in 157 bytes (1 switches on core 0)
2026-09-02 17:45:10.631 7 INFO neutron.db.ovn_revision_numbers_db [None req-a918dd8f-f25b-44d3-b1da-7376e12f36f0 471a393c54ec4719a323995d85403562 5a1f2a1ac4d947238939384068a10ca3 - - default default] Successfully bumped revision number for resource 59ecfe88-d563-431c-bb23-fff42eade34f (type: routers) to 1 [pid: 7|app: 0|req: 788/1603] 10.0.0.53 () {34 vars in 668 bytes} [Wed Sep 2 17:45:10 2026] POST /v2.0/routers => generated 606 bytes in 180 msecs (HTTP/1.1 201) 4 headers in 162 bytes (1 switches on core 0) [pid: 7|app: 0|req: 789/1604] 10.0.0.235 () {34 vars in 1040 bytes} [Wed Sep 2 17:45:10 2026] GET /v2.0/security-groups?id=6f147a0a-b924-4fb7-87a2-1da1ca0b7271&fields=id&fields=name => generated 114 bytes in 28 msecs (HTTP/1.1 200) 4 headers in 157 bytes (1 switches on core 0)
2026-09-02 17:45:10.765 8 INFO neutron.db.l3_db [req-8da37cb0-d443-4337-985d-08584a8c51d5 req-3a475319-3dfb-4218-a339-7a4ca944b39c 2d736420feb54d5a9628cd398ffdea1c ba636c87dc1949b29107cab3eba97686 - - default default] Floating IP 0577446d-ab36-40f0-9077-c185705fcfff disassociated. External IP: 10.96.250.207, port: 8de0485a-2f90-47aa-8844-fd2856c90abc. [pid: 8|app: 0|req: 816/1607] 162.253.55.71 () {36 vars in 996 bytes} [Wed Sep 2 17:45:10 2026] DELETE /v2.0/ports/8de0485a-2f90-47aa-8844-fd2856c90abc => generated 0 bytes in 793 msecs (HTTP/1.1 204) 3 headers in 131 bytes (1 switches on core 0)
2026-09-02 17:45:10.978 8 INFO neutron.notifiers.nova [-] Nova event matching ['req-2d07f896-3270-41c7-aab1-96733e19593f'] response: {'server_uuid': '90e914bd-a83d-4aec-af6e-26ef6d0d2f2a', 'name': 'network-vif-deleted', 'tag': '8de0485a-2f90-47aa-8844-fd2856c90abc', 'status': 'completed', 'code': 200}
2026-09-02 17:45:11.118 7 WARNING neutron.scheduler.dhcp_agent_scheduler [None req-1c49cd47-f31f-4cb2-be36-c2ad4f921383 471a393c54ec4719a323995d85403562 5a1f2a1ac4d947238939384068a10ca3 - - default default] No more DHCP agents
2026-09-02 17:45:11.121 7 WARNING neutron.api.rpc.agentnotifiers.dhcp_rpc_agent_api [None req-1c49cd47-f31f-4cb2-be36-c2ad4f921383 471a393c54ec4719a323995d85403562 5a1f2a1ac4d947238939384068a10ca3 - - default default] Unable to schedule network 91237a34-012e-4b14-bf4f-fe259b758961: no agents available; will retry on subsequent port and subnet creation events.
2026-09-02 17:45:11.270 7 INFO neutron.db.ovn_revision_numbers_db [None req-1c49cd47-f31f-4cb2-be36-c2ad4f921383 471a393c54ec4719a323995d85403562 5a1f2a1ac4d947238939384068a10ca3 - - default default] Successfully bumped revision number for resource 1370f8d2-6453-433b-9399-8f0dd53a62c5 (type: ports) to 1
2026-09-02 17:45:11.430 7 INFO neutron.plugins.ml2.drivers.ovn.mech_driver.mech_driver [None req-f8c8ba44-b6dc-44fe-ab16-c0b41fe57dca - - - - - -] OVN reports status down for port: f9e2bcee-e2bb-4134-a32a-55d4dce50aae
2026-09-02 17:45:11.507 8 INFO neutron.db.ovn_revision_numbers_db [None req-6869e327-7f9b-4c3b-9d20-4150bd649ae4 6f94f35893d646779308c6a88e2bba4c f776f5d4d6cd40e690a59013f296d38f - - default default] Successfully bumped revision number for resource 763b5fa0-8f5d-4ccf-b227-85d7619873a1 (type: security_groups) to 1
2026-09-02 17:45:11.522 8 INFO neutron.db.ovn_revision_numbers_db [None req-6869e327-7f9b-4c3b-9d20-4150bd649ae4 6f94f35893d646779308c6a88e2bba4c f776f5d4d6cd40e690a59013f296d38f - - default default] Successfully bumped revision number for resource 336629db-1285-4510-9916-e74f02aa3db5 (type: security_group_rules) to 0
2026-09-02 17:45:11.544 8 INFO neutron.db.ovn_revision_numbers_db [None req-6869e327-7f9b-4c3b-9d20-4150bd649ae4 6f94f35893d646779308c6a88e2bba4c f776f5d4d6cd40e690a59013f296d38f - - default default] Successfully bumped revision number for resource 893f7c99-0b44-4995-b26f-625e551719be (type: security_group_rules) to 0
2026-09-02 17:45:11.553 7 INFO neutron.plugins.ml2.drivers.ovn.mech_driver.mech_driver [None req-f8c8ba44-b6dc-44fe-ab16-c0b41fe57dca - - - - - -] OVN reports status down for port: b3a94d16-fee4-407b-8adb-8ca78ffe9250
2026-09-02 17:45:11.560 8 INFO neutron.db.ovn_revision_numbers_db [None req-6869e327-7f9b-4c3b-9d20-4150bd649ae4 6f94f35893d646779308c6a88e2bba4c f776f5d4d6cd40e690a59013f296d38f - - default default] Successfully bumped revision number for resource b32cd979-79d8-44cb-b83e-2b9e8fc2d8e9 (type: security_group_rules) to 0
2026-09-02 17:45:11.576 8 INFO neutron.db.ovn_revision_numbers_db [None req-6869e327-7f9b-4c3b-9d20-4150bd649ae4 6f94f35893d646779308c6a88e2bba4c f776f5d4d6cd40e690a59013f296d38f - - default default] Successfully bumped revision number for resource c6ac3fbf-c547-42e6-90df-9efab897f34f (type: security_group_rules) to 0
2026-09-02 17:45:11.652 7 INFO neutron.plugins.ml2.drivers.ovn.mech_driver.mech_driver [None req-f8c8ba44-b6dc-44fe-ab16-c0b41fe57dca - - - - - -] OVN reports status up for port: f9e2bcee-e2bb-4134-a32a-55d4dce50aae
2026-09-02 17:45:11.665 7 INFO neutron.plugins.ml2.plugin [None req-f8c8ba44-b6dc-44fe-ab16-c0b41fe57dca - - - - - -] Attempt 1 to provision port f9e2bcee-e2bb-4134-a32a-55d4dce50aae
2026-09-02 17:45:11.670 8 INFO neutron.db.segments_db [None req-6869e327-7f9b-4c3b-9d20-4150bd649ae4 6f94f35893d646779308c6a88e2bba4c f776f5d4d6cd40e690a59013f296d38f - - default default] Added segment 2d0414c8-df06-428e-8998-0bda8bded865 of type geneve for network c2c20fa7-90a1-4435-9dd9-b7eca33371d1
2026-09-02 17:45:11.768 8 INFO neutron.db.ovn_revision_numbers_db [None req-6869e327-7f9b-4c3b-9d20-4150bd649ae4 6f94f35893d646779308c6a88e2bba4c f776f5d4d6cd40e690a59013f296d38f - - default default] Successfully bumped revision number for resource c2c20fa7-90a1-4435-9dd9-b7eca33371d1 (type: networks) to 1
2026-09-02 17:45:11.882 8 WARNING neutron.scheduler.dhcp_agent_scheduler [None req-6869e327-7f9b-4c3b-9d20-4150bd649ae4 6f94f35893d646779308c6a88e2bba4c f776f5d4d6cd40e690a59013f296d38f - - default default] No more DHCP agents
2026-09-02 17:45:11.884 8 WARNING neutron.api.rpc.agentnotifiers.dhcp_rpc_agent_api [None req-6869e327-7f9b-4c3b-9d20-4150bd649ae4 6f94f35893d646779308c6a88e2bba4c f776f5d4d6cd40e690a59013f296d38f - - default default] Unable to schedule network c2c20fa7-90a1-4435-9dd9-b7eca33371d1: no agents available; will retry on subsequent port and subnet creation events.
2026-09-02 17:45:11.954 8 INFO neutron.plugins.ml2.drivers.ovn.mech_driver.mech_driver [None req-312932a1-e7ba-41cc-a612-197d29021d35 - - - - - -] OVN reports status down for port: bef38a5a-7a08-4c9d-adbf-2d6b4fccd991
2026-09-02 17:45:12.068 8 INFO neutron.db.ovn_revision_numbers_db [None req-6869e327-7f9b-4c3b-9d20-4150bd649ae4 6f94f35893d646779308c6a88e2bba4c f776f5d4d6cd40e690a59013f296d38f - - default default] Successfully bumped revision number for resource bef38a5a-7a08-4c9d-adbf-2d6b4fccd991 (type: ports) to 1 [pid: 8|app: 0|req: 817/1608] 10.0.0.53 () {34 vars in 669 bytes} [Wed Sep 2 17:45:11 2026] POST /v2.0/networks => generated 767 bytes in 1004 msecs (HTTP/1.1 201) 4 headers in 162 bytes (1 switches on core 0)
2026-09-02 17:45:12.230 7 WARNING neutron.scheduler.dhcp_agent_scheduler [None req-1c49cd47-f31f-4cb2-be36-c2ad4f921383 471a393c54ec4719a323995d85403562 5a1f2a1ac4d947238939384068a10ca3 - - default default] No more DHCP agents
2026-09-02 17:45:12.234 7 WARNING neutron.api.rpc.agentnotifiers.dhcp_rpc_agent_api [None req-1c49cd47-f31f-4cb2-be36-c2ad4f921383 471a393c54ec4719a323995d85403562 5a1f2a1ac4d947238939384068a10ca3 - - default default] Unable to schedule network 91237a34-012e-4b14-bf4f-fe259b758961: no agents available; will retry on subsequent port and subnet creation events.
2026-09-02 17:45:12.304 8 INFO neutron.db.ovn_revision_numbers_db [None req-101131b5-461f-4947-a47b-3ecc5471f438 311cf6758c3e448f90fa66417b36554f 0a91da7febc24f76964f19b9f09d7e71 - - default default] Successfully bumped revision number for resource 680ff913-9f68-4410-8bef-73c584a8d5f8 (type: security_groups) to 1
2026-09-02 17:45:12.316 8 INFO neutron.db.ovn_revision_numbers_db [None req-101131b5-461f-4947-a47b-3ecc5471f438 311cf6758c3e448f90fa66417b36554f 0a91da7febc24f76964f19b9f09d7e71 - - default default] Successfully bumped revision number for resource 1d619334-f18c-4890-98ac-bf1e0574493d (type: security_group_rules) to 0
2026-09-02 17:45:12.328 8 INFO neutron.db.ovn_revision_numbers_db [None req-101131b5-461f-4947-a47b-3ecc5471f438 311cf6758c3e448f90fa66417b36554f 0a91da7febc24f76964f19b9f09d7e71 - - default default] Successfully bumped revision number for resource 3c86a0d3-3b90-4d3a-be6a-13d3366ad417 (type: security_group_rules) to 0
2026-09-02 17:45:12.340 8 INFO neutron.db.ovn_revision_numbers_db [None req-101131b5-461f-4947-a47b-3ecc5471f438 311cf6758c3e448f90fa66417b36554f 0a91da7febc24f76964f19b9f09d7e71 - - default default] Successfully bumped revision number for resource 5a5774e2-59cd-4873-a689-27fd11e4e6d7 (type: security_group_rules) to 0
2026-09-02 17:45:12.352 8 INFO neutron.db.ovn_revision_numbers_db [None req-101131b5-461f-4947-a47b-3ecc5471f438 311cf6758c3e448f90fa66417b36554f 0a91da7febc24f76964f19b9f09d7e71 - - default default] Successfully bumped revision number for resource 768182e2-a6cb-4a3b-aa67-141ecb5bee62 (type: security_group_rules) to 0
2026-09-02 17:45:12.458 8 INFO neutron.db.segments_db [None req-101131b5-461f-4947-a47b-3ecc5471f438 311cf6758c3e448f90fa66417b36554f 0a91da7febc24f76964f19b9f09d7e71 - - default default] Added segment f9f9ab0e-b79c-4937-a788-0664795ae795 of type geneve for network 91a501cd-b71f-402c-8cf6-9d29bcd4566f
2026-09-02 17:45:12.532 7 INFO neutron.db.ovn_revision_numbers_db [None req-f8c8ba44-b6dc-44fe-ab16-c0b41fe57dca - - - - - -] Successfully bumped revision number for resource f9e2bcee-e2bb-4134-a32a-55d4dce50aae (type: ports) to 2
2026-09-02 17:45:12.664 8 INFO neutron.db.ovn_revision_numbers_db [None req-101131b5-461f-4947-a47b-3ecc5471f438 311cf6758c3e448f90fa66417b36554f 0a91da7febc24f76964f19b9f09d7e71 - - default default] Successfully bumped revision number for resource 91a501cd-b71f-402c-8cf6-9d29bcd4566f (type: networks) to 1
2026-09-02 17:45:12.799 7 INFO neutron.db.ovn_revision_numbers_db [None req-1c49cd47-f31f-4cb2-be36-c2ad4f921383 471a393c54ec4719a323995d85403562 5a1f2a1ac4d947238939384068a10ca3 - - default default] Successfully bumped revision number for resource 1370f8d2-6453-433b-9399-8f0dd53a62c5 (type: router_ports) to 1 [pid: 7|app: 0|req: 792/1609] 10.0.0.53 () {34 vars in 782 bytes} [Wed Sep 2 17:45:10 2026] PUT /v2.0/routers/59ecfe88-d563-431c-bb23-fff42eade34f/add_router_interface => generated 309 bytes in 2129 msecs (HTTP/1.1 200) 4 headers in 157 bytes (1 switches on core 0)
2026-09-02 17:45:12.868 8 WARNING neutron.scheduler.dhcp_agent_scheduler [None req-101131b5-461f-4947-a47b-3ecc5471f438 311cf6758c3e448f90fa66417b36554f 0a91da7febc24f76964f19b9f09d7e71 - - default default] No more DHCP agents
