2026-07-30 02:10:11.321 7 INFO neutron.api.v2.resource [None req-fc402e04-0446-4bd7-8740-3e07c065913e 2492600a09c7448eb580d2b83b8715d5 90a6d27d234e45939ef3d33e834417a0 - - default default] delete failed (client error): The resource could not be found. [pid: 7|app: 0|req: 1167/2204] 10.0.0.166 () {32 vars in 762 bytes} [Thu Jul 30 02:10:11 2026] DELETE /v2.0/vpn/ipsec-site-connections/cfd6dc96-aa65-42cb-980e-07754d5ca72d => generated 154 bytes in 25 msecs (HTTP/1.1 404) 4 headers in 164 bytes (1 switches on core 0) [pid: 7|app: 0|req: 1168/2205] 10.0.0.166 () {34 vars in 693 bytes} [Thu Jul 30 02:10:11 2026] POST /v2.0/vpn/endpoint-groups => generated 290 bytes in 81 msecs (HTTP/1.1 201) 4 headers in 162 bytes (1 switches on core 0) [pid: 8|app: 0|req: 1038/2206] 10.0.0.166 () {32 vars in 740 bytes} [Thu Jul 30 02:10:11 2026] DELETE /v2.0/security-groups/9660c5b2-94c4-47cb-948d-72459a5dff8d => generated 0 bytes in 342 msecs (HTTP/1.1 204) 2 headers in 112 bytes (1 switches on core 0) [pid: 7|app: 0|req: 1169/2207] 10.0.0.166 () {30 vars in 702 bytes} [Thu Jul 30 02:10:11 2026] PUT /v2.0/vpn/endpoint-groups/10b954c0-2d96-4b39-90e8-f81e793fa478 => generated 290 bytes in 34 msecs (HTTP/1.1 200) 4 headers in 157 bytes (1 switches on core 0) [pid: 8|app: 0|req: 1039/2208] 10.0.0.166 () {32 vars in 745 bytes} [Thu Jul 30 02:10:11 2026] GET /v2.0/vpn/endpoint-groups/10b954c0-2d96-4b39-90e8-f81e793fa478 => generated 290 bytes in 14 msecs (HTTP/1.1 200) 4 headers in 157 bytes (1 switches on core 0) [pid: 7|app: 0|req: 1170/2209] 10.0.0.166 () {32 vars in 748 bytes} [Thu Jul 30 02:10:11 2026] DELETE /v2.0/vpn/endpoint-groups/10b954c0-2d96-4b39-90e8-f81e793fa478 => generated 0 bytes in 50 msecs (HTTP/1.1 204) 2 headers in 112 bytes (1 switches on core 0) [pid: 8|app: 0|req: 1040/2210] 10.0.0.166 () {32 vars in 671 bytes} [Thu Jul 30 02:10:11 2026] GET /v2.0/vpn/endpoint-groups => generated 633 bytes in 27 msecs (HTTP/1.1 200) 4 headers in 157 bytes (1 switches on core 0) [pid: 7|app: 0|req: 1171/2211] 10.0.0.166 () {32 vars in 671 bytes} [Thu Jul 30 02:10:11 2026] GET /v2.0/vpn/endpoint-groups => generated 633 bytes in 12 msecs (HTTP/1.1 200) 4 headers in 157 bytes (1 switches on core 0) [pid: 8|app: 0|req: 1041/2212] 10.0.0.166 () {34 vars in 685 bytes} [Thu Jul 30 02:10:11 2026] POST /v2.0/vpn/ikepolicies => generated 402 bytes in 43 msecs (HTTP/1.1 201) 4 headers in 162 bytes (1 switches on core 0) [pid: 8|app: 0|req: 1042/2213] 10.0.0.166 () {30 vars in 695 bytes} [Thu Jul 30 02:10:11 2026] PUT /v2.0/vpn/ikepolicies/7bfd0c5b-9bbf-4893-9145-625cbed7428a => generated 418 bytes in 50 msecs (HTTP/1.1 200) 4 headers in 157 bytes (1 switches on core 0) [pid: 8|app: 0|req: 1043/2214] 10.0.0.166 () {32 vars in 737 bytes} [Thu Jul 30 02:10:11 2026] GET /v2.0/vpn/ikepolicies/7bfd0c5b-9bbf-4893-9145-625cbed7428a => generated 418 bytes in 12 msecs (HTTP/1.1 200) 4 headers in 157 bytes (1 switches on core 0) [pid: 8|app: 0|req: 1044/2215] 10.0.0.166 () {32 vars in 740 bytes} [Thu Jul 30 02:10:11 2026] DELETE /v2.0/vpn/ikepolicies/7bfd0c5b-9bbf-4893-9145-625cbed7428a => generated 0 bytes in 45 msecs (HTTP/1.1 204) 2 headers in 112 bytes (1 switches on core 0)
2026-07-30 02:10:11.758 7 INFO neutron.db.ovn_revision_numbers_db [None req-e8cd9b29-7684-45ca-91d6-256a4e6766c7 ec00f29e24c94212824a4b97fe61713c 53c446d1ab1f46d487984e0886447460 - - default default] Successfully bumped revision number for resource 45e7844e-302f-4e6d-bbbb-8e362f2b7c7a (type: security_groups) to 1
2026-07-30 02:10:11.772 7 INFO neutron.db.ovn_revision_numbers_db [None req-e8cd9b29-7684-45ca-91d6-256a4e6766c7 ec00f29e24c94212824a4b97fe61713c 53c446d1ab1f46d487984e0886447460 - - default default] Successfully bumped revision number for resource 48560162-2672-4c75-b739-3190502ddcec (type: security_group_rules) to 0 [pid: 8|app: 0|req: 1045/2216] 10.0.0.166 () {32 vars in 663 bytes} [Thu Jul 30 02:10:11 2026] GET /v2.0/vpn/ikepolicies => generated 408 bytes in 18 msecs (HTTP/1.1 200) 4 headers in 157 bytes (1 switches on core 0)
2026-07-30 02:10:11.789 7 INFO neutron.db.ovn_revision_numbers_db [None req-e8cd9b29-7684-45ca-91d6-256a4e6766c7 ec00f29e24c94212824a4b97fe61713c 53c446d1ab1f46d487984e0886447460 - - default default] Successfully bumped revision number for resource 68e9f08a-7b13-444e-9dbe-7e5cec358a3b (type: security_group_rules) to 0 [pid: 8|app: 0|req: 1046/2217] 10.0.0.166 () {32 vars in 663 bytes} [Thu Jul 30 02:10:11 2026] GET /v2.0/vpn/ikepolicies => generated 408 bytes in 12 msecs (HTTP/1.1 200) 4 headers in 157 bytes (1 switches on core 0)
2026-07-30 02:10:11.801 7 INFO neutron.db.ovn_revision_numbers_db [None req-e8cd9b29-7684-45ca-91d6-256a4e6766c7 ec00f29e24c94212824a4b97fe61713c 53c446d1ab1f46d487984e0886447460 - - default default] Successfully bumped revision number for resource 6baf8bbb-cdc3-4f04-8f11-140a6eb0ace3 (type: security_group_rules) to 0
2026-07-30 02:10:11.816 7 INFO neutron.db.ovn_revision_numbers_db [None req-e8cd9b29-7684-45ca-91d6-256a4e6766c7 ec00f29e24c94212824a4b97fe61713c 53c446d1ab1f46d487984e0886447460 - - default default] Successfully bumped revision number for resource c50c7f42-6997-404f-8c38-61d49315583b (type: security_group_rules) to 0 [pid: 8|app: 0|req: 1047/2218] 10.0.0.166 () {34 vars in 689 bytes} [Thu Jul 30 02:10:11 2026] POST /v2.0/vpn/ipsecpolicies => generated 412 bytes in 54 msecs (HTTP/1.1 201) 4 headers in 162 bytes (1 switches on core 0) [pid: 7|app: 0|req: 1172/2219] 10.0.0.166 () {32 vars in 774 bytes} [Thu Jul 30 02:10:11 2026] GET /v2.0/security-groups?tenant_id=3598ea2273eb4efa9456fa97ce5efb2d&name=default => generated 2925 bytes in 251 msecs (HTTP/1.1 200) 4 headers in 158 bytes (1 switches on core 0) [pid: 8|app: 0|req: 1048/2220] 10.0.0.166 () {30 vars in 699 bytes} [Thu Jul 30 02:10:11 2026] PUT /v2.0/vpn/ipsecpolicies/5a5dc5cf-c12b-4dbd-be2c-bc14f09417d4 => generated 431 bytes in 29 msecs (HTTP/1.1 200) 4 headers in 157 bytes (1 switches on core 0) [pid: 8|app: 0|req: 1049/2221] 10.0.0.166 () {32 vars in 744 bytes} [Thu Jul 30 02:10:11 2026] DELETE /v2.0/vpn/ipsecpolicies/5a5dc5cf-c12b-4dbd-be2c-bc14f09417d4 => generated 0 bytes in 46 msecs (HTTP/1.1 204) 2 headers in 112 bytes (1 switches on core 0)
2026-07-30 02:10:11.962 8 INFO neutron.api.v2.resource [None req-43b45b7e-970f-4926-b5f2-505db83abba6 2492600a09c7448eb580d2b83b8715d5 90a6d27d234e45939ef3d33e834417a0 - - default default] delete failed (client error): The resource could not be found. [pid: 8|app: 0|req: 1050/2222] 10.0.0.166 () {32 vars in 744 bytes} [Thu Jul 30 02:10:11 2026] DELETE /v2.0/vpn/ipsecpolicies/5a5dc5cf-c12b-4dbd-be2c-bc14f09417d4 => generated 145 bytes in 10 msecs (HTTP/1.1 404) 4 headers in 164 bytes (1 switches on core 0)
2026-07-30 02:10:11.979 8 INFO neutron.api.v2.resource [None req-3b97ee86-8c5a-46ae-9a0f-d2f303428a4f 2492600a09c7448eb580d2b83b8715d5 90a6d27d234e45939ef3d33e834417a0 - - default default] delete failed (client error): The resource could not be found. [pid: 8|app: 0|req: 1051/2223] 10.0.0.166 () {32 vars in 744 bytes} [Thu Jul 30 02:10:11 2026] DELETE /v2.0/vpn/ipsecpolicies/5a5dc5cf-c12b-4dbd-be2c-bc14f09417d4 => generated 145 bytes in 8 msecs (HTTP/1.1 404) 4 headers in 164 bytes (1 switches on core 0)
2026-07-30 02:10:12.110 8 INFO neutron.db.segments_db [None req-bde8b944-a261-47e8-8a9c-5848ec17e3c4 2492600a09c7448eb580d2b83b8715d5 90a6d27d234e45939ef3d33e834417a0 - - default default] Added segment af10d5a4-8179-48e8-8b7e-68f196cd9631 of type geneve for network 3d418016-3bf0-4cd3-8af8-f5269828c850 [pid: 7|app: 0|req: 1173/2224] 10.0.0.166 () {32 vars in 740 bytes} [Thu Jul 30 02:10:11 2026] DELETE /v2.0/security-groups/45e7844e-302f-4e6d-bbbb-8e362f2b7c7a => generated 0 bytes in 265 msecs (HTTP/1.1 204) 2 headers in 112 bytes (1 switches on core 0)
2026-07-30 02:10:12.242 8 INFO neutron.db.ovn_revision_numbers_db [None req-bde8b944-a261-47e8-8a9c-5848ec17e3c4 2492600a09c7448eb580d2b83b8715d5 90a6d27d234e45939ef3d33e834417a0 - - default default] Successfully bumped revision number for resource 3d418016-3bf0-4cd3-8af8-f5269828c850 (type: networks) to 1
2026-07-30 02:10:12.398 7 INFO neutron.db.ovn_revision_numbers_db [None req-15721eaa-ddb1-4ae7-b45d-fb578da99e4a ec00f29e24c94212824a4b97fe61713c 53c446d1ab1f46d487984e0886447460 - - default default] Successfully bumped revision number for resource 95c4fe37-241c-4d31-ac44-3406c0e645fa (type: security_groups) to 1
2026-07-30 02:10:12.413 7 INFO neutron.db.ovn_revision_numbers_db [None req-15721eaa-ddb1-4ae7-b45d-fb578da99e4a ec00f29e24c94212824a4b97fe61713c 53c446d1ab1f46d487984e0886447460 - - default default] Successfully bumped revision number for resource 37bca67e-9455-4908-86c4-65ba12e8694b (type: security_group_rules) to 0
2026-07-30 02:10:12.419 8 WARNING neutron.scheduler.dhcp_agent_scheduler [None req-bde8b944-a261-47e8-8a9c-5848ec17e3c4 2492600a09c7448eb580d2b83b8715d5 90a6d27d234e45939ef3d33e834417a0 - - default default] No more DHCP agents
2026-07-30 02:10:12.420 8 WARNING neutron.api.rpc.agentnotifiers.dhcp_rpc_agent_api [None req-bde8b944-a261-47e8-8a9c-5848ec17e3c4 2492600a09c7448eb580d2b83b8715d5 90a6d27d234e45939ef3d33e834417a0 - - default default] Unable to schedule network 3d418016-3bf0-4cd3-8af8-f5269828c850: no agents available; will retry on subsequent port and subnet creation events.
2026-07-30 02:10:12.426 7 INFO neutron.db.ovn_revision_numbers_db [None req-15721eaa-ddb1-4ae7-b45d-fb578da99e4a ec00f29e24c94212824a4b97fe61713c 53c446d1ab1f46d487984e0886447460 - - default default] Successfully bumped revision number for resource 39f9ba02-b24a-4758-88e4-3c67a6699289 (type: security_group_rules) to 0
2026-07-30 02:10:12.439 7 INFO neutron.db.ovn_revision_numbers_db [None req-15721eaa-ddb1-4ae7-b45d-fb578da99e4a ec00f29e24c94212824a4b97fe61713c 53c446d1ab1f46d487984e0886447460 - - default default] Successfully bumped revision number for resource 6d8e963d-79cc-461b-a63e-3d8bf1d4855b (type: security_group_rules) to 0
2026-07-30 02:10:12.469 7 INFO neutron.db.ovn_revision_numbers_db [None req-15721eaa-ddb1-4ae7-b45d-fb578da99e4a ec00f29e24c94212824a4b97fe61713c 53c446d1ab1f46d487984e0886447460 - - default default] Successfully bumped revision number for resource 9da41e61-c26e-4f96-919e-e4af0831eae5 (type: security_group_rules) to 0
2026-07-30 02:10:12.489 7 INFO neutron.plugins.ml2.drivers.ovn.mech_driver.mech_driver [None req-9db415fa-e914-4d92-b55a-999bcc28fc0c - - - - - -] OVN reports status down for port: 33616837-fcc8-4f35-9be1-cd922f56e3a2
2026-07-30 02:10:12.505 8 INFO neutron.db.ovn_revision_numbers_db [None req-bde8b944-a261-47e8-8a9c-5848ec17e3c4 2492600a09c7448eb580d2b83b8715d5 90a6d27d234e45939ef3d33e834417a0 - - default default] Successfully bumped revision number for resource 33616837-fcc8-4f35-9be1-cd922f56e3a2 (type: ports) to 1 [pid: 8|app: 0|req: 1052/2225] 10.0.0.166 () {34 vars in 670 bytes} [Thu Jul 30 02:10:11 2026] POST /v2.0/networks => generated 669 bytes in 567 msecs (HTTP/1.1 201) 4 headers in 162 bytes (1 switches on core 0) [pid: 7|app: 0|req: 1174/2226] 10.0.0.166 () {32 vars in 774 bytes} [Thu Jul 30 02:10:12 2026] GET /v2.0/security-groups?tenant_id=6c5c0810b94e4428bfa4b934ce4c7083&name=default => generated 2925 bytes in 325 msecs (HTTP/1.1 200) 4 headers in 158 bytes (1 switches on core 0)
2026-07-30 02:10:12.726 8 WARNING neutron.scheduler.dhcp_agent_scheduler [None req-3299276d-c637-4db5-a832-5a74a33dcdc2 2492600a09c7448eb580d2b83b8715d5 90a6d27d234e45939ef3d33e834417a0 - - default default] No more DHCP agents
2026-07-30 02:10:12.729 8 WARNING neutron.api.rpc.agentnotifiers.dhcp_rpc_agent_api [None req-3299276d-c637-4db5-a832-5a74a33dcdc2 2492600a09c7448eb580d2b83b8715d5 90a6d27d234e45939ef3d33e834417a0 - - default default] Unable to schedule network 3d418016-3bf0-4cd3-8af8-f5269828c850: no agents available; will retry on subsequent port and subnet creation events. [pid: 7|app: 0|req: 1175/2227] 10.0.0.166 () {32 vars in 740 bytes} [Thu Jul 30 02:10:12 2026] DELETE /v2.0/security-groups/95c4fe37-241c-4d31-ac44-3406c0e645fa => generated 0 bytes in 249 msecs (HTTP/1.1 204) 2 headers in 112 bytes (1 switches on core 0) [pid: 7|app: 0|req: 1176/2228] 10.0.0.176 () {34 vars in 990 bytes} [Thu Jul 30 02:10:12 2026] GET /v2.0/ports?device_id=2bc84e0f-db43-41a9-b63b-5025f399ae68 => generated 975 bytes in 89 msecs (HTTP/1.1 200) 4 headers in 157 bytes (1 switches on core 0) [pid: 7|app: 0|req: 1177/2229] 10.0.0.176 () {34 vars in 1040 bytes} [Thu Jul 30 02:10:12 2026] GET /v2.0/security-groups?id=35a97663-3fea-458e-8ac7-87a6deca646d&fields=id&fields=name => generated 88 bytes in 32 msecs (HTTP/1.1 200) 4 headers in 156 bytes (1 switches on core 0)
2026-07-30 02:10:13.203 8 INFO neutron.db.ovn_revision_numbers_db [None req-1b4ee7ed-d773-4462-81be-67bd528ecd1f - - - - - -] Successfully bumped revision number for resource 33616837-fcc8-4f35-9be1-cd922f56e3a2 (type: ports) to 2
2026-07-30 02:10:13.234 8 INFO neutron.db.ovn_revision_numbers_db [None req-1b4ee7ed-d773-4462-81be-67bd528ecd1f - - - - - -] Successfully bumped revision number for resource 6763b07b-9bad-4ecf-97a5-496142bf3cce (type: subnets) to 0 [pid: 8|app: 0|req: 1053/2230] 10.0.0.166 () {34 vars in 669 bytes} [Thu Jul 30 02:10:12 2026] POST /v2.0/subnets => generated 629 bytes in 691 msecs (HTTP/1.1 201) 4 headers in 162 bytes (1 switches on core 0)
2026-07-30 02:10:13.700 7 WARNING neutron.scheduler.dhcp_agent_scheduler [None req-04ae9799-ba23-4d16-a602-aa98d7298453 2492600a09c7448eb580d2b83b8715d5 90a6d27d234e45939ef3d33e834417a0 - - default default] No more DHCP agents
2026-07-30 02:10:13.702 7 WARNING neutron.api.rpc.agentnotifiers.dhcp_rpc_agent_api [None req-04ae9799-ba23-4d16-a602-aa98d7298453 2492600a09c7448eb580d2b83b8715d5 90a6d27d234e45939ef3d33e834417a0 - - default default] Unable to schedule network 68072575-a74a-4c1f-9354-993bb4ac0a3c: no agents available; will retry on subsequent port and subnet creation events.
2026-07-30 02:10:13.783 8 INFO neutron.plugins.ml2.drivers.ovn.mech_driver.mech_driver [None req-1a5846e7-8288-4d7d-b57c-a70403234777 - - - - - -] OVN reports status down for port: 78f18478-4bfd-4d79-844d-2088b454dac6
2026-07-30 02:10:13.877 7 INFO neutron.db.ovn_revision_numbers_db [None req-04ae9799-ba23-4d16-a602-aa98d7298453 2492600a09c7448eb580d2b83b8715d5 90a6d27d234e45939ef3d33e834417a0 - - default default] Successfully bumped revision number for resource ab592b0c-39cd-49fd-8580-c4699b7c362c (type: ports) to 1
2026-07-30 02:10:13.976 8 INFO neutron.notifiers.nova [-] Nova event matching ['req-ab18d7ca-7f00-4804-8a6d-7b7622c47f47'] response: {'server_uuid': '2bc84e0f-db43-41a9-b63b-5025f399ae68', 'name': 'network-vif-unplugged', 'status': 'completed', 'tag': '78f18478-4bfd-4d79-844d-2088b454dac6', 'code': 200} [pid: 8|app: 0|req: 1054/2231] 10.0.0.176 () {34 vars in 990 bytes} [Thu Jul 30 02:10:14 2026] GET /v2.0/ports?device_id=2bc84e0f-db43-41a9-b63b-5025f399ae68 => generated 973 bytes in 101 msecs (HTTP/1.1 200) 4 headers in 157 bytes (1 switches on core 0)
2026-07-30 02:10:14.185 8 INFO neutron.db.ovn_revision_numbers_db [None req-1a5846e7-8288-4d7d-b57c-a70403234777 - - - - - -] Successfully bumped revision number for resource 78f18478-4bfd-4d79-844d-2088b454dac6 (type: ports) to 6 [pid: 8|app: 0|req: 1055/2232] 10.0.0.176 () {34 vars in 1040 bytes} [Thu Jul 30 02:10:14 2026] GET /v2.0/security-groups?id=35a97663-3fea-458e-8ac7-87a6deca646d&fields=id&fields=name => generated 88 bytes in 46 msecs (HTTP/1.1 200) 4 headers in 156 bytes (1 switches on core 0)
2026-07-30 02:10:14.247 8 INFO neutron.plugins.ml2.drivers.ovn.mech_driver.mech_driver [None req-89be064d-950c-448d-a020-7d2454b8dd17 - - - - - -] OVN reports status down for port: ab592b0c-39cd-49fd-8580-c4699b7c362c
2026-07-30 02:10:14.567 7 INFO neutron.plugins.ml2.drivers.ovn.mech_driver.ovsdb.commands [None req-bb8cfbcf-6f29-45f4-a138-37d852644454 - - - - - -] Schedule LRP lrp-ab592b0c-39cd-49fd-8580-c4699b7c362c on gateway 5cd715d0-52b9-4a94-8c19-1c12ca826360 with priority 1
2026-07-30 02:10:14.606 8 INFO neutron.plugins.ml2.drivers.ovn.mech_driver.mech_driver [None req-89be064d-950c-448d-a020-7d2454b8dd17 - - - - - -] OVN reports status up for port: ab592b0c-39cd-49fd-8580-c4699b7c362c
2026-07-30 02:10:14.621 8 INFO neutron.plugins.ml2.plugin [None req-89be064d-950c-448d-a020-7d2454b8dd17 - - - - - -] Attempt 1 to provision port ab592b0c-39cd-49fd-8580-c4699b7c362c
2026-07-30 02:10:14.636 7 INFO neutron.db.ovn_revision_numbers_db [None req-04ae9799-ba23-4d16-a602-aa98d7298453 2492600a09c7448eb580d2b83b8715d5 90a6d27d234e45939ef3d33e834417a0 - - default default] Successfully bumped revision number for resource ab592b0c-39cd-49fd-8580-c4699b7c362c (type: router_ports) to 1
2026-07-30 02:10:14.702 7 INFO neutron.db.ovn_revision_numbers_db [None req-04ae9799-ba23-4d16-a602-aa98d7298453 2492600a09c7448eb580d2b83b8715d5 90a6d27d234e45939ef3d33e834417a0 - - default default] Successfully bumped revision number for resource 14e5ed7c-c7a4-4865-93ed-cd242d3dafa2 (type: routers) to 2 [pid: 7|app: 0|req: 1178/2233] 10.0.0.166 () {34 vars in 669 bytes} [Thu Jul 30 02:10:13 2026] POST /v2.0/routers => generated 937 bytes in 1469 msecs (HTTP/1.1 201) 4 headers in 162 bytes (1 switches on core 0) /var/lib/openstack/lib/python3.12/site-packages/pycadf/identifier.py:70: UserWarning: Invalid uuid: neutron. To ensure interoperability, identifiers should be a valid uuid. warnings.warn(('Invalid uuid: %s. To ensure interoperability, '
2026-07-30 02:10:15.090 7 INFO neutron.db.ovn_revision_numbers_db [None req-b3454244-e6fd-4cd5-abf9-b469178e4048 ec00f29e24c94212824a4b97fe61713c 53c446d1ab1f46d487984e0886447460 - - default default] Successfully bumped revision number for resource db1bbf35-8b1a-4b6b-b550-dc682dda864f (type: security_groups) to 1
2026-07-30 02:10:15.103 7 INFO neutron.db.ovn_revision_numbers_db [None req-b3454244-e6fd-4cd5-abf9-b469178e4048 ec00f29e24c94212824a4b97fe61713c 53c446d1ab1f46d487984e0886447460 - - default default] Successfully bumped revision number for resource 8476a44f-44af-4ad4-9bbe-a46c00dd3f13 (type: security_group_rules) to 0
2026-07-30 02:10:15.114 7 INFO neutron.db.ovn_revision_numbers_db [None req-b3454244-e6fd-4cd5-abf9-b469178e4048 ec00f29e24c94212824a4b97fe61713c 53c446d1ab1f46d487984e0886447460 - - default default] Successfully bumped revision number for resource 85b9c086-49b7-4211-958b-c3d30d5377a8 (type: security_group_rules) to 0
2026-07-30 02:10:15.125 7 INFO neutron.db.ovn_revision_numbers_db [None req-b3454244-e6fd-4cd5-abf9-b469178e4048 ec00f29e24c94212824a4b97fe61713c 53c446d1ab1f46d487984e0886447460 - - default default] Successfully bumped revision number for resource d0be403b-20b2-4447-a87e-fcb6ee00a85d (type: security_group_rules) to 0
2026-07-30 02:10:15.136 7 INFO neutron.db.ovn_revision_numbers_db [None req-b3454244-e6fd-4cd5-abf9-b469178e4048 ec00f29e24c94212824a4b97fe61713c 53c446d1ab1f46d487984e0886447460 - - default default] Successfully bumped revision number for resource ea9bbe98-dc8d-46e7-b9af-d0e735843f56 (type: security_group_rules) to 0 [pid: 7|app: 0|req: 1179/2234] 10.0.0.166 () {32 vars in 774 bytes} [Thu Jul 30 02:10:14 2026] GET /v2.0/security-groups?tenant_id=08f5dc08811546e2a524c8cced6435a7&name=default => generated 2925 bytes in 359 msecs (HTTP/1.1 200) 4 headers in 158 bytes (1 switches on core 0) [pid: 7|app: 0|req: 1180/2235] 199.204.45.235 () {34 vars in 994 bytes} [Thu Jul 30 02:10:15 2026] GET /v2.0/ports?device_id=2bc84e0f-db43-41a9-b63b-5025f399ae68 => generated 973 bytes in 27 msecs (HTTP/1.1 200) 4 headers in 157 bytes (1 switches on core 0)
2026-07-30 02:10:15.234 8 WARNING neutron.scheduler.dhcp_agent_scheduler [None req-9989b1eb-e922-4f7e-bca3-9146193b93d7 2492600a09c7448eb580d2b83b8715d5 90a6d27d234e45939ef3d33e834417a0 - - default default] No more DHCP agents
2026-07-30 02:10:15.235 8 WARNING neutron.api.rpc.agentnotifiers.dhcp_rpc_agent_api [None req-9989b1eb-e922-4f7e-bca3-9146193b93d7 2492600a09c7448eb580d2b83b8715d5 90a6d27d234e45939ef3d33e834417a0 - - default default] Unable to schedule network 3d418016-3bf0-4cd3-8af8-f5269828c850: no agents available; will retry on subsequent port and subnet creation events.
2026-07-30 02:10:15.387 8 INFO neutron.db.ovn_revision_numbers_db [None req-9989b1eb-e922-4f7e-bca3-9146193b93d7 2492600a09c7448eb580d2b83b8715d5 90a6d27d234e45939ef3d33e834417a0 - - default default] Successfully bumped revision number for resource ea2ee64c-03dc-4290-9be1-2187b276e05f (type: ports) to 1 [pid: 7|app: 0|req: 1181/2236] 10.0.0.166 () {32 vars in 740 bytes} [Thu Jul 30 02:10:15 2026] DELETE /v2.0/security-groups/db1bbf35-8b1a-4b6b-b550-dc682dda864f => generated 0 bytes in 203 msecs (HTTP/1.1 204) 2 headers in 112 bytes (1 switches on core 0)
2026-07-30 02:10:15.530 7 INFO neutron_taas.services.taas.taas_plugin [req-e08710a7-0a5b-4bac-aadc-cc089b81eebc req-5c709151-b7a3-4f72-8750-288f5aa8984d 1864a245729d4074b3015e5456f8b842 4ce770589e864b25aaca28d23df66d85 - - default default] TaaS: Handle Delete Port: 78f18478-4bfd-4d79-844d-2088b454dac6
2026-07-30 02:10:15.533 7 INFO neutron_taas.services.taas.tap_mirror_plugin [req-e08710a7-0a5b-4bac-aadc-cc089b81eebc req-5c709151-b7a3-4f72-8750-288f5aa8984d 1864a245729d4074b3015e5456f8b842 4ce770589e864b25aaca28d23df66d85 - - default default] Tap Mirror: Handle Delete Port: 78f18478-4bfd-4d79-844d-2088b454dac6 [pid: 7|app: 0|req: 1182/2237] 199.204.45.235 () {36 vars in 997 bytes} [Thu Jul 30 02:10:15 2026] DELETE /v2.0/ports/78f18478-4bfd-4d79-844d-2088b454dac6 => generated 0 bytes in 307 msecs (HTTP/1.1 204) 3 headers in 131 bytes (1 switches on core 0) [pid: 7|app: 0|req: 1183/2238] 10.0.0.176 () {34 vars in 990 bytes} [Thu Jul 30 02:10:15 2026] GET /v2.0/ports?device_id=2bc84e0f-db43-41a9-b63b-5025f399ae68 => generated 12 bytes in 25 msecs (HTTP/1.1 200) 4 headers in 156 bytes (1 switches on core 0)
2026-07-30 02:10:15.768 7 INFO neutron.notifiers.nova [-] Nova event matching ['req-0683ece9-d362-43d4-a69e-dc529c4f8099'] response: {'server_uuid': '2bc84e0f-db43-41a9-b63b-5025f399ae68', 'name': 'network-vif-deleted', 'tag': '78f18478-4bfd-4d79-844d-2088b454dac6', 'status': 'completed', 'code': 200}
2026-07-30 02:10:16.018 8 INFO neutron.notifiers.nova [-] Nova event matching ['req-2d962e36-c2c7-4266-af0a-f852b61c63a2'] response: {'server_uuid': '2bc84e0f-db43-41a9-b63b-5025f399ae68', 'name': 'network-vif-unplugged', 'status': 'completed', 'tag': '78f18478-4bfd-4d79-844d-2088b454dac6', 'code': 200}
2026-07-30 02:10:16.188 8 WARNING neutron.scheduler.dhcp_agent_scheduler [None req-9989b1eb-e922-4f7e-bca3-9146193b93d7 2492600a09c7448eb580d2b83b8715d5 90a6d27d234e45939ef3d33e834417a0 - - default default] No more DHCP agents
2026-07-30 02:10:16.190 8 WARNING neutron.api.rpc.agentnotifiers.dhcp_rpc_agent_api [None req-9989b1eb-e922-4f7e-bca3-9146193b93d7 2492600a09c7448eb580d2b83b8715d5 90a6d27d234e45939ef3d33e834417a0 - - default default] Unable to schedule network 3d418016-3bf0-4cd3-8af8-f5269828c850: no agents available; will retry on subsequent port and subnet creation events.
2026-07-30 02:10:16.695 8 INFO neutron.db.ovn_revision_numbers_db [None req-9989b1eb-e922-4f7e-bca3-9146193b93d7 2492600a09c7448eb580d2b83b8715d5 90a6d27d234e45939ef3d33e834417a0 - - default default] Successfully bumped revision number for resource ea2ee64c-03dc-4290-9be1-2187b276e05f (type: router_ports) to 1 [pid: 8|app: 0|req: 1056/2239] 10.0.0.166 () {34 vars in 783 bytes} [Thu Jul 30 02:10:14 2026] PUT /v2.0/routers/14e5ed7c-c7a4-4865-93ed-cd242d3dafa2/add_router_interface => generated 309 bytes in 1973 msecs (HTTP/1.1 200) 4 headers in 157 bytes (1 switches on core 0) [pid: 8|app: 0|req: 1057/2240] 10.0.0.176 () {34 vars in 990 bytes} [Thu Jul 30 02:10:16 2026] GET /v2.0/ports?device_id=2bc84e0f-db43-41a9-b63b-5025f399ae68 => generated 12 bytes in 24 msecs (HTTP/1.1 200) 4 headers in 156 bytes (1 switches on core 0)
2026-07-30 02:10:17.361 8 INFO neutron.db.ovn_revision_numbers_db [None req-ccfa6483-b78c-4e6e-8bc5-a071a0935f44 6d4d12115c0a4e05bf2cdae9c04cea55 c99c0431d00c47d8a4a848b44d3546a8 - - default default] Successfully bumped revision number for resource 3f539166-515f-43b6-bad7-61b08ac3c799 (type: security_groups) to 1
2026-07-30 02:10:17.374 8 INFO neutron.db.ovn_revision_numbers_db [None req-ccfa6483-b78c-4e6e-8bc5-a071a0935f44 6d4d12115c0a4e05bf2cdae9c04cea55 c99c0431d00c47d8a4a848b44d3546a8 - - default default] Successfully bumped revision number for resource 11e80dad-3ea0-4f91-a022-0e535f5c0321 (type: security_group_rules) to 0
2026-07-30 02:10:17.391 8 INFO neutron.db.ovn_revision_numbers_db [None req-ccfa6483-b78c-4e6e-8bc5-a071a0935f44 6d4d12115c0a4e05bf2cdae9c04cea55 c99c0431d00c47d8a4a848b44d3546a8 - - default default] Successfully bumped revision number for resource 2e1269cb-3027-4fee-aa39-17f6c6495f7e (type: security_group_rules) to 0
2026-07-30 02:10:17.405 8 INFO neutron.db.ovn_revision_numbers_db [None req-ccfa6483-b78c-4e6e-8bc5-a071a0935f44 6d4d12115c0a4e05bf2cdae9c04cea55 c99c0431d00c47d8a4a848b44d3546a8 - - default default] Successfully bumped revision number for resource 64a5e474-930a-44da-8871-bf4e44708fe0 (type: security_group_rules) to 0
2026-07-30 02:10:17.420 8 INFO neutron.db.ovn_revision_numbers_db [None req-ccfa6483-b78c-4e6e-8bc5-a071a0935f44 6d4d12115c0a4e05bf2cdae9c04cea55 c99c0431d00c47d8a4a848b44d3546a8 - - default default] Successfully bumped revision number for resource 9e7a0640-efc1-44c5-b401-b2333cc1c67c (type: security_group_rules) to 0
2026-07-30 02:10:17.507 8 INFO neutron.db.segments_db [None req-ccfa6483-b78c-4e6e-8bc5-a071a0935f44 6d4d12115c0a4e05bf2cdae9c04cea55 c99c0431d00c47d8a4a848b44d3546a8 - - default default] Added segment d9ca6ed8-9630-4040-bc89-fca849f3baec of type geneve for network 0d22e17e-e47d-48aa-a3b7-fb78166d6666
2026-07-30 02:10:17.643 8 INFO neutron.db.ovn_revision_numbers_db [None req-ccfa6483-b78c-4e6e-8bc5-a071a0935f44 6d4d12115c0a4e05bf2cdae9c04cea55 c99c0431d00c47d8a4a848b44d3546a8 - - default default] Successfully bumped revision number for resource 0d22e17e-e47d-48aa-a3b7-fb78166d6666 (type: networks) to 1
2026-07-30 02:10:17.855 8 WARNING neutron.scheduler.dhcp_agent_scheduler [None req-ccfa6483-b78c-4e6e-8bc5-a071a0935f44 6d4d12115c0a4e05bf2cdae9c04cea55 c99c0431d00c47d8a4a848b44d3546a8 - - default default] No more DHCP agents
2026-07-30 02:10:17.858 8 WARNING neutron.api.rpc.agentnotifiers.dhcp_rpc_agent_api [None req-ccfa6483-b78c-4e6e-8bc5-a071a0935f44 6d4d12115c0a4e05bf2cdae9c04cea55 c99c0431d00c47d8a4a848b44d3546a8 - - default default] Unable to schedule network 0d22e17e-e47d-48aa-a3b7-fb78166d6666: no agents available; will retry on subsequent port and subnet creation events.
2026-07-30 02:10:17.951 7 INFO neutron.plugins.ml2.drivers.ovn.mech_driver.mech_driver [None req-9db415fa-e914-4d92-b55a-999bcc28fc0c - - - - - -] OVN reports status down for port: bd19a3b4-01d6-4ccc-a60a-20ee336074f2
2026-07-30 02:10:17.982 8 INFO neutron.db.ovn_revision_numbers_db [None req-ccfa6483-b78c-4e6e-8bc5-a071a0935f44 6d4d12115c0a4e05bf2cdae9c04cea55 c99c0431d00c47d8a4a848b44d3546a8 - - default default] Successfully bumped revision number for resource bd19a3b4-01d6-4ccc-a60a-20ee336074f2 (type: ports) to 1 [pid: 8|app: 0|req: 1058/2241] 10.0.0.166 () {34 vars in 670 bytes} [Thu Jul 30 02:10:17 2026] POST /v2.0/networks => generated 669 bytes in 955 msecs (HTTP/1.1 201) 4 headers in 162 bytes (1 switches on core 0)
2026-07-30 02:10:18.044 7 WARNING neutron.scheduler.dhcp_agent_scheduler [None req-bc9b68df-126b-4d00-a6c0-6895f0448bf9 - - - - - -] No more DHCP agents
2026-07-30 02:10:18.048 7 WARNING neutron.api.rpc.agentnotifiers.dhcp_rpc_agent_api [None req-bc9b68df-126b-4d00-a6c0-6895f0448bf9 - - - - - -] Unable to schedule network 68072575-a74a-4c1f-9354-993bb4ac0a3c: no agents available; will retry on subsequent port and subnet creation events.
2026-07-30 02:10:18.184 7 INFO neutron.plugins.ml2.drivers.ovn.mech_driver.mech_driver [None req-9db415fa-e914-4d92-b55a-999bcc28fc0c - - - - - -] OVN reports status down for port: 05cf50b1-1d1b-42cb-8be6-9e91594924b8
2026-07-30 02:10:18.188 8 INFO neutron.db.ovn_revision_numbers_db [None req-a5b55d2e-95a9-4700-a893-343e61c6919b ec00f29e24c94212824a4b97fe61713c 53c446d1ab1f46d487984e0886447460 - - default default] Successfully bumped revision number for resource 877c37c0-01a0-4c87-8b9d-90a4ebe0e33f (type: security_groups) to 1
2026-07-30 02:10:18.210 8 INFO neutron.db.ovn_revision_numbers_db [None req-a5b55d2e-95a9-4700-a893-343e61c6919b ec00f29e24c94212824a4b97fe61713c 53c446d1ab1f46d487984e0886447460 - - default default] Successfully bumped revision number for resource 824e7d41-ab90-4d8c-aa4c-52e77d51c9f8 (type: security_group_rules) to 0
2026-07-30 02:10:18.221 8 INFO neutron.db.ovn_revision_numbers_db [None req-a5b55d2e-95a9-4700-a893-343e61c6919b ec00f29e24c94212824a4b97fe61713c 53c446d1ab1f46d487984e0886447460 - - default default] Successfully bumped revision number for resource ac1d3a26-e3dd-47f1-95c4-cfa186fa9e6e (type: security_group_rules) to 0
2026-07-30 02:10:18.233 8 INFO neutron.db.ovn_revision_numbers_db [None req-a5b55d2e-95a9-4700-a893-343e61c6919b ec00f29e24c94212824a4b97fe61713c 53c446d1ab1f46d487984e0886447460 - - default default] Successfully bumped revision number for resource d3b4e7d6-d917-4df8-b4b2-7c8beec6ce6e (type: security_group_rules) to 0
2026-07-30 02:10:18.246 8 INFO neutron.db.ovn_revision_numbers_db [None req-a5b55d2e-95a9-4700-a893-343e61c6919b ec00f29e24c94212824a4b97fe61713c 53c446d1ab1f46d487984e0886447460 - - default default] Successfully bumped revision number for resource f07afb7a-0f50-4994-8504-238da768b3ab (type: security_group_rules) to 0
2026-07-30 02:10:18.257 7 INFO neutron.db.ovn_revision_numbers_db [None req-bc9b68df-126b-4d00-a6c0-6895f0448bf9 - - - - - -] Successfully bumped revision number for resource 05cf50b1-1d1b-42cb-8be6-9e91594924b8 (type: ports) to 1
2026-07-30 02:10:18.331 8 INFO neutron.db.segments_db [None req-a5b55d2e-95a9-4700-a893-343e61c6919b ec00f29e24c94212824a4b97fe61713c 53c446d1ab1f46d487984e0886447460 - - default default] Added segment c43464cd-6b87-4903-89b4-0125cbb965e3 of type geneve for network afa29d99-1f57-495e-adde-3ac5dae6329e
2026-07-30 02:10:18.445 8 INFO neutron.db.ovn_revision_numbers_db [None req-a5b55d2e-95a9-4700-a893-343e61c6919b ec00f29e24c94212824a4b97fe61713c 53c446d1ab1f46d487984e0886447460 - - default default] Successfully bumped revision number for resource afa29d99-1f57-495e-adde-3ac5dae6329e (type: networks) to 1
2026-07-30 02:10:18.554 7 INFO neutron.db.ovn_revision_numbers_db [None req-bc9b68df-126b-4d00-a6c0-6895f0448bf9 - - - - - -] Successfully bumped revision number for resource 05cf50b1-1d1b-42cb-8be6-9e91594924b8 (type: ports) to 3
2026-07-30 02:10:18.597 8 WARNING neutron.scheduler.dhcp_agent_scheduler [None req-a5b55d2e-95a9-4700-a893-343e61c6919b ec00f29e24c94212824a4b97fe61713c 53c446d1ab1f46d487984e0886447460 - - default default] No more DHCP agents
2026-07-30 02:10:18.599 8 WARNING neutron.api.rpc.agentnotifiers.dhcp_rpc_agent_api [None req-a5b55d2e-95a9-4700-a893-343e61c6919b ec00f29e24c94212824a4b97fe61713c 53c446d1ab1f46d487984e0886447460 - - default default] Unable to schedule network afa29d99-1f57-495e-adde-3ac5dae6329e: no agents available; will retry on subsequent port and subnet creation events.
2026-07-30 02:10:18.614 7 INFO neutron.db.segments_db [None req-bc9b68df-126b-4d00-a6c0-6895f0448bf9 - - - - - -] Added segment 39dd5782-3710-4e82-a636-6af1939ac09b of type geneve for network 38440abc-a316-4e07-86d1-c1ef2a06c850
2026-07-30 02:10:18.672 8 INFO neutron.db.ovn_revision_numbers_db [None req-a5b55d2e-95a9-4700-a893-343e61c6919b ec00f29e24c94212824a4b97fe61713c 53c446d1ab1f46d487984e0886447460 - - default default] Successfully bumped revision number for resource 65bcfd9c-ec05-413e-8655-dd9837e2e79f (type: ports) to 1
2026-07-30 02:10:18.684 7 INFO neutron.plugins.ml2.drivers.ovn.mech_driver.mech_driver [None req-9db415fa-e914-4d92-b55a-999bcc28fc0c - - - - - -] OVN reports status down for port: 65bcfd9c-ec05-413e-8655-dd9837e2e79f [pid: 8|app: 0|req: 1059/2242] 10.0.0.166 () {34 vars in 671 bytes} [Thu Jul 30 02:10:18 2026] POST /v2.0/networks => generated 782 bytes in 686 msecs (HTTP/1.1 201) 4 headers in 162 bytes (1 switches on core 0) [pid: 8|app: 0|req: 1060/2243] 10.0.0.176 () {34 vars in 990 bytes} [Thu Jul 30 02:10:18 2026] GET /v2.0/ports?device_id=2bc84e0f-db43-41a9-b63b-5025f399ae68 => generated 12 bytes in 18 msecs (HTTP/1.1 200) 4 headers in 156 bytes (1 switches on core 0)
2026-07-30 02:10:18.866 7 INFO neutron.db.ovn_revision_numbers_db [None req-0f3896e7-d066-4a2b-84bb-83fbf883cec6 - - - - - -] Successfully bumped revision number for resource 38440abc-a316-4e07-86d1-c1ef2a06c850 (type: networks) to 1
2026-07-30 02:10:18.932 8 WARNING neutron.scheduler.dhcp_agent_scheduler [None req-b0af9581-8b44-49de-b771-b63fefa8dfaa 6d4d12115c0a4e05bf2cdae9c04cea55 c99c0431d00c47d8a4a848b44d3546a8 - - default default] No more DHCP agents
2026-07-30 02:10:18.933 8 WARNING neutron.api.rpc.agentnotifiers.dhcp_rpc_agent_api [None req-b0af9581-8b44-49de-b771-b63fefa8dfaa 6d4d12115c0a4e05bf2cdae9c04cea55 c99c0431d00c47d8a4a848b44d3546a8 - - default default] Unable to schedule network 0d22e17e-e47d-48aa-a3b7-fb78166d6666: no agents available; will retry on subsequent port and subnet creation events.
2026-07-30 02:10:19.011 7 WARNING neutron.scheduler.dhcp_agent_scheduler [None req-0f3896e7-d066-4a2b-84bb-83fbf883cec6 - - - - - -] No more DHCP agents
2026-07-30 02:10:19.012 7 WARNING neutron.api.rpc.agentnotifiers.dhcp_rpc_agent_api [None req-0f3896e7-d066-4a2b-84bb-83fbf883cec6 - - - - - -] Unable to schedule network 38440abc-a316-4e07-86d1-c1ef2a06c850: no agents available; will retry on subsequent port and subnet creation events.
2026-07-30 02:10:19.092 7 INFO neutron.db.ovn_revision_numbers_db [None req-0f3896e7-d066-4a2b-84bb-83fbf883cec6 - - - - - -] Successfully bumped revision number for resource f0e1754e-13b8-4856-80fb-9040cf8de470 (type: ports) to 1
2026-07-30 02:10:19.233 7 WARNING neutron.scheduler.dhcp_agent_scheduler [None req-0f3896e7-d066-4a2b-84bb-83fbf883cec6 - - - - - -] No more DHCP agents
2026-07-30 02:10:19.234 7 WARNING neutron.api.rpc.agentnotifiers.dhcp_rpc_agent_api [None req-0f3896e7-d066-4a2b-84bb-83fbf883cec6 - - - - - -] Unable to schedule network 38440abc-a316-4e07-86d1-c1ef2a06c850: no agents available; will retry on subsequent port and subnet creation events.
2026-07-30 02:10:19.255 7 INFO neutron.db.ovn_revision_numbers_db [None req-0f3896e7-d066-4a2b-84bb-83fbf883cec6 - - - - - -] Successfully bumped revision number for resource 04fa6311-abeb-498d-9e7a-50575ec5f363 (type: subnets) to 0
2026-07-30 02:10:19.437 8 INFO neutron.db.ovn_revision_numbers_db [None req-70bd052d-0a57-44ca-89b3-799f53b47684 - - - - - -] Successfully bumped revision number for resource bd19a3b4-01d6-4ccc-a60a-20ee336074f2 (type: ports) to 2
2026-07-30 02:10:19.473 8 INFO neutron.db.ovn_revision_numbers_db [None req-70bd052d-0a57-44ca-89b3-799f53b47684 - - - - - -] Successfully bumped revision number for resource f2f6edca-1e85-4cd5-9a0f-13ea794ffba4 (type: subnets) to 0 [pid: 8|app: 0|req: 1061/2244] 10.0.0.166 () {34 vars in 669 bytes} [Thu Jul 30 02:10:18 2026] POST /v2.0/subnets => generated 626 bytes in 778 msecs (HTTP/1.1 201) 4 headers in 162 bytes (1 switches on core 0)
2026-07-30 02:10:19.616 8 WARNING neutron.scheduler.dhcp_agent_scheduler [None req-bc48259e-2df5-4b38-a1eb-3a96614e1898 ec00f29e24c94212824a4b97fe61713c 53c446d1ab1f46d487984e0886447460 - - default default] No more DHCP agents
2026-07-30 02:10:19.617 8 WARNING neutron.api.rpc.agentnotifiers.dhcp_rpc_agent_api [None req-bc48259e-2df5-4b38-a1eb-3a96614e1898 ec00f29e24c94212824a4b97fe61713c 53c446d1ab1f46d487984e0886447460 - - default default] Unable to schedule network afa29d99-1f57-495e-adde-3ac5dae6329e: no agents available; will retry on subsequent port and subnet creation events.
2026-07-30 02:10:19.654 7 WARNING neutron.scheduler.dhcp_agent_scheduler [None req-0f3896e7-d066-4a2b-84bb-83fbf883cec6 - - - - - -] No more DHCP agents
2026-07-30 02:10:19.655 7 WARNING neutron.api.rpc.agentnotifiers.dhcp_rpc_agent_api [None req-0f3896e7-d066-4a2b-84bb-83fbf883cec6 - - - - - -] Unable to schedule network 38440abc-a316-4e07-86d1-c1ef2a06c850: no agents available; will retry on subsequent port and subnet creation events.
2026-07-30 02:10:19.783 7 INFO neutron.plugins.ml2.drivers.ovn.mech_driver.mech_driver [None req-9db415fa-e914-4d92-b55a-999bcc28fc0c - - - - - -] OVN reports status down for port: 3250a6cd-cb17-4deb-b014-0ac909a259a3
2026-07-30 02:10:19.841 8 WARNING neutron.plugins.ml2.drivers.ovn.mech_driver.ovsdb.ovn_client [None req-89be064d-950c-448d-a020-7d2454b8dd17 - - - - - -] No hosting information found for port ab592b0c-39cd-49fd-8580-c4699b7c362c: RuntimeError: No hosting information found for port ab592b0c-39cd-49fd-8580-c4699b7c362c
2026-07-30 02:10:19.844 8 INFO neutron.plugins.ml2.drivers.ovn.mech_driver.mech_driver [None req-89be064d-950c-448d-a020-7d2454b8dd17 - - - - - -] OVN reports status down for port: ea2ee64c-03dc-4290-9be1-2187b276e05f
2026-07-30 02:10:19.847 7 INFO neutron.db.ovn_revision_numbers_db [None req-0f3896e7-d066-4a2b-84bb-83fbf883cec6 - - - - - -] Successfully bumped revision number for resource 3250a6cd-cb17-4deb-b014-0ac909a259a3 (type: ports) to 1
2026-07-30 02:10:19.971 8 INFO neutron.plugins.ml2.drivers.ovn.mech_driver.mech_driver [None req-89be064d-950c-448d-a020-7d2454b8dd17 - - - - - -] OVN reports status up for port: ea2ee64c-03dc-4290-9be1-2187b276e05f
2026-07-30 02:10:19.990 8 INFO neutron.plugins.ml2.plugin [None req-89be064d-950c-448d-a020-7d2454b8dd17 - - - - - -] Attempt 1 to provision port ea2ee64c-03dc-4290-9be1-2187b276e05f
2026-07-30 02:10:20.384 8 INFO neutron.db.ovn_revision_numbers_db [None req-60ee85f7-7dc4-4e4f-9e5a-7d4065cf5b6b - - - - - -] Successfully bumped revision number for resource 65bcfd9c-ec05-413e-8655-dd9837e2e79f (type: ports) to 2
2026-07-30 02:10:20.447 8 INFO neutron.db.ovn_revision_numbers_db [None req-60ee85f7-7dc4-4e4f-9e5a-7d4065cf5b6b - - - - - -] Successfully bumped revision number for resource a9e5bd23-0b79-4752-983e-5d8ffb2707ea (type: subnets) to 0
2026-07-30 02:10:20.512 7 INFO neutron.plugins.ml2.drivers.ovn.mech_driver.mech_driver [None req-9db415fa-e914-4d92-b55a-999bcc28fc0c - - - - - -] OVN reports status up for port: 3250a6cd-cb17-4deb-b014-0ac909a259a3 [pid: 8|app: 0|req: 1062/2245] 10.0.0.166 () {34 vars in 669 bytes} [Thu Jul 30 02:10:19 2026] POST /v2.0/subnets => generated 688 bytes in 1022 msecs (HTTP/1.1 201) 4 headers in 162 bytes (1 switches on core 0)
2026-07-30 02:10:20.541 7 INFO neutron.plugins.ml2.plugin [None req-9db415fa-e914-4d92-b55a-999bcc28fc0c - - - - - -] Attempt 1 to provision port 3250a6cd-cb17-4deb-b014-0ac909a259a3
2026-07-30 02:10:20.647 8 INFO neutron.db.segments_db [None req-83d5b418-da22-4008-98e8-c3140d89b8f5 6d4d12115c0a4e05bf2cdae9c04cea55 c99c0431d00c47d8a4a848b44d3546a8 - - default default] Added segment 34c4f7ce-c7e6-421b-9c05-e4a17a676af7 of type geneve for network 82b989de-a381-49ba-882f-59b4d11443ef
2026-07-30 02:10:20.685 7 WARNING neutron.scheduler.dhcp_agent_scheduler [None req-0f3896e7-d066-4a2b-84bb-83fbf883cec6 - - - - - -] No more DHCP agents
2026-07-30 02:10:20.687 7 WARNING neutron.api.rpc.agentnotifiers.dhcp_rpc_agent_api [None req-0f3896e7-d066-4a2b-84bb-83fbf883cec6 - - - - - -] Unable to schedule network 38440abc-a316-4e07-86d1-c1ef2a06c850: no agents available; will retry on subsequent port and subnet creation events.
2026-07-30 02:10:20.745 8 INFO neutron.db.ovn_revision_numbers_db [None req-89be064d-950c-448d-a020-7d2454b8dd17 - - - - - -] Successfully bumped revision number for resource ea2ee64c-03dc-4290-9be1-2187b276e05f (type: ports) to 2
2026-07-30 02:10:20.839 8 INFO neutron.db.ovn_revision_numbers_db [None req-83d5b418-da22-4008-98e8-c3140d89b8f5 6d4d12115c0a4e05bf2cdae9c04cea55 c99c0431d00c47d8a4a848b44d3546a8 - - default default] Successfully bumped revision number for resource 82b989de-a381-49ba-882f-59b4d11443ef (type: networks) to 1
2026-07-30 02:10:21.128 8 INFO neutron.db.ovn_revision_numbers_db [None req-457da178-1de0-4eac-8f99-fafd5119586c - - - - - -] Successfully bumped revision number for resource ea2ee64c-03dc-4290-9be1-2187b276e05f (type: router_ports) to 2
2026-07-30 02:10:21.130 8 INFO neutron.plugins.ml2.drivers.ovn.mech_driver.mech_driver [None req-457da178-1de0-4eac-8f99-fafd5119586c - - - - - -] OVN reports status down for port: f0e1754e-13b8-4856-80fb-9040cf8de470
2026-07-30 02:10:21.156 8 WARNING neutron.scheduler.dhcp_agent_scheduler [None req-83d5b418-da22-4008-98e8-c3140d89b8f5 6d4d12115c0a4e05bf2cdae9c04cea55 c99c0431d00c47d8a4a848b44d3546a8 - - default default] No more DHCP agents
2026-07-30 02:10:21.158 8 WARNING neutron.api.rpc.agentnotifiers.dhcp_rpc_agent_api [None req-83d5b418-da22-4008-98e8-c3140d89b8f5 6d4d12115c0a4e05bf2cdae9c04cea55 c99c0431d00c47d8a4a848b44d3546a8 - - default default] Unable to schedule network 82b989de-a381-49ba-882f-59b4d11443ef: no agents available; will retry on subsequent port and subnet creation events.
2026-07-30 02:10:21.313 8 INFO neutron.db.ovn_revision_numbers_db [None req-83d5b418-da22-4008-98e8-c3140d89b8f5 6d4d12115c0a4e05bf2cdae9c04cea55 c99c0431d00c47d8a4a848b44d3546a8 - - default default] Successfully bumped revision number for resource c7dde5fe-5b4d-4ed8-acc5-97d03b551fae (type: ports) to 1 [pid: 8|app: 0|req: 1063/2246] 10.0.0.166 () {34 vars in 670 bytes} [Thu Jul 30 02:10:20 2026] POST /v2.0/networks => generated 668 bytes in 852 msecs (HTTP/1.1 201) 4 headers in 162 bytes (1 switches on core 0)
2026-07-30 02:10:21.408 7 INFO neutron.db.ovn_revision_numbers_db [None req-9db415fa-e914-4d92-b55a-999bcc28fc0c - - - - - -] Successfully bumped revision number for resource 3250a6cd-cb17-4deb-b014-0ac909a259a3 (type: ports) to 2
2026-07-30 02:10:21.567 7 INFO neutron.plugins.ml2.drivers.ovn.mech_driver.mech_driver [None req-cd6546a5-ac1b-452c-ae2f-58d68eaf67c2 - - - - - -] OVN reports status down for port: c7dde5fe-5b4d-4ed8-acc5-97d03b551fae
2026-07-30 02:10:21.695 7 INFO neutron.db.ovn_revision_numbers_db [None req-0f3896e7-d066-4a2b-84bb-83fbf883cec6 - - - - - -] Successfully bumped revision number for resource 3250a6cd-cb17-4deb-b014-0ac909a259a3 (type: router_ports) to 1
2026-07-30 02:10:21.794 8 WARNING neutron.scheduler.dhcp_agent_scheduler [None req-3d79f197-c377-4f95-8dfb-61a68c12c184 ec00f29e24c94212824a4b97fe61713c 53c446d1ab1f46d487984e0886447460 - - default default] No more DHCP agents
2026-07-30 02:10:21.796 8 WARNING neutron.api.rpc.agentnotifiers.dhcp_rpc_agent_api [None req-3d79f197-c377-4f95-8dfb-61a68c12c184 ec00f29e24c94212824a4b97fe61713c 53c446d1ab1f46d487984e0886447460 - - default default] Unable to schedule network 68072575-a74a-4c1f-9354-993bb4ac0a3c: no agents available; will retry on subsequent port and subnet creation events.
2026-07-30 02:10:21.916 8 INFO neutron.plugins.ml2.drivers.ovn.mech_driver.mech_driver [None req-457da178-1de0-4eac-8f99-fafd5119586c - - - - - -] OVN reports status down for port: 9bf65ee9-6b6b-4e43-8937-1c0fe7ef5bef
2026-07-30 02:10:21.949 7 INFO neutron.db.ovn_revision_numbers_db [None req-cd6546a5-ac1b-452c-ae2f-58d68eaf67c2 - - - - - -] Successfully bumped revision number for resource 3250a6cd-cb17-4deb-b014-0ac909a259a3 (type: router_ports) to 2
2026-07-30 02:10:21.972 8 INFO neutron.db.ovn_revision_numbers_db [None req-3d79f197-c377-4f95-8dfb-61a68c12c184 ec00f29e24c94212824a4b97fe61713c 53c446d1ab1f46d487984e0886447460 - - default default] Successfully bumped revision number for resource 9bf65ee9-6b6b-4e43-8937-1c0fe7ef5bef (type: ports) to 1
2026-07-30 02:10:22.029 7 WARNING neutron.scheduler.dhcp_agent_scheduler [None req-0f3896e7-d066-4a2b-84bb-83fbf883cec6 - - - - - -] No more DHCP agents
2026-07-30 02:10:22.030 7 WARNING neutron.api.rpc.agentnotifiers.dhcp_rpc_agent_api [None req-0f3896e7-d066-4a2b-84bb-83fbf883cec6 - - - - - -] Unable to schedule network 38440abc-a316-4e07-86d1-c1ef2a06c850: no agents available; will retry on subsequent port and subnet creation events.
2026-07-30 02:10:22.161 7 INFO neutron.plugins.ml2.drivers.ovn.mech_driver.mech_driver [None req-cd6546a5-ac1b-452c-ae2f-58d68eaf67c2 - - - - - -] OVN reports status down for port: 8ab6da04-ecdd-4046-8465-9583d8a9a7ff
2026-07-30 02:10:22.212 7 INFO neutron.db.ovn_revision_numbers_db [None req-0f3896e7-d066-4a2b-84bb-83fbf883cec6 - - - - - -] Successfully bumped revision number for resource 8ab6da04-ecdd-4046-8465-9583d8a9a7ff (type: ports) to 1
2026-07-30 02:10:22.487 7 INFO neutron.db.ovn_revision_numbers_db [None req-0f3896e7-d066-4a2b-84bb-83fbf883cec6 - - - - - -] Successfully bumped revision number for resource 8ab6da04-ecdd-4046-8465-9583d8a9a7ff (type: ports) to 3
2026-07-30 02:10:22.598 8 INFO neutron.plugins.ml2.drivers.ovn.mech_driver.ovsdb.commands [None req-186620db-1b78-40e4-966e-465db1b27cbb - - - - - -] Schedule LRP lrp-9bf65ee9-6b6b-4e43-8937-1c0fe7ef5bef on gateway 5cd715d0-52b9-4a94-8c19-1c12ca826360 with priority 1
2026-07-30 02:10:22.639 8 INFO neutron.plugins.ml2.drivers.ovn.mech_driver.ovsdb.ovsdb_monitor [None req-5e6c58b1-3321-491a-9535-d9f90326b769 - - - - - -] Router 7e9aacd3-98c2-49d0-a119-c0435cdf0257 is bound to host instance
2026-07-30 02:10:22.664 8 INFO neutron.plugins.ml2.drivers.ovn.mech_driver.mech_driver [None req-457da178-1de0-4eac-8f99-fafd5119586c - - - - - -] OVN reports status up for port: 9bf65ee9-6b6b-4e43-8937-1c0fe7ef5bef
2026-07-30 02:10:22.712 8 INFO neutron.plugins.ml2.plugin [None req-457da178-1de0-4eac-8f99-fafd5119586c - - - - - -] Attempt 1 to provision port 9bf65ee9-6b6b-4e43-8937-1c0fe7ef5bef [pid: 7|app: 0|req: 1184/2247] 10.0.0.166 () {34 vars in 685 bytes} [Thu Jul 30 02:10:16 2026] POST /v2.0/vpn/vpnservices => generated 458 bytes in 6052 msecs (HTTP/1.1 201) 4 headers in 162 bytes (1 switches on core 0)
2026-07-30 02:10:22.798 8 INFO neutron.db.ovn_revision_numbers_db [None req-3d79f197-c377-4f95-8dfb-61a68c12c184 ec00f29e24c94212824a4b97fe61713c 53c446d1ab1f46d487984e0886447460 - - default default] Successfully bumped revision number for resource 9bf65ee9-6b6b-4e43-8937-1c0fe7ef5bef (type: router_ports) to 1
2026-07-30 02:10:22.970 8 INFO neutron.db.ovn_revision_numbers_db [None req-3d79f197-c377-4f95-8dfb-61a68c12c184 ec00f29e24c94212824a4b97fe61713c 53c446d1ab1f46d487984e0886447460 - - default default] Successfully bumped revision number for resource 7e9aacd3-98c2-49d0-a119-c0435cdf0257 (type: routers) to 2 [pid: 8|app: 0|req: 1064/2248] 10.0.0.166 () {34 vars in 669 bytes} [Thu Jul 30 02:10:21 2026] POST /v2.0/routers => generated 966 bytes in 1636 msecs (HTTP/1.1 201) 4 headers in 162 bytes (1 switches on core 0)
2026-07-30 02:10:23.045 7 INFO neutron_taas.services.taas.taas_plugin [None req-9a5d3722-b06e-4031-819a-54227984298f ec00f29e24c94212824a4b97fe61713c 53c446d1ab1f46d487984e0886447460 - - default default] TaaS: Handle Delete Port: d6c8187e-0904-4da2-b69f-d773b6baa79f
2026-07-30 02:10:23.047 7 INFO neutron_taas.services.taas.tap_mirror_plugin [None req-9a5d3722-b06e-4031-819a-54227984298f ec00f29e24c94212824a4b97fe61713c 53c446d1ab1f46d487984e0886447460 - - default default] Tap Mirror: Handle Delete Port: d6c8187e-0904-4da2-b69f-d773b6baa79f
2026-07-30 02:10:23.393 8 WARNING neutron.scheduler.dhcp_agent_scheduler [None req-e637d1eb-071c-40ff-b37f-f44520e5e984 6d4d12115c0a4e05bf2cdae9c04cea55 c99c0431d00c47d8a4a848b44d3546a8 - - default default] No more DHCP agents
2026-07-30 02:10:23.397 8 WARNING neutron.api.rpc.agentnotifiers.dhcp_rpc_agent_api [None req-e637d1eb-071c-40ff-b37f-f44520e5e984 6d4d12115c0a4e05bf2cdae9c04cea55 c99c0431d00c47d8a4a848b44d3546a8 - - default default] Unable to schedule network 82b989de-a381-49ba-882f-59b4d11443ef: no agents available; will retry on subsequent port and subnet creation events. [pid: 7|app: 0|req: 1185/2249] 10.0.0.166 () {34 vars in 789 bytes} [Thu Jul 30 02:10:22 2026] PUT /v2.0/routers/5cbec7e8-fb7d-43af-92e8-e64c497e7b59/remove_router_interface => generated 309 bytes in 910 msecs (HTTP/1.1 200) 4 headers in 157 bytes (1 switches on core 0) /var/lib/openstack/lib/python3.12/site-packages/pycadf/identifier.py:70: UserWarning: Invalid uuid: neutron. To ensure interoperability, identifiers should be a valid uuid. warnings.warn(('Invalid uuid: %s. To ensure interoperability, ' [pid: 7|app: 0|req: 1186/2250] 10.0.0.166 () {32 vars in 663 bytes} [Thu Jul 30 02:10:23 2026] GET /v2.0/vpn/vpnservices => generated 1314 bytes in 12 msecs (HTTP/1.1 200) 4 headers in 158 bytes (1 switches on core 0)
2026-07-30 02:10:24.150 7 WARNING neutron.scheduler.dhcp_agent_scheduler [None req-ed8fcfe0-0b94-4172-bd92-fbb875bdced6 ec00f29e24c94212824a4b97fe61713c 53c446d1ab1f46d487984e0886447460 - - default default] No more DHCP agents
2026-07-30 02:10:24.152 7 WARNING neutron.api.rpc.agentnotifiers.dhcp_rpc_agent_api [None req-ed8fcfe0-0b94-4172-bd92-fbb875bdced6 ec00f29e24c94212824a4b97fe61713c 53c446d1ab1f46d487984e0886447460 - - default default] Unable to schedule network afa29d99-1f57-495e-adde-3ac5dae6329e: no agents available; will retry on subsequent port and subnet creation events.
2026-07-30 02:10:24.257 7 INFO neutron.plugins.ml2.drivers.ovn.mech_driver.mech_driver [None req-cd6546a5-ac1b-452c-ae2f-58d68eaf67c2 - - - - - -] OVN reports status down for port: f6332755-63b8-485e-867b-91680f2f8269
2026-07-30 02:10:24.330 8 INFO neutron.db.ovn_revision_numbers_db [None req-a736f74f-81a0-4508-b6ca-a9a9b968d9e6 - - - - - -] Successfully bumped revision number for resource c7dde5fe-5b4d-4ed8-acc5-97d03b551fae (type: ports) to 2
