2026-07-30 02:09:30.841 8 INFO neutron.pecan_wsgi.hooks.translation [None req-71b3419f-45d5-4463-9d8b-9f9dbf6486b5 feeda2f049c44b79ba2d3a719d6d30b7 35535e29f01843099602d9771a13fb2e - - default default] GET failed (client error): The resource could not be found. [pid: 8|app: 0|req: 897/1843] 10.0.0.166 () {32 vars in 723 bytes} [Thu Jul 30 02:09:30 2026] GET /v2.0/networks/74bc36ef-e7a7-495f-9258-4463603d0817 => generated 138 bytes in 276 msecs (HTTP/1.1 404) 4 headers in 164 bytes (1 switches on core 0) [pid: 7|app: 0|req: 947/1844] 10.0.0.166 () {32 vars in 731 bytes} [Thu Jul 30 02:09:30 2026] GET /v2.0/subnets/f8dccdf2-8989-499d-8f22-ed56308fb418/tags => generated 52 bytes in 57 msecs (HTTP/1.1 200) 4 headers in 156 bytes (1 switches on core 0) [pid: 7|app: 0|req: 948/1845] 10.0.0.166 () {34 vars in 751 bytes} [Thu Jul 30 02:09:30 2026] PUT /v2.0/subnets/f8dccdf2-8989-499d-8f22-ed56308fb418/tags => generated 37 bytes in 68 msecs (HTTP/1.1 200) 4 headers in 156 bytes (1 switches on core 0)
2026-07-30 02:09:30.981 8 INFO neutron_taas.services.taas.taas_plugin [None req-a77c6379-4483-4888-8346-e3aacf50e4c0 db015bac714045868d2d8ce847bb8365 7a588f915c5b40a5996a2384e44a6e71 - - default default] TaaS: Handle Delete Port: b3307906-6866-43cd-aeed-935cbf45615b
2026-07-30 02:09:30.983 8 INFO neutron_taas.services.taas.tap_mirror_plugin [None req-a77c6379-4483-4888-8346-e3aacf50e4c0 db015bac714045868d2d8ce847bb8365 7a588f915c5b40a5996a2384e44a6e71 - - default default] Tap Mirror: Handle Delete Port: b3307906-6866-43cd-aeed-935cbf45615b [pid: 7|app: 0|req: 949/1846] 10.0.0.166 () {32 vars in 731 bytes} [Thu Jul 30 02:09:30 2026] GET /v2.0/subnets/f8dccdf2-8989-499d-8f22-ed56308fb418/tags => generated 37 bytes in 59 msecs (HTTP/1.1 200) 4 headers in 156 bytes (1 switches on core 0) [pid: 7|app: 0|req: 950/1847] 10.0.0.166 () {32 vars in 739 bytes} [Thu Jul 30 02:09:31 2026] GET /v2.0/subnets/f8dccdf2-8989-499d-8f22-ed56308fb418/tags/red => generated 0 bytes in 41 msecs (HTTP/1.1 204) 2 headers in 112 bytes (1 switches on core 0)
2026-07-30 02:09:31.124 7 INFO neutron.api.v2.resource [None req-b0bdc585-905b-4e23-8437-e0f56c0f6d44 e7d2438db08d49d396ad644176868000 979f42d2afb743b5a47b313c58688dc3 - - default default] show failed (client error): The resource could not be found. [pid: 7|app: 0|req: 951/1848] 10.0.0.166 () {32 vars in 743 bytes} [Thu Jul 30 02:09:31 2026] GET /v2.0/subnets/f8dccdf2-8989-499d-8f22-ed56308fb418/tags/green => generated 99 bytes in 41 msecs (HTTP/1.1 404) 4 headers in 163 bytes (1 switches on core 0) [pid: 7|app: 0|req: 952/1849] 10.0.0.166 () {32 vars in 742 bytes} [Thu Jul 30 02:09:31 2026] DELETE /v2.0/subnets/f8dccdf2-8989-499d-8f22-ed56308fb418/tags/red => generated 0 bytes in 60 msecs (HTTP/1.1 204) 2 headers in 112 bytes (1 switches on core 0) [pid: 7|app: 0|req: 953/1850] 10.0.0.166 () {32 vars in 731 bytes} [Thu Jul 30 02:09:31 2026] GET /v2.0/subnets/f8dccdf2-8989-499d-8f22-ed56308fb418/tags => generated 30 bytes in 44 msecs (HTTP/1.1 200) 4 headers in 156 bytes (1 switches on core 0)
2026-07-30 02:09:31.290 7 INFO neutron.api.v2.resource [None req-310b8878-38d5-4924-b9fc-c78c2cbd8751 e7d2438db08d49d396ad644176868000 979f42d2afb743b5a47b313c58688dc3 - - default default] delete failed (client error): The resource could not be found. [pid: 7|app: 0|req: 954/1851] 10.0.0.166 () {32 vars in 746 bytes} [Thu Jul 30 02:09:31 2026] DELETE /v2.0/subnets/f8dccdf2-8989-499d-8f22-ed56308fb418/tags/green => generated 99 bytes in 44 msecs (HTTP/1.1 404) 4 headers in 163 bytes (1 switches on core 0)
2026-07-30 02:09:31.322 8 INFO neutron.services.segments.plugin [-] Segment 95a6cf1f-ca4c-488a-ab62-01fad7f987f9 resource provider aggregate not found
2026-07-30 02:09:31.345 8 INFO neutron.services.segments.plugin [-] Client error retrieving segment 95a6cf1f-ca4c-488a-ab62-01fad7f987f9 resource provider; error: Placement Client Error (4xx): {"errors": [{"status": 404, "title": "Not Found", "detail": "The resource could not be found.\n\n No resource provider with uuid 95a6cf1f-ca4c-488a-ab62-01fad7f987f9 found for delete ", "request_id": "req-f92fc188-a78d-4638-b99e-3ab5b1a6663c"}]}
2026-07-30 02:09:31.348 8 INFO neutron.services.segments.plugin [-] Segment 95a6cf1f-ca4c-488a-ab62-01fad7f987f9 resource provider aggregate not found
2026-07-30 02:09:31.361 8 INFO neutron.services.segments.plugin [-] Client error retrieving segment 95a6cf1f-ca4c-488a-ab62-01fad7f987f9 resource provider; error: Placement Client Error (4xx): {"errors": [{"status": 404, "title": "Not Found", "detail": "The resource could not be found.\n\n No resource provider with uuid 95a6cf1f-ca4c-488a-ab62-01fad7f987f9 found for delete ", "request_id": "req-63e1ef69-1a6e-4453-8767-39e5c15ca404"}]} [pid: 7|app: 0|req: 955/1852] 10.0.0.166 () {32 vars in 734 bytes} [Thu Jul 30 02:09:31 2026] DELETE /v2.0/subnets/f8dccdf2-8989-499d-8f22-ed56308fb418/tags => generated 0 bytes in 81 msecs (HTTP/1.1 204) 2 headers in 112 bytes (1 switches on core 0) [pid: 8|app: 0|req: 898/1853] 10.0.0.166 () {32 vars in 726 bytes} [Thu Jul 30 02:09:30 2026] DELETE /v2.0/networks/74bc36ef-e7a7-495f-9258-4463603d0817 => generated 0 bytes in 545 msecs (HTTP/1.1 204) 3 headers in 131 bytes (1 switches on core 0)
2026-07-30 02:09:31.414 8 INFO neutron.pecan_wsgi.hooks.translation [None req-c2eefa5a-0424-468c-a3cf-15bb6a181312 db015bac714045868d2d8ce847bb8365 7a588f915c5b40a5996a2384e44a6e71 - - default default] DELETE failed (client error): The resource could not be found. [pid: 8|app: 0|req: 899/1854] 10.0.0.166 () {32 vars in 724 bytes} [Thu Jul 30 02:09:31 2026] DELETE /v2.0/subnets/77ea8d67-af7f-458b-907c-a882db042074 => generated 136 bytes in 18 msecs (HTTP/1.1 404) 4 headers in 164 bytes (1 switches on core 0) [pid: 7|app: 0|req: 956/1855] 10.0.0.166 () {32 vars in 731 bytes} [Thu Jul 30 02:09:31 2026] GET /v2.0/subnets/f8dccdf2-8989-499d-8f22-ed56308fb418/tags => generated 12 bytes in 36 msecs (HTTP/1.1 200) 4 headers in 156 bytes (1 switches on core 0)
2026-07-30 02:09:31.450 8 INFO neutron.pecan_wsgi.hooks.translation [None req-f45f4dec-b8c5-479c-95b1-c9547dda3525 db015bac714045868d2d8ce847bb8365 7a588f915c5b40a5996a2384e44a6e71 - - default default] DELETE failed (client error): The resource could not be found. [pid: 8|app: 0|req: 900/1856] 10.0.0.166 () {32 vars in 724 bytes} [Thu Jul 30 02:09:31 2026] DELETE /v2.0/subnets/a6e7b152-a754-4f33-8fcc-8c6685ba5a33 => generated 136 bytes in 18 msecs (HTTP/1.1 404) 4 headers in 164 bytes (1 switches on core 0)
2026-07-30 02:09:31.489 8 INFO neutron.pecan_wsgi.hooks.translation [None req-09ae075b-a04a-432d-b5fe-b741d0d28ad7 db015bac714045868d2d8ce847bb8365 7a588f915c5b40a5996a2384e44a6e71 - - default default] DELETE failed (client error): The resource could not be found. [pid: 8|app: 0|req: 901/1857] 10.0.0.166 () {32 vars in 724 bytes} [Thu Jul 30 02:09:31 2026] DELETE /v2.0/subnets/08a0a876-bbec-4f7b-8c82-0dcc6dbf2ee5 => generated 136 bytes in 31 msecs (HTTP/1.1 404) 4 headers in 164 bytes (1 switches on core 0) [pid: 7|app: 0|req: 957/1858] 10.0.0.166 () {32 vars in 724 bytes} [Thu Jul 30 02:09:31 2026] DELETE /v2.0/subnets/f8dccdf2-8989-499d-8f22-ed56308fb418 => generated 0 bytes in 217 msecs (HTTP/1.1 204) 3 headers in 131 bytes (1 switches on core 0)
2026-07-30 02:09:31.829 8 INFO neutron_taas.services.taas.taas_plugin [None req-a967e518-9e3d-4e24-8dc1-252df4efb37c e7d2438db08d49d396ad644176868000 979f42d2afb743b5a47b313c58688dc3 - - default default] TaaS: Handle Delete Port: 98f4f7a9-c112-453b-8d4c-1d624b4e155b
2026-07-30 02:09:31.832 8 INFO neutron_taas.services.taas.tap_mirror_plugin [None req-a967e518-9e3d-4e24-8dc1-252df4efb37c e7d2438db08d49d396ad644176868000 979f42d2afb743b5a47b313c58688dc3 - - default default] Tap Mirror: Handle Delete Port: 98f4f7a9-c112-453b-8d4c-1d624b4e155b [pid: 8|app: 0|req: 902/1859] 10.0.0.166 () {32 vars in 726 bytes} [Thu Jul 30 02:09:31 2026] DELETE /v2.0/networks/617e3e57-3836-4c5f-aab2-2b5dd815da3d => generated 0 bytes in 438 msecs (HTTP/1.1 204) 3 headers in 131 bytes (1 switches on core 0) [pid: 7|app: 0|req: 958/1860] 10.0.0.166 () {32 vars in 774 bytes} [Thu Jul 30 02:09:32 2026] GET /v2.0/security-groups?tenant_id=7a588f915c5b40a5996a2384e44a6e71&name=default => generated 2925 bytes in 251 msecs (HTTP/1.1 200) 4 headers in 158 bytes (1 switches on core 0) [pid: 8|app: 0|req: 903/1861] 10.0.0.166 () {32 vars in 740 bytes} [Thu Jul 30 02:09:32 2026] DELETE /v2.0/security-groups/98a6b446-4a5f-46a2-bedf-332711f20958 => generated 0 bytes in 257 msecs (HTTP/1.1 204) 2 headers in 112 bytes (1 switches on core 0)
2026-07-30 02:09:33.024 7 INFO neutron.db.ovn_revision_numbers_db [None req-d5efd51d-ed3a-4ded-a563-b8dc08dd7387 ec00f29e24c94212824a4b97fe61713c 53c446d1ab1f46d487984e0886447460 - - default default] Successfully bumped revision number for resource fb638d0d-62e2-4491-97aa-aad0c3c27ca3 (type: security_groups) to 1
2026-07-30 02:09:33.039 7 INFO neutron.db.ovn_revision_numbers_db [None req-d5efd51d-ed3a-4ded-a563-b8dc08dd7387 ec00f29e24c94212824a4b97fe61713c 53c446d1ab1f46d487984e0886447460 - - default default] Successfully bumped revision number for resource 3f02dec5-1576-4a50-85d4-ec6ae45318f0 (type: security_group_rules) to 0
2026-07-30 02:09:33.053 7 INFO neutron.db.ovn_revision_numbers_db [None req-d5efd51d-ed3a-4ded-a563-b8dc08dd7387 ec00f29e24c94212824a4b97fe61713c 53c446d1ab1f46d487984e0886447460 - - default default] Successfully bumped revision number for resource 7c9219f6-c523-40b1-a8aa-e0abadc36ebf (type: security_group_rules) to 0
2026-07-30 02:09:33.065 7 INFO neutron.db.ovn_revision_numbers_db [None req-d5efd51d-ed3a-4ded-a563-b8dc08dd7387 ec00f29e24c94212824a4b97fe61713c 53c446d1ab1f46d487984e0886447460 - - default default] Successfully bumped revision number for resource c28a3e47-b34a-40d5-a1ae-493651ece885 (type: security_group_rules) to 0
2026-07-30 02:09:33.076 7 INFO neutron.db.ovn_revision_numbers_db [None req-d5efd51d-ed3a-4ded-a563-b8dc08dd7387 ec00f29e24c94212824a4b97fe61713c 53c446d1ab1f46d487984e0886447460 - - default default] Successfully bumped revision number for resource ecfd2541-bcbd-4bb6-8fef-eef6ff0ea2d0 (type: security_group_rules) to 0
2026-07-30 02:09:33.115 8 INFO neutron.db.ovn_revision_numbers_db [None req-478a255e-f012-42e7-a1f2-bc99b967f080 ec00f29e24c94212824a4b97fe61713c 53c446d1ab1f46d487984e0886447460 - - default default] Successfully bumped revision number for resource a6bb1a40-6b24-4249-8ff3-c28901465f2c (type: security_groups) to 1
2026-07-30 02:09:33.126 8 INFO neutron.db.ovn_revision_numbers_db [None req-478a255e-f012-42e7-a1f2-bc99b967f080 ec00f29e24c94212824a4b97fe61713c 53c446d1ab1f46d487984e0886447460 - - default default] Successfully bumped revision number for resource 0bfb7b9a-10c4-4156-b26a-ecc4faaeaa30 (type: security_group_rules) to 0
2026-07-30 02:09:33.139 8 INFO neutron.db.ovn_revision_numbers_db [None req-478a255e-f012-42e7-a1f2-bc99b967f080 ec00f29e24c94212824a4b97fe61713c 53c446d1ab1f46d487984e0886447460 - - default default] Successfully bumped revision number for resource 45f22613-c9f7-4248-a253-e46de4a85da9 (type: security_group_rules) to 0 [pid: 7|app: 0|req: 959/1862] 10.0.0.166 () {32 vars in 774 bytes} [Thu Jul 30 02:09:32 2026] GET /v2.0/security-groups?tenant_id=f74f0e8a08f04229a3d6a4a704a735c0&name=default => generated 2925 bytes in 373 msecs (HTTP/1.1 200) 4 headers in 158 bytes (1 switches on core 0)
2026-07-30 02:09:33.151 8 INFO neutron.db.ovn_revision_numbers_db [None req-478a255e-f012-42e7-a1f2-bc99b967f080 ec00f29e24c94212824a4b97fe61713c 53c446d1ab1f46d487984e0886447460 - - default default] Successfully bumped revision number for resource 7a67b9fc-981d-41a8-a091-fa8918addf75 (type: security_group_rules) to 0
2026-07-30 02:09:33.164 8 INFO neutron.db.ovn_revision_numbers_db [None req-478a255e-f012-42e7-a1f2-bc99b967f080 ec00f29e24c94212824a4b97fe61713c 53c446d1ab1f46d487984e0886447460 - - default default] Successfully bumped revision number for resource cf0806c4-94cb-47a8-a08c-09157e8f36c6 (type: security_group_rules) to 0 [pid: 8|app: 0|req: 904/1863] 10.0.0.166 () {32 vars in 774 bytes} [Thu Jul 30 02:09:32 2026] GET /v2.0/security-groups?tenant_id=c50e415a95e949a8afcbcb6c3c357ac5&name=default => generated 2925 bytes in 232 msecs (HTTP/1.1 200) 4 headers in 158 bytes (1 switches on core 0)
2026-07-30 02:09:33.379 8 INFO neutron.services.segments.plugin [-] Segment 83e54bdc-eff3-433a-8e93-263b2856c490 resource provider aggregate not found
2026-07-30 02:09:33.388 8 INFO neutron.services.segments.plugin [-] Segment 83e54bdc-eff3-433a-8e93-263b2856c490 resource provider aggregate not found
2026-07-30 02:09:33.400 8 INFO neutron.services.segments.plugin [-] Client error retrieving segment 83e54bdc-eff3-433a-8e93-263b2856c490 resource provider; error: Placement Client Error (4xx): {"errors": [{"status": 404, "title": "Not Found", "detail": "The resource could not be found.\n\n No resource provider with uuid 83e54bdc-eff3-433a-8e93-263b2856c490 found for delete ", "request_id": "req-f04fc52c-78a7-47e3-b6a2-a845ec2a4e8f"}]}
2026-07-30 02:09:33.408 8 INFO neutron.services.segments.plugin [-] Client error retrieving segment 83e54bdc-eff3-433a-8e93-263b2856c490 resource provider; error: Placement Client Error (4xx): {"errors": [{"status": 404, "title": "Not Found", "detail": "The resource could not be found.\n\n No resource provider with uuid 83e54bdc-eff3-433a-8e93-263b2856c490 found for delete ", "request_id": "req-acd1feac-ca16-4ae6-b321-9da835d77f4a"}]} [pid: 7|app: 0|req: 960/1864] 10.0.0.166 () {32 vars in 740 bytes} [Thu Jul 30 02:09:33 2026] DELETE /v2.0/security-groups/fb638d0d-62e2-4491-97aa-aad0c3c27ca3 => generated 0 bytes in 324 msecs (HTTP/1.1 204) 2 headers in 112 bytes (1 switches on core 0) [pid: 8|app: 0|req: 905/1865] 10.0.0.166 () {32 vars in 740 bytes} [Thu Jul 30 02:09:33 2026] DELETE /v2.0/security-groups/a6bb1a40-6b24-4249-8ff3-c28901465f2c => generated 0 bytes in 345 msecs (HTTP/1.1 204) 2 headers in 112 bytes (1 switches on core 0) [pid: 8|app: 0|req: 906/1866] 10.0.0.166 () {32 vars in 774 bytes} [Thu Jul 30 02:09:33 2026] GET /v2.0/security-groups?tenant_id=979f42d2afb743b5a47b313c58688dc3&name=default => generated 2925 bytes in 35 msecs (HTTP/1.1 200) 4 headers in 158 bytes (1 switches on core 0)
2026-07-30 02:09:33.844 7 INFO neutron.db.ovn_revision_numbers_db [None req-34818b63-4194-45a2-92d6-0df03d224b9a ec00f29e24c94212824a4b97fe61713c 53c446d1ab1f46d487984e0886447460 - - default default] Successfully bumped revision number for resource 05608567-8b8e-403a-a795-9c568b1dadc9 (type: security_groups) to 1
2026-07-30 02:09:33.861 7 INFO neutron.db.ovn_revision_numbers_db [None req-34818b63-4194-45a2-92d6-0df03d224b9a ec00f29e24c94212824a4b97fe61713c 53c446d1ab1f46d487984e0886447460 - - default default] Successfully bumped revision number for resource 1b378779-feca-4022-b89d-2b23c542c1a3 (type: security_group_rules) to 0
2026-07-30 02:09:33.882 7 INFO neutron.db.ovn_revision_numbers_db [None req-34818b63-4194-45a2-92d6-0df03d224b9a ec00f29e24c94212824a4b97fe61713c 53c446d1ab1f46d487984e0886447460 - - default default] Successfully bumped revision number for resource 4fc717f8-995c-464e-ad91-f7b48c22f5ff (type: security_group_rules) to 0
2026-07-30 02:09:33.898 7 INFO neutron.db.ovn_revision_numbers_db [None req-34818b63-4194-45a2-92d6-0df03d224b9a ec00f29e24c94212824a4b97fe61713c 53c446d1ab1f46d487984e0886447460 - - default default] Successfully bumped revision number for resource 58958786-1852-4bec-ab25-86e69c3c5118 (type: security_group_rules) to 0
2026-07-30 02:09:33.930 7 INFO neutron.db.ovn_revision_numbers_db [None req-34818b63-4194-45a2-92d6-0df03d224b9a ec00f29e24c94212824a4b97fe61713c 53c446d1ab1f46d487984e0886447460 - - default default] Successfully bumped revision number for resource a9efdae8-1fa9-4862-8dee-edd777fb2adf (type: security_group_rules) to 0 [pid: 7|app: 0|req: 961/1867] 10.0.0.166 () {32 vars in 774 bytes} [Thu Jul 30 02:09:33 2026] GET /v2.0/security-groups?tenant_id=35535e29f01843099602d9771a13fb2e&name=default => generated 2925 bytes in 325 msecs (HTTP/1.1 200) 4 headers in 158 bytes (1 switches on core 0) [pid: 8|app: 0|req: 907/1868] 10.0.0.166 () {32 vars in 740 bytes} [Thu Jul 30 02:09:33 2026] DELETE /v2.0/security-groups/d3937b21-e1ed-40be-bdda-29d31468f800 => generated 0 bytes in 315 msecs (HTTP/1.1 204) 2 headers in 112 bytes (1 switches on core 0) [pid: 7|app: 0|req: 962/1869] 10.0.0.166 () {32 vars in 740 bytes} [Thu Jul 30 02:09:33 2026] DELETE /v2.0/security-groups/05608567-8b8e-403a-a795-9c568b1dadc9 => generated 0 bytes in 305 msecs (HTTP/1.1 204) 2 headers in 112 bytes (1 switches on core 0)
2026-07-30 02:09:34.580 8 INFO neutron.db.ovn_revision_numbers_db [None req-3d2db6e3-2e37-4d6f-bbf3-b189442bc1b6 ec00f29e24c94212824a4b97fe61713c 53c446d1ab1f46d487984e0886447460 - - default default] Successfully bumped revision number for resource aa474304-adc1-4f25-b259-8f98b0098a12 (type: security_groups) to 1
2026-07-30 02:09:34.593 8 INFO neutron.db.ovn_revision_numbers_db [None req-3d2db6e3-2e37-4d6f-bbf3-b189442bc1b6 ec00f29e24c94212824a4b97fe61713c 53c446d1ab1f46d487984e0886447460 - - default default] Successfully bumped revision number for resource 38d724f3-f6fa-414c-9c47-e1a0ed143e09 (type: security_group_rules) to 0
2026-07-30 02:09:34.605 8 INFO neutron.db.ovn_revision_numbers_db [None req-3d2db6e3-2e37-4d6f-bbf3-b189442bc1b6 ec00f29e24c94212824a4b97fe61713c 53c446d1ab1f46d487984e0886447460 - - default default] Successfully bumped revision number for resource 6ad9746c-1d66-4324-8e1d-c69252473f7d (type: security_group_rules) to 0
2026-07-30 02:09:34.618 8 INFO neutron.db.ovn_revision_numbers_db [None req-3d2db6e3-2e37-4d6f-bbf3-b189442bc1b6 ec00f29e24c94212824a4b97fe61713c 53c446d1ab1f46d487984e0886447460 - - default default] Successfully bumped revision number for resource b45526d3-f7c3-4b4d-b952-abd990b84ee7 (type: security_group_rules) to 0
2026-07-30 02:09:34.631 8 INFO neutron.db.ovn_revision_numbers_db [None req-3d2db6e3-2e37-4d6f-bbf3-b189442bc1b6 ec00f29e24c94212824a4b97fe61713c 53c446d1ab1f46d487984e0886447460 - - default default] Successfully bumped revision number for resource c78901e7-20ba-4fc5-b2d2-9871bbf2f8b9 (type: security_group_rules) to 0 [pid: 8|app: 0|req: 908/1870] 10.0.0.166 () {32 vars in 774 bytes} [Thu Jul 30 02:09:34 2026] GET /v2.0/security-groups?tenant_id=562653c5f7c94fa4b71a241aabcf48bc&name=default => generated 2925 bytes in 426 msecs (HTTP/1.1 200) 4 headers in 158 bytes (1 switches on core 0) [pid: 7|app: 0|req: 963/1871] 10.0.0.166 () {32 vars in 740 bytes} [Thu Jul 30 02:09:34 2026] DELETE /v2.0/security-groups/aa474304-adc1-4f25-b259-8f98b0098a12 => generated 0 bytes in 294 msecs (HTTP/1.1 204) 2 headers in 112 bytes (1 switches on core 0)
2026-07-30 02:09:35.138 8 INFO neutron.db.ovn_revision_numbers_db [None req-86a61fba-a93c-46e1-a005-24d063bc3952 ec00f29e24c94212824a4b97fe61713c 53c446d1ab1f46d487984e0886447460 - - default default] Successfully bumped revision number for resource 39ca4442-da95-468c-959e-d4fc585c6f07 (type: security_groups) to 1
2026-07-30 02:09:35.154 8 INFO neutron.db.ovn_revision_numbers_db [None req-86a61fba-a93c-46e1-a005-24d063bc3952 ec00f29e24c94212824a4b97fe61713c 53c446d1ab1f46d487984e0886447460 - - default default] Successfully bumped revision number for resource 79ba3819-5a32-4f26-86c6-84610bbb8556 (type: security_group_rules) to 0
2026-07-30 02:09:35.165 8 INFO neutron.db.ovn_revision_numbers_db [None req-86a61fba-a93c-46e1-a005-24d063bc3952 ec00f29e24c94212824a4b97fe61713c 53c446d1ab1f46d487984e0886447460 - - default default] Successfully bumped revision number for resource b2f29c03-5cc4-437e-992f-d8da067ae0af (type: security_group_rules) to 0
2026-07-30 02:09:35.176 8 INFO neutron.db.ovn_revision_numbers_db [None req-86a61fba-a93c-46e1-a005-24d063bc3952 ec00f29e24c94212824a4b97fe61713c 53c446d1ab1f46d487984e0886447460 - - default default] Successfully bumped revision number for resource c9b8731c-a496-416d-83b1-9f1043d7777c (type: security_group_rules) to 0
2026-07-30 02:09:35.188 8 INFO neutron.db.ovn_revision_numbers_db [None req-86a61fba-a93c-46e1-a005-24d063bc3952 ec00f29e24c94212824a4b97fe61713c 53c446d1ab1f46d487984e0886447460 - - default default] Successfully bumped revision number for resource f9c86257-abd1-4f82-b5da-108b29043999 (type: security_group_rules) to 0 [pid: 8|app: 0|req: 909/1872] 10.0.0.166 () {32 vars in 774 bytes} [Thu Jul 30 02:09:34 2026] GET /v2.0/security-groups?tenant_id=ae0b315b17fa43798739d60c7d18424e&name=default => generated 2925 bytes in 346 msecs (HTTP/1.1 200) 4 headers in 158 bytes (1 switches on core 0) [pid: 7|app: 0|req: 964/1873] 10.0.0.166 () {32 vars in 740 bytes} [Thu Jul 30 02:09:35 2026] DELETE /v2.0/security-groups/39ca4442-da95-468c-959e-d4fc585c6f07 => generated 0 bytes in 248 msecs (HTTP/1.1 204) 2 headers in 112 bytes (1 switches on core 0)
2026-07-30 02:09:35.741 8 INFO neutron.db.ovn_revision_numbers_db [None req-9dd1229f-5bf8-4a41-87ed-aedec41b78c7 ec00f29e24c94212824a4b97fe61713c 53c446d1ab1f46d487984e0886447460 - - default default] Successfully bumped revision number for resource c93b0165-cfde-447a-834f-7c8649906dd6 (type: security_groups) to 1
2026-07-30 02:09:35.761 8 INFO neutron.db.ovn_revision_numbers_db [None req-9dd1229f-5bf8-4a41-87ed-aedec41b78c7 ec00f29e24c94212824a4b97fe61713c 53c446d1ab1f46d487984e0886447460 - - default default] Successfully bumped revision number for resource 18e0c7b1-56e7-48be-a612-f344e5669a34 (type: security_group_rules) to 0
2026-07-30 02:09:35.784 8 INFO neutron.db.ovn_revision_numbers_db [None req-9dd1229f-5bf8-4a41-87ed-aedec41b78c7 ec00f29e24c94212824a4b97fe61713c 53c446d1ab1f46d487984e0886447460 - - default default] Successfully bumped revision number for resource 5b477c14-b11d-486c-bdb4-7bf07713173c (type: security_group_rules) to 0
2026-07-30 02:09:35.797 8 INFO neutron.db.ovn_revision_numbers_db [None req-9dd1229f-5bf8-4a41-87ed-aedec41b78c7 ec00f29e24c94212824a4b97fe61713c 53c446d1ab1f46d487984e0886447460 - - default default] Successfully bumped revision number for resource 8301de56-ac1d-4cbb-b0c9-1f6b3b955526 (type: security_group_rules) to 0
2026-07-30 02:09:35.812 8 INFO neutron.db.ovn_revision_numbers_db [None req-9dd1229f-5bf8-4a41-87ed-aedec41b78c7 ec00f29e24c94212824a4b97fe61713c 53c446d1ab1f46d487984e0886447460 - - default default] Successfully bumped revision number for resource eefea85c-d37e-496b-84a9-c0cd73c7c801 (type: security_group_rules) to 0 [pid: 8|app: 0|req: 910/1874] 10.0.0.166 () {32 vars in 774 bytes} [Thu Jul 30 02:09:35 2026] GET /v2.0/security-groups?tenant_id=bc78f1e354ac4a6ca9498fb35ac06412&name=default => generated 2925 bytes in 265 msecs (HTTP/1.1 200) 4 headers in 158 bytes (1 switches on core 0) [pid: 7|app: 0|req: 965/1875] 10.0.0.166 () {32 vars in 740 bytes} [Thu Jul 30 02:09:35 2026] DELETE /v2.0/security-groups/c93b0165-cfde-447a-834f-7c8649906dd6 => generated 0 bytes in 275 msecs (HTTP/1.1 204) 2 headers in 112 bytes (1 switches on core 0)
2026-07-30 02:09:38.008 8 INFO neutron.db.ovn_revision_numbers_db [None req-19b9e2c9-1adb-4d3a-b627-81d7f1f644df 2492600a09c7448eb580d2b83b8715d5 90a6d27d234e45939ef3d33e834417a0 - - default default] Successfully bumped revision number for resource 24955374-af84-471a-af8b-1dabe1dd19b7 (type: security_groups) to 1
2026-07-30 02:09:38.020 8 INFO neutron.db.ovn_revision_numbers_db [None req-19b9e2c9-1adb-4d3a-b627-81d7f1f644df 2492600a09c7448eb580d2b83b8715d5 90a6d27d234e45939ef3d33e834417a0 - - default default] Successfully bumped revision number for resource 0e8baaa0-40f5-4ff8-b746-6e3d7aba5ceb (type: security_group_rules) to 0
2026-07-30 02:09:38.037 8 INFO neutron.db.ovn_revision_numbers_db [None req-19b9e2c9-1adb-4d3a-b627-81d7f1f644df 2492600a09c7448eb580d2b83b8715d5 90a6d27d234e45939ef3d33e834417a0 - - default default] Successfully bumped revision number for resource 25403ff2-ad85-47de-80af-7158d61affc8 (type: security_group_rules) to 0
2026-07-30 02:09:38.051 8 INFO neutron.db.ovn_revision_numbers_db [None req-19b9e2c9-1adb-4d3a-b627-81d7f1f644df 2492600a09c7448eb580d2b83b8715d5 90a6d27d234e45939ef3d33e834417a0 - - default default] Successfully bumped revision number for resource 91756a95-8d84-41aa-9d8d-37362d53f42e (type: security_group_rules) to 0
2026-07-30 02:09:38.063 8 INFO neutron.db.ovn_revision_numbers_db [None req-19b9e2c9-1adb-4d3a-b627-81d7f1f644df 2492600a09c7448eb580d2b83b8715d5 90a6d27d234e45939ef3d33e834417a0 - - default default] Successfully bumped revision number for resource a5de8b1e-655f-4bb7-8c79-805328160c35 (type: security_group_rules) to 0
2026-07-30 02:09:38.145 8 INFO neutron.db.segments_db [None req-19b9e2c9-1adb-4d3a-b627-81d7f1f644df 2492600a09c7448eb580d2b83b8715d5 90a6d27d234e45939ef3d33e834417a0 - - default default] Added segment 45d01eca-d184-4256-83e0-69dd3e7728d9 of type geneve for network 74ee69cc-1dac-48c1-b005-1bf848ed3244
2026-07-30 02:09:38.245 8 INFO neutron.db.ovn_revision_numbers_db [None req-19b9e2c9-1adb-4d3a-b627-81d7f1f644df 2492600a09c7448eb580d2b83b8715d5 90a6d27d234e45939ef3d33e834417a0 - - default default] Successfully bumped revision number for resource 74ee69cc-1dac-48c1-b005-1bf848ed3244 (type: networks) to 1
2026-07-30 02:09:38.417 8 WARNING neutron.scheduler.dhcp_agent_scheduler [None req-19b9e2c9-1adb-4d3a-b627-81d7f1f644df 2492600a09c7448eb580d2b83b8715d5 90a6d27d234e45939ef3d33e834417a0 - - default default] No more DHCP agents
2026-07-30 02:09:38.419 8 WARNING neutron.api.rpc.agentnotifiers.dhcp_rpc_agent_api [None req-19b9e2c9-1adb-4d3a-b627-81d7f1f644df 2492600a09c7448eb580d2b83b8715d5 90a6d27d234e45939ef3d33e834417a0 - - default default] Unable to schedule network 74ee69cc-1dac-48c1-b005-1bf848ed3244: no agents available; will retry on subsequent port and subnet creation events.
2026-07-30 02:09:38.466 8 INFO neutron.plugins.ml2.drivers.ovn.mech_driver.mech_driver [None req-d3538df8-2563-4f47-8cb4-6e603492ab6c - - - - - -] OVN reports status down for port: 7ba41903-4de1-452e-ab61-77fee0a68053
2026-07-30 02:09:38.524 8 INFO neutron.db.ovn_revision_numbers_db [None req-19b9e2c9-1adb-4d3a-b627-81d7f1f644df 2492600a09c7448eb580d2b83b8715d5 90a6d27d234e45939ef3d33e834417a0 - - default default] Successfully bumped revision number for resource 7ba41903-4de1-452e-ab61-77fee0a68053 (type: ports) to 1 [pid: 8|app: 0|req: 911/1876] 10.0.0.166 () {34 vars in 670 bytes} [Thu Jul 30 02:09:37 2026] POST /v2.0/networks => generated 664 bytes in 979 msecs (HTTP/1.1 201) 4 headers in 162 bytes (1 switches on core 0)
2026-07-30 02:09:38.716 7 INFO neutron.db.ovn_revision_numbers_db [None req-f91a00f8-ba52-4729-a6b2-7421e65f82e5 ec00f29e24c94212824a4b97fe61713c 53c446d1ab1f46d487984e0886447460 - - default default] Successfully bumped revision number for resource d282361c-5d7c-406a-a17f-4381f828b41c (type: security_groups) to 1
2026-07-30 02:09:38.747 7 INFO neutron.db.ovn_revision_numbers_db [None req-f91a00f8-ba52-4729-a6b2-7421e65f82e5 ec00f29e24c94212824a4b97fe61713c 53c446d1ab1f46d487984e0886447460 - - default default] Successfully bumped revision number for resource 343b62b5-06ff-4ecd-a264-c49fc793309c (type: security_group_rules) to 0
2026-07-30 02:09:38.752 8 INFO neutron.db.ovn_revision_numbers_db [None req-03f21225-a834-404f-898b-9246af2902ba ec00f29e24c94212824a4b97fe61713c 53c446d1ab1f46d487984e0886447460 - - default default] Successfully bumped revision number for resource 3214f61e-cc6b-42c2-a33c-c120458f0961 (type: security_groups) to 1
2026-07-30 02:09:38.762 7 INFO neutron.db.ovn_revision_numbers_db [None req-f91a00f8-ba52-4729-a6b2-7421e65f82e5 ec00f29e24c94212824a4b97fe61713c 53c446d1ab1f46d487984e0886447460 - - default default] Successfully bumped revision number for resource 578c4768-3072-43fc-9ef4-c3fa918251a2 (type: security_group_rules) to 0
2026-07-30 02:09:38.766 8 INFO neutron.db.ovn_revision_numbers_db [None req-03f21225-a834-404f-898b-9246af2902ba ec00f29e24c94212824a4b97fe61713c 53c446d1ab1f46d487984e0886447460 - - default default] Successfully bumped revision number for resource 1f574e8b-c679-42cc-98d5-850f1b60eb93 (type: security_group_rules) to 0
2026-07-30 02:09:38.779 8 INFO neutron.db.ovn_revision_numbers_db [None req-03f21225-a834-404f-898b-9246af2902ba ec00f29e24c94212824a4b97fe61713c 53c446d1ab1f46d487984e0886447460 - - default default] Successfully bumped revision number for resource 75410801-86b0-40b7-9c1b-5d54cda1eb4e (type: security_group_rules) to 0
2026-07-30 02:09:38.779 7 INFO neutron.db.ovn_revision_numbers_db [None req-f91a00f8-ba52-4729-a6b2-7421e65f82e5 ec00f29e24c94212824a4b97fe61713c 53c446d1ab1f46d487984e0886447460 - - default default] Successfully bumped revision number for resource d9daabba-35bc-42ea-be49-df8a3668aa4b (type: security_group_rules) to 0
2026-07-30 02:09:38.791 8 INFO neutron.db.ovn_revision_numbers_db [None req-03f21225-a834-404f-898b-9246af2902ba ec00f29e24c94212824a4b97fe61713c 53c446d1ab1f46d487984e0886447460 - - default default] Successfully bumped revision number for resource 77f19879-5db8-47ab-9d75-9c8d6d3d4f12 (type: security_group_rules) to 0
2026-07-30 02:09:38.802 7 INFO neutron.db.ovn_revision_numbers_db [None req-f91a00f8-ba52-4729-a6b2-7421e65f82e5 ec00f29e24c94212824a4b97fe61713c 53c446d1ab1f46d487984e0886447460 - - default default] Successfully bumped revision number for resource e30b43e6-d1da-4c10-ab65-9bf7eb42a06f (type: security_group_rules) to 0
2026-07-30 02:09:38.807 8 INFO neutron.db.ovn_revision_numbers_db [None req-03f21225-a834-404f-898b-9246af2902ba ec00f29e24c94212824a4b97fe61713c 53c446d1ab1f46d487984e0886447460 - - default default] Successfully bumped revision number for resource 926857c4-7859-46ea-bbab-1c58a47dff82 (type: security_group_rules) to 0 [pid: 8|app: 0|req: 912/1877] 10.0.0.166 () {32 vars in 774 bytes} [Thu Jul 30 02:09:38 2026] GET /v2.0/security-groups?tenant_id=262fadaae8e74909961551edb7608073&name=default => generated 2925 bytes in 270 msecs (HTTP/1.1 200) 4 headers in 158 bytes (1 switches on core 0) [pid: 7|app: 0|req: 966/1878] 10.0.0.166 () {32 vars in 774 bytes} [Thu Jul 30 02:09:38 2026] GET /v2.0/security-groups?tenant_id=7027f356d14b46b5977829d04f9f037f&name=default => generated 2925 bytes in 456 msecs (HTTP/1.1 200) 4 headers in 158 bytes (1 switches on core 0)
2026-07-30 02:09:39.042 8 WARNING neutron.scheduler.dhcp_agent_scheduler [None req-14d06da9-ec35-4439-81f5-9dee503cc862 2492600a09c7448eb580d2b83b8715d5 90a6d27d234e45939ef3d33e834417a0 - - default default] No more DHCP agents
2026-07-30 02:09:39.043 8 WARNING neutron.api.rpc.agentnotifiers.dhcp_rpc_agent_api [None req-14d06da9-ec35-4439-81f5-9dee503cc862 2492600a09c7448eb580d2b83b8715d5 90a6d27d234e45939ef3d33e834417a0 - - default default] Unable to schedule network 74ee69cc-1dac-48c1-b005-1bf848ed3244: no agents available; will retry on subsequent port and subnet creation events.
2026-07-30 02:09:39.093 7 INFO neutron.db.ovn_revision_numbers_db [None req-72cbe77c-1f5d-4d4b-bceb-fb50c94432b7 1700f16b489946869d19b6b018ee87ed e8eb8d2a5ad645ed85efb9b5b38d1b1d - - default default] Successfully bumped revision number for resource 8e7f4256-dc06-48fb-abb2-e76487ea895c (type: security_groups) to 1
2026-07-30 02:09:39.126 7 INFO neutron.db.ovn_revision_numbers_db [None req-72cbe77c-1f5d-4d4b-bceb-fb50c94432b7 1700f16b489946869d19b6b018ee87ed e8eb8d2a5ad645ed85efb9b5b38d1b1d - - default default] Successfully bumped revision number for resource 0ae1a6d6-f153-4d34-b2f2-569df5b49d0d (type: security_group_rules) to 0
2026-07-30 02:09:39.140 7 INFO neutron.db.ovn_revision_numbers_db [None req-72cbe77c-1f5d-4d4b-bceb-fb50c94432b7 1700f16b489946869d19b6b018ee87ed e8eb8d2a5ad645ed85efb9b5b38d1b1d - - default default] Successfully bumped revision number for resource 5be56319-f88e-403c-8ef5-61a10915c846 (type: security_group_rules) to 0
2026-07-30 02:09:39.153 7 INFO neutron.db.ovn_revision_numbers_db [None req-72cbe77c-1f5d-4d4b-bceb-fb50c94432b7 1700f16b489946869d19b6b018ee87ed e8eb8d2a5ad645ed85efb9b5b38d1b1d - - default default] Successfully bumped revision number for resource b561a3f5-9851-40f7-afc5-29508919f58d (type: security_group_rules) to 0
2026-07-30 02:09:39.165 7 INFO neutron.db.ovn_revision_numbers_db [None req-72cbe77c-1f5d-4d4b-bceb-fb50c94432b7 1700f16b489946869d19b6b018ee87ed e8eb8d2a5ad645ed85efb9b5b38d1b1d - - default default] Successfully bumped revision number for resource ba3997df-9773-4c14-925b-ea4c176aa6be (type: security_group_rules) to 0
2026-07-30 02:09:39.250 7 INFO neutron.db.segments_db [None req-72cbe77c-1f5d-4d4b-bceb-fb50c94432b7 1700f16b489946869d19b6b018ee87ed e8eb8d2a5ad645ed85efb9b5b38d1b1d - - default default] Added segment 4fc467f3-b08e-4f83-8fb5-42eafaed1dcc of type geneve for network 08ee689f-8a35-4c6b-96f1-86225c98fdba
2026-07-30 02:09:39.398 7 INFO neutron.db.ovn_revision_numbers_db [None req-72cbe77c-1f5d-4d4b-bceb-fb50c94432b7 1700f16b489946869d19b6b018ee87ed e8eb8d2a5ad645ed85efb9b5b38d1b1d - - default default] Successfully bumped revision number for resource 08ee689f-8a35-4c6b-96f1-86225c98fdba (type: networks) to 1
2026-07-30 02:09:39.512 8 INFO neutron.db.ovn_revision_numbers_db [None req-d99a694f-a359-47ae-be4b-44bfcc18489f - - - - - -] Successfully bumped revision number for resource 7ba41903-4de1-452e-ab61-77fee0a68053 (type: ports) to 2
2026-07-30 02:09:39.546 8 INFO neutron.db.ovn_revision_numbers_db [None req-d99a694f-a359-47ae-be4b-44bfcc18489f - - - - - -] Successfully bumped revision number for resource 366a394a-8de3-4658-8a53-d588a29bc120 (type: subnets) to 0 [pid: 8|app: 0|req: 913/1879] 10.0.0.166 () {34 vars in 669 bytes} [Thu Jul 30 02:09:38 2026] POST /v2.0/subnets => generated 626 bytes in 708 msecs (HTTP/1.1 201) 4 headers in 162 bytes (1 switches on core 0)
2026-07-30 02:09:39.608 7 WARNING neutron.scheduler.dhcp_agent_scheduler [None req-72cbe77c-1f5d-4d4b-bceb-fb50c94432b7 1700f16b489946869d19b6b018ee87ed e8eb8d2a5ad645ed85efb9b5b38d1b1d - - default default] No more DHCP agents
2026-07-30 02:09:39.609 7 WARNING neutron.api.rpc.agentnotifiers.dhcp_rpc_agent_api [None req-72cbe77c-1f5d-4d4b-bceb-fb50c94432b7 1700f16b489946869d19b6b018ee87ed e8eb8d2a5ad645ed85efb9b5b38d1b1d - - default default] Unable to schedule network 08ee689f-8a35-4c6b-96f1-86225c98fdba: no agents available; will retry on subsequent port and subnet creation events.
2026-07-30 02:09:39.665 7 INFO neutron.plugins.ml2.drivers.ovn.mech_driver.mech_driver [None req-139f8a11-d023-480c-8e24-55d95fab5f1c - - - - - -] OVN reports status down for port: 94d45134-24cb-4937-8e10-b176f6980a60
2026-07-30 02:09:39.773 7 INFO neutron.db.ovn_revision_numbers_db [None req-72cbe77c-1f5d-4d4b-bceb-fb50c94432b7 1700f16b489946869d19b6b018ee87ed e8eb8d2a5ad645ed85efb9b5b38d1b1d - - default default] Successfully bumped revision number for resource 94d45134-24cb-4937-8e10-b176f6980a60 (type: ports) to 1 [pid: 8|app: 0|req: 914/1880] 10.0.0.166 () {32 vars in 740 bytes} [Thu Jul 30 02:09:39 2026] DELETE /v2.0/security-groups/3214f61e-cc6b-42c2-a33c-c120458f0961 => generated 0 bytes in 275 msecs (HTTP/1.1 204) 2 headers in 112 bytes (1 switches on core 0) [pid: 7|app: 0|req: 967/1881] 10.0.0.166 () {34 vars in 670 bytes} [Thu Jul 30 02:09:38 2026] POST /v2.0/networks => generated 670 bytes in 1002 msecs (HTTP/1.1 201) 4 headers in 162 bytes (1 switches on core 0) [pid: 8|app: 0|req: 915/1884] 10.0.0.166 () {32 vars in 740 bytes} [Thu Jul 30 02:09:39 2026] DELETE /v2.0/security-groups/d282361c-5d7c-406a-a17f-4381f828b41c => generated 0 bytes in 227 msecs (HTTP/1.1 204) 2 headers in 112 bytes (1 switches on core 0)
2026-07-30 02:09:40.166 8 INFO neutron.db.segments_db [None req-259ae03e-d2c5-45e4-a69a-8d7e21eed6b6 1700f16b489946869d19b6b018ee87ed e8eb8d2a5ad645ed85efb9b5b38d1b1d - - default default] Added segment aa080b05-a038-4c8a-b244-0bb8324cc9cb of type geneve for network 452f49e6-5342-4542-b52f-90e0c706c3e2
2026-07-30 02:09:40.296 7 WARNING neutron.scheduler.dhcp_agent_scheduler [None req-a39b5f9a-defc-4117-9812-b5b979d98405 2492600a09c7448eb580d2b83b8715d5 90a6d27d234e45939ef3d33e834417a0 - - default default] No more DHCP agents
2026-07-30 02:09:40.298 7 WARNING neutron.api.rpc.agentnotifiers.dhcp_rpc_agent_api [None req-a39b5f9a-defc-4117-9812-b5b979d98405 2492600a09c7448eb580d2b83b8715d5 90a6d27d234e45939ef3d33e834417a0 - - default default] Unable to schedule network 68072575-a74a-4c1f-9354-993bb4ac0a3c: no agents available; will retry on subsequent port and subnet creation events.
2026-07-30 02:09:40.304 8 INFO neutron.db.ovn_revision_numbers_db [None req-259ae03e-d2c5-45e4-a69a-8d7e21eed6b6 1700f16b489946869d19b6b018ee87ed e8eb8d2a5ad645ed85efb9b5b38d1b1d - - default default] Successfully bumped revision number for resource 452f49e6-5342-4542-b52f-90e0c706c3e2 (type: networks) to 1
2026-07-30 02:09:40.452 7 INFO neutron.plugins.ml2.drivers.ovn.mech_driver.mech_driver [None req-139f8a11-d023-480c-8e24-55d95fab5f1c - - - - - -] OVN reports status down for port: 5495f49d-6076-4a7a-8721-47dc623e9a40
2026-07-30 02:09:40.494 8 WARNING neutron.scheduler.dhcp_agent_scheduler [None req-259ae03e-d2c5-45e4-a69a-8d7e21eed6b6 1700f16b489946869d19b6b018ee87ed e8eb8d2a5ad645ed85efb9b5b38d1b1d - - default default] No more DHCP agents
2026-07-30 02:09:40.495 8 WARNING neutron.api.rpc.agentnotifiers.dhcp_rpc_agent_api [None req-259ae03e-d2c5-45e4-a69a-8d7e21eed6b6 1700f16b489946869d19b6b018ee87ed e8eb8d2a5ad645ed85efb9b5b38d1b1d - - default default] Unable to schedule network 452f49e6-5342-4542-b52f-90e0c706c3e2: no agents available; will retry on subsequent port and subnet creation events.
2026-07-30 02:09:40.543 7 INFO neutron.db.ovn_revision_numbers_db [None req-a39b5f9a-defc-4117-9812-b5b979d98405 2492600a09c7448eb580d2b83b8715d5 90a6d27d234e45939ef3d33e834417a0 - - default default] Successfully bumped revision number for resource 5495f49d-6076-4a7a-8721-47dc623e9a40 (type: ports) to 1
2026-07-30 02:09:40.574 8 INFO neutron.plugins.ml2.drivers.ovn.mech_driver.mech_driver [None req-d3538df8-2563-4f47-8cb4-6e603492ab6c - - - - - -] OVN reports status down for port: 3b36028c-c898-42de-b188-dd4a8ecff198
2026-07-30 02:09:40.655 8 INFO neutron.db.ovn_revision_numbers_db [None req-259ae03e-d2c5-45e4-a69a-8d7e21eed6b6 1700f16b489946869d19b6b018ee87ed e8eb8d2a5ad645ed85efb9b5b38d1b1d - - default default] Successfully bumped revision number for resource 3b36028c-c898-42de-b188-dd4a8ecff198 (type: ports) to 1 [pid: 8|app: 0|req: 916/1885] 10.0.0.166 () {34 vars in 670 bytes} [Thu Jul 30 02:09:40 2026] POST /v2.0/networks => generated 669 bytes in 639 msecs (HTTP/1.1 201) 4 headers in 162 bytes (1 switches on core 0)
2026-07-30 02:09:40.790 8 INFO neutron.db.segments_db [None req-1ae5a41a-24ef-4130-9042-1ac3b3f6065e 1700f16b489946869d19b6b018ee87ed e8eb8d2a5ad645ed85efb9b5b38d1b1d - - default default] Added segment 171cc30e-8682-4154-af6d-c884b612dea7 of type geneve for network 58efcce1-2d56-498b-8dd9-45baf652def8
2026-07-30 02:09:40.908 8 INFO neutron.db.ovn_revision_numbers_db [None req-1ae5a41a-24ef-4130-9042-1ac3b3f6065e 1700f16b489946869d19b6b018ee87ed e8eb8d2a5ad645ed85efb9b5b38d1b1d - - default default] Successfully bumped revision number for resource 58efcce1-2d56-498b-8dd9-45baf652def8 (type: networks) to 1
2026-07-30 02:09:41.112 8 WARNING neutron.scheduler.dhcp_agent_scheduler [None req-1ae5a41a-24ef-4130-9042-1ac3b3f6065e 1700f16b489946869d19b6b018ee87ed e8eb8d2a5ad645ed85efb9b5b38d1b1d - - default default] No more DHCP agents
2026-07-30 02:09:41.115 8 WARNING neutron.api.rpc.agentnotifiers.dhcp_rpc_agent_api [None req-1ae5a41a-24ef-4130-9042-1ac3b3f6065e 1700f16b489946869d19b6b018ee87ed e8eb8d2a5ad645ed85efb9b5b38d1b1d - - default default] Unable to schedule network 58efcce1-2d56-498b-8dd9-45baf652def8: no agents available; will retry on subsequent port and subnet creation events.
2026-07-30 02:09:41.200 7 INFO neutron.plugins.ml2.drivers.ovn.mech_driver.mech_driver [None req-139f8a11-d023-480c-8e24-55d95fab5f1c - - - - - -] OVN reports status down for port: be2643be-6523-41c2-b4ae-f4443eb31cef
2026-07-30 02:09:41.202 8 INFO neutron.db.ovn_revision_numbers_db [None req-1ae5a41a-24ef-4130-9042-1ac3b3f6065e 1700f16b489946869d19b6b018ee87ed e8eb8d2a5ad645ed85efb9b5b38d1b1d - - default default] Successfully bumped revision number for resource be2643be-6523-41c2-b4ae-f4443eb31cef (type: ports) to 1 [pid: 8|app: 0|req: 917/1886] 10.0.0.166 () {34 vars in 670 bytes} [Thu Jul 30 02:09:40 2026] POST /v2.0/networks => generated 669 bytes in 527 msecs (HTTP/1.1 201) 4 headers in 162 bytes (1 switches on core 0)
2026-07-30 02:09:41.347 8 INFO neutron.db.segments_db [None req-447b1518-6573-4317-be65-321d4d389dc4 1700f16b489946869d19b6b018ee87ed e8eb8d2a5ad645ed85efb9b5b38d1b1d - - default default] Added segment 83bb0a8e-1fe3-4560-bb9a-2c6085a59a26 of type geneve for network 6d5c5fec-0b7a-4d41-9d03-90624ea8feab
2026-07-30 02:09:41.431 7 INFO neutron.plugins.ml2.drivers.ovn.mech_driver.ovsdb.commands [None req-bb8cfbcf-6f29-45f4-a138-37d852644454 - - - - - -] Schedule LRP lrp-5495f49d-6076-4a7a-8721-47dc623e9a40 on gateway 5cd715d0-52b9-4a94-8c19-1c12ca826360 with priority 1
2026-07-30 02:09:41.462 7 INFO neutron.plugins.ml2.drivers.ovn.mech_driver.mech_driver [None req-139f8a11-d023-480c-8e24-55d95fab5f1c - - - - - -] OVN reports status up for port: 5495f49d-6076-4a7a-8721-47dc623e9a40
2026-07-30 02:09:41.520 7 INFO neutron.plugins.ml2.plugin [None req-139f8a11-d023-480c-8e24-55d95fab5f1c - - - - - -] Attempt 1 to provision port 5495f49d-6076-4a7a-8721-47dc623e9a40
2026-07-30 02:09:41.528 8 INFO neutron.db.ovn_revision_numbers_db [None req-447b1518-6573-4317-be65-321d4d389dc4 1700f16b489946869d19b6b018ee87ed e8eb8d2a5ad645ed85efb9b5b38d1b1d - - default default] Successfully bumped revision number for resource 6d5c5fec-0b7a-4d41-9d03-90624ea8feab (type: networks) to 1
2026-07-30 02:09:41.548 7 INFO neutron.db.ovn_revision_numbers_db [None req-a39b5f9a-defc-4117-9812-b5b979d98405 2492600a09c7448eb580d2b83b8715d5 90a6d27d234e45939ef3d33e834417a0 - - default default] Successfully bumped revision number for resource 5495f49d-6076-4a7a-8721-47dc623e9a40 (type: router_ports) to 1
2026-07-30 02:09:41.687 7 INFO neutron.db.ovn_revision_numbers_db [None req-a39b5f9a-defc-4117-9812-b5b979d98405 2492600a09c7448eb580d2b83b8715d5 90a6d27d234e45939ef3d33e834417a0 - - default default] Successfully bumped revision number for resource 3dcd9360-3316-4718-81ce-b2423de022b3 (type: routers) to 2 [pid: 7|app: 0|req: 970/1887] 10.0.0.166 () {34 vars in 669 bytes} [Thu Jul 30 02:09:39 2026] POST /v2.0/routers => generated 935 bytes in 1854 msecs (HTTP/1.1 201) 4 headers in 162 bytes (1 switches on core 0)
2026-07-30 02:09:41.736 8 WARNING neutron.scheduler.dhcp_agent_scheduler [None req-447b1518-6573-4317-be65-321d4d389dc4 1700f16b489946869d19b6b018ee87ed e8eb8d2a5ad645ed85efb9b5b38d1b1d - - default default] No more DHCP agents
2026-07-30 02:09:41.737 8 WARNING neutron.api.rpc.agentnotifiers.dhcp_rpc_agent_api [None req-447b1518-6573-4317-be65-321d4d389dc4 1700f16b489946869d19b6b018ee87ed e8eb8d2a5ad645ed85efb9b5b38d1b1d - - default default] Unable to schedule network 6d5c5fec-0b7a-4d41-9d03-90624ea8feab: no agents available; will retry on subsequent port and subnet creation events.
2026-07-30 02:09:41.825 8 INFO neutron.db.ovn_revision_numbers_db [None req-447b1518-6573-4317-be65-321d4d389dc4 1700f16b489946869d19b6b018ee87ed e8eb8d2a5ad645ed85efb9b5b38d1b1d - - default default] Successfully bumped revision number for resource 6a1df9e4-b209-4582-a3ee-7cd1403f022b (type: ports) to 1 [pid: 8|app: 0|req: 918/1888] 10.0.0.166 () {34 vars in 670 bytes} [Thu Jul 30 02:09:41 2026] POST /v2.0/networks => generated 670 bytes in 610 msecs (HTTP/1.1 201) 4 headers in 162 bytes (1 switches on core 0) [pid: 7|app: 0|req: 971/1889] 10.0.0.166 () {32 vars in 653 bytes} [Thu Jul 30 02:09:41 2026] GET /v2.0/extensions => generated 20541 bytes in 258 msecs (HTTP/1.1 200) 4 headers in 159 bytes (1 switches on core 0)
2026-07-30 02:09:42.077 7 INFO neutron.db.segments_db [None req-30a95fc0-4ca0-4599-b7c3-3ecb21c5c77e 1700f16b489946869d19b6b018ee87ed e8eb8d2a5ad645ed85efb9b5b38d1b1d - - default default] Added segment 3c720580-3909-4519-9107-ddd64b2a8795 of type geneve for network fc4833df-36ad-4956-9574-274f4aa86a44
2026-07-30 02:09:42.188 7 INFO neutron.db.ovn_revision_numbers_db [None req-30a95fc0-4ca0-4599-b7c3-3ecb21c5c77e 1700f16b489946869d19b6b018ee87ed e8eb8d2a5ad645ed85efb9b5b38d1b1d - - default default] Successfully bumped revision number for resource fc4833df-36ad-4956-9574-274f4aa86a44 (type: networks) to 1
2026-07-30 02:09:42.319 8 WARNING neutron.scheduler.dhcp_agent_scheduler [None req-b0d221c8-02fd-43a5-8be1-458f3ff60cc4 2492600a09c7448eb580d2b83b8715d5 90a6d27d234e45939ef3d33e834417a0 - - default default] No more DHCP agents
2026-07-30 02:09:42.320 8 WARNING neutron.api.rpc.agentnotifiers.dhcp_rpc_agent_api [None req-b0d221c8-02fd-43a5-8be1-458f3ff60cc4 2492600a09c7448eb580d2b83b8715d5 90a6d27d234e45939ef3d33e834417a0 - - default default] Unable to schedule network 74ee69cc-1dac-48c1-b005-1bf848ed3244: no agents available; will retry on subsequent port and subnet creation events.
2026-07-30 02:09:42.351 7 WARNING neutron.scheduler.dhcp_agent_scheduler [None req-30a95fc0-4ca0-4599-b7c3-3ecb21c5c77e 1700f16b489946869d19b6b018ee87ed e8eb8d2a5ad645ed85efb9b5b38d1b1d - - default default] No more DHCP agents
2026-07-30 02:09:42.353 7 WARNING neutron.api.rpc.agentnotifiers.dhcp_rpc_agent_api [None req-30a95fc0-4ca0-4599-b7c3-3ecb21c5c77e 1700f16b489946869d19b6b018ee87ed e8eb8d2a5ad645ed85efb9b5b38d1b1d - - default default] Unable to schedule network fc4833df-36ad-4956-9574-274f4aa86a44: no agents available; will retry on subsequent port and subnet creation events.
2026-07-30 02:09:42.420 8 INFO neutron.plugins.ml2.drivers.ovn.mech_driver.mech_driver [None req-d3538df8-2563-4f47-8cb4-6e603492ab6c - - - - - -] OVN reports status down for port: 5896b7e0-6bde-4f34-9781-8823b2fa91ae
2026-07-30 02:09:42.439 7 INFO neutron.db.ovn_revision_numbers_db [None req-30a95fc0-4ca0-4599-b7c3-3ecb21c5c77e 1700f16b489946869d19b6b018ee87ed e8eb8d2a5ad645ed85efb9b5b38d1b1d - - default default] Successfully bumped revision number for resource 5896b7e0-6bde-4f34-9781-8823b2fa91ae (type: ports) to 1 [pid: 7|app: 0|req: 972/1890] 10.0.0.166 () {34 vars in 670 bytes} [Thu Jul 30 02:09:41 2026] POST /v2.0/networks => generated 670 bytes in 518 msecs (HTTP/1.1 201) 4 headers in 162 bytes (1 switches on core 0)
2026-07-30 02:09:42.499 8 INFO neutron.db.ovn_revision_numbers_db [None req-b0d221c8-02fd-43a5-8be1-458f3ff60cc4 2492600a09c7448eb580d2b83b8715d5 90a6d27d234e45939ef3d33e834417a0 - - default default] Successfully bumped revision number for resource 60fba527-8d1d-4fb1-b51c-85d4bf3ecbcc (type: ports) to 1
2026-07-30 02:09:42.713 7 INFO neutron.db.ovn_revision_numbers_db [None req-4779dc7b-01da-4df1-9e57-a7364d9d1c5c ec00f29e24c94212824a4b97fe61713c 53c446d1ab1f46d487984e0886447460 - - default default] Successfully bumped revision number for resource 35a97663-3fea-458e-8ac7-87a6deca646d (type: security_groups) to 1
2026-07-30 02:09:42.734 7 INFO neutron.db.ovn_revision_numbers_db [None req-4779dc7b-01da-4df1-9e57-a7364d9d1c5c ec00f29e24c94212824a4b97fe61713c 53c446d1ab1f46d487984e0886447460 - - default default] Successfully bumped revision number for resource 002672b5-bb8a-4188-8f7c-7e9c103188c3 (type: security_group_rules) to 0
2026-07-30 02:09:42.752 7 INFO neutron.db.ovn_revision_numbers_db [None req-4779dc7b-01da-4df1-9e57-a7364d9d1c5c ec00f29e24c94212824a4b97fe61713c 53c446d1ab1f46d487984e0886447460 - - default default] Successfully bumped revision number for resource 0e9901de-22a0-4176-82a7-f4a2de4d5650 (type: security_group_rules) to 0
2026-07-30 02:09:42.776 7 INFO neutron.db.ovn_revision_numbers_db [None req-4779dc7b-01da-4df1-9e57-a7364d9d1c5c ec00f29e24c94212824a4b97fe61713c 53c446d1ab1f46d487984e0886447460 - - default default] Successfully bumped revision number for resource 5e0b3d9c-d5cc-49de-b62c-fe484c37627f (type: security_group_rules) to 0
2026-07-30 02:09:42.799 7 INFO neutron.db.ovn_revision_numbers_db [None req-4779dc7b-01da-4df1-9e57-a7364d9d1c5c ec00f29e24c94212824a4b97fe61713c 53c446d1ab1f46d487984e0886447460 - - default default] Successfully bumped revision number for resource bd056470-100e-4572-9ad0-91123f29fb87 (type: security_group_rules) to 0
2026-07-30 02:09:42.897 7 INFO neutron.db.segments_db [None req-4779dc7b-01da-4df1-9e57-a7364d9d1c5c ec00f29e24c94212824a4b97fe61713c 53c446d1ab1f46d487984e0886447460 - - default default] Added segment 2ea5a7a8-c047-475b-93b2-3824a3b7dbb2 of type geneve for network 390d708f-e6c9-4147-bfcd-314c913f50c4
2026-07-30 02:09:43.010 7 INFO neutron.db.ovn_revision_numbers_db [None req-4779dc7b-01da-4df1-9e57-a7364d9d1c5c ec00f29e24c94212824a4b97fe61713c 53c446d1ab1f46d487984e0886447460 - - default default] Successfully bumped revision number for resource 390d708f-e6c9-4147-bfcd-314c913f50c4 (type: networks) to 1
2026-07-30 02:09:43.178 7 WARNING neutron.scheduler.dhcp_agent_scheduler [None req-4779dc7b-01da-4df1-9e57-a7364d9d1c5c ec00f29e24c94212824a4b97fe61713c 53c446d1ab1f46d487984e0886447460 - - default default] No more DHCP agents
2026-07-30 02:09:43.180 7 WARNING neutron.api.rpc.agentnotifiers.dhcp_rpc_agent_api [None req-4779dc7b-01da-4df1-9e57-a7364d9d1c5c ec00f29e24c94212824a4b97fe61713c 53c446d1ab1f46d487984e0886447460 - - default default] Unable to schedule network 390d708f-e6c9-4147-bfcd-314c913f50c4: no agents available; will retry on subsequent port and subnet creation events.
