Mar 19 14:07:13.865357 np0000160014 devstack@neutron-api.service[102296]: DEBUG neutron_lib.callbacks.manager [None req-79eb545a-cdeb-41c3-b683-3ff6e52e21fa None None] Subscribe: > port after_create 55550000, False {{(pid=102296) subscribe /opt/stack/data/venv/lib/python3.12/site-packages/neutron_lib/callbacks/manager.py:52}}
Mar 19 14:07:13.865357 np0000160014 devstack@neutron-api.service[102296]: DEBUG neutron_lib.callbacks.manager [None req-79eb545a-cdeb-41c3-b683-3ff6e52e21fa None None] Subscribe: > port after_update 55550000, False {{(pid=102296) subscribe /opt/stack/data/venv/lib/python3.12/site-packages/neutron_lib/callbacks/manager.py:52}}
Mar 19 14:07:13.866109 np0000160014 devstack@neutron-api.service[102296]: DEBUG neutron_lib.callbacks.manager [None req-79eb545a-cdeb-41c3-b683-3ff6e52e21fa None None] Subscribe: > port after_delete 55550000, False {{(pid=102296) subscribe /opt/stack/data/venv/lib/python3.12/site-packages/neutron_lib/callbacks/manager.py:52}}
Mar 19 14:07:13.866109 np0000160014 devstack@neutron-api.service[102296]: DEBUG neutron_lib.callbacks.manager [None req-79eb545a-cdeb-41c3-b683-3ff6e52e21fa None None] Subscribe: > subnet after_create 55550000, False {{(pid=102296) subscribe /opt/stack/data/venv/lib/python3.12/site-packages/neutron_lib/callbacks/manager.py:52}}
Mar 19 14:07:13.866109 np0000160014 devstack@neutron-api.service[102296]: DEBUG neutron_lib.callbacks.manager [None req-79eb545a-cdeb-41c3-b683-3ff6e52e21fa None None] Subscribe: > subnet after_update 55550000, False {{(pid=102296) subscribe /opt/stack/data/venv/lib/python3.12/site-packages/neutron_lib/callbacks/manager.py:52}}
Mar 19 14:07:13.866109 np0000160014 devstack@neutron-api.service[102296]: DEBUG neutron_lib.callbacks.manager [None req-79eb545a-cdeb-41c3-b683-3ff6e52e21fa None None] Subscribe: > subnet after_delete 55550000, False {{(pid=102296) subscribe /opt/stack/data/venv/lib/python3.12/site-packages/neutron_lib/callbacks/manager.py:52}}
Mar 19 14:07:13.867032 np0000160014 devstack@neutron-api.service[102296]: DEBUG neutron_lib.callbacks.manager [None req-79eb545a-cdeb-41c3-b683-3ff6e52e21fa None None] Subscribe: > network after_create 55550000, False {{(pid=102296) subscribe /opt/stack/data/venv/lib/python3.12/site-packages/neutron_lib/callbacks/manager.py:52}}
Mar 19 14:07:13.867032 np0000160014 devstack@neutron-api.service[102296]: DEBUG neutron_lib.callbacks.manager [None req-79eb545a-cdeb-41c3-b683-3ff6e52e21fa None None] Subscribe: > network after_update 55550000, False {{(pid=102296) subscribe /opt/stack/data/venv/lib/python3.12/site-packages/neutron_lib/callbacks/manager.py:52}}
Mar 19 14:07:13.867400 np0000160014 devstack@neutron-api.service[102297]: DEBUG neutron.services.provider_configuration [None req-7a552d73-68fc-4d2d-a836-eb69ba546ed8 None None] Service providers = [] {{(pid=102297) parse_service_provider_opt /opt/stack/neutron/neutron/services/provider_configuration.py:171}}
Mar 19 14:07:13.867638 np0000160014 devstack@neutron-api.service[102296]: DEBUG neutron_lib.callbacks.manager [None req-79eb545a-cdeb-41c3-b683-3ff6e52e21fa None None] Subscribe: > network after_delete 55550000, False {{(pid=102296) subscribe /opt/stack/data/venv/lib/python3.12/site-packages/neutron_lib/callbacks/manager.py:52}}
Mar 19 14:07:13.868177 np0000160014 devstack@neutron-api.service[102297]: DEBUG neutron.db.servicetype_db [None req-7a552d73-68fc-4d2d-a836-eb69ba546ed8 None None] Adding provider configuration for service L3_ROUTER_NAT {{(pid=102297) add_provider_configuration /opt/stack/neutron/neutron/db/servicetype_db.py:42}}
Mar 19 14:07:13.868713 np0000160014 devstack@neutron-api.service[102296]: DEBUG neutron_lib.callbacks.manager [None req-79eb545a-cdeb-41c3-b683-3ff6e52e21fa None None] Subscribe: > security_group after_create 55550000, False {{(pid=102296) subscribe /opt/stack/data/venv/lib/python3.12/site-packages/neutron_lib/callbacks/manager.py:52}}
Mar 19 14:07:13.868713 np0000160014 devstack@neutron-api.service[102296]: DEBUG neutron_lib.callbacks.manager [None req-79eb545a-cdeb-41c3-b683-3ff6e52e21fa None None] Subscribe: > security_group after_update 55550000, False {{(pid=102296) subscribe /opt/stack/data/venv/lib/python3.12/site-packages/neutron_lib/callbacks/manager.py:52}}
Mar 19 14:07:13.868713 np0000160014 devstack@neutron-api.service[102296]: DEBUG neutron_lib.callbacks.manager [None req-79eb545a-cdeb-41c3-b683-3ff6e52e21fa None None] Subscribe: > security_group after_delete 55550000, False {{(pid=102296) subscribe /opt/stack/data/venv/lib/python3.12/site-packages/neutron_lib/callbacks/manager.py:52}}
Mar 19 14:07:13.868713 np0000160014 devstack@neutron-api.service[102296]: DEBUG neutron_lib.callbacks.manager [None req-79eb545a-cdeb-41c3-b683-3ff6e52e21fa None None] Subscribe: > security_group_rule after_create 55550000, False {{(pid=102296) subscribe /opt/stack/data/venv/lib/python3.12/site-packages/neutron_lib/callbacks/manager.py:52}}
Mar 19 14:07:13.869552 np0000160014 devstack@neutron-api.service[102296]: DEBUG neutron_lib.callbacks.manager [None req-79eb545a-cdeb-41c3-b683-3ff6e52e21fa None None] Subscribe: > security_group_rule after_update 55550000, False {{(pid=102296) subscribe /opt/stack/data/venv/lib/python3.12/site-packages/neutron_lib/callbacks/manager.py:52}}
Mar 19 14:07:13.869552 np0000160014 devstack@neutron-api.service[102296]: DEBUG neutron_lib.callbacks.manager [None req-79eb545a-cdeb-41c3-b683-3ff6e52e21fa None None] Subscribe: > security_group_rule after_delete 55550000, False {{(pid=102296) subscribe /opt/stack/data/venv/lib/python3.12/site-packages/neutron_lib/callbacks/manager.py:52}}
Mar 19 14:07:13.869552 np0000160014 devstack@neutron-api.service[102296]: DEBUG neutron_lib.callbacks.manager [None req-79eb545a-cdeb-41c3-b683-3ff6e52e21fa None None] Subscribe: > address_group after_create 55550000, False {{(pid=102296) subscribe /opt/stack/data/venv/lib/python3.12/site-packages/neutron_lib/callbacks/manager.py:52}}
Mar 19 14:07:13.869552 np0000160014 devstack@neutron-api.service[102296]: DEBUG neutron_lib.callbacks.manager [None req-79eb545a-cdeb-41c3-b683-3ff6e52e21fa None None] Subscribe: > address_group after_update 55550000, False {{(pid=102296) subscribe /opt/stack/data/venv/lib/python3.12/site-packages/neutron_lib/callbacks/manager.py:52}}
Mar 19 14:07:13.870036 np0000160014 devstack@neutron-api.service[102296]: DEBUG neutron_lib.callbacks.manager [None req-79eb545a-cdeb-41c3-b683-3ff6e52e21fa None None] Subscribe: > address_group after_delete 55550000, False {{(pid=102296) subscribe /opt/stack/data/venv/lib/python3.12/site-packages/neutron_lib/callbacks/manager.py:52}}
Mar 19 14:07:13.870036 np0000160014 devstack@neutron-api.service[102296]: DEBUG neutron.plugins.ml2.ovo_rpc [None req-79eb545a-cdeb-41c3-b683-3ff6e52e21fa None None] ML2 OVO RPC backend initialized. {{(pid=102296) __init__ /opt/stack/neutron/neutron/plugins/ml2/ovo_rpc.py:117}}
Mar 19 14:07:13.870292 np0000160014 devstack@neutron-api.service[102297]: DEBUG neutron_lib.callbacks.manager [None req-7a552d73-68fc-4d2d-a836-eb69ba546ed8 None None] Subscribe: > router precommit_create 55549900, False {{(pid=102297) subscribe /opt/stack/data/venv/lib/python3.12/site-packages/neutron_lib/callbacks/manager.py:52}}
Mar 19 14:07:13.870292 np0000160014 devstack@neutron-api.service[102297]: DEBUG neutron_lib.callbacks.manager [None req-7a552d73-68fc-4d2d-a836-eb69ba546ed8 None None] Subscribe: > router_interface after_create 55550000, False {{(pid=102297) subscribe /opt/stack/data/venv/lib/python3.12/site-packages/neutron_lib/callbacks/manager.py:52}}
Mar 19 14:07:13.870292 np0000160014 devstack@neutron-api.service[102297]: DEBUG neutron_lib.callbacks.manager [None req-7a552d73-68fc-4d2d-a836-eb69ba546ed8 None None] Subscribe: > floatingip after_create 55550000, False {{(pid=102297) subscribe /opt/stack/data/venv/lib/python3.12/site-packages/neutron_lib/callbacks/manager.py:52}}
Mar 19 14:07:13.870292 np0000160014 devstack@neutron-api.service[102297]: DEBUG neutron_lib.callbacks.manager [None req-7a552d73-68fc-4d2d-a836-eb69ba546ed8 None None] Subscribe: > floatingip precommit_create 55550000, False {{(pid=102297) subscribe /opt/stack/data/venv/lib/python3.12/site-packages/neutron_lib/callbacks/manager.py:52}}
Mar 19 14:07:13.870593 np0000160014 devstack@neutron-api.service[102297]: DEBUG neutron_lib.callbacks.manager [None req-7a552d73-68fc-4d2d-a836-eb69ba546ed8 None None] Subscribe: > floatingip precommit_update 55550000, False {{(pid=102297) subscribe /opt/stack/data/venv/lib/python3.12/site-packages/neutron_lib/callbacks/manager.py:52}}
Mar 19 14:07:13.870593 np0000160014 devstack@neutron-api.service[102297]: DEBUG neutron_lib.callbacks.manager [None req-7a552d73-68fc-4d2d-a836-eb69ba546ed8 None None] Subscribe: > floatingip after_delete 55550000, False {{(pid=102297) subscribe /opt/stack/data/venv/lib/python3.12/site-packages/neutron_lib/callbacks/manager.py:52}}
Mar 19 14:07:13.870593 np0000160014 devstack@neutron-api.service[102297]: DEBUG neutron_lib.callbacks.manager [None req-7a552d73-68fc-4d2d-a836-eb69ba546ed8 None None] Subscribe: > floatingip after_status_update 55550000, False {{(pid=102297) subscribe /opt/stack/data/venv/lib/python3.12/site-packages/neutron_lib/callbacks/manager.py:52}}
Mar 19 14:07:13.870593 np0000160014 devstack@neutron-api.service[102297]: DEBUG neutron_lib.callbacks.manager [None req-7a552d73-68fc-4d2d-a836-eb69ba546ed8 None None] Subscribe: > floatingip after_update 55550000, False {{(pid=102297) subscribe /opt/stack/data/venv/lib/python3.12/site-packages/neutron_lib/callbacks/manager.py:52}}
Mar 19 14:07:13.870926 np0000160014 devstack@neutron-api.service[102296]: INFO neutron.quota [None req-79eb545a-cdeb-41c3-b683-3ff6e52e21fa None None] Loaded quota_driver: .
Mar 19 14:07:13.871143 np0000160014 devstack@neutron-api.service[102297]: DEBUG neutron_lib.callbacks.manager [None req-7a552d73-68fc-4d2d-a836-eb69ba546ed8 None None] Subscribe: > port_forwarding after_create 55550000, False {{(pid=102297) subscribe /opt/stack/data/venv/lib/python3.12/site-packages/neutron_lib/callbacks/manager.py:52}}
Mar 19 14:07:13.871143 np0000160014 devstack@neutron-api.service[102297]: DEBUG neutron_lib.callbacks.manager [None req-7a552d73-68fc-4d2d-a836-eb69ba546ed8 None None] Subscribe: > router_interface after_delete 55550000, False {{(pid=102297) subscribe /opt/stack/data/venv/lib/python3.12/site-packages/neutron_lib/callbacks/manager.py:52}}
Mar 19 14:07:13.871433 np0000160014 devstack@neutron-api.service[102296]: INFO neutron.plugins.ml2.plugin [None req-79eb545a-cdeb-41c3-b683-3ff6e52e21fa None None] Modular L2 Plugin initialization complete
Mar 19 14:07:13.871664 np0000160014 devstack@neutron-api.service[102297]: DEBUG neutron_lib.callbacks.manager [None req-7a552d73-68fc-4d2d-a836-eb69ba546ed8 None None] Subscribe: > router after_create 55550000, False {{(pid=102297) subscribe /opt/stack/data/venv/lib/python3.12/site-packages/neutron_lib/callbacks/manager.py:52}}
Mar 19 14:07:13.871772 np0000160014 devstack@neutron-api.service[102296]: DEBUG neutron.manager [None req-79eb545a-cdeb-41c3-b683-3ff6e52e21fa None None] Loading services supported by the core plugin {{(pid=102296) _load_services_from_core_plugin /opt/stack/neutron/neutron/manager.py:169}}
Mar 19 14:07:13.872424 np0000160014 devstack@neutron-api.service[102297]: DEBUG neutron_lib.callbacks.manager [None req-7a552d73-68fc-4d2d-a836-eb69ba546ed8 None None] Subscribe: > router precommit_create 55550000, False {{(pid=102297) subscribe /opt/stack/data/venv/lib/python3.12/site-packages/neutron_lib/callbacks/manager.py:52}}
Mar 19 14:07:13.873088 np0000160014 devstack@neutron-api.service[102296]: INFO neutron.plugins.ml2.managers [None req-79eb545a-cdeb-41c3-b683-3ff6e52e21fa None None] Got port-security extension from driver 'port_security'
Mar 19 14:07:13.873703 np0000160014 devstack@neutron-api.service[102297]: DEBUG neutron_lib.callbacks.manager [None req-7a552d73-68fc-4d2d-a836-eb69ba546ed8 None None] Subscribe: > router after_delete 55550000, False {{(pid=102297) subscribe /opt/stack/data/venv/lib/python3.12/site-packages/neutron_lib/callbacks/manager.py:52}}
Mar 19 14:07:13.873703 np0000160014 devstack@neutron-api.service[102297]: DEBUG neutron_lib.callbacks.manager [None req-7a552d73-68fc-4d2d-a836-eb69ba546ed8 None None] Subscribe: > router after_update 55550000, False {{(pid=102297) subscribe /opt/stack/data/venv/lib/python3.12/site-packages/neutron_lib/callbacks/manager.py:52}}
Mar 19 14:07:13.873703 np0000160014 devstack@neutron-api.service[102297]: DEBUG neutron.services.service_base [None req-7a552d73-68fc-4d2d-a836-eb69ba546ed8 None None] Loaded 'neutron.services.ovn_l3.service_providers.ovn.OvnDriver' provider for service L3_ROUTER_NAT {{(pid=102297) load_drivers /opt/stack/neutron/neutron/services/service_base.py:49}}
Mar 19 14:07:13.874870 np0000160014 devstack@neutron-api.service[102296]: DEBUG neutron.manager [None req-79eb545a-cdeb-41c3-b683-3ff6e52e21fa None None] Loading service plugins: ['ovn-router', 'auto_allocate', 'tag', 'timestamp', 'network_ip_availability', 'flavors', 'revisions'] {{(pid=102296) _load_service_plugins /opt/stack/neutron/neutron/manager.py:194}}
Mar 19 14:07:13.875726 np0000160014 devstack@neutron-api.service[102297]: DEBUG neutron_lib.callbacks.manager [None req-7a552d73-68fc-4d2d-a836-eb69ba546ed8 None None] Subscribe: > process after_init 55550001, True {{(pid=102297) subscribe /opt/stack/data/venv/lib/python3.12/site-packages/neutron_lib/callbacks/manager.py:52}}
Mar 19 14:07:13.876745 np0000160014 devstack@neutron-api.service[102296]: INFO neutron.manager [None req-79eb545a-cdeb-41c3-b683-3ff6e52e21fa None None] Loading Plugin: ovn-router
Mar 19 14:07:13.877172 np0000160014 devstack@neutron-api.service[102297]: DEBUG neutron.manager [None req-7a552d73-68fc-4d2d-a836-eb69ba546ed8 None None] Successfully loaded L3_ROUTER_NAT plugin. Description: L3 Router Service Plugin for basic L3 forwarding using OVN {{(pid=102297) _create_and_add_service_plugin /opt/stack/neutron/neutron/manager.py:229}}
Mar 19 14:07:13.877172 np0000160014 devstack@neutron-api.service[102297]: INFO neutron.manager [None req-7a552d73-68fc-4d2d-a836-eb69ba546ed8 None None] Loading Plugin: auto_allocate
Mar 19 14:07:13.877172 np0000160014 devstack@neutron-api.service[102297]: DEBUG neutron_lib.callbacks.manager [None req-7a552d73-68fc-4d2d-a836-eb69ba546ed8 None None] Subscribe: network precommit_update 55550000, False {{(pid=102297) subscribe /opt/stack/data/venv/lib/python3.12/site-packages/neutron_lib/callbacks/manager.py:52}}
Mar 19 14:07:13.877172 np0000160014 devstack@neutron-api.service[102297]: DEBUG neutron_lib.callbacks.manager [None req-7a552d73-68fc-4d2d-a836-eb69ba546ed8 None None] Subscribe: network precommit_create 55550000, False {{(pid=102297) subscribe /opt/stack/data/venv/lib/python3.12/site-packages/neutron_lib/callbacks/manager.py:52}}
Mar 19 14:07:13.877172 np0000160014 devstack@neutron-api.service[102297]: DEBUG neutron.manager [None req-7a552d73-68fc-4d2d-a836-eb69ba546ed8 None None] Successfully loaded auto-allocated-topology plugin. Description: Auto Allocated Topology - aka get me a network. {{(pid=102297) _create_and_add_service_plugin /opt/stack/neutron/neutron/manager.py:229}}
Mar 19 14:07:13.877172 np0000160014 devstack@neutron-api.service[102297]: INFO neutron.manager [None req-7a552d73-68fc-4d2d-a836-eb69ba546ed8 None None] Loading Plugin: tag
Mar 19 14:07:13.877172 np0000160014 devstack@neutron-api.service[102297]: DEBUG neutron.manager [None req-7a552d73-68fc-4d2d-a836-eb69ba546ed8 None None] Successfully loaded TAG plugin. Description: Tag support {{(pid=102297) _create_and_add_service_plugin /opt/stack/neutron/neutron/manager.py:229}}
Mar 19 14:07:13.877764 np0000160014 devstack@neutron-api.service[102297]: INFO neutron.manager [None req-7a552d73-68fc-4d2d-a836-eb69ba546ed8 None None] Loading Plugin: timestamp
Mar 19 14:07:13.877764 np0000160014 devstack@neutron-api.service[102297]: DEBUG neutron.manager [None req-7a552d73-68fc-4d2d-a836-eb69ba546ed8 None None] Successfully loaded timestamp plugin. Description: Adds timestamps to Neutron resources with standard attributes {{(pid=102297) _create_and_add_service_plugin /opt/stack/neutron/neutron/manager.py:229}}
Mar 19 14:07:13.877764 np0000160014 devstack@neutron-api.service[102297]: INFO neutron.manager [None req-7a552d73-68fc-4d2d-a836-eb69ba546ed8 None None] Loading Plugin: network_ip_availability
Mar 19 14:07:13.877764 np0000160014 devstack@neutron-api.service[102297]: DEBUG neutron_lib.callbacks.manager [None req-7a552d73-68fc-4d2d-a836-eb69ba546ed8 None None] Subscribe: > rbac-policy before_create 55550000, False {{(pid=102297) subscribe /opt/stack/data/venv/lib/python3.12/site-packages/neutron_lib/callbacks/manager.py:52}}
Mar 19 14:07:13.877764 np0000160014 devstack@neutron-api.service[102297]: DEBUG neutron_lib.callbacks.manager [None req-7a552d73-68fc-4d2d-a836-eb69ba546ed8 None None] Subscribe: > rbac-policy before_update 55550000, False {{(pid=102297) subscribe /opt/stack/data/venv/lib/python3.12/site-packages/neutron_lib/callbacks/manager.py:52}}
Mar 19 14:07:13.877764 np0000160014 devstack@neutron-api.service[102297]: DEBUG neutron_lib.callbacks.manager [None req-7a552d73-68fc-4d2d-a836-eb69ba546ed8 None None] Subscribe: > rbac-policy before_delete 55550000, False {{(pid=102297) subscribe /opt/stack/data/venv/lib/python3.12/site-packages/neutron_lib/callbacks/manager.py:52}}
Mar 19 14:07:13.879128 np0000160014 devstack@neutron-api.service[102297]: DEBUG neutron.manager [None req-7a552d73-68fc-4d2d-a836-eb69ba546ed8 None None] Successfully loaded network-ip-availability plugin. Description: Provides IP availability data for each network and subnet. {{(pid=102297) _create_and_add_service_plugin /opt/stack/neutron/neutron/manager.py:229}}
Mar 19 14:07:13.879128 np0000160014 devstack@neutron-api.service[102297]: INFO neutron.manager [None req-7a552d73-68fc-4d2d-a836-eb69ba546ed8 None None] Loading Plugin: flavors
Mar 19 14:07:13.879128 np0000160014 devstack@neutron-api.service[102297]: DEBUG neutron.manager [None req-7a552d73-68fc-4d2d-a836-eb69ba546ed8 None None] Successfully loaded FLAVORS plugin. Description: Neutron Flavors and Service Profiles manager plugin {{(pid=102297) _create_and_add_service_plugin /opt/stack/neutron/neutron/manager.py:229}}
Mar 19 14:07:13.879128 np0000160014 devstack@neutron-api.service[102297]: INFO neutron.manager [None req-7a552d73-68fc-4d2d-a836-eb69ba546ed8 None None] Loading Plugin: revisions
Mar 19 14:07:13.880271 np0000160014 devstack@neutron-api.service[102296]: DEBUG neutron_lib.callbacks.manager [None req-79eb545a-cdeb-41c3-b683-3ff6e52e21fa None None] Subscribe: > router before_delete 55550000, False {{(pid=102296) subscribe /opt/stack/data/venv/lib/python3.12/site-packages/neutron_lib/callbacks/manager.py:52}}
Mar 19 14:07:13.880271 np0000160014 devstack@neutron-api.service[102296]: DEBUG neutron_lib.callbacks.manager [None req-79eb545a-cdeb-41c3-b683-3ff6e52e21fa None None] Subscribe: port after_update 55550000, False {{(pid=102296) subscribe /opt/stack/data/venv/lib/python3.12/site-packages/neutron_lib/callbacks/manager.py:52}}
Mar 19 14:07:13.880271 np0000160014 devstack@neutron-api.service[102296]: DEBUG neutron_lib.callbacks.manager [None req-79eb545a-cdeb-41c3-b683-3ff6e52e21fa None None] Subscribe: port after_delete 55550000, False {{(pid=102296) subscribe /opt/stack/data/venv/lib/python3.12/site-packages/neutron_lib/callbacks/manager.py:52}}
Mar 19 14:07:13.880271 np0000160014 devstack@neutron-api.service[102296]: DEBUG neutron_lib.callbacks.manager [None req-79eb545a-cdeb-41c3-b683-3ff6e52e21fa None None] Subscribe: subnet after_update 55550000, False {{(pid=102296) subscribe /opt/stack/data/venv/lib/python3.12/site-packages/neutron_lib/callbacks/manager.py:52}}
Mar 19 14:07:13.880271 np0000160014 devstack@neutron-api.service[102296]: DEBUG neutron_lib.callbacks.manager [None req-79eb545a-cdeb-41c3-b683-3ff6e52e21fa None None] Subscribe: subnetpool_address_scope after_update 55550000, False {{(pid=102296) subscribe /opt/stack/data/venv/lib/python3.12/site-packages/neutron_lib/callbacks/manager.py:52}}
Mar 19 14:07:13.880806 np0000160014 devstack@neutron-api.service[102296]: DEBUG neutron_lib.callbacks.manager [None req-79eb545a-cdeb-41c3-b683-3ff6e52e21fa None None] Subscribe: port before_update 55550000, False {{(pid=102296) subscribe /opt/stack/data/venv/lib/python3.12/site-packages/neutron_lib/callbacks/manager.py:52}}
Mar 19 14:07:13.880806 np0000160014 devstack@neutron-api.service[102296]: DEBUG neutron_lib.callbacks.manager [None req-79eb545a-cdeb-41c3-b683-3ff6e52e21fa None None] Subscribe: port after_update 55550000, False {{(pid=102296) subscribe /opt/stack/data/venv/lib/python3.12/site-packages/neutron_lib/callbacks/manager.py:52}}
Mar 19 14:07:13.880806 np0000160014 devstack@neutron-api.service[102296]: DEBUG neutron_lib.callbacks.manager [None req-79eb545a-cdeb-41c3-b683-3ff6e52e21fa None None] Subscribe: > port precommit_delete 55550000, False {{(pid=102296) subscribe /opt/stack/data/venv/lib/python3.12/site-packages/neutron_lib/callbacks/manager.py:52}}
Mar 19 14:07:13.881317 np0000160014 devstack@neutron-api.service[102297]: DEBUG neutron.manager [None req-7a552d73-68fc-4d2d-a836-eb69ba546ed8 None None] Successfully loaded revision_plugin plugin. Description: Adds revision numbers to resources. {{(pid=102297) _create_and_add_service_plugin /opt/stack/neutron/neutron/manager.py:229}}
Mar 19 14:07:13.881739 np0000160014 devstack@neutron-api.service[102296]: DEBUG neutron_lib.callbacks.manager [None req-79eb545a-cdeb-41c3-b683-3ff6e52e21fa None None] Subscribe: port before_update 55550000, False {{(pid=102296) subscribe /opt/stack/data/venv/lib/python3.12/site-packages/neutron_lib/callbacks/manager.py:52}}
Mar 19 14:07:13.881739 np0000160014 devstack@neutron-api.service[102296]: DEBUG neutron_lib.callbacks.manager [None req-79eb545a-cdeb-41c3-b683-3ff6e52e21fa None None] Subscribe: port before_delete 55550000, False {{(pid=102296) subscribe /opt/stack/data/venv/lib/python3.12/site-packages/neutron_lib/callbacks/manager.py:52}}
Mar 19 14:07:13.883264 np0000160014 devstack@neutron-api.service[102297]: DEBUG oslo_concurrency.lockutils [None req-7a552d73-68fc-4d2d-a836-eb69ba546ed8 None None] Lock "manager" "released" by "neutron.manager.NeutronManager._create_instance" :: held 4.712s {{(pid=102297) inner /opt/stack/data/venv/lib/python3.12/site-packages/oslo_concurrency/lockutils.py:538}}
Mar 19 14:07:13.884566 np0000160014 devstack@neutron-api.service[102296]: DEBUG neutron_lib.callbacks.manager [None req-79eb545a-cdeb-41c3-b683-3ff6e52e21fa None None] Subscribe: > router precommit_create 55550000, False {{(pid=102296) subscribe /opt/stack/data/venv/lib/python3.12/site-packages/neutron_lib/callbacks/manager.py:52}}
Mar 19 14:07:13.884566 np0000160014 devstack@neutron-api.service[102296]: DEBUG neutron_lib.callbacks.manager [None req-79eb545a-cdeb-41c3-b683-3ff6e52e21fa None None] Subscribe: > router precommit_create 55550000, False {{(pid=102296) subscribe /opt/stack/data/venv/lib/python3.12/site-packages/neutron_lib/callbacks/manager.py:52}}
Mar 19 14:07:13.885229 np0000160014 devstack@neutron-api.service[102297]: DEBUG neutron.api.extensions [None req-7a552d73-68fc-4d2d-a836-eb69ba546ed8 None None] get_extension_paths = OrderedDict({'/opt/stack/neutron/neutron/extensions': 1}) {{(pid=102297) get_extensions_path /opt/stack/neutron/neutron/api/extensions.py:640}}
Mar 19 14:07:13.885229 np0000160014 devstack@neutron-api.service[102297]: INFO neutron.api.extensions [None req-7a552d73-68fc-4d2d-a836-eb69ba546ed8 None None] Initializing extension manager.
Mar 19 14:07:13.885573 np0000160014 devstack@neutron-api.service[102296]: DEBUG neutron_lib.callbacks.manager [None req-79eb545a-cdeb-41c3-b683-3ff6e52e21fa None None] Subscribe: > router precommit_update 55550000, False {{(pid=102296) subscribe /opt/stack/data/venv/lib/python3.12/site-packages/neutron_lib/callbacks/manager.py:52}}
Mar 19 14:07:13.885573 np0000160014 devstack@neutron-api.service[102296]: DEBUG neutron_lib.callbacks.manager [None req-79eb545a-cdeb-41c3-b683-3ff6e52e21fa None None] Subscribe: subnet after_update 55550000, False {{(pid=102296) subscribe /opt/stack/data/venv/lib/python3.12/site-packages/neutron_lib/callbacks/manager.py:52}}
Mar 19 14:07:13.885934 np0000160014 devstack@neutron-api.service[102297]: DEBUG neutron.api.extensions [None req-7a552d73-68fc-4d2d-a836-eb69ba546ed8 None None] Loading extension file: __init__.py {{(pid=102297) _load_all_extensions_from_path /opt/stack/neutron/neutron/api/extensions.py:449}}
Mar 19 14:07:13.885934 np0000160014 devstack@neutron-api.service[102297]: DEBUG neutron.api.extensions [None req-7a552d73-68fc-4d2d-a836-eb69ba546ed8 None None] Loading extension file: __pycache__ {{(pid=102297) _load_all_extensions_from_path /opt/stack/neutron/neutron/api/extensions.py:449}}
Mar 19 14:07:13.885934 np0000160014 devstack@neutron-api.service[102297]: DEBUG neutron.api.extensions [None req-7a552d73-68fc-4d2d-a836-eb69ba546ed8 None None] Loading extension file: address_group.py {{(pid=102297) _load_all_extensions_from_path /opt/stack/neutron/neutron/api/extensions.py:449}}
Mar 19 14:07:13.885934 np0000160014 devstack@neutron-api.service[102297]: DEBUG neutron.api.extensions [None req-7a552d73-68fc-4d2d-a836-eb69ba546ed8 None None] Ext name="Address group" alias="address-group" description="Support address group" updated="2020-07-15T10:00:00-00:00" {{(pid=102297) _check_extension /opt/stack/neutron/neutron/api/extensions.py:415}}
Mar 19 14:07:13.887066 np0000160014 devstack@neutron-api.service[102296]: DEBUG neutron.quota.resource_registry [None req-79eb545a-cdeb-41c3-b683-3ff6e52e21fa None None] Tracking information for resource: router configured {{(pid=102296) set_tracked_resource /opt/stack/neutron/neutron/quota/resource_registry.py:203}}
Mar 19 14:07:13.887066 np0000160014 devstack@neutron-api.service[102296]: DEBUG neutron.quota.resource_registry [None req-79eb545a-cdeb-41c3-b683-3ff6e52e21fa None None] Tracking information for resource: floatingip configured {{(pid=102296) set_tracked_resource /opt/stack/neutron/neutron/quota/resource_registry.py:203}}
Mar 19 14:07:13.887714 np0000160014 devstack@neutron-api.service[102297]: INFO neutron.api.extensions [None req-7a552d73-68fc-4d2d-a836-eb69ba546ed8 None None] Loaded extension: address-group
Mar 19 14:07:13.888228 np0000160014 devstack@neutron-api.service[102296]: INFO neutron.services.ovn_l3.plugin [None req-79eb545a-cdeb-41c3-b683-3ff6e52e21fa None None] Starting OVNL3RouterPlugin
Mar 19 14:07:13.888600 np0000160014 devstack@neutron-api.service[102297]: DEBUG neutron.api.extensions [None req-7a552d73-68fc-4d2d-a836-eb69ba546ed8 None None] Loading extension file: address_scope.py {{(pid=102297) _load_all_extensions_from_path /opt/stack/neutron/neutron/api/extensions.py:449}}
Mar 19 14:07:13.888962 np0000160014 devstack@neutron-api.service[102296]: DEBUG neutron_lib.callbacks.manager [None req-79eb545a-cdeb-41c3-b683-3ff6e52e21fa None None] Subscribe: > port_forwarding_plugin after_init 55550000, False {{(pid=102296) subscribe /opt/stack/data/venv/lib/python3.12/site-packages/neutron_lib/callbacks/manager.py:52}}
Mar 19 14:07:13.889354 np0000160014 devstack@neutron-api.service[102297]: DEBUG neutron.api.extensions [None req-7a552d73-68fc-4d2d-a836-eb69ba546ed8 None None] Ext name="Address scope" alias="address-scope" description="Address scopes extension." updated="2015-07-26T10:00:00-00:00" {{(pid=102297) _check_extension /opt/stack/neutron/neutron/api/extensions.py:415}}
Mar 19 14:07:13.889738 np0000160014 devstack@neutron-api.service[102296]: DEBUG neutron_lib.callbacks.manager [None req-79eb545a-cdeb-41c3-b683-3ff6e52e21fa None None] Subscribe: > router before_create 55550100, False {{(pid=102296) subscribe /opt/stack/data/venv/lib/python3.12/site-packages/neutron_lib/callbacks/manager.py:52}}
Mar 19 14:07:13.889738 np0000160014 devstack@neutron-api.service[102296]: DEBUG neutron_lib.callbacks.manager [None req-79eb545a-cdeb-41c3-b683-3ff6e52e21fa None None] Subscribe: > router precommit_delete 55550100, False {{(pid=102296) subscribe /opt/stack/data/venv/lib/python3.12/site-packages/neutron_lib/callbacks/manager.py:52}}
Mar 19 14:07:13.890618 np0000160014 devstack@neutron-api.service[102297]: INFO neutron.api.extensions [None req-7a552d73-68fc-4d2d-a836-eb69ba546ed8 None None] Loaded extension: address-scope
Mar 19 14:07:13.890618 np0000160014 devstack@neutron-api.service[102297]: DEBUG neutron.api.extensions [None req-7a552d73-68fc-4d2d-a836-eb69ba546ed8 None None] Loading extension file: admin_state_down_before_update.py {{(pid=102297) _load_all_extensions_from_path /opt/stack/neutron/neutron/api/extensions.py:449}}
Mar 19 14:07:13.891205 np0000160014 devstack@neutron-api.service[102296]: DEBUG neutron_lib.callbacks.manager [None req-79eb545a-cdeb-41c3-b683-3ff6e52e21fa None None] Subscribe: > router precommit_create 55550100, False {{(pid=102296) subscribe /opt/stack/data/venv/lib/python3.12/site-packages/neutron_lib/callbacks/manager.py:52}}
Mar 19 14:07:13.891205 np0000160014 devstack@neutron-api.service[102296]: DEBUG neutron_lib.callbacks.manager [None req-79eb545a-cdeb-41c3-b683-3ff6e52e21fa None None] Subscribe: > router precommit_update 55550100, False {{(pid=102296) subscribe /opt/stack/data/venv/lib/python3.12/site-packages/neutron_lib/callbacks/manager.py:52}}
Mar 19 14:07:13.891753 np0000160014 devstack@neutron-api.service[102297]: DEBUG neutron.api.extensions [None req-7a552d73-68fc-4d2d-a836-eb69ba546ed8 None None] Ext name="Enforce Router's Admin State Down Before Update Extension" alias="router-admin-state-down-before-update" description="Ensure that the admin state of a router is DOWN (admin_state_up=False) before updating the distributed attribute" updated="2019-07-02T15:56:00" {{(pid=102297) _check_extension /opt/stack/neutron/neutron/api/extensions.py:415}}
Mar 19 14:07:13.891753 np0000160014 devstack@neutron-api.service[102297]: INFO neutron.api.extensions [None req-7a552d73-68fc-4d2d-a836-eb69ba546ed8 None None] Extension router-admin-state-down-before-update not supported by any of loaded plugins
Mar 19 14:07:13.891753 np0000160014 devstack@neutron-api.service[102297]: DEBUG neutron.api.extensions [None req-7a552d73-68fc-4d2d-a836-eb69ba546ed8 None None] Loading extension file: agent.py {{(pid=102297) _load_all_extensions_from_path /opt/stack/neutron/neutron/api/extensions.py:449}}
Mar 19 14:07:13.891753 np0000160014 devstack@neutron-api.service[102297]: DEBUG neutron.api.extensions [None req-7a552d73-68fc-4d2d-a836-eb69ba546ed8 None None] Ext name="agent" alias="agent" description="The agent management extension." updated="2013-02-03T10:00:00-00:00" {{(pid=102297) _check_extension /opt/stack/neutron/neutron/api/extensions.py:415}}
Mar 19 14:07:13.891753 np0000160014 devstack@neutron-api.service[102297]: INFO neutron.api.extensions [None req-7a552d73-68fc-4d2d-a836-eb69ba546ed8 None None] Loaded extension: agent
Mar 19 14:07:13.891753 np0000160014 devstack@neutron-api.service[102297]: DEBUG neutron.api.extensions [None req-7a552d73-68fc-4d2d-a836-eb69ba546ed8 None None] Loading extension file: agent_resources_synced.py {{(pid=102297) _load_all_extensions_from_path /opt/stack/neutron/neutron/api/extensions.py:449}}
Mar 19 14:07:13.892503 np0000160014 devstack@neutron-api.service[102297]: DEBUG neutron.api.extensions [None req-7a552d73-68fc-4d2d-a836-eb69ba546ed8 None None] Ext name="Agent's Resource View Synced to Placement" alias="agent-resources-synced" description="Stores success/failure of last sync to Placement" updated="2018-12-19T00:00:00-00:00" {{(pid=102297) _check_extension /opt/stack/neutron/neutron/api/extensions.py:415}}
Mar 19 14:07:13.892503 np0000160014 devstack@neutron-api.service[102297]: INFO neutron.api.extensions [None req-7a552d73-68fc-4d2d-a836-eb69ba546ed8 None None] Extension agent-resources-synced not supported by any of loaded plugins
Mar 19 14:07:13.892503 np0000160014 devstack@neutron-api.service[102297]: DEBUG neutron.api.extensions [None req-7a552d73-68fc-4d2d-a836-eb69ba546ed8 None None] Loading extension file: allowedaddresspairs.py {{(pid=102297) _load_all_extensions_from_path /opt/stack/neutron/neutron/api/extensions.py:449}}
Mar 19 14:07:13.892503 np0000160014 devstack@neutron-api.service[102297]: DEBUG neutron.api.extensions [None req-7a552d73-68fc-4d2d-a836-eb69ba546ed8 None None] Ext name="Allowed Address Pairs" alias="allowed-address-pairs" description="Provides allowed address pairs" updated="2013-07-23T10:00:00-00:00" {{(pid=102297) _check_extension /opt/stack/neutron/neutron/api/extensions.py:415}}
Mar 19 14:07:13.892503 np0000160014 devstack@neutron-api.service[102297]: INFO neutron.api.extensions [None req-7a552d73-68fc-4d2d-a836-eb69ba546ed8 None None] Loaded extension: allowed-address-pairs
Mar 19 14:07:13.892503 np0000160014 devstack@neutron-api.service[102297]: DEBUG neutron.api.extensions [None req-7a552d73-68fc-4d2d-a836-eb69ba546ed8 None None] Loading extension file: auto_allocated_topology.py {{(pid=102297) _load_all_extensions_from_path /opt/stack/neutron/neutron/api/extensions.py:449}}
Mar 19 14:07:13.892503 np0000160014 devstack@neutron-api.service[102297]: DEBUG neutron.api.extensions [None req-7a552d73-68fc-4d2d-a836-eb69ba546ed8 None None] Ext name="Auto Allocated Topology Services" alias="auto-allocated-topology" description="Auto Allocated Topology Services." updated="2016-01-01T00:00:00-00:00" {{(pid=102297) _check_extension /opt/stack/neutron/neutron/api/extensions.py:415}}
Mar 19 14:07:13.893585 np0000160014 devstack@neutron-api.service[102297]: INFO neutron.api.extensions [None req-7a552d73-68fc-4d2d-a836-eb69ba546ed8 None None] Loaded extension: auto-allocated-topology
Mar 19 14:07:13.893585 np0000160014 devstack@neutron-api.service[102297]: DEBUG neutron.api.extensions [None req-7a552d73-68fc-4d2d-a836-eb69ba546ed8 None None] Loading extension file: availability_zone.py {{(pid=102297) _load_all_extensions_from_path /opt/stack/neutron/neutron/api/extensions.py:449}}
Mar 19 14:07:13.893585 np0000160014 devstack@neutron-api.service[102297]: DEBUG neutron.api.extensions [None req-7a552d73-68fc-4d2d-a836-eb69ba546ed8 None None] Ext name="Availability Zone" alias="availability_zone" description="The availability zone extension." updated="2015-01-01T10:00:00-00:00" {{(pid=102297) _check_extension /opt/stack/neutron/neutron/api/extensions.py:415}}
Mar 19 14:07:13.893585 np0000160014 devstack@neutron-api.service[102297]: INFO neutron.api.extensions [None req-7a552d73-68fc-4d2d-a836-eb69ba546ed8 None None] Loaded extension: availability_zone
Mar 19 14:07:13.893585 np0000160014 devstack@neutron-api.service[102297]: DEBUG neutron.api.extensions [None req-7a552d73-68fc-4d2d-a836-eb69ba546ed8 None None] Loading extension file: availability_zone_filter.py {{(pid=102297) _load_all_extensions_from_path /opt/stack/neutron/neutron/api/extensions.py:449}}
Mar 19 14:07:13.894406 np0000160014 devstack@neutron-api.service[102296]: DEBUG neutron.services.provider_configuration [None req-79eb545a-cdeb-41c3-b683-3ff6e52e21fa None None] Service providers = [] {{(pid=102296) parse_service_provider_opt /opt/stack/neutron/neutron/services/provider_configuration.py:171}}
Mar 19 14:07:13.894406 np0000160014 devstack@neutron-api.service[102296]: DEBUG neutron.db.servicetype_db [None req-79eb545a-cdeb-41c3-b683-3ff6e52e21fa None None] Adding provider configuration for service L3_ROUTER_NAT {{(pid=102296) add_provider_configuration /opt/stack/neutron/neutron/db/servicetype_db.py:42}}
Mar 19 14:07:13.894765 np0000160014 devstack@neutron-api.service[102297]: DEBUG neutron.api.extensions [None req-7a552d73-68fc-4d2d-a836-eb69ba546ed8 None None] Ext name="Availability Zone Filter Extension" alias="availability_zone_filter" description="Add filter parameters to AvailabilityZone resource" updated="2018-06-22T10:00:00-00:00" {{(pid=102297) _check_extension /opt/stack/neutron/neutron/api/extensions.py:415}}
Mar 19 14:07:13.894765 np0000160014 devstack@neutron-api.service[102297]: INFO neutron.api.extensions [None req-7a552d73-68fc-4d2d-a836-eb69ba546ed8 None None] Extension availability_zone_filter not supported by any of loaded plugins
Mar 19 14:07:13.894765 np0000160014 devstack@neutron-api.service[102297]: DEBUG neutron.api.extensions [None req-7a552d73-68fc-4d2d-a836-eb69ba546ed8 None None] Loading extension file: data_plane_status.py {{(pid=102297) _load_all_extensions_from_path /opt/stack/neutron/neutron/api/extensions.py:449}}
Mar 19 14:07:13.894765 np0000160014 devstack@neutron-api.service[102297]: DEBUG neutron.api.extensions [None req-7a552d73-68fc-4d2d-a836-eb69ba546ed8 None None] Ext name="Port data plane status extension" alias="data-plane-status" description="Expose status of underlying data plane" updated="2017-01-24T10:00:00-00:00" {{(pid=102297) _check_extension /opt/stack/neutron/neutron/api/extensions.py:415}}
Mar 19 14:07:13.894765 np0000160014 devstack@neutron-api.service[102297]: INFO neutron.api.extensions [None req-7a552d73-68fc-4d2d-a836-eb69ba546ed8 None None] Extension data-plane-status not supported by any of loaded plugins
Mar 19 14:07:13.894765 np0000160014 devstack@neutron-api.service[102297]: DEBUG neutron.api.extensions [None req-7a552d73-68fc-4d2d-a836-eb69ba546ed8 None None] Loading extension file: default_subnetpools.py {{(pid=102297) _load_all_extensions_from_path /opt/stack/neutron/neutron/api/extensions.py:449}}
Mar 19 14:07:13.894765 np0000160014 devstack@neutron-api.service[102297]: DEBUG neutron.api.extensions [None req-7a552d73-68fc-4d2d-a836-eb69ba546ed8 None None] Ext name="Default Subnetpools" alias="default-subnetpools" description="Provides ability to mark and use a subnetpool as the default." updated="2016-02-18T18:00:00-00:00" {{(pid=102297) _check_extension /opt/stack/neutron/neutron/api/extensions.py:415}}
Mar 19 14:07:13.895156 np0000160014 devstack@neutron-api.service[102297]: INFO neutron.api.extensions [None req-7a552d73-68fc-4d2d-a836-eb69ba546ed8 None None] Loaded extension: default-subnetpools
Mar 19 14:07:13.895156 np0000160014 devstack@neutron-api.service[102297]: DEBUG neutron.api.extensions [None req-7a552d73-68fc-4d2d-a836-eb69ba546ed8 None None] Loading extension file: dhcpagentscheduler.py {{(pid=102297) _load_all_extensions_from_path /opt/stack/neutron/neutron/api/extensions.py:449}}
Mar 19 14:07:13.895364 np0000160014 devstack@neutron-api.service[102296]: DEBUG neutron_lib.callbacks.manager [None req-79eb545a-cdeb-41c3-b683-3ff6e52e21fa None None] Subscribe: > router precommit_create 55549900, False {{(pid=102296) subscribe /opt/stack/data/venv/lib/python3.12/site-packages/neutron_lib/callbacks/manager.py:52}}
Mar 19 14:07:13.895364 np0000160014 devstack@neutron-api.service[102296]: DEBUG neutron_lib.callbacks.manager [None req-79eb545a-cdeb-41c3-b683-3ff6e52e21fa None None] Subscribe: > router_interface after_create 55550000, False {{(pid=102296) subscribe /opt/stack/data/venv/lib/python3.12/site-packages/neutron_lib/callbacks/manager.py:52}}
Mar 19 14:07:13.895364 np0000160014 devstack@neutron-api.service[102296]: DEBUG neutron_lib.callbacks.manager [None req-79eb545a-cdeb-41c3-b683-3ff6e52e21fa None None] Subscribe: > floatingip after_create 55550000, False {{(pid=102296) subscribe /opt/stack/data/venv/lib/python3.12/site-packages/neutron_lib/callbacks/manager.py:52}}
Mar 19 14:07:13.895364 np0000160014 devstack@neutron-api.service[102296]: DEBUG neutron_lib.callbacks.manager [None req-79eb545a-cdeb-41c3-b683-3ff6e52e21fa None None] Subscribe: > floatingip precommit_create 55550000, False {{(pid=102296) subscribe /opt/stack/data/venv/lib/python3.12/site-packages/neutron_lib/callbacks/manager.py:52}}
Mar 19 14:07:13.895696 np0000160014 devstack@neutron-api.service[102297]: DEBUG neutron.api.extensions [None req-7a552d73-68fc-4d2d-a836-eb69ba546ed8 None None] Ext name="DHCP Agent Scheduler" alias="dhcp_agent_scheduler" description="Schedule networks among dhcp agents" updated="2013-02-07T10:00:00-00:00" {{(pid=102297) _check_extension /opt/stack/neutron/neutron/api/extensions.py:415}}
Mar 19 14:07:13.896026 np0000160014 devstack@neutron-api.service[102296]: DEBUG neutron_lib.callbacks.manager [None req-79eb545a-cdeb-41c3-b683-3ff6e52e21fa None None] Subscribe: > floatingip precommit_update 55550000, False {{(pid=102296) subscribe /opt/stack/data/venv/lib/python3.12/site-packages/neutron_lib/callbacks/manager.py:52}}
Mar 19 14:07:13.896026 np0000160014 devstack@neutron-api.service[102296]: DEBUG neutron_lib.callbacks.manager [None req-79eb545a-cdeb-41c3-b683-3ff6e52e21fa None None] Subscribe: > floatingip after_delete 55550000, False {{(pid=102296) subscribe /opt/stack/data/venv/lib/python3.12/site-packages/neutron_lib/callbacks/manager.py:52}}
Mar 19 14:07:13.896250 np0000160014 devstack@neutron-api.service[102297]: INFO neutron.api.extensions [None req-7a552d73-68fc-4d2d-a836-eb69ba546ed8 None None] Loaded extension: dhcp_agent_scheduler
Mar 19 14:07:13.896313 np0000160014 devstack@neutron-api.service[102296]: DEBUG neutron_lib.callbacks.manager [None req-79eb545a-cdeb-41c3-b683-3ff6e52e21fa None None] Subscribe: > floatingip after_status_update 55550000, False {{(pid=102296) subscribe /opt/stack/data/venv/lib/python3.12/site-packages/neutron_lib/callbacks/manager.py:52}}
Mar 19 14:07:13.896356 np0000160014 devstack@neutron-api.service[102297]: DEBUG neutron.api.extensions [None req-7a552d73-68fc-4d2d-a836-eb69ba546ed8 None None] Loading extension file: dns.py {{(pid=102297) _load_all_extensions_from_path /opt/stack/neutron/neutron/api/extensions.py:449}}
Mar 19 14:07:13.896383 np0000160014 devstack@neutron-api.service[102296]: DEBUG neutron_lib.callbacks.manager [None req-79eb545a-cdeb-41c3-b683-3ff6e52e21fa None None] Subscribe: > floatingip after_update 55550000, False {{(pid=102296) subscribe /opt/stack/data/venv/lib/python3.12/site-packages/neutron_lib/callbacks/manager.py:52}}
Mar 19 14:07:13.896383 np0000160014 devstack@neutron-api.service[102296]: DEBUG neutron_lib.callbacks.manager [None req-79eb545a-cdeb-41c3-b683-3ff6e52e21fa None None] Subscribe: > port_forwarding after_create 55550000, False {{(pid=102296) subscribe /opt/stack/data/venv/lib/python3.12/site-packages/neutron_lib/callbacks/manager.py:52}}
Mar 19 14:07:13.896433 np0000160014 devstack@neutron-api.service[102297]: DEBUG neutron.api.extensions [None req-7a552d73-68fc-4d2d-a836-eb69ba546ed8 None None] Ext name="DNS Integration" alias="dns-integration" description="Provides integration with DNS." updated="2015-08-15T18:00:00-00:00" {{(pid=102297) _check_extension /opt/stack/neutron/neutron/api/extensions.py:415}}
Mar 19 14:07:13.896459 np0000160014 devstack@neutron-api.service[102296]: DEBUG neutron_lib.callbacks.manager [None req-79eb545a-cdeb-41c3-b683-3ff6e52e21fa None None] Subscribe: > router_interface after_delete 55550000, False {{(pid=102296) subscribe /opt/stack/data/venv/lib/python3.12/site-packages/neutron_lib/callbacks/manager.py:52}}
Mar 19 14:07:13.896459 np0000160014 devstack@neutron-api.service[102296]: DEBUG neutron_lib.callbacks.manager [None req-79eb545a-cdeb-41c3-b683-3ff6e52e21fa None None] Subscribe: > router after_create 55550000, False {{(pid=102296) subscribe /opt/stack/data/venv/lib/python3.12/site-packages/neutron_lib/callbacks/manager.py:52}}
Mar 19 14:07:13.896514 np0000160014 devstack@neutron-api.service[102297]: INFO neutron.api.extensions [None req-7a552d73-68fc-4d2d-a836-eb69ba546ed8 None None] Loaded extension: dns-integration
Mar 19 14:07:13.896540 np0000160014 devstack@neutron-api.service[102296]: DEBUG neutron_lib.callbacks.manager [None req-79eb545a-cdeb-41c3-b683-3ff6e52e21fa None None] Subscribe: > router precommit_create 55550000, False {{(pid=102296) subscribe /opt/stack/data/venv/lib/python3.12/site-packages/neutron_lib/callbacks/manager.py:52}}
Mar 19 14:07:13.896567 np0000160014 devstack@neutron-api.service[102297]: DEBUG neutron.api.extensions [None req-7a552d73-68fc-4d2d-a836-eb69ba546ed8 None None] Loading extension file: dns_domain_ports.py {{(pid=102297) _load_all_extensions_from_path /opt/stack/neutron/neutron/api/extensions.py:449}}
Mar 19 14:07:13.896593 np0000160014 devstack@neutron-api.service[102296]: DEBUG neutron_lib.callbacks.manager [None req-79eb545a-cdeb-41c3-b683-3ff6e52e21fa None None] Subscribe: > router after_delete 55550000, False {{(pid=102296) subscribe /opt/stack/data/venv/lib/python3.12/site-packages/neutron_lib/callbacks/manager.py:52}}
Mar 19 14:07:13.896593 np0000160014 devstack@neutron-api.service[102296]: DEBUG neutron_lib.callbacks.manager [None req-79eb545a-cdeb-41c3-b683-3ff6e52e21fa None None] Subscribe: > router after_update 55550000, False {{(pid=102296) subscribe /opt/stack/data/venv/lib/python3.12/site-packages/neutron_lib/callbacks/manager.py:52}}
Mar 19 14:07:13.896663 np0000160014 devstack@neutron-api.service[102297]: DEBUG neutron.api.extensions [None req-7a552d73-68fc-4d2d-a836-eb69ba546ed8 None None] Ext name="dns_domain for ports" alias="dns-domain-ports" description="Allows the DNS domain to be specified for a network port." updated="2017-04-24T10:00:00-00:00" {{(pid=102297) _check_extension /opt/stack/neutron/neutron/api/extensions.py:415}}
Mar 19 14:07:13.896696 np0000160014 devstack@neutron-api.service[102296]: DEBUG neutron.services.service_base [None req-79eb545a-cdeb-41c3-b683-3ff6e52e21fa None None] Loaded 'neutron.services.ovn_l3.service_providers.ovn.OvnDriver' provider for service L3_ROUTER_NAT {{(pid=102296) load_drivers /opt/stack/neutron/neutron/services/service_base.py:49}}
Mar 19 14:07:13.896724 np0000160014 devstack@neutron-api.service[102297]: INFO neutron.api.extensions [None req-7a552d73-68fc-4d2d-a836-eb69ba546ed8 None None] Loaded extension: dns-domain-ports
Mar 19 14:07:13.896757 np0000160014 devstack@neutron-api.service[102296]: DEBUG neutron_lib.callbacks.manager [None req-79eb545a-cdeb-41c3-b683-3ff6e52e21fa None None] Subscribe: > process after_init 55550001, True {{(pid=102296) subscribe /opt/stack/data/venv/lib/python3.12/site-packages/neutron_lib/callbacks/manager.py:52}}
Mar 19 14:07:13.896784 np0000160014 devstack@neutron-api.service[102297]: DEBUG neutron.api.extensions [None req-7a552d73-68fc-4d2d-a836-eb69ba546ed8 None None] Loading extension file: dns_integration_domain_keywords.py {{(pid=102297) _load_all_extensions_from_path /opt/stack/neutron/neutron/api/extensions.py:449}}
Mar 19 14:07:13.896809 np0000160014 devstack@neutron-api.service[102296]: DEBUG neutron.manager [None req-79eb545a-cdeb-41c3-b683-3ff6e52e21fa None None] Successfully loaded L3_ROUTER_NAT plugin. Description: L3 Router Service Plugin for basic L3 forwarding using OVN {{(pid=102296) _create_and_add_service_plugin /opt/stack/neutron/neutron/manager.py:229}}
Mar 19 14:07:13.896809 np0000160014 devstack@neutron-api.service[102296]: INFO neutron.manager [None req-79eb545a-cdeb-41c3-b683-3ff6e52e21fa None None] Loading Plugin: auto_allocate
Mar 19 14:07:13.897044 np0000160014 devstack@neutron-api.service[102297]: DEBUG neutron.api.extensions [None req-7a552d73-68fc-4d2d-a836-eb69ba546ed8 None None] Ext name="DNS domain names with keywords allowed" alias="dns-integration-domain-keywords" description="Allows to use keywords like , , and as DNS domain name" updated="2020-06-15T18:00:00-00:00" {{(pid=102297) _check_extension /opt/stack/neutron/neutron/api/extensions.py:415}}
Mar 19 14:07:13.897044 np0000160014 devstack@neutron-api.service[102297]: INFO neutron.api.extensions [None req-7a552d73-68fc-4d2d-a836-eb69ba546ed8 None None] Loaded extension: dns-integration-domain-keywords
Mar 19 14:07:13.897044 np0000160014 devstack@neutron-api.service[102297]: DEBUG neutron.api.extensions [None req-7a552d73-68fc-4d2d-a836-eb69ba546ed8 None None] Loading extension file: dvr.py {{(pid=102297) _load_all_extensions_from_path /opt/stack/neutron/neutron/api/extensions.py:449}}
Mar 19 14:07:13.897044 np0000160014 devstack@neutron-api.service[102297]: DEBUG neutron.api.extensions [None req-7a552d73-68fc-4d2d-a836-eb69ba546ed8 None None] Ext name="Distributed Virtual Router" alias="dvr" description="Enables configuration of Distributed Virtual Routers." updated="2014-06-1T10:00:00-00:00" {{(pid=102297) _check_extension /opt/stack/neutron/neutron/api/extensions.py:415}}
Mar 19 14:07:13.897044 np0000160014 devstack@neutron-api.service[102297]: INFO neutron.api.extensions [None req-7a552d73-68fc-4d2d-a836-eb69ba546ed8 None None] Extension dvr not supported by any of loaded plugins
Mar 19 14:07:13.897044 np0000160014 devstack@neutron-api.service[102297]: DEBUG neutron.api.extensions [None req-7a552d73-68fc-4d2d-a836-eb69ba546ed8 None None] Loading extension file: ecmp_routes.py {{(pid=102297) _load_all_extensions_from_path /opt/stack/neutron/neutron/api/extensions.py:449}}
Mar 19 14:07:13.897351 np0000160014 devstack@neutron-api.service[102296]: DEBUG neutron_lib.callbacks.manager [None req-79eb545a-cdeb-41c3-b683-3ff6e52e21fa None None] Subscribe: network precommit_update 55550000, False {{(pid=102296) subscribe /opt/stack/data/venv/lib/python3.12/site-packages/neutron_lib/callbacks/manager.py:52}}
Mar 19 14:07:13.897351 np0000160014 devstack@neutron-api.service[102296]: DEBUG neutron_lib.callbacks.manager [None req-79eb545a-cdeb-41c3-b683-3ff6e52e21fa None None] Subscribe: network precommit_create 55550000, False {{(pid=102296) subscribe /opt/stack/data/venv/lib/python3.12/site-packages/neutron_lib/callbacks/manager.py:52}}
