2026-07-24 06:00:13.700 7 INFO cinder.api.openstack.wsgi [None req-2559e035-73f9-494c-94b0-6f4737cc1f45 09f6e6da1dc843b39a38828f1f2cd520 c5336bc8b3a740f3817145f18f05304d - - default default] http://cinder-api.openstack.svc.cluster.local:8776/v3/c5336bc8b3a740f3817145f18f05304d/volumes/c74d294a-9717-4627-b9a4-776f099f9b35 returned with HTTP 202 [pid: 7|app: 0|req: 447/915] 10.0.0.188 () {32 vars in 778 bytes} [Fri Jul 24 06:00:13 2026] DELETE /v3/c5336bc8b3a740f3817145f18f05304d/volumes/c74d294a-9717-4627-b9a4-776f099f9b35 => generated 0 bytes in 68 msecs (HTTP/1.1 202) 6 headers in 233 bytes (1 switches on core 0) /var/lib/openstack/lib/python3.12/site-packages/pycadf/identifier.py:70: UserWarning: Invalid uuid: cinderv3. To ensure interoperability, identifiers should be a valid uuid. warnings.warn(('Invalid uuid: %s. To ensure interoperability, '
2026-07-24 06:00:13.715 8 INFO cinder.api.openstack.wsgi [None req-788c8e6c-27df-4eb8-ac17-9b86484e3894 09f6e6da1dc843b39a38828f1f2cd520 c5336bc8b3a740f3817145f18f05304d - - default default] GET http://cinder-api.openstack.svc.cluster.local:8776/v3/c5336bc8b3a740f3817145f18f05304d/volumes/c74d294a-9717-4627-b9a4-776f099f9b35 /var/lib/openstack/lib/python3.12/site-packages/oslo_context/context.py:101: DeprecationWarning: Policy enforcement is depending on the value of is_admin. This key is deprecated. Please update your policy file to use the standard policy values. warnings.warn(
2026-07-24 06:00:13.729 8 INFO cinder.volume.api [None req-788c8e6c-27df-4eb8-ac17-9b86484e3894 09f6e6da1dc843b39a38828f1f2cd520 c5336bc8b3a740f3817145f18f05304d - - default default] Volume info retrieved successfully.
2026-07-24 06:00:13.733 8 INFO cinder.api.openstack.wsgi [None req-788c8e6c-27df-4eb8-ac17-9b86484e3894 09f6e6da1dc843b39a38828f1f2cd520 c5336bc8b3a740f3817145f18f05304d - - default default] http://cinder-api.openstack.svc.cluster.local:8776/v3/c5336bc8b3a740f3817145f18f05304d/volumes/c74d294a-9717-4627-b9a4-776f099f9b35 returned with HTTP 200 [pid: 8|app: 0|req: 469/916] 10.0.0.188 () {32 vars in 775 bytes} [Fri Jul 24 06:00:13 2026] GET /v3/c5336bc8b3a740f3817145f18f05304d/volumes/c74d294a-9717-4627-b9a4-776f099f9b35 => generated 971 bytes in 23 msecs (HTTP/1.1 200) 7 headers in 285 bytes (1 switches on core 0) /var/lib/openstack/lib/python3.12/site-packages/pycadf/identifier.py:70: UserWarning: Invalid uuid: cinderv3. To ensure interoperability, identifiers should be a valid uuid. warnings.warn(('Invalid uuid: %s. To ensure interoperability, '
2026-07-24 06:00:14.758 7 INFO cinder.api.openstack.wsgi [None req-29181c59-2dff-451d-ab0b-d048200b6430 09f6e6da1dc843b39a38828f1f2cd520 c5336bc8b3a740f3817145f18f05304d - - default default] GET http://cinder-api.openstack.svc.cluster.local:8776/v3/c5336bc8b3a740f3817145f18f05304d/volumes/c74d294a-9717-4627-b9a4-776f099f9b35
2026-07-24 06:00:14.767 7 INFO cinder.api.openstack.wsgi [None req-29181c59-2dff-451d-ab0b-d048200b6430 09f6e6da1dc843b39a38828f1f2cd520 c5336bc8b3a740f3817145f18f05304d - - default default] http://cinder-api.openstack.svc.cluster.local:8776/v3/c5336bc8b3a740f3817145f18f05304d/volumes/c74d294a-9717-4627-b9a4-776f099f9b35 returned with HTTP 404 [pid: 7|app: 0|req: 448/917] 10.0.0.188 () {32 vars in 775 bytes} [Fri Jul 24 06:00:14 2026] GET /v3/c5336bc8b3a740f3817145f18f05304d/volumes/c74d294a-9717-4627-b9a4-776f099f9b35 => generated 109 bytes in 14 msecs (HTTP/1.1 404) 7 headers in 292 bytes (1 switches on core 0)
2026-07-24 06:00:19.164 8 INFO cinder.api.openstack.wsgi [None req-788c8e6c-27df-4eb8-ac17-9b86484e3894 09f6e6da1dc843b39a38828f1f2cd520 c5336bc8b3a740f3817145f18f05304d - - default default] GET http://10.0.0.194:8776/
2026-07-24 06:00:19.165 8 INFO cinder.api.openstack.wsgi [None req-788c8e6c-27df-4eb8-ac17-9b86484e3894 09f6e6da1dc843b39a38828f1f2cd520 c5336bc8b3a740f3817145f18f05304d - - default default] http://10.0.0.194:8776/ returned with HTTP 300
2026-07-24 06:00:19.169 7 INFO cinder.api.openstack.wsgi [None req-29181c59-2dff-451d-ab0b-d048200b6430 09f6e6da1dc843b39a38828f1f2cd520 c5336bc8b3a740f3817145f18f05304d - - default default] GET http://10.0.0.194:8776/
2026-07-24 06:00:19.169 7 INFO cinder.api.openstack.wsgi [None req-29181c59-2dff-451d-ab0b-d048200b6430 09f6e6da1dc843b39a38828f1f2cd520 c5336bc8b3a740f3817145f18f05304d - - default default] http://10.0.0.194:8776/ returned with HTTP 300 /var/lib/openstack/lib/python3.12/site-packages/pycadf/identifier.py:70: UserWarning: Invalid uuid: cinderv3. To ensure interoperability, identifiers should be a valid uuid. warnings.warn(('Invalid uuid: %s. To ensure interoperability, '
2026-07-24 06:00:22.394 8 INFO cinder.api.openstack.wsgi [None req-2b0b1b23-06db-4706-b686-efc79ef32cd2 3da971a57c894743aca3dfa9d921251e da1fad4851004b72a7f93f7c9baf2f0d - - default default] POST http://cinder-api.openstack.svc.cluster.local:8776/v3/da1fad4851004b72a7f93f7c9baf2f0d/volumes
2026-07-24 06:00:22.917 8 INFO cinder.api.v3.volumes [None req-2b0b1b23-06db-4706-b686-efc79ef32cd2 3da971a57c894743aca3dfa9d921251e da1fad4851004b72a7f93f7c9baf2f0d - - default default] Create volume of 16 GB
2026-07-24 06:00:22.926 8 INFO cinder.volume.api [None req-2b0b1b23-06db-4706-b686-efc79ef32cd2 3da971a57c894743aca3dfa9d921251e da1fad4851004b72a7f93f7c9baf2f0d - - default default] Availability Zones retrieved successfully.
2026-07-24 06:00:23.227 8 INFO cinder.volume.api [None req-2b0b1b23-06db-4706-b686-efc79ef32cd2 3da971a57c894743aca3dfa9d921251e da1fad4851004b72a7f93f7c9baf2f0d - - default default] Create volume request issued successfully.
2026-07-24 06:00:23.228 8 INFO cinder.api.openstack.wsgi [None req-2b0b1b23-06db-4706-b686-efc79ef32cd2 3da971a57c894743aca3dfa9d921251e da1fad4851004b72a7f93f7c9baf2f0d - - default default] http://cinder-api.openstack.svc.cluster.local:8776/v3/da1fad4851004b72a7f93f7c9baf2f0d/volumes returned with HTTP 202 [pid: 8|app: 0|req: 471/920] 199.19.213.96 () {34 vars in 733 bytes} [Fri Jul 24 06:00:22 2026] POST /v3/da1fad4851004b72a7f93f7c9baf2f0d/volumes => generated 846 bytes in 937 msecs (HTTP/1.1 202) 7 headers in 291 bytes (1 switches on core 0)
2026-07-24 06:00:23.241 7 INFO cinder.api.openstack.wsgi [req-2b0b1b23-06db-4706-b686-efc79ef32cd2 req-f561aa9d-9f22-4ef2-a4ad-749fa4134e26 3da971a57c894743aca3dfa9d921251e da1fad4851004b72a7f93f7c9baf2f0d - - default default] GET http://cinder-api.openstack.svc.cluster.local:8776/v3/da1fad4851004b72a7f93f7c9baf2f0d/volumes/bfb5672c-90cb-4df1-9c63-a33334ab81f4 /var/lib/openstack/lib/python3.12/site-packages/oslo_context/context.py:101: DeprecationWarning: Policy enforcement is depending on the value of is_admin. This key is deprecated. Please update your policy file to use the standard policy values. warnings.warn(
2026-07-24 06:00:23.289 7 INFO cinder.volume.api [req-2b0b1b23-06db-4706-b686-efc79ef32cd2 req-f561aa9d-9f22-4ef2-a4ad-749fa4134e26 3da971a57c894743aca3dfa9d921251e da1fad4851004b72a7f93f7c9baf2f0d - - default default] Volume info retrieved successfully.
2026-07-24 06:00:23.293 7 INFO cinder.api.openstack.wsgi [req-2b0b1b23-06db-4706-b686-efc79ef32cd2 req-f561aa9d-9f22-4ef2-a4ad-749fa4134e26 3da971a57c894743aca3dfa9d921251e da1fad4851004b72a7f93f7c9baf2f0d - - default default] http://cinder-api.openstack.svc.cluster.local:8776/v3/da1fad4851004b72a7f93f7c9baf2f0d/volumes/bfb5672c-90cb-4df1-9c63-a33334ab81f4 returned with HTTP 200 [pid: 7|app: 0|req: 450/921] 199.19.213.96 () {32 vars in 824 bytes} [Fri Jul 24 06:00:23 2026] GET /v3/da1fad4851004b72a7f93f7c9baf2f0d/volumes/bfb5672c-90cb-4df1-9c63-a33334ab81f4 => generated 1025 bytes in 57 msecs (HTTP/1.1 200) 7 headers in 286 bytes (1 switches on core 0) /var/lib/openstack/lib/python3.12/site-packages/pycadf/identifier.py:70: UserWarning: Invalid uuid: cinderv3. To ensure interoperability, identifiers should be a valid uuid. warnings.warn(('Invalid uuid: %s. To ensure interoperability, '
2026-07-24 06:00:28.307 8 INFO cinder.api.openstack.wsgi [req-2b0b1b23-06db-4706-b686-efc79ef32cd2 req-da064bec-ac29-42a2-b2c8-05a87736b338 3da971a57c894743aca3dfa9d921251e da1fad4851004b72a7f93f7c9baf2f0d - - default default] GET http://cinder-api.openstack.svc.cluster.local:8776/v3/da1fad4851004b72a7f93f7c9baf2f0d/volumes/bfb5672c-90cb-4df1-9c63-a33334ab81f4 /var/lib/openstack/lib/python3.12/site-packages/oslo_context/context.py:101: DeprecationWarning: Policy enforcement is depending on the value of is_admin. This key is deprecated. Please update your policy file to use the standard policy values. warnings.warn(
2026-07-24 06:00:28.321 8 INFO cinder.volume.api [req-2b0b1b23-06db-4706-b686-efc79ef32cd2 req-da064bec-ac29-42a2-b2c8-05a87736b338 3da971a57c894743aca3dfa9d921251e da1fad4851004b72a7f93f7c9baf2f0d - - default default] Volume info retrieved successfully.
2026-07-24 06:00:28.327 8 INFO cinder.api.openstack.wsgi [req-2b0b1b23-06db-4706-b686-efc79ef32cd2 req-da064bec-ac29-42a2-b2c8-05a87736b338 3da971a57c894743aca3dfa9d921251e da1fad4851004b72a7f93f7c9baf2f0d - - default default] http://cinder-api.openstack.svc.cluster.local:8776/v3/da1fad4851004b72a7f93f7c9baf2f0d/volumes/bfb5672c-90cb-4df1-9c63-a33334ab81f4 returned with HTTP 200 [pid: 8|app: 0|req: 472/922] 199.19.213.96 () {32 vars in 824 bytes} [Fri Jul 24 06:00:28 2026] GET /v3/da1fad4851004b72a7f93f7c9baf2f0d/volumes/bfb5672c-90cb-4df1-9c63-a33334ab81f4 => generated 1675 bytes in 27 msecs (HTTP/1.1 200) 7 headers in 286 bytes (1 switches on core 0) /var/lib/openstack/lib/python3.12/site-packages/pycadf/identifier.py:70: UserWarning: Invalid uuid: cinderv3. To ensure interoperability, identifiers should be a valid uuid. warnings.warn(('Invalid uuid: %s. To ensure interoperability, '
2026-07-24 06:00:28.879 7 INFO cinder.api.openstack.wsgi [req-9e0927cd-ffec-4fa0-a6b1-df18c61bea4a req-490f8487-f54a-4c98-a426-7ed09600dcd1 3da971a57c894743aca3dfa9d921251e da1fad4851004b72a7f93f7c9baf2f0d - - default default] GET http://cinder-api.openstack.svc.cluster.local:8776/v3/da1fad4851004b72a7f93f7c9baf2f0d/volumes/bfb5672c-90cb-4df1-9c63-a33334ab81f4 /var/lib/openstack/lib/python3.12/site-packages/oslo_context/context.py:101: DeprecationWarning: Policy enforcement is depending on the value of is_admin. This key is deprecated. Please update your policy file to use the standard policy values. warnings.warn(
2026-07-24 06:00:28.899 7 INFO cinder.volume.api [req-9e0927cd-ffec-4fa0-a6b1-df18c61bea4a req-490f8487-f54a-4c98-a426-7ed09600dcd1 3da971a57c894743aca3dfa9d921251e da1fad4851004b72a7f93f7c9baf2f0d - - default default] Volume info retrieved successfully.
2026-07-24 06:00:28.907 7 INFO cinder.api.openstack.wsgi [req-9e0927cd-ffec-4fa0-a6b1-df18c61bea4a req-490f8487-f54a-4c98-a426-7ed09600dcd1 3da971a57c894743aca3dfa9d921251e da1fad4851004b72a7f93f7c9baf2f0d - - default default] http://cinder-api.openstack.svc.cluster.local:8776/v3/da1fad4851004b72a7f93f7c9baf2f0d/volumes/bfb5672c-90cb-4df1-9c63-a33334ab81f4 returned with HTTP 200 [pid: 7|app: 0|req: 451/923] 10.0.0.42 () {34 vars in 1027 bytes} [Fri Jul 24 06:00:28 2026] GET /v3/da1fad4851004b72a7f93f7c9baf2f0d/volumes/bfb5672c-90cb-4df1-9c63-a33334ab81f4 => generated 1675 bytes in 34 msecs (HTTP/1.1 200) 7 headers in 286 bytes (1 switches on core 0)
2026-07-24 06:00:29.162 8 INFO cinder.api.openstack.wsgi [req-2b0b1b23-06db-4706-b686-efc79ef32cd2 req-da064bec-ac29-42a2-b2c8-05a87736b338 3da971a57c894743aca3dfa9d921251e da1fad4851004b72a7f93f7c9baf2f0d - - default default] GET http://10.0.0.194:8776/
2026-07-24 06:00:29.163 7 INFO cinder.api.openstack.wsgi [req-9e0927cd-ffec-4fa0-a6b1-df18c61bea4a req-490f8487-f54a-4c98-a426-7ed09600dcd1 3da971a57c894743aca3dfa9d921251e da1fad4851004b72a7f93f7c9baf2f0d - - default default] GET http://10.0.0.194:8776/
2026-07-24 06:00:29.163 8 INFO cinder.api.openstack.wsgi [req-2b0b1b23-06db-4706-b686-efc79ef32cd2 req-da064bec-ac29-42a2-b2c8-05a87736b338 3da971a57c894743aca3dfa9d921251e da1fad4851004b72a7f93f7c9baf2f0d - - default default] http://10.0.0.194:8776/ returned with HTTP 300
2026-07-24 06:00:29.164 7 INFO cinder.api.openstack.wsgi [req-9e0927cd-ffec-4fa0-a6b1-df18c61bea4a req-490f8487-f54a-4c98-a426-7ed09600dcd1 3da971a57c894743aca3dfa9d921251e da1fad4851004b72a7f93f7c9baf2f0d - - default default] http://10.0.0.194:8776/ returned with HTTP 300 /var/lib/openstack/lib/python3.12/site-packages/pycadf/identifier.py:70: UserWarning: Invalid uuid: cinderv3. To ensure interoperability, identifiers should be a valid uuid. warnings.warn(('Invalid uuid: %s. To ensure interoperability, '
2026-07-24 06:00:29.389 8 INFO cinder.api.openstack.wsgi [req-9e0927cd-ffec-4fa0-a6b1-df18c61bea4a req-f643555a-2b77-470a-8eed-145f7b56404e 3da971a57c894743aca3dfa9d921251e da1fad4851004b72a7f93f7c9baf2f0d - - default default] GET http://cinder-api.openstack.svc.cluster.local:8776/v3/da1fad4851004b72a7f93f7c9baf2f0d/volumes/bfb5672c-90cb-4df1-9c63-a33334ab81f4 /var/lib/openstack/lib/python3.12/site-packages/oslo_context/context.py:101: DeprecationWarning: Policy enforcement is depending on the value of is_admin. This key is deprecated. Please update your policy file to use the standard policy values. warnings.warn(
2026-07-24 06:00:29.405 8 INFO cinder.volume.api [req-9e0927cd-ffec-4fa0-a6b1-df18c61bea4a req-f643555a-2b77-470a-8eed-145f7b56404e 3da971a57c894743aca3dfa9d921251e da1fad4851004b72a7f93f7c9baf2f0d - - default default] Volume info retrieved successfully.
2026-07-24 06:00:29.417 8 INFO cinder.api.openstack.wsgi [req-9e0927cd-ffec-4fa0-a6b1-df18c61bea4a req-f643555a-2b77-470a-8eed-145f7b56404e 3da971a57c894743aca3dfa9d921251e da1fad4851004b72a7f93f7c9baf2f0d - - default default] http://cinder-api.openstack.svc.cluster.local:8776/v3/da1fad4851004b72a7f93f7c9baf2f0d/volumes/bfb5672c-90cb-4df1-9c63-a33334ab81f4 returned with HTTP 200 [pid: 8|app: 0|req: 474/926] 10.0.0.42 () {34 vars in 1027 bytes} [Fri Jul 24 06:00:29 2026] GET /v3/da1fad4851004b72a7f93f7c9baf2f0d/volumes/bfb5672c-90cb-4df1-9c63-a33334ab81f4 => generated 1675 bytes in 38 msecs (HTTP/1.1 200) 7 headers in 286 bytes (1 switches on core 0)
2026-07-24 06:00:29.430 7 INFO cinder.api.openstack.wsgi [req-9e0927cd-ffec-4fa0-a6b1-df18c61bea4a req-490f8487-f54a-4c98-a426-7ed09600dcd1 3da971a57c894743aca3dfa9d921251e da1fad4851004b72a7f93f7c9baf2f0d - - default default] GET http://cinder-api.openstack.svc.cluster.local:8776/
2026-07-24 06:00:29.431 7 INFO cinder.api.openstack.wsgi [req-9e0927cd-ffec-4fa0-a6b1-df18c61bea4a req-490f8487-f54a-4c98-a426-7ed09600dcd1 3da971a57c894743aca3dfa9d921251e da1fad4851004b72a7f93f7c9baf2f0d - - default default] http://cinder-api.openstack.svc.cluster.local:8776/ returned with HTTP 300 [pid: 7|app: 0|req: 453/927] 10.0.0.42 () {32 vars in 828 bytes} [Fri Jul 24 06:00:29 2026] GET / => generated 411 bytes in 2 msecs (HTTP/1.1 300) 5 headers in 169 bytes (1 switches on core 0) /var/lib/openstack/lib/python3.12/site-packages/pycadf/identifier.py:70: UserWarning: Invalid uuid: cinderv3. To ensure interoperability, identifiers should be a valid uuid. warnings.warn(('Invalid uuid: %s. To ensure interoperability, '
2026-07-24 06:00:29.446 8 INFO cinder.api.openstack.wsgi [req-9e0927cd-ffec-4fa0-a6b1-df18c61bea4a req-e4cd99c0-4908-454f-bbde-659d574d642f 3da971a57c894743aca3dfa9d921251e da1fad4851004b72a7f93f7c9baf2f0d - - default default] POST http://cinder-api.openstack.svc.cluster.local:8776/v3/da1fad4851004b72a7f93f7c9baf2f0d/attachments /var/lib/openstack/lib/python3.12/site-packages/oslo_context/context.py:101: DeprecationWarning: Policy enforcement is depending on the value of is_admin. This key is deprecated. Please update your policy file to use the standard policy values. warnings.warn(
2026-07-24 06:00:29.513 8 INFO cinder.api.openstack.wsgi [req-9e0927cd-ffec-4fa0-a6b1-df18c61bea4a req-e4cd99c0-4908-454f-bbde-659d574d642f 3da971a57c894743aca3dfa9d921251e da1fad4851004b72a7f93f7c9baf2f0d - - default default] http://cinder-api.openstack.svc.cluster.local:8776/v3/da1fad4851004b72a7f93f7c9baf2f0d/attachments returned with HTTP 200 [pid: 8|app: 0|req: 475/928] 10.0.0.42 () {40 vars in 1056 bytes} [Fri Jul 24 06:00:29 2026] POST /v3/da1fad4851004b72a7f93f7c9baf2f0d/attachments => generated 273 bytes in 76 msecs (HTTP/1.1 200) 7 headers in 286 bytes (1 switches on core 0) /var/lib/openstack/lib/python3.12/site-packages/pycadf/identifier.py:70: UserWarning: Invalid uuid: cinderv3. To ensure interoperability, identifiers should be a valid uuid. warnings.warn(('Invalid uuid: %s. To ensure interoperability, '
2026-07-24 06:00:33.008 7 INFO cinder.api.openstack.wsgi [req-2b0b1b23-06db-4706-b686-efc79ef32cd2 req-1791bd76-bfd0-4ba9-bbec-7004018bc1f0 3da971a57c894743aca3dfa9d921251e da1fad4851004b72a7f93f7c9baf2f0d - - default default] GET http://cinder-api.openstack.svc.cluster.local:8776/v3/da1fad4851004b72a7f93f7c9baf2f0d/volumes/bfb5672c-90cb-4df1-9c63-a33334ab81f4 /var/lib/openstack/lib/python3.12/site-packages/oslo_context/context.py:101: DeprecationWarning: Policy enforcement is depending on the value of is_admin. This key is deprecated. Please update your policy file to use the standard policy values. warnings.warn(
2026-07-24 06:00:33.026 7 INFO cinder.volume.api [req-2b0b1b23-06db-4706-b686-efc79ef32cd2 req-1791bd76-bfd0-4ba9-bbec-7004018bc1f0 3da971a57c894743aca3dfa9d921251e da1fad4851004b72a7f93f7c9baf2f0d - - default default] Volume info retrieved successfully.
2026-07-24 06:00:33.030 7 INFO cinder.api.openstack.wsgi [req-2b0b1b23-06db-4706-b686-efc79ef32cd2 req-1791bd76-bfd0-4ba9-bbec-7004018bc1f0 3da971a57c894743aca3dfa9d921251e da1fad4851004b72a7f93f7c9baf2f0d - - default default] http://cinder-api.openstack.svc.cluster.local:8776/v3/da1fad4851004b72a7f93f7c9baf2f0d/volumes/bfb5672c-90cb-4df1-9c63-a33334ab81f4 returned with HTTP 200 [pid: 7|app: 0|req: 454/929] 199.19.213.96 () {32 vars in 824 bytes} [Fri Jul 24 06:00:33 2026] GET /v3/da1fad4851004b72a7f93f7c9baf2f0d/volumes/bfb5672c-90cb-4df1-9c63-a33334ab81f4 => generated 1674 bytes in 27 msecs (HTTP/1.1 200) 7 headers in 286 bytes (1 switches on core 0)
2026-07-24 06:00:34.975 8 INFO cinder.api.openstack.wsgi [req-9e0927cd-ffec-4fa0-a6b1-df18c61bea4a req-e4cd99c0-4908-454f-bbde-659d574d642f 3da971a57c894743aca3dfa9d921251e da1fad4851004b72a7f93f7c9baf2f0d - - default default] GET http://cinder-api.openstack.svc.cluster.local:8776/
2026-07-24 06:00:34.976 8 INFO cinder.api.openstack.wsgi [req-9e0927cd-ffec-4fa0-a6b1-df18c61bea4a req-e4cd99c0-4908-454f-bbde-659d574d642f 3da971a57c894743aca3dfa9d921251e da1fad4851004b72a7f93f7c9baf2f0d - - default default] http://cinder-api.openstack.svc.cluster.local:8776/ returned with HTTP 300 [pid: 8|app: 0|req: 476/930] 199.19.213.96 () {32 vars in 839 bytes} [Fri Jul 24 06:00:34 2026] GET / => generated 411 bytes in 1 msecs (HTTP/1.1 300) 5 headers in 169 bytes (1 switches on core 0) /var/lib/openstack/lib/python3.12/site-packages/pycadf/identifier.py:70: UserWarning: Invalid uuid: cinderv3. To ensure interoperability, identifiers should be a valid uuid. warnings.warn(('Invalid uuid: %s. To ensure interoperability, '
2026-07-24 06:00:34.991 7 INFO cinder.api.openstack.wsgi [req-9e0927cd-ffec-4fa0-a6b1-df18c61bea4a req-c1580d2e-643c-4ff2-b954-c7ec13b3afd4 3da971a57c894743aca3dfa9d921251e da1fad4851004b72a7f93f7c9baf2f0d - - default default] GET http://cinder-api.openstack.svc.cluster.local:8776/v3/da1fad4851004b72a7f93f7c9baf2f0d/volumes/bfb5672c-90cb-4df1-9c63-a33334ab81f4 /var/lib/openstack/lib/python3.12/site-packages/oslo_context/context.py:101: DeprecationWarning: Policy enforcement is depending on the value of is_admin. This key is deprecated. Please update your policy file to use the standard policy values. warnings.warn(
2026-07-24 06:00:35.009 7 INFO cinder.volume.api [req-9e0927cd-ffec-4fa0-a6b1-df18c61bea4a req-c1580d2e-643c-4ff2-b954-c7ec13b3afd4 3da971a57c894743aca3dfa9d921251e da1fad4851004b72a7f93f7c9baf2f0d - - default default] Volume info retrieved successfully.
2026-07-24 06:00:35.015 7 INFO cinder.api.openstack.wsgi [req-9e0927cd-ffec-4fa0-a6b1-df18c61bea4a req-c1580d2e-643c-4ff2-b954-c7ec13b3afd4 3da971a57c894743aca3dfa9d921251e da1fad4851004b72a7f93f7c9baf2f0d - - default default] http://cinder-api.openstack.svc.cluster.local:8776/v3/da1fad4851004b72a7f93f7c9baf2f0d/volumes/bfb5672c-90cb-4df1-9c63-a33334ab81f4 returned with HTTP 200 [pid: 7|app: 0|req: 455/931] 199.19.213.96 () {36 vars in 1072 bytes} [Fri Jul 24 06:00:34 2026] GET /v3/da1fad4851004b72a7f93f7c9baf2f0d/volumes/bfb5672c-90cb-4df1-9c63-a33334ab81f4 => generated 1898 bytes in 30 msecs (HTTP/1.1 200) 7 headers in 287 bytes (1 switches on core 0) /var/lib/openstack/lib/python3.12/site-packages/pycadf/identifier.py:70: UserWarning: Invalid uuid: cinderv3. To ensure interoperability, identifiers should be a valid uuid. warnings.warn(('Invalid uuid: %s. To ensure interoperability, '
2026-07-24 06:00:35.091 8 INFO cinder.api.openstack.wsgi [req-9e0927cd-ffec-4fa0-a6b1-df18c61bea4a req-a03b7d10-4550-47b6-a7ef-7b4d5178bc99 3da971a57c894743aca3dfa9d921251e da1fad4851004b72a7f93f7c9baf2f0d - - default default] PUT http://cinder-api.openstack.svc.cluster.local:8776/v3/da1fad4851004b72a7f93f7c9baf2f0d/attachments/4516748a-03b8-4ef3-9901-9c3ced0b0e98 /var/lib/openstack/lib/python3.12/site-packages/oslo_context/context.py:101: DeprecationWarning: Policy enforcement is depending on the value of is_admin. This key is deprecated. Please update your policy file to use the standard policy values. warnings.warn( /var/lib/openstack/lib/python3.12/site-packages/pycadf/identifier.py:70: UserWarning: Invalid uuid: cinderv3. To ensure interoperability, identifiers should be a valid uuid. warnings.warn(('Invalid uuid: %s. To ensure interoperability, '
2026-07-24 06:00:36.108 7 INFO cinder.api.openstack.wsgi [req-2b0b1b23-06db-4706-b686-efc79ef32cd2 req-ea1863dd-7456-4b31-991f-f7ec6fbadc2d 3da971a57c894743aca3dfa9d921251e da1fad4851004b72a7f93f7c9baf2f0d - - default default] GET http://cinder-api.openstack.svc.cluster.local:8776/v3/da1fad4851004b72a7f93f7c9baf2f0d/volumes/bfb5672c-90cb-4df1-9c63-a33334ab81f4
2026-07-24 06:00:36.124 8 INFO cinder.api.openstack.wsgi [req-9e0927cd-ffec-4fa0-a6b1-df18c61bea4a req-a03b7d10-4550-47b6-a7ef-7b4d5178bc99 3da971a57c894743aca3dfa9d921251e da1fad4851004b72a7f93f7c9baf2f0d - - default default] http://cinder-api.openstack.svc.cluster.local:8776/v3/da1fad4851004b72a7f93f7c9baf2f0d/attachments/4516748a-03b8-4ef3-9901-9c3ced0b0e98 returned with HTTP 200 /var/lib/openstack/lib/python3.12/site-packages/oslo_context/context.py:101: DeprecationWarning: Policy enforcement is depending on the value of is_admin. This key is deprecated. Please update your policy file to use the standard policy values. warnings.warn( [pid: 8|app: 0|req: 477/932] 199.19.213.96 () {40 vars in 1134 bytes} [Fri Jul 24 06:00:35 2026] PUT /v3/da1fad4851004b72a7f93f7c9baf2f0d/attachments/4516748a-03b8-4ef3-9901-9c3ced0b0e98 => generated 802 bytes in 1042 msecs (HTTP/1.1 200) 7 headers in 286 bytes (1 switches on core 0)
2026-07-24 06:00:36.133 7 INFO cinder.volume.api [req-2b0b1b23-06db-4706-b686-efc79ef32cd2 req-ea1863dd-7456-4b31-991f-f7ec6fbadc2d 3da971a57c894743aca3dfa9d921251e da1fad4851004b72a7f93f7c9baf2f0d - - default default] Volume info retrieved successfully.
2026-07-24 06:00:36.139 7 INFO cinder.api.openstack.wsgi [req-2b0b1b23-06db-4706-b686-efc79ef32cd2 req-ea1863dd-7456-4b31-991f-f7ec6fbadc2d 3da971a57c894743aca3dfa9d921251e da1fad4851004b72a7f93f7c9baf2f0d - - default default] http://cinder-api.openstack.svc.cluster.local:8776/v3/da1fad4851004b72a7f93f7c9baf2f0d/volumes/bfb5672c-90cb-4df1-9c63-a33334ab81f4 returned with HTTP 200 [pid: 7|app: 0|req: 456/933] 199.19.213.96 () {32 vars in 824 bytes} [Fri Jul 24 06:00:36 2026] GET /v3/da1fad4851004b72a7f93f7c9baf2f0d/volumes/bfb5672c-90cb-4df1-9c63-a33334ab81f4 => generated 1675 bytes in 36 msecs (HTTP/1.1 200) 7 headers in 286 bytes (1 switches on core 0) /var/lib/openstack/lib/python3.12/site-packages/pycadf/identifier.py:70: UserWarning: Invalid uuid: cinderv3. To ensure interoperability, identifiers should be a valid uuid. warnings.warn(('Invalid uuid: %s. To ensure interoperability, '
2026-07-24 06:00:36.642 8 INFO cinder.api.openstack.wsgi [req-9e0927cd-ffec-4fa0-a6b1-df18c61bea4a req-a2de7fa4-62d1-4ded-99a0-4b5824ad7341 3da971a57c894743aca3dfa9d921251e da1fad4851004b72a7f93f7c9baf2f0d - - default default] POST http://cinder-api.openstack.svc.cluster.local:8776/v3/da1fad4851004b72a7f93f7c9baf2f0d/attachments/4516748a-03b8-4ef3-9901-9c3ced0b0e98/action /var/lib/openstack/lib/python3.12/site-packages/oslo_context/context.py:101: DeprecationWarning: Policy enforcement is depending on the value of is_admin. This key is deprecated. Please update your policy file to use the standard policy values. warnings.warn(
2026-07-24 06:00:36.675 8 INFO cinder.api.openstack.wsgi [req-9e0927cd-ffec-4fa0-a6b1-df18c61bea4a req-a2de7fa4-62d1-4ded-99a0-4b5824ad7341 3da971a57c894743aca3dfa9d921251e da1fad4851004b72a7f93f7c9baf2f0d - - default default] http://cinder-api.openstack.svc.cluster.local:8776/v3/da1fad4851004b72a7f93f7c9baf2f0d/attachments/4516748a-03b8-4ef3-9901-9c3ced0b0e98/action returned with HTTP 204 [pid: 8|app: 0|req: 478/934] 199.19.213.96 () {40 vars in 1147 bytes} [Fri Jul 24 06:00:36 2026] POST /v3/da1fad4851004b72a7f93f7c9baf2f0d/attachments/4516748a-03b8-4ef3-9901-9c3ced0b0e98/action => generated 0 bytes in 41 msecs (HTTP/1.1 204) 7 headers in 292 bytes (1 switches on core 0)
2026-07-24 06:00:39.162 8 INFO cinder.api.openstack.wsgi [req-9e0927cd-ffec-4fa0-a6b1-df18c61bea4a req-a2de7fa4-62d1-4ded-99a0-4b5824ad7341 3da971a57c894743aca3dfa9d921251e da1fad4851004b72a7f93f7c9baf2f0d - - default default] GET http://10.0.0.194:8776/
2026-07-24 06:00:39.163 8 INFO cinder.api.openstack.wsgi [req-9e0927cd-ffec-4fa0-a6b1-df18c61bea4a req-a2de7fa4-62d1-4ded-99a0-4b5824ad7341 3da971a57c894743aca3dfa9d921251e da1fad4851004b72a7f93f7c9baf2f0d - - default default] http://10.0.0.194:8776/ returned with HTTP 300
2026-07-24 06:00:39.164 8 INFO cinder.api.openstack.wsgi [req-9e0927cd-ffec-4fa0-a6b1-df18c61bea4a req-a2de7fa4-62d1-4ded-99a0-4b5824ad7341 3da971a57c894743aca3dfa9d921251e da1fad4851004b72a7f93f7c9baf2f0d - - default default] GET http://10.0.0.194:8776/
2026-07-24 06:00:39.165 8 INFO cinder.api.openstack.wsgi [req-9e0927cd-ffec-4fa0-a6b1-df18c61bea4a req-a2de7fa4-62d1-4ded-99a0-4b5824ad7341 3da971a57c894743aca3dfa9d921251e da1fad4851004b72a7f93f7c9baf2f0d - - default default] http://10.0.0.194:8776/ returned with HTTP 300 /var/lib/openstack/lib/python3.12/site-packages/pycadf/identifier.py:70: UserWarning: Invalid uuid: cinderv3. To ensure interoperability, identifiers should be a valid uuid. warnings.warn(('Invalid uuid: %s. To ensure interoperability, '
2026-07-24 06:00:39.241 7 INFO cinder.api.openstack.wsgi [None req-8f2c6124-a411-4115-a191-1eb6becb609e 3da971a57c894743aca3dfa9d921251e da1fad4851004b72a7f93f7c9baf2f0d - - default default] GET http://cinder-api.openstack.svc.cluster.local:8776/v3/da1fad4851004b72a7f93f7c9baf2f0d/scheduler-stats/get_pools?detail=true /var/lib/openstack/lib/python3.12/site-packages/pycadf/identifier.py:70: UserWarning: Invalid uuid: cinderv3. To ensure interoperability, identifiers should be a valid uuid. warnings.warn(('Invalid uuid: %s. To ensure interoperability, '
2026-07-24 06:00:39.305 8 INFO cinder.api.openstack.wsgi [req-2b0b1b23-06db-4706-b686-efc79ef32cd2 req-8256e2ba-05ad-4b56-9604-504babd96777 3da971a57c894743aca3dfa9d921251e da1fad4851004b72a7f93f7c9baf2f0d - - default default] GET http://cinder-api.openstack.svc.cluster.local:8776/v3/da1fad4851004b72a7f93f7c9baf2f0d/volumes/bfb5672c-90cb-4df1-9c63-a33334ab81f4 /var/lib/openstack/lib/python3.12/site-packages/oslo_context/context.py:101: DeprecationWarning: Policy enforcement is depending on the value of is_admin. This key is deprecated. Please update your policy file to use the standard policy values. warnings.warn(
2026-07-24 06:00:39.329 8 INFO cinder.volume.api [req-2b0b1b23-06db-4706-b686-efc79ef32cd2 req-8256e2ba-05ad-4b56-9604-504babd96777 3da971a57c894743aca3dfa9d921251e da1fad4851004b72a7f93f7c9baf2f0d - - default default] Volume info retrieved successfully.
2026-07-24 06:00:39.337 8 INFO cinder.api.openstack.wsgi [req-2b0b1b23-06db-4706-b686-efc79ef32cd2 req-8256e2ba-05ad-4b56-9604-504babd96777 3da971a57c894743aca3dfa9d921251e da1fad4851004b72a7f93f7c9baf2f0d - - default default] http://cinder-api.openstack.svc.cluster.local:8776/v3/da1fad4851004b72a7f93f7c9baf2f0d/volumes/bfb5672c-90cb-4df1-9c63-a33334ab81f4 returned with HTTP 200 [pid: 8|app: 0|req: 481/937] 199.19.213.96 () {32 vars in 824 bytes} [Fri Jul 24 06:00:39 2026] GET /v3/da1fad4851004b72a7f93f7c9baf2f0d/volumes/bfb5672c-90cb-4df1-9c63-a33334ab81f4 => generated 1973 bytes in 38 msecs (HTTP/1.1 200) 7 headers in 286 bytes (1 switches on core 0)
2026-07-24 06:00:39.745 7 INFO cinder.api.openstack.wsgi [None req-8f2c6124-a411-4115-a191-1eb6becb609e 3da971a57c894743aca3dfa9d921251e da1fad4851004b72a7f93f7c9baf2f0d - - default default] http://cinder-api.openstack.svc.cluster.local:8776/v3/da1fad4851004b72a7f93f7c9baf2f0d/scheduler-stats/get_pools?detail=true returned with HTTP 200 [pid: 7|app: 0|req: 457/938] 10.0.0.143 () {28 vars in 696 bytes} [Fri Jul 24 06:00:39 2026] GET /v3/da1fad4851004b72a7f93f7c9baf2f0d/scheduler-stats/get_pools?detail=true => generated 670 bytes in 704 msecs (HTTP/1.1 200) 7 headers in 285 bytes (1 switches on core 0) /var/lib/openstack/lib/python3.12/site-packages/pycadf/identifier.py:70: UserWarning: Invalid uuid: cinderv3. To ensure interoperability, identifiers should be a valid uuid. warnings.warn(('Invalid uuid: %s. To ensure interoperability, '
2026-07-24 06:00:39.760 8 INFO cinder.api.openstack.wsgi [None req-129277c8-33ed-423a-af8c-d65daf740117 3da971a57c894743aca3dfa9d921251e da1fad4851004b72a7f93f7c9baf2f0d - - default default] GET http://cinder-api.openstack.svc.cluster.local:8776/v3/da1fad4851004b72a7f93f7c9baf2f0d/os-services
2026-07-24 06:00:39.765 8 INFO cinder.api.openstack.wsgi [None req-129277c8-33ed-423a-af8c-d65daf740117 3da971a57c894743aca3dfa9d921251e da1fad4851004b72a7f93f7c9baf2f0d - - default default] http://cinder-api.openstack.svc.cluster.local:8776/v3/da1fad4851004b72a7f93f7c9baf2f0d/os-services returned with HTTP 200 [pid: 8|app: 0|req: 482/939] 10.0.0.143 () {28 vars in 645 bytes} [Fri Jul 24 06:00:39 2026] GET /v3/da1fad4851004b72a7f93f7c9baf2f0d/os-services => generated 646 bytes in 14 msecs (HTTP/1.1 200) 7 headers in 285 bytes (1 switches on core 0)
2026-07-24 06:00:39.775 7 INFO cinder.api.openstack.wsgi [None req-5da6bd39-142f-44aa-9d6b-8a7e3200ca4a 3da971a57c894743aca3dfa9d921251e da1fad4851004b72a7f93f7c9baf2f0d - - default default] GET http://cinder-api.openstack.svc.cluster.local:8776/v3/da1fad4851004b72a7f93f7c9baf2f0d/volumes/detail?all_tenants=true
2026-07-24 06:00:39.796 7 INFO cinder.volume.api [None req-5da6bd39-142f-44aa-9d6b-8a7e3200ca4a 3da971a57c894743aca3dfa9d921251e da1fad4851004b72a7f93f7c9baf2f0d - - default default] Get all volumes completed successfully. /var/lib/openstack/lib/python3.12/site-packages/oslo_context/context.py:101: DeprecationWarning: Policy enforcement is depending on the value of is_admin. This key is deprecated. Please update your policy file to use the standard policy values. warnings.warn(
2026-07-24 06:00:39.803 7 INFO cinder.api.openstack.wsgi [None req-5da6bd39-142f-44aa-9d6b-8a7e3200ca4a 3da971a57c894743aca3dfa9d921251e da1fad4851004b72a7f93f7c9baf2f0d - - default default] http://cinder-api.openstack.svc.cluster.local:8776/v3/da1fad4851004b72a7f93f7c9baf2f0d/volumes/detail?all_tenants=true returned with HTTP 200 [pid: 7|app: 0|req: 458/940] 10.0.0.143 () {28 vars in 684 bytes} [Fri Jul 24 06:00:39 2026] GET /v3/da1fad4851004b72a7f93f7c9baf2f0d/volumes/detail?all_tenants=true => generated 1976 bytes in 34 msecs (HTTP/1.1 200) 7 headers in 286 bytes (1 switches on core 0)
2026-07-24 06:00:39.813 8 INFO cinder.api.openstack.wsgi [None req-3fbce592-95f2-49a0-a678-3622652587a9 3da971a57c894743aca3dfa9d921251e da1fad4851004b72a7f93f7c9baf2f0d - - default default] GET http://cinder-api.openstack.svc.cluster.local:8776/v3/da1fad4851004b72a7f93f7c9baf2f0d/volumes/detail?all_tenants=true
2026-07-24 06:00:39.823 8 INFO cinder.volume.api [None req-3fbce592-95f2-49a0-a678-3622652587a9 3da971a57c894743aca3dfa9d921251e da1fad4851004b72a7f93f7c9baf2f0d - - default default] Get all volumes completed successfully. /var/lib/openstack/lib/python3.12/site-packages/oslo_context/context.py:101: DeprecationWarning: Policy enforcement is depending on the value of is_admin. This key is deprecated. Please update your policy file to use the standard policy values. warnings.warn(
2026-07-24 06:00:39.828 8 INFO cinder.api.openstack.wsgi [None req-3fbce592-95f2-49a0-a678-3622652587a9 3da971a57c894743aca3dfa9d921251e da1fad4851004b72a7f93f7c9baf2f0d - - default default] http://cinder-api.openstack.svc.cluster.local:8776/v3/da1fad4851004b72a7f93f7c9baf2f0d/volumes/detail?all_tenants=true returned with HTTP 200 [pid: 8|app: 0|req: 483/941] 10.0.0.143 () {28 vars in 684 bytes} [Fri Jul 24 06:00:39 2026] GET /v3/da1fad4851004b72a7f93f7c9baf2f0d/volumes/detail?all_tenants=true => generated 1976 bytes in 20 msecs (HTTP/1.1 200) 7 headers in 286 bytes (1 switches on core 0) /var/lib/openstack/lib/python3.12/site-packages/pycadf/identifier.py:70: UserWarning: Invalid uuid: cinderv3. To ensure interoperability, identifiers should be a valid uuid. warnings.warn(('Invalid uuid: %s. To ensure interoperability, '
2026-07-24 06:00:39.839 7 INFO cinder.api.openstack.wsgi [None req-2ba12380-a942-420c-ab7a-7c4649c3eb42 3da971a57c894743aca3dfa9d921251e da1fad4851004b72a7f93f7c9baf2f0d - - default default] GET http://cinder-api.openstack.svc.cluster.local:8776/v3/da1fad4851004b72a7f93f7c9baf2f0d/snapshots?all_tenants=true
2026-07-24 06:00:39.848 7 INFO cinder.volume.api [None req-2ba12380-a942-420c-ab7a-7c4649c3eb42 3da971a57c894743aca3dfa9d921251e da1fad4851004b72a7f93f7c9baf2f0d - - default default] Get all snapshots completed successfully.
2026-07-24 06:00:39.848 7 INFO cinder.api.openstack.wsgi [None req-2ba12380-a942-420c-ab7a-7c4649c3eb42 3da971a57c894743aca3dfa9d921251e da1fad4851004b72a7f93f7c9baf2f0d - - default default] http://cinder-api.openstack.svc.cluster.local:8776/v3/da1fad4851004b72a7f93f7c9baf2f0d/snapshots?all_tenants=true returned with HTTP 200 [pid: 7|app: 0|req: 459/942] 10.0.0.143 () {28 vars in 674 bytes} [Fri Jul 24 06:00:39 2026] GET /v3/da1fad4851004b72a7f93f7c9baf2f0d/snapshots?all_tenants=true => generated 17 bytes in 18 msecs (HTTP/1.1 200) 7 headers in 284 bytes (1 switches on core 0) /var/lib/openstack/lib/python3.12/site-packages/pycadf/identifier.py:70: UserWarning: Invalid uuid: cinderv3. To ensure interoperability, identifiers should be a valid uuid. warnings.warn(('Invalid uuid: %s. To ensure interoperability, '
2026-07-24 06:00:39.954 8 INFO cinder.api.openstack.wsgi [None req-c0ab7b2f-9906-409c-be82-7d717f0fc1aa 3da971a57c894743aca3dfa9d921251e da1fad4851004b72a7f93f7c9baf2f0d - - default default] GET http://cinder-api.openstack.svc.cluster.local:8776/v3/da1fad4851004b72a7f93f7c9baf2f0d/os-quota-sets/08c555a4ec234ede833bc21a43619983?usage=true
2026-07-24 06:00:39.975 8 INFO cinder.api.openstack.wsgi [None req-c0ab7b2f-9906-409c-be82-7d717f0fc1aa 3da971a57c894743aca3dfa9d921251e da1fad4851004b72a7f93f7c9baf2f0d - - default default] http://cinder-api.openstack.svc.cluster.local:8776/v3/da1fad4851004b72a7f93f7c9baf2f0d/os-quota-sets/08c555a4ec234ede833bc21a43619983?usage=true returned with HTTP 200 [pid: 8|app: 0|req: 484/943] 10.0.0.143 () {28 vars in 736 bytes} [Fri Jul 24 06:00:39 2026] GET /v3/da1fad4851004b72a7f93f7c9baf2f0d/os-quota-sets/08c555a4ec234ede833bc21a43619983?usage=true => generated 847 bytes in 29 msecs (HTTP/1.1 200) 7 headers in 285 bytes (1 switches on core 0)
2026-07-24 06:00:39.984 7 INFO cinder.api.openstack.wsgi [None req-b09f105b-f38e-4b4f-9dfe-701f490d45c2 3da971a57c894743aca3dfa9d921251e da1fad4851004b72a7f93f7c9baf2f0d - - default default] GET http://cinder-api.openstack.svc.cluster.local:8776/v3/da1fad4851004b72a7f93f7c9baf2f0d/os-quota-sets/0a2c7502b9ca403cba1cc328b1caf32e?usage=true
2026-07-24 06:00:40.008 7 INFO cinder.api.openstack.wsgi [None req-b09f105b-f38e-4b4f-9dfe-701f490d45c2 3da971a57c894743aca3dfa9d921251e da1fad4851004b72a7f93f7c9baf2f0d - - default default] http://cinder-api.openstack.svc.cluster.local:8776/v3/da1fad4851004b72a7f93f7c9baf2f0d/os-quota-sets/0a2c7502b9ca403cba1cc328b1caf32e?usage=true returned with HTTP 200 [pid: 7|app: 0|req: 460/944] 10.0.0.143 () {28 vars in 736 bytes} [Fri Jul 24 06:00:39 2026] GET /v3/da1fad4851004b72a7f93f7c9baf2f0d/os-quota-sets/0a2c7502b9ca403cba1cc328b1caf32e?usage=true => generated 847 bytes in 29 msecs (HTTP/1.1 200) 7 headers in 285 bytes (1 switches on core 0)
2026-07-24 06:00:40.019 8 INFO cinder.api.openstack.wsgi [None req-fd44c7b6-ea76-4c8c-8664-6bb540ab1ee6 3da971a57c894743aca3dfa9d921251e da1fad4851004b72a7f93f7c9baf2f0d - - default default] GET http://cinder-api.openstack.svc.cluster.local:8776/v3/da1fad4851004b72a7f93f7c9baf2f0d/os-quota-sets/1143d6d1cbed4896bcf829f9fedc3f1e?usage=true
2026-07-24 06:00:40.038 8 INFO cinder.api.openstack.wsgi [None req-fd44c7b6-ea76-4c8c-8664-6bb540ab1ee6 3da971a57c894743aca3dfa9d921251e da1fad4851004b72a7f93f7c9baf2f0d - - default default] http://cinder-api.openstack.svc.cluster.local:8776/v3/da1fad4851004b72a7f93f7c9baf2f0d/os-quota-sets/1143d6d1cbed4896bcf829f9fedc3f1e?usage=true returned with HTTP 200 [pid: 8|app: 0|req: 485/945] 10.0.0.143 () {28 vars in 736 bytes} [Fri Jul 24 06:00:40 2026] GET /v3/da1fad4851004b72a7f93f7c9baf2f0d/os-quota-sets/1143d6d1cbed4896bcf829f9fedc3f1e?usage=true => generated 847 bytes in 26 msecs (HTTP/1.1 200) 7 headers in 285 bytes (1 switches on core 0)
2026-07-24 06:00:40.048 7 INFO cinder.api.openstack.wsgi [None req-0f50f49d-d62a-4015-9928-ad4a2adcb068 3da971a57c894743aca3dfa9d921251e da1fad4851004b72a7f93f7c9baf2f0d - - default default] GET http://cinder-api.openstack.svc.cluster.local:8776/v3/da1fad4851004b72a7f93f7c9baf2f0d/os-quota-sets/17df56a896c0484a86cd06871ee23eb1?usage=true
2026-07-24 06:00:40.073 7 INFO cinder.api.openstack.wsgi [None req-0f50f49d-d62a-4015-9928-ad4a2adcb068 3da971a57c894743aca3dfa9d921251e da1fad4851004b72a7f93f7c9baf2f0d - - default default] http://cinder-api.openstack.svc.cluster.local:8776/v3/da1fad4851004b72a7f93f7c9baf2f0d/os-quota-sets/17df56a896c0484a86cd06871ee23eb1?usage=true returned with HTTP 200 [pid: 7|app: 0|req: 461/946] 10.0.0.143 () {28 vars in 736 bytes} [Fri Jul 24 06:00:40 2026] GET /v3/da1fad4851004b72a7f93f7c9baf2f0d/os-quota-sets/17df56a896c0484a86cd06871ee23eb1?usage=true => generated 847 bytes in 32 msecs (HTTP/1.1 200) 7 headers in 285 bytes (1 switches on core 0)
2026-07-24 06:00:40.084 8 INFO cinder.api.openstack.wsgi [None req-46572306-8afc-411b-8391-3b8e71fa7697 3da971a57c894743aca3dfa9d921251e da1fad4851004b72a7f93f7c9baf2f0d - - default default] GET http://cinder-api.openstack.svc.cluster.local:8776/v3/da1fad4851004b72a7f93f7c9baf2f0d/os-quota-sets/24f293e8b23d4fbe8e3127d90267585f?usage=true
2026-07-24 06:00:40.105 8 INFO cinder.api.openstack.wsgi [None req-46572306-8afc-411b-8391-3b8e71fa7697 3da971a57c894743aca3dfa9d921251e da1fad4851004b72a7f93f7c9baf2f0d - - default default] http://cinder-api.openstack.svc.cluster.local:8776/v3/da1fad4851004b72a7f93f7c9baf2f0d/os-quota-sets/24f293e8b23d4fbe8e3127d90267585f?usage=true returned with HTTP 200 [pid: 8|app: 0|req: 486/947] 10.0.0.143 () {28 vars in 736 bytes} [Fri Jul 24 06:00:40 2026] GET /v3/da1fad4851004b72a7f93f7c9baf2f0d/os-quota-sets/24f293e8b23d4fbe8e3127d90267585f?usage=true => generated 847 bytes in 27 msecs (HTTP/1.1 200) 7 headers in 285 bytes (1 switches on core 0)
2026-07-24 06:00:40.114 7 INFO cinder.api.openstack.wsgi [None req-fed1c8ba-8db7-44fd-b73a-03e3895ba938 3da971a57c894743aca3dfa9d921251e da1fad4851004b72a7f93f7c9baf2f0d - - default default] GET http://cinder-api.openstack.svc.cluster.local:8776/v3/da1fad4851004b72a7f93f7c9baf2f0d/os-quota-sets/252b965718014e93b3f3c67f57ff860f?usage=true
2026-07-24 06:00:40.136 7 INFO cinder.api.openstack.wsgi [None req-fed1c8ba-8db7-44fd-b73a-03e3895ba938 3da971a57c894743aca3dfa9d921251e da1fad4851004b72a7f93f7c9baf2f0d - - default default] http://cinder-api.openstack.svc.cluster.local:8776/v3/da1fad4851004b72a7f93f7c9baf2f0d/os-quota-sets/252b965718014e93b3f3c67f57ff860f?usage=true returned with HTTP 200 [pid: 7|app: 0|req: 462/948] 10.0.0.143 () {28 vars in 736 bytes} [Fri Jul 24 06:00:40 2026] GET /v3/da1fad4851004b72a7f93f7c9baf2f0d/os-quota-sets/252b965718014e93b3f3c67f57ff860f?usage=true => generated 847 bytes in 29 msecs (HTTP/1.1 200) 7 headers in 285 bytes (1 switches on core 0)
2026-07-24 06:00:40.147 8 INFO cinder.api.openstack.wsgi [None req-79142b7c-172c-4d20-bfba-18541b13b55c 3da971a57c894743aca3dfa9d921251e da1fad4851004b72a7f93f7c9baf2f0d - - default default] GET http://cinder-api.openstack.svc.cluster.local:8776/v3/da1fad4851004b72a7f93f7c9baf2f0d/os-quota-sets/3758c22752544f84a92427505ba288e8?usage=true
2026-07-24 06:00:40.169 8 INFO cinder.api.openstack.wsgi [None req-79142b7c-172c-4d20-bfba-18541b13b55c 3da971a57c894743aca3dfa9d921251e da1fad4851004b72a7f93f7c9baf2f0d - - default default] http://cinder-api.openstack.svc.cluster.local:8776/v3/da1fad4851004b72a7f93f7c9baf2f0d/os-quota-sets/3758c22752544f84a92427505ba288e8?usage=true returned with HTTP 200 [pid: 8|app: 0|req: 487/949] 10.0.0.143 () {28 vars in 736 bytes} [Fri Jul 24 06:00:40 2026] GET /v3/da1fad4851004b72a7f93f7c9baf2f0d/os-quota-sets/3758c22752544f84a92427505ba288e8?usage=true => generated 847 bytes in 28 msecs (HTTP/1.1 200) 7 headers in 285 bytes (1 switches on core 0)
2026-07-24 06:00:40.180 7 INFO cinder.api.openstack.wsgi [None req-d37db6e2-ef2e-4248-825b-57c0939a96a8 3da971a57c894743aca3dfa9d921251e da1fad4851004b72a7f93f7c9baf2f0d - - default default] GET http://cinder-api.openstack.svc.cluster.local:8776/v3/da1fad4851004b72a7f93f7c9baf2f0d/os-quota-sets/3f6c7eb5fe3c4ab6b435fca3e93614ce?usage=true
2026-07-24 06:00:40.201 7 INFO cinder.api.openstack.wsgi [None req-d37db6e2-ef2e-4248-825b-57c0939a96a8 3da971a57c894743aca3dfa9d921251e da1fad4851004b72a7f93f7c9baf2f0d - - default default] http://cinder-api.openstack.svc.cluster.local:8776/v3/da1fad4851004b72a7f93f7c9baf2f0d/os-quota-sets/3f6c7eb5fe3c4ab6b435fca3e93614ce?usage=true returned with HTTP 200 [pid: 7|app: 0|req: 463/950] 10.0.0.143 () {28 vars in 736 bytes} [Fri Jul 24 06:00:40 2026] GET /v3/da1fad4851004b72a7f93f7c9baf2f0d/os-quota-sets/3f6c7eb5fe3c4ab6b435fca3e93614ce?usage=true => generated 847 bytes in 28 msecs (HTTP/1.1 200) 7 headers in 285 bytes (1 switches on core 0)
2026-07-24 06:00:40.212 8 INFO cinder.api.openstack.wsgi [None req-733636f1-2955-4d88-9643-da4b365f3e56 3da971a57c894743aca3dfa9d921251e da1fad4851004b72a7f93f7c9baf2f0d - - default default] GET http://cinder-api.openstack.svc.cluster.local:8776/v3/da1fad4851004b72a7f93f7c9baf2f0d/os-quota-sets/675172d9313146d0a1d083e7ed501e18?usage=true
2026-07-24 06:00:40.231 8 INFO cinder.api.openstack.wsgi [None req-733636f1-2955-4d88-9643-da4b365f3e56 3da971a57c894743aca3dfa9d921251e da1fad4851004b72a7f93f7c9baf2f0d - - default default] http://cinder-api.openstack.svc.cluster.local:8776/v3/da1fad4851004b72a7f93f7c9baf2f0d/os-quota-sets/675172d9313146d0a1d083e7ed501e18?usage=true returned with HTTP 200 [pid: 8|app: 0|req: 488/951] 10.0.0.143 () {28 vars in 736 bytes} [Fri Jul 24 06:00:40 2026] GET /v3/da1fad4851004b72a7f93f7c9baf2f0d/os-quota-sets/675172d9313146d0a1d083e7ed501e18?usage=true => generated 847 bytes in 25 msecs (HTTP/1.1 200) 7 headers in 285 bytes (1 switches on core 0)
2026-07-24 06:00:40.240 7 INFO cinder.api.openstack.wsgi [None req-be18fe16-5eed-48c2-8dc5-03b2f9959ddd 3da971a57c894743aca3dfa9d921251e da1fad4851004b72a7f93f7c9baf2f0d - - default default] GET http://cinder-api.openstack.svc.cluster.local:8776/v3/da1fad4851004b72a7f93f7c9baf2f0d/os-quota-sets/69bbcb0466fe42c9a67e819f879c0838?usage=true
2026-07-24 06:00:40.276 7 INFO cinder.api.openstack.wsgi [None req-be18fe16-5eed-48c2-8dc5-03b2f9959ddd 3da971a57c894743aca3dfa9d921251e da1fad4851004b72a7f93f7c9baf2f0d - - default default] http://cinder-api.openstack.svc.cluster.local:8776/v3/da1fad4851004b72a7f93f7c9baf2f0d/os-quota-sets/69bbcb0466fe42c9a67e819f879c0838?usage=true returned with HTTP 200 [pid: 7|app: 0|req: 464/952] 10.0.0.143 () {28 vars in 736 bytes} [Fri Jul 24 06:00:40 2026] GET /v3/da1fad4851004b72a7f93f7c9baf2f0d/os-quota-sets/69bbcb0466fe42c9a67e819f879c0838?usage=true => generated 845 bytes in 42 msecs (HTTP/1.1 200) 7 headers in 285 bytes (1 switches on core 0)
2026-07-24 06:00:40.287 8 INFO cinder.api.openstack.wsgi [None req-8b317736-886c-45bf-8b73-a2f4a5074c1f 3da971a57c894743aca3dfa9d921251e da1fad4851004b72a7f93f7c9baf2f0d - - default default] GET http://cinder-api.openstack.svc.cluster.local:8776/v3/da1fad4851004b72a7f93f7c9baf2f0d/os-quota-sets/6a79ce6da9e242618aaea2959c43b79a?usage=true
2026-07-24 06:00:40.308 8 INFO cinder.api.openstack.wsgi [None req-8b317736-886c-45bf-8b73-a2f4a5074c1f 3da971a57c894743aca3dfa9d921251e da1fad4851004b72a7f93f7c9baf2f0d - - default default] http://cinder-api.openstack.svc.cluster.local:8776/v3/da1fad4851004b72a7f93f7c9baf2f0d/os-quota-sets/6a79ce6da9e242618aaea2959c43b79a?usage=true returned with HTTP 200 [pid: 8|app: 0|req: 489/953] 10.0.0.143 () {28 vars in 736 bytes} [Fri Jul 24 06:00:40 2026] GET /v3/da1fad4851004b72a7f93f7c9baf2f0d/os-quota-sets/6a79ce6da9e242618aaea2959c43b79a?usage=true => generated 847 bytes in 28 msecs (HTTP/1.1 200) 7 headers in 285 bytes (1 switches on core 0)
2026-07-24 06:00:40.321 7 INFO cinder.api.openstack.wsgi [None req-6e9de739-776d-4a6b-be94-e52b2a755f38 3da971a57c894743aca3dfa9d921251e da1fad4851004b72a7f93f7c9baf2f0d - - default default] GET http://cinder-api.openstack.svc.cluster.local:8776/v3/da1fad4851004b72a7f93f7c9baf2f0d/os-quota-sets/6f46a5325f1f44ff91b32903764e0f9c?usage=true
2026-07-24 06:00:40.348 7 INFO cinder.api.openstack.wsgi [None req-6e9de739-776d-4a6b-be94-e52b2a755f38 3da971a57c894743aca3dfa9d921251e da1fad4851004b72a7f93f7c9baf2f0d - - default default] http://cinder-api.openstack.svc.cluster.local:8776/v3/da1fad4851004b72a7f93f7c9baf2f0d/os-quota-sets/6f46a5325f1f44ff91b32903764e0f9c?usage=true returned with HTTP 200 [pid: 7|app: 0|req: 465/954] 10.0.0.143 () {28 vars in 736 bytes} [Fri Jul 24 06:00:40 2026] GET /v3/da1fad4851004b72a7f93f7c9baf2f0d/os-quota-sets/6f46a5325f1f44ff91b32903764e0f9c?usage=true => generated 847 bytes in 36 msecs (HTTP/1.1 200) 7 headers in 285 bytes (1 switches on core 0)
2026-07-24 06:00:40.362 8 INFO cinder.api.openstack.wsgi [None req-9332e88c-286d-449d-8f3b-142b0bcba4a9 3da971a57c894743aca3dfa9d921251e da1fad4851004b72a7f93f7c9baf2f0d - - default default] GET http://cinder-api.openstack.svc.cluster.local:8776/v3/da1fad4851004b72a7f93f7c9baf2f0d/os-quota-sets/be7e71fd07bf47989c3856dad1256a28?usage=true
2026-07-24 06:00:40.382 8 INFO cinder.api.openstack.wsgi [None req-9332e88c-286d-449d-8f3b-142b0bcba4a9 3da971a57c894743aca3dfa9d921251e da1fad4851004b72a7f93f7c9baf2f0d - - default default] http://cinder-api.openstack.svc.cluster.local:8776/v3/da1fad4851004b72a7f93f7c9baf2f0d/os-quota-sets/be7e71fd07bf47989c3856dad1256a28?usage=true returned with HTTP 200 [pid: 8|app: 0|req: 490/955] 10.0.0.143 () {28 vars in 736 bytes} [Fri Jul 24 06:00:40 2026] GET /v3/da1fad4851004b72a7f93f7c9baf2f0d/os-quota-sets/be7e71fd07bf47989c3856dad1256a28?usage=true => generated 847 bytes in 29 msecs (HTTP/1.1 200) 7 headers in 285 bytes (1 switches on core 0)
2026-07-24 06:00:40.393 7 INFO cinder.api.openstack.wsgi [None req-496d31d2-dabb-4e6e-9e16-d64e4584a034 3da971a57c894743aca3dfa9d921251e da1fad4851004b72a7f93f7c9baf2f0d - - default default] GET http://cinder-api.openstack.svc.cluster.local:8776/v3/da1fad4851004b72a7f93f7c9baf2f0d/os-quota-sets/da1fad4851004b72a7f93f7c9baf2f0d?usage=true
2026-07-24 06:00:40.420 7 INFO cinder.api.openstack.wsgi [None req-496d31d2-dabb-4e6e-9e16-d64e4584a034 3da971a57c894743aca3dfa9d921251e da1fad4851004b72a7f93f7c9baf2f0d - - default default] http://cinder-api.openstack.svc.cluster.local:8776/v3/da1fad4851004b72a7f93f7c9baf2f0d/os-quota-sets/da1fad4851004b72a7f93f7c9baf2f0d?usage=true returned with HTTP 200 [pid: 7|app: 0|req: 466/956] 10.0.0.143 () {28 vars in 736 bytes} [Fri Jul 24 06:00:40 2026] GET /v3/da1fad4851004b72a7f93f7c9baf2f0d/os-quota-sets/da1fad4851004b72a7f93f7c9baf2f0d?usage=true => generated 847 bytes in 33 msecs (HTTP/1.1 200) 7 headers in 285 bytes (1 switches on core 0)
2026-07-24 06:00:40.432 8 INFO cinder.api.openstack.wsgi [None req-09ef1b43-9de5-493d-973a-97fc99d24bf7 3da971a57c894743aca3dfa9d921251e da1fad4851004b72a7f93f7c9baf2f0d - - default default] GET http://cinder-api.openstack.svc.cluster.local:8776/v3/da1fad4851004b72a7f93f7c9baf2f0d/os-quota-sets/fdb01a42aca5440c8061fc7f85543e9f?usage=true
2026-07-24 06:00:40.447 8 INFO cinder.api.openstack.wsgi [None req-09ef1b43-9de5-493d-973a-97fc99d24bf7 3da971a57c894743aca3dfa9d921251e da1fad4851004b72a7f93f7c9baf2f0d - - default default] http://cinder-api.openstack.svc.cluster.local:8776/v3/da1fad4851004b72a7f93f7c9baf2f0d/os-quota-sets/fdb01a42aca5440c8061fc7f85543e9f?usage=true returned with HTTP 200 [pid: 8|app: 0|req: 491/957] 10.0.0.143 () {28 vars in 736 bytes} [Fri Jul 24 06:00:40 2026] GET /v3/da1fad4851004b72a7f93f7c9baf2f0d/os-quota-sets/fdb01a42aca5440c8061fc7f85543e9f?usage=true => generated 847 bytes in 23 msecs (HTTP/1.1 200) 7 headers in 285 bytes (1 switches on core 0)
