Apr 06 17:19:28.199995 np0000163544 devstack@neutron-api.service[102098]: DEBUG neutron.api.extensions [None req-2d30bbd8-2850-4beb-befa-cbbaffab5296 None None] get_extension_paths = OrderedDict({'/opt/stack/neutron/neutron/extensions': 1}) {{(pid=102098) get_extensions_path /opt/stack/neutron/neutron/api/extensions.py:640}}
Apr 06 17:19:28.200117 np0000163544 devstack@neutron-api.service[102098]: INFO neutron.api.extensions [None req-2d30bbd8-2850-4beb-befa-cbbaffab5296 None None] Initializing extension manager.
Apr 06 17:19:28.200344 np0000163544 devstack@neutron-api.service[102098]: DEBUG neutron.api.extensions [None req-2d30bbd8-2850-4beb-befa-cbbaffab5296 None None] Loading extension file: __init__.py {{(pid=102098) _load_all_extensions_from_path /opt/stack/neutron/neutron/api/extensions.py:449}}
Apr 06 17:19:28.200449 np0000163544 devstack@neutron-api.service[102098]: DEBUG neutron.api.extensions [None req-2d30bbd8-2850-4beb-befa-cbbaffab5296 None None] Loading extension file: __pycache__ {{(pid=102098) _load_all_extensions_from_path /opt/stack/neutron/neutron/api/extensions.py:449}}
Apr 06 17:19:28.200597 np0000163544 devstack@neutron-api.service[102098]: DEBUG neutron.api.extensions [None req-2d30bbd8-2850-4beb-befa-cbbaffab5296 None None] Loading extension file: address_group.py {{(pid=102098) _load_all_extensions_from_path /opt/stack/neutron/neutron/api/extensions.py:449}}
Apr 06 17:19:28.200851 np0000163544 devstack@neutron-api.service[102098]: DEBUG neutron.api.extensions [None req-2d30bbd8-2850-4beb-befa-cbbaffab5296 None None] Ext name="Address group" alias="address-group" description="Support address group" updated="2020-07-15T10:00:00-00:00" {{(pid=102098) _check_extension /opt/stack/neutron/neutron/api/extensions.py:415}}
Apr 06 17:19:28.201068 np0000163544 devstack@neutron-api.service[102098]: INFO neutron.api.extensions [None req-2d30bbd8-2850-4beb-befa-cbbaffab5296 None None] Loaded extension: address-group
Apr 06 17:19:28.201182 np0000163544 devstack@neutron-api.service[102098]: DEBUG neutron.api.extensions [None req-2d30bbd8-2850-4beb-befa-cbbaffab5296 None None] Loading extension file: address_scope.py {{(pid=102098) _load_all_extensions_from_path /opt/stack/neutron/neutron/api/extensions.py:449}}
Apr 06 17:19:28.201453 np0000163544 devstack@neutron-api.service[102098]: DEBUG neutron.api.extensions [None req-2d30bbd8-2850-4beb-befa-cbbaffab5296 None None] Ext name="Address scope" alias="address-scope" description="Address scopes extension." updated="2015-07-26T10:00:00-00:00" {{(pid=102098) _check_extension /opt/stack/neutron/neutron/api/extensions.py:415}}
Apr 06 17:19:28.201636 np0000163544 devstack@neutron-api.service[102097]: INFO neutron.plugins.ml2.drivers.type_vlan [None req-a349b998-c094-4938-81f3-2fca88a78bdb None None] VlanTypeDriver initialization complete
Apr 06 17:19:28.201876 np0000163544 devstack@neutron-api.service[102098]: INFO neutron.api.extensions [None req-2d30bbd8-2850-4beb-befa-cbbaffab5296 None None] Loaded extension: address-scope
Apr 06 17:19:28.201989 np0000163544 devstack@neutron-api.service[102097]: INFO neutron.plugins.ml2.managers [None req-a349b998-c094-4938-81f3-2fca88a78bdb None None] Initializing extension driver 'port_security'
Apr 06 17:19:28.202125 np0000163544 devstack@neutron-api.service[102098]: DEBUG neutron.api.extensions [None req-2d30bbd8-2850-4beb-befa-cbbaffab5296 None None] Loading extension file: admin_state_down_before_update.py {{(pid=102098) _load_all_extensions_from_path /opt/stack/neutron/neutron/api/extensions.py:449}}
Apr 06 17:19:28.202162 np0000163544 devstack@neutron-api.service[102097]: INFO neutron.plugins.ml2.extensions.port_security [None req-a349b998-c094-4938-81f3-2fca88a78bdb None None] PortSecurityExtensionDriver initialization complete
Apr 06 17:19:28.202162 np0000163544 devstack@neutron-api.service[102097]: INFO neutron.plugins.ml2.managers [None req-a349b998-c094-4938-81f3-2fca88a78bdb None None] Initializing extension driver 'qos'
Apr 06 17:19:28.202221 np0000163544 devstack@neutron-api.service[102098]: DEBUG neutron.api.extensions [None req-2d30bbd8-2850-4beb-befa-cbbaffab5296 None None] Ext name="Enforce Router's Admin State Down Before Update Extension" alias="router-admin-state-down-before-update" description="Ensure that the admin state of a router is DOWN (admin_state_up=False) before updating the distributed attribute" updated="2019-07-02T15:56:00" {{(pid=102098) _check_extension /opt/stack/neutron/neutron/api/extensions.py:415}}
Apr 06 17:19:28.202308 np0000163544 devstack@neutron-api.service[102097]: DEBUG neutron.plugins.ml2.extensions.qos [None req-a349b998-c094-4938-81f3-2fca88a78bdb None None] QosExtensionDriver initialization complete {{(pid=102097) initialize /opt/stack/neutron/neutron/plugins/ml2/extensions/qos.py:31}}
Apr 06 17:19:28.202308 np0000163544 devstack@neutron-api.service[102097]: INFO neutron.plugins.ml2.managers [None req-a349b998-c094-4938-81f3-2fca88a78bdb None None] Initializing mechanism driver 'ovn'
Apr 06 17:19:28.202437 np0000163544 devstack@neutron-api.service[102098]: INFO neutron.api.extensions [None req-2d30bbd8-2850-4beb-befa-cbbaffab5296 None None] Extension router-admin-state-down-before-update not supported by any of loaded plugins
Apr 06 17:19:28.202472 np0000163544 devstack@neutron-api.service[102097]: INFO neutron.plugins.ml2.drivers.ovn.mech_driver.mech_driver [None req-a349b998-c094-4938-81f3-2fca88a78bdb None None] Starting OVNMechanismDriver
Apr 06 17:19:28.202504 np0000163544 devstack@neutron-api.service[102098]: DEBUG neutron.api.extensions [None req-2d30bbd8-2850-4beb-befa-cbbaffab5296 None None] Loading extension file: agent.py {{(pid=102098) _load_all_extensions_from_path /opt/stack/neutron/neutron/api/extensions.py:449}}
Apr 06 17:19:28.202543 np0000163544 devstack@neutron-api.service[102098]: DEBUG neutron.api.extensions [None req-2d30bbd8-2850-4beb-befa-cbbaffab5296 None None] Ext name="agent" alias="agent" description="The agent management extension." updated="2013-02-03T10:00:00-00:00" {{(pid=102098) _check_extension /opt/stack/neutron/neutron/api/extensions.py:415}}
Apr 06 17:19:28.202746 np0000163544 devstack@neutron-api.service[102098]: INFO neutron.api.extensions [None req-2d30bbd8-2850-4beb-befa-cbbaffab5296 None None] Loaded extension: agent
Apr 06 17:19:28.202825 np0000163544 devstack@neutron-api.service[102098]: DEBUG neutron.api.extensions [None req-2d30bbd8-2850-4beb-befa-cbbaffab5296 None None] Loading extension file: agent_resources_synced.py {{(pid=102098) _load_all_extensions_from_path /opt/stack/neutron/neutron/api/extensions.py:449}}
Apr 06 17:19:28.203093 np0000163544 devstack@neutron-api.service[102098]: DEBUG neutron.api.extensions [None req-2d30bbd8-2850-4beb-befa-cbbaffab5296 None None] Ext name="Agent's Resource View Synced to Placement" alias="agent-resources-synced" description="Stores success/failure of last sync to Placement" updated="2018-12-19T00:00:00-00:00" {{(pid=102098) _check_extension /opt/stack/neutron/neutron/api/extensions.py:415}}
Apr 06 17:19:28.203310 np0000163544 devstack@neutron-api.service[102098]: INFO neutron.api.extensions [None req-2d30bbd8-2850-4beb-befa-cbbaffab5296 None None] Extension agent-resources-synced not supported by any of loaded plugins
Apr 06 17:19:28.203310 np0000163544 devstack@neutron-api.service[102098]: DEBUG neutron.api.extensions [None req-2d30bbd8-2850-4beb-befa-cbbaffab5296 None None] Loading extension file: allowedaddresspairs.py {{(pid=102098) _load_all_extensions_from_path /opt/stack/neutron/neutron/api/extensions.py:449}}
Apr 06 17:19:28.203772 np0000163544 devstack@neutron-api.service[102097]: DEBUG neutron_lib.callbacks.manager [None req-a349b998-c094-4938-81f3-2fca88a78bdb None None] Subscribe: > process before_spawn 55550000, False {{(pid=102097) subscribe /opt/stack/data/venv/lib/python3.12/site-packages/neutron_lib/callbacks/manager.py:52}}
Apr 06 17:19:28.203899 np0000163544 devstack@neutron-api.service[102097]: DEBUG neutron_lib.callbacks.manager [None req-a349b998-c094-4938-81f3-2fca88a78bdb None None] Subscribe: > process after_init 55550000, True {{(pid=102097) subscribe /opt/stack/data/venv/lib/python3.12/site-packages/neutron_lib/callbacks/manager.py:52}}
Apr 06 17:19:28.204057 np0000163544 devstack@neutron-api.service[102097]: DEBUG neutron_lib.callbacks.manager [None req-a349b998-c094-4938-81f3-2fca88a78bdb None None] Subscribe: > segment after_create 55550000, False {{(pid=102097) subscribe /opt/stack/data/venv/lib/python3.12/site-packages/neutron_lib/callbacks/manager.py:52}}
Apr 06 17:19:28.204197 np0000163544 devstack@neutron-api.service[102098]: DEBUG neutron.api.extensions [None req-2d30bbd8-2850-4beb-befa-cbbaffab5296 None None] Ext name="Allowed Address Pairs" alias="allowed-address-pairs" description="Provides allowed address pairs" updated="2013-07-23T10:00:00-00:00" {{(pid=102098) _check_extension /opt/stack/neutron/neutron/api/extensions.py:415}}
Apr 06 17:19:28.204377 np0000163544 devstack@neutron-api.service[102097]: DEBUG neutron_lib.callbacks.manager [None req-a349b998-c094-4938-81f3-2fca88a78bdb None None] Subscribe: > segment after_create 55550000, False {{(pid=102097) subscribe /opt/stack/data/venv/lib/python3.12/site-packages/neutron_lib/callbacks/manager.py:52}}
Apr 06 17:19:28.204377 np0000163544 devstack@neutron-api.service[102097]: DEBUG neutron_lib.callbacks.manager [None req-a349b998-c094-4938-81f3-2fca88a78bdb None None] Subscribe: > segment after_delete 55550000, False {{(pid=102097) subscribe /opt/stack/data/venv/lib/python3.12/site-packages/neutron_lib/callbacks/manager.py:52}}
Apr 06 17:19:28.204443 np0000163544 devstack@neutron-api.service[102098]: INFO neutron.api.extensions [None req-2d30bbd8-2850-4beb-befa-cbbaffab5296 None None] Loaded extension: allowed-address-pairs
Apr 06 17:19:28.204443 np0000163544 devstack@neutron-api.service[102098]: DEBUG neutron.api.extensions [None req-2d30bbd8-2850-4beb-befa-cbbaffab5296 None None] Loading extension file: auto_allocated_topology.py {{(pid=102098) _load_all_extensions_from_path /opt/stack/neutron/neutron/api/extensions.py:449}}
Apr 06 17:19:28.204557 np0000163544 devstack@neutron-api.service[102097]: DEBUG neutron_lib.callbacks.manager [None req-a349b998-c094-4938-81f3-2fca88a78bdb None None] Subscribe: > allowed_address_pair before_create 55550000, False {{(pid=102097) subscribe /opt/stack/data/venv/lib/python3.12/site-packages/neutron_lib/callbacks/manager.py:52}}
Apr 06 17:19:28.204557 np0000163544 devstack@neutron-api.service[102097]: DEBUG neutron_lib.callbacks.manager [None req-a349b998-c094-4938-81f3-2fca88a78bdb None None] Subscribe: > security_group precommit_create 55550000, False {{(pid=102097) subscribe /opt/stack/data/venv/lib/python3.12/site-packages/neutron_lib/callbacks/manager.py:52}}
Apr 06 17:19:28.204557 np0000163544 devstack@neutron-api.service[102097]: DEBUG neutron_lib.callbacks.manager [None req-a349b998-c094-4938-81f3-2fca88a78bdb None None] Subscribe: > security_group after_update 55550000, False {{(pid=102097) subscribe /opt/stack/data/venv/lib/python3.12/site-packages/neutron_lib/callbacks/manager.py:52}}
Apr 06 17:19:28.204740 np0000163544 devstack@neutron-api.service[102098]: DEBUG neutron.api.extensions [None req-2d30bbd8-2850-4beb-befa-cbbaffab5296 None None] Ext name="Auto Allocated Topology Services" alias="auto-allocated-topology" description="Auto Allocated Topology Services." updated="2016-01-01T00:00:00-00:00" {{(pid=102098) _check_extension /opt/stack/neutron/neutron/api/extensions.py:415}}
Apr 06 17:19:28.204777 np0000163544 devstack@neutron-api.service[102097]: DEBUG neutron_lib.callbacks.manager [None req-a349b998-c094-4938-81f3-2fca88a78bdb None None] Subscribe: > security_group after_create 55550000, False {{(pid=102097) subscribe /opt/stack/data/venv/lib/python3.12/site-packages/neutron_lib/callbacks/manager.py:52}}
Apr 06 17:19:28.204777 np0000163544 devstack@neutron-api.service[102097]: DEBUG neutron_lib.callbacks.manager [None req-a349b998-c094-4938-81f3-2fca88a78bdb None None] Subscribe: > security_group precommit_delete 55550000, False {{(pid=102097) subscribe /opt/stack/data/venv/lib/python3.12/site-packages/neutron_lib/callbacks/manager.py:52}}
Apr 06 17:19:28.204860 np0000163544 devstack@neutron-api.service[102098]: INFO neutron.api.extensions [None req-2d30bbd8-2850-4beb-befa-cbbaffab5296 None None] Loaded extension: auto-allocated-topology
Apr 06 17:19:28.204860 np0000163544 devstack@neutron-api.service[102098]: DEBUG neutron.api.extensions [None req-2d30bbd8-2850-4beb-befa-cbbaffab5296 None None] Loading extension file: availability_zone.py {{(pid=102098) _load_all_extensions_from_path /opt/stack/neutron/neutron/api/extensions.py:449}}
Apr 06 17:19:28.204994 np0000163544 devstack@neutron-api.service[102097]: DEBUG neutron_lib.callbacks.manager [None req-a349b998-c094-4938-81f3-2fca88a78bdb None None] Subscribe: > security_group after_delete 55550000, False {{(pid=102097) subscribe /opt/stack/data/venv/lib/python3.12/site-packages/neutron_lib/callbacks/manager.py:52}}
Apr 06 17:19:28.204994 np0000163544 devstack@neutron-api.service[102097]: DEBUG neutron_lib.callbacks.manager [None req-a349b998-c094-4938-81f3-2fca88a78bdb None None] Subscribe: > security_group_rule precommit_create 55550000, False {{(pid=102097) subscribe /opt/stack/data/venv/lib/python3.12/site-packages/neutron_lib/callbacks/manager.py:52}}
Apr 06 17:19:28.205199 np0000163544 devstack@neutron-api.service[102098]: DEBUG neutron.api.extensions [None req-2d30bbd8-2850-4beb-befa-cbbaffab5296 None None] Ext name="Availability Zone" alias="availability_zone" description="The availability zone extension." updated="2015-01-01T10:00:00-00:00" {{(pid=102098) _check_extension /opt/stack/neutron/neutron/api/extensions.py:415}}
Apr 06 17:19:28.205310 np0000163544 devstack@neutron-api.service[102097]: DEBUG neutron_lib.callbacks.manager [None req-a349b998-c094-4938-81f3-2fca88a78bdb None None] Subscribe: > security_group_rule after_create 55550000, False {{(pid=102097) subscribe /opt/stack/data/venv/lib/python3.12/site-packages/neutron_lib/callbacks/manager.py:52}}
Apr 06 17:19:28.205310 np0000163544 devstack@neutron-api.service[102097]: DEBUG neutron_lib.callbacks.manager [None req-a349b998-c094-4938-81f3-2fca88a78bdb None None] Subscribe: > security_group_rule before_delete 55550000, False {{(pid=102097) subscribe /opt/stack/data/venv/lib/python3.12/site-packages/neutron_lib/callbacks/manager.py:52}}
Apr 06 17:19:28.205384 np0000163544 devstack@neutron-api.service[102098]: INFO neutron.api.extensions [None req-2d30bbd8-2850-4beb-befa-cbbaffab5296 None None] Loaded extension: availability_zone
Apr 06 17:19:28.205543 np0000163544 devstack@neutron-api.service[102097]: DEBUG neutron_lib.callbacks.manager [None req-a349b998-c094-4938-81f3-2fca88a78bdb None None] Subscribe: > address_group after_create 55550000, False {{(pid=102097) subscribe /opt/stack/data/venv/lib/python3.12/site-packages/neutron_lib/callbacks/manager.py:52}}
Apr 06 17:19:28.205663 np0000163544 devstack@neutron-api.service[102098]: DEBUG neutron.api.extensions [None req-2d30bbd8-2850-4beb-befa-cbbaffab5296 None None] Loading extension file: availability_zone_filter.py {{(pid=102098) _load_all_extensions_from_path /opt/stack/neutron/neutron/api/extensions.py:449}}
Apr 06 17:19:28.205802 np0000163544 devstack@neutron-api.service[102097]: DEBUG neutron_lib.callbacks.manager [None req-a349b998-c094-4938-81f3-2fca88a78bdb None None] Subscribe: > address_group after_update 55550000, False {{(pid=102097) subscribe /opt/stack/data/venv/lib/python3.12/site-packages/neutron_lib/callbacks/manager.py:52}}
Apr 06 17:19:28.205802 np0000163544 devstack@neutron-api.service[102097]: DEBUG neutron_lib.callbacks.manager [None req-a349b998-c094-4938-81f3-2fca88a78bdb None None] Subscribe: > address_group after_delete 55550000, False {{(pid=102097) subscribe /opt/stack/data/venv/lib/python3.12/site-packages/neutron_lib/callbacks/manager.py:52}}
Apr 06 17:19:28.205940 np0000163544 devstack@neutron-api.service[102098]: DEBUG neutron.api.extensions [None req-2d30bbd8-2850-4beb-befa-cbbaffab5296 None None] Ext name="Availability Zone Filter Extension" alias="availability_zone_filter" description="Add filter parameters to AvailabilityZone resource" updated="2018-06-22T10:00:00-00:00" {{(pid=102098) _check_extension /opt/stack/neutron/neutron/api/extensions.py:415}}
Apr 06 17:19:28.206016 np0000163544 devstack@neutron-api.service[102097]: DEBUG neutron_lib.callbacks.manager [None req-a349b998-c094-4938-81f3-2fca88a78bdb None None] Subscribe: > qos_plugin after_init 55550000, False {{(pid=102097) subscribe /opt/stack/data/venv/lib/python3.12/site-packages/neutron_lib/callbacks/manager.py:52}}
Apr 06 17:19:28.206052 np0000163544 devstack@neutron-api.service[102098]: INFO neutron.api.extensions [None req-2d30bbd8-2850-4beb-befa-cbbaffab5296 None None] Extension availability_zone_filter not supported by any of loaded plugins
Apr 06 17:19:28.206111 np0000163544 devstack@neutron-api.service[102097]: DEBUG neutron_lib.callbacks.manager [None req-a349b998-c094-4938-81f3-2fca88a78bdb None None] Subscribe: > trunk_plugin after_init 55550000, False {{(pid=102097) subscribe /opt/stack/data/venv/lib/python3.12/site-packages/neutron_lib/callbacks/manager.py:52}}
Apr 06 17:19:28.206188 np0000163544 devstack@neutron-api.service[102098]: DEBUG neutron.api.extensions [None req-2d30bbd8-2850-4beb-befa-cbbaffab5296 None None] Loading extension file: data_plane_status.py {{(pid=102098) _load_all_extensions_from_path /opt/stack/neutron/neutron/api/extensions.py:449}}
Apr 06 17:19:28.206257 np0000163544 devstack@neutron-api.service[102097]: DEBUG neutron_lib.callbacks.manager [None req-a349b998-c094-4938-81f3-2fca88a78bdb None None] Subscribe: > logging-plugin after_init 55550000, False {{(pid=102097) subscribe /opt/stack/data/venv/lib/python3.12/site-packages/neutron_lib/callbacks/manager.py:52}}
Apr 06 17:19:28.206299 np0000163544 devstack@neutron-api.service[102098]: DEBUG neutron.api.extensions [None req-2d30bbd8-2850-4beb-befa-cbbaffab5296 None None] Ext name="Port data plane status extension" alias="data-plane-status" description="Expose status of underlying data plane" updated="2017-01-24T10:00:00-00:00" {{(pid=102098) _check_extension /opt/stack/neutron/neutron/api/extensions.py:415}}
Apr 06 17:19:28.206299 np0000163544 devstack@neutron-api.service[102098]: INFO neutron.api.extensions [None req-2d30bbd8-2850-4beb-befa-cbbaffab5296 None None] Extension data-plane-status not supported by any of loaded plugins
Apr 06 17:19:28.206364 np0000163544 devstack@neutron-api.service[102098]: DEBUG neutron.api.extensions [None req-2d30bbd8-2850-4beb-befa-cbbaffab5296 None None] Loading extension file: default_subnetpools.py {{(pid=102098) _load_all_extensions_from_path /opt/stack/neutron/neutron/api/extensions.py:449}}
Apr 06 17:19:28.206564 np0000163544 devstack@neutron-api.service[102097]: INFO neutron.services.logapi.drivers.ovn.driver [None req-a349b998-c094-4938-81f3-2fca88a78bdb None None] OVN logging driver registered
Apr 06 17:19:28.206606 np0000163544 devstack@neutron-api.service[102098]: DEBUG neutron.api.extensions [None req-2d30bbd8-2850-4beb-befa-cbbaffab5296 None None] Ext name="Default Subnetpools" alias="default-subnetpools" description="Provides ability to mark and use a subnetpool as the default." updated="2016-02-18T18:00:00-00:00" {{(pid=102098) _check_extension /opt/stack/neutron/neutron/api/extensions.py:415}}
Apr 06 17:19:28.206862 np0000163544 devstack@neutron-api.service[102098]: INFO neutron.api.extensions [None req-2d30bbd8-2850-4beb-befa-cbbaffab5296 None None] Loaded extension: default-subnetpools
Apr 06 17:19:28.206862 np0000163544 devstack@neutron-api.service[102098]: DEBUG neutron.api.extensions [None req-2d30bbd8-2850-4beb-befa-cbbaffab5296 None None] Loading extension file: dhcpagentscheduler.py {{(pid=102098) _load_all_extensions_from_path /opt/stack/neutron/neutron/api/extensions.py:449}}
Apr 06 17:19:28.207250 np0000163544 devstack@neutron-api.service[102098]: DEBUG neutron.api.extensions [None req-2d30bbd8-2850-4beb-befa-cbbaffab5296 None None] Ext name="DHCP Agent Scheduler" alias="dhcp_agent_scheduler" description="Schedule networks among dhcp agents" updated="2013-02-07T10:00:00-00:00" {{(pid=102098) _check_extension /opt/stack/neutron/neutron/api/extensions.py:415}}
Apr 06 17:19:28.207391 np0000163544 devstack@neutron-api.service[102098]: INFO neutron.api.extensions [None req-2d30bbd8-2850-4beb-befa-cbbaffab5296 None None] Loaded extension: dhcp_agent_scheduler
Apr 06 17:19:28.207492 np0000163544 devstack@neutron-api.service[102098]: DEBUG neutron.api.extensions [None req-2d30bbd8-2850-4beb-befa-cbbaffab5296 None None] Loading extension file: dns.py {{(pid=102098) _load_all_extensions_from_path /opt/stack/neutron/neutron/api/extensions.py:449}}
Apr 06 17:19:28.207723 np0000163544 devstack@neutron-api.service[102098]: DEBUG neutron.api.extensions [None req-2d30bbd8-2850-4beb-befa-cbbaffab5296 None None] Ext name="DNS Integration" alias="dns-integration" description="Provides integration with DNS." updated="2015-08-15T18:00:00-00:00" {{(pid=102098) _check_extension /opt/stack/neutron/neutron/api/extensions.py:415}}
Apr 06 17:19:28.207944 np0000163544 devstack@neutron-api.service[102098]: INFO neutron.api.extensions [None req-2d30bbd8-2850-4beb-befa-cbbaffab5296 None None] Loaded extension: dns-integration
Apr 06 17:19:28.207981 np0000163544 devstack@neutron-api.service[102098]: DEBUG neutron.api.extensions [None req-2d30bbd8-2850-4beb-befa-cbbaffab5296 None None] Loading extension file: dns_domain_ports.py {{(pid=102098) _load_all_extensions_from_path /opt/stack/neutron/neutron/api/extensions.py:449}}
Apr 06 17:19:28.208015 np0000163544 devstack@neutron-api.service[102097]: DEBUG neutron.plugins.ml2.plugin [None req-a349b998-c094-4938-81f3-2fca88a78bdb None None] neutron.plugins.ml2.plugin.Ml2Plugin method _start_rpc_notifiers called with arguments () {} {{(pid=102097) wrapper /opt/stack/data/venv/lib/python3.12/site-packages/oslo_log/helpers.py:77}}
Apr 06 17:19:28.208205 np0000163544 devstack@neutron-api.service[102098]: DEBUG neutron.api.extensions [None req-2d30bbd8-2850-4beb-befa-cbbaffab5296 None None] Ext name="dns_domain for ports" alias="dns-domain-ports" description="Allows the DNS domain to be specified for a network port." updated="2017-04-24T10:00:00-00:00" {{(pid=102098) _check_extension /opt/stack/neutron/neutron/api/extensions.py:415}}
Apr 06 17:19:28.208268 np0000163544 devstack@neutron-api.service[102097]: DEBUG neutron_lib.callbacks.manager [None req-a349b998-c094-4938-81f3-2fca88a78bdb None None] Subscribe: > port after_create 55550000, False {{(pid=102097) subscribe /opt/stack/data/venv/lib/python3.12/site-packages/neutron_lib/callbacks/manager.py:52}}
Apr 06 17:19:28.208377 np0000163544 devstack@neutron-api.service[102098]: INFO neutron.api.extensions [None req-2d30bbd8-2850-4beb-befa-cbbaffab5296 None None] Loaded extension: dns-domain-ports
Apr 06 17:19:28.208413 np0000163544 devstack@neutron-api.service[102097]: DEBUG neutron_lib.callbacks.manager [None req-a349b998-c094-4938-81f3-2fca88a78bdb None None] Subscribe: > port after_update 55550000, False {{(pid=102097) subscribe /opt/stack/data/venv/lib/python3.12/site-packages/neutron_lib/callbacks/manager.py:52}}
Apr 06 17:19:28.208468 np0000163544 devstack@neutron-api.service[102098]: DEBUG neutron.api.extensions [None req-2d30bbd8-2850-4beb-befa-cbbaffab5296 None None] Loading extension file: dns_integration_domain_keywords.py {{(pid=102098) _load_all_extensions_from_path /opt/stack/neutron/neutron/api/extensions.py:449}}
Apr 06 17:19:28.208504 np0000163544 devstack@neutron-api.service[102097]: DEBUG neutron_lib.callbacks.manager [None req-a349b998-c094-4938-81f3-2fca88a78bdb None None] Subscribe: > port after_delete 55550000, False {{(pid=102097) subscribe /opt/stack/data/venv/lib/python3.12/site-packages/neutron_lib/callbacks/manager.py:52}}
Apr 06 17:19:28.208590 np0000163544 devstack@neutron-api.service[102097]: DEBUG neutron_lib.callbacks.manager [None req-a349b998-c094-4938-81f3-2fca88a78bdb None None] Subscribe: > subnet after_create 55550000, False {{(pid=102097) subscribe /opt/stack/data/venv/lib/python3.12/site-packages/neutron_lib/callbacks/manager.py:52}}
Apr 06 17:19:28.208707 np0000163544 devstack@neutron-api.service[102097]: DEBUG neutron_lib.callbacks.manager [None req-a349b998-c094-4938-81f3-2fca88a78bdb None None] Subscribe: > subnet after_update 55550000, False {{(pid=102097) subscribe /opt/stack/data/venv/lib/python3.12/site-packages/neutron_lib/callbacks/manager.py:52}}
Apr 06 17:19:28.208744 np0000163544 devstack@neutron-api.service[102098]: DEBUG neutron.api.extensions [None req-2d30bbd8-2850-4beb-befa-cbbaffab5296 None None] Ext name="DNS domain names with keywords allowed" alias="dns-integration-domain-keywords" description="Allows to use keywords like , , and as DNS domain name" updated="2020-06-15T18:00:00-00:00" {{(pid=102098) _check_extension /opt/stack/neutron/neutron/api/extensions.py:415}}
Apr 06 17:19:28.208833 np0000163544 devstack@neutron-api.service[102097]: DEBUG neutron_lib.callbacks.manager [None req-a349b998-c094-4938-81f3-2fca88a78bdb None None] Subscribe: > subnet after_delete 55550000, False {{(pid=102097) subscribe /opt/stack/data/venv/lib/python3.12/site-packages/neutron_lib/callbacks/manager.py:52}}
Apr 06 17:19:28.208886 np0000163544 devstack@neutron-api.service[102098]: INFO neutron.api.extensions [None req-2d30bbd8-2850-4beb-befa-cbbaffab5296 None None] Loaded extension: dns-integration-domain-keywords
Apr 06 17:19:28.208927 np0000163544 devstack@neutron-api.service[102097]: DEBUG neutron_lib.callbacks.manager [None req-a349b998-c094-4938-81f3-2fca88a78bdb None None] Subscribe: > network after_create 55550000, False {{(pid=102097) subscribe /opt/stack/data/venv/lib/python3.12/site-packages/neutron_lib/callbacks/manager.py:52}}
Apr 06 17:19:28.209115 np0000163544 devstack@neutron-api.service[102098]: DEBUG neutron.api.extensions [None req-2d30bbd8-2850-4beb-befa-cbbaffab5296 None None] Loading extension file: dvr.py {{(pid=102098) _load_all_extensions_from_path /opt/stack/neutron/neutron/api/extensions.py:449}}
Apr 06 17:19:28.209151 np0000163544 devstack@neutron-api.service[102097]: DEBUG neutron_lib.callbacks.manager [None req-a349b998-c094-4938-81f3-2fca88a78bdb None None] Subscribe: > network after_update 55550000, False {{(pid=102097) subscribe /opt/stack/data/venv/lib/python3.12/site-packages/neutron_lib/callbacks/manager.py:52}}
Apr 06 17:19:28.209151 np0000163544 devstack@neutron-api.service[102097]: DEBUG neutron_lib.callbacks.manager [None req-a349b998-c094-4938-81f3-2fca88a78bdb None None] Subscribe: > network after_delete 55550000, False {{(pid=102097) subscribe /opt/stack/data/venv/lib/python3.12/site-packages/neutron_lib/callbacks/manager.py:52}}
Apr 06 17:19:28.209229 np0000163544 devstack@neutron-api.service[102097]: DEBUG neutron_lib.callbacks.manager [None req-a349b998-c094-4938-81f3-2fca88a78bdb None None] Subscribe: > security_group after_create 55550000, False {{(pid=102097) subscribe /opt/stack/data/venv/lib/python3.12/site-packages/neutron_lib/callbacks/manager.py:52}}
Apr 06 17:19:28.209306 np0000163544 devstack@neutron-api.service[102098]: DEBUG neutron.api.extensions [None req-2d30bbd8-2850-4beb-befa-cbbaffab5296 None None] Ext name="Distributed Virtual Router" alias="dvr" description="Enables configuration of Distributed Virtual Routers." updated="2014-06-1T10:00:00-00:00" {{(pid=102098) _check_extension /opt/stack/neutron/neutron/api/extensions.py:415}}
Apr 06 17:19:28.209379 np0000163544 devstack@neutron-api.service[102097]: DEBUG neutron_lib.callbacks.manager [None req-a349b998-c094-4938-81f3-2fca88a78bdb None None] Subscribe: > security_group after_update 55550000, False {{(pid=102097) subscribe /opt/stack/data/venv/lib/python3.12/site-packages/neutron_lib/callbacks/manager.py:52}}
Apr 06 17:19:28.209379 np0000163544 devstack@neutron-api.service[102097]: DEBUG neutron_lib.callbacks.manager [None req-a349b998-c094-4938-81f3-2fca88a78bdb None None] Subscribe: > security_group after_delete 55550000, False {{(pid=102097) subscribe /opt/stack/data/venv/lib/python3.12/site-packages/neutron_lib/callbacks/manager.py:52}}
Apr 06 17:19:28.209491 np0000163544 devstack@neutron-api.service[102098]: INFO neutron.api.extensions [None req-2d30bbd8-2850-4beb-befa-cbbaffab5296 None None] Extension dvr not supported by any of loaded plugins
Apr 06 17:19:28.209524 np0000163544 devstack@neutron-api.service[102097]: DEBUG neutron_lib.callbacks.manager [None req-a349b998-c094-4938-81f3-2fca88a78bdb None None] Subscribe: > security_group_rule after_create 55550000, False {{(pid=102097) subscribe /opt/stack/data/venv/lib/python3.12/site-packages/neutron_lib/callbacks/manager.py:52}}
Apr 06 17:19:28.209566 np0000163544 devstack@neutron-api.service[102098]: DEBUG neutron.api.extensions [None req-2d30bbd8-2850-4beb-befa-cbbaffab5296 None None] Loading extension file: ecmp_routes.py {{(pid=102098) _load_all_extensions_from_path /opt/stack/neutron/neutron/api/extensions.py:449}}
Apr 06 17:19:28.209640 np0000163544 devstack@neutron-api.service[102097]: DEBUG neutron_lib.callbacks.manager [None req-a349b998-c094-4938-81f3-2fca88a78bdb None None] Subscribe: > security_group_rule after_update 55550000, False {{(pid=102097) subscribe /opt/stack/data/venv/lib/python3.12/site-packages/neutron_lib/callbacks/manager.py:52}}
Apr 06 17:19:28.209676 np0000163544 devstack@neutron-api.service[102097]: DEBUG neutron_lib.callbacks.manager [None req-a349b998-c094-4938-81f3-2fca88a78bdb None None] Subscribe: > security_group_rule after_delete 55550000, False {{(pid=102097) subscribe /opt/stack/data/venv/lib/python3.12/site-packages/neutron_lib/callbacks/manager.py:52}}
Apr 06 17:19:28.209805 np0000163544 devstack@neutron-api.service[102098]: DEBUG neutron.api.extensions [None req-2d30bbd8-2850-4beb-befa-cbbaffab5296 None None] Ext name="Equal Cost Multipath Routing" alias="ecmp_routes" description="Allows traffic to reach thesame destination via multiple different links " updated="2020-11-26T18:00:00-00:00" {{(pid=102098) _check_extension /opt/stack/neutron/neutron/api/extensions.py:415}}
Apr 06 17:19:28.209838 np0000163544 devstack@neutron-api.service[102097]: DEBUG neutron_lib.callbacks.manager [None req-a349b998-c094-4938-81f3-2fca88a78bdb None None] Subscribe: > address_group after_create 55550000, False {{(pid=102097) subscribe /opt/stack/data/venv/lib/python3.12/site-packages/neutron_lib/callbacks/manager.py:52}}
Apr 06 17:19:28.209873 np0000163544 devstack@neutron-api.service[102097]: DEBUG neutron_lib.callbacks.manager [None req-a349b998-c094-4938-81f3-2fca88a78bdb None None] Subscribe: > address_group after_update 55550000, False {{(pid=102097) subscribe /opt/stack/data/venv/lib/python3.12/site-packages/neutron_lib/callbacks/manager.py:52}}
Apr 06 17:19:28.209913 np0000163544 devstack@neutron-api.service[102098]: INFO neutron.api.extensions [None req-2d30bbd8-2850-4beb-befa-cbbaffab5296 None None] Extension ecmp_routes not supported by any of loaded plugins
Apr 06 17:19:28.209984 np0000163544 devstack@neutron-api.service[102098]: DEBUG neutron.api.extensions [None req-2d30bbd8-2850-4beb-befa-cbbaffab5296 None None] Loading extension file: empty_string_filtering.py {{(pid=102098) _load_all_extensions_from_path /opt/stack/neutron/neutron/api/extensions.py:449}}
Apr 06 17:19:28.210024 np0000163544 devstack@neutron-api.service[102097]: DEBUG neutron_lib.callbacks.manager [None req-a349b998-c094-4938-81f3-2fca88a78bdb None None] Subscribe: > address_group after_delete 55550000, False {{(pid=102097) subscribe /opt/stack/data/venv/lib/python3.12/site-packages/neutron_lib/callbacks/manager.py:52}}
Apr 06 17:19:28.210059 np0000163544 devstack@neutron-api.service[102097]: DEBUG neutron.plugins.ml2.ovo_rpc [None req-a349b998-c094-4938-81f3-2fca88a78bdb None None] ML2 OVO RPC backend initialized. {{(pid=102097) __init__ /opt/stack/neutron/neutron/plugins/ml2/ovo_rpc.py:117}}
Apr 06 17:19:28.210199 np0000163544 devstack@neutron-api.service[102098]: DEBUG neutron.api.extensions [None req-2d30bbd8-2850-4beb-befa-cbbaffab5296 None None] Ext name="Empty String Filtering Extension" alias="empty-string-filtering" description="Allow filtering by attributes with empty string value" updated="2018-05-01T10:00:00-00:00" {{(pid=102098) _check_extension /opt/stack/neutron/neutron/api/extensions.py:415}}
Apr 06 17:19:28.210374 np0000163544 devstack@neutron-api.service[102098]: INFO neutron.api.extensions [None req-2d30bbd8-2850-4beb-befa-cbbaffab5296 None None] Loaded extension: empty-string-filtering
Apr 06 17:19:28.210483 np0000163544 devstack@neutron-api.service[102098]: DEBUG neutron.api.extensions [None req-2d30bbd8-2850-4beb-befa-cbbaffab5296 None None] Loading extension file: expose_l3_conntrack_helper.py {{(pid=102098) _load_all_extensions_from_path /opt/stack/neutron/neutron/api/extensions.py:449}}
Apr 06 17:19:28.210738 np0000163544 devstack@neutron-api.service[102098]: DEBUG neutron.api.extensions [None req-2d30bbd8-2850-4beb-befa-cbbaffab5296 None None] Ext name="Expose CT target rules for conntrack helper" alias="expose-l3-conntrack-helper" description="Expose allow adding CT target rules for conntrack helper" updated="2019-04-04T10:00:00-00:00" {{(pid=102098) _check_extension /opt/stack/neutron/neutron/api/extensions.py:415}}
Apr 06 17:19:28.210874 np0000163544 devstack@neutron-api.service[102098]: INFO neutron.api.extensions [None req-2d30bbd8-2850-4beb-befa-cbbaffab5296 None None] Extension expose-l3-conntrack-helper not supported by any of loaded plugins
Apr 06 17:19:28.210909 np0000163544 devstack@neutron-api.service[102097]: INFO neutron.quota [None req-a349b998-c094-4938-81f3-2fca88a78bdb None None] Loaded quota_driver: .
Apr 06 17:19:28.210989 np0000163544 devstack@neutron-api.service[102098]: DEBUG neutron.api.extensions [None req-2d30bbd8-2850-4beb-befa-cbbaffab5296 None None] Loading extension file: expose_port_forwarding_in_fip.py {{(pid=102098) _load_all_extensions_from_path /opt/stack/neutron/neutron/api/extensions.py:449}}
Apr 06 17:19:28.211024 np0000163544 devstack@neutron-api.service[102097]: INFO neutron.plugins.ml2.plugin [None req-a349b998-c094-4938-81f3-2fca88a78bdb None None] Modular L2 Plugin initialization complete
Apr 06 17:19:28.211166 np0000163544 devstack@neutron-api.service[102097]: DEBUG neutron.manager [None req-a349b998-c094-4938-81f3-2fca88a78bdb None None] Loading services supported by the core plugin {{(pid=102097) _load_services_from_core_plugin /opt/stack/neutron/neutron/manager.py:170}}
Apr 06 17:19:28.211207 np0000163544 devstack@neutron-api.service[102098]: DEBUG neutron.api.extensions [None req-2d30bbd8-2850-4beb-befa-cbbaffab5296 None None] Ext name="Expose Floating IP port forwardings" alias="expose-port-forwarding-in-fip" description="Expose port forwarding fields in floating IP response" updated="2018-06-28T16:00:00-00:00" {{(pid=102098) _check_extension /opt/stack/neutron/neutron/api/extensions.py:415}}
Apr 06 17:19:28.211286 np0000163544 devstack@neutron-api.service[102097]: INFO neutron.plugins.ml2.managers [None req-a349b998-c094-4938-81f3-2fca88a78bdb None None] Got port-security extension from driver 'port_security'
Apr 06 17:19:28.211355 np0000163544 devstack@neutron-api.service[102098]: INFO neutron.api.extensions [None req-2d30bbd8-2850-4beb-befa-cbbaffab5296 None None] Extension expose-port-forwarding-in-fip not supported by any of loaded plugins
Apr 06 17:19:28.211433 np0000163544 devstack@neutron-api.service[102095]: INFO neutron.plugins.ml2.drivers.type_vlan [None req-b9c2b634-fd25-402c-a4b7-a6adfbb98c12 None None] VlanTypeDriver initialization complete
Apr 06 17:19:28.211774 np0000163544 devstack@neutron-api.service[102098]: DEBUG neutron.api.extensions [None req-2d30bbd8-2850-4beb-befa-cbbaffab5296 None None] Loading extension file: external_net.py {{(pid=102098) _load_all_extensions_from_path /opt/stack/neutron/neutron/api/extensions.py:449}}
Apr 06 17:19:28.211813 np0000163544 devstack@neutron-api.service[102097]: DEBUG neutron.manager [None req-a349b998-c094-4938-81f3-2fca88a78bdb None None] Loading service plugins: ['ovn-router', 'auto_allocate', 'tag', 'timestamp', 'network_ip_availability', 'flavors', 'revisions'] {{(pid=102097) _load_service_plugins /opt/stack/neutron/neutron/manager.py:195}}
Apr 06 17:19:28.211848 np0000163544 devstack@neutron-api.service[102095]: INFO neutron.plugins.ml2.managers [None req-b9c2b634-fd25-402c-a4b7-a6adfbb98c12 None None] Initializing extension driver 'port_security'
Apr 06 17:19:28.211924 np0000163544 devstack@neutron-api.service[102097]: INFO neutron.manager [None req-a349b998-c094-4938-81f3-2fca88a78bdb None None] Loading Plugin: ovn-router
Apr 06 17:19:28.211964 np0000163544 devstack@neutron-api.service[102098]: DEBUG neutron.api.extensions [None req-2d30bbd8-2850-4beb-befa-cbbaffab5296 None None] Ext name="Neutron external network" alias="external-net" description="Adds external network attribute to network resource." updated="2013-01-14T10:00:00-00:00" {{(pid=102098) _check_extension /opt/stack/neutron/neutron/api/extensions.py:415}}
Apr 06 17:19:28.212041 np0000163544 devstack@neutron-api.service[102095]: INFO neutron.plugins.ml2.extensions.port_security [None req-b9c2b634-fd25-402c-a4b7-a6adfbb98c12 None None] PortSecurityExtensionDriver initialization complete
Apr 06 17:19:28.212041 np0000163544 devstack@neutron-api.service[102095]: INFO neutron.plugins.ml2.managers [None req-b9c2b634-fd25-402c-a4b7-a6adfbb98c12 None None] Initializing extension driver 'qos'
Apr 06 17:19:28.212160 np0000163544 devstack@neutron-api.service[102098]: INFO neutron.api.extensions [None req-2d30bbd8-2850-4beb-befa-cbbaffab5296 None None] Loaded extension: external-net
Apr 06 17:19:28.212203 np0000163544 devstack@neutron-api.service[102095]: DEBUG neutron.plugins.ml2.extensions.qos [None req-b9c2b634-fd25-402c-a4b7-a6adfbb98c12 None None] QosExtensionDriver initialization complete {{(pid=102095) initialize /opt/stack/neutron/neutron/plugins/ml2/extensions/qos.py:31}}
Apr 06 17:19:28.212277 np0000163544 devstack@neutron-api.service[102098]: DEBUG neutron.api.extensions [None req-2d30bbd8-2850-4beb-befa-cbbaffab5296 None None] Loading extension file: extra_dhcp_opt.py {{(pid=102098) _load_all_extensions_from_path /opt/stack/neutron/neutron/api/extensions.py:449}}
Apr 06 17:19:28.212316 np0000163544 devstack@neutron-api.service[102095]: INFO neutron.plugins.ml2.managers [None req-b9c2b634-fd25-402c-a4b7-a6adfbb98c12 None None] Initializing mechanism driver 'ovn'
Apr 06 17:19:28.212316 np0000163544 devstack@neutron-api.service[102095]: INFO neutron.plugins.ml2.drivers.ovn.mech_driver.mech_driver [None req-b9c2b634-fd25-402c-a4b7-a6adfbb98c12 None None] Starting OVNMechanismDriver
Apr 06 17:19:28.212382 np0000163544 devstack@neutron-api.service[102098]: DEBUG neutron.api.extensions [None req-2d30bbd8-2850-4beb-befa-cbbaffab5296 None None] Ext name="Neutron Extra DHCP options" alias="extra_dhcp_opt" description="Extra options configuration for DHCP. For example PXE boot options to DHCP clients can be specified (e.g. tftp-server, server-ip-address, bootfile-name)" updated="2013-03-17T12:00:00-00:00" {{(pid=102098) _check_extension /opt/stack/neutron/neutron/api/extensions.py:415}}
Apr 06 17:19:28.212382 np0000163544 devstack@neutron-api.service[102098]: INFO neutron.api.extensions [None req-2d30bbd8-2850-4beb-befa-cbbaffab5296 None None] Loaded extension: extra_dhcp_opt
Apr 06 17:19:28.212382 np0000163544 devstack@neutron-api.service[102098]: DEBUG neutron.api.extensions [None req-2d30bbd8-2850-4beb-befa-cbbaffab5296 None None] Loading extension file: extraroute.py {{(pid=102098) _load_all_extensions_from_path /opt/stack/neutron/neutron/api/extensions.py:449}}
Apr 06 17:19:28.212647 np0000163544 devstack@neutron-api.service[102098]: DEBUG neutron.api.extensions [None req-2d30bbd8-2850-4beb-befa-cbbaffab5296 None None] Ext name="Neutron Extra Route" alias="extraroute" description="Extra routes configuration for L3 router" updated="2013-02-01T10:00:00-00:00" {{(pid=102098) _check_extension /opt/stack/neutron/neutron/api/extensions.py:415}}
Apr 06 17:19:28.212786 np0000163544 devstack@neutron-api.service[102098]: INFO neutron.api.extensions [None req-2d30bbd8-2850-4beb-befa-cbbaffab5296 None None] Loaded extension: extraroute
Apr 06 17:19:28.212955 np0000163544 devstack@neutron-api.service[102098]: DEBUG neutron.api.extensions [None req-2d30bbd8-2850-4beb-befa-cbbaffab5296 None None] Loading extension file: extraroute_atomic.py {{(pid=102098) _load_all_extensions_from_path /opt/stack/neutron/neutron/api/extensions.py:449}}
Apr 06 17:19:28.213142 np0000163544 devstack@neutron-api.service[102098]: DEBUG neutron.api.extensions [None req-2d30bbd8-2850-4beb-befa-cbbaffab5296 None None] Ext name="Atomically add/remove extra routes" alias="extraroute-atomic" description="Edit extra routes of a router on server side by atomically adding/removing extra routes" updated="2019-07-10T00:00:00+00:00" {{(pid=102098) _check_extension /opt/stack/neutron/neutron/api/extensions.py:415}}
Apr 06 17:19:28.213313 np0000163544 devstack@neutron-api.service[102098]: INFO neutron.api.extensions [None req-2d30bbd8-2850-4beb-befa-cbbaffab5296 None None] Loaded extension: extraroute-atomic
Apr 06 17:19:28.213356 np0000163544 devstack@neutron-api.service[102098]: DEBUG neutron.api.extensions [None req-2d30bbd8-2850-4beb-befa-cbbaffab5296 None None] Loading extension file: filter_validation.py {{(pid=102098) _load_all_extensions_from_path /opt/stack/neutron/neutron/api/extensions.py:449}}
Apr 06 17:19:28.213723 np0000163544 devstack@neutron-api.service[102098]: DEBUG neutron.api.extensions [None req-2d30bbd8-2850-4beb-befa-cbbaffab5296 None None] Ext name="Filter parameters validation" alias="filter-validation" description="Provides validation on filter parameters." updated="2018-07-04T10:00:00-00:00" {{(pid=102098) _check_extension /opt/stack/neutron/neutron/api/extensions.py:415}}
Apr 06 17:19:28.213842 np0000163544 devstack@neutron-api.service[102095]: DEBUG neutron_lib.callbacks.manager [None req-b9c2b634-fd25-402c-a4b7-a6adfbb98c12 None None] Subscribe: > process before_spawn 55550000, False {{(pid=102095) subscribe /opt/stack/data/venv/lib/python3.12/site-packages/neutron_lib/callbacks/manager.py:52}}
Apr 06 17:19:28.213842 np0000163544 devstack@neutron-api.service[102095]: DEBUG neutron_lib.callbacks.manager [None req-b9c2b634-fd25-402c-a4b7-a6adfbb98c12 None None] Subscribe: > process after_init 55550000, True {{(pid=102095) subscribe /opt/stack/data/venv/lib/python3.12/site-packages/neutron_lib/callbacks/manager.py:52}}
Apr 06 17:19:28.213919 np0000163544 devstack@neutron-api.service[102098]: INFO neutron.api.extensions [None req-2d30bbd8-2850-4beb-befa-cbbaffab5296 None None] Loaded extension: filter-validation
Apr 06 17:19:28.213919 np0000163544 devstack@neutron-api.service[102098]: DEBUG neutron.api.extensions [None req-2d30bbd8-2850-4beb-befa-cbbaffab5296 None None] Loading extension file: fip_pf_description.py {{(pid=102098) _load_all_extensions_from_path /opt/stack/neutron/neutron/api/extensions.py:449}}
Apr 06 17:19:28.214048 np0000163544 devstack@neutron-api.service[102095]: DEBUG neutron_lib.callbacks.manager [None req-b9c2b634-fd25-402c-a4b7-a6adfbb98c12 None None] Subscribe: > segment after_create 55550000, False {{(pid=102095) subscribe /opt/stack/data/venv/lib/python3.12/site-packages/neutron_lib/callbacks/manager.py:52}}
Apr 06 17:19:28.214048 np0000163544 devstack@neutron-api.service[102095]: DEBUG neutron_lib.callbacks.manager [None req-b9c2b634-fd25-402c-a4b7-a6adfbb98c12 None None] Subscribe: > segment after_create 55550000, False {{(pid=102095) subscribe /opt/stack/data/venv/lib/python3.12/site-packages/neutron_lib/callbacks/manager.py:52}}
Apr 06 17:19:28.214130 np0000163544 devstack@neutron-api.service[102095]: DEBUG neutron_lib.callbacks.manager [None req-b9c2b634-fd25-402c-a4b7-a6adfbb98c12 None None] Subscribe: > segment after_delete 55550000, False {{(pid=102095) subscribe /opt/stack/data/venv/lib/python3.12/site-packages/neutron_lib/callbacks/manager.py:52}}
Apr 06 17:19:28.214212 np0000163544 devstack@neutron-api.service[102098]: DEBUG neutron.api.extensions [None req-2d30bbd8-2850-4beb-befa-cbbaffab5296 None None] Ext name="Floating IP Port Forwarding new attribute description" alias="floating-ip-port-forwarding-description" description="Add a description field to Port Forwarding rules" updated="2019-11-01T10:00:00-00:00" {{(pid=102098) _check_extension /opt/stack/neutron/neutron/api/extensions.py:415}}
Apr 06 17:19:28.214249 np0000163544 devstack@neutron-api.service[102095]: DEBUG neutron_lib.callbacks.manager [None req-b9c2b634-fd25-402c-a4b7-a6adfbb98c12 None None] Subscribe: > allowed_address_pair before_create 55550000, False {{(pid=102095) subscribe /opt/stack/data/venv/lib/python3.12/site-packages/neutron_lib/callbacks/manager.py:52}}
Apr 06 17:19:28.214320 np0000163544 devstack@neutron-api.service[102098]: INFO neutron.api.extensions [None req-2d30bbd8-2850-4beb-befa-cbbaffab5296 None None] Extension floating-ip-port-forwarding-description not supported by any of loaded plugins
Apr 06 17:19:28.214436 np0000163544 devstack@neutron-api.service[102095]: DEBUG neutron_lib.callbacks.manager [None req-b9c2b634-fd25-402c-a4b7-a6adfbb98c12 None None] Subscribe: > security_group precommit_create 55550000, False {{(pid=102095) subscribe /opt/stack/data/venv/lib/python3.12/site-packages/neutron_lib/callbacks/manager.py:52}}
Apr 06 17:19:28.214540 np0000163544 devstack@neutron-api.service[102098]: DEBUG neutron.api.extensions [None req-2d30bbd8-2850-4beb-befa-cbbaffab5296 None None] Loading extension file: fip_pf_detail.py {{(pid=102098) _load_all_extensions_from_path /opt/stack/neutron/neutron/api/extensions.py:449}}
Apr 06 17:19:28.214612 np0000163544 devstack@neutron-api.service[102095]: DEBUG neutron_lib.callbacks.manager [None req-b9c2b634-fd25-402c-a4b7-a6adfbb98c12 None None] Subscribe: > security_group after_update 55550000, False {{(pid=102095) subscribe /opt/stack/data/venv/lib/python3.12/site-packages/neutron_lib/callbacks/manager.py:52}}
Apr 06 17:19:28.214612 np0000163544 devstack@neutron-api.service[102095]: DEBUG neutron_lib.callbacks.manager [None req-b9c2b634-fd25-402c-a4b7-a6adfbb98c12 None None] Subscribe: > security_group after_create 55550000, False {{(pid=102095) subscribe /opt/stack/data/venv/lib/python3.12/site-packages/neutron_lib/callbacks/manager.py:52}}
Apr 06 17:19:28.214708 np0000163544 devstack@neutron-api.service[102098]: DEBUG neutron.api.extensions [None req-2d30bbd8-2850-4beb-befa-cbbaffab5296 None None] Ext name="Floating IP port forwarding detail" alias="floating-ip-port-forwarding-detail" description="Allow list floating ip return more port forwarding data, include'id' and 'internal_port_id'" updated="2022-05-06T10:00:00-00:00" {{(pid=102098) _check_extension /opt/stack/neutron/neutron/api/extensions.py:415}}
Apr 06 17:19:28.214848 np0000163544 devstack@neutron-api.service[102095]: DEBUG neutron_lib.callbacks.manager [None req-b9c2b634-fd25-402c-a4b7-a6adfbb98c12 None None] Subscribe: > security_group precommit_delete 55550000, False {{(pid=102095) subscribe /opt/stack/data/venv/lib/python3.12/site-packages/neutron_lib/callbacks/manager.py:52}}
Apr 06 17:19:28.214924 np0000163544 devstack@neutron-api.service[102098]: INFO neutron.api.extensions [None req-2d30bbd8-2850-4beb-befa-cbbaffab5296 None None] Loaded extension: floating-ip-port-forwarding-detail
Apr 06 17:19:28.215010 np0000163544 devstack@neutron-api.service[102095]: DEBUG neutron_lib.callbacks.manager [None req-b9c2b634-fd25-402c-a4b7-a6adfbb98c12 None None] Subscribe: > security_group after_delete 55550000, False {{(pid=102095) subscribe /opt/stack/data/venv/lib/python3.12/site-packages/neutron_lib/callbacks/manager.py:52}}
Apr 06 17:19:28.215122 np0000163544 devstack@neutron-api.service[102098]: DEBUG neutron.api.extensions [None req-2d30bbd8-2850-4beb-befa-cbbaffab5296 None None] Loading extension file: fip_pf_port_range.py {{(pid=102098) _load_all_extensions_from_path /opt/stack/neutron/neutron/api/extensions.py:449}}
Apr 06 17:19:28.215202 np0000163544 devstack@neutron-api.service[102095]: DEBUG neutron_lib.callbacks.manager [None req-b9c2b634-fd25-402c-a4b7-a6adfbb98c12 None None] Subscribe: > security_group_rule precommit_create 55550000, False {{(pid=102095) subscribe /opt/stack/data/venv/lib/python3.12/site-packages/neutron_lib/callbacks/manager.py:52}}
Apr 06 17:19:28.215202 np0000163544 devstack@neutron-api.service[102095]: DEBUG neutron_lib.callbacks.manager [None req-b9c2b634-fd25-402c-a4b7-a6adfbb98c12 None None] Subscribe: > security_group_rule after_create 55550000, False {{(pid=102095) subscribe /opt/stack/data/venv/lib/python3.12/site-packages/neutron_lib/callbacks/manager.py:52}}
Apr 06 17:19:28.215269 np0000163544 devstack@neutron-api.service[102098]: DEBUG neutron.api.extensions [None req-2d30bbd8-2850-4beb-befa-cbbaffab5296 None None] Ext name="Floating IP Port Forwarding support port ranges" alias="floating-ip-port-forwarding-port-ranges" description="Add support to port ranges" updated="2020-07-01T10:00:00-00:00" {{(pid=102098) _check_extension /opt/stack/neutron/neutron/api/extensions.py:415}}
Apr 06 17:19:28.215340 np0000163544 devstack@neutron-api.service[102095]: DEBUG neutron_lib.callbacks.manager [None req-b9c2b634-fd25-402c-a4b7-a6adfbb98c12 None None] Subscribe: > security_group_rule before_delete 55550000, False {{(pid=102095) subscribe /opt/stack/data/venv/lib/python3.12/site-packages/neutron_lib/callbacks/manager.py:52}}
