2026-08-11 14:20:30.954 7 INFO placement.requestlog [None req-9b0c356e-b68c-4ed1-83fa-074043a2217f d9dcbd9b835d438988dba8b340db6bd2 062714c9880c457e834133b904bbb2c7 - - 7512886badab4db48f12156ea64010cb 7512886badab4db48f12156ea64010cb] 10.0.0.137 "GET /resource_providers/a89c1d93-d68d-4eee-a955-795e37ab6326/aggregates" status: 404 len: 235 microversion: 1.1 [pid: 7|app: 0|req: 458/932] 10.0.0.137 () {32 vars in 816 bytes} [Tue Aug 11 14:20:30 2026] GET /resource_providers/a89c1d93-d68d-4eee-a955-795e37ab6326/aggregates => generated 235 bytes in 8 msecs (HTTP/1.1 404) 5 headers in 202 bytes (1 switches on core 0)
2026-08-11 14:20:30.961 8 INFO placement.requestlog [None req-a60c7fb4-3de9-4c65-860b-57f11ff3b3db d9dcbd9b835d438988dba8b340db6bd2 062714c9880c457e834133b904bbb2c7 - - 7512886badab4db48f12156ea64010cb 7512886badab4db48f12156ea64010cb] 10.0.0.137 "GET /resource_providers/a89c1d93-d68d-4eee-a955-795e37ab6326/aggregates" status: 404 len: 235 microversion: 1.1 [pid: 8|app: 0|req: 475/933] 10.0.0.137 () {32 vars in 816 bytes} [Tue Aug 11 14:20:30 2026] GET /resource_providers/a89c1d93-d68d-4eee-a955-795e37ab6326/aggregates => generated 235 bytes in 8 msecs (HTTP/1.1 404) 5 headers in 202 bytes (1 switches on core 0)
2026-08-11 14:20:30.978 7 INFO placement.requestlog [None req-9a80fca7-6f31-4f32-a791-41dfa5f9db17 d9dcbd9b835d438988dba8b340db6bd2 062714c9880c457e834133b904bbb2c7 - - 7512886badab4db48f12156ea64010cb 7512886badab4db48f12156ea64010cb] 10.0.0.137 "DELETE /resource_providers/a89c1d93-d68d-4eee-a955-795e37ab6326" status: 404 len: 246 microversion: 1.1 [pid: 7|app: 0|req: 459/934] 10.0.0.137 () {34 vars in 816 bytes} [Tue Aug 11 14:20:30 2026] DELETE /resource_providers/a89c1d93-d68d-4eee-a955-795e37ab6326 => generated 246 bytes in 8 msecs (HTTP/1.1 404) 6 headers in 231 bytes (1 switches on core 0)
2026-08-11 14:20:30.980 8 INFO placement.requestlog [None req-5151d251-2cc5-4992-801b-0855822c16be d9dcbd9b835d438988dba8b340db6bd2 062714c9880c457e834133b904bbb2c7 - - 7512886badab4db48f12156ea64010cb 7512886badab4db48f12156ea64010cb] 10.0.0.137 "DELETE /resource_providers/a89c1d93-d68d-4eee-a955-795e37ab6326" status: 404 len: 246 microversion: 1.1 [pid: 8|app: 0|req: 476/935] 10.0.0.137 () {34 vars in 816 bytes} [Tue Aug 11 14:20:30 2026] DELETE /resource_providers/a89c1d93-d68d-4eee-a955-795e37ab6326 => generated 246 bytes in 10 msecs (HTTP/1.1 404) 6 headers in 231 bytes (1 switches on core 0)
2026-08-11 14:20:31.180 7 INFO placement.requestlog [req-85125e55-6576-49f8-8839-694e7873bf3c req-a8d23e7f-d962-46c7-8532-78cadfa00874 7ee06bbec5334e7d8a051248d8f7d6ae 062714c9880c457e834133b904bbb2c7 - - 7512886badab4db48f12156ea64010cb 7512886badab4db48f12156ea64010cb] 199.204.45.223 "GET /resource_providers/b55333df-4fc6-4180-ad13-70660f5ed392/allocations" status: 200 len: 253 microversion: 1.0 [pid: 7|app: 0|req: 460/936] 199.204.45.223 () {32 vars in 857 bytes} [Tue Aug 11 14:20:31 2026] GET /resource_providers/b55333df-4fc6-4180-ad13-70660f5ed392/allocations => generated 253 bytes in 29 msecs (HTTP/1.1 200) 6 headers in 224 bytes (1 switches on core 0)
2026-08-11 14:20:31.207 8 INFO placement.requestlog [req-85125e55-6576-49f8-8839-694e7873bf3c req-29febb70-1890-47e8-9e91-a05166a81714 7ee06bbec5334e7d8a051248d8f7d6ae 062714c9880c457e834133b904bbb2c7 - - 7512886badab4db48f12156ea64010cb 7512886badab4db48f12156ea64010cb] 199.204.45.223 "GET /allocations/0bc40157-16ff-47a8-a942-98b3c58c6766" status: 200 len: 258 microversion: 1.28 [pid: 8|app: 0|req: 477/937] 199.204.45.223 () {34 vars in 863 bytes} [Tue Aug 11 14:20:31 2026] GET /allocations/0bc40157-16ff-47a8-a942-98b3c58c6766 => generated 258 bytes in 19 msecs (HTTP/1.1 200) 8 headers in 296 bytes (1 switches on core 0)
2026-08-11 14:20:31.229 7 INFO placement.requestlog [req-85125e55-6576-49f8-8839-694e7873bf3c req-874a1466-eae6-40d4-9c44-05b2ab2671c6 7ee06bbec5334e7d8a051248d8f7d6ae 062714c9880c457e834133b904bbb2c7 - - 7512886badab4db48f12156ea64010cb 7512886badab4db48f12156ea64010cb] 199.204.45.223 "GET /allocations/b4bc2b02-5f29-4bd5-a1e9-345598584d09" status: 200 len: 258 microversion: 1.28 [pid: 7|app: 0|req: 461/938] 199.204.45.223 () {34 vars in 863 bytes} [Tue Aug 11 14:20:31 2026] GET /allocations/b4bc2b02-5f29-4bd5-a1e9-345598584d09 => generated 258 bytes in 14 msecs (HTTP/1.1 200) 8 headers in 296 bytes (1 switches on core 0)
2026-08-11 14:20:31.670 8 INFO placement.requestlog [None req-06134aa9-4eca-4060-84ef-24657531d347 - - - - - -] 10.0.0.24 "GET /" status: 200 len: 136 microversion: 1.0
2026-08-11 14:20:31.671 7 INFO placement.requestlog [None req-d3249c1f-5f84-453a-89ea-067f49b1d9b4 - - - - - -] 10.0.0.24 "GET /" status: 200 len: 136 microversion: 1.0
2026-08-11 14:20:32.290 8 INFO placement.requestlog [req-85125e55-6576-49f8-8839-694e7873bf3c req-aeb455ca-fca7-4456-857a-47b9d0bea04e 7ee06bbec5334e7d8a051248d8f7d6ae 062714c9880c457e834133b904bbb2c7 - - 7512886badab4db48f12156ea64010cb 7512886badab4db48f12156ea64010cb] 199.204.45.223 "DELETE /allocations/b4bc2b02-5f29-4bd5-a1e9-345598584d09" status: 204 len: 0 microversion: 1.0 [pid: 8|app: 0|req: 479/941] 199.204.45.223 () {34 vars in 841 bytes} [Tue Aug 11 14:20:32 2026] DELETE /allocations/b4bc2b02-5f29-4bd5-a1e9-345598584d09 => generated 0 bytes in 34 msecs (HTTP/1.1 204) 5 headers in 198 bytes (1 switches on core 0)
2026-08-11 14:20:32.999 7 INFO placement.requestlog [None req-30232692-9a84-47c6-96fe-00b9b985cd4b d9dcbd9b835d438988dba8b340db6bd2 062714c9880c457e834133b904bbb2c7 - - 7512886badab4db48f12156ea64010cb 7512886badab4db48f12156ea64010cb] 10.0.0.137 "GET /resource_providers/ea8f0bf2-7359-462b-92c4-08dda05aff87/aggregates" status: 404 len: 235 microversion: 1.1 [pid: 7|app: 0|req: 463/942] 10.0.0.137 () {32 vars in 816 bytes} [Tue Aug 11 14:20:32 2026] GET /resource_providers/ea8f0bf2-7359-462b-92c4-08dda05aff87/aggregates => generated 235 bytes in 10 msecs (HTTP/1.1 404) 5 headers in 202 bytes (1 switches on core 0)
2026-08-11 14:20:33.007 8 INFO placement.requestlog [None req-0f1a6b17-3fd8-4a56-b18e-b16491a6baad d9dcbd9b835d438988dba8b340db6bd2 062714c9880c457e834133b904bbb2c7 - - 7512886badab4db48f12156ea64010cb 7512886badab4db48f12156ea64010cb] 10.0.0.137 "GET /resource_providers/ea8f0bf2-7359-462b-92c4-08dda05aff87/aggregates" status: 404 len: 235 microversion: 1.1 [pid: 8|app: 0|req: 480/943] 10.0.0.137 () {32 vars in 816 bytes} [Tue Aug 11 14:20:32 2026] GET /resource_providers/ea8f0bf2-7359-462b-92c4-08dda05aff87/aggregates => generated 235 bytes in 10 msecs (HTTP/1.1 404) 5 headers in 202 bytes (1 switches on core 0)
2026-08-11 14:20:33.028 7 INFO placement.requestlog [None req-1f6558a7-fdc4-488a-b2d6-432536ff0a70 d9dcbd9b835d438988dba8b340db6bd2 062714c9880c457e834133b904bbb2c7 - - 7512886badab4db48f12156ea64010cb 7512886badab4db48f12156ea64010cb] 10.0.0.137 "DELETE /resource_providers/ea8f0bf2-7359-462b-92c4-08dda05aff87" status: 404 len: 246 microversion: 1.1 [pid: 7|app: 0|req: 464/944] 10.0.0.137 () {34 vars in 816 bytes} [Tue Aug 11 14:20:33 2026] DELETE /resource_providers/ea8f0bf2-7359-462b-92c4-08dda05aff87 => generated 246 bytes in 14 msecs (HTTP/1.1 404) 6 headers in 231 bytes (1 switches on core 0)
2026-08-11 14:20:33.032 8 INFO placement.requestlog [None req-b4563cad-7117-48a3-9037-b75fecbc8087 d9dcbd9b835d438988dba8b340db6bd2 062714c9880c457e834133b904bbb2c7 - - 7512886badab4db48f12156ea64010cb 7512886badab4db48f12156ea64010cb] 10.0.0.137 "DELETE /resource_providers/ea8f0bf2-7359-462b-92c4-08dda05aff87" status: 404 len: 246 microversion: 1.1 [pid: 8|app: 0|req: 481/945] 10.0.0.137 () {34 vars in 816 bytes} [Tue Aug 11 14:20:33 2026] DELETE /resource_providers/ea8f0bf2-7359-462b-92c4-08dda05aff87 => generated 246 bytes in 11 msecs (HTTP/1.1 404) 6 headers in 231 bytes (1 switches on core 0)
2026-08-11 14:20:35.821 8 INFO placement.requestlog [None req-323690b0-0736-41fb-a171-1bc8709c86e8 d9dcbd9b835d438988dba8b340db6bd2 062714c9880c457e834133b904bbb2c7 - - 7512886badab4db48f12156ea64010cb 7512886badab4db48f12156ea64010cb] 10.0.0.137 "GET /resource_providers/3896d602-f9ac-4685-bfb8-b9b5a748c821/aggregates" status: 404 len: 235 microversion: 1.1 [pid: 8|app: 0|req: 482/946] 10.0.0.137 () {32 vars in 816 bytes} [Tue Aug 11 14:20:35 2026] GET /resource_providers/3896d602-f9ac-4685-bfb8-b9b5a748c821/aggregates => generated 235 bytes in 9 msecs (HTTP/1.1 404) 5 headers in 202 bytes (1 switches on core 0)
2026-08-11 14:20:35.824 7 INFO placement.requestlog [None req-e6cd67f8-6529-4a05-aa6a-401a071c6200 d9dcbd9b835d438988dba8b340db6bd2 062714c9880c457e834133b904bbb2c7 - - 7512886badab4db48f12156ea64010cb 7512886badab4db48f12156ea64010cb] 10.0.0.137 "GET /resource_providers/3896d602-f9ac-4685-bfb8-b9b5a748c821/aggregates" status: 404 len: 235 microversion: 1.1 [pid: 7|app: 0|req: 465/947] 10.0.0.137 () {32 vars in 816 bytes} [Tue Aug 11 14:20:35 2026] GET /resource_providers/3896d602-f9ac-4685-bfb8-b9b5a748c821/aggregates => generated 235 bytes in 12 msecs (HTTP/1.1 404) 5 headers in 202 bytes (1 switches on core 0)
2026-08-11 14:20:35.850 7 INFO placement.requestlog [None req-948c36cc-a243-485f-8e68-ca07c6a6489d d9dcbd9b835d438988dba8b340db6bd2 062714c9880c457e834133b904bbb2c7 - - 7512886badab4db48f12156ea64010cb 7512886badab4db48f12156ea64010cb] 10.0.0.137 "DELETE /resource_providers/3896d602-f9ac-4685-bfb8-b9b5a748c821" status: 404 len: 246 microversion: 1.1 [pid: 7|app: 0|req: 466/948] 10.0.0.137 () {34 vars in 816 bytes} [Tue Aug 11 14:20:35 2026] DELETE /resource_providers/3896d602-f9ac-4685-bfb8-b9b5a748c821 => generated 246 bytes in 12 msecs (HTTP/1.1 404) 6 headers in 231 bytes (1 switches on core 0)
2026-08-11 14:20:35.851 8 INFO placement.requestlog [None req-c4d8a1c1-447b-40dc-b49f-0843db06f16f d9dcbd9b835d438988dba8b340db6bd2 062714c9880c457e834133b904bbb2c7 - - 7512886badab4db48f12156ea64010cb 7512886badab4db48f12156ea64010cb] 10.0.0.137 "DELETE /resource_providers/3896d602-f9ac-4685-bfb8-b9b5a748c821" status: 404 len: 246 microversion: 1.1 [pid: 8|app: 0|req: 483/949] 10.0.0.137 () {34 vars in 816 bytes} [Tue Aug 11 14:20:35 2026] DELETE /resource_providers/3896d602-f9ac-4685-bfb8-b9b5a748c821 => generated 246 bytes in 13 msecs (HTTP/1.1 404) 6 headers in 231 bytes (1 switches on core 0)
2026-08-11 14:20:37.872 7 INFO placement.requestlog [None req-3be7d021-ae18-4fb3-bccd-74df25a8eb25 d9dcbd9b835d438988dba8b340db6bd2 062714c9880c457e834133b904bbb2c7 - - 7512886badab4db48f12156ea64010cb 7512886badab4db48f12156ea64010cb] 10.0.0.137 "GET /resource_providers/45ad2c31-6431-4f54-b4cc-f47bf9cc3718/aggregates" status: 404 len: 235 microversion: 1.1 [pid: 7|app: 0|req: 467/950] 10.0.0.137 () {32 vars in 816 bytes} [Tue Aug 11 14:20:37 2026] GET /resource_providers/45ad2c31-6431-4f54-b4cc-f47bf9cc3718/aggregates => generated 235 bytes in 8 msecs (HTTP/1.1 404) 5 headers in 202 bytes (1 switches on core 0)
2026-08-11 14:20:37.873 8 INFO placement.requestlog [None req-4959d3c1-6541-45f1-bcc2-a461291633c9 d9dcbd9b835d438988dba8b340db6bd2 062714c9880c457e834133b904bbb2c7 - - 7512886badab4db48f12156ea64010cb 7512886badab4db48f12156ea64010cb] 10.0.0.137 "GET /resource_providers/45ad2c31-6431-4f54-b4cc-f47bf9cc3718/aggregates" status: 404 len: 235 microversion: 1.1 [pid: 8|app: 0|req: 484/951] 10.0.0.137 () {32 vars in 816 bytes} [Tue Aug 11 14:20:37 2026] GET /resource_providers/45ad2c31-6431-4f54-b4cc-f47bf9cc3718/aggregates => generated 235 bytes in 7 msecs (HTTP/1.1 404) 5 headers in 202 bytes (1 switches on core 0)
2026-08-11 14:20:37.885 7 INFO placement.requestlog [req-2d446e6b-84c8-49ce-8ac1-edb68a0b6c15 req-bc16dfa0-57f4-404e-af77-7b637ea6991d 7ee06bbec5334e7d8a051248d8f7d6ae 062714c9880c457e834133b904bbb2c7 - - 7512886badab4db48f12156ea64010cb 7512886badab4db48f12156ea64010cb] 199.204.45.223 "GET /resource_providers/b55333df-4fc6-4180-ad13-70660f5ed392/allocations" status: 200 len: 153 microversion: 1.0 [pid: 7|app: 0|req: 468/952] 199.204.45.223 () {32 vars in 857 bytes} [Tue Aug 11 14:20:37 2026] GET /resource_providers/b55333df-4fc6-4180-ad13-70660f5ed392/allocations => generated 153 bytes in 12 msecs (HTTP/1.1 200) 6 headers in 224 bytes (1 switches on core 0)
2026-08-11 14:20:37.894 8 INFO placement.requestlog [None req-18127fd1-0c59-41ef-ab00-b1697a43b940 d9dcbd9b835d438988dba8b340db6bd2 062714c9880c457e834133b904bbb2c7 - - 7512886badab4db48f12156ea64010cb 7512886badab4db48f12156ea64010cb] 10.0.0.137 "DELETE /resource_providers/45ad2c31-6431-4f54-b4cc-f47bf9cc3718" status: 404 len: 246 microversion: 1.1 [pid: 8|app: 0|req: 485/953] 10.0.0.137 () {34 vars in 816 bytes} [Tue Aug 11 14:20:37 2026] DELETE /resource_providers/45ad2c31-6431-4f54-b4cc-f47bf9cc3718 => generated 246 bytes in 9 msecs (HTTP/1.1 404) 6 headers in 231 bytes (1 switches on core 0)
2026-08-11 14:20:37.895 7 INFO placement.requestlog [None req-d938e815-ea75-410f-be5a-434eef35fff1 d9dcbd9b835d438988dba8b340db6bd2 062714c9880c457e834133b904bbb2c7 - - 7512886badab4db48f12156ea64010cb 7512886badab4db48f12156ea64010cb] 10.0.0.137 "DELETE /resource_providers/45ad2c31-6431-4f54-b4cc-f47bf9cc3718" status: 404 len: 246 microversion: 1.1 [pid: 7|app: 0|req: 469/954] 10.0.0.137 () {34 vars in 816 bytes} [Tue Aug 11 14:20:37 2026] DELETE /resource_providers/45ad2c31-6431-4f54-b4cc-f47bf9cc3718 => generated 246 bytes in 8 msecs (HTTP/1.1 404) 6 headers in 231 bytes (1 switches on core 0)
2026-08-11 14:20:37.906 8 INFO placement.requestlog [req-2d446e6b-84c8-49ce-8ac1-edb68a0b6c15 req-4ee1adc9-1727-479a-97c4-cd6c20c972f2 7ee06bbec5334e7d8a051248d8f7d6ae 062714c9880c457e834133b904bbb2c7 - - 7512886badab4db48f12156ea64010cb 7512886badab4db48f12156ea64010cb] 199.204.45.223 "GET /resource_providers/b55333df-4fc6-4180-ad13-70660f5ed392/allocations" status: 200 len: 153 microversion: 1.0 [pid: 8|app: 0|req: 486/955] 199.204.45.223 () {32 vars in 857 bytes} [Tue Aug 11 14:20:37 2026] GET /resource_providers/b55333df-4fc6-4180-ad13-70660f5ed392/allocations => generated 153 bytes in 11 msecs (HTTP/1.1 200) 6 headers in 224 bytes (1 switches on core 0)
2026-08-11 14:20:37.930 7 INFO placement.requestlog [req-2d446e6b-84c8-49ce-8ac1-edb68a0b6c15 req-740f4411-7b77-426e-a0bd-1efaa841464e 7ee06bbec5334e7d8a051248d8f7d6ae 062714c9880c457e834133b904bbb2c7 - - 7512886badab4db48f12156ea64010cb 7512886badab4db48f12156ea64010cb] 199.204.45.223 "GET /allocations/0bc40157-16ff-47a8-a942-98b3c58c6766" status: 200 len: 258 microversion: 1.28 [pid: 7|app: 0|req: 470/956] 199.204.45.223 () {34 vars in 863 bytes} [Tue Aug 11 14:20:37 2026] GET /allocations/0bc40157-16ff-47a8-a942-98b3c58c6766 => generated 258 bytes in 15 msecs (HTTP/1.1 200) 8 headers in 296 bytes (1 switches on core 0)
2026-08-11 14:20:38.228 7 INFO placement.requestlog [None req-a91c1cc7-5eee-4851-8c01-7cb8642e02c3 d9dcbd9b835d438988dba8b340db6bd2 062714c9880c457e834133b904bbb2c7 - - 7512886badab4db48f12156ea64010cb 7512886badab4db48f12156ea64010cb] 10.0.0.137 "GET /resource_providers/f35d79fa-2b5d-41a1-91f8-35c1ee7d6017/aggregates" status: 404 len: 235 microversion: 1.1 [pid: 7|app: 0|req: 471/957] 10.0.0.137 () {32 vars in 816 bytes} [Tue Aug 11 14:20:38 2026] GET /resource_providers/f35d79fa-2b5d-41a1-91f8-35c1ee7d6017/aggregates => generated 235 bytes in 11 msecs (HTTP/1.1 404) 5 headers in 202 bytes (1 switches on core 0)
2026-08-11 14:20:38.232 8 INFO placement.requestlog [None req-8111d363-6471-4c04-bf64-dc3abde6e746 d9dcbd9b835d438988dba8b340db6bd2 062714c9880c457e834133b904bbb2c7 - - 7512886badab4db48f12156ea64010cb 7512886badab4db48f12156ea64010cb] 10.0.0.137 "GET /resource_providers/f35d79fa-2b5d-41a1-91f8-35c1ee7d6017/aggregates" status: 404 len: 235 microversion: 1.1 [pid: 8|app: 0|req: 487/958] 10.0.0.137 () {32 vars in 816 bytes} [Tue Aug 11 14:20:38 2026] GET /resource_providers/f35d79fa-2b5d-41a1-91f8-35c1ee7d6017/aggregates => generated 235 bytes in 14 msecs (HTTP/1.1 404) 5 headers in 202 bytes (1 switches on core 0)
2026-08-11 14:20:38.255 8 INFO placement.requestlog [None req-52eff790-e076-4581-9fbb-07b64d70204f d9dcbd9b835d438988dba8b340db6bd2 062714c9880c457e834133b904bbb2c7 - - 7512886badab4db48f12156ea64010cb 7512886badab4db48f12156ea64010cb] 10.0.0.137 "DELETE /resource_providers/f35d79fa-2b5d-41a1-91f8-35c1ee7d6017" status: 404 len: 246 microversion: 1.1 [pid: 8|app: 0|req: 488/959] 10.0.0.137 () {34 vars in 816 bytes} [Tue Aug 11 14:20:38 2026] DELETE /resource_providers/f35d79fa-2b5d-41a1-91f8-35c1ee7d6017 => generated 246 bytes in 11 msecs (HTTP/1.1 404) 6 headers in 231 bytes (1 switches on core 0)
2026-08-11 14:20:38.256 7 INFO placement.requestlog [None req-b36e9473-a2d3-4664-84c4-ecad68a0c9b5 d9dcbd9b835d438988dba8b340db6bd2 062714c9880c457e834133b904bbb2c7 - - 7512886badab4db48f12156ea64010cb 7512886badab4db48f12156ea64010cb] 10.0.0.137 "DELETE /resource_providers/f35d79fa-2b5d-41a1-91f8-35c1ee7d6017" status: 404 len: 246 microversion: 1.1 [pid: 7|app: 0|req: 472/960] 10.0.0.137 () {34 vars in 816 bytes} [Tue Aug 11 14:20:38 2026] DELETE /resource_providers/f35d79fa-2b5d-41a1-91f8-35c1ee7d6017 => generated 246 bytes in 12 msecs (HTTP/1.1 404) 6 headers in 231 bytes (1 switches on core 0)
2026-08-11 14:20:40.278 7 INFO placement.requestlog [None req-6c980f4d-cffc-4191-84a1-81f0defbe9f0 d9dcbd9b835d438988dba8b340db6bd2 062714c9880c457e834133b904bbb2c7 - - 7512886badab4db48f12156ea64010cb 7512886badab4db48f12156ea64010cb] 10.0.0.137 "GET /resource_providers/4c41ecf9-3259-405f-aa2c-6668c6800a2a/aggregates" status: 404 len: 235 microversion: 1.1 [pid: 7|app: 0|req: 473/961] 10.0.0.137 () {32 vars in 816 bytes} [Tue Aug 11 14:20:40 2026] GET /resource_providers/4c41ecf9-3259-405f-aa2c-6668c6800a2a/aggregates => generated 235 bytes in 7 msecs (HTTP/1.1 404) 5 headers in 202 bytes (1 switches on core 0)
2026-08-11 14:20:40.282 8 INFO placement.requestlog [None req-6bd480d5-22b8-47fb-86f8-a31264637736 d9dcbd9b835d438988dba8b340db6bd2 062714c9880c457e834133b904bbb2c7 - - 7512886badab4db48f12156ea64010cb 7512886badab4db48f12156ea64010cb] 10.0.0.137 "GET /resource_providers/4c41ecf9-3259-405f-aa2c-6668c6800a2a/aggregates" status: 404 len: 235 microversion: 1.1 [pid: 8|app: 0|req: 489/962] 10.0.0.137 () {32 vars in 816 bytes} [Tue Aug 11 14:20:40 2026] GET /resource_providers/4c41ecf9-3259-405f-aa2c-6668c6800a2a/aggregates => generated 235 bytes in 13 msecs (HTTP/1.1 404) 5 headers in 202 bytes (1 switches on core 0)
2026-08-11 14:20:40.294 7 INFO placement.requestlog [None req-b74a315e-7054-48fb-a929-8c70d171e252 d9dcbd9b835d438988dba8b340db6bd2 062714c9880c457e834133b904bbb2c7 - - 7512886badab4db48f12156ea64010cb 7512886badab4db48f12156ea64010cb] 10.0.0.137 "DELETE /resource_providers/4c41ecf9-3259-405f-aa2c-6668c6800a2a" status: 404 len: 246 microversion: 1.1 [pid: 7|app: 0|req: 474/963] 10.0.0.137 () {34 vars in 816 bytes} [Tue Aug 11 14:20:40 2026] DELETE /resource_providers/4c41ecf9-3259-405f-aa2c-6668c6800a2a => generated 246 bytes in 7 msecs (HTTP/1.1 404) 6 headers in 231 bytes (1 switches on core 0)
2026-08-11 14:20:40.297 8 INFO placement.requestlog [None req-2f8f7b47-4d78-439e-a4cc-507362f7b711 d9dcbd9b835d438988dba8b340db6bd2 062714c9880c457e834133b904bbb2c7 - - 7512886badab4db48f12156ea64010cb 7512886badab4db48f12156ea64010cb] 10.0.0.137 "DELETE /resource_providers/4c41ecf9-3259-405f-aa2c-6668c6800a2a" status: 404 len: 246 microversion: 1.1 [pid: 8|app: 0|req: 490/964] 10.0.0.137 () {34 vars in 816 bytes} [Tue Aug 11 14:20:40 2026] DELETE /resource_providers/4c41ecf9-3259-405f-aa2c-6668c6800a2a => generated 246 bytes in 8 msecs (HTTP/1.1 404) 6 headers in 231 bytes (1 switches on core 0)
2026-08-11 14:20:41.670 7 INFO placement.requestlog [None req-97320f34-ecbf-4221-8cba-5f4c7a5fa98b - - - - - -] 10.0.0.24 "GET /" status: 200 len: 136 microversion: 1.0
2026-08-11 14:20:41.671 8 INFO placement.requestlog [None req-b367cd70-12b3-4ddf-b7f0-445f753a0f93 - - - - - -] 10.0.0.24 "GET /" status: 200 len: 136 microversion: 1.0
2026-08-11 14:20:51.670 7 INFO placement.requestlog [None req-9a5dac0c-86dc-4c94-8e65-a421add5b216 - - - - - -] 10.0.0.24 "GET /" status: 200 len: 136 microversion: 1.0
2026-08-11 14:20:51.670 8 INFO placement.requestlog [None req-88dc93a9-28c7-4443-8c95-aa7de790d702 - - - - - -] 10.0.0.24 "GET /" status: 200 len: 136 microversion: 1.0
2026-08-11 14:20:54.740 7 INFO placement.requestlog [None req-e78d940f-fab2-421c-b745-793746a657aa d9dcbd9b835d438988dba8b340db6bd2 062714c9880c457e834133b904bbb2c7 - - 7512886badab4db48f12156ea64010cb 7512886badab4db48f12156ea64010cb] 10.0.0.137 "GET /resource_providers/3fb32a50-0fad-4d0a-afa0-a4c2fe9e8163/aggregates" status: 404 len: 235 microversion: 1.1 [pid: 7|app: 0|req: 477/969] 10.0.0.137 () {32 vars in 816 bytes} [Tue Aug 11 14:20:54 2026] GET /resource_providers/3fb32a50-0fad-4d0a-afa0-a4c2fe9e8163/aggregates => generated 235 bytes in 7 msecs (HTTP/1.1 404) 5 headers in 202 bytes (1 switches on core 0)
2026-08-11 14:20:54.742 8 INFO placement.requestlog [None req-4de2badb-78bf-45e6-ac59-3a839dd0585a d9dcbd9b835d438988dba8b340db6bd2 062714c9880c457e834133b904bbb2c7 - - 7512886badab4db48f12156ea64010cb 7512886badab4db48f12156ea64010cb] 10.0.0.137 "GET /resource_providers/3fb32a50-0fad-4d0a-afa0-a4c2fe9e8163/aggregates" status: 404 len: 235 microversion: 1.1 [pid: 8|app: 0|req: 493/970] 10.0.0.137 () {32 vars in 816 bytes} [Tue Aug 11 14:20:54 2026] GET /resource_providers/3fb32a50-0fad-4d0a-afa0-a4c2fe9e8163/aggregates => generated 235 bytes in 8 msecs (HTTP/1.1 404) 5 headers in 202 bytes (1 switches on core 0)
2026-08-11 14:20:54.760 7 INFO placement.requestlog [None req-91c5e0f1-9f85-4cbc-b0f2-757f9cb29534 d9dcbd9b835d438988dba8b340db6bd2 062714c9880c457e834133b904bbb2c7 - - 7512886badab4db48f12156ea64010cb 7512886badab4db48f12156ea64010cb] 10.0.0.137 "DELETE /resource_providers/3fb32a50-0fad-4d0a-afa0-a4c2fe9e8163" status: 404 len: 246 microversion: 1.1 [pid: 7|app: 0|req: 478/971] 10.0.0.137 () {34 vars in 816 bytes} [Tue Aug 11 14:20:54 2026] DELETE /resource_providers/3fb32a50-0fad-4d0a-afa0-a4c2fe9e8163 => generated 246 bytes in 7 msecs (HTTP/1.1 404) 6 headers in 231 bytes (1 switches on core 0)
2026-08-11 14:20:54.763 8 INFO placement.requestlog [None req-5f5de31b-64c0-4602-8713-99b6ebed2262 d9dcbd9b835d438988dba8b340db6bd2 062714c9880c457e834133b904bbb2c7 - - 7512886badab4db48f12156ea64010cb 7512886badab4db48f12156ea64010cb] 10.0.0.137 "DELETE /resource_providers/3fb32a50-0fad-4d0a-afa0-a4c2fe9e8163" status: 404 len: 246 microversion: 1.1 [pid: 8|app: 0|req: 494/972] 10.0.0.137 () {34 vars in 816 bytes} [Tue Aug 11 14:20:54 2026] DELETE /resource_providers/3fb32a50-0fad-4d0a-afa0-a4c2fe9e8163 => generated 246 bytes in 8 msecs (HTTP/1.1 404) 6 headers in 231 bytes (1 switches on core 0)
2026-08-11 14:20:55.711 7 INFO placement.requestlog [req-280a3e49-3fd2-47e1-9c27-547322aee4d8 req-35f128db-7298-4091-835a-8b0574548fe4 7ee06bbec5334e7d8a051248d8f7d6ae 062714c9880c457e834133b904bbb2c7 - - 7512886badab4db48f12156ea64010cb 7512886badab4db48f12156ea64010cb] 10.0.0.188 "GET /allocation_candidates?limit=1000&resources=DISK_GB%3A1%2CMEMORY_MB%3A512%2CVCPU%3A1&root_required=%21COMPUTE_STATUS_DISABLED" status: 200 len: 2783 microversion: 1.36 [pid: 7|app: 0|req: 479/973] 10.0.0.188 () {34 vars in 1012 bytes} [Tue Aug 11 14:20:55 2026] GET /allocation_candidates?limit=1000&resources=DISK_GB%3A1%2CMEMORY_MB%3A512%2CVCPU%3A1&root_required=%21COMPUTE_STATUS_DISABLED => generated 2783 bytes in 49 msecs (HTTP/1.1 200) 8 headers in 297 bytes (1 switches on core 0)
2026-08-11 14:20:55.750 8 INFO placement.requestlog [req-280a3e49-3fd2-47e1-9c27-547322aee4d8 req-f63938af-f168-4a2e-8a23-58082d106213 7ee06bbec5334e7d8a051248d8f7d6ae 062714c9880c457e834133b904bbb2c7 - - 7512886badab4db48f12156ea64010cb 7512886badab4db48f12156ea64010cb] 10.0.0.188 "GET /allocations/59103085-ae74-4b1b-905b-0847da403d4b" status: 200 len: 19 microversion: 1.28 [pid: 8|app: 0|req: 495/974] 10.0.0.188 () {34 vars in 861 bytes} [Tue Aug 11 14:20:55 2026] GET /allocations/59103085-ae74-4b1b-905b-0847da403d4b => generated 19 bytes in 15 msecs (HTTP/1.1 200) 8 headers in 295 bytes (1 switches on core 0)
2026-08-11 14:20:55.820 7 INFO placement.requestlog [req-280a3e49-3fd2-47e1-9c27-547322aee4d8 req-69d57dec-8e19-4716-991e-18052658c5a4 7ee06bbec5334e7d8a051248d8f7d6ae 062714c9880c457e834133b904bbb2c7 - - 7512886badab4db48f12156ea64010cb 7512886badab4db48f12156ea64010cb] 10.0.0.188 "PUT /allocations/59103085-ae74-4b1b-905b-0847da403d4b" status: 204 len: 0 microversion: 1.36 [pid: 7|app: 0|req: 480/975] 10.0.0.188 () {38 vars in 914 bytes} [Tue Aug 11 14:20:55 2026] PUT /allocations/59103085-ae74-4b1b-905b-0847da403d4b => generated 0 bytes in 60 msecs (HTTP/1.1 204) 5 headers in 199 bytes (1 switches on core 0)
2026-08-11 14:20:56.798 8 INFO placement.requestlog [None req-b0a371b9-162c-49fd-a2a2-4cfa1767d7f0 d9dcbd9b835d438988dba8b340db6bd2 062714c9880c457e834133b904bbb2c7 - - 7512886badab4db48f12156ea64010cb 7512886badab4db48f12156ea64010cb] 10.0.0.137 "GET /resource_providers/885b7a25-824c-4ef6-9f67-364f28065fdb/aggregates" status: 404 len: 235 microversion: 1.1 [pid: 8|app: 0|req: 496/976] 10.0.0.137 () {32 vars in 816 bytes} [Tue Aug 11 14:20:56 2026] GET /resource_providers/885b7a25-824c-4ef6-9f67-364f28065fdb/aggregates => generated 235 bytes in 22 msecs (HTTP/1.1 404) 5 headers in 202 bytes (1 switches on core 0)
2026-08-11 14:20:56.800 7 INFO placement.requestlog [None req-e8aad293-13e2-4867-871c-286ef5b63513 d9dcbd9b835d438988dba8b340db6bd2 062714c9880c457e834133b904bbb2c7 - - 7512886badab4db48f12156ea64010cb 7512886badab4db48f12156ea64010cb] 10.0.0.137 "GET /resource_providers/885b7a25-824c-4ef6-9f67-364f28065fdb/aggregates" status: 404 len: 235 microversion: 1.1 [pid: 7|app: 0|req: 481/977] 10.0.0.137 () {32 vars in 816 bytes} [Tue Aug 11 14:20:56 2026] GET /resource_providers/885b7a25-824c-4ef6-9f67-364f28065fdb/aggregates => generated 235 bytes in 14 msecs (HTTP/1.1 404) 5 headers in 202 bytes (1 switches on core 0)
2026-08-11 14:20:56.825 8 INFO placement.requestlog [None req-f667c629-e422-4658-a861-10328ce90cd4 d9dcbd9b835d438988dba8b340db6bd2 062714c9880c457e834133b904bbb2c7 - - 7512886badab4db48f12156ea64010cb 7512886badab4db48f12156ea64010cb] 10.0.0.137 "DELETE /resource_providers/885b7a25-824c-4ef6-9f67-364f28065fdb" status: 404 len: 246 microversion: 1.1 [pid: 8|app: 0|req: 497/978] 10.0.0.137 () {34 vars in 816 bytes} [Tue Aug 11 14:20:56 2026] DELETE /resource_providers/885b7a25-824c-4ef6-9f67-364f28065fdb => generated 246 bytes in 12 msecs (HTTP/1.1 404) 6 headers in 231 bytes (1 switches on core 0)
2026-08-11 14:20:56.835 7 INFO placement.requestlog [None req-0697e482-a1ce-484a-ad3a-c605e3ec9fe1 d9dcbd9b835d438988dba8b340db6bd2 062714c9880c457e834133b904bbb2c7 - - 7512886badab4db48f12156ea64010cb 7512886badab4db48f12156ea64010cb] 10.0.0.137 "DELETE /resource_providers/885b7a25-824c-4ef6-9f67-364f28065fdb" status: 404 len: 246 microversion: 1.1 [pid: 7|app: 0|req: 482/979] 10.0.0.137 () {34 vars in 816 bytes} [Tue Aug 11 14:20:56 2026] DELETE /resource_providers/885b7a25-824c-4ef6-9f67-364f28065fdb => generated 246 bytes in 17 msecs (HTTP/1.1 404) 6 headers in 231 bytes (1 switches on core 0)
2026-08-11 14:20:57.344 8 INFO placement.requestlog [req-280a3e49-3fd2-47e1-9c27-547322aee4d8 req-aaae3f08-05dc-469d-abe5-72904e7e017f 7ee06bbec5334e7d8a051248d8f7d6ae 062714c9880c457e834133b904bbb2c7 - - 7512886badab4db48f12156ea64010cb 7512886badab4db48f12156ea64010cb] 199.204.45.223 "GET /allocations/59103085-ae74-4b1b-905b-0847da403d4b" status: 200 len: 258 microversion: 1.28 [pid: 8|app: 0|req: 498/980] 199.204.45.223 () {34 vars in 863 bytes} [Tue Aug 11 14:20:57 2026] GET /allocations/59103085-ae74-4b1b-905b-0847da403d4b => generated 258 bytes in 16 msecs (HTTP/1.1 200) 8 headers in 296 bytes (1 switches on core 0)
2026-08-11 14:20:58.384 7 INFO placement.requestlog [req-280a3e49-3fd2-47e1-9c27-547322aee4d8 req-88aeed91-b2a1-438c-bbcb-351cc69a9db5 7ee06bbec5334e7d8a051248d8f7d6ae 062714c9880c457e834133b904bbb2c7 - - 7512886badab4db48f12156ea64010cb 7512886badab4db48f12156ea64010cb] 199.204.45.223 "GET /resource_providers/b55333df-4fc6-4180-ad13-70660f5ed392/allocations" status: 200 len: 253 microversion: 1.0 [pid: 7|app: 0|req: 483/981] 199.204.45.223 () {32 vars in 857 bytes} [Tue Aug 11 14:20:58 2026] GET /resource_providers/b55333df-4fc6-4180-ad13-70660f5ed392/allocations => generated 253 bytes in 17 msecs (HTTP/1.1 200) 6 headers in 224 bytes (1 switches on core 0)
2026-08-11 14:20:58.406 8 INFO placement.requestlog [req-280a3e49-3fd2-47e1-9c27-547322aee4d8 req-3e62c335-5189-4f15-aca5-29591b53b5b8 7ee06bbec5334e7d8a051248d8f7d6ae 062714c9880c457e834133b904bbb2c7 - - 7512886badab4db48f12156ea64010cb 7512886badab4db48f12156ea64010cb] 199.204.45.223 "GET /allocations/59103085-ae74-4b1b-905b-0847da403d4b" status: 200 len: 258 microversion: 1.28 [pid: 8|app: 0|req: 499/982] 199.204.45.223 () {34 vars in 863 bytes} [Tue Aug 11 14:20:58 2026] GET /allocations/59103085-ae74-4b1b-905b-0847da403d4b => generated 258 bytes in 18 msecs (HTTP/1.1 200) 8 headers in 296 bytes (1 switches on core 0)
2026-08-11 14:20:58.428 7 INFO placement.requestlog [req-280a3e49-3fd2-47e1-9c27-547322aee4d8 req-6d82f269-d36b-40a2-833f-ee084d4bb924 7ee06bbec5334e7d8a051248d8f7d6ae 062714c9880c457e834133b904bbb2c7 - - 7512886badab4db48f12156ea64010cb 7512886badab4db48f12156ea64010cb] 199.204.45.223 "GET /allocations/0bc40157-16ff-47a8-a942-98b3c58c6766" status: 200 len: 258 microversion: 1.28 [pid: 7|app: 0|req: 484/983] 199.204.45.223 () {34 vars in 863 bytes} [Tue Aug 11 14:20:58 2026] GET /allocations/0bc40157-16ff-47a8-a942-98b3c58c6766 => generated 258 bytes in 13 msecs (HTTP/1.1 200) 8 headers in 296 bytes (1 switches on core 0)
2026-08-11 14:20:58.849 8 INFO placement.requestlog [None req-8a7b8ab4-b1c1-4af2-b938-5f70deb37e42 d9dcbd9b835d438988dba8b340db6bd2 062714c9880c457e834133b904bbb2c7 - - 7512886badab4db48f12156ea64010cb 7512886badab4db48f12156ea64010cb] 10.0.0.137 "GET /resource_providers/f0e1e7aa-1962-4c2f-8b3a-7e74b6fcc0bd/aggregates" status: 404 len: 235 microversion: 1.1 [pid: 8|app: 0|req: 500/984] 10.0.0.137 () {32 vars in 816 bytes} [Tue Aug 11 14:20:58 2026] GET /resource_providers/f0e1e7aa-1962-4c2f-8b3a-7e74b6fcc0bd/aggregates => generated 235 bytes in 9 msecs (HTTP/1.1 404) 5 headers in 202 bytes (1 switches on core 0)
2026-08-11 14:20:58.855 7 INFO placement.requestlog [None req-5515a8a0-22f3-499a-a104-dc81af90c116 d9dcbd9b835d438988dba8b340db6bd2 062714c9880c457e834133b904bbb2c7 - - 7512886badab4db48f12156ea64010cb 7512886badab4db48f12156ea64010cb] 10.0.0.137 "GET /resource_providers/f0e1e7aa-1962-4c2f-8b3a-7e74b6fcc0bd/aggregates" status: 404 len: 235 microversion: 1.1 [pid: 7|app: 0|req: 485/985] 10.0.0.137 () {32 vars in 816 bytes} [Tue Aug 11 14:20:58 2026] GET /resource_providers/f0e1e7aa-1962-4c2f-8b3a-7e74b6fcc0bd/aggregates => generated 235 bytes in 13 msecs (HTTP/1.1 404) 5 headers in 202 bytes (1 switches on core 0)
2026-08-11 14:20:58.867 8 INFO placement.requestlog [None req-466e81bc-6813-4cb2-a8c5-48f349572d49 d9dcbd9b835d438988dba8b340db6bd2 062714c9880c457e834133b904bbb2c7 - - 7512886badab4db48f12156ea64010cb 7512886badab4db48f12156ea64010cb] 10.0.0.137 "DELETE /resource_providers/f0e1e7aa-1962-4c2f-8b3a-7e74b6fcc0bd" status: 404 len: 246 microversion: 1.1 [pid: 8|app: 0|req: 501/986] 10.0.0.137 () {34 vars in 816 bytes} [Tue Aug 11 14:20:58 2026] DELETE /resource_providers/f0e1e7aa-1962-4c2f-8b3a-7e74b6fcc0bd => generated 246 bytes in 9 msecs (HTTP/1.1 404) 6 headers in 231 bytes (1 switches on core 0)
2026-08-11 14:20:58.869 7 INFO placement.requestlog [None req-fdd1526a-93e2-401f-a650-721cc8be4fa3 d9dcbd9b835d438988dba8b340db6bd2 062714c9880c457e834133b904bbb2c7 - - 7512886badab4db48f12156ea64010cb 7512886badab4db48f12156ea64010cb] 10.0.0.137 "DELETE /resource_providers/f0e1e7aa-1962-4c2f-8b3a-7e74b6fcc0bd" status: 404 len: 246 microversion: 1.1 [pid: 7|app: 0|req: 486/987] 10.0.0.137 () {34 vars in 816 bytes} [Tue Aug 11 14:20:58 2026] DELETE /resource_providers/f0e1e7aa-1962-4c2f-8b3a-7e74b6fcc0bd => generated 246 bytes in 8 msecs (HTTP/1.1 404) 6 headers in 231 bytes (1 switches on core 0)
2026-08-11 14:20:58.885 8 INFO placement.requestlog [None req-83ce5035-2ed8-4025-ad41-5e90353f9f16 d9dcbd9b835d438988dba8b340db6bd2 062714c9880c457e834133b904bbb2c7 - - 7512886badab4db48f12156ea64010cb 7512886badab4db48f12156ea64010cb] 10.0.0.137 "GET /resource_providers/b7ae5b9b-6561-4ca6-ba10-7161128558e5/aggregates" status: 404 len: 235 microversion: 1.1 [pid: 8|app: 0|req: 502/988] 10.0.0.137 () {32 vars in 816 bytes} [Tue Aug 11 14:20:58 2026] GET /resource_providers/b7ae5b9b-6561-4ca6-ba10-7161128558e5/aggregates => generated 235 bytes in 10 msecs (HTTP/1.1 404) 5 headers in 202 bytes (1 switches on core 0)
2026-08-11 14:20:58.895 7 INFO placement.requestlog [None req-20f41006-f23d-41d4-a151-4b1d9edaeaf1 d9dcbd9b835d438988dba8b340db6bd2 062714c9880c457e834133b904bbb2c7 - - 7512886badab4db48f12156ea64010cb 7512886badab4db48f12156ea64010cb] 10.0.0.137 "GET /resource_providers/b7ae5b9b-6561-4ca6-ba10-7161128558e5/aggregates" status: 404 len: 235 microversion: 1.1 [pid: 7|app: 0|req: 487/989] 10.0.0.137 () {32 vars in 816 bytes} [Tue Aug 11 14:20:58 2026] GET /resource_providers/b7ae5b9b-6561-4ca6-ba10-7161128558e5/aggregates => generated 235 bytes in 17 msecs (HTTP/1.1 404) 5 headers in 202 bytes (1 switches on core 0)
2026-08-11 14:20:58.905 8 INFO placement.requestlog [None req-8c0b1092-56be-4004-a5de-e4162a73d55b d9dcbd9b835d438988dba8b340db6bd2 062714c9880c457e834133b904bbb2c7 - - 7512886badab4db48f12156ea64010cb 7512886badab4db48f12156ea64010cb] 10.0.0.137 "DELETE /resource_providers/b7ae5b9b-6561-4ca6-ba10-7161128558e5" status: 404 len: 246 microversion: 1.1 [pid: 8|app: 0|req: 503/990] 10.0.0.137 () {34 vars in 816 bytes} [Tue Aug 11 14:20:58 2026] DELETE /resource_providers/b7ae5b9b-6561-4ca6-ba10-7161128558e5 => generated 246 bytes in 11 msecs (HTTP/1.1 404) 6 headers in 231 bytes (1 switches on core 0)
2026-08-11 14:20:58.909 7 INFO placement.requestlog [None req-c8c5b478-37c4-4b13-8da5-0c47c318aaca d9dcbd9b835d438988dba8b340db6bd2 062714c9880c457e834133b904bbb2c7 - - 7512886badab4db48f12156ea64010cb 7512886badab4db48f12156ea64010cb] 10.0.0.137 "DELETE /resource_providers/b7ae5b9b-6561-4ca6-ba10-7161128558e5" status: 404 len: 246 microversion: 1.1 [pid: 7|app: 0|req: 488/991] 10.0.0.137 () {34 vars in 816 bytes} [Tue Aug 11 14:20:58 2026] DELETE /resource_providers/b7ae5b9b-6561-4ca6-ba10-7161128558e5 => generated 246 bytes in 10 msecs (HTTP/1.1 404) 6 headers in 231 bytes (1 switches on core 0)
2026-08-11 14:20:58.926 7 INFO placement.requestlog [None req-9c8fb86f-082d-46bd-a7da-899a9fe51b33 d9dcbd9b835d438988dba8b340db6bd2 062714c9880c457e834133b904bbb2c7 - - 7512886badab4db48f12156ea64010cb 7512886badab4db48f12156ea64010cb] 10.0.0.137 "GET /resource_providers/5ffe751a-f90c-4d89-9f5c-1022208c3c87/aggregates" status: 404 len: 235 microversion: 1.1 [pid: 7|app: 0|req: 489/992] 10.0.0.137 () {32 vars in 816 bytes} [Tue Aug 11 14:20:58 2026] GET /resource_providers/5ffe751a-f90c-4d89-9f5c-1022208c3c87/aggregates => generated 235 bytes in 7 msecs (HTTP/1.1 404) 5 headers in 202 bytes (1 switches on core 0)
2026-08-11 14:20:58.926 8 INFO placement.requestlog [None req-57f396e0-89cd-42e9-a9fc-5aaa7832b484 d9dcbd9b835d438988dba8b340db6bd2 062714c9880c457e834133b904bbb2c7 - - 7512886badab4db48f12156ea64010cb 7512886badab4db48f12156ea64010cb] 10.0.0.137 "GET /resource_providers/5ffe751a-f90c-4d89-9f5c-1022208c3c87/aggregates" status: 404 len: 235 microversion: 1.1 [pid: 8|app: 0|req: 504/993] 10.0.0.137 () {32 vars in 816 bytes} [Tue Aug 11 14:20:58 2026] GET /resource_providers/5ffe751a-f90c-4d89-9f5c-1022208c3c87/aggregates => generated 235 bytes in 9 msecs (HTTP/1.1 404) 5 headers in 202 bytes (1 switches on core 0)
2026-08-11 14:20:58.946 7 INFO placement.requestlog [None req-dfa6a89c-4d68-47c8-b6de-5fe428c0b65e d9dcbd9b835d438988dba8b340db6bd2 062714c9880c457e834133b904bbb2c7 - - 7512886badab4db48f12156ea64010cb 7512886badab4db48f12156ea64010cb] 10.0.0.137 "DELETE /resource_providers/5ffe751a-f90c-4d89-9f5c-1022208c3c87" status: 404 len: 246 microversion: 1.1 [pid: 7|app: 0|req: 490/994] 10.0.0.137 () {34 vars in 816 bytes} [Tue Aug 11 14:20:58 2026] DELETE /resource_providers/5ffe751a-f90c-4d89-9f5c-1022208c3c87 => generated 246 bytes in 13 msecs (HTTP/1.1 404) 6 headers in 231 bytes (1 switches on core 0)
2026-08-11 14:20:58.950 8 INFO placement.requestlog [None req-76dbdfdd-be6f-47a6-b047-e0d1438e51d4 d9dcbd9b835d438988dba8b340db6bd2 062714c9880c457e834133b904bbb2c7 - - 7512886badab4db48f12156ea64010cb 7512886badab4db48f12156ea64010cb] 10.0.0.137 "DELETE /resource_providers/5ffe751a-f90c-4d89-9f5c-1022208c3c87" status: 404 len: 246 microversion: 1.1 [pid: 8|app: 0|req: 505/995] 10.0.0.137 () {34 vars in 816 bytes} [Tue Aug 11 14:20:58 2026] DELETE /resource_providers/5ffe751a-f90c-4d89-9f5c-1022208c3c87 => generated 246 bytes in 13 msecs (HTTP/1.1 404) 6 headers in 231 bytes (1 switches on core 0)
2026-08-11 14:20:58.962 7 INFO placement.requestlog [None req-e9ca0715-93df-45c2-aefc-80de81c63145 d9dcbd9b835d438988dba8b340db6bd2 062714c9880c457e834133b904bbb2c7 - - 7512886badab4db48f12156ea64010cb 7512886badab4db48f12156ea64010cb] 10.0.0.137 "GET /resource_providers/423c659d-1db1-4973-86b2-14ad2b7a5dbc/aggregates" status: 404 len: 235 microversion: 1.1 [pid: 7|app: 0|req: 491/996] 10.0.0.137 () {32 vars in 816 bytes} [Tue Aug 11 14:20:58 2026] GET /resource_providers/423c659d-1db1-4973-86b2-14ad2b7a5dbc/aggregates => generated 235 bytes in 8 msecs (HTTP/1.1 404) 5 headers in 202 bytes (1 switches on core 0)
2026-08-11 14:20:58.977 7 INFO placement.requestlog [None req-b0667f61-b96f-4f9f-9f1a-e238d7f8f19f d9dcbd9b835d438988dba8b340db6bd2 062714c9880c457e834133b904bbb2c7 - - 7512886badab4db48f12156ea64010cb 7512886badab4db48f12156ea64010cb] 10.0.0.137 "DELETE /resource_providers/423c659d-1db1-4973-86b2-14ad2b7a5dbc" status: 404 len: 246 microversion: 1.1 [pid: 7|app: 0|req: 492/997] 10.0.0.137 () {34 vars in 816 bytes} [Tue Aug 11 14:20:58 2026] DELETE /resource_providers/423c659d-1db1-4973-86b2-14ad2b7a5dbc => generated 246 bytes in 8 msecs (HTTP/1.1 404) 6 headers in 231 bytes (1 switches on core 0)
2026-08-11 14:20:58.980 8 INFO placement.requestlog [None req-40a43dc7-2f27-4900-9a1f-004c46c3fcc8 d9dcbd9b835d438988dba8b340db6bd2 062714c9880c457e834133b904bbb2c7 - - 7512886badab4db48f12156ea64010cb 7512886badab4db48f12156ea64010cb] 10.0.0.137 "GET /resource_providers/423c659d-1db1-4973-86b2-14ad2b7a5dbc/aggregates" status: 404 len: 235 microversion: 1.1 [pid: 8|app: 0|req: 506/998] 10.0.0.137 () {32 vars in 816 bytes} [Tue Aug 11 14:20:58 2026] GET /resource_providers/423c659d-1db1-4973-86b2-14ad2b7a5dbc/aggregates => generated 235 bytes in 13 msecs (HTTP/1.1 404) 5 headers in 202 bytes (1 switches on core 0)
2026-08-11 14:20:59.005 7 INFO placement.requestlog [None req-a72dcc88-1319-4b33-a3d2-9d1385707877 d9dcbd9b835d438988dba8b340db6bd2 062714c9880c457e834133b904bbb2c7 - - 7512886badab4db48f12156ea64010cb 7512886badab4db48f12156ea64010cb] 10.0.0.137 "DELETE /resource_providers/423c659d-1db1-4973-86b2-14ad2b7a5dbc" status: 404 len: 246 microversion: 1.1 [pid: 7|app: 0|req: 493/999] 10.0.0.137 () {34 vars in 816 bytes} [Tue Aug 11 14:20:58 2026] DELETE /resource_providers/423c659d-1db1-4973-86b2-14ad2b7a5dbc => generated 246 bytes in 17 msecs (HTTP/1.1 404) 6 headers in 231 bytes (1 switches on core 0)
2026-08-11 14:21:00.118 8 INFO placement.requestlog [req-89ea1123-54d7-4930-907b-ea891eab4b1d req-c1c96417-ccfb-4a23-9e02-97674647c171 7ee06bbec5334e7d8a051248d8f7d6ae 062714c9880c457e834133b904bbb2c7 - - 7512886badab4db48f12156ea64010cb 7512886badab4db48f12156ea64010cb] 10.0.0.188 "GET /allocation_candidates?limit=1000&resources=DISK_GB%3A1%2CMEMORY_MB%3A512%2CVCPU%3A1&root_required=%21COMPUTE_STATUS_DISABLED" status: 200 len: 2784 microversion: 1.36 [pid: 8|app: 0|req: 507/1000] 10.0.0.188 () {34 vars in 1012 bytes} [Tue Aug 11 14:21:00 2026] GET /allocation_candidates?limit=1000&resources=DISK_GB%3A1%2CMEMORY_MB%3A512%2CVCPU%3A1&root_required=%21COMPUTE_STATUS_DISABLED => generated 2784 bytes in 61 msecs (HTTP/1.1 200) 8 headers in 297 bytes (1 switches on core 0)
2026-08-11 14:21:00.151 7 INFO placement.requestlog [req-89ea1123-54d7-4930-907b-ea891eab4b1d req-20713cfb-3197-4ef2-a592-b91bf637dd21 7ee06bbec5334e7d8a051248d8f7d6ae 062714c9880c457e834133b904bbb2c7 - - 7512886badab4db48f12156ea64010cb 7512886badab4db48f12156ea64010cb] 10.0.0.188 "GET /allocations/a29c0a57-19a0-425a-9852-b5e5f8335933" status: 200 len: 19 microversion: 1.28 [pid: 7|app: 0|req: 494/1001] 10.0.0.188 () {34 vars in 861 bytes} [Tue Aug 11 14:21:00 2026] GET /allocations/a29c0a57-19a0-425a-9852-b5e5f8335933 => generated 19 bytes in 12 msecs (HTTP/1.1 200) 8 headers in 295 bytes (1 switches on core 0)
2026-08-11 14:21:00.253 8 INFO placement.requestlog [req-89ea1123-54d7-4930-907b-ea891eab4b1d req-093948ed-7068-4ddd-89ed-d9a3705d3e9e 7ee06bbec5334e7d8a051248d8f7d6ae 062714c9880c457e834133b904bbb2c7 - - 7512886badab4db48f12156ea64010cb 7512886badab4db48f12156ea64010cb] 10.0.0.188 "PUT /allocations/a29c0a57-19a0-425a-9852-b5e5f8335933" status: 204 len: 0 microversion: 1.36 [pid: 8|app: 0|req: 508/1002] 10.0.0.188 () {38 vars in 914 bytes} [Tue Aug 11 14:21:00 2026] PUT /allocations/a29c0a57-19a0-425a-9852-b5e5f8335933 => generated 0 bytes in 96 msecs (HTTP/1.1 204) 5 headers in 199 bytes (1 switches on core 0)
2026-08-11 14:21:01.670 8 INFO placement.requestlog [None req-d1eb2826-2cad-43dd-a826-2aec4c4c882d - - - - - -] 10.0.0.24 "GET /" status: 200 len: 136 microversion: 1.0
2026-08-11 14:21:01.671 7 INFO placement.requestlog [None req-b725b4b9-2de5-4454-8956-0adf208124be - - - - - -] 10.0.0.24 "GET /" status: 200 len: 136 microversion: 1.0
2026-08-11 14:21:01.707 8 INFO placement.requestlog [req-89ea1123-54d7-4930-907b-ea891eab4b1d req-b12e7924-4043-4ada-aa7c-e93fa8b9a745 7ee06bbec5334e7d8a051248d8f7d6ae 062714c9880c457e834133b904bbb2c7 - - 7512886badab4db48f12156ea64010cb 7512886badab4db48f12156ea64010cb] 199.204.45.223 "GET /allocations/a29c0a57-19a0-425a-9852-b5e5f8335933" status: 200 len: 258 microversion: 1.28 [pid: 8|app: 0|req: 510/1005] 199.204.45.223 () {34 vars in 863 bytes} [Tue Aug 11 14:21:01 2026] GET /allocations/a29c0a57-19a0-425a-9852-b5e5f8335933 => generated 258 bytes in 9 msecs (HTTP/1.1 200) 8 headers in 296 bytes (1 switches on core 0)
2026-08-11 14:21:02.753 7 INFO placement.requestlog [req-89ea1123-54d7-4930-907b-ea891eab4b1d req-2352dda3-893b-4446-b133-732fc53c5582 7ee06bbec5334e7d8a051248d8f7d6ae 062714c9880c457e834133b904bbb2c7 - - 7512886badab4db48f12156ea64010cb 7512886badab4db48f12156ea64010cb] 199.204.45.223 "GET /resource_providers/b55333df-4fc6-4180-ad13-70660f5ed392/allocations" status: 200 len: 353 microversion: 1.0 [pid: 7|app: 0|req: 496/1006] 199.204.45.223 () {32 vars in 857 bytes} [Tue Aug 11 14:21:02 2026] GET /resource_providers/b55333df-4fc6-4180-ad13-70660f5ed392/allocations => generated 353 bytes in 16 msecs (HTTP/1.1 200) 6 headers in 224 bytes (1 switches on core 0)
2026-08-11 14:21:02.773 8 INFO placement.requestlog [req-89ea1123-54d7-4930-907b-ea891eab4b1d req-5b0593ad-475b-44cd-86ca-8cefc6471873 7ee06bbec5334e7d8a051248d8f7d6ae 062714c9880c457e834133b904bbb2c7 - - 7512886badab4db48f12156ea64010cb 7512886badab4db48f12156ea64010cb] 199.204.45.223 "GET /allocations/59103085-ae74-4b1b-905b-0847da403d4b" status: 200 len: 258 microversion: 1.28 [pid: 8|app: 0|req: 511/1007] 199.204.45.223 () {34 vars in 863 bytes} [Tue Aug 11 14:21:02 2026] GET /allocations/59103085-ae74-4b1b-905b-0847da403d4b => generated 258 bytes in 12 msecs (HTTP/1.1 200) 8 headers in 296 bytes (1 switches on core 0)
2026-08-11 14:21:02.794 7 INFO placement.requestlog [req-89ea1123-54d7-4930-907b-ea891eab4b1d req-595edfe0-8cb4-43ab-b337-7db08ed746dc 7ee06bbec5334e7d8a051248d8f7d6ae 062714c9880c457e834133b904bbb2c7 - - 7512886badab4db48f12156ea64010cb 7512886badab4db48f12156ea64010cb] 199.204.45.223 "GET /allocations/a29c0a57-19a0-425a-9852-b5e5f8335933" status: 200 len: 258 microversion: 1.28 [pid: 7|app: 0|req: 497/1008] 199.204.45.223 () {34 vars in 863 bytes} [Tue Aug 11 14:21:02 2026] GET /allocations/a29c0a57-19a0-425a-9852-b5e5f8335933 => generated 258 bytes in 14 msecs (HTTP/1.1 200) 8 headers in 296 bytes (1 switches on core 0)
2026-08-11 14:21:02.813 8 INFO placement.requestlog [req-89ea1123-54d7-4930-907b-ea891eab4b1d req-1c27039d-f87b-498c-a6c6-c88deac904cf 7ee06bbec5334e7d8a051248d8f7d6ae 062714c9880c457e834133b904bbb2c7 - - 7512886badab4db48f12156ea64010cb 7512886badab4db48f12156ea64010cb] 199.204.45.223 "GET /allocations/0bc40157-16ff-47a8-a942-98b3c58c6766" status: 200 len: 258 microversion: 1.28 [pid: 8|app: 0|req: 512/1009] 199.204.45.223 () {34 vars in 863 bytes} [Tue Aug 11 14:21:02 2026] GET /allocations/0bc40157-16ff-47a8-a942-98b3c58c6766 => generated 258 bytes in 14 msecs (HTTP/1.1 200) 8 headers in 296 bytes (1 switches on core 0)
2026-08-11 14:21:11.670 7 INFO placement.requestlog [None req-b857216e-c280-49b2-b076-339d005b67f3 - - - - - -] 10.0.0.24 "GET /" status: 200 len: 136 microversion: 1.0
2026-08-11 14:21:11.672 8 INFO placement.requestlog [None req-a9cde77d-2dec-435a-ae2c-6338570283f0 - - - - - -] 10.0.0.24 "GET /" status: 200 len: 136 microversion: 1.0
2026-08-11 14:21:12.093 8 INFO placement.requestlog [req-16325f46-8960-4717-8627-a371c87aec80 req-13ad1bf3-2d03-4d98-a2db-311a78e7f313 7ee06bbec5334e7d8a051248d8f7d6ae 062714c9880c457e834133b904bbb2c7 - - 7512886badab4db48f12156ea64010cb 7512886badab4db48f12156ea64010cb] 10.0.0.188 "GET /allocation_candidates?limit=1000&resources=DISK_GB%3A1%2CMEMORY_MB%3A512%2CVCPU%3A1&root_required=%21COMPUTE_STATUS_DISABLED" status: 200 len: 2784 microversion: 1.36 [pid: 8|app: 0|req: 514/1012] 10.0.0.188 () {34 vars in 1012 bytes} [Tue Aug 11 14:21:12 2026] GET /allocation_candidates?limit=1000&resources=DISK_GB%3A1%2CMEMORY_MB%3A512%2CVCPU%3A1&root_required=%21COMPUTE_STATUS_DISABLED => generated 2784 bytes in 45 msecs (HTTP/1.1 200) 8 headers in 297 bytes (1 switches on core 0)
2026-08-11 14:21:12.124 7 INFO placement.requestlog [req-16325f46-8960-4717-8627-a371c87aec80 req-a0ff48bc-2ce5-4e28-afbf-94a2fc5cba61 7ee06bbec5334e7d8a051248d8f7d6ae 062714c9880c457e834133b904bbb2c7 - - 7512886badab4db48f12156ea64010cb 7512886badab4db48f12156ea64010cb] 10.0.0.188 "GET /allocations/39b1f2de-384e-428f-8e57-651e742d249c" status: 200 len: 19 microversion: 1.28 [pid: 7|app: 0|req: 499/1013] 10.0.0.188 () {34 vars in 861 bytes} [Tue Aug 11 14:21:12 2026] GET /allocations/39b1f2de-384e-428f-8e57-651e742d249c => generated 19 bytes in 12 msecs (HTTP/1.1 200) 8 headers in 295 bytes (1 switches on core 0)
2026-08-11 14:21:12.218 8 INFO placement.requestlog [req-16325f46-8960-4717-8627-a371c87aec80 req-81d46cff-a4c0-47ba-82c4-d4c33a95fe28 7ee06bbec5334e7d8a051248d8f7d6ae 062714c9880c457e834133b904bbb2c7 - - 7512886badab4db48f12156ea64010cb 7512886badab4db48f12156ea64010cb] 10.0.0.188 "PUT /allocations/39b1f2de-384e-428f-8e57-651e742d249c" status: 204 len: 0 microversion: 1.36 [pid: 8|app: 0|req: 515/1014] 10.0.0.188 () {38 vars in 914 bytes} [Tue Aug 11 14:21:12 2026] PUT /allocations/39b1f2de-384e-428f-8e57-651e742d249c => generated 0 bytes in 88 msecs (HTTP/1.1 204) 5 headers in 199 bytes (1 switches on core 0)
2026-08-11 14:21:13.728 7 INFO placement.requestlog [req-16325f46-8960-4717-8627-a371c87aec80 req-a90251f9-b359-428d-8229-8316b78d54fc 7ee06bbec5334e7d8a051248d8f7d6ae 062714c9880c457e834133b904bbb2c7 - - 7512886badab4db48f12156ea64010cb 7512886badab4db48f12156ea64010cb] 199.204.45.223 "GET /allocations/39b1f2de-384e-428f-8e57-651e742d249c" status: 200 len: 258 microversion: 1.28 [pid: 7|app: 0|req: 500/1015] 199.204.45.223 () {34 vars in 863 bytes} [Tue Aug 11 14:21:13 2026] GET /allocations/39b1f2de-384e-428f-8e57-651e742d249c => generated 258 bytes in 22 msecs (HTTP/1.1 200) 8 headers in 296 bytes (1 switches on core 0)
2026-08-11 14:21:14.772 8 INFO placement.requestlog [req-16325f46-8960-4717-8627-a371c87aec80 req-6946d8b9-8c91-4c86-9054-8b3015004cc4 7ee06bbec5334e7d8a051248d8f7d6ae 062714c9880c457e834133b904bbb2c7 - - 7512886badab4db48f12156ea64010cb 7512886badab4db48f12156ea64010cb] 199.204.45.223 "GET /resource_providers/b55333df-4fc6-4180-ad13-70660f5ed392/allocations" status: 200 len: 453 microversion: 1.0 [pid: 8|app: 0|req: 516/1016] 199.204.45.223 () {32 vars in 857 bytes} [Tue Aug 11 14:21:14 2026] GET /resource_providers/b55333df-4fc6-4180-ad13-70660f5ed392/allocations => generated 453 bytes in 17 msecs (HTTP/1.1 200) 6 headers in 224 bytes (1 switches on core 0)
2026-08-11 14:21:14.789 7 INFO placement.requestlog [req-16325f46-8960-4717-8627-a371c87aec80 req-7313f755-7fdf-4cbf-aa3c-bc8fc3fb503a 7ee06bbec5334e7d8a051248d8f7d6ae 062714c9880c457e834133b904bbb2c7 - - 7512886badab4db48f12156ea64010cb 7512886badab4db48f12156ea64010cb] 199.204.45.223 "GET /allocations/59103085-ae74-4b1b-905b-0847da403d4b" status: 200 len: 258 microversion: 1.28 [pid: 7|app: 0|req: 501/1017] 199.204.45.223 () {34 vars in 863 bytes} [Tue Aug 11 14:21:14 2026] GET /allocations/59103085-ae74-4b1b-905b-0847da403d4b => generated 258 bytes in 12 msecs (HTTP/1.1 200) 8 headers in 296 bytes (1 switches on core 0)
2026-08-11 14:21:14.810 8 INFO placement.requestlog [req-16325f46-8960-4717-8627-a371c87aec80 req-c327380d-4a58-4ee1-92a4-50bcf8a7dad8 7ee06bbec5334e7d8a051248d8f7d6ae 062714c9880c457e834133b904bbb2c7 - - 7512886badab4db48f12156ea64010cb 7512886badab4db48f12156ea64010cb] 199.204.45.223 "GET /allocations/a29c0a57-19a0-425a-9852-b5e5f8335933" status: 200 len: 258 microversion: 1.28 [pid: 8|app: 0|req: 517/1018] 199.204.45.223 () {34 vars in 863 bytes} [Tue Aug 11 14:21:14 2026] GET /allocations/a29c0a57-19a0-425a-9852-b5e5f8335933 => generated 258 bytes in 15 msecs (HTTP/1.1 200) 8 headers in 296 bytes (1 switches on core 0)
