2026-06-09 23:38:04.987 10 INFO neutron.notifiers.nova [-] Nova event matching ['req-3bee239c-198c-49e0-b20f-819d9d09eb9f'] response: {'name': 'network-changed', 'server_uuid': '8231d74d-7860-4b62-b16e-7eb5ffdbcad1', 'tag': '0201da10-de9d-42f7-90ba-100649307428', 'status': 'completed', 'code': 200}
2026-06-09 23:38:05.060 10 INFO neutron.wsgi [req-b0611eae-a625-40b9-88e8-f8becfecb37c req-e882be75-f2dc-4122-a46b-d7120d21a059 e8f107aa72da412bbc0ea8f7ee0c8c44 df347551ee27486e886162979334894a - - 64cb136663874edbac2ca97158871181 64cb136663874edbac2ca97158871181] 199.19.213.180 "GET /v2.0/ports?tenant_id=bee5f3d9d67e40d4a51df0c1b6600e0e&device_id=8231d74d-7860-4b62-b16e-7eb5ffdbcad1 HTTP/1.1" status: 200 len: 2719 time: 0.0484784
2026-06-09 23:38:05.128 10 INFO neutron.wsgi [req-b0611eae-a625-40b9-88e8-f8becfecb37c req-554d2936-51bb-4549-bf25-a485b9ddfa15 e8f107aa72da412bbc0ea8f7ee0c8c44 df347551ee27486e886162979334894a - - 64cb136663874edbac2ca97158871181 64cb136663874edbac2ca97158871181] 199.19.213.180 "GET /v2.0/networks?id=16c204cb-b09e-4efc-8d87-60fda83b84bb HTTP/1.1" status: 200 len: 1005 time: 0.0617239
2026-06-09 23:38:05.159 10 INFO neutron.wsgi [req-b0611eae-a625-40b9-88e8-f8becfecb37c req-476e4c44-be04-40b0-849f-0a977367845c e8f107aa72da412bbc0ea8f7ee0c8c44 df347551ee27486e886162979334894a - - 64cb136663874edbac2ca97158871181 64cb136663874edbac2ca97158871181] 199.19.213.180 "GET /v2.0/floatingips?fixed_ip_address=10.1.1.180&port_id=0201da10-de9d-42f7-90ba-100649307428 HTTP/1.1" status: 200 len: 217 time: 0.0249963
2026-06-09 23:38:05.199 10 INFO neutron.wsgi [req-b0611eae-a625-40b9-88e8-f8becfecb37c req-c306b0ca-ba7b-4166-babb-13d260055a1a e8f107aa72da412bbc0ea8f7ee0c8c44 df347551ee27486e886162979334894a - - 64cb136663874edbac2ca97158871181 64cb136663874edbac2ca97158871181] 199.19.213.180 "GET /v2.0/subnets?id=81b5edaa-65db-4356-ae00-4e7158181a8e HTTP/1.1" status: 200 len: 853 time: 0.0326571
2026-06-09 23:38:05.236 10 INFO neutron.wsgi [req-b0611eae-a625-40b9-88e8-f8becfecb37c req-f76ccc8c-9eb7-4907-9a64-79ab28787600 e8f107aa72da412bbc0ea8f7ee0c8c44 df347551ee27486e886162979334894a - - 64cb136663874edbac2ca97158871181 64cb136663874edbac2ca97158871181] 199.19.213.180 "GET /v2.0/ports?network_id=16c204cb-b09e-4efc-8d87-60fda83b84bb&device_owner=network%3Adhcp HTTP/1.1" status: 200 len: 210 time: 0.0304163
2026-06-09 23:38:05.317 10 INFO neutron.wsgi [req-b0611eae-a625-40b9-88e8-f8becfecb37c req-23fbe104-33ec-437e-b1b2-a4b912ff1b1d e8f107aa72da412bbc0ea8f7ee0c8c44 df347551ee27486e886162979334894a - - 64cb136663874edbac2ca97158871181 64cb136663874edbac2ca97158871181] 199.19.213.180 "GET /v2.0/networks/16c204cb-b09e-4efc-8d87-60fda83b84bb?fields=segments HTTP/1.1" status: 200 len: 212 time: 0.0744998
2026-06-09 23:38:05.395 10 INFO neutron.wsgi [req-b0611eae-a625-40b9-88e8-f8becfecb37c req-c2f5e3bd-d2cf-4b09-91fb-6a5ca67999d5 e8f107aa72da412bbc0ea8f7ee0c8c44 df347551ee27486e886162979334894a - - 64cb136663874edbac2ca97158871181 64cb136663874edbac2ca97158871181] 199.19.213.180 "GET /v2.0/networks/16c204cb-b09e-4efc-8d87-60fda83b84bb?fields=provider%3Aphysical_network&fields=provider%3Anetwork_type HTTP/1.1" status: 200 len: 277 time: 0.0685036
2026-06-09 23:38:15.283 10 WARNING neutron_lib.context [None req-dbc02012-787b-40e4-8448-0386304d9ff6 bdafc31b42cb487cac40f99cde74ecc9 e602402b4f5c490d8ca248cba19268c1 - - default default] Method 'is_advsvc' is deprecated since 2023.2 release (neutron-lib 3.8.0) and will be removed once support for the old RBAC API policies will be removed from Neutron. Please use method 'is_service_role' instead.
2026-06-09 23:38:15.556 10 WARNING neutron.scheduler.dhcp_agent_scheduler [None req-dbc02012-787b-40e4-8448-0386304d9ff6 bdafc31b42cb487cac40f99cde74ecc9 e602402b4f5c490d8ca248cba19268c1 - - default default] No more DHCP agents
2026-06-09 23:38:15.557 10 WARNING neutron.api.rpc.agentnotifiers.dhcp_rpc_agent_api [None req-dbc02012-787b-40e4-8448-0386304d9ff6 bdafc31b42cb487cac40f99cde74ecc9 e602402b4f5c490d8ca248cba19268c1 - - default default] Unable to schedule network befa6829-8862-4ba6-a890-7e7cea14ba8b: no agents available; will retry on subsequent port and subnet creation events.
2026-06-09 23:38:16.623 10 INFO neutron.db.ovn_revision_numbers_db [None req-dbc02012-787b-40e4-8448-0386304d9ff6 bdafc31b42cb487cac40f99cde74ecc9 e602402b4f5c490d8ca248cba19268c1 - - default default] Successfully bumped revision number for resource 926e7e54-3605-488f-aeae-9c83b7c3160d (type: floatingips) to -1
2026-06-09 23:38:16.752 10 INFO neutron.db.ovn_revision_numbers_db [None req-dbc02012-787b-40e4-8448-0386304d9ff6 bdafc31b42cb487cac40f99cde74ecc9 e602402b4f5c490d8ca248cba19268c1 - - default default] Successfully bumped revision number for resource 926e7e54-3605-488f-aeae-9c83b7c3160d (type: floatingips) to 1
2026-06-09 23:38:16.753 10 INFO neutron.db.l3_db [None req-dbc02012-787b-40e4-8448-0386304d9ff6 bdafc31b42cb487cac40f99cde74ecc9 e602402b4f5c490d8ca248cba19268c1 - - default default] Floating IP 926e7e54-3605-488f-aeae-9c83b7c3160d associated. External IP: 10.96.250.218, port: 3ed74032-830f-4afb-9a85-7ad3ac738019.
2026-06-09 23:38:16.792 10 INFO neutron.wsgi [None req-dbc02012-787b-40e4-8448-0386304d9ff6 bdafc31b42cb487cac40f99cde74ecc9 e602402b4f5c490d8ca248cba19268c1 - - default default] 10.0.0.145 "POST /v2.0/floatingips HTTP/1.1" status: 201 len: 1097 time: 1.5139327
2026-06-09 23:38:17.568 10 INFO neutron.wsgi [-] 10.0.0.84 "GET / HTTP/1.1" status: 200 len: 246 time: 0.0031111
2026-06-09 23:38:17.568 9 INFO neutron.wsgi [-] 10.0.0.84 "GET / HTTP/1.1" status: 200 len: 246 time: 0.0040455 /var/lib/openstack/lib/python3.10/site-packages/pycadf/identifier.py:71: UserWarning: Invalid uuid: neutron. To ensure interoperability, identifiers should be a valid uuid. warnings.warn(('Invalid uuid: %s. To ensure interoperability, '
2026-06-09 23:38:19.633 10 INFO neutron.wsgi [None req-05814efe-c3de-4a53-82b9-b77619025c0c 838187f134094579ae582ee7acd150f3 bee5f3d9d67e40d4a51df0c1b6600e0e - - default default] 199.19.213.180 "GET /v2.0/extensions/security-group HTTP/1.1" status: 200 len: 369 time: 0.0064712
2026-06-09 23:38:19.640 10 INFO neutron.wsgi [None req-5bc59eb4-9983-44ac-8a64-b5abcc4d9fa8 838187f134094579ae582ee7acd150f3 bee5f3d9d67e40d4a51df0c1b6600e0e - - default default] 199.19.213.180 "GET /v2.0/extensions/dns-integration HTTP/1.1" status: 200 len: 371 time: 0.0032985
2026-06-09 23:38:19.648 10 INFO neutron.wsgi [None req-48e44ceb-304b-4aa2-9e97-166b352afcbc 838187f134094579ae582ee7acd150f3 bee5f3d9d67e40d4a51df0c1b6600e0e - - default default] 199.19.213.180 "GET /v2.0/extensions/qos HTTP/1.1" status: 200 len: 365 time: 0.0042748
2026-06-09 23:38:19.657 10 INFO neutron.wsgi [None req-300a3e00-b075-445d-bf00-cac74165ea0a 838187f134094579ae582ee7acd150f3 bee5f3d9d67e40d4a51df0c1b6600e0e - - default default] 199.19.213.180 "GET /v2.0/extensions/allowed-address-pairs HTTP/1.1" status: 200 len: 383 time: 0.0043740
2026-06-09 23:38:19.672 10 INFO neutron.api.v2.resource [None req-99c50c59-7f30-43a4-b260-b47e131cc73e 838187f134094579ae582ee7acd150f3 bee5f3d9d67e40d4a51df0c1b6600e0e - - default default] show failed (client error): The resource could not be found.
2026-06-09 23:38:19.674 10 INFO neutron.wsgi [None req-99c50c59-7f30-43a4-b260-b47e131cc73e 838187f134094579ae582ee7acd150f3 bee5f3d9d67e40d4a51df0c1b6600e0e - - default default] 199.19.213.180 "GET /v2.0/security-groups/lb-ffcec56c-211d-4f49-bf15-6ec58eec46ec HTTP/1.1" status: 404 len: 355 time: 0.0095577
2026-06-09 23:38:19.685 9 INFO neutron.db.ovn_revision_numbers_db [None req-97547c97-8a45-4f18-88cb-58ab1e425717 - - - - - -] Successfully bumped revision number for resource 3ed74032-830f-4afb-9a85-7ad3ac738019 (type: ports) to 4
2026-06-09 23:38:19.713 10 INFO neutron.wsgi [None req-a7be97ff-429f-42aa-a67c-5a33094ee68a 838187f134094579ae582ee7acd150f3 bee5f3d9d67e40d4a51df0c1b6600e0e - - default default] 199.19.213.180 "GET /v2.0/security-groups?name=lb-ffcec56c-211d-4f49-bf15-6ec58eec46ec HTTP/1.1" status: 200 len: 1837 time: 0.0352776
2026-06-09 23:38:19.763 10 INFO neutron.wsgi [None req-07c237cb-eb78-47fa-9d0e-4b3c76efb691 838187f134094579ae582ee7acd150f3 bee5f3d9d67e40d4a51df0c1b6600e0e - - default default] 199.19.213.180 "GET /v2.0/security-group-rules?security_group_id=ed4f55eb-a885-4ac2-8dc6-7a3495fc2f4c HTTP/1.1" status: 200 len: 1382 time: 0.0444388
2026-06-09 23:38:19.903 10 INFO neutron.db.ovn_revision_numbers_db [None req-d603b427-31d2-4a87-bea7-562cd1e2df2b 838187f134094579ae582ee7acd150f3 bee5f3d9d67e40d4a51df0c1b6600e0e - - default default] Successfully bumped revision number for resource f11841ca-42ce-4488-98e8-54ee466200fe (type: security_group_rules) to 0
2026-06-09 23:38:19.934 10 INFO neutron.wsgi [None req-d603b427-31d2-4a87-bea7-562cd1e2df2b 838187f134094579ae582ee7acd150f3 bee5f3d9d67e40d4a51df0c1b6600e0e - - default default] 199.19.213.180 "POST /v2.0/security-group-rules HTTP/1.1" status: 201 len: 805 time: 0.1617661
2026-06-09 23:38:20.070 10 INFO neutron.db.ovn_revision_numbers_db [None req-8e2e6d26-198a-4694-b58b-4cd8982f7721 838187f134094579ae582ee7acd150f3 bee5f3d9d67e40d4a51df0c1b6600e0e - - default default] Successfully bumped revision number for resource 47da63e7-b99c-46a1-80dc-462b1c2619cd (type: security_group_rules) to 0
2026-06-09 23:38:20.097 10 INFO neutron.wsgi [None req-8e2e6d26-198a-4694-b58b-4cd8982f7721 838187f134094579ae582ee7acd150f3 bee5f3d9d67e40d4a51df0c1b6600e0e - - default default] 199.19.213.180 "POST /v2.0/security-group-rules HTTP/1.1" status: 201 len: 801 time: 0.1548526
2026-06-09 23:38:27.562 9 INFO neutron.wsgi [None req-17742164-14d2-4ca4-8366-d2594b460643 838187f134094579ae582ee7acd150f3 bee5f3d9d67e40d4a51df0c1b6600e0e - - default default] 10.0.0.211 "GET /v2.0/extensions/security-group HTTP/1.1" status: 200 len: 369 time: 0.0072832
2026-06-09 23:38:27.570 9 INFO neutron.wsgi [None req-a354ef4b-862c-431a-88f5-47e6a67fce47 838187f134094579ae582ee7acd150f3 bee5f3d9d67e40d4a51df0c1b6600e0e - - default default] 10.0.0.211 "GET /v2.0/extensions/dns-integration HTTP/1.1" status: 200 len: 371 time: 0.0043442
2026-06-09 23:38:27.579 9 INFO neutron.wsgi [None req-e42df00c-a37e-467b-bb8d-4dcfa7b3039d 838187f134094579ae582ee7acd150f3 bee5f3d9d67e40d4a51df0c1b6600e0e - - default default] 10.0.0.211 "GET /v2.0/extensions/qos HTTP/1.1" status: 200 len: 365 time: 0.0041325
2026-06-09 23:38:27.588 9 INFO neutron.wsgi [None req-118f1976-a23b-4485-ba05-30d4ded1d04a 838187f134094579ae582ee7acd150f3 bee5f3d9d67e40d4a51df0c1b6600e0e - - default default] 10.0.0.211 "GET /v2.0/extensions/allowed-address-pairs HTTP/1.1" status: 200 len: 383 time: 0.0049009
2026-06-09 23:38:28.045 9 INFO neutron.wsgi [-] 10.0.0.211 "GET / HTTP/1.1" status: 200 len: 284 time: 0.0026157
2026-06-09 23:38:28.100 9 INFO neutron.wsgi [None req-7ccb6bf8-b5d4-4a43-9d8a-5c3f1cf4a387 bdafc31b42cb487cac40f99cde74ecc9 e602402b4f5c490d8ca248cba19268c1 - - default default] 10.0.0.211 "GET /v2.0/subnets/1cedc3d8-2eec-4bcc-ad63-1e24db4f4abb HTTP/1.1" status: 200 len: 830 time: 0.0372481
2026-06-09 23:38:28.980 9 INFO neutron.wsgi [None req-c027ba3f-fe1c-4a4c-83c7-8c8e5ca926b1 838187f134094579ae582ee7acd150f3 bee5f3d9d67e40d4a51df0c1b6600e0e - - default default] 10.0.0.153 "GET /v2.0/floatingips HTTP/1.1" status: 200 len: 2764 time: 0.1883714
2026-06-09 23:38:29.114 10 INFO neutron.wsgi [None req-8b342153-02e3-410a-9d1b-9a6f4259d7ef 838187f134094579ae582ee7acd150f3 bee5f3d9d67e40d4a51df0c1b6600e0e - - default default] 199.19.213.180 "GET /v2.0/extensions/security-group HTTP/1.1" status: 200 len: 369 time: 0.0087678
2026-06-09 23:38:29.124 10 INFO neutron.wsgi [None req-3e5c5fd9-f9cc-4d5f-915d-c9a6bcc69f12 838187f134094579ae582ee7acd150f3 bee5f3d9d67e40d4a51df0c1b6600e0e - - default default] 199.19.213.180 "GET /v2.0/extensions/dns-integration HTTP/1.1" status: 200 len: 371 time: 0.0040150
2026-06-09 23:38:29.135 10 INFO neutron.wsgi [None req-e237e10b-9c86-46cc-9a6a-447059d456be 838187f134094579ae582ee7acd150f3 bee5f3d9d67e40d4a51df0c1b6600e0e - - default default] 199.19.213.180 "GET /v2.0/extensions/qos HTTP/1.1" status: 200 len: 365 time: 0.0054731
2026-06-09 23:38:29.147 10 INFO neutron.wsgi [None req-5c8c0877-a0d8-4b47-b7ce-2263e827e286 838187f134094579ae582ee7acd150f3 bee5f3d9d67e40d4a51df0c1b6600e0e - - default default] 199.19.213.180 "GET /v2.0/extensions/allowed-address-pairs HTTP/1.1" status: 200 len: 383 time: 0.0057476
2026-06-09 23:38:29.189 10 INFO neutron.wsgi [None req-d7c96c27-3008-4f70-888b-87b03ce689b7 838187f134094579ae582ee7acd150f3 bee5f3d9d67e40d4a51df0c1b6600e0e - - default default] 199.19.213.180 "GET /v2.0/subnets/1cedc3d8-2eec-4bcc-ad63-1e24db4f4abb HTTP/1.1" status: 200 len: 848 time: 0.0365732
2026-06-09 23:38:29.246 10 INFO neutron.wsgi [None req-028cc64e-472a-4b43-94d0-7635f9957b8f 838187f134094579ae582ee7acd150f3 bee5f3d9d67e40d4a51df0c1b6600e0e - - default default] 199.19.213.180 "GET /v2.0/ports?device_id=8231d74d-7860-4b62-b16e-7eb5ffdbcad1 HTTP/1.1" status: 200 len: 2719 time: 0.0484228
2026-06-09 23:38:29.340 9 INFO neutron.wsgi [None req-f6d17c8d-6e50-4bf7-9405-9ea20276ba88 838187f134094579ae582ee7acd150f3 bee5f3d9d67e40d4a51df0c1b6600e0e - - default default] 10.0.0.153 "GET /v2.0/networks HTTP/1.1" status: 200 len: 4722 time: 0.3584032
2026-06-09 23:38:29.388 10 INFO neutron.wsgi [None req-b0e08f29-192e-4ab9-8c1c-448c6df0cb3e 838187f134094579ae582ee7acd150f3 bee5f3d9d67e40d4a51df0c1b6600e0e - - default default] 199.19.213.180 "GET /v2.0/extensions/security-group HTTP/1.1" status: 200 len: 369 time: 0.0070970
2026-06-09 23:38:29.396 9 INFO neutron.wsgi [None req-3354a8d4-db68-4153-bd46-71b1a4323fe7 838187f134094579ae582ee7acd150f3 bee5f3d9d67e40d4a51df0c1b6600e0e - - default default] 10.0.0.153 "GET /v2.0/security-groups HTTP/1.1" status: 200 len: 31654 time: 0.0521665
2026-06-09 23:38:29.397 10 INFO neutron.wsgi [None req-ee2a8285-2ce1-4a3e-b237-9ccb456bdad7 838187f134094579ae582ee7acd150f3 bee5f3d9d67e40d4a51df0c1b6600e0e - - default default] 199.19.213.180 "GET /v2.0/extensions/dns-integration HTTP/1.1" status: 200 len: 371 time: 0.0049210
2026-06-09 23:38:29.408 10 INFO neutron.wsgi [None req-b233195f-887c-425e-bc1d-e01f9b46cc2e 838187f134094579ae582ee7acd150f3 bee5f3d9d67e40d4a51df0c1b6600e0e - - default default] 199.19.213.180 "GET /v2.0/extensions/qos HTTP/1.1" status: 200 len: 365 time: 0.0042613
2026-06-09 23:38:29.416 10 INFO neutron.wsgi [None req-79c2449e-bba6-4226-91b8-d5689c7d92bc 838187f134094579ae582ee7acd150f3 bee5f3d9d67e40d4a51df0c1b6600e0e - - default default] 199.19.213.180 "GET /v2.0/extensions/allowed-address-pairs HTTP/1.1" status: 200 len: 383 time: 0.0042555
2026-06-09 23:38:29.423 9 INFO neutron.wsgi [None req-cf5ee828-e851-4526-9659-9475f49d1762 838187f134094579ae582ee7acd150f3 bee5f3d9d67e40d4a51df0c1b6600e0e - - default default] 10.0.0.153 "GET /v2.0/network-ip-availabilities HTTP/1.1" status: 200 len: 3364 time: 0.0168571
2026-06-09 23:38:29.473 9 INFO neutron.wsgi [None req-82f17893-d8e8-4ae8-9bd8-694e59adf271 838187f134094579ae582ee7acd150f3 bee5f3d9d67e40d4a51df0c1b6600e0e - - default default] 10.0.0.153 "GET /v2.0/subnets HTTP/1.1" status: 200 len: 5496 time: 0.0491130
2026-06-09 23:38:29.515 9 INFO neutron.wsgi [None req-75371843-9643-46c5-85ce-4373fb7cd87e 838187f134094579ae582ee7acd150f3 bee5f3d9d67e40d4a51df0c1b6600e0e - - default default] 10.0.0.153 "GET /v2.0/agents HTTP/1.1" status: 200 len: 1390 time: 0.0398388
2026-06-09 23:38:29.567 9 INFO neutron.wsgi [None req-7fff613d-6a2c-459b-9a94-45d0bdccce04 838187f134094579ae582ee7acd150f3 bee5f3d9d67e40d4a51df0c1b6600e0e - - default default] 10.0.0.153 "GET /v2.0/subnets HTTP/1.1" status: 200 len: 5496 time: 0.0502386
2026-06-09 23:38:29.581 9 INFO neutron.wsgi [None req-1ce65545-197b-438b-a461-fe0f3de17b55 838187f134094579ae582ee7acd150f3 bee5f3d9d67e40d4a51df0c1b6600e0e - - default default] 10.0.0.153 "GET /v2.0/subnetpools HTTP/1.1" status: 200 len: 193 time: 0.0113726
2026-06-09 23:38:29.583 10 INFO neutron.wsgi [req-2f5c145b-ae58-480b-9bda-27328efcd51d req-889be69c-4072-4474-a87f-5ddc01243453 e8f107aa72da412bbc0ea8f7ee0c8c44 df347551ee27486e886162979334894a - - 64cb136663874edbac2ca97158871181 64cb136663874edbac2ca97158871181] 199.19.213.180 "GET /v2.0/networks/d3d801cc-14e4-4684-9100-89a375ba39ea?fields=segments HTTP/1.1" status: 200 len: 212 time: 0.0611577
2026-06-09 23:38:29.667 10 INFO neutron.wsgi [req-2f5c145b-ae58-480b-9bda-27328efcd51d req-3eab9b2c-ff89-4a7f-af4f-8b40d5caf66a e8f107aa72da412bbc0ea8f7ee0c8c44 df347551ee27486e886162979334894a - - 64cb136663874edbac2ca97158871181 64cb136663874edbac2ca97158871181] 199.19.213.180 "GET /v2.0/networks/d3d801cc-14e4-4684-9100-89a375ba39ea?fields=provider%3Aphysical_network&fields=provider%3Anetwork_type HTTP/1.1" status: 200 len: 277 time: 0.0768380
2026-06-09 23:38:29.678 9 INFO neutron.wsgi [None req-631c7449-df7c-4758-81d4-91b077021940 838187f134094579ae582ee7acd150f3 bee5f3d9d67e40d4a51df0c1b6600e0e - - default default] 10.0.0.153 "GET /v2.0/ports HTTP/1.1" status: 200 len: 22209 time: 0.0966077
2026-06-09 23:38:29.745 10 INFO neutron.wsgi [req-2f5c145b-ae58-480b-9bda-27328efcd51d req-68338f17-1bed-48e5-ab19-a8210c9a2f26 838187f134094579ae582ee7acd150f3 bee5f3d9d67e40d4a51df0c1b6600e0e - - default default] 199.19.213.180 "GET /v2.0/networks?id=d3d801cc-14e4-4684-9100-89a375ba39ea HTTP/1.1" status: 200 len: 1003 time: 0.0580575
2026-06-09 23:38:29.775 9 INFO neutron.wsgi [None req-a61be17b-421b-4a43-b7ad-8891c2c23ddb 838187f134094579ae582ee7acd150f3 bee5f3d9d67e40d4a51df0c1b6600e0e - - default default] 10.0.0.153 "GET /v2.0/routers HTTP/1.1" status: 200 len: 1140 time: 0.0818646
2026-06-09 23:38:29.794 9 INFO neutron.wsgi [None req-5d52ea5f-460b-4a88-9843-5dc5742cb00f 838187f134094579ae582ee7acd150f3 bee5f3d9d67e40d4a51df0c1b6600e0e - - default default] 10.0.0.153 "GET /v2.0/agents?binary=ovn-controller HTTP/1.1" status: 200 len: 591 time: 0.0180140
2026-06-09 23:38:30.075 10 WARNING neutron.scheduler.dhcp_agent_scheduler [req-2f5c145b-ae58-480b-9bda-27328efcd51d req-d089abf0-a2f3-43a4-8f01-565c9a8c997f 838187f134094579ae582ee7acd150f3 bee5f3d9d67e40d4a51df0c1b6600e0e - - default default] No more DHCP agents
2026-06-09 23:38:30.077 10 WARNING neutron.api.rpc.agentnotifiers.dhcp_rpc_agent_api [req-2f5c145b-ae58-480b-9bda-27328efcd51d req-d089abf0-a2f3-43a4-8f01-565c9a8c997f 838187f134094579ae582ee7acd150f3 bee5f3d9d67e40d4a51df0c1b6600e0e - - default default] Unable to schedule network d3d801cc-14e4-4684-9100-89a375ba39ea: no agents available; will retry on subsequent port and subnet creation events.
2026-06-09 23:38:30.255 10 INFO neutron.db.ovn_revision_numbers_db [req-2f5c145b-ae58-480b-9bda-27328efcd51d req-d089abf0-a2f3-43a4-8f01-565c9a8c997f 838187f134094579ae582ee7acd150f3 bee5f3d9d67e40d4a51df0c1b6600e0e - - default default] Successfully bumped revision number for resource a5731755-3f8a-48a9-a297-389d30624f63 (type: ports) to 1
2026-06-09 23:38:30.285 10 INFO neutron.wsgi [req-2f5c145b-ae58-480b-9bda-27328efcd51d req-d089abf0-a2f3-43a4-8f01-565c9a8c997f 838187f134094579ae582ee7acd150f3 bee5f3d9d67e40d4a51df0c1b6600e0e - - default default] 199.19.213.180 "POST /v2.0/ports HTTP/1.1" status: 201 len: 1500 time: 0.5334342 /var/lib/openstack/lib/python3.10/site-packages/pycadf/identifier.py:71: UserWarning: Invalid uuid: neutron. To ensure interoperability, identifiers should be a valid uuid. warnings.warn(('Invalid uuid: %s. To ensure interoperability, '
2026-06-09 23:38:30.752 10 INFO neutron.db.ovn_revision_numbers_db [req-2f5c145b-ae58-480b-9bda-27328efcd51d req-eedbf1b9-f727-4032-a81f-dfda0a254e54 e8f107aa72da412bbc0ea8f7ee0c8c44 df347551ee27486e886162979334894a - - 64cb136663874edbac2ca97158871181 64cb136663874edbac2ca97158871181] Successfully bumped revision number for resource a5731755-3f8a-48a9-a297-389d30624f63 (type: ports) to 2
2026-06-09 23:38:30.955 10 INFO neutron.db.ovn_revision_numbers_db [req-2f5c145b-ae58-480b-9bda-27328efcd51d req-eedbf1b9-f727-4032-a81f-dfda0a254e54 e8f107aa72da412bbc0ea8f7ee0c8c44 df347551ee27486e886162979334894a - - 64cb136663874edbac2ca97158871181 64cb136663874edbac2ca97158871181] Successfully bumped revision number for resource a5731755-3f8a-48a9-a297-389d30624f63 (type: ports) to 2
2026-06-09 23:38:30.975 10 INFO neutron.wsgi [req-2f5c145b-ae58-480b-9bda-27328efcd51d req-eedbf1b9-f727-4032-a81f-dfda0a254e54 e8f107aa72da412bbc0ea8f7ee0c8c44 df347551ee27486e886162979334894a - - 64cb136663874edbac2ca97158871181 64cb136663874edbac2ca97158871181] 199.19.213.180 "PUT /v2.0/ports/a5731755-3f8a-48a9-a297-389d30624f63 HTTP/1.1" status: 200 len: 1597 time: 0.6842933 /var/lib/openstack/lib/python3.10/site-packages/pycadf/identifier.py:71: UserWarning: Invalid uuid: neutron. To ensure interoperability, identifiers should be a valid uuid. warnings.warn(('Invalid uuid: %s. To ensure interoperability, '
2026-06-09 23:38:31.026 10 INFO neutron.notifiers.nova [-] Nova event matching ['req-0f1436a9-aa08-491d-8015-b3bdd017de63'] response: {'name': 'network-changed', 'server_uuid': '8231d74d-7860-4b62-b16e-7eb5ffdbcad1', 'tag': 'a5731755-3f8a-48a9-a297-389d30624f63', 'status': 'completed', 'code': 200}
2026-06-09 23:38:31.061 10 INFO neutron.wsgi [req-2f5c145b-ae58-480b-9bda-27328efcd51d req-4ac9f3b2-2114-4f2d-98a9-fd739ab2ceb1 e8f107aa72da412bbc0ea8f7ee0c8c44 df347551ee27486e886162979334894a - - 64cb136663874edbac2ca97158871181 64cb136663874edbac2ca97158871181] 199.19.213.180 "GET /v2.0/ports?tenant_id=bee5f3d9d67e40d4a51df0c1b6600e0e&device_id=8231d74d-7860-4b62-b16e-7eb5ffdbcad1 HTTP/1.1" status: 200 len: 4136 time: 0.0490489
2026-06-09 23:38:31.090 10 INFO neutron.wsgi [req-2f5c145b-ae58-480b-9bda-27328efcd51d req-29bc46d7-fc4b-4f7b-b4f4-02a58c32ebc5 e8f107aa72da412bbc0ea8f7ee0c8c44 df347551ee27486e886162979334894a - - 64cb136663874edbac2ca97158871181 64cb136663874edbac2ca97158871181] 199.19.213.180 "GET /v2.0/floatingips?fixed_ip_address=172.24.1.4&port_id=bfed5bbd-da6a-4947-a7dd-17d1f20b9847 HTTP/1.1" status: 200 len: 217 time: 0.0220990
2026-06-09 23:38:31.138 10 INFO neutron.wsgi [req-2f5c145b-ae58-480b-9bda-27328efcd51d req-5515efdb-5133-4c79-9755-b9acfa02dabc e8f107aa72da412bbc0ea8f7ee0c8c44 df347551ee27486e886162979334894a - - 64cb136663874edbac2ca97158871181 64cb136663874edbac2ca97158871181] 199.19.213.180 "GET /v2.0/subnets?id=a432b8e8-cde4-472d-929d-42e9d1117f2d HTTP/1.1" status: 200 len: 829 time: 0.0398839
2026-06-09 23:38:31.170 10 INFO neutron.wsgi [req-2f5c145b-ae58-480b-9bda-27328efcd51d req-bd069722-a52e-4aa3-a9cf-08bd7a7f3b8a e8f107aa72da412bbc0ea8f7ee0c8c44 df347551ee27486e886162979334894a - - 64cb136663874edbac2ca97158871181 64cb136663874edbac2ca97158871181] 199.19.213.180 "GET /v2.0/ports?network_id=862c711b-9054-4156-827a-85f3ab7bf15a&device_owner=network%3Adhcp HTTP/1.1" status: 200 len: 210 time: 0.0255706
2026-06-09 23:38:31.253 10 INFO neutron.wsgi [req-2f5c145b-ae58-480b-9bda-27328efcd51d req-8a5ce7e7-a503-457b-9cbc-136b38d9c67d e8f107aa72da412bbc0ea8f7ee0c8c44 df347551ee27486e886162979334894a - - 64cb136663874edbac2ca97158871181 64cb136663874edbac2ca97158871181] 199.19.213.180 "GET /v2.0/networks/862c711b-9054-4156-827a-85f3ab7bf15a?fields=segments HTTP/1.1" status: 200 len: 212 time: 0.0754335
2026-06-09 23:38:31.348 10 INFO neutron.wsgi [req-2f5c145b-ae58-480b-9bda-27328efcd51d req-4d01f4b1-86e5-422e-8d16-22fad0ecf367 e8f107aa72da412bbc0ea8f7ee0c8c44 df347551ee27486e886162979334894a - - 64cb136663874edbac2ca97158871181 64cb136663874edbac2ca97158871181] 199.19.213.180 "GET /v2.0/networks/862c711b-9054-4156-827a-85f3ab7bf15a?fields=provider%3Aphysical_network&fields=provider%3Anetwork_type HTTP/1.1" status: 200 len: 277 time: 0.0853415
2026-06-09 23:38:31.379 10 INFO neutron.wsgi [req-2f5c145b-ae58-480b-9bda-27328efcd51d req-0eb1236a-bfdd-45ef-aabb-e69b8acbee4e e8f107aa72da412bbc0ea8f7ee0c8c44 df347551ee27486e886162979334894a - - 64cb136663874edbac2ca97158871181 64cb136663874edbac2ca97158871181] 199.19.213.180 "GET /v2.0/floatingips?fixed_ip_address=10.1.1.180&port_id=0201da10-de9d-42f7-90ba-100649307428 HTTP/1.1" status: 200 len: 217 time: 0.0246420
2026-06-09 23:38:31.417 10 INFO neutron.wsgi [req-2f5c145b-ae58-480b-9bda-27328efcd51d req-453b7b00-0af2-4ec5-a8dc-d7c0fb4c6540 e8f107aa72da412bbc0ea8f7ee0c8c44 df347551ee27486e886162979334894a - - 64cb136663874edbac2ca97158871181 64cb136663874edbac2ca97158871181] 199.19.213.180 "GET /v2.0/subnets?id=81b5edaa-65db-4356-ae00-4e7158181a8e HTTP/1.1" status: 200 len: 853 time: 0.0305510
2026-06-09 23:38:31.442 10 INFO neutron.wsgi [req-2f5c145b-ae58-480b-9bda-27328efcd51d req-c13e227c-a183-4c00-bc26-5b0cf3ebffd3 e8f107aa72da412bbc0ea8f7ee0c8c44 df347551ee27486e886162979334894a - - 64cb136663874edbac2ca97158871181 64cb136663874edbac2ca97158871181] 199.19.213.180 "GET /v2.0/ports?network_id=16c204cb-b09e-4efc-8d87-60fda83b84bb&device_owner=network%3Adhcp HTTP/1.1" status: 200 len: 210 time: 0.0195897
2026-06-09 23:38:31.511 10 INFO neutron.wsgi [req-2f5c145b-ae58-480b-9bda-27328efcd51d req-da435115-eaa1-4da1-b671-d29c4c7f50dc e8f107aa72da412bbc0ea8f7ee0c8c44 df347551ee27486e886162979334894a - - 64cb136663874edbac2ca97158871181 64cb136663874edbac2ca97158871181] 199.19.213.180 "GET /v2.0/networks/16c204cb-b09e-4efc-8d87-60fda83b84bb?fields=segments HTTP/1.1" status: 200 len: 212 time: 0.0623491
2026-06-09 23:38:31.767 10 INFO neutron.wsgi [req-2f5c145b-ae58-480b-9bda-27328efcd51d req-0d9abbf7-5e5e-4a14-a1eb-ecbab1bbe314 e8f107aa72da412bbc0ea8f7ee0c8c44 df347551ee27486e886162979334894a - - 64cb136663874edbac2ca97158871181 64cb136663874edbac2ca97158871181] 199.19.213.180 "GET /v2.0/networks/16c204cb-b09e-4efc-8d87-60fda83b84bb?fields=provider%3Aphysical_network&fields=provider%3Anetwork_type HTTP/1.1" status: 200 len: 277 time: 0.2496829
2026-06-09 23:38:31.797 10 INFO neutron.wsgi [req-2f5c145b-ae58-480b-9bda-27328efcd51d req-caa646e2-c921-4c43-9a64-1236977967d4 e8f107aa72da412bbc0ea8f7ee0c8c44 df347551ee27486e886162979334894a - - 64cb136663874edbac2ca97158871181 64cb136663874edbac2ca97158871181] 199.19.213.180 "GET /v2.0/floatingips?fixed_ip_address=10.2.1.6&port_id=a5731755-3f8a-48a9-a297-389d30624f63 HTTP/1.1" status: 200 len: 217 time: 0.0226085
2026-06-09 23:38:31.824 10 INFO neutron.wsgi [req-2f5c145b-ae58-480b-9bda-27328efcd51d req-e597e484-c414-4166-a34a-d48a1c0bc973 e8f107aa72da412bbc0ea8f7ee0c8c44 df347551ee27486e886162979334894a - - 64cb136663874edbac2ca97158871181 64cb136663874edbac2ca97158871181] 199.19.213.180 "GET /v2.0/floatingips?fixed_ip_address=fd7b%3Af9f7%3Afff%3A4eca%3A%3A2f3&port_id=a5731755-3f8a-48a9-a297-389d30624f63 HTTP/1.1" status: 200 len: 217 time: 0.0211599
2026-06-09 23:38:31.869 10 INFO neutron.wsgi [req-2f5c145b-ae58-480b-9bda-27328efcd51d req-d35ac4ff-b31e-432c-a38c-715fe9a5e37a e8f107aa72da412bbc0ea8f7ee0c8c44 df347551ee27486e886162979334894a - - 64cb136663874edbac2ca97158871181 64cb136663874edbac2ca97158871181] 199.19.213.180 "GET /v2.0/subnets?id=b3091b0a-791a-445f-b1bc-c9c2301a0893&id=1cedc3d8-2eec-4bcc-ad63-1e24db4f4abb HTTP/1.1" status: 200 len: 1562 time: 0.0361228
2026-06-09 23:38:31.901 10 INFO neutron.wsgi [req-2f5c145b-ae58-480b-9bda-27328efcd51d req-45fc9a9d-b33d-4480-829a-6db5b5791b2e e8f107aa72da412bbc0ea8f7ee0c8c44 df347551ee27486e886162979334894a - - 64cb136663874edbac2ca97158871181 64cb136663874edbac2ca97158871181] 199.19.213.180 "GET /v2.0/ports?network_id=d3d801cc-14e4-4684-9100-89a375ba39ea&device_owner=network%3Adhcp HTTP/1.1" status: 200 len: 210 time: 0.0210485
2026-06-09 23:38:31.929 10 INFO neutron.wsgi [req-2f5c145b-ae58-480b-9bda-27328efcd51d req-3eeb3fe0-aadd-46bc-ac4c-98c7c198a164 e8f107aa72da412bbc0ea8f7ee0c8c44 df347551ee27486e886162979334894a - - 64cb136663874edbac2ca97158871181 64cb136663874edbac2ca97158871181] 199.19.213.180 "GET /v2.0/ports?network_id=d3d801cc-14e4-4684-9100-89a375ba39ea&device_owner=network%3Adhcp HTTP/1.1" status: 200 len: 210 time: 0.0210514
2026-06-09 23:38:31.997 10 INFO neutron.wsgi [req-2f5c145b-ae58-480b-9bda-27328efcd51d req-b9000004-db76-4afd-ab59-b822a0b2fd47 e8f107aa72da412bbc0ea8f7ee0c8c44 df347551ee27486e886162979334894a - - 64cb136663874edbac2ca97158871181 64cb136663874edbac2ca97158871181] 199.19.213.180 "GET /v2.0/networks/d3d801cc-14e4-4684-9100-89a375ba39ea?fields=segments HTTP/1.1" status: 200 len: 212 time: 0.0600638
2026-06-09 23:38:32.055 10 INFO neutron.wsgi [req-2f5c145b-ae58-480b-9bda-27328efcd51d req-3e419964-a9ea-44f6-ae4d-013a70844fb6 e8f107aa72da412bbc0ea8f7ee0c8c44 df347551ee27486e886162979334894a - - 64cb136663874edbac2ca97158871181 64cb136663874edbac2ca97158871181] 199.19.213.180 "GET /v2.0/networks/d3d801cc-14e4-4684-9100-89a375ba39ea?fields=provider%3Aphysical_network&fields=provider%3Anetwork_type HTTP/1.1" status: 200 len: 277 time: 0.0496502
2026-06-09 23:38:32.160 10 INFO neutron.wsgi [req-04213fa6-40f4-4ed2-b052-f95775728e5a req-ed5a85d8-849a-43be-8836-0e8a9db3d598 e8f107aa72da412bbc0ea8f7ee0c8c44 df347551ee27486e886162979334894a - - 64cb136663874edbac2ca97158871181 64cb136663874edbac2ca97158871181] 199.19.213.180 "GET /v2.0/ports?tenant_id=bee5f3d9d67e40d4a51df0c1b6600e0e&device_id=8231d74d-7860-4b62-b16e-7eb5ffdbcad1 HTTP/1.1" status: 200 len: 4136 time: 0.0547602
2026-06-09 23:38:32.179 10 INFO neutron.plugins.ml2.drivers.ovn.mech_driver.mech_driver [None req-96a4567b-270c-4625-b81f-f2856ab73c05 - - - - - -] OVN reports status up for port: a5731755-3f8a-48a9-a297-389d30624f63
2026-06-09 23:38:32.206 10 INFO neutron.plugins.ml2.plugin [None req-96a4567b-270c-4625-b81f-f2856ab73c05 - - - - - -] Attempt 1 to provision port a5731755-3f8a-48a9-a297-389d30624f63
2026-06-09 23:38:32.245 10 INFO neutron.wsgi [req-04213fa6-40f4-4ed2-b052-f95775728e5a req-d5ec390b-fe03-4613-b550-e03a435ac962 e8f107aa72da412bbc0ea8f7ee0c8c44 df347551ee27486e886162979334894a - - 64cb136663874edbac2ca97158871181 64cb136663874edbac2ca97158871181] 199.19.213.180 "GET /v2.0/networks?id=d3d801cc-14e4-4684-9100-89a375ba39ea HTTP/1.1" status: 200 len: 1003 time: 0.0765920
2026-06-09 23:38:32.289 10 INFO neutron.wsgi [req-04213fa6-40f4-4ed2-b052-f95775728e5a req-9c55b052-f889-4605-aee0-28bc440ef128 e8f107aa72da412bbc0ea8f7ee0c8c44 df347551ee27486e886162979334894a - - 64cb136663874edbac2ca97158871181 64cb136663874edbac2ca97158871181] 199.19.213.180 "GET /v2.0/floatingips?fixed_ip_address=10.2.1.6&port_id=a5731755-3f8a-48a9-a297-389d30624f63 HTTP/1.1" status: 200 len: 217 time: 0.0285034
2026-06-09 23:38:32.325 10 INFO neutron.wsgi [req-04213fa6-40f4-4ed2-b052-f95775728e5a req-a293168a-29ab-464d-af97-5fe813141245 e8f107aa72da412bbc0ea8f7ee0c8c44 df347551ee27486e886162979334894a - - 64cb136663874edbac2ca97158871181 64cb136663874edbac2ca97158871181] 199.19.213.180 "GET /v2.0/floatingips?fixed_ip_address=fd7b%3Af9f7%3Afff%3A4eca%3A%3A2f3&port_id=a5731755-3f8a-48a9-a297-389d30624f63 HTTP/1.1" status: 200 len: 217 time: 0.0233855
2026-06-09 23:38:32.368 10 INFO neutron.wsgi [req-04213fa6-40f4-4ed2-b052-f95775728e5a req-d02179c9-3650-4d74-9d1b-ad573eb3872b e8f107aa72da412bbc0ea8f7ee0c8c44 df347551ee27486e886162979334894a - - 64cb136663874edbac2ca97158871181 64cb136663874edbac2ca97158871181] 199.19.213.180 "GET /v2.0/subnets?id=b3091b0a-791a-445f-b1bc-c9c2301a0893&id=1cedc3d8-2eec-4bcc-ad63-1e24db4f4abb HTTP/1.1" status: 200 len: 1562 time: 0.0366306
2026-06-09 23:38:32.400 10 INFO neutron.wsgi [req-04213fa6-40f4-4ed2-b052-f95775728e5a req-055e08d6-5c18-4f81-8a86-3f1c9efc86a7 e8f107aa72da412bbc0ea8f7ee0c8c44 df347551ee27486e886162979334894a - - 64cb136663874edbac2ca97158871181 64cb136663874edbac2ca97158871181] 199.19.213.180 "GET /v2.0/ports?network_id=d3d801cc-14e4-4684-9100-89a375ba39ea&device_owner=network%3Adhcp HTTP/1.1" status: 200 len: 210 time: 0.0249729
2026-06-09 23:38:32.437 10 INFO neutron.wsgi [req-04213fa6-40f4-4ed2-b052-f95775728e5a req-00698e35-e6d2-47dc-afa9-afeaeec53c35 e8f107aa72da412bbc0ea8f7ee0c8c44 df347551ee27486e886162979334894a - - 64cb136663874edbac2ca97158871181 64cb136663874edbac2ca97158871181] 199.19.213.180 "GET /v2.0/ports?network_id=d3d801cc-14e4-4684-9100-89a375ba39ea&device_owner=network%3Adhcp HTTP/1.1" status: 200 len: 210 time: 0.0319340
2026-06-09 23:38:32.521 9 INFO neutron.wsgi [req-2f5c145b-ae58-480b-9bda-27328efcd51d req-3cc8f250-2949-4cb6-8748-b55e47b508c3 838187f134094579ae582ee7acd150f3 bee5f3d9d67e40d4a51df0c1b6600e0e - - default default] 10.0.0.217 "GET /v2.0/ports/a5731755-3f8a-48a9-a297-389d30624f63 HTTP/1.1" status: 200 len: 1627 time: 0.1691060
2026-06-09 23:38:32.530 10 INFO neutron.wsgi [req-04213fa6-40f4-4ed2-b052-f95775728e5a req-7112fe62-1f50-42a8-912f-feb3365dc7ed e8f107aa72da412bbc0ea8f7ee0c8c44 df347551ee27486e886162979334894a - - 64cb136663874edbac2ca97158871181 64cb136663874edbac2ca97158871181] 199.19.213.180 "GET /v2.0/networks/d3d801cc-14e4-4684-9100-89a375ba39ea?fields=segments HTTP/1.1" status: 200 len: 212 time: 0.0780292
2026-06-09 23:38:32.566 9 INFO neutron.wsgi [-] 10.0.0.84 "GET / HTTP/1.1" status: 200 len: 246 time: 0.0023992
2026-06-09 23:38:32.571 9 INFO neutron.wsgi [-] 10.0.0.84 "GET / HTTP/1.1" status: 200 len: 246 time: 0.0021753
2026-06-09 23:38:32.590 10 INFO neutron.wsgi [None req-bb890723-ca56-4984-9732-bd452df09055 838187f134094579ae582ee7acd150f3 bee5f3d9d67e40d4a51df0c1b6600e0e - - default default] 199.19.213.180 "GET /v2.0/ports/a5731755-3f8a-48a9-a297-389d30624f63 HTTP/1.1" status: 200 len: 1627 time: 0.0596466
2026-06-09 23:38:32.647 10 INFO neutron.wsgi [None req-baa4e6e8-35b7-4a0a-858c-869999dad4ea 838187f134094579ae582ee7acd150f3 bee5f3d9d67e40d4a51df0c1b6600e0e - - default default] 199.19.213.180 "GET /v2.0/ports/a5731755-3f8a-48a9-a297-389d30624f63 HTTP/1.1" status: 200 len: 1627 time: 0.0481262
2026-06-09 23:38:32.651 10 INFO neutron.wsgi [req-04213fa6-40f4-4ed2-b052-f95775728e5a req-23de9832-656d-466e-907d-ea74e69ebedb e8f107aa72da412bbc0ea8f7ee0c8c44 df347551ee27486e886162979334894a - - 64cb136663874edbac2ca97158871181 64cb136663874edbac2ca97158871181] 199.19.213.180 "GET /v2.0/networks/d3d801cc-14e4-4684-9100-89a375ba39ea?fields=provider%3Aphysical_network&fields=provider%3Anetwork_type HTTP/1.1" status: 200 len: 277 time: 0.1155038
2026-06-09 23:38:32.665 10 INFO neutron.db.ovn_revision_numbers_db [None req-96a4567b-270c-4625-b81f-f2856ab73c05 - - - - - -] Successfully bumped revision number for resource a5731755-3f8a-48a9-a297-389d30624f63 (type: ports) to 4
2026-06-09 23:38:33.067 10 INFO neutron.notifiers.nova [-] Nova event matching ['req-119530ae-ad65-4cf6-ad26-6622e9ab9b4f'] response: {'server_uuid': '8231d74d-7860-4b62-b16e-7eb5ffdbcad1', 'name': 'network-vif-plugged', 'status': 'completed', 'tag': 'a5731755-3f8a-48a9-a297-389d30624f63', 'code': 200}
2026-06-09 23:38:33.068 10 INFO neutron.notifiers.nova [-] Nova event matching ['req-119530ae-ad65-4cf6-ad26-6622e9ab9b4f'] response: {'server_uuid': '8231d74d-7860-4b62-b16e-7eb5ffdbcad1', 'name': 'network-vif-plugged', 'status': 'completed', 'tag': 'a5731755-3f8a-48a9-a297-389d30624f63', 'code': 200}
2026-06-09 23:38:33.206 10 INFO neutron.db.ovn_revision_numbers_db [None req-8a303753-1eea-4b2e-ac19-5fe8ae3deb01 838187f134094579ae582ee7acd150f3 bee5f3d9d67e40d4a51df0c1b6600e0e - - default default] Successfully bumped revision number for resource a5731755-3f8a-48a9-a297-389d30624f63 (type: ports) to 5
2026-06-09 23:38:33.226 10 INFO neutron.wsgi [None req-8a303753-1eea-4b2e-ac19-5fe8ae3deb01 838187f134094579ae582ee7acd150f3 bee5f3d9d67e40d4a51df0c1b6600e0e - - default default] 199.19.213.180 "PUT /v2.0/ports/a5731755-3f8a-48a9-a297-389d30624f63 HTTP/1.1" status: 200 len: 1370 time: 0.5697370 /var/lib/openstack/lib/python3.10/site-packages/pycadf/identifier.py:71: UserWarning: Invalid uuid: neutron. To ensure interoperability, identifiers should be a valid uuid. warnings.warn(('Invalid uuid: %s. To ensure interoperability, '
2026-06-09 23:38:33.324 10 INFO neutron.wsgi [None req-c533259b-20f5-4dd7-8d53-86fa1e3293fa 838187f134094579ae582ee7acd150f3 bee5f3d9d67e40d4a51df0c1b6600e0e - - default default] 199.19.213.180 "GET /v2.0/networks/d3d801cc-14e4-4684-9100-89a375ba39ea HTTP/1.1" status: 200 len: 1000 time: 0.0903678
2026-06-09 23:38:33.373 10 INFO neutron.wsgi [None req-af92a436-b719-462c-bcca-9c658c4fbcb7 838187f134094579ae582ee7acd150f3 bee5f3d9d67e40d4a51df0c1b6600e0e - - default default] 199.19.213.180 "GET /v2.0/subnets/1cedc3d8-2eec-4bcc-ad63-1e24db4f4abb HTTP/1.1" status: 200 len: 848 time: 0.0391309
2026-06-09 23:38:33.474 10 INFO neutron.wsgi [None req-e572d566-7dba-4deb-bd46-4b8cbea4c447 838187f134094579ae582ee7acd150f3 bee5f3d9d67e40d4a51df0c1b6600e0e - - default default] 199.19.213.180 "GET /v2.0/extensions/security-group HTTP/1.1" status: 200 len: 369 time: 0.0071669
2026-06-09 23:38:33.486 10 INFO neutron.wsgi [None req-d93df953-a773-4fb6-8bb2-64261e44b121 838187f134094579ae582ee7acd150f3 bee5f3d9d67e40d4a51df0c1b6600e0e - - default default] 199.19.213.180 "GET /v2.0/extensions/dns-integration HTTP/1.1" status: 200 len: 371 time: 0.0081065
2026-06-09 23:38:33.496 10 INFO neutron.wsgi [None req-6376a59c-73f3-4989-900f-fee955ea78e7 838187f134094579ae582ee7acd150f3 bee5f3d9d67e40d4a51df0c1b6600e0e - - default default] 199.19.213.180 "GET /v2.0/extensions/qos HTTP/1.1" status: 200 len: 365 time: 0.0040631
2026-06-09 23:38:33.503 10 INFO neutron.wsgi [None req-ebc5da21-151c-4be1-8165-5058378aca8b 838187f134094579ae582ee7acd150f3 bee5f3d9d67e40d4a51df0c1b6600e0e - - default default] 199.19.213.180 "GET /v2.0/extensions/allowed-address-pairs HTTP/1.1" status: 200 len: 383 time: 0.0042272
2026-06-09 23:38:33.544 10 INFO neutron.wsgi [None req-e6b614cb-b76a-4968-9a23-5aa4e7ae6a5b 838187f134094579ae582ee7acd150f3 bee5f3d9d67e40d4a51df0c1b6600e0e - - default default] 199.19.213.180 "GET /v2.0/subnets/81b5edaa-65db-4356-ae00-4e7158181a8e HTTP/1.1" status: 200 len: 850 time: 0.0357344
2026-06-09 23:38:33.579 10 INFO neutron.wsgi [None req-523e9c73-87fc-41b5-bae7-e5fd1f917318 838187f134094579ae582ee7acd150f3 bee5f3d9d67e40d4a51df0c1b6600e0e - - default default] 199.19.213.180 "GET /v2.0/ports/3ed74032-830f-4afb-9a85-7ad3ac738019 HTTP/1.1" status: 200 len: 1336 time: 0.0273209
2026-06-09 23:38:33.624 10 INFO neutron.wsgi [None req-a347f6b2-60bb-46f3-8f91-71ee411d9f5b 838187f134094579ae582ee7acd150f3 bee5f3d9d67e40d4a51df0c1b6600e0e - - default default] 199.19.213.180 "GET /v2.0/ports/0201da10-de9d-42f7-90ba-100649307428 HTTP/1.1" status: 200 len: 1518 time: 0.0359483
2026-06-09 23:38:33.668 10 INFO neutron.wsgi [None req-d399daa7-8a18-4805-b598-20d227b2f997 838187f134094579ae582ee7acd150f3 bee5f3d9d67e40d4a51df0c1b6600e0e - - default default] 199.19.213.180 "GET /v2.0/subnets/81b5edaa-65db-4356-ae00-4e7158181a8e HTTP/1.1" status: 200 len: 850 time: 0.0351362
2026-06-09 23:38:33.734 10 INFO neutron.wsgi [None req-d2f77f1b-aec9-4e33-82f7-acf8b23f3dbc 838187f134094579ae582ee7acd150f3 bee5f3d9d67e40d4a51df0c1b6600e0e - - default default] 199.19.213.180 "GET /v2.0/networks/16c204cb-b09e-4efc-8d87-60fda83b84bb HTTP/1.1" status: 200 len: 1002 time: 0.0582623
2026-06-09 23:38:33.774 10 INFO neutron.wsgi [None req-ef99e4de-92c0-4c2c-b642-4e5e40e08a1a 838187f134094579ae582ee7acd150f3 bee5f3d9d67e40d4a51df0c1b6600e0e - - default default] 199.19.213.180 "GET /v2.0/ports/3ed74032-830f-4afb-9a85-7ad3ac738019 HTTP/1.1" status: 200 len: 1336 time: 0.0330400
2026-06-09 23:38:33.812 10 INFO neutron.wsgi [None req-1d2097df-e680-4589-b965-e5d36a25e0bb 838187f134094579ae582ee7acd150f3 bee5f3d9d67e40d4a51df0c1b6600e0e - - default default] 199.19.213.180 "GET /v2.0/subnets/81b5edaa-65db-4356-ae00-4e7158181a8e HTTP/1.1" status: 200 len: 850 time: 0.0313478
2026-06-09 23:38:35.107 10 INFO neutron.notifiers.nova [-] Nova event matching ['req-14ed61c5-15ec-4e4c-a14d-5e4fc91cb858'] response: {'name': 'network-changed', 'server_uuid': '8231d74d-7860-4b62-b16e-7eb5ffdbcad1', 'tag': 'a5731755-3f8a-48a9-a297-389d30624f63', 'status': 'completed', 'code': 200}
2026-06-09 23:38:35.187 10 INFO neutron.wsgi [req-bca99be6-9e5e-452b-b7d2-a39e323dd04a req-cb0e8b51-8050-4821-b479-909673d4aa86 e8f107aa72da412bbc0ea8f7ee0c8c44 df347551ee27486e886162979334894a - - 64cb136663874edbac2ca97158871181 64cb136663874edbac2ca97158871181] 199.19.213.180 "GET /v2.0/ports?tenant_id=bee5f3d9d67e40d4a51df0c1b6600e0e&device_id=8231d74d-7860-4b62-b16e-7eb5ffdbcad1 HTTP/1.1" status: 200 len: 3909 time: 0.0544422
2026-06-09 23:38:35.281 10 INFO neutron.wsgi [req-bca99be6-9e5e-452b-b7d2-a39e323dd04a req-839729fb-d12d-438b-8fea-440edba306ca e8f107aa72da412bbc0ea8f7ee0c8c44 df347551ee27486e886162979334894a - - 64cb136663874edbac2ca97158871181 64cb136663874edbac2ca97158871181] 199.19.213.180 "GET /v2.0/networks?id=d3d801cc-14e4-4684-9100-89a375ba39ea HTTP/1.1" status: 200 len: 1003 time: 0.0855498
2026-06-09 23:38:35.319 10 INFO neutron.wsgi [req-bca99be6-9e5e-452b-b7d2-a39e323dd04a req-5bed0fb6-d469-4b79-a818-f4e1768eafcc e8f107aa72da412bbc0ea8f7ee0c8c44 df347551ee27486e886162979334894a - - 64cb136663874edbac2ca97158871181 64cb136663874edbac2ca97158871181] 199.19.213.180 "GET /v2.0/floatingips?fixed_ip_address=10.2.1.6&port_id=a5731755-3f8a-48a9-a297-389d30624f63 HTTP/1.1" status: 200 len: 217 time: 0.0299544
2026-06-09 23:38:35.365 10 INFO neutron.wsgi [req-bca99be6-9e5e-452b-b7d2-a39e323dd04a req-4e2b06b7-dc02-4862-87dc-8a99b59491a5 e8f107aa72da412bbc0ea8f7ee0c8c44 df347551ee27486e886162979334894a - - 64cb136663874edbac2ca97158871181 64cb136663874edbac2ca97158871181] 199.19.213.180 "GET /v2.0/subnets?id=1cedc3d8-2eec-4bcc-ad63-1e24db4f4abb HTTP/1.1" status: 200 len: 851 time: 0.0395541
2026-06-09 23:38:35.396 10 INFO neutron.wsgi [req-bca99be6-9e5e-452b-b7d2-a39e323dd04a req-14e78d48-edfe-40f6-891a-a3dd24ea9860 e8f107aa72da412bbc0ea8f7ee0c8c44 df347551ee27486e886162979334894a - - 64cb136663874edbac2ca97158871181 64cb136663874edbac2ca97158871181] 199.19.213.180 "GET /v2.0/ports?network_id=d3d801cc-14e4-4684-9100-89a375ba39ea&device_owner=network%3Adhcp HTTP/1.1" status: 200 len: 210 time: 0.0227635
2026-06-09 23:38:35.453 10 INFO neutron.wsgi [req-bca99be6-9e5e-452b-b7d2-a39e323dd04a req-e5e37737-2083-4d8a-b6a8-c974d4257f76 e8f107aa72da412bbc0ea8f7ee0c8c44 df347551ee27486e886162979334894a - - 64cb136663874edbac2ca97158871181 64cb136663874edbac2ca97158871181] 199.19.213.180 "GET /v2.0/networks/d3d801cc-14e4-4684-9100-89a375ba39ea?fields=segments HTTP/1.1" status: 200 len: 212 time: 0.0498462
2026-06-09 23:38:35.509 10 INFO neutron.wsgi [req-bca99be6-9e5e-452b-b7d2-a39e323dd04a req-60ea90f6-5c4a-4a1e-a5c6-e43d5ee67e54 e8f107aa72da412bbc0ea8f7ee0c8c44 df347551ee27486e886162979334894a - - 64cb136663874edbac2ca97158871181 64cb136663874edbac2ca97158871181] 199.19.213.180 "GET /v2.0/networks/d3d801cc-14e4-4684-9100-89a375ba39ea?fields=provider%3Aphysical_network&fields=provider%3Anetwork_type HTTP/1.1" status: 200 len: 277 time: 0.0495753
2026-06-09 23:38:39.542 9 INFO neutron.wsgi [None req-4c020acd-07ec-419d-8776-43a7fc63a7c8 838187f134094579ae582ee7acd150f3 bee5f3d9d67e40d4a51df0c1b6600e0e - - default default] 10.0.0.211 "GET /v2.0/extensions/security-group HTTP/1.1" status: 200 len: 369 time: 0.0451000
2026-06-09 23:38:39.553 9 INFO neutron.wsgi [None req-2f21c720-54a5-4bf8-8236-05d05b50e55e 838187f134094579ae582ee7acd150f3 bee5f3d9d67e40d4a51df0c1b6600e0e - - default default] 10.0.0.211 "GET /v2.0/extensions/dns-integration HTTP/1.1" status: 200 len: 371 time: 0.0042143
2026-06-09 23:38:39.566 9 INFO neutron.wsgi [None req-eb7ea797-86cd-4dc7-ba66-3af12e81d419 838187f134094579ae582ee7acd150f3 bee5f3d9d67e40d4a51df0c1b6600e0e - - default default] 10.0.0.211 "GET /v2.0/extensions/qos HTTP/1.1" status: 200 len: 365 time: 0.0080526
2026-06-09 23:38:39.577 9 INFO neutron.wsgi [None req-0487e22a-0b90-4216-b006-dc49483cee82 838187f134094579ae582ee7acd150f3 bee5f3d9d67e40d4a51df0c1b6600e0e - - default default] 10.0.0.211 "GET /v2.0/extensions/allowed-address-pairs HTTP/1.1" status: 200 len: 383 time: 0.0046582
2026-06-09 23:38:39.851 10 INFO neutron.wsgi [req-39282646-93fa-4175-aff5-c32f45d3dc71 req-905532ed-eabc-492b-ab7d-7539d8227242 e8f107aa72da412bbc0ea8f7ee0c8c44 df347551ee27486e886162979334894a - - 64cb136663874edbac2ca97158871181 64cb136663874edbac2ca97158871181] 199.19.213.180 "GET /v2.0/ports?device_id=4c566d12-4fe8-4218-b310-8dfdc0e1466e&fields=binding%3Ahost_id&fields=binding%3Avif_type HTTP/1.1" status: 200 len: 265 time: 0.1185157
2026-06-09 23:38:39.915 10 INFO neutron.wsgi [req-39282646-93fa-4175-aff5-c32f45d3dc71 req-fba2b749-853f-4eff-a09d-6c49937b86ab e8f107aa72da412bbc0ea8f7ee0c8c44 df347551ee27486e886162979334894a - - 64cb136663874edbac2ca97158871181 64cb136663874edbac2ca97158871181] 199.19.213.180 "GET /v2.0/ports?tenant_id=e602402b4f5c490d8ca248cba19268c1&device_id=4c566d12-4fe8-4218-b310-8dfdc0e1466e HTTP/1.1" status: 200 len: 1642 time: 0.0391867
2026-06-09 23:38:39.998 10 INFO neutron.wsgi [req-39282646-93fa-4175-aff5-c32f45d3dc71 req-8d5efa73-2309-4314-86b9-8a5e2b15d19c e8f107aa72da412bbc0ea8f7ee0c8c44 df347551ee27486e886162979334894a - - 64cb136663874edbac2ca97158871181 64cb136663874edbac2ca97158871181] 199.19.213.180 "GET /v2.0/networks?id=fc31201c-49f2-4691-94d9-b52caf510e5f HTTP/1.1" status: 200 len: 1003 time: 0.0598166
2026-06-09 23:38:40.025 9 INFO neutron.wsgi [-] 10.0.0.211 "GET / HTTP/1.1" status: 200 len: 284 time: 0.0041506
2026-06-09 23:38:40.048 10 INFO neutron.wsgi [req-39282646-93fa-4175-aff5-c32f45d3dc71 req-81df6008-2f14-4b8f-8a2b-b648ac60ff57 e8f107aa72da412bbc0ea8f7ee0c8c44 df347551ee27486e886162979334894a - - 64cb136663874edbac2ca97158871181 64cb136663874edbac2ca97158871181] 199.19.213.180 "GET /v2.0/floatingips?fixed_ip_address=10.2.2.165&port_id=f9086d41-e461-4db3-87e9-2d60e9af6b8b HTTP/1.1" status: 200 len: 1059 time: 0.0430923
2026-06-09 23:38:40.082 9 INFO neutron.wsgi [None req-de2aa18b-0904-4b73-9a26-7a8cf03a7ab4 bdafc31b42cb487cac40f99cde74ecc9 e602402b4f5c490d8ca248cba19268c1 - - default default] 10.0.0.211 "GET /v2.0/subnets/4a080337-02f9-4e85-8216-75aab2721fa6 HTTP/1.1" status: 200 len: 830 time: 0.0395153
2026-06-09 23:38:40.084 10 INFO neutron.wsgi [req-39282646-93fa-4175-aff5-c32f45d3dc71 req-db5329b3-5dc2-4125-9f5e-d640894bf974 e8f107aa72da412bbc0ea8f7ee0c8c44 df347551ee27486e886162979334894a - - 64cb136663874edbac2ca97158871181 64cb136663874edbac2ca97158871181] 199.19.213.180 "GET /v2.0/floatingips?fixed_ip_address=fd77%3A1457%3A4cf0%3A26a8%3A%3A1ed&port_id=f9086d41-e461-4db3-87e9-2d60e9af6b8b HTTP/1.1" status: 200 len: 217 time: 0.0285978
2026-06-09 23:38:40.126 10 INFO neutron.wsgi [req-39282646-93fa-4175-aff5-c32f45d3dc71 req-882a8739-a8ee-4ff9-9674-7de941c729ff e8f107aa72da412bbc0ea8f7ee0c8c44 df347551ee27486e886162979334894a - - 64cb136663874edbac2ca97158871181 64cb136663874edbac2ca97158871181] 199.19.213.180 "GET /v2.0/subnets?id=b98cbef8-7b23-4666-9630-2cb9804d7362&id=4a080337-02f9-4e85-8216-75aab2721fa6 HTTP/1.1" status: 200 len: 1566 time: 0.0350800
2026-06-09 23:38:40.150 10 INFO neutron.wsgi [req-39282646-93fa-4175-aff5-c32f45d3dc71 req-5993b335-9994-44d4-888d-9bb7b7c3ab85 e8f107aa72da412bbc0ea8f7ee0c8c44 df347551ee27486e886162979334894a - - 64cb136663874edbac2ca97158871181 64cb136663874edbac2ca97158871181] 199.19.213.180 "GET /v2.0/ports?network_id=fc31201c-49f2-4691-94d9-b52caf510e5f&device_owner=network%3Adhcp HTTP/1.1" status: 200 len: 210 time: 0.0186703
2026-06-09 23:38:40.178 10 INFO neutron.wsgi [req-39282646-93fa-4175-aff5-c32f45d3dc71 req-ed9431e2-32eb-487c-923f-41e177cd189f e8f107aa72da412bbc0ea8f7ee0c8c44 df347551ee27486e886162979334894a - - 64cb136663874edbac2ca97158871181 64cb136663874edbac2ca97158871181] 199.19.213.180 "GET /v2.0/ports?network_id=fc31201c-49f2-4691-94d9-b52caf510e5f&device_owner=network%3Adhcp HTTP/1.1" status: 200 len: 210 time: 0.0198987
2026-06-09 23:38:40.247 10 INFO neutron.wsgi [req-39282646-93fa-4175-aff5-c32f45d3dc71 req-9b244626-d039-4b54-8a1a-51aa015b8f44 e8f107aa72da412bbc0ea8f7ee0c8c44 df347551ee27486e886162979334894a - - 64cb136663874edbac2ca97158871181 64cb136663874edbac2ca97158871181] 199.19.213.180 "GET /v2.0/networks/fc31201c-49f2-4691-94d9-b52caf510e5f?fields=segments HTTP/1.1" status: 200 len: 212 time: 0.0615807
2026-06-09 23:38:40.349 10 INFO neutron.wsgi [req-39282646-93fa-4175-aff5-c32f45d3dc71 req-f81a2c36-ceb1-4890-802f-4916678c9217 e8f107aa72da412bbc0ea8f7ee0c8c44 df347551ee27486e886162979334894a - - 64cb136663874edbac2ca97158871181 64cb136663874edbac2ca97158871181] 199.19.213.180 "GET /v2.0/networks/fc31201c-49f2-4691-94d9-b52caf510e5f?fields=provider%3Aphysical_network&fields=provider%3Anetwork_type HTTP/1.1" status: 200 len: 277 time: 0.0864844
2026-06-09 23:38:41.550 9 INFO neutron.wsgi [None req-5e70f487-951c-4d4b-ad59-c3961902b2f9 838187f134094579ae582ee7acd150f3 bee5f3d9d67e40d4a51df0c1b6600e0e - - default default] 199.19.213.180 "GET /v2.0/extensions/security-group HTTP/1.1" status: 200 len: 369 time: 0.0382769
2026-06-09 23:38:41.560 9 INFO neutron.wsgi [None req-a6d03b11-fca7-4c48-a875-083752e91b34 838187f134094579ae582ee7acd150f3 bee5f3d9d67e40d4a51df0c1b6600e0e - - default default] 199.19.213.180 "GET /v2.0/extensions/dns-integration HTTP/1.1" status: 200 len: 371 time: 0.0031178
2026-06-09 23:38:41.568 9 INFO neutron.wsgi [None req-46921612-a635-4f36-972f-ba347bb175e1 838187f134094579ae582ee7acd150f3 bee5f3d9d67e40d4a51df0c1b6600e0e - - default default] 199.19.213.180 "GET /v2.0/extensions/qos HTTP/1.1" status: 200 len: 365 time: 0.0041170
2026-06-09 23:38:41.576 9 INFO neutron.wsgi [None req-c7b6dfc1-8d77-4969-8ae7-8d0d74edb2d9 838187f134094579ae582ee7acd150f3 bee5f3d9d67e40d4a51df0c1b6600e0e - - default default] 199.19.213.180 "GET /v2.0/extensions/allowed-address-pairs HTTP/1.1" status: 200 len: 383 time: 0.0044434
2026-06-09 23:38:41.710 9 INFO neutron.wsgi [None req-c1949d38-1cd0-4e85-9131-1e8822498ad0 838187f134094579ae582ee7acd150f3 bee5f3d9d67e40d4a51df0c1b6600e0e - - default default] 199.19.213.180 "GET /v2.0/subnets/1cedc3d8-2eec-4bcc-ad63-1e24db4f4abb HTTP/1.1" status: 200 len: 848 time: 0.0294337
