File "/var/lib/openstack/lib/python3.10/site-packages/neutron/services/ovn_l3/plugin.py", line 391, in _port_update
2026-06-09 23:35:12.116 10 ERROR neutron_lib.callbacks.manager l3plugin._ovn_client.update_router_port(context,
2026-06-09 23:35:12.116 10 ERROR neutron_lib.callbacks.manager
File "/var/lib/openstack/lib/python3.10/site-packages/neutron/plugins/ml2/drivers/ovn/mech_driver/ovsdb/ovn_client.py", line 1878, in update_router_port
2026-06-09 23:35:12.116 10 ERROR neutron_lib.callbacks.manager self._update_lrouter_port(context, port, if_exists=if_exists,
2026-06-09 23:35:12.116 10 ERROR neutron_lib.callbacks.manager
File "/var/lib/openstack/lib/python3.10/site-packages/neutron/plugins/ml2/drivers/ovn/mech_driver/ovsdb/ovn_client.py", line 1855, in _update_lrouter_port
2026-06-09 23:35:12.116 10 ERROR neutron_lib.callbacks.manager external_ids = self._nb_idl.db_get(
2026-06-09 23:35:12.116 10 ERROR neutron_lib.callbacks.manager
File "/var/lib/openstack/lib/python3.10/site-packages/ovsdbapp/backend/ovs_idl/command.py", line 47, in execute
2026-06-09 23:35:12.116 10 ERROR neutron_lib.callbacks.manager self.run_idl(None)
2026-06-09 23:35:12.116 10 ERROR neutron_lib.callbacks.manager
File "/var/lib/openstack/lib/python3.10/site-packages/ovsdbapp/backend/ovs_idl/command.py", line 235, in run_idl
2026-06-09 23:35:12.116 10 ERROR neutron_lib.callbacks.manager record = self.api.lookup(self.table, self.record)
2026-06-09 23:35:12.116 10 ERROR neutron_lib.callbacks.manager
File "/var/lib/openstack/lib/python3.10/site-packages/ovsdbapp/backend/ovs_idl/__init__.py", line 184, in lookup
2026-06-09 23:35:12.116 10 ERROR neutron_lib.callbacks.manager return self._lookup(table, record)
2026-06-09 23:35:12.116 10 ERROR neutron_lib.callbacks.manager
File "/var/lib/openstack/lib/python3.10/site-packages/ovsdbapp/backend/ovs_idl/__init__.py", line 235, in _lookup
2026-06-09 23:35:12.116 10 ERROR neutron_lib.callbacks.manager row = idlutils.row_by_value(self, rl.table, rl.column, record)
2026-06-09 23:35:12.116 10 ERROR neutron_lib.callbacks.manager
File "/var/lib/openstack/lib/python3.10/site-packages/ovsdbapp/backend/ovs_idl/idlutils.py", line 114, in row_by_value
2026-06-09 23:35:12.116 10 ERROR neutron_lib.callbacks.manager raise RowNotFound(table=table, col=column, match=match)
2026-06-09 23:35:12.116 10 ERROR neutron_lib.callbacks.manager ovsdbapp.backend.ovs_idl.idlutils.RowNotFound: Cannot find Logical_Router_Port with name=lrp-ef64c574-fea9-437b-8159-880c8115d8a7
2026-06-09 23:35:12.116 10 ERROR neutron_lib.callbacks.manager 
2026-06-09 23:35:12.317 10 INFO neutron.db.ovn_revision_numbers_db [None req-cd62a797-d00b-46e2-9425-9f9f8bc148f2 90812a0413764a4eaa0b415564029711 bc27290981bd476683a10f02ea15a988 - - default default] Successfully bumped revision number for resource ef64c574-fea9-437b-8159-880c8115d8a7 (type: ports) to 1
2026-06-09 23:35:12.400 10 WARNING neutron.scheduler.dhcp_agent_scheduler [None req-cd62a797-d00b-46e2-9425-9f9f8bc148f2 90812a0413764a4eaa0b415564029711 bc27290981bd476683a10f02ea15a988 - - default default] No more DHCP agents
2026-06-09 23:35:12.402 10 WARNING neutron.api.rpc.agentnotifiers.dhcp_rpc_agent_api [None req-cd62a797-d00b-46e2-9425-9f9f8bc148f2 90812a0413764a4eaa0b415564029711 bc27290981bd476683a10f02ea15a988 - - default default] Unable to schedule network 7bc49d32-8e9a-4033-9325-e28c31d564db: no agents available; will retry on subsequent port and subnet creation events.
2026-06-09 23:35:12.578 10 INFO neutron.db.ovn_revision_numbers_db [None req-cd62a797-d00b-46e2-9425-9f9f8bc148f2 90812a0413764a4eaa0b415564029711 bc27290981bd476683a10f02ea15a988 - - default default] Successfully bumped revision number for resource ef64c574-fea9-437b-8159-880c8115d8a7 (type: router_ports) to 1
2026-06-09 23:35:12.583 10 INFO neutron.wsgi [None req-cd62a797-d00b-46e2-9425-9f9f8bc148f2 90812a0413764a4eaa0b415564029711 bc27290981bd476683a10f02ea15a988 - - default default] 10.0.0.145 "PUT /v2.0/routers/a27fc31e-a193-4193-a8ec-4a24460e8610/add_router_interface HTTP/1.1" status: 200 len: 503 time: 1.9311104
2026-06-09 23:35:12.617 10 INFO neutron.wsgi [None req-36d52ed5-d0d9-4cb0-aa81-214814d035b4 90812a0413764a4eaa0b415564029711 bc27290981bd476683a10f02ea15a988 - - default default] 10.0.0.145 "GET /v2.0/ports/ef64c574-fea9-437b-8159-880c8115d8a7 HTTP/1.1" status: 200 len: 1147 time: 0.0288141
2026-06-09 23:35:12.636 10 WARNING neutron_lib.context [None req-a26eb456-b8ec-46b4-958b-83e11eaa2811 2f39a344b7774db8a7aa66caab03e27e 1438798b911b4414bca95f3ec0fbf9cf - - default default] Method 'is_advsvc' is deprecated since 2023.2 release (neutron-lib 3.8.0) and will be removed once support for the old RBAC API policies will be removed from Neutron. Please use method 'is_service_role' instead.
2026-06-09 23:35:12.636 10 WARNING neutron_lib.context [None req-a26eb456-b8ec-46b4-958b-83e11eaa2811 2f39a344b7774db8a7aa66caab03e27e 1438798b911b4414bca95f3ec0fbf9cf - - default default] Method 'is_advsvc' is deprecated since 2023.2 release (neutron-lib 3.8.0) and will be removed once support for the old RBAC API policies will be removed from Neutron. Please use method 'is_service_role' instead.
2026-06-09 23:35:12.667 9 INFO neutron.plugins.ml2.drivers.ovn.mech_driver.ovsdb.commands [None req-3ab7b21d-e663-47e5-9612-a0abb1ecbf14 - - - - - -] Schedule LRP lrp-bcc8d9fb-b784-4d6e-b05c-2c64ef808010 on gateway 7a659a38-3faa-4b08-a557-681ca7b3e505 with priority 1
2026-06-09 23:35:12.718 9 INFO neutron.wsgi [None req-eab9f0a0-5736-4f9c-bad9-c87a7fa90c03 90812a0413764a4eaa0b415564029711 bc27290981bd476683a10f02ea15a988 - - default default] 10.0.0.145 "GET /v2.0/ports/ef64c574-fea9-437b-8159-880c8115d8a7 HTTP/1.1" status: 200 len: 1147 time: 0.0975602
2026-06-09 23:35:12.722 9 INFO neutron.db.ovn_revision_numbers_db [None req-e14ed2a0-8fe1-4199-b4ca-b2d505325688 73f0c3fba5e94654a3c47eaff1da2620 1002161fcaf940fa848bc1c4fc804a02 - - default default] Successfully bumped revision number for resource bcc8d9fb-b784-4d6e-b05c-2c64ef808010 (type: router_ports) to 1
2026-06-09 23:35:12.756 10 INFO neutron.db.ovn_revision_numbers_db [None req-a26eb456-b8ec-46b4-958b-83e11eaa2811 2f39a344b7774db8a7aa66caab03e27e 1438798b911b4414bca95f3ec0fbf9cf - - default default] Successfully bumped revision number for resource 0987e058-5ff2-4b39-b7e3-6a5300fabf07 (type: security_groups) to 1
2026-06-09 23:35:12.767 10 INFO neutron.db.ovn_revision_numbers_db [None req-a26eb456-b8ec-46b4-958b-83e11eaa2811 2f39a344b7774db8a7aa66caab03e27e 1438798b911b4414bca95f3ec0fbf9cf - - default default] Successfully bumped revision number for resource 15e5e690-cd65-4199-a67f-3c138ca8e7f4 (type: security_group_rules) to 0
2026-06-09 23:35:12.780 10 INFO neutron.db.ovn_revision_numbers_db [None req-a26eb456-b8ec-46b4-958b-83e11eaa2811 2f39a344b7774db8a7aa66caab03e27e 1438798b911b4414bca95f3ec0fbf9cf - - default default] Successfully bumped revision number for resource 18ab9d4b-d248-43f2-95bc-5065583694a3 (type: security_group_rules) to 0
2026-06-09 23:35:12.790 9 INFO neutron.db.ovn_revision_numbers_db [None req-e14ed2a0-8fe1-4199-b4ca-b2d505325688 73f0c3fba5e94654a3c47eaff1da2620 1002161fcaf940fa848bc1c4fc804a02 - - default default] Successfully bumped revision number for resource 064171c3-ec1c-48c0-ac39-43adafceede5 (type: routers) to 2
2026-06-09 23:35:12.794 10 INFO neutron.db.ovn_revision_numbers_db [None req-a26eb456-b8ec-46b4-958b-83e11eaa2811 2f39a344b7774db8a7aa66caab03e27e 1438798b911b4414bca95f3ec0fbf9cf - - default default] Successfully bumped revision number for resource d13da503-dd76-4090-b5a2-40f1fe87e1c2 (type: security_group_rules) to 0
2026-06-09 23:35:12.808 10 INFO neutron.db.ovn_revision_numbers_db [None req-a26eb456-b8ec-46b4-958b-83e11eaa2811 2f39a344b7774db8a7aa66caab03e27e 1438798b911b4414bca95f3ec0fbf9cf - - default default] Successfully bumped revision number for resource f5cd1398-58aa-44ec-a641-4310ee5a81ac (type: security_group_rules) to 0
2026-06-09 23:35:12.809 9 INFO neutron.wsgi [None req-e14ed2a0-8fe1-4199-b4ca-b2d505325688 73f0c3fba5e94654a3c47eaff1da2620 1002161fcaf940fa848bc1c4fc804a02 - - default default] 10.0.0.145 "POST /v2.0/routers HTTP/1.1" status: 201 len: 1147 time: 1.7487202
2026-06-09 23:35:12.886 10 INFO neutron.db.segments_db [None req-a26eb456-b8ec-46b4-958b-83e11eaa2811 2f39a344b7774db8a7aa66caab03e27e 1438798b911b4414bca95f3ec0fbf9cf - - default default] Added segment 0a30b699-e7a9-47a9-a1fe-1393b9e33079 of type geneve for network 07903dfb-aea5-49ea-b9a9-d452dfa97722
2026-06-09 23:35:12.902 9 INFO neutron.wsgi [None req-85206600-57c0-42f9-8bd1-7c4489d05b24 73f0c3fba5e94654a3c47eaff1da2620 1002161fcaf940fa848bc1c4fc804a02 - - default default] 10.0.0.145 "GET /v2.0/routers/064171c3-ec1c-48c0-ac39-43adafceede5 HTTP/1.1" status: 200 len: 1148 time: 0.0839155
2026-06-09 23:35:13.012 10 INFO neutron.db.segments_db [None req-a26eb456-b8ec-46b4-958b-83e11eaa2811 2f39a344b7774db8a7aa66caab03e27e 1438798b911b4414bca95f3ec0fbf9cf - - default default] Added segment 7d42e6d6-95a4-4937-8e09-2e02050781e1 of type geneve for network 15128c9e-2a7e-4250-9138-8d2ea8ec8bac
2026-06-09 23:35:13.024 9 INFO neutron.wsgi [None req-5da454ca-2c51-4429-b3f0-afde0fd08e3e 73f0c3fba5e94654a3c47eaff1da2620 1002161fcaf940fa848bc1c4fc804a02 - - default default] 10.0.0.145 "GET /v2.0/routers HTTP/1.1" status: 200 len: 1151 time: 0.1175618
2026-06-09 23:35:13.152 10 INFO neutron.db.ovn_revision_numbers_db [None req-a26eb456-b8ec-46b4-958b-83e11eaa2811 2f39a344b7774db8a7aa66caab03e27e 1438798b911b4414bca95f3ec0fbf9cf - - default default] Successfully bumped revision number for resource 07903dfb-aea5-49ea-b9a9-d452dfa97722 (type: networks) to 1
2026-06-09 23:35:13.362 10 WARNING neutron.scheduler.dhcp_agent_scheduler [None req-a26eb456-b8ec-46b4-958b-83e11eaa2811 2f39a344b7774db8a7aa66caab03e27e 1438798b911b4414bca95f3ec0fbf9cf - - default default] No more DHCP agents
2026-06-09 23:35:13.363 10 WARNING neutron.api.rpc.agentnotifiers.dhcp_rpc_agent_api [None req-a26eb456-b8ec-46b4-958b-83e11eaa2811 2f39a344b7774db8a7aa66caab03e27e 1438798b911b4414bca95f3ec0fbf9cf - - default default] Unable to schedule network 07903dfb-aea5-49ea-b9a9-d452dfa97722: no agents available; will retry on subsequent port and subnet creation events.
2026-06-09 23:35:13.455 10 INFO neutron.db.ovn_revision_numbers_db [None req-a26eb456-b8ec-46b4-958b-83e11eaa2811 2f39a344b7774db8a7aa66caab03e27e 1438798b911b4414bca95f3ec0fbf9cf - - default default] Successfully bumped revision number for resource 0fa686b6-6a00-4e81-b696-b62409e2c543 (type: ports) to 1
2026-06-09 23:35:13.536 10 INFO neutron.db.ovn_revision_numbers_db [None req-a26eb456-b8ec-46b4-958b-83e11eaa2811 2f39a344b7774db8a7aa66caab03e27e 1438798b911b4414bca95f3ec0fbf9cf - - default default] Successfully bumped revision number for resource 15128c9e-2a7e-4250-9138-8d2ea8ec8bac (type: networks) to 1
2026-06-09 23:35:13.700 9 WARNING neutron.plugins.ml2.drivers.ovn.mech_driver.ovsdb.ovn_client [None req-ea024a4f-c6e4-435d-b3e4-0a3e777d8e02 - - - - - -] No port found with ID 045808ac-2dea-4fff-b56b-b981cce797db: RuntimeError: No port found with ID 045808ac-2dea-4fff-b56b-b981cce797db
2026-06-09 23:35:13.701 9 INFO neutron.plugins.ml2.drivers.ovn.mech_driver.mech_driver [None req-ea024a4f-c6e4-435d-b3e4-0a3e777d8e02 - - - - - -] OVN reports status up for port: ff347c4c-aa99-4683-a452-73d0e0271e0a
2026-06-09 23:35:13.703 10 WARNING neutron.scheduler.dhcp_agent_scheduler [None req-a26eb456-b8ec-46b4-958b-83e11eaa2811 2f39a344b7774db8a7aa66caab03e27e 1438798b911b4414bca95f3ec0fbf9cf - - default default] No more DHCP agents
2026-06-09 23:35:13.704 10 WARNING neutron.api.rpc.agentnotifiers.dhcp_rpc_agent_api [None req-a26eb456-b8ec-46b4-958b-83e11eaa2811 2f39a344b7774db8a7aa66caab03e27e 1438798b911b4414bca95f3ec0fbf9cf - - default default] Unable to schedule network 15128c9e-2a7e-4250-9138-8d2ea8ec8bac: no agents available; will retry on subsequent port and subnet creation events.
2026-06-09 23:35:13.711 9 INFO neutron.plugins.ml2.plugin [None req-ea024a4f-c6e4-435d-b3e4-0a3e777d8e02 - - - - - -] Attempt 1 to provision port ff347c4c-aa99-4683-a452-73d0e0271e0a
2026-06-09 23:35:13.731 9 INFO neutron.db.ovn_revision_numbers_db [None req-d65305c6-026f-4650-90cf-2fdfd023d367 73f0c3fba5e94654a3c47eaff1da2620 1002161fcaf940fa848bc1c4fc804a02 - - default default] Successfully bumped revision number for resource 064171c3-ec1c-48c0-ac39-43adafceede5 (type: routers) to 3
2026-06-09 23:35:13.737 9 INFO neutron.wsgi [None req-d65305c6-026f-4650-90cf-2fdfd023d367 73f0c3fba5e94654a3c47eaff1da2620 1002161fcaf940fa848bc1c4fc804a02 - - default default] 10.0.0.145 "PUT /v2.0/routers/064171c3-ec1c-48c0-ac39-43adafceede5 HTTP/1.1" status: 200 len: 1155 time: 0.7074924
2026-06-09 23:35:13.767 9 INFO neutron.wsgi [None req-70655ac5-e609-4a19-8fa6-164d013cff10 90812a0413764a4eaa0b415564029711 bc27290981bd476683a10f02ea15a988 - - default default] 10.0.0.145 "GET /v2.0/ports/ef64c574-fea9-437b-8159-880c8115d8a7 HTTP/1.1" status: 200 len: 1147 time: 0.0426798
2026-06-09 23:35:13.863 10 INFO neutron.wsgi [None req-6a592716-ae69-4a7a-9de4-4b768f19835b 73f0c3fba5e94654a3c47eaff1da2620 1002161fcaf940fa848bc1c4fc804a02 - - default default] 10.0.0.145 "GET /v2.0/routers/064171c3-ec1c-48c0-ac39-43adafceede5 HTTP/1.1" status: 200 len: 1155 time: 0.1197417
2026-06-09 23:35:13.863 10 INFO neutron.db.ovn_revision_numbers_db [None req-a26eb456-b8ec-46b4-958b-83e11eaa2811 2f39a344b7774db8a7aa66caab03e27e 1438798b911b4414bca95f3ec0fbf9cf - - default default] Successfully bumped revision number for resource 4cc68834-8b45-41a6-9b9a-6ab3d23344a3 (type: ports) to 1
2026-06-09 23:35:13.889 10 INFO neutron.wsgi [None req-e864648b-dce6-4ef9-bd20-27c675a89e17 73f0c3fba5e94654a3c47eaff1da2620 1002161fcaf940fa848bc1c4fc804a02 - - default default] 10.0.0.145 "GET /v2.0/ports?device_id=064171c3-ec1c-48c0-ac39-43adafceede5 HTTP/1.1" status: 200 len: 205 time: 0.0208118
2026-06-09 23:35:13.895 10 INFO neutron.wsgi [None req-a26eb456-b8ec-46b4-958b-83e11eaa2811 2f39a344b7774db8a7aa66caab03e27e 1438798b911b4414bca95f3ec0fbf9cf - - default default] 10.0.0.145 "POST /v2.0/networks HTTP/1.1" status: 201 len: 1445 time: 1.4653699
2026-06-09 23:35:14.017 10 INFO neutron.wsgi [None req-a4736936-116e-48e2-b858-f23918569611 2f39a344b7774db8a7aa66caab03e27e 1438798b911b4414bca95f3ec0fbf9cf - - default default] 10.0.0.145 "GET /v2.0/networks HTTP/1.1" status: 200 len: 2051 time: 0.1168153
2026-06-09 23:35:14.112 9 INFO neutron.db.ovn_revision_numbers_db [None req-ea024a4f-c6e4-435d-b3e4-0a3e777d8e02 - - - - - -] Successfully bumped revision number for resource ff347c4c-aa99-4683-a452-73d0e0271e0a (type: ports) to 2
2026-06-09 23:35:14.276 9 INFO neutron.db.ovn_revision_numbers_db [None req-ea024a4f-c6e4-435d-b3e4-0a3e777d8e02 - - - - - -] Successfully bumped revision number for resource ff347c4c-aa99-4683-a452-73d0e0271e0a (type: router_ports) to 2
2026-06-09 23:35:14.447 9 INFO neutron.services.segments.plugin [-] Segment 0a30b699-e7a9-47a9-a1fe-1393b9e33079 resource provider aggregate not found
2026-06-09 23:35:14.452 9 INFO neutron.services.segments.plugin [-] Segment 0a30b699-e7a9-47a9-a1fe-1393b9e33079 resource provider aggregate not found
2026-06-09 23:35:14.466 9 INFO neutron.services.segments.plugin [-] Segment 0a30b699-e7a9-47a9-a1fe-1393b9e33079 resource provider not found; error: Placement Client Error (4xx): {"errors": [{"status": 404, "title": "Not Found", "detail": "The resource could not be found.\n\n No resource provider with uuid 0a30b699-e7a9-47a9-a1fe-1393b9e33079 found for delete ", "request_id": "req-c958bf2c-8f14-4876-a3bf-01f6e362bf05"}]}
2026-06-09 23:35:14.468 9 INFO neutron.services.segments.plugin [-] Segment 0a30b699-e7a9-47a9-a1fe-1393b9e33079 resource provider not found; error: Placement Client Error (4xx): {"errors": [{"status": 404, "title": "Not Found", "detail": "The resource could not be found.\n\n No resource provider with uuid 0a30b699-e7a9-47a9-a1fe-1393b9e33079 found for delete ", "request_id": "req-bf61370f-14f6-4785-bdc9-57b8a56810cb"}]}
2026-06-09 23:35:14.491 9 INFO neutron.wsgi [None req-9f014b17-f2c2-4c8f-99b5-e2111a273937 2f39a344b7774db8a7aa66caab03e27e 1438798b911b4414bca95f3ec0fbf9cf - - default default] 10.0.0.145 "DELETE /v2.0/networks/07903dfb-aea5-49ea-b9a9-d452dfa97722 HTTP/1.1" status: 204 len: 168 time: 0.4585788
2026-06-09 23:35:14.812 9 INFO neutron.wsgi [None req-ab59f925-1f66-46c9-9a7a-d7feb1ace70f 90812a0413764a4eaa0b415564029711 bc27290981bd476683a10f02ea15a988 - - default default] 10.0.0.145 "GET /v2.0/ports/ef64c574-fea9-437b-8159-880c8115d8a7 HTTP/1.1" status: 200 len: 1147 time: 0.0386448
2026-06-09 23:35:14.894 9 INFO neutron.wsgi [None req-253eff8f-3b22-4a8b-b88a-05722a1d07b7 2f39a344b7774db8a7aa66caab03e27e 1438798b911b4414bca95f3ec0fbf9cf - - default default] 10.0.0.145 "DELETE /v2.0/networks/15128c9e-2a7e-4250-9138-8d2ea8ec8bac HTTP/1.1" status: 204 len: 168 time: 0.3953331
2026-06-09 23:35:14.965 10 INFO neutron.wsgi [None req-6a99fbfb-a0bb-4951-8444-b7712b38545f 73f0c3fba5e94654a3c47eaff1da2620 1002161fcaf940fa848bc1c4fc804a02 - - default default] 10.0.0.145 "DELETE /v2.0/routers/064171c3-ec1c-48c0-ac39-43adafceede5 HTTP/1.1" status: 204 len: 168 time: 1.0686562
2026-06-09 23:35:14.992 10 INFO neutron.wsgi [None req-918b3d99-6d4b-4f4c-8ec2-227724ffee83 73f0c3fba5e94654a3c47eaff1da2620 1002161fcaf940fa848bc1c4fc804a02 - - default default] 10.0.0.145 "GET /v2.0/ports?device_id=064171c3-ec1c-48c0-ac39-43adafceede5 HTTP/1.1" status: 200 len: 205 time: 0.0206144
2026-06-09 23:35:15.001 9 INFO neutron.wsgi [None req-d36f9924-a7ec-414f-bf99-dad6398e0713 2f39a344b7774db8a7aa66caab03e27e 1438798b911b4414bca95f3ec0fbf9cf - - default default] 10.0.0.145 "GET /v2.0/networks HTTP/1.1" status: 200 len: 845 time: 0.1013212
2026-06-09 23:35:15.013 9 WARNING neutron_lib.context [None req-c8a4d8db-c77b-465c-b05f-fde1517c6113 2f39a344b7774db8a7aa66caab03e27e 1438798b911b4414bca95f3ec0fbf9cf - - default default] Method 'is_advsvc' is deprecated since 2023.2 release (neutron-lib 3.8.0) and will be removed once support for the old RBAC API policies will be removed from Neutron. Please use method 'is_service_role' instead.
2026-06-09 23:35:15.021 10 INFO neutron.api.v2.resource [None req-559bb6fd-ccb7-43da-9ac6-78b2cbb08fe5 73f0c3fba5e94654a3c47eaff1da2620 1002161fcaf940fa848bc1c4fc804a02 - - default default] delete failed (client error): The resource could not be found.
2026-06-09 23:35:15.022 10 INFO neutron.wsgi [None req-559bb6fd-ccb7-43da-9ac6-78b2cbb08fe5 73f0c3fba5e94654a3c47eaff1da2620 1002161fcaf940fa848bc1c4fc804a02 - - default default] 10.0.0.145 "DELETE /v2.0/routers/064171c3-ec1c-48c0-ac39-43adafceede5 HTTP/1.1" status: 404 len: 336 time: 0.0255041
2026-06-09 23:35:15.043 10 INFO neutron.wsgi [None req-3bec8fb7-b8e7-4ddc-87ca-40319b70de8d 73f0c3fba5e94654a3c47eaff1da2620 1002161fcaf940fa848bc1c4fc804a02 - - default default] 10.0.0.145 "GET /v2.0/ports?device_id=4a496969-7420-4cdc-8fcc-3d24442fadc7 HTTP/1.1" status: 200 len: 205 time: 0.0170271
2026-06-09 23:35:15.070 10 INFO neutron.api.v2.resource [None req-b00bd686-883a-47ab-bbf4-e91f759ec7a7 73f0c3fba5e94654a3c47eaff1da2620 1002161fcaf940fa848bc1c4fc804a02 - - default default] delete failed (client error): The resource could not be found.
2026-06-09 23:35:15.072 10 INFO neutron.wsgi [None req-b00bd686-883a-47ab-bbf4-e91f759ec7a7 73f0c3fba5e94654a3c47eaff1da2620 1002161fcaf940fa848bc1c4fc804a02 - - default default] 10.0.0.145 "DELETE /v2.0/routers/4a496969-7420-4cdc-8fcc-3d24442fadc7 HTTP/1.1" status: 404 len: 336 time: 0.0239933
2026-06-09 23:35:15.090 10 INFO neutron.pecan_wsgi.hooks.translation [None req-59dd2b8b-5dd7-41ab-89e6-26e17ccac390 73f0c3fba5e94654a3c47eaff1da2620 1002161fcaf940fa848bc1c4fc804a02 - - default default] DELETE failed (client error): The resource could not be found.
2026-06-09 23:35:15.093 10 INFO neutron.wsgi [None req-59dd2b8b-5dd7-41ab-89e6-26e17ccac390 73f0c3fba5e94654a3c47eaff1da2620 1002161fcaf940fa848bc1c4fc804a02 - - default default] 10.0.0.145 "DELETE /v2.0/subnets/b78170b0-2f07-41fb-98a0-b34161a25262 HTTP/1.1" status: 404 len: 337 time: 0.0165820
2026-06-09 23:35:15.099 9 INFO neutron.db.segments_db [None req-c8a4d8db-c77b-465c-b05f-fde1517c6113 2f39a344b7774db8a7aa66caab03e27e 1438798b911b4414bca95f3ec0fbf9cf - - default default] Added segment 796fd51b-6b85-4abb-ab8e-c4f0f04fface of type geneve for network dff2db38-002b-477e-980f-aebf68b09d06
2026-06-09 23:35:15.114 10 INFO neutron.wsgi [None req-555d9c19-8bff-429a-b0a5-3f81402c9ee1 73f0c3fba5e94654a3c47eaff1da2620 1002161fcaf940fa848bc1c4fc804a02 - - default default] 10.0.0.145 "GET /v2.0/ports?device_id=fe2dc09a-0e98-4d79-8697-ff6deac56408 HTTP/1.1" status: 200 len: 205 time: 0.0171554
2026-06-09 23:35:15.143 10 INFO neutron.api.v2.resource [None req-f85bbbab-46c2-4f98-b996-70948acf9bf7 73f0c3fba5e94654a3c47eaff1da2620 1002161fcaf940fa848bc1c4fc804a02 - - default default] delete failed (client error): The resource could not be found.
2026-06-09 23:35:15.145 10 INFO neutron.wsgi [None req-f85bbbab-46c2-4f98-b996-70948acf9bf7 73f0c3fba5e94654a3c47eaff1da2620 1002161fcaf940fa848bc1c4fc804a02 - - default default] 10.0.0.145 "DELETE /v2.0/routers/fe2dc09a-0e98-4d79-8697-ff6deac56408 HTTP/1.1" status: 404 len: 336 time: 0.0260644
2026-06-09 23:35:15.164 10 INFO neutron.pecan_wsgi.hooks.translation [None req-c9912c23-9327-47a2-9d99-1eecd2d2c5a7 73f0c3fba5e94654a3c47eaff1da2620 1002161fcaf940fa848bc1c4fc804a02 - - default default] DELETE failed (client error): The resource could not be found.
2026-06-09 23:35:15.166 10 INFO neutron.wsgi [None req-c9912c23-9327-47a2-9d99-1eecd2d2c5a7 73f0c3fba5e94654a3c47eaff1da2620 1002161fcaf940fa848bc1c4fc804a02 - - default default] 10.0.0.145 "DELETE /v2.0/subnets/632ee1a9-e05e-4785-8afb-1e7ded2ae48d HTTP/1.1" status: 404 len: 337 time: 0.0166302
2026-06-09 23:35:15.189 10 INFO neutron.wsgi [None req-d2ad3474-cd91-4c7b-9e01-fabde75d1f29 73f0c3fba5e94654a3c47eaff1da2620 1002161fcaf940fa848bc1c4fc804a02 - - default default] 10.0.0.145 "GET /v2.0/ports?device_id=78e7cfe7-bb47-471c-b4ae-72b5e27d41bb HTTP/1.1" status: 200 len: 205 time: 0.0182638
2026-06-09 23:35:15.223 10 INFO neutron.api.v2.resource [None req-4a9f7365-c48c-44fb-b018-68292f8e2e2e 73f0c3fba5e94654a3c47eaff1da2620 1002161fcaf940fa848bc1c4fc804a02 - - default default] delete failed (client error): The resource could not be found.
2026-06-09 23:35:15.225 10 INFO neutron.wsgi [None req-4a9f7365-c48c-44fb-b018-68292f8e2e2e 73f0c3fba5e94654a3c47eaff1da2620 1002161fcaf940fa848bc1c4fc804a02 - - default default] 10.0.0.145 "DELETE /v2.0/routers/78e7cfe7-bb47-471c-b4ae-72b5e27d41bb HTTP/1.1" status: 404 len: 336 time: 0.0313103
2026-06-09 23:35:15.251 9 INFO neutron.pecan_wsgi.hooks.translation [None req-46f47448-90e4-4c23-856e-2d3d74416335 73f0c3fba5e94654a3c47eaff1da2620 1002161fcaf940fa848bc1c4fc804a02 - - default default] DELETE failed (client error): The resource could not be found.
2026-06-09 23:35:15.254 9 INFO neutron.wsgi [None req-46f47448-90e4-4c23-856e-2d3d74416335 73f0c3fba5e94654a3c47eaff1da2620 1002161fcaf940fa848bc1c4fc804a02 - - default default] 10.0.0.145 "DELETE /v2.0/subnets/f422f59a-e304-46c8-9475-4fa8108ba340 HTTP/1.1" status: 404 len: 337 time: 0.0225470
2026-06-09 23:35:15.254 9 INFO neutron.db.ovn_revision_numbers_db [None req-c8a4d8db-c77b-465c-b05f-fde1517c6113 2f39a344b7774db8a7aa66caab03e27e 1438798b911b4414bca95f3ec0fbf9cf - - default default] Successfully bumped revision number for resource dff2db38-002b-477e-980f-aebf68b09d06 (type: networks) to 1
2026-06-09 23:35:15.281 10 INFO neutron.pecan_wsgi.hooks.translation [None req-4cc3d080-529d-46dd-86b2-0b0363def6ab 73f0c3fba5e94654a3c47eaff1da2620 1002161fcaf940fa848bc1c4fc804a02 - - default default] DELETE failed (client error): The resource could not be found.
2026-06-09 23:35:15.285 10 INFO neutron.wsgi [None req-4cc3d080-529d-46dd-86b2-0b0363def6ab 73f0c3fba5e94654a3c47eaff1da2620 1002161fcaf940fa848bc1c4fc804a02 - - default default] 10.0.0.145 "DELETE /v2.0/subnets/3d428d58-c1e0-4f22-9f9b-11826a348fbc HTTP/1.1" status: 404 len: 337 time: 0.0233495
2026-06-09 23:35:15.479 9 WARNING neutron.scheduler.dhcp_agent_scheduler [None req-c8a4d8db-c77b-465c-b05f-fde1517c6113 2f39a344b7774db8a7aa66caab03e27e 1438798b911b4414bca95f3ec0fbf9cf - - default default] No more DHCP agents
2026-06-09 23:35:15.481 9 WARNING neutron.api.rpc.agentnotifiers.dhcp_rpc_agent_api [None req-c8a4d8db-c77b-465c-b05f-fde1517c6113 2f39a344b7774db8a7aa66caab03e27e 1438798b911b4414bca95f3ec0fbf9cf - - default default] Unable to schedule network dff2db38-002b-477e-980f-aebf68b09d06: no agents available; will retry on subsequent port and subnet creation events.
2026-06-09 23:35:15.526 9 INFO neutron.wsgi [req-4a65a312-354f-4b5e-9549-f9c5552e8820 req-113bba53-9c0c-44cc-bc32-ed0585e5039b 45de3e88fade4976b5a319fc55cb0613 baa76073266044108d11c9a0ceb64ebd - - default default] 10.0.0.217 "GET /v2.0/ports?device_id=3dca9577-3801-4d19-88b2-e3cd36769c1c HTTP/1.1" status: 200 len: 1170 time: 0.1180191
2026-06-09 23:35:15.574 9 INFO neutron.db.ovn_revision_numbers_db [None req-c8a4d8db-c77b-465c-b05f-fde1517c6113 2f39a344b7774db8a7aa66caab03e27e 1438798b911b4414bca95f3ec0fbf9cf - - default default] Successfully bumped revision number for resource 6ba2a7ce-6574-4d8a-a8aa-2a4e35b40f40 (type: ports) to 1
2026-06-09 23:35:15.577 9 INFO neutron.wsgi [req-4a65a312-354f-4b5e-9549-f9c5552e8820 req-159ae601-f4a9-4460-8796-d9c8a4c12bc3 45de3e88fade4976b5a319fc55cb0613 baa76073266044108d11c9a0ceb64ebd - - default default] 10.0.0.217 "GET /v2.0/security-groups?id=bb41af35-6f29-48f6-90a0-183f7384d59f&fields=id&fields=name HTTP/1.1" status: 200 len: 313 time: 0.0444355
2026-06-09 23:35:15.597 9 INFO neutron.wsgi [None req-c8a4d8db-c77b-465c-b05f-fde1517c6113 2f39a344b7774db8a7aa66caab03e27e 1438798b911b4414bca95f3ec0fbf9cf - - default default] 10.0.0.145 "POST /v2.0/networks HTTP/1.1" status: 201 len: 849 time: 0.5889578
2026-06-09 23:35:15.606 9 WARNING neutron_lib.context [None req-7a73b894-ac20-4d56-a706-e14a5688237c 2f39a344b7774db8a7aa66caab03e27e 1438798b911b4414bca95f3ec0fbf9cf - - default default] Method 'is_advsvc' is deprecated since 2023.2 release (neutron-lib 3.8.0) and will be removed once support for the old RBAC API policies will be removed from Neutron. Please use method 'is_service_role' instead.
2026-06-09 23:35:15.678 9 INFO neutron.wsgi [req-7745d721-4458-4766-8c26-1188975aac0c req-8349bd05-ec07-432a-ae6c-9347b85cb411 45de3e88fade4976b5a319fc55cb0613 baa76073266044108d11c9a0ceb64ebd - - default default] 10.0.0.217 "GET /v2.0/ports?device_id=3dca9577-3801-4d19-88b2-e3cd36769c1c HTTP/1.1" status: 200 len: 1170 time: 0.0330672
2026-06-09 23:35:15.688 9 INFO neutron.db.segments_db [None req-7a73b894-ac20-4d56-a706-e14a5688237c 2f39a344b7774db8a7aa66caab03e27e 1438798b911b4414bca95f3ec0fbf9cf - - default default] Added segment 10a790bd-d298-4042-b426-d9ad440fa0ea of type geneve for network 1c979c6e-ba89-4597-9d53-4a40a8ffbd2a
2026-06-09 23:35:15.730 9 INFO neutron.wsgi [req-7745d721-4458-4766-8c26-1188975aac0c req-717a235b-4c6f-483c-969b-186f75dc118e 45de3e88fade4976b5a319fc55cb0613 baa76073266044108d11c9a0ceb64ebd - - default default] 10.0.0.217 "GET /v2.0/security-groups?id=bb41af35-6f29-48f6-90a0-183f7384d59f&fields=id&fields=name HTTP/1.1" status: 200 len: 313 time: 0.0474427
2026-06-09 23:35:15.825 9 INFO neutron.db.ovn_revision_numbers_db [None req-7a73b894-ac20-4d56-a706-e14a5688237c 2f39a344b7774db8a7aa66caab03e27e 1438798b911b4414bca95f3ec0fbf9cf - - default default] Successfully bumped revision number for resource 1c979c6e-ba89-4597-9d53-4a40a8ffbd2a (type: networks) to 1
2026-06-09 23:35:15.899 10 INFO neutron.wsgi [None req-2838dbee-7bae-46d5-b4e7-0b8ff6973224 90812a0413764a4eaa0b415564029711 bc27290981bd476683a10f02ea15a988 - - default default] 10.0.0.145 "GET /v2.0/ports/ef64c574-fea9-437b-8159-880c8115d8a7 HTTP/1.1" status: 200 len: 1147 time: 0.0823512
2026-06-09 23:35:15.951 10 INFO neutron.wsgi [None req-1144ebfd-f96c-45ca-9efd-22ab70fd079e 838187f134094579ae582ee7acd150f3 bee5f3d9d67e40d4a51df0c1b6600e0e - - default default] 10.0.0.145 "GET /v2.0/security-groups?tenant_id=1002161fcaf940fa848bc1c4fc804a02&name=default HTTP/1.1" status: 200 len: 3120 time: 0.1409919
2026-06-09 23:35:16.015 9 WARNING neutron.scheduler.dhcp_agent_scheduler [None req-7a73b894-ac20-4d56-a706-e14a5688237c 2f39a344b7774db8a7aa66caab03e27e 1438798b911b4414bca95f3ec0fbf9cf - - default default] No more DHCP agents
2026-06-09 23:35:16.017 9 WARNING neutron.api.rpc.agentnotifiers.dhcp_rpc_agent_api [None req-7a73b894-ac20-4d56-a706-e14a5688237c 2f39a344b7774db8a7aa66caab03e27e 1438798b911b4414bca95f3ec0fbf9cf - - default default] Unable to schedule network 1c979c6e-ba89-4597-9d53-4a40a8ffbd2a: no agents available; will retry on subsequent port and subnet creation events.
2026-06-09 23:35:16.125 9 INFO neutron.wsgi [req-14ad3ade-3196-49c9-a152-59c9022beabd req-6f5213d5-57fd-4bcb-b0d6-a101ac975962 45de3e88fade4976b5a319fc55cb0613 baa76073266044108d11c9a0ceb64ebd - - default default] 10.0.0.217 "GET /v2.0/ports?device_id=3dca9577-3801-4d19-88b2-e3cd36769c1c HTTP/1.1" status: 200 len: 1170 time: 0.0912454
2026-06-09 23:35:16.160 9 INFO neutron.wsgi [req-6334bfa1-568a-44be-b8ab-e1d66c811a5a req-94f8bff5-50a3-4bfe-aa2b-134348083a49 e8f107aa72da412bbc0ea8f7ee0c8c44 df347551ee27486e886162979334894a - - 64cb136663874edbac2ca97158871181 64cb136663874edbac2ca97158871181] 199.19.213.180 "GET /v2.0/ports?tenant_id=baa76073266044108d11c9a0ceb64ebd&device_id=3dca9577-3801-4d19-88b2-e3cd36769c1c HTTP/1.1" status: 200 len: 1409 time: 0.0835218
2026-06-09 23:35:16.247 9 INFO neutron.db.ovn_revision_numbers_db [None req-7a73b894-ac20-4d56-a706-e14a5688237c 2f39a344b7774db8a7aa66caab03e27e 1438798b911b4414bca95f3ec0fbf9cf - - default default] Successfully bumped revision number for resource 6c70cb0a-ce60-4361-9b2d-0443d434b06e (type: ports) to 1
2026-06-09 23:35:16.258 9 INFO neutron.wsgi [req-14ad3ade-3196-49c9-a152-59c9022beabd req-5bee3eb2-10ef-4078-b41b-89d47a4035de 45de3e88fade4976b5a319fc55cb0613 baa76073266044108d11c9a0ceb64ebd - - default default] 10.0.0.217 "GET /v2.0/security-groups?id=bb41af35-6f29-48f6-90a0-183f7384d59f&fields=id&fields=name HTTP/1.1" status: 200 len: 313 time: 0.1234667
2026-06-09 23:35:16.291 9 INFO neutron.wsgi [None req-7a73b894-ac20-4d56-a706-e14a5688237c 2f39a344b7774db8a7aa66caab03e27e 1438798b911b4414bca95f3ec0fbf9cf - - default default] 10.0.0.145 "POST /v2.0/networks HTTP/1.1" status: 201 len: 849 time: 0.6883440
2026-06-09 23:35:16.299 9 INFO neutron.wsgi [req-6334bfa1-568a-44be-b8ab-e1d66c811a5a req-9e19c0c1-c719-45aa-8b73-1770690b0802 e8f107aa72da412bbc0ea8f7ee0c8c44 df347551ee27486e886162979334894a - - 64cb136663874edbac2ca97158871181 64cb136663874edbac2ca97158871181] 199.19.213.180 "GET /v2.0/networks?id=132efe70-f713-42a2-8fd3-3cbff53e8d11 HTTP/1.1" status: 200 len: 973 time: 0.1294661
2026-06-09 23:35:16.308 10 WARNING neutron_lib.context [None req-6156e567-880a-458d-b91a-c1f9899d4688 2f39a344b7774db8a7aa66caab03e27e 1438798b911b4414bca95f3ec0fbf9cf - - default default] Method 'is_advsvc' is deprecated since 2023.2 release (neutron-lib 3.8.0) and will be removed once support for the old RBAC API policies will be removed from Neutron. Please use method 'is_service_role' instead.
2026-06-09 23:35:16.360 10 WARNING neutron_lib.context [None req-6156e567-880a-458d-b91a-c1f9899d4688 2f39a344b7774db8a7aa66caab03e27e 1438798b911b4414bca95f3ec0fbf9cf - - default default] Method 'is_advsvc' is deprecated since 2023.2 release (neutron-lib 3.8.0) and will be removed once support for the old RBAC API policies will be removed from Neutron. Please use method 'is_service_role' instead.
2026-06-09 23:35:16.362 9 INFO neutron.wsgi [req-6334bfa1-568a-44be-b8ab-e1d66c811a5a req-109cbd2f-7da3-483a-b0fd-894180de2577 e8f107aa72da412bbc0ea8f7ee0c8c44 df347551ee27486e886162979334894a - - 64cb136663874edbac2ca97158871181 64cb136663874edbac2ca97158871181] 199.19.213.180 "GET /v2.0/floatingips?fixed_ip_address=10.100.0.7&port_id=2c3298ff-4675-47ce-838f-b1e57671dce9 HTTP/1.1" status: 200 len: 1059 time: 0.0528646
2026-06-09 23:35:16.408 9 INFO neutron.wsgi [req-6334bfa1-568a-44be-b8ab-e1d66c811a5a req-d0df52bf-d9f4-4d46-a586-4966c941a4ad e8f107aa72da412bbc0ea8f7ee0c8c44 df347551ee27486e886162979334894a - - 64cb136663874edbac2ca97158871181 64cb136663874edbac2ca97158871181] 199.19.213.180 "GET /v2.0/subnets?id=4b1e6a3a-7aef-48dd-9725-6da3b9eecea6 HTTP/1.1" status: 200 len: 868 time: 0.0393941
2026-06-09 23:35:16.434 9 INFO neutron.wsgi [None req-6d026604-cb22-4f99-9da3-d4dbe8419f68 838187f134094579ae582ee7acd150f3 bee5f3d9d67e40d4a51df0c1b6600e0e - - default default] 10.0.0.145 "DELETE /v2.0/security-groups/49f4cfd3-1ea7-4423-b803-1f1dc0dc5e50 HTTP/1.1" status: 204 len: 168 time: 0.4774816
2026-06-09 23:35:16.436 9 INFO neutron.wsgi [req-6334bfa1-568a-44be-b8ab-e1d66c811a5a req-243d31fb-0a44-4ea8-9920-f145627502e1 e8f107aa72da412bbc0ea8f7ee0c8c44 df347551ee27486e886162979334894a - - 64cb136663874edbac2ca97158871181 64cb136663874edbac2ca97158871181] 199.19.213.180 "GET /v2.0/ports?network_id=132efe70-f713-42a2-8fd3-3cbff53e8d11&device_owner=network%3Adhcp HTTP/1.1" status: 200 len: 210 time: 0.0226536
2026-06-09 23:35:16.493 9 INFO neutron.services.segments.plugin [-] Segment 7d42e6d6-95a4-4937-8e09-2e02050781e1 resource provider aggregate not found
2026-06-09 23:35:16.499 9 INFO neutron.services.segments.plugin [-] Segment 7d42e6d6-95a4-4937-8e09-2e02050781e1 resource provider aggregate not found
2026-06-09 23:35:16.512 9 INFO neutron.services.segments.plugin [-] Segment 7d42e6d6-95a4-4937-8e09-2e02050781e1 resource provider not found; error: Placement Client Error (4xx): {"errors": [{"status": 404, "title": "Not Found", "detail": "The resource could not be found.\n\n No resource provider with uuid 7d42e6d6-95a4-4937-8e09-2e02050781e1 found for delete ", "request_id": "req-3027f652-1ab5-4192-bd4e-71efa2eec9ba"}]}
2026-06-09 23:35:16.514 9 INFO neutron.services.segments.plugin [-] Segment 7d42e6d6-95a4-4937-8e09-2e02050781e1 resource provider not found; error: Placement Client Error (4xx): {"errors": [{"status": 404, "title": "Not Found", "detail": "The resource could not be found.\n\n No resource provider with uuid 7d42e6d6-95a4-4937-8e09-2e02050781e1 found for delete ", "request_id": "req-39bcfe08-7605-4873-93e0-0db0b6357c6d"}]}
2026-06-09 23:35:16.526 9 INFO neutron.wsgi [req-6334bfa1-568a-44be-b8ab-e1d66c811a5a req-d942b7f0-d14e-417a-b8bd-48e05b96b50a e8f107aa72da412bbc0ea8f7ee0c8c44 df347551ee27486e886162979334894a - - 64cb136663874edbac2ca97158871181 64cb136663874edbac2ca97158871181] 199.19.213.180 "GET /v2.0/networks/132efe70-f713-42a2-8fd3-3cbff53e8d11?fields=segments HTTP/1.1" status: 200 len: 212 time: 0.0813999
2026-06-09 23:35:16.598 9 INFO neutron.wsgi [req-6334bfa1-568a-44be-b8ab-e1d66c811a5a req-0bb87d6e-a45c-473b-9375-d2ede46f4af8 e8f107aa72da412bbc0ea8f7ee0c8c44 df347551ee27486e886162979334894a - - 64cb136663874edbac2ca97158871181 64cb136663874edbac2ca97158871181] 199.19.213.180 "GET /v2.0/networks/132efe70-f713-42a2-8fd3-3cbff53e8d11?fields=provider%3Aphysical_network&fields=provider%3Anetwork_type HTTP/1.1" status: 200 len: 277 time: 0.0663223
2026-06-09 23:35:16.797 10 WARNING neutron.scheduler.dhcp_agent_scheduler [None req-6156e567-880a-458d-b91a-c1f9899d4688 2f39a344b7774db8a7aa66caab03e27e 1438798b911b4414bca95f3ec0fbf9cf - - default default] No more DHCP agents
2026-06-09 23:35:16.798 10 WARNING neutron.api.rpc.agentnotifiers.dhcp_rpc_agent_api [None req-6156e567-880a-458d-b91a-c1f9899d4688 2f39a344b7774db8a7aa66caab03e27e 1438798b911b4414bca95f3ec0fbf9cf - - default default] Unable to schedule network dff2db38-002b-477e-980f-aebf68b09d06: no agents available; will retry on subsequent port and subnet creation events.
2026-06-09 23:35:16.888 10 INFO neutron.db.ovn_revision_numbers_db [None req-6156e567-880a-458d-b91a-c1f9899d4688 2f39a344b7774db8a7aa66caab03e27e 1438798b911b4414bca95f3ec0fbf9cf - - default default] Successfully bumped revision number for resource 2b6dc946-9e6d-4290-adc1-7e1719b99ae1 (type: ports) to 1 /var/lib/openstack/lib/python3.10/site-packages/pycadf/identifier.py:71: UserWarning: Invalid uuid: neutron. To ensure interoperability, identifiers should be a valid uuid. warnings.warn(('Invalid uuid: %s. To ensure interoperability, '
2026-06-09 23:35:16.944 10 WARNING neutron.scheduler.dhcp_agent_scheduler [None req-6156e567-880a-458d-b91a-c1f9899d4688 2f39a344b7774db8a7aa66caab03e27e 1438798b911b4414bca95f3ec0fbf9cf - - default default] No more DHCP agents
2026-06-09 23:35:16.948 10 WARNING neutron.api.rpc.agentnotifiers.dhcp_rpc_agent_api [None req-6156e567-880a-458d-b91a-c1f9899d4688 2f39a344b7774db8a7aa66caab03e27e 1438798b911b4414bca95f3ec0fbf9cf - - default default] Unable to schedule network 1c979c6e-ba89-4597-9d53-4a40a8ffbd2a: no agents available; will retry on subsequent port and subnet creation events.
2026-06-09 23:35:16.969 10 INFO neutron.wsgi [None req-c7522ec1-469f-4046-b7e7-ea1d64a69684 90812a0413764a4eaa0b415564029711 bc27290981bd476683a10f02ea15a988 - - default default] 10.0.0.145 "GET /v2.0/ports/ef64c574-fea9-437b-8159-880c8115d8a7 HTTP/1.1" status: 200 len: 1147 time: 0.0632594
2026-06-09 23:35:17.053 10 INFO neutron.db.ovn_revision_numbers_db [None req-6156e567-880a-458d-b91a-c1f9899d4688 2f39a344b7774db8a7aa66caab03e27e 1438798b911b4414bca95f3ec0fbf9cf - - default default] Successfully bumped revision number for resource 2408f33b-7074-475c-a72c-bca385cb85a7 (type: ports) to 1
2026-06-09 23:35:17.081 10 INFO neutron.wsgi [None req-6156e567-880a-458d-b91a-c1f9899d4688 2f39a344b7774db8a7aa66caab03e27e 1438798b911b4414bca95f3ec0fbf9cf - - default default] 10.0.0.145 "POST /v2.0/ports HTTP/1.1" status: 201 len: 1705 time: 0.7829912 /var/lib/openstack/lib/python3.10/site-packages/pycadf/identifier.py:71: UserWarning: Invalid uuid: neutron. To ensure interoperability, identifiers should be a valid uuid. warnings.warn(('Invalid uuid: %s. To ensure interoperability, '
2026-06-09 23:35:17.229 10 INFO neutron.wsgi [None req-d7521f36-0061-4894-b7db-315ea32087d6 2f39a344b7774db8a7aa66caab03e27e 1438798b911b4414bca95f3ec0fbf9cf - - default default] 10.0.0.145 "GET /v2.0/ports HTTP/1.1" status: 200 len: 3212 time: 0.1405113
2026-06-09 23:35:17.363 9 INFO neutron.wsgi [req-63f5c276-6faf-4ee7-a1ca-edf0f9f67daf req-541f123d-3d43-498f-8b4c-32f35cf9c10e 45de3e88fade4976b5a319fc55cb0613 baa76073266044108d11c9a0ceb64ebd - - default default] 10.0.0.217 "GET /v2.0/ports?device_id=3dca9577-3801-4d19-88b2-e3cd36769c1c HTTP/1.1" status: 200 len: 1170 time: 0.0420721
2026-06-09 23:35:17.413 9 INFO neutron.wsgi [req-63f5c276-6faf-4ee7-a1ca-edf0f9f67daf req-1a5aa4ee-ab26-4428-80e2-694a44189dd7 45de3e88fade4976b5a319fc55cb0613 baa76073266044108d11c9a0ceb64ebd - - default default] 10.0.0.217 "GET /v2.0/security-groups?id=bb41af35-6f29-48f6-90a0-183f7384d59f&fields=id&fields=name HTTP/1.1" status: 200 len: 313 time: 0.0450878
2026-06-09 23:35:17.566 10 INFO neutron.wsgi [-] 10.0.0.84 "GET / HTTP/1.1" status: 200 len: 246 time: 0.0018988
2026-06-09 23:35:17.568 10 INFO neutron.wsgi [-] 10.0.0.84 "GET / HTTP/1.1" status: 200 len: 246 time: 0.0014052
2026-06-09 23:35:17.597 10 INFO neutron.wsgi [None req-8d6ed8df-1d29-4995-a0d3-e3a2b54f2365 2f39a344b7774db8a7aa66caab03e27e 1438798b911b4414bca95f3ec0fbf9cf - - default default] 10.0.0.145 "DELETE /v2.0/ports/2b6dc946-9e6d-4290-adc1-7e1719b99ae1 HTTP/1.1" status: 204 len: 168 time: 0.3634615
2026-06-09 23:35:17.868 10 INFO neutron.wsgi [None req-1226c6aa-0995-4a17-ac18-c235a9b055e3 2f39a344b7774db8a7aa66caab03e27e 1438798b911b4414bca95f3ec0fbf9cf - - default default] 10.0.0.145 "DELETE /v2.0/ports/2408f33b-7074-475c-a72c-bca385cb85a7 HTTP/1.1" status: 204 len: 168 time: 0.2523413
2026-06-09 23:35:17.923 10 INFO neutron.wsgi [None req-39a195ea-7469-4e95-bd78-221768393add 2f39a344b7774db8a7aa66caab03e27e 1438798b911b4414bca95f3ec0fbf9cf - - default default] 10.0.0.145 "GET /v2.0/ports HTTP/1.1" status: 200 len: 1718 time: 0.0506449
2026-06-09 23:35:17.935 10 WARNING neutron_lib.context [None req-4044abb0-8e17-4746-a5fd-e4fa84d15382 2f39a344b7774db8a7aa66caab03e27e 1438798b911b4414bca95f3ec0fbf9cf - - default default] Method 'is_advsvc' is deprecated since 2023.2 release (neutron-lib 3.8.0) and will be removed once support for the old RBAC API policies will be removed from Neutron. Please use method 'is_service_role' instead.
2026-06-09 23:35:18.015 10 INFO neutron.db.segments_db [None req-4044abb0-8e17-4746-a5fd-e4fa84d15382 2f39a344b7774db8a7aa66caab03e27e 1438798b911b4414bca95f3ec0fbf9cf - - default default] Added segment f11a2183-e7c2-498c-aad5-6eeca3b35fff of type geneve for network e05c01bc-8085-4e64-a058-f1e948e8956e
2026-06-09 23:35:18.053 9 INFO neutron.wsgi [None req-a87084c6-91ed-448d-81e7-289a011e69d4 90812a0413764a4eaa0b415564029711 bc27290981bd476683a10f02ea15a988 - - default default] 10.0.0.145 "GET /v2.0/ports/ef64c574-fea9-437b-8159-880c8115d8a7 HTTP/1.1" status: 200 len: 1147 time: 0.0771828
2026-06-09 23:35:18.158 10 INFO neutron.db.ovn_revision_numbers_db [None req-4044abb0-8e17-4746-a5fd-e4fa84d15382 2f39a344b7774db8a7aa66caab03e27e 1438798b911b4414bca95f3ec0fbf9cf - - default default] Successfully bumped revision number for resource e05c01bc-8085-4e64-a058-f1e948e8956e (type: networks) to 1
2026-06-09 23:35:18.437 9 WARNING neutron_lib.context [None req-0445555b-3a0f-4a90-8e17-d70642a6abc0 c966ea5d82dc431fbd7b8cd78286400f d4d466b41a764a53963fabb89a1a04c9 - - default default] Method 'is_advsvc' is deprecated since 2023.2 release (neutron-lib 3.8.0) and will be removed once support for the old RBAC API policies will be removed from Neutron. Please use method 'is_service_role' instead.
2026-06-09 23:35:18.445 10 WARNING neutron.scheduler.dhcp_agent_scheduler [None req-4044abb0-8e17-4746-a5fd-e4fa84d15382 2f39a344b7774db8a7aa66caab03e27e 1438798b911b4414bca95f3ec0fbf9cf - - default default] No more DHCP agents
2026-06-09 23:35:18.448 10 WARNING neutron.api.rpc.agentnotifiers.dhcp_rpc_agent_api [None req-4044abb0-8e17-4746-a5fd-e4fa84d15382 2f39a344b7774db8a7aa66caab03e27e 1438798b911b4414bca95f3ec0fbf9cf - - default default] Unable to schedule network e05c01bc-8085-4e64-a058-f1e948e8956e: no agents available; will retry on subsequent port and subnet creation events.
2026-06-09 23:35:18.521 10 INFO neutron.db.ovn_revision_numbers_db [None req-4044abb0-8e17-4746-a5fd-e4fa84d15382 2f39a344b7774db8a7aa66caab03e27e 1438798b911b4414bca95f3ec0fbf9cf - - default default] Successfully bumped revision number for resource e9ecfa0e-a9ff-4893-9834-7b78a047e945 (type: ports) to 1
2026-06-09 23:35:18.540 10 INFO neutron.wsgi [None req-4044abb0-8e17-4746-a5fd-e4fa84d15382 2f39a344b7774db8a7aa66caab03e27e 1438798b911b4414bca95f3ec0fbf9cf - - default default] 10.0.0.145 "POST /v2.0/networks HTTP/1.1" status: 201 len: 848 time: 0.6095140
2026-06-09 23:35:18.542 9 INFO neutron.wsgi [req-136f167b-a1dd-40e9-a709-2060fb6a96fb req-ed6fe3c9-1e38-4837-8963-2e01d36dfc57 45de3e88fade4976b5a319fc55cb0613 baa76073266044108d11c9a0ceb64ebd - - default default] 10.0.0.217 "GET /v2.0/ports?device_id=3dca9577-3801-4d19-88b2-e3cd36769c1c HTTP/1.1" status: 200 len: 1170 time: 0.0413661
2026-06-09 23:35:18.551 10 WARNING neutron_lib.context [None req-9e6e228b-08a2-42f6-b3db-43249d0cb1ba 2f39a344b7774db8a7aa66caab03e27e 1438798b911b4414bca95f3ec0fbf9cf - - default default] Method 'is_advsvc' is deprecated since 2023.2 release (neutron-lib 3.8.0) and will be removed once support for the old RBAC API policies will be removed from Neutron. Please use method 'is_service_role' instead.
2026-06-09 23:35:18.602 9 INFO neutron.wsgi [req-136f167b-a1dd-40e9-a709-2060fb6a96fb req-38f70607-df9f-4a04-8c60-e44f688895ee 45de3e88fade4976b5a319fc55cb0613 baa76073266044108d11c9a0ceb64ebd - - default default] 10.0.0.217 "GET /v2.0/security-groups?id=bb41af35-6f29-48f6-90a0-183f7384d59f&fields=id&fields=name HTTP/1.1" status: 200 len: 313 time: 0.0521753
2026-06-09 23:35:18.639 10 INFO neutron.db.segments_db [None req-9e6e228b-08a2-42f6-b3db-43249d0cb1ba 2f39a344b7774db8a7aa66caab03e27e 1438798b911b4414bca95f3ec0fbf9cf - - default default] Added segment 764ea388-041c-47e6-b74c-a6b79261ad81 of type geneve for network 04a2f4af-394e-4b19-9566-6d717f2d1959
2026-06-09 23:35:18.643 9 INFO neutron.db.ovn_revision_numbers_db [None req-0445555b-3a0f-4a90-8e17-d70642a6abc0 c966ea5d82dc431fbd7b8cd78286400f d4d466b41a764a53963fabb89a1a04c9 - - default default] Successfully bumped revision number for resource 13e66cb9-f587-4146-ba68-6651dc41007f (type: security_groups) to 1
2026-06-09 23:35:18.660 9 INFO neutron.db.ovn_revision_numbers_db [None req-0445555b-3a0f-4a90-8e17-d70642a6abc0 c966ea5d82dc431fbd7b8cd78286400f d4d466b41a764a53963fabb89a1a04c9 - - default default] Successfully bumped revision number for resource 7a2b590e-9677-4266-a621-6b331ed9e401 (type: security_group_rules) to 0
2026-06-09 23:35:18.675 9 INFO neutron.db.ovn_revision_numbers_db [None req-0445555b-3a0f-4a90-8e17-d70642a6abc0 c966ea5d82dc431fbd7b8cd78286400f d4d466b41a764a53963fabb89a1a04c9 - - default default] Successfully bumped revision number for resource 92ad9ccf-00fe-4d7d-8b54-72cf485cbabd (type: security_group_rules) to 0
2026-06-09 23:35:18.697 9 INFO neutron.db.ovn_revision_numbers_db [None req-0445555b-3a0f-4a90-8e17-d70642a6abc0 c966ea5d82dc431fbd7b8cd78286400f d4d466b41a764a53963fabb89a1a04c9 - - default default] Successfully bumped revision number for resource a6b1442d-de70-408b-ad4e-2dee9ef992f9 (type: security_group_rules) to 0
2026-06-09 23:35:18.716 9 INFO neutron.db.ovn_revision_numbers_db [None req-0445555b-3a0f-4a90-8e17-d70642a6abc0 c966ea5d82dc431fbd7b8cd78286400f d4d466b41a764a53963fabb89a1a04c9 - - default default] Successfully bumped revision number for resource c3551ab4-b723-41c2-ab3f-bedc4cb1d8a0 (type: security_group_rules) to 0
2026-06-09 23:35:18.798 10 INFO neutron.db.ovn_revision_numbers_db [None req-9e6e228b-08a2-42f6-b3db-43249d0cb1ba 2f39a344b7774db8a7aa66caab03e27e 1438798b911b4414bca95f3ec0fbf9cf - - default default] Successfully bumped revision number for resource 04a2f4af-394e-4b19-9566-6d717f2d1959 (type: networks) to 1
2026-06-09 23:35:18.981 10 WARNING neutron.scheduler.dhcp_agent_scheduler [None req-9e6e228b-08a2-42f6-b3db-43249d0cb1ba 2f39a344b7774db8a7aa66caab03e27e 1438798b911b4414bca95f3ec0fbf9cf - - default default] No more DHCP agents
2026-06-09 23:35:18.983 10 WARNING neutron.api.rpc.agentnotifiers.dhcp_rpc_agent_api [None req-9e6e228b-08a2-42f6-b3db-43249d0cb1ba 2f39a344b7774db8a7aa66caab03e27e 1438798b911b4414bca95f3ec0fbf9cf - - default default] Unable to schedule network 04a2f4af-394e-4b19-9566-6d717f2d1959: no agents available; will retry on subsequent port and subnet creation events.
2026-06-09 23:35:19.050 9 INFO neutron.db.ovn_revision_numbers_db [None req-0445555b-3a0f-4a90-8e17-d70642a6abc0 c966ea5d82dc431fbd7b8cd78286400f d4d466b41a764a53963fabb89a1a04c9 - - default default] Successfully bumped revision number for resource 7e5c8219-261d-4570-a0b5-9b68a240140c (type: security_groups) to 1
2026-06-09 23:35:19.065 9 INFO neutron.db.ovn_revision_numbers_db [None req-0445555b-3a0f-4a90-8e17-d70642a6abc0 c966ea5d82dc431fbd7b8cd78286400f d4d466b41a764a53963fabb89a1a04c9 - - default default] Successfully bumped revision number for resource a81e78d2-ae01-46a3-a706-91e524c121e7 (type: security_group_rules) to 0
2026-06-09 23:35:19.068 10 INFO neutron.db.ovn_revision_numbers_db [None req-9e6e228b-08a2-42f6-b3db-43249d0cb1ba 2f39a344b7774db8a7aa66caab03e27e 1438798b911b4414bca95f3ec0fbf9cf - - default default] Successfully bumped revision number for resource 2e25430b-c08c-4b8a-865e-20eb8af42333 (type: ports) to 1
2026-06-09 23:35:19.079 9 INFO neutron.db.ovn_revision_numbers_db [None req-0445555b-3a0f-4a90-8e17-d70642a6abc0 c966ea5d82dc431fbd7b8cd78286400f d4d466b41a764a53963fabb89a1a04c9 - - default default] Successfully bumped revision number for resource cae05944-fec3-43b8-8c76-094522639704 (type: security_group_rules) to 0
2026-06-09 23:35:19.100 9 INFO neutron.wsgi [None req-0445555b-3a0f-4a90-8e17-d70642a6abc0 c966ea5d82dc431fbd7b8cd78286400f d4d466b41a764a53963fabb89a1a04c9 - - default default] 10.0.0.145 "POST /v2.0/security-groups HTTP/1.1" status: 201 len: 1825 time: 0.8684492
2026-06-09 23:35:19.103 10 INFO neutron.wsgi [None req-9cb24386-d78c-4fdd-b3e2-c436946841ab 90812a0413764a4eaa0b415564029711 bc27290981bd476683a10f02ea15a988 - - default default] 10.0.0.145 "GET /v2.0/ports/ef64c574-fea9-437b-8159-880c8115d8a7 HTTP/1.1" status: 200 len: 1147 time: 0.0429475
2026-06-09 23:35:19.110 10 INFO neutron.wsgi [None req-9e6e228b-08a2-42f6-b3db-43249d0cb1ba 2f39a344b7774db8a7aa66caab03e27e 1438798b911b4414bca95f3ec0fbf9cf - - default default] 10.0.0.145 "POST /v2.0/networks HTTP/1.1" status: 201 len: 849 time: 0.5646939
2026-06-09 23:35:19.153 10 INFO neutron.wsgi [None req-dcc7d0cd-b262-4cd2-b1e9-4167fd0c78fc c966ea5d82dc431fbd7b8cd78286400f d4d466b41a764a53963fabb89a1a04c9 - - default default] 10.0.0.145 "GET /v2.0/security-groups HTTP/1.1" status: 200 len: 4725 time: 0.0489504
2026-06-09 23:35:19.158 9 WARNING neutron_lib.context [None req-e5d455af-88fc-4368-9155-f12b9a6a3648 2f39a344b7774db8a7aa66caab03e27e 1438798b911b4414bca95f3ec0fbf9cf - - default default] Method 'is_advsvc' is deprecated since 2023.2 release (neutron-lib 3.8.0) and will be removed once support for the old RBAC API policies will be removed from Neutron. Please use method 'is_service_role' instead.
