2026-06-09 23:38:41.746 9 INFO neutron.wsgi [None req-09d1d0d3-823c-40e9-9c08-b707f99f2c56 838187f134094579ae582ee7acd150f3 bee5f3d9d67e40d4a51df0c1b6600e0e - - default default] 199.19.213.180 "GET /v2.0/subnets/4a080337-02f9-4e85-8216-75aab2721fa6 HTTP/1.1" status: 200 len: 848 time: 0.0302696
2026-06-09 23:38:41.794 9 INFO neutron.wsgi [None req-3f88123a-8f08-474f-91f4-1f6fd47283bf 838187f134094579ae582ee7acd150f3 bee5f3d9d67e40d4a51df0c1b6600e0e - - default default] 199.19.213.180 "GET /v2.0/ports?device_id=8231d74d-7860-4b62-b16e-7eb5ffdbcad1 HTTP/1.1" status: 200 len: 3909 time: 0.0420225
2026-06-09 23:38:41.946 9 INFO neutron.wsgi [None req-d3985b98-571d-4d71-b2af-cda8978673f4 838187f134094579ae582ee7acd150f3 bee5f3d9d67e40d4a51df0c1b6600e0e - - default default] 199.19.213.180 "GET /v2.0/extensions/security-group HTTP/1.1" status: 200 len: 369 time: 0.0082600
2026-06-09 23:38:41.956 9 INFO neutron.wsgi [None req-63b0650c-f2a4-4747-ba1e-1d9c51395d31 838187f134094579ae582ee7acd150f3 bee5f3d9d67e40d4a51df0c1b6600e0e - - default default] 199.19.213.180 "GET /v2.0/extensions/dns-integration HTTP/1.1" status: 200 len: 371 time: 0.0044723
2026-06-09 23:38:41.966 9 INFO neutron.wsgi [None req-7d6bf0dc-6822-4b49-bc36-4fcd7db272f8 838187f134094579ae582ee7acd150f3 bee5f3d9d67e40d4a51df0c1b6600e0e - - default default] 199.19.213.180 "GET /v2.0/extensions/qos HTTP/1.1" status: 200 len: 365 time: 0.0045016
2026-06-09 23:38:41.974 9 INFO neutron.wsgi [None req-b10770c0-7a04-4d04-8f34-36bb66db9b3b 838187f134094579ae582ee7acd150f3 bee5f3d9d67e40d4a51df0c1b6600e0e - - default default] 199.19.213.180 "GET /v2.0/extensions/allowed-address-pairs HTTP/1.1" status: 200 len: 383 time: 0.0042615
2026-06-09 23:38:42.540 10 INFO neutron.wsgi [req-14c2edce-4743-456d-be34-bfcaa8738231 req-ab2454f2-90d9-42a1-89ad-0c14fe80cbf9 e8f107aa72da412bbc0ea8f7ee0c8c44 df347551ee27486e886162979334894a - - 64cb136663874edbac2ca97158871181 64cb136663874edbac2ca97158871181] 199.19.213.180 "GET /v2.0/networks/fc31201c-49f2-4691-94d9-b52caf510e5f?fields=segments HTTP/1.1" status: 200 len: 212 time: 0.0670066
2026-06-09 23:38:42.606 10 INFO neutron.wsgi [req-14c2edce-4743-456d-be34-bfcaa8738231 req-cce6b24b-e242-42c6-a7a7-d2ed6ac5254d e8f107aa72da412bbc0ea8f7ee0c8c44 df347551ee27486e886162979334894a - - 64cb136663874edbac2ca97158871181 64cb136663874edbac2ca97158871181] 199.19.213.180 "GET /v2.0/networks/fc31201c-49f2-4691-94d9-b52caf510e5f?fields=provider%3Aphysical_network&fields=provider%3Anetwork_type HTTP/1.1" status: 200 len: 277 time: 0.0597436
2026-06-09 23:38:42.675 10 INFO neutron.wsgi [req-14c2edce-4743-456d-be34-bfcaa8738231 req-6f77e71d-fbba-42c2-8d2b-436c7c33a592 838187f134094579ae582ee7acd150f3 bee5f3d9d67e40d4a51df0c1b6600e0e - - default default] 199.19.213.180 "GET /v2.0/networks?id=fc31201c-49f2-4691-94d9-b52caf510e5f HTTP/1.1" status: 200 len: 1003 time: 0.0505311
2026-06-09 23:38:43.013 10 WARNING neutron.scheduler.dhcp_agent_scheduler [req-14c2edce-4743-456d-be34-bfcaa8738231 req-7e5b6733-6860-4917-b438-917a133a5f94 838187f134094579ae582ee7acd150f3 bee5f3d9d67e40d4a51df0c1b6600e0e - - default default] No more DHCP agents
2026-06-09 23:38:43.016 10 WARNING neutron.api.rpc.agentnotifiers.dhcp_rpc_agent_api [req-14c2edce-4743-456d-be34-bfcaa8738231 req-7e5b6733-6860-4917-b438-917a133a5f94 838187f134094579ae582ee7acd150f3 bee5f3d9d67e40d4a51df0c1b6600e0e - - default default] Unable to schedule network fc31201c-49f2-4691-94d9-b52caf510e5f: no agents available; will retry on subsequent port and subnet creation events.
2026-06-09 23:38:43.185 10 INFO neutron.db.ovn_revision_numbers_db [req-14c2edce-4743-456d-be34-bfcaa8738231 req-7e5b6733-6860-4917-b438-917a133a5f94 838187f134094579ae582ee7acd150f3 bee5f3d9d67e40d4a51df0c1b6600e0e - - default default] Successfully bumped revision number for resource dab30583-bdfc-40d4-8587-b2ff0d5c8183 (type: ports) to 1
2026-06-09 23:38:43.208 10 INFO neutron.wsgi [req-14c2edce-4743-456d-be34-bfcaa8738231 req-7e5b6733-6860-4917-b438-917a133a5f94 838187f134094579ae582ee7acd150f3 bee5f3d9d67e40d4a51df0c1b6600e0e - - default default] 199.19.213.180 "POST /v2.0/ports HTTP/1.1" status: 201 len: 1504 time: 0.5277438 /var/lib/openstack/lib/python3.10/site-packages/pycadf/identifier.py:71: UserWarning: Invalid uuid: neutron. To ensure interoperability, identifiers should be a valid uuid. warnings.warn(('Invalid uuid: %s. To ensure interoperability, '
2026-06-09 23:38:43.660 10 INFO neutron.db.ovn_revision_numbers_db [req-14c2edce-4743-456d-be34-bfcaa8738231 req-748ed20f-4d67-48b6-ba6d-2d1510bffc8a e8f107aa72da412bbc0ea8f7ee0c8c44 df347551ee27486e886162979334894a - - 64cb136663874edbac2ca97158871181 64cb136663874edbac2ca97158871181] Successfully bumped revision number for resource dab30583-bdfc-40d4-8587-b2ff0d5c8183 (type: ports) to 2
2026-06-09 23:38:43.867 10 INFO neutron.db.ovn_revision_numbers_db [req-14c2edce-4743-456d-be34-bfcaa8738231 req-748ed20f-4d67-48b6-ba6d-2d1510bffc8a e8f107aa72da412bbc0ea8f7ee0c8c44 df347551ee27486e886162979334894a - - 64cb136663874edbac2ca97158871181 64cb136663874edbac2ca97158871181] Successfully bumped revision number for resource dab30583-bdfc-40d4-8587-b2ff0d5c8183 (type: ports) to 2
2026-06-09 23:38:43.887 10 INFO neutron.wsgi [req-14c2edce-4743-456d-be34-bfcaa8738231 req-748ed20f-4d67-48b6-ba6d-2d1510bffc8a e8f107aa72da412bbc0ea8f7ee0c8c44 df347551ee27486e886162979334894a - - 64cb136663874edbac2ca97158871181 64cb136663874edbac2ca97158871181] 199.19.213.180 "PUT /v2.0/ports/dab30583-bdfc-40d4-8587-b2ff0d5c8183 HTTP/1.1" status: 200 len: 1601 time: 0.6676452 /var/lib/openstack/lib/python3.10/site-packages/pycadf/identifier.py:71: UserWarning: Invalid uuid: neutron. To ensure interoperability, identifiers should be a valid uuid. warnings.warn(('Invalid uuid: %s. To ensure interoperability, '
2026-06-09 23:38:43.975 10 INFO neutron.wsgi [req-14c2edce-4743-456d-be34-bfcaa8738231 req-65586463-78ca-4f4a-8da6-99bb40c49a35 e8f107aa72da412bbc0ea8f7ee0c8c44 df347551ee27486e886162979334894a - - 64cb136663874edbac2ca97158871181 64cb136663874edbac2ca97158871181] 199.19.213.180 "GET /v2.0/ports?tenant_id=bee5f3d9d67e40d4a51df0c1b6600e0e&device_id=8231d74d-7860-4b62-b16e-7eb5ffdbcad1 HTTP/1.1" status: 200 len: 5330 time: 0.0524254
2026-06-09 23:38:43.979 10 INFO neutron.notifiers.nova [-] Nova event matching ['req-fe855892-c4ed-4e25-a628-ae1851efd753'] response: {'name': 'network-changed', 'server_uuid': '8231d74d-7860-4b62-b16e-7eb5ffdbcad1', 'tag': 'dab30583-bdfc-40d4-8587-b2ff0d5c8183', 'status': 'completed', 'code': 200}
2026-06-09 23:38:44.009 10 INFO neutron.wsgi [req-14c2edce-4743-456d-be34-bfcaa8738231 req-bc4cfdb9-81e8-41a4-9830-79e4035602e3 e8f107aa72da412bbc0ea8f7ee0c8c44 df347551ee27486e886162979334894a - - 64cb136663874edbac2ca97158871181 64cb136663874edbac2ca97158871181] 199.19.213.180 "GET /v2.0/floatingips?fixed_ip_address=172.24.1.4&port_id=bfed5bbd-da6a-4947-a7dd-17d1f20b9847 HTTP/1.1" status: 200 len: 217 time: 0.0243642
2026-06-09 23:38:44.044 10 INFO neutron.wsgi [req-14c2edce-4743-456d-be34-bfcaa8738231 req-1b325c71-4430-40f8-99c8-fa74c44395e1 e8f107aa72da412bbc0ea8f7ee0c8c44 df347551ee27486e886162979334894a - - 64cb136663874edbac2ca97158871181 64cb136663874edbac2ca97158871181] 199.19.213.180 "GET /v2.0/subnets?id=a432b8e8-cde4-472d-929d-42e9d1117f2d HTTP/1.1" status: 200 len: 829 time: 0.0281203
2026-06-09 23:38:44.071 10 INFO neutron.wsgi [req-14c2edce-4743-456d-be34-bfcaa8738231 req-be84fb39-0bea-49e5-8075-a6ce435bd4ca e8f107aa72da412bbc0ea8f7ee0c8c44 df347551ee27486e886162979334894a - - 64cb136663874edbac2ca97158871181 64cb136663874edbac2ca97158871181] 199.19.213.180 "GET /v2.0/ports?network_id=862c711b-9054-4156-827a-85f3ab7bf15a&device_owner=network%3Adhcp HTTP/1.1" status: 200 len: 210 time: 0.0209019
2026-06-09 23:38:44.136 10 INFO neutron.wsgi [req-14c2edce-4743-456d-be34-bfcaa8738231 req-6114c7c9-9e32-473e-89a3-3d166b651f55 e8f107aa72da412bbc0ea8f7ee0c8c44 df347551ee27486e886162979334894a - - 64cb136663874edbac2ca97158871181 64cb136663874edbac2ca97158871181] 199.19.213.180 "GET /v2.0/networks/862c711b-9054-4156-827a-85f3ab7bf15a?fields=segments HTTP/1.1" status: 200 len: 212 time: 0.0581779
2026-06-09 23:38:44.191 10 INFO neutron.wsgi [req-14c2edce-4743-456d-be34-bfcaa8738231 req-73c5a49c-dadf-422b-8cdf-730d298f7821 e8f107aa72da412bbc0ea8f7ee0c8c44 df347551ee27486e886162979334894a - - 64cb136663874edbac2ca97158871181 64cb136663874edbac2ca97158871181] 199.19.213.180 "GET /v2.0/networks/862c711b-9054-4156-827a-85f3ab7bf15a?fields=provider%3Aphysical_network&fields=provider%3Anetwork_type HTTP/1.1" status: 200 len: 277 time: 0.0477085
2026-06-09 23:38:44.471 10 INFO neutron.wsgi [req-14c2edce-4743-456d-be34-bfcaa8738231 req-43b0ff1e-5bf1-4810-8689-16e285a23cdf e8f107aa72da412bbc0ea8f7ee0c8c44 df347551ee27486e886162979334894a - - 64cb136663874edbac2ca97158871181 64cb136663874edbac2ca97158871181] 199.19.213.180 "GET /v2.0/floatingips?fixed_ip_address=10.1.1.180&port_id=0201da10-de9d-42f7-90ba-100649307428 HTTP/1.1" status: 200 len: 217 time: 0.2736056
2026-06-09 23:38:44.510 10 INFO neutron.wsgi [req-14c2edce-4743-456d-be34-bfcaa8738231 req-73da3ce9-619f-4434-8fc9-31e845a532b5 e8f107aa72da412bbc0ea8f7ee0c8c44 df347551ee27486e886162979334894a - - 64cb136663874edbac2ca97158871181 64cb136663874edbac2ca97158871181] 199.19.213.180 "GET /v2.0/subnets?id=81b5edaa-65db-4356-ae00-4e7158181a8e HTTP/1.1" status: 200 len: 853 time: 0.0315802
2026-06-09 23:38:44.537 10 INFO neutron.wsgi [req-14c2edce-4743-456d-be34-bfcaa8738231 req-9a8d182f-d305-4d7b-bae1-c67b96176fe0 e8f107aa72da412bbc0ea8f7ee0c8c44 df347551ee27486e886162979334894a - - 64cb136663874edbac2ca97158871181 64cb136663874edbac2ca97158871181] 199.19.213.180 "GET /v2.0/ports?network_id=16c204cb-b09e-4efc-8d87-60fda83b84bb&device_owner=network%3Adhcp HTTP/1.1" status: 200 len: 210 time: 0.0200644
2026-06-09 23:38:44.619 10 INFO neutron.wsgi [req-14c2edce-4743-456d-be34-bfcaa8738231 req-bc04d26c-afd1-4bcd-a959-bcbf15c7ce6c e8f107aa72da412bbc0ea8f7ee0c8c44 df347551ee27486e886162979334894a - - 64cb136663874edbac2ca97158871181 64cb136663874edbac2ca97158871181] 199.19.213.180 "GET /v2.0/networks/16c204cb-b09e-4efc-8d87-60fda83b84bb?fields=segments HTTP/1.1" status: 200 len: 212 time: 0.0744860
2026-06-09 23:38:44.697 10 INFO neutron.wsgi [req-14c2edce-4743-456d-be34-bfcaa8738231 req-dd17a473-0914-4eb2-bfa5-91c14b8d54ab e8f107aa72da412bbc0ea8f7ee0c8c44 df347551ee27486e886162979334894a - - 64cb136663874edbac2ca97158871181 64cb136663874edbac2ca97158871181] 199.19.213.180 "GET /v2.0/networks/16c204cb-b09e-4efc-8d87-60fda83b84bb?fields=provider%3Aphysical_network&fields=provider%3Anetwork_type HTTP/1.1" status: 200 len: 277 time: 0.0709786
2026-06-09 23:38:44.731 10 INFO neutron.wsgi [req-14c2edce-4743-456d-be34-bfcaa8738231 req-9365e418-3074-42e5-a300-290ca8cabee4 e8f107aa72da412bbc0ea8f7ee0c8c44 df347551ee27486e886162979334894a - - 64cb136663874edbac2ca97158871181 64cb136663874edbac2ca97158871181] 199.19.213.180 "GET /v2.0/floatingips?fixed_ip_address=10.2.1.6&port_id=a5731755-3f8a-48a9-a297-389d30624f63 HTTP/1.1" status: 200 len: 217 time: 0.0265834
2026-06-09 23:38:44.772 10 INFO neutron.wsgi [req-14c2edce-4743-456d-be34-bfcaa8738231 req-07a935a5-28e6-4448-8bcb-c47eda6a4b36 e8f107aa72da412bbc0ea8f7ee0c8c44 df347551ee27486e886162979334894a - - 64cb136663874edbac2ca97158871181 64cb136663874edbac2ca97158871181] 199.19.213.180 "GET /v2.0/subnets?id=1cedc3d8-2eec-4bcc-ad63-1e24db4f4abb HTTP/1.1" status: 200 len: 851 time: 0.0375605
2026-06-09 23:38:44.802 10 INFO neutron.wsgi [req-14c2edce-4743-456d-be34-bfcaa8738231 req-0b8ddb42-e12e-466c-bc60-2eec11b06aab e8f107aa72da412bbc0ea8f7ee0c8c44 df347551ee27486e886162979334894a - - 64cb136663874edbac2ca97158871181 64cb136663874edbac2ca97158871181] 199.19.213.180 "GET /v2.0/ports?network_id=d3d801cc-14e4-4684-9100-89a375ba39ea&device_owner=network%3Adhcp HTTP/1.1" status: 200 len: 210 time: 0.0229278
2026-06-09 23:38:44.875 10 INFO neutron.wsgi [req-14c2edce-4743-456d-be34-bfcaa8738231 req-59f92bce-d080-4904-9cdb-517bf95dae61 e8f107aa72da412bbc0ea8f7ee0c8c44 df347551ee27486e886162979334894a - - 64cb136663874edbac2ca97158871181 64cb136663874edbac2ca97158871181] 199.19.213.180 "GET /v2.0/networks/d3d801cc-14e4-4684-9100-89a375ba39ea?fields=segments HTTP/1.1" status: 200 len: 212 time: 0.0667639
2026-06-09 23:38:44.949 10 INFO neutron.wsgi [req-14c2edce-4743-456d-be34-bfcaa8738231 req-1548c9f6-de70-42bf-b2db-72d2db147891 e8f107aa72da412bbc0ea8f7ee0c8c44 df347551ee27486e886162979334894a - - 64cb136663874edbac2ca97158871181 64cb136663874edbac2ca97158871181] 199.19.213.180 "GET /v2.0/networks/d3d801cc-14e4-4684-9100-89a375ba39ea?fields=provider%3Aphysical_network&fields=provider%3Anetwork_type HTTP/1.1" status: 200 len: 277 time: 0.0695589
2026-06-09 23:38:44.980 10 INFO neutron.wsgi [req-14c2edce-4743-456d-be34-bfcaa8738231 req-a7279d01-8f57-4f8b-a104-4ec14710e531 e8f107aa72da412bbc0ea8f7ee0c8c44 df347551ee27486e886162979334894a - - 64cb136663874edbac2ca97158871181 64cb136663874edbac2ca97158871181] 199.19.213.180 "GET /v2.0/floatingips?fixed_ip_address=10.2.2.247&port_id=dab30583-bdfc-40d4-8587-b2ff0d5c8183 HTTP/1.1" status: 200 len: 217 time: 0.0236735
2026-06-09 23:38:45.010 10 INFO neutron.wsgi [req-14c2edce-4743-456d-be34-bfcaa8738231 req-9a9d7cb1-ae46-433b-b57f-1ef45333aba9 e8f107aa72da412bbc0ea8f7ee0c8c44 df347551ee27486e886162979334894a - - 64cb136663874edbac2ca97158871181 64cb136663874edbac2ca97158871181] 199.19.213.180 "GET /v2.0/floatingips?fixed_ip_address=fd77%3A1457%3A4cf0%3A26a8%3A%3A5&port_id=dab30583-bdfc-40d4-8587-b2ff0d5c8183 HTTP/1.1" status: 200 len: 217 time: 0.0243495
2026-06-09 23:38:45.060 10 INFO neutron.wsgi [req-14c2edce-4743-456d-be34-bfcaa8738231 req-cd58a94e-a955-41b1-b761-dde69a8ffdae e8f107aa72da412bbc0ea8f7ee0c8c44 df347551ee27486e886162979334894a - - 64cb136663874edbac2ca97158871181 64cb136663874edbac2ca97158871181] 199.19.213.180 "GET /v2.0/subnets?id=b98cbef8-7b23-4666-9630-2cb9804d7362&id=4a080337-02f9-4e85-8216-75aab2721fa6 HTTP/1.1" status: 200 len: 1566 time: 0.0434361
2026-06-09 23:38:45.089 10 INFO neutron.wsgi [req-14c2edce-4743-456d-be34-bfcaa8738231 req-e3572154-83f4-4f95-bbed-d929bb657af5 e8f107aa72da412bbc0ea8f7ee0c8c44 df347551ee27486e886162979334894a - - 64cb136663874edbac2ca97158871181 64cb136663874edbac2ca97158871181] 199.19.213.180 "GET /v2.0/ports?network_id=fc31201c-49f2-4691-94d9-b52caf510e5f&device_owner=network%3Adhcp HTTP/1.1" status: 200 len: 210 time: 0.0229082
2026-06-09 23:38:45.114 10 INFO neutron.wsgi [req-14c2edce-4743-456d-be34-bfcaa8738231 req-022c245f-c307-4008-b454-db7f7a1ed080 e8f107aa72da412bbc0ea8f7ee0c8c44 df347551ee27486e886162979334894a - - 64cb136663874edbac2ca97158871181 64cb136663874edbac2ca97158871181] 199.19.213.180 "GET /v2.0/ports?network_id=fc31201c-49f2-4691-94d9-b52caf510e5f&device_owner=network%3Adhcp HTTP/1.1" status: 200 len: 210 time: 0.0181186
2026-06-09 23:38:45.180 10 INFO neutron.wsgi [req-14c2edce-4743-456d-be34-bfcaa8738231 req-db678b43-e976-446a-ad2a-4d1e8cbe9a9b e8f107aa72da412bbc0ea8f7ee0c8c44 df347551ee27486e886162979334894a - - 64cb136663874edbac2ca97158871181 64cb136663874edbac2ca97158871181] 199.19.213.180 "GET /v2.0/networks/fc31201c-49f2-4691-94d9-b52caf510e5f?fields=segments HTTP/1.1" status: 200 len: 212 time: 0.0590870
2026-06-09 23:38:45.270 10 INFO neutron.wsgi [req-14c2edce-4743-456d-be34-bfcaa8738231 req-7ec1dd5d-1832-4f4c-a52f-8579148402bf e8f107aa72da412bbc0ea8f7ee0c8c44 df347551ee27486e886162979334894a - - 64cb136663874edbac2ca97158871181 64cb136663874edbac2ca97158871181] 199.19.213.180 "GET /v2.0/networks/fc31201c-49f2-4691-94d9-b52caf510e5f?fields=provider%3Aphysical_network&fields=provider%3Anetwork_type HTTP/1.1" status: 200 len: 277 time: 0.0829692
2026-06-09 23:38:45.381 10 INFO neutron.wsgi [req-67a309f6-ff18-4c79-9a17-abae04427549 req-b91e9a6d-7955-43c4-86ee-6db678397c34 e8f107aa72da412bbc0ea8f7ee0c8c44 df347551ee27486e886162979334894a - - 64cb136663874edbac2ca97158871181 64cb136663874edbac2ca97158871181] 199.19.213.180 "GET /v2.0/ports?tenant_id=bee5f3d9d67e40d4a51df0c1b6600e0e&device_id=8231d74d-7860-4b62-b16e-7eb5ffdbcad1 HTTP/1.1" status: 200 len: 5330 time: 0.0631790
2026-06-09 23:38:45.386 10 INFO neutron.plugins.ml2.drivers.ovn.mech_driver.mech_driver [None req-96a4567b-270c-4625-b81f-f2856ab73c05 - - - - - -] OVN reports status up for port: dab30583-bdfc-40d4-8587-b2ff0d5c8183
2026-06-09 23:38:45.423 10 INFO neutron.plugins.ml2.plugin [None req-96a4567b-270c-4625-b81f-f2856ab73c05 - - - - - -] Attempt 1 to provision port dab30583-bdfc-40d4-8587-b2ff0d5c8183
2026-06-09 23:38:45.466 10 INFO neutron.wsgi [req-67a309f6-ff18-4c79-9a17-abae04427549 req-9c90160a-0ca7-44b4-9b45-f97c1826c563 e8f107aa72da412bbc0ea8f7ee0c8c44 df347551ee27486e886162979334894a - - 64cb136663874edbac2ca97158871181 64cb136663874edbac2ca97158871181] 199.19.213.180 "GET /v2.0/networks?id=fc31201c-49f2-4691-94d9-b52caf510e5f HTTP/1.1" status: 200 len: 1003 time: 0.0702462
2026-06-09 23:38:45.521 10 INFO neutron.wsgi [req-67a309f6-ff18-4c79-9a17-abae04427549 req-4085a706-637e-41bd-8cb9-367b04247f24 e8f107aa72da412bbc0ea8f7ee0c8c44 df347551ee27486e886162979334894a - - 64cb136663874edbac2ca97158871181 64cb136663874edbac2ca97158871181] 199.19.213.180 "GET /v2.0/floatingips?fixed_ip_address=10.2.2.247&port_id=dab30583-bdfc-40d4-8587-b2ff0d5c8183 HTTP/1.1" status: 200 len: 217 time: 0.0419693
2026-06-09 23:38:45.560 10 INFO neutron.wsgi [req-67a309f6-ff18-4c79-9a17-abae04427549 req-408f1b65-af99-4d4c-9ccd-7d31d38f8da5 e8f107aa72da412bbc0ea8f7ee0c8c44 df347551ee27486e886162979334894a - - 64cb136663874edbac2ca97158871181 64cb136663874edbac2ca97158871181] 199.19.213.180 "GET /v2.0/floatingips?fixed_ip_address=fd77%3A1457%3A4cf0%3A26a8%3A%3A5&port_id=dab30583-bdfc-40d4-8587-b2ff0d5c8183 HTTP/1.1" status: 200 len: 217 time: 0.0309486
2026-06-09 23:38:45.612 10 INFO neutron.wsgi [req-67a309f6-ff18-4c79-9a17-abae04427549 req-6a439905-b82d-4f7e-b2ed-29849a9adc88 e8f107aa72da412bbc0ea8f7ee0c8c44 df347551ee27486e886162979334894a - - 64cb136663874edbac2ca97158871181 64cb136663874edbac2ca97158871181] 199.19.213.180 "GET /v2.0/subnets?id=b98cbef8-7b23-4666-9630-2cb9804d7362&id=4a080337-02f9-4e85-8216-75aab2721fa6 HTTP/1.1" status: 200 len: 1566 time: 0.0453393
2026-06-09 23:38:45.650 10 INFO neutron.wsgi [req-67a309f6-ff18-4c79-9a17-abae04427549 req-a64b0ed7-2b09-41ba-9aa9-cb652587c72b e8f107aa72da412bbc0ea8f7ee0c8c44 df347551ee27486e886162979334894a - - 64cb136663874edbac2ca97158871181 64cb136663874edbac2ca97158871181] 199.19.213.180 "GET /v2.0/ports?network_id=fc31201c-49f2-4691-94d9-b52caf510e5f&device_owner=network%3Adhcp HTTP/1.1" status: 200 len: 210 time: 0.0297387
2026-06-09 23:38:45.655 9 INFO neutron.wsgi [req-14c2edce-4743-456d-be34-bfcaa8738231 req-d0932ad8-3ae9-4830-8437-6fb115bb2bc8 838187f134094579ae582ee7acd150f3 bee5f3d9d67e40d4a51df0c1b6600e0e - - default default] 10.0.0.217 "GET /v2.0/ports/dab30583-bdfc-40d4-8587-b2ff0d5c8183 HTTP/1.1" status: 200 len: 1631 time: 0.0835426
2026-06-09 23:38:45.680 10 INFO neutron.wsgi [req-67a309f6-ff18-4c79-9a17-abae04427549 req-ccd65985-f001-4253-8060-e48fa3b3c68c e8f107aa72da412bbc0ea8f7ee0c8c44 df347551ee27486e886162979334894a - - 64cb136663874edbac2ca97158871181 64cb136663874edbac2ca97158871181] 199.19.213.180 "GET /v2.0/ports?network_id=fc31201c-49f2-4691-94d9-b52caf510e5f&device_owner=network%3Adhcp HTTP/1.1" status: 200 len: 210 time: 0.0247207
2026-06-09 23:38:45.706 9 INFO neutron.wsgi [None req-9c4eb693-edc7-4cb3-ac04-55bef700d8bb 838187f134094579ae582ee7acd150f3 bee5f3d9d67e40d4a51df0c1b6600e0e - - default default] 199.19.213.180 "GET /v2.0/ports/dab30583-bdfc-40d4-8587-b2ff0d5c8183 HTTP/1.1" status: 200 len: 1631 time: 0.0389402
2026-06-09 23:38:45.751 9 INFO neutron.wsgi [None req-bad65da7-fa9b-41fe-bd7a-de79fb6fed7d 838187f134094579ae582ee7acd150f3 bee5f3d9d67e40d4a51df0c1b6600e0e - - default default] 199.19.213.180 "GET /v2.0/ports/dab30583-bdfc-40d4-8587-b2ff0d5c8183 HTTP/1.1" status: 200 len: 1631 time: 0.0363986
2026-06-09 23:38:45.769 10 INFO neutron.wsgi [req-67a309f6-ff18-4c79-9a17-abae04427549 req-c0df837a-6dad-465a-a387-16004827608f e8f107aa72da412bbc0ea8f7ee0c8c44 df347551ee27486e886162979334894a - - 64cb136663874edbac2ca97158871181 64cb136663874edbac2ca97158871181] 199.19.213.180 "GET /v2.0/networks/fc31201c-49f2-4691-94d9-b52caf510e5f?fields=segments HTTP/1.1" status: 200 len: 212 time: 0.0749662
2026-06-09 23:38:45.854 10 INFO neutron.wsgi [req-67a309f6-ff18-4c79-9a17-abae04427549 req-fcb18852-6c02-4f68-9801-891324dafb74 e8f107aa72da412bbc0ea8f7ee0c8c44 df347551ee27486e886162979334894a - - 64cb136663874edbac2ca97158871181 64cb136663874edbac2ca97158871181] 199.19.213.180 "GET /v2.0/networks/fc31201c-49f2-4691-94d9-b52caf510e5f?fields=provider%3Aphysical_network&fields=provider%3Anetwork_type HTTP/1.1" status: 200 len: 277 time: 0.0760181
2026-06-09 23:38:45.855 10 INFO neutron.db.ovn_revision_numbers_db [None req-96a4567b-270c-4625-b81f-f2856ab73c05 - - - - - -] Successfully bumped revision number for resource dab30583-bdfc-40d4-8587-b2ff0d5c8183 (type: ports) to 4
2026-06-09 23:38:46.021 10 INFO neutron.notifiers.nova [-] Nova event matching ['req-0bd676e6-b058-44f2-b852-0b197ba1e8cf'] response: {'server_uuid': '8231d74d-7860-4b62-b16e-7eb5ffdbcad1', 'name': 'network-vif-plugged', 'status': 'completed', 'tag': 'dab30583-bdfc-40d4-8587-b2ff0d5c8183', 'code': 200}
2026-06-09 23:38:46.021 10 INFO neutron.notifiers.nova [-] Nova event matching ['req-0bd676e6-b058-44f2-b852-0b197ba1e8cf'] response: {'server_uuid': '8231d74d-7860-4b62-b16e-7eb5ffdbcad1', 'name': 'network-vif-plugged', 'status': 'completed', 'tag': 'dab30583-bdfc-40d4-8587-b2ff0d5c8183', 'code': 200}
2026-06-09 23:38:46.262 9 INFO neutron.db.ovn_revision_numbers_db [None req-a7a291fb-d7b2-4d54-b240-a2c54c2c13e1 838187f134094579ae582ee7acd150f3 bee5f3d9d67e40d4a51df0c1b6600e0e - - default default] Successfully bumped revision number for resource dab30583-bdfc-40d4-8587-b2ff0d5c8183 (type: ports) to 5
2026-06-09 23:38:46.284 9 INFO neutron.wsgi [None req-a7a291fb-d7b2-4d54-b240-a2c54c2c13e1 838187f134094579ae582ee7acd150f3 bee5f3d9d67e40d4a51df0c1b6600e0e - - default default] 199.19.213.180 "PUT /v2.0/ports/dab30583-bdfc-40d4-8587-b2ff0d5c8183 HTTP/1.1" status: 200 len: 1378 time: 0.5242295 /var/lib/openstack/lib/python3.10/site-packages/pycadf/identifier.py:71: UserWarning: Invalid uuid: neutron. To ensure interoperability, identifiers should be a valid uuid. warnings.warn(('Invalid uuid: %s. To ensure interoperability, '
2026-06-09 23:38:46.373 9 INFO neutron.notifiers.nova [-] Nova event matching ['req-b9b71a7f-246d-4fe4-89c5-27859f42d6c5'] response: {'name': 'network-changed', 'server_uuid': '8231d74d-7860-4b62-b16e-7eb5ffdbcad1', 'tag': 'dab30583-bdfc-40d4-8587-b2ff0d5c8183', 'status': 'completed', 'code': 200}
2026-06-09 23:38:46.389 9 INFO neutron.wsgi [None req-dc63f1d4-e224-4917-a359-07c29088d717 838187f134094579ae582ee7acd150f3 bee5f3d9d67e40d4a51df0c1b6600e0e - - default default] 199.19.213.180 "GET /v2.0/networks/fc31201c-49f2-4691-94d9-b52caf510e5f HTTP/1.1" status: 200 len: 1000 time: 0.0910044 /var/lib/openstack/lib/python3.10/site-packages/pycadf/identifier.py:71: UserWarning: Invalid uuid: neutron. To ensure interoperability, identifiers should be a valid uuid. warnings.warn(('Invalid uuid: %s. To ensure interoperability, '
2026-06-09 23:38:46.430 9 INFO neutron.wsgi [None req-4dc2e0bb-9563-4342-9415-9f9888cf15cc 838187f134094579ae582ee7acd150f3 bee5f3d9d67e40d4a51df0c1b6600e0e - - default default] 199.19.213.180 "GET /v2.0/subnets/4a080337-02f9-4e85-8216-75aab2721fa6 HTTP/1.1" status: 200 len: 848 time: 0.0323653
2026-06-09 23:38:46.453 10 INFO neutron.wsgi [req-aa746ea5-be57-4c4a-9f0c-74cb48c6d49a req-52923e10-7651-44ad-91cc-e87158a8a556 e8f107aa72da412bbc0ea8f7ee0c8c44 df347551ee27486e886162979334894a - - 64cb136663874edbac2ca97158871181 64cb136663874edbac2ca97158871181] 199.19.213.180 "GET /v2.0/ports?tenant_id=bee5f3d9d67e40d4a51df0c1b6600e0e&device_id=8231d74d-7860-4b62-b16e-7eb5ffdbcad1 HTTP/1.1" status: 200 len: 5107 time: 0.0515764
2026-06-09 23:38:46.521 10 INFO neutron.wsgi [req-aa746ea5-be57-4c4a-9f0c-74cb48c6d49a req-c2546257-a00a-4c49-9056-1ecee8a19bf7 e8f107aa72da412bbc0ea8f7ee0c8c44 df347551ee27486e886162979334894a - - 64cb136663874edbac2ca97158871181 64cb136663874edbac2ca97158871181] 199.19.213.180 "GET /v2.0/networks?id=fc31201c-49f2-4691-94d9-b52caf510e5f HTTP/1.1" status: 200 len: 1003 time: 0.0611491
2026-06-09 23:38:46.535 9 INFO neutron.wsgi [None req-751c30a2-3c64-471a-aaf6-93a18a6c1c82 838187f134094579ae582ee7acd150f3 bee5f3d9d67e40d4a51df0c1b6600e0e - - default default] 199.19.213.180 "GET /v2.0/extensions/security-group HTTP/1.1" status: 200 len: 369 time: 0.0053308
2026-06-09 23:38:46.543 9 INFO neutron.wsgi [None req-a8e44bb4-e0e1-4a3a-9ad3-17d9713a620b 838187f134094579ae582ee7acd150f3 bee5f3d9d67e40d4a51df0c1b6600e0e - - default default] 199.19.213.180 "GET /v2.0/extensions/dns-integration HTTP/1.1" status: 200 len: 371 time: 0.0053458
2026-06-09 23:38:46.553 9 INFO neutron.wsgi [None req-ff67f28f-f969-4324-9d98-8a2319814442 838187f134094579ae582ee7acd150f3 bee5f3d9d67e40d4a51df0c1b6600e0e - - default default] 199.19.213.180 "GET /v2.0/extensions/qos HTTP/1.1" status: 200 len: 365 time: 0.0048382
2026-06-09 23:38:46.557 10 INFO neutron.wsgi [req-aa746ea5-be57-4c4a-9f0c-74cb48c6d49a req-4fe03ccc-270f-4485-81f2-492b69b142f2 e8f107aa72da412bbc0ea8f7ee0c8c44 df347551ee27486e886162979334894a - - 64cb136663874edbac2ca97158871181 64cb136663874edbac2ca97158871181] 199.19.213.180 "GET /v2.0/floatingips?fixed_ip_address=10.2.2.247&port_id=dab30583-bdfc-40d4-8587-b2ff0d5c8183 HTTP/1.1" status: 200 len: 217 time: 0.0290887
2026-06-09 23:38:46.562 9 INFO neutron.wsgi [None req-9f4538af-098b-4c96-9a5f-44bccb3f626d 838187f134094579ae582ee7acd150f3 bee5f3d9d67e40d4a51df0c1b6600e0e - - default default] 199.19.213.180 "GET /v2.0/extensions/allowed-address-pairs HTTP/1.1" status: 200 len: 383 time: 0.0046530
2026-06-09 23:38:46.605 10 INFO neutron.wsgi [req-aa746ea5-be57-4c4a-9f0c-74cb48c6d49a req-c2df2018-be45-42a2-9686-9ded93059f5e e8f107aa72da412bbc0ea8f7ee0c8c44 df347551ee27486e886162979334894a - - 64cb136663874edbac2ca97158871181 64cb136663874edbac2ca97158871181] 199.19.213.180 "GET /v2.0/subnets?id=4a080337-02f9-4e85-8216-75aab2721fa6 HTTP/1.1" status: 200 len: 851 time: 0.0406384
2026-06-09 23:38:46.606 9 INFO neutron.wsgi [None req-642af347-9ae8-493e-9e2b-770a76bea85a 838187f134094579ae582ee7acd150f3 bee5f3d9d67e40d4a51df0c1b6600e0e - - default default] 199.19.213.180 "GET /v2.0/subnets/81b5edaa-65db-4356-ae00-4e7158181a8e HTTP/1.1" status: 200 len: 850 time: 0.0384908
2026-06-09 23:38:46.630 10 INFO neutron.wsgi [req-aa746ea5-be57-4c4a-9f0c-74cb48c6d49a req-ede3c1d3-3495-4aea-8d7f-5156565ea959 e8f107aa72da412bbc0ea8f7ee0c8c44 df347551ee27486e886162979334894a - - 64cb136663874edbac2ca97158871181 64cb136663874edbac2ca97158871181] 199.19.213.180 "GET /v2.0/ports?network_id=fc31201c-49f2-4691-94d9-b52caf510e5f&device_owner=network%3Adhcp HTTP/1.1" status: 200 len: 210 time: 0.0202322
2026-06-09 23:38:46.648 9 INFO neutron.wsgi [None req-b92d4894-fc52-4199-b5a4-aaa50d905e32 838187f134094579ae582ee7acd150f3 bee5f3d9d67e40d4a51df0c1b6600e0e - - default default] 199.19.213.180 "GET /v2.0/ports/3ed74032-830f-4afb-9a85-7ad3ac738019 HTTP/1.1" status: 200 len: 1336 time: 0.0328083
2026-06-09 23:38:46.693 9 INFO neutron.wsgi [None req-ebcfc845-99cc-4abb-a1d4-36a5440b56e9 838187f134094579ae582ee7acd150f3 bee5f3d9d67e40d4a51df0c1b6600e0e - - default default] 199.19.213.180 "GET /v2.0/ports/0201da10-de9d-42f7-90ba-100649307428 HTTP/1.1" status: 200 len: 1518 time: 0.0359585
2026-06-09 23:38:46.694 10 INFO neutron.wsgi [req-aa746ea5-be57-4c4a-9f0c-74cb48c6d49a req-5577bfb9-d45c-462a-a59a-c5770e87abe8 e8f107aa72da412bbc0ea8f7ee0c8c44 df347551ee27486e886162979334894a - - 64cb136663874edbac2ca97158871181 64cb136663874edbac2ca97158871181] 199.19.213.180 "GET /v2.0/networks/fc31201c-49f2-4691-94d9-b52caf510e5f?fields=segments HTTP/1.1" status: 200 len: 212 time: 0.0585120
2026-06-09 23:38:46.750 9 INFO neutron.wsgi [None req-4f6ab83e-c413-4947-99b0-574116d6035b 838187f134094579ae582ee7acd150f3 bee5f3d9d67e40d4a51df0c1b6600e0e - - default default] 199.19.213.180 "GET /v2.0/subnets/81b5edaa-65db-4356-ae00-4e7158181a8e HTTP/1.1" status: 200 len: 850 time: 0.0485153
2026-06-09 23:38:46.791 10 INFO neutron.wsgi [req-aa746ea5-be57-4c4a-9f0c-74cb48c6d49a req-3bec3eb5-6e50-4821-9da4-2475bac6c4a6 e8f107aa72da412bbc0ea8f7ee0c8c44 df347551ee27486e886162979334894a - - 64cb136663874edbac2ca97158871181 64cb136663874edbac2ca97158871181] 199.19.213.180 "GET /v2.0/networks/fc31201c-49f2-4691-94d9-b52caf510e5f?fields=provider%3Aphysical_network&fields=provider%3Anetwork_type HTTP/1.1" status: 200 len: 277 time: 0.0907488
2026-06-09 23:38:46.816 9 INFO neutron.wsgi [None req-17abcf91-4289-4f07-b261-3698b0af50a9 838187f134094579ae582ee7acd150f3 bee5f3d9d67e40d4a51df0c1b6600e0e - - default default] 199.19.213.180 "GET /v2.0/networks/16c204cb-b09e-4efc-8d87-60fda83b84bb HTTP/1.1" status: 200 len: 1002 time: 0.0586944
2026-06-09 23:38:46.854 9 INFO neutron.wsgi [None req-fb601fc6-0d01-49a6-b208-f74002b29a77 838187f134094579ae582ee7acd150f3 bee5f3d9d67e40d4a51df0c1b6600e0e - - default default] 199.19.213.180 "GET /v2.0/ports/3ed74032-830f-4afb-9a85-7ad3ac738019 HTTP/1.1" status: 200 len: 1336 time: 0.0321383
2026-06-09 23:38:46.893 9 INFO neutron.wsgi [None req-523dce22-ee98-4e6e-8fae-07325aae441d 838187f134094579ae582ee7acd150f3 bee5f3d9d67e40d4a51df0c1b6600e0e - - default default] 199.19.213.180 "GET /v2.0/subnets/81b5edaa-65db-4356-ae00-4e7158181a8e HTTP/1.1" status: 200 len: 850 time: 0.0316091
2026-06-09 23:38:47.566 10 INFO neutron.wsgi [-] 10.0.0.84 "GET / HTTP/1.1" status: 200 len: 246 time: 0.0018349
2026-06-09 23:38:47.568 10 INFO neutron.wsgi [-] 10.0.0.84 "GET / HTTP/1.1" status: 200 len: 246 time: 0.0013301
2026-06-09 23:38:52.190 15 INFO neutron.db.ovn_revision_numbers_db [None req-2204f252-bac9-4746-b716-0b87a88a7761 - - - - - -] Successfully bumped revision number for resource 16c204cb-b09e-4efc-8d87-60fda83b84bb (type: networks) to 3
2026-06-09 23:38:52.327 15 INFO neutron.db.ovn_revision_numbers_db [None req-2204f252-bac9-4746-b716-0b87a88a7761 - - - - - -] Successfully bumped revision number for resource d3d801cc-14e4-4684-9100-89a375ba39ea (type: networks) to 3
2026-06-09 23:38:52.448 15 INFO neutron.db.ovn_revision_numbers_db [None req-2204f252-bac9-4746-b716-0b87a88a7761 - - - - - -] Successfully bumped revision number for resource fc31201c-49f2-4691-94d9-b52caf510e5f (type: networks) to 3
2026-06-09 23:38:52.528 15 INFO neutron.db.ovn_revision_numbers_db [None req-2204f252-bac9-4746-b716-0b87a88a7761 - - - - - -] Successfully bumped revision number for resource 512013f3-c7f4-4333-9ffe-0844b49d4c04 (type: security_groups) to 12
2026-06-09 23:38:52.569 15 INFO neutron.db.ovn_revision_numbers_db [None req-2204f252-bac9-4746-b716-0b87a88a7761 - - - - - -] Successfully bumped revision number for resource ed4f55eb-a885-4ac2-8dc6-7a3495fc2f4c (type: security_groups) to 3
2026-06-09 23:38:52.768 15 INFO neutron.db.ovn_revision_numbers_db [None req-2204f252-bac9-4746-b716-0b87a88a7761 - - - - - -] Successfully bumped revision number for resource 11caa3f9-e232-4ca9-9e82-91ba410f17ae (type: routers) to 5
2026-06-09 23:38:54.531 10 INFO neutron.wsgi [None req-e45daaf4-498e-4bb8-861f-86551aa5eb55 838187f134094579ae582ee7acd150f3 bee5f3d9d67e40d4a51df0c1b6600e0e - - default default] 199.19.213.180 "GET /v2.0/extensions/security-group HTTP/1.1" status: 200 len: 369 time: 0.0060189
2026-06-09 23:38:54.539 10 INFO neutron.wsgi [None req-f972454c-c5fc-4634-9c4a-fc8915506f9a 838187f134094579ae582ee7acd150f3 bee5f3d9d67e40d4a51df0c1b6600e0e - - default default] 199.19.213.180 "GET /v2.0/extensions/dns-integration HTTP/1.1" status: 200 len: 371 time: 0.0041800
2026-06-09 23:38:54.550 10 INFO neutron.wsgi [None req-062fc3ea-9e9c-4e84-86b0-06ad676f8293 838187f134094579ae582ee7acd150f3 bee5f3d9d67e40d4a51df0c1b6600e0e - - default default] 199.19.213.180 "GET /v2.0/extensions/qos HTTP/1.1" status: 200 len: 365 time: 0.0067511
2026-06-09 23:38:54.562 10 INFO neutron.wsgi [None req-2fc56d61-cb4a-4a62-915c-d0984ef22652 838187f134094579ae582ee7acd150f3 bee5f3d9d67e40d4a51df0c1b6600e0e - - default default] 199.19.213.180 "GET /v2.0/extensions/allowed-address-pairs HTTP/1.1" status: 200 len: 383 time: 0.0084236
2026-06-09 23:38:54.592 15 INFO neutron.plugins.ml2.drivers.ovn.mech_driver.ovsdb.maintenance [None req-2204f252-bac9-4746-b716-0b87a88a7761 - - - - - -] Maintenance task: Synchronization completed (took 2.52 seconds)
2026-06-09 23:38:54.600 10 INFO neutron.wsgi [None req-d3269112-4495-466e-90ca-c950458ed877 838187f134094579ae582ee7acd150f3 bee5f3d9d67e40d4a51df0c1b6600e0e - - default default] 199.19.213.180 "GET /v2.0/subnets/1cedc3d8-2eec-4bcc-ad63-1e24db4f4abb HTTP/1.1" status: 200 len: 848 time: 0.0340648
2026-06-09 23:38:54.650 10 INFO neutron.wsgi [None req-3337d0a1-beb0-46b1-85ac-3ecb813e9c3f 838187f134094579ae582ee7acd150f3 bee5f3d9d67e40d4a51df0c1b6600e0e - - default default] 199.19.213.180 "GET /v2.0/ports?device_id=8231d74d-7860-4b62-b16e-7eb5ffdbcad1 HTTP/1.1" status: 200 len: 5107 time: 0.0445812
2026-06-09 23:38:54.802 10 INFO neutron.wsgi [None req-c488da17-d324-438d-a6c2-fd3957fd5f80 838187f134094579ae582ee7acd150f3 bee5f3d9d67e40d4a51df0c1b6600e0e - - default default] 199.19.213.180 "GET /v2.0/extensions/security-group HTTP/1.1" status: 200 len: 369 time: 0.0067422
2026-06-09 23:38:54.811 10 INFO neutron.wsgi [None req-02074fd9-4475-4bc0-afe7-f000b00a1ad4 838187f134094579ae582ee7acd150f3 bee5f3d9d67e40d4a51df0c1b6600e0e - - default default] 199.19.213.180 "GET /v2.0/extensions/dns-integration HTTP/1.1" status: 200 len: 371 time: 0.0050645
2026-06-09 23:38:54.820 10 INFO neutron.wsgi [None req-6dd536ba-ff66-4f07-8354-c3264cfb59c6 838187f134094579ae582ee7acd150f3 bee5f3d9d67e40d4a51df0c1b6600e0e - - default default] 199.19.213.180 "GET /v2.0/extensions/qos HTTP/1.1" status: 200 len: 365 time: 0.0052273
2026-06-09 23:38:54.828 10 INFO neutron.wsgi [None req-2c3a131f-c5c7-45f1-b9c5-423cf954a38d 838187f134094579ae582ee7acd150f3 bee5f3d9d67e40d4a51df0c1b6600e0e - - default default] 199.19.213.180 "GET /v2.0/extensions/allowed-address-pairs HTTP/1.1" status: 200 len: 383 time: 0.0046809
2026-06-09 23:38:54.875 10 INFO neutron.wsgi [None req-b618d7cf-2b90-4423-98e1-40954f48fc9d 838187f134094579ae582ee7acd150f3 bee5f3d9d67e40d4a51df0c1b6600e0e - - default default] 199.19.213.180 "GET /v2.0/ports/dab30583-bdfc-40d4-8587-b2ff0d5c8183 HTTP/1.1" status: 200 len: 1406 time: 0.0420074
2026-06-09 23:38:55.365 10 INFO neutron.db.ovn_revision_numbers_db [None req-fe2b46c8-148e-4617-8a86-1810baee9bf5 838187f134094579ae582ee7acd150f3 bee5f3d9d67e40d4a51df0c1b6600e0e - - default default] Successfully bumped revision number for resource dab30583-bdfc-40d4-8587-b2ff0d5c8183 (type: ports) to 6
2026-06-09 23:38:55.380 10 INFO neutron.wsgi [None req-fe2b46c8-148e-4617-8a86-1810baee9bf5 838187f134094579ae582ee7acd150f3 bee5f3d9d67e40d4a51df0c1b6600e0e - - default default] 199.19.213.180 "PUT /v2.0/ports/dab30583-bdfc-40d4-8587-b2ff0d5c8183 HTTP/1.1" status: 200 len: 1203 time: 0.4967201 /var/lib/openstack/lib/python3.10/site-packages/pycadf/identifier.py:71: UserWarning: Invalid uuid: neutron. To ensure interoperability, identifiers should be a valid uuid. warnings.warn(('Invalid uuid: %s. To ensure interoperability, '
2026-06-09 23:38:55.426 10 INFO neutron.notifiers.nova [-] Nova event matching ['req-cd5867ab-dfe6-47ae-8bae-acae0bed1802'] response: {'name': 'network-changed', 'server_uuid': '8231d74d-7860-4b62-b16e-7eb5ffdbcad1', 'tag': 'dab30583-bdfc-40d4-8587-b2ff0d5c8183', 'status': 'completed', 'code': 200}
2026-06-09 23:38:55.460 10 INFO neutron.wsgi [None req-078d1bce-cc44-4792-b04c-93bed4ca8cda 838187f134094579ae582ee7acd150f3 bee5f3d9d67e40d4a51df0c1b6600e0e - - default default] 199.19.213.180 "GET /v2.0/networks/fc31201c-49f2-4691-94d9-b52caf510e5f HTTP/1.1" status: 200 len: 1000 time: 0.0724609
2026-06-09 23:38:55.511 10 INFO neutron.wsgi [req-e488af7b-5473-40bf-abfe-c73fd0ae250a req-49d04c08-24d7-4950-b9e4-f0e704850d48 e8f107aa72da412bbc0ea8f7ee0c8c44 df347551ee27486e886162979334894a - - 64cb136663874edbac2ca97158871181 64cb136663874edbac2ca97158871181] 199.19.213.180 "GET /v2.0/ports?tenant_id=bee5f3d9d67e40d4a51df0c1b6600e0e&device_id=8231d74d-7860-4b62-b16e-7eb5ffdbcad1 HTTP/1.1" status: 200 len: 4932 time: 0.0640261
2026-06-09 23:38:55.553 10 INFO neutron.wsgi [None req-d2dde774-0866-4d46-86c6-516d29030128 838187f134094579ae582ee7acd150f3 bee5f3d9d67e40d4a51df0c1b6600e0e - - default default] 199.19.213.180 "GET /v2.0/ports?device_id=8231d74d-7860-4b62-b16e-7eb5ffdbcad1 HTTP/1.1" status: 200 len: 4932 time: 0.0830288
2026-06-09 23:38:55.625 10 INFO neutron.wsgi [req-e488af7b-5473-40bf-abfe-c73fd0ae250a req-ee2e0920-dbcd-40b4-9c97-789c953b7f12 e8f107aa72da412bbc0ea8f7ee0c8c44 df347551ee27486e886162979334894a - - 64cb136663874edbac2ca97158871181 64cb136663874edbac2ca97158871181] 199.19.213.180 "GET /v2.0/networks?id=fc31201c-49f2-4691-94d9-b52caf510e5f HTTP/1.1" status: 200 len: 1003 time: 0.1082170
2026-06-09 23:38:55.703 10 INFO neutron.wsgi [None req-4d5ae3bd-ce33-44fd-8a0c-8278c2fb71fc 838187f134094579ae582ee7acd150f3 bee5f3d9d67e40d4a51df0c1b6600e0e - - default default] 199.19.213.180 "GET /v2.0/ports?device_id=8231d74d-7860-4b62-b16e-7eb5ffdbcad1 HTTP/1.1" status: 200 len: 4932 time: 0.0623093
2026-06-09 23:38:55.738 10 INFO neutron.wsgi [req-e488af7b-5473-40bf-abfe-c73fd0ae250a req-01a94a09-6fde-442f-a14c-32ae131a3fb9 e8f107aa72da412bbc0ea8f7ee0c8c44 df347551ee27486e886162979334894a - - 64cb136663874edbac2ca97158871181 64cb136663874edbac2ca97158871181] 199.19.213.180 "GET /v2.0/networks/fc31201c-49f2-4691-94d9-b52caf510e5f?fields=segments HTTP/1.1" status: 200 len: 212 time: 0.1094327
2026-06-09 23:38:55.806 10 INFO neutron.wsgi [req-e488af7b-5473-40bf-abfe-c73fd0ae250a req-0ac0562c-c139-48e5-8b8d-2c596953a830 e8f107aa72da412bbc0ea8f7ee0c8c44 df347551ee27486e886162979334894a - - 64cb136663874edbac2ca97158871181 64cb136663874edbac2ca97158871181] 199.19.213.180 "GET /v2.0/networks/fc31201c-49f2-4691-94d9-b52caf510e5f?fields=provider%3Aphysical_network&fields=provider%3Anetwork_type HTTP/1.1" status: 200 len: 277 time: 0.0600977
2026-06-09 23:38:55.965 10 INFO neutron.plugins.ml2.drivers.ovn.mech_driver.mech_driver [None req-96a4567b-270c-4625-b81f-f2856ab73c05 - - - - - -] OVN reports status down for port: dab30583-bdfc-40d4-8587-b2ff0d5c8183
2026-06-09 23:38:56.247 10 INFO neutron.db.ovn_revision_numbers_db [None req-96a4567b-270c-4625-b81f-f2856ab73c05 - - - - - -] Successfully bumped revision number for resource dab30583-bdfc-40d4-8587-b2ff0d5c8183 (type: ports) to 7 /var/lib/openstack/lib/python3.10/site-packages/pycadf/identifier.py:71: UserWarning: Invalid uuid: neutron. To ensure interoperability, identifiers should be a valid uuid. warnings.warn(('Invalid uuid: %s. To ensure interoperability, '
2026-06-09 23:38:56.772 10 INFO neutron.wsgi [None req-090e20cb-cff9-4350-a8b8-58739f8a2807 838187f134094579ae582ee7acd150f3 bee5f3d9d67e40d4a51df0c1b6600e0e - - default default] 199.19.213.180 "GET /v2.0/ports?device_id=8231d74d-7860-4b62-b16e-7eb5ffdbcad1 HTTP/1.1" status: 200 len: 4930 time: 0.0535231
2026-06-09 23:38:57.466 10 INFO neutron.notifiers.nova [-] Nova event matching ['req-edc580ef-98b6-4d4e-a8ab-13fbebe8a242'] response: {'server_uuid': '8231d74d-7860-4b62-b16e-7eb5ffdbcad1', 'name': 'network-vif-unplugged', 'status': 'completed', 'tag': 'dab30583-bdfc-40d4-8587-b2ff0d5c8183', 'code': 200}
2026-06-09 23:38:57.467 10 INFO neutron.notifiers.nova [-] Nova event matching ['req-edc580ef-98b6-4d4e-a8ab-13fbebe8a242'] response: {'server_uuid': '8231d74d-7860-4b62-b16e-7eb5ffdbcad1', 'name': 'network-vif-unplugged', 'status': 'completed', 'tag': 'dab30583-bdfc-40d4-8587-b2ff0d5c8183', 'code': 200}
2026-06-09 23:38:57.841 10 INFO neutron.wsgi [None req-c278efe3-523c-4f59-ab97-83beb3a46f7e 838187f134094579ae582ee7acd150f3 bee5f3d9d67e40d4a51df0c1b6600e0e - - default default] 199.19.213.180 "GET /v2.0/ports?device_id=8231d74d-7860-4b62-b16e-7eb5ffdbcad1 HTTP/1.1" status: 200 len: 4930 time: 0.0531034
2026-06-09 23:38:58.908 10 INFO neutron.wsgi [None req-3bcf739a-403e-4187-b20a-2832b29f45bd 838187f134094579ae582ee7acd150f3 bee5f3d9d67e40d4a51df0c1b6600e0e - - default default] 199.19.213.180 "GET /v2.0/ports?device_id=8231d74d-7860-4b62-b16e-7eb5ffdbcad1 HTTP/1.1" status: 200 len: 4930 time: 0.0498497
2026-06-09 23:38:59.984 10 INFO neutron.wsgi [None req-3b123afc-e9de-47a1-96eb-a978dcd14d99 838187f134094579ae582ee7acd150f3 bee5f3d9d67e40d4a51df0c1b6600e0e - - default default] 199.19.213.180 "GET /v2.0/ports?device_id=8231d74d-7860-4b62-b16e-7eb5ffdbcad1 HTTP/1.1" status: 200 len: 4930 time: 0.0584354
2026-06-09 23:39:01.063 10 INFO neutron.wsgi [None req-e374c945-9c44-40e9-94c7-b4c69248f3c9 838187f134094579ae582ee7acd150f3 bee5f3d9d67e40d4a51df0c1b6600e0e - - default default] 199.19.213.180 "GET /v2.0/ports?device_id=8231d74d-7860-4b62-b16e-7eb5ffdbcad1 HTTP/1.1" status: 200 len: 4930 time: 0.0611691
2026-06-09 23:39:02.131 10 INFO neutron.wsgi [None req-aee9c6e8-d984-47c4-8532-4118c067b08c 838187f134094579ae582ee7acd150f3 bee5f3d9d67e40d4a51df0c1b6600e0e - - default default] 199.19.213.180 "GET /v2.0/ports?device_id=8231d74d-7860-4b62-b16e-7eb5ffdbcad1 HTTP/1.1" status: 200 len: 4930 time: 0.0542016
2026-06-09 23:39:02.566 9 INFO neutron.wsgi [-] 10.0.0.84 "GET / HTTP/1.1" status: 200 len: 246 time: 0.0018351
2026-06-09 23:39:02.567 10 INFO neutron.wsgi [-] 10.0.0.84 "GET / HTTP/1.1" status: 200 len: 246 time: 0.0027368
2026-06-09 23:39:03.206 10 INFO neutron.wsgi [None req-7bc270d9-6b24-4e97-b66c-a40a1c2ca31f 838187f134094579ae582ee7acd150f3 bee5f3d9d67e40d4a51df0c1b6600e0e - - default default] 199.19.213.180 "GET /v2.0/ports?device_id=8231d74d-7860-4b62-b16e-7eb5ffdbcad1 HTTP/1.1" status: 200 len: 4930 time: 0.0570202
2026-06-09 23:39:04.282 10 INFO neutron.wsgi [None req-2d38fef2-7252-47b2-b95b-11b127ac1c13 838187f134094579ae582ee7acd150f3 bee5f3d9d67e40d4a51df0c1b6600e0e - - default default] 199.19.213.180 "GET /v2.0/ports?device_id=8231d74d-7860-4b62-b16e-7eb5ffdbcad1 HTTP/1.1" status: 200 len: 4930 time: 0.0575922
2026-06-09 23:39:05.355 10 INFO neutron.wsgi [None req-ff62c849-0198-408e-8da6-54843f69233d 838187f134094579ae582ee7acd150f3 bee5f3d9d67e40d4a51df0c1b6600e0e - - default default] 199.19.213.180 "GET /v2.0/ports?device_id=8231d74d-7860-4b62-b16e-7eb5ffdbcad1 HTTP/1.1" status: 200 len: 4930 time: 0.0575945
2026-06-09 23:39:06.423 10 INFO neutron.wsgi [None req-145a720f-9d8b-4be7-ab4a-c8693672ee0f 838187f134094579ae582ee7acd150f3 bee5f3d9d67e40d4a51df0c1b6600e0e - - default default] 199.19.213.180 "GET /v2.0/ports?device_id=8231d74d-7860-4b62-b16e-7eb5ffdbcad1 HTTP/1.1" status: 200 len: 4930 time: 0.0523772
2026-06-09 23:39:07.487 10 INFO neutron.wsgi [None req-a5fa57fd-bc3e-4c82-a4a8-285b3d486088 838187f134094579ae582ee7acd150f3 bee5f3d9d67e40d4a51df0c1b6600e0e - - default default] 199.19.213.180 "GET /v2.0/ports?device_id=8231d74d-7860-4b62-b16e-7eb5ffdbcad1 HTTP/1.1" status: 200 len: 4930 time: 0.0492189
2026-06-09 23:39:08.556 10 INFO neutron.wsgi [None req-6b20a510-2149-46fa-a628-a5d913f06e28 838187f134094579ae582ee7acd150f3 bee5f3d9d67e40d4a51df0c1b6600e0e - - default default] 199.19.213.180 "GET /v2.0/ports?device_id=8231d74d-7860-4b62-b16e-7eb5ffdbcad1 HTTP/1.1" status: 200 len: 4930 time: 0.0554385
2026-06-09 23:39:09.620 10 INFO neutron.wsgi [None req-8ad41572-14f6-479c-ab11-032c76ecf526 838187f134094579ae582ee7acd150f3 bee5f3d9d67e40d4a51df0c1b6600e0e - - default default] 199.19.213.180 "GET /v2.0/ports?device_id=8231d74d-7860-4b62-b16e-7eb5ffdbcad1 HTTP/1.1" status: 200 len: 4930 time: 0.0515475
2026-06-09 23:39:10.687 10 INFO neutron.wsgi [None req-a0c4cbc0-49b7-4f1a-b3ec-86eafece92ab 838187f134094579ae582ee7acd150f3 bee5f3d9d67e40d4a51df0c1b6600e0e - - default default] 199.19.213.180 "GET /v2.0/ports?device_id=8231d74d-7860-4b62-b16e-7eb5ffdbcad1 HTTP/1.1" status: 200 len: 4930 time: 0.0525284
2026-06-09 23:39:11.758 10 INFO neutron.wsgi [None req-956f7873-dd11-4f18-8d1c-b59dd9727f69 838187f134094579ae582ee7acd150f3 bee5f3d9d67e40d4a51df0c1b6600e0e - - default default] 199.19.213.180 "GET /v2.0/ports?device_id=8231d74d-7860-4b62-b16e-7eb5ffdbcad1 HTTP/1.1" status: 200 len: 4930 time: 0.0526865
2026-06-09 23:39:12.832 10 INFO neutron.wsgi [None req-77334116-c535-44ec-bb0c-74195419627e 838187f134094579ae582ee7acd150f3 bee5f3d9d67e40d4a51df0c1b6600e0e - - default default] 199.19.213.180 "GET /v2.0/ports?device_id=8231d74d-7860-4b62-b16e-7eb5ffdbcad1 HTTP/1.1" status: 200 len: 4930 time: 0.0573082
2026-06-09 23:39:13.895 10 INFO neutron.wsgi [None req-3d7117c0-89ca-418c-bd6b-b72489550c95 838187f134094579ae582ee7acd150f3 bee5f3d9d67e40d4a51df0c1b6600e0e - - default default] 199.19.213.180 "GET /v2.0/ports?device_id=8231d74d-7860-4b62-b16e-7eb5ffdbcad1 HTTP/1.1" status: 200 len: 4930 time: 0.0501277
2026-06-09 23:39:14.956 10 INFO neutron.wsgi [None req-d3c58f3d-09a0-4b96-99f5-15256f626bfb 838187f134094579ae582ee7acd150f3 bee5f3d9d67e40d4a51df0c1b6600e0e - - default default] 199.19.213.180 "GET /v2.0/ports?device_id=8231d74d-7860-4b62-b16e-7eb5ffdbcad1 HTTP/1.1" status: 200 len: 4930 time: 0.0478618
2026-06-09 23:39:16.034 10 INFO neutron.wsgi [None req-e7be7006-75e7-4f15-bd33-0344ba81fa45 838187f134094579ae582ee7acd150f3 bee5f3d9d67e40d4a51df0c1b6600e0e - - default default] 199.19.213.180 "GET /v2.0/ports?device_id=8231d74d-7860-4b62-b16e-7eb5ffdbcad1 HTTP/1.1" status: 200 len: 4930 time: 0.0627716
2026-06-09 23:39:16.070 10 INFO neutron.wsgi [req-289dae53-8167-4ec8-ab02-1f3a6349f7dc req-cc3559b1-1b2e-40f4-809f-c1bc05e8dcde e8f107aa72da412bbc0ea8f7ee0c8c44 df347551ee27486e886162979334894a - - 64cb136663874edbac2ca97158871181 64cb136663874edbac2ca97158871181] 199.19.213.180 "GET /v2.0/ports/dab30583-bdfc-40d4-8587-b2ff0d5c8183 HTTP/1.1" status: 200 len: 1229 time: 0.0635750
2026-06-09 23:39:16.619 10 INFO neutron.wsgi [req-289dae53-8167-4ec8-ab02-1f3a6349f7dc req-571f2c0a-325f-4462-808c-1da9a4ecf008 838187f134094579ae582ee7acd150f3 bee5f3d9d67e40d4a51df0c1b6600e0e - - default default] 199.19.213.180 "DELETE /v2.0/ports/dab30583-bdfc-40d4-8587-b2ff0d5c8183 HTTP/1.1" status: 204 len: 173 time: 0.5442424
2026-06-09 23:39:16.661 10 INFO neutron.notifiers.nova [-] Nova event matching ['req-e3e57d05-226e-42b0-8ebc-04ed5ee45c69'] response: {'server_uuid': '8231d74d-7860-4b62-b16e-7eb5ffdbcad1', 'name': 'network-vif-deleted', 'tag': 'dab30583-bdfc-40d4-8587-b2ff0d5c8183', 'status': 'completed', 'code': 200}
2026-06-09 23:39:16.720 10 INFO neutron.wsgi [req-289dae53-8167-4ec8-ab02-1f3a6349f7dc req-21f5ab17-d1e7-4c1a-b060-a35ba0f97e85 e8f107aa72da412bbc0ea8f7ee0c8c44 df347551ee27486e886162979334894a - - 64cb136663874edbac2ca97158871181 64cb136663874edbac2ca97158871181] 199.19.213.180 "GET /v2.0/ports?tenant_id=bee5f3d9d67e40d4a51df0c1b6600e0e&device_id=8231d74d-7860-4b62-b16e-7eb5ffdbcad1 HTTP/1.1" status: 200 len: 3909 time: 0.0498173
2026-06-09 23:39:16.805 10 INFO neutron.wsgi [req-289dae53-8167-4ec8-ab02-1f3a6349f7dc req-6b58e740-3d35-45e6-9d0a-751284dfce35 e8f107aa72da412bbc0ea8f7ee0c8c44 df347551ee27486e886162979334894a - - 64cb136663874edbac2ca97158871181 64cb136663874edbac2ca97158871181] 199.19.213.180 "GET /v2.0/networks?id=862c711b-9054-4156-827a-85f3ab7bf15a&id=16c204cb-b09e-4efc-8d87-60fda83b84bb&id=d3d801cc-14e4-4684-9100-89a375ba39ea&id=fc31201c-49f2-4691-94d9-b52caf510e5f HTTP/1.1" status: 200 len: 3310 time: 0.0781324
2026-06-09 23:39:16.843 10 INFO neutron.wsgi [req-289dae53-8167-4ec8-ab02-1f3a6349f7dc req-e31e7ab0-60c9-4f06-a8ac-dfbaa1914037 e8f107aa72da412bbc0ea8f7ee0c8c44 df347551ee27486e886162979334894a - - 64cb136663874edbac2ca97158871181 64cb136663874edbac2ca97158871181] 199.19.213.180 "GET /v2.0/floatingips?fixed_ip_address=172.24.1.4&port_id=bfed5bbd-da6a-4947-a7dd-17d1f20b9847 HTTP/1.1" status: 200 len: 217 time: 0.0297236
2026-06-09 23:39:16.878 10 INFO neutron.wsgi [req-289dae53-8167-4ec8-ab02-1f3a6349f7dc req-562777b4-b679-4dfb-b85e-5a9dddbd41a7 e8f107aa72da412bbc0ea8f7ee0c8c44 df347551ee27486e886162979334894a - - 64cb136663874edbac2ca97158871181 64cb136663874edbac2ca97158871181] 199.19.213.180 "GET /v2.0/subnets?id=a432b8e8-cde4-472d-929d-42e9d1117f2d HTTP/1.1" status: 200 len: 829 time: 0.0296977
2026-06-09 23:39:16.902 10 INFO neutron.wsgi [req-289dae53-8167-4ec8-ab02-1f3a6349f7dc req-3cb9b8eb-2b45-4f3d-ab48-b2fe5903b793 e8f107aa72da412bbc0ea8f7ee0c8c44 df347551ee27486e886162979334894a - - 64cb136663874edbac2ca97158871181 64cb136663874edbac2ca97158871181] 199.19.213.180 "GET /v2.0/ports?network_id=862c711b-9054-4156-827a-85f3ab7bf15a&device_owner=network%3Adhcp HTTP/1.1" status: 200 len: 210 time: 0.0188401
2026-06-09 23:39:16.963 10 INFO neutron.wsgi [req-289dae53-8167-4ec8-ab02-1f3a6349f7dc req-3c8f9c6d-401e-45b9-8dbc-5d8f4630029e e8f107aa72da412bbc0ea8f7ee0c8c44 df347551ee27486e886162979334894a - - 64cb136663874edbac2ca97158871181 64cb136663874edbac2ca97158871181] 199.19.213.180 "GET /v2.0/networks/862c711b-9054-4156-827a-85f3ab7bf15a?fields=segments HTTP/1.1" status: 200 len: 212 time: 0.0540533
2026-06-09 23:39:17.034 10 INFO neutron.wsgi [req-289dae53-8167-4ec8-ab02-1f3a6349f7dc req-65995bc6-f3c0-4387-b8af-0f12e7043b9a e8f107aa72da412bbc0ea8f7ee0c8c44 df347551ee27486e886162979334894a - - 64cb136663874edbac2ca97158871181 64cb136663874edbac2ca97158871181] 199.19.213.180 "GET /v2.0/networks/862c711b-9054-4156-827a-85f3ab7bf15a?fields=provider%3Aphysical_network&fields=provider%3Anetwork_type HTTP/1.1" status: 200 len: 277 time: 0.0641026
