2026-06-09 23:36:37.095 10 INFO neutron.wsgi [req-2eef4c13-8a48-42fd-8114-2d6006b199f7 req-c9102c85-54a9-4b84-aed8-b5cf2846a39b e8f107aa72da412bbc0ea8f7ee0c8c44 df347551ee27486e886162979334894a - - 64cb136663874edbac2ca97158871181 64cb136663874edbac2ca97158871181] 199.19.213.180 "GET /v2.0/floatingips?fixed_ip_address=fd7b%3Af9f7%3Afff%3A4eca%3A%3A123&port_id=f84aba28-5f60-42ab-a4b1-f708b5e9ef2c HTTP/1.1" status: 200 len: 217 time: 0.0378525
2026-06-09 23:36:37.133 10 INFO neutron.services.segments.plugin [-] Segment 8dc1d852-78a9-425a-9bba-b94dc6a844ff resource provider aggregate not found
2026-06-09 23:36:37.139 10 INFO neutron.services.segments.plugin [-] Segment 8dc1d852-78a9-425a-9bba-b94dc6a844ff resource provider aggregate not found
2026-06-09 23:36:37.169 10 INFO neutron.services.segments.plugin [-] Segment 8dc1d852-78a9-425a-9bba-b94dc6a844ff resource provider not found; error: Placement Client Error (4xx): {"errors": [{"status": 404, "title": "Not Found", "detail": "The resource could not be found.\n\n No resource provider with uuid 8dc1d852-78a9-425a-9bba-b94dc6a844ff found for delete ", "request_id": "req-72c4623c-8b20-4b4b-8107-6b28da641d7a"}]}
2026-06-09 23:36:37.173 10 INFO neutron.services.segments.plugin [-] Segment 8dc1d852-78a9-425a-9bba-b94dc6a844ff resource provider not found; error: Placement Client Error (4xx): {"errors": [{"status": 404, "title": "Not Found", "detail": "The resource could not be found.\n\n No resource provider with uuid 8dc1d852-78a9-425a-9bba-b94dc6a844ff found for delete ", "request_id": "req-ba9044fd-477a-441f-845f-933e02276c1b"}]}
2026-06-09 23:36:37.187 10 INFO neutron.wsgi [None req-0195db62-08c5-4ae9-a1dc-c9ea27bb581e 37eb0e3eb6a34b7e8e99ef4a24cd91c9 630b951fd2ee4ede9a2406898107fd94 - - default default] 10.0.0.145 "POST /v2.0/security-group-rules HTTP/1.1" status: 201 len: 796 time: 0.4376616
2026-06-09 23:36:37.199 10 INFO neutron.wsgi [req-2eef4c13-8a48-42fd-8114-2d6006b199f7 req-fb7291b6-3346-4fef-9fb2-62a4147d77d3 e8f107aa72da412bbc0ea8f7ee0c8c44 df347551ee27486e886162979334894a - - 64cb136663874edbac2ca97158871181 64cb136663874edbac2ca97158871181] 199.19.213.180 "GET /v2.0/subnets?id=b3091b0a-791a-445f-b1bc-c9c2301a0893&id=1cedc3d8-2eec-4bcc-ad63-1e24db4f4abb HTTP/1.1" status: 200 len: 1562 time: 0.0919967
2026-06-09 23:36:37.200 9 WARNING neutron_lib.context [None req-05a95b98-9549-4042-9096-27bb6c7708d6 37eb0e3eb6a34b7e8e99ef4a24cd91c9 630b951fd2ee4ede9a2406898107fd94 - - default default] Method 'is_advsvc' is deprecated since 2023.2 release (neutron-lib 3.8.0) and will be removed once support for the old RBAC API policies will be removed from Neutron. Please use method 'is_service_role' instead.
2026-06-09 23:36:37.237 10 INFO neutron.wsgi [None req-f60685e8-edd4-4081-8c95-11a55b32f32b 52b173cce75d4ad3bc22f1d3a9f30b2c 2ab7f9f381634b7d8ccb804cf477c042 - - default default] 10.0.0.145 "DELETE /v2.0/networks/bb79f3d1-1f4a-4afb-84de-440a048eb349 HTTP/1.1" status: 204 len: 168 time: 0.8624868
2026-06-09 23:36:37.254 10 INFO neutron.wsgi [req-2eef4c13-8a48-42fd-8114-2d6006b199f7 req-9b7a6e8d-2320-405e-bb5b-92bc0c3b6ec9 e8f107aa72da412bbc0ea8f7ee0c8c44 df347551ee27486e886162979334894a - - 64cb136663874edbac2ca97158871181 64cb136663874edbac2ca97158871181] 199.19.213.180 "GET /v2.0/ports?network_id=d3d801cc-14e4-4684-9100-89a375ba39ea&device_owner=network%3Adhcp HTTP/1.1" status: 200 len: 210 time: 0.0411046
2026-06-09 23:36:37.287 10 INFO neutron.wsgi [req-2eef4c13-8a48-42fd-8114-2d6006b199f7 req-1321aa47-53ed-4096-b1e6-51c8e5a8a971 e8f107aa72da412bbc0ea8f7ee0c8c44 df347551ee27486e886162979334894a - - 64cb136663874edbac2ca97158871181 64cb136663874edbac2ca97158871181] 199.19.213.180 "GET /v2.0/ports?network_id=d3d801cc-14e4-4684-9100-89a375ba39ea&device_owner=network%3Adhcp HTTP/1.1" status: 200 len: 210 time: 0.0273726
2026-06-09 23:36:37.361 9 INFO neutron.db.segments_db [None req-c84558bc-599a-4b4d-bf26-6bcd554b3c69 52b173cce75d4ad3bc22f1d3a9f30b2c 2ab7f9f381634b7d8ccb804cf477c042 - - default default] Added segment 2aa139fa-17db-4e1f-bfdb-4bad18b6e318 of type geneve for network 0672e4d3-304d-436a-9dc5-1600f09179f8
2026-06-09 23:36:37.362 10 INFO neutron.wsgi [req-2eef4c13-8a48-42fd-8114-2d6006b199f7 req-38b8438c-b7d6-43ea-99af-9336db459f18 e8f107aa72da412bbc0ea8f7ee0c8c44 df347551ee27486e886162979334894a - - 64cb136663874edbac2ca97158871181 64cb136663874edbac2ca97158871181] 199.19.213.180 "GET /v2.0/networks/d3d801cc-14e4-4684-9100-89a375ba39ea?fields=segments HTTP/1.1" status: 200 len: 212 time: 0.0677125
2026-06-09 23:36:37.395 9 INFO neutron.db.ovn_revision_numbers_db [None req-05a95b98-9549-4042-9096-27bb6c7708d6 37eb0e3eb6a34b7e8e99ef4a24cd91c9 630b951fd2ee4ede9a2406898107fd94 - - default default] Successfully bumped revision number for resource 96fabf63-b58a-487c-9bfb-85a572c93731 (type: security_group_rules) to 0
2026-06-09 23:36:37.437 10 INFO neutron.wsgi [req-2eef4c13-8a48-42fd-8114-2d6006b199f7 req-90356584-0d85-4899-a376-5f74f69823a9 e8f107aa72da412bbc0ea8f7ee0c8c44 df347551ee27486e886162979334894a - - 64cb136663874edbac2ca97158871181 64cb136663874edbac2ca97158871181] 199.19.213.180 "GET /v2.0/networks/d3d801cc-14e4-4684-9100-89a375ba39ea?fields=provider%3Aphysical_network&fields=provider%3Anetwork_type HTTP/1.1" status: 200 len: 277 time: 0.0685213
2026-06-09 23:36:37.438 9 INFO neutron.wsgi [None req-05a95b98-9549-4042-9096-27bb6c7708d6 37eb0e3eb6a34b7e8e99ef4a24cd91c9 630b951fd2ee4ede9a2406898107fd94 - - default default] 10.0.0.145 "POST /v2.0/security-group-rules HTTP/1.1" status: 201 len: 801 time: 0.2456791
2026-06-09 23:36:37.452 10 WARNING neutron_lib.context [None req-7f91c448-9f91-40b8-ad81-2adccf0ab656 37eb0e3eb6a34b7e8e99ef4a24cd91c9 630b951fd2ee4ede9a2406898107fd94 - - default default] Method 'is_advsvc' is deprecated since 2023.2 release (neutron-lib 3.8.0) and will be removed once support for the old RBAC API policies will be removed from Neutron. Please use method 'is_service_role' instead.
2026-06-09 23:36:37.525 9 INFO neutron.db.ovn_revision_numbers_db [None req-c84558bc-599a-4b4d-bf26-6bcd554b3c69 52b173cce75d4ad3bc22f1d3a9f30b2c 2ab7f9f381634b7d8ccb804cf477c042 - - default default] Successfully bumped revision number for resource 0672e4d3-304d-436a-9dc5-1600f09179f8 (type: networks) to 1
2026-06-09 23:36:37.710 9 WARNING neutron.scheduler.dhcp_agent_scheduler [None req-c84558bc-599a-4b4d-bf26-6bcd554b3c69 52b173cce75d4ad3bc22f1d3a9f30b2c 2ab7f9f381634b7d8ccb804cf477c042 - - default default] No more DHCP agents
2026-06-09 23:36:37.714 9 WARNING neutron.api.rpc.agentnotifiers.dhcp_rpc_agent_api [None req-c84558bc-599a-4b4d-bf26-6bcd554b3c69 52b173cce75d4ad3bc22f1d3a9f30b2c 2ab7f9f381634b7d8ccb804cf477c042 - - default default] Unable to schedule network 0672e4d3-304d-436a-9dc5-1600f09179f8: no agents available; will retry on subsequent port and subnet creation events.
2026-06-09 23:36:37.719 10 WARNING neutron.scheduler.dhcp_agent_scheduler [None req-7f91c448-9f91-40b8-ad81-2adccf0ab656 37eb0e3eb6a34b7e8e99ef4a24cd91c9 630b951fd2ee4ede9a2406898107fd94 - - default default] No more DHCP agents
2026-06-09 23:36:37.723 10 WARNING neutron.api.rpc.agentnotifiers.dhcp_rpc_agent_api [None req-7f91c448-9f91-40b8-ad81-2adccf0ab656 37eb0e3eb6a34b7e8e99ef4a24cd91c9 630b951fd2ee4ede9a2406898107fd94 - - default default] Unable to schedule network befa6829-8862-4ba6-a890-7e7cea14ba8b: no agents available; will retry on subsequent port and subnet creation events.
2026-06-09 23:36:38.072 10 INFO neutron.wsgi [None req-7f91c448-9f91-40b8-ad81-2adccf0ab656 37eb0e3eb6a34b7e8e99ef4a24cd91c9 630b951fd2ee4ede9a2406898107fd94 - - default default] 10.0.0.145 "POST /v2.0/floatingips HTTP/1.1" status: 201 len: 751 time: 0.6271496
2026-06-09 23:36:38.093 9 INFO neutron.wsgi [req-ff5872d7-a825-4ece-99e9-defd4ca4dfac req-84cce355-6c62-4e1f-903b-8e88506de3f0 2bd3a2794c7242e7b31c30d7bc4a5405 5ce4a210c80f424a8c43799d9b9ec88c - - default default] 10.0.0.217 "GET /v2.0/ports?device_id=231db66e-7180-4dd4-b03a-9c2c32f119af HTTP/1.1" status: 200 len: 1170 time: 0.0712061
2026-06-09 23:36:38.127 9 INFO neutron.wsgi [req-06f4f52b-74c3-4715-8b9c-5ff9d327900c req-4f3197c7-163d-4c95-9d03-ffa2740aa389 bdafc31b42cb487cac40f99cde74ecc9 e602402b4f5c490d8ca248cba19268c1 - - default default] 10.0.0.217 "GET /v2.0/ports?device_id=015296de-846b-46da-87b3-97a1ed6f8bd3 HTTP/1.1" status: 200 len: 1396 time: 0.4567013
2026-06-09 23:36:38.163 9 INFO neutron.db.ovn_revision_numbers_db [None req-c84558bc-599a-4b4d-bf26-6bcd554b3c69 52b173cce75d4ad3bc22f1d3a9f30b2c 2ab7f9f381634b7d8ccb804cf477c042 - - default default] Successfully bumped revision number for resource 6b1bf449-4d9a-4806-badc-fe269466342f (type: ports) to 1
2026-06-09 23:36:38.172 9 INFO neutron.wsgi [req-ff5872d7-a825-4ece-99e9-defd4ca4dfac req-a89de891-315a-488c-8dcf-36b792779826 2bd3a2794c7242e7b31c30d7bc4a5405 5ce4a210c80f424a8c43799d9b9ec88c - - default default] 10.0.0.217 "GET /v2.0/security-groups?id=caefef38-b394-40e1-a445-44023080b14e&fields=id&fields=name HTTP/1.1" status: 200 len: 286 time: 0.0690026
2026-06-09 23:36:38.201 9 INFO neutron.wsgi [None req-c84558bc-599a-4b4d-bf26-6bcd554b3c69 52b173cce75d4ad3bc22f1d3a9f30b2c 2ab7f9f381634b7d8ccb804cf477c042 - - default default] 10.0.0.145 "POST /v2.0/networks HTTP/1.1" status: 201 len: 928 time: 0.9547114
2026-06-09 23:36:38.206 9 INFO neutron.notifiers.nova [-] Nova event matching ['req-3330f6b3-9949-4a33-8eb6-6bb379bed515'] response: {'server_uuid': '015296de-846b-46da-87b3-97a1ed6f8bd3', 'name': 'network-vif-plugged', 'status': 'completed', 'tag': 'f84aba28-5f60-42ab-a4b1-f708b5e9ef2c', 'code': 200}
2026-06-09 23:36:38.207 9 INFO neutron.notifiers.nova [-] Nova event matching ['req-3330f6b3-9949-4a33-8eb6-6bb379bed515'] response: {'server_uuid': '231db66e-7180-4dd4-b03a-9c2c32f119af', 'name': 'network-vif-plugged', 'status': 'completed', 'tag': 'c84c9b19-4929-4186-8c74-04ae5d32ccc9', 'code': 200}
2026-06-09 23:36:38.207 9 INFO neutron.notifiers.nova [-] Nova event matching ['req-3330f6b3-9949-4a33-8eb6-6bb379bed515'] response: {'server_uuid': '231db66e-7180-4dd4-b03a-9c2c32f119af', 'name': 'network-vif-plugged', 'status': 'completed', 'tag': 'c84c9b19-4929-4186-8c74-04ae5d32ccc9', 'code': 200}
2026-06-09 23:36:38.213 9 INFO neutron.wsgi [req-06f4f52b-74c3-4715-8b9c-5ff9d327900c req-d9216724-d03b-48aa-a51a-57da32fdfb11 bdafc31b42cb487cac40f99cde74ecc9 e602402b4f5c490d8ca248cba19268c1 - - default default] 10.0.0.217 "GET /v2.0/security-groups?id=512013f3-c7f4-4333-9ffe-0844b49d4c04&fields=id&fields=name HTTP/1.1" status: 200 len: 310 time: 0.0777619
2026-06-09 23:36:38.332 9 INFO neutron.wsgi [req-30b208f6-f549-42c1-8cd0-c9522a04d118 req-e6880b91-2d93-46ec-9b02-554da1e27fc7 37eb0e3eb6a34b7e8e99ef4a24cd91c9 630b951fd2ee4ede9a2406898107fd94 - - default default] 10.0.0.217 "GET /v2.0/security-groups?name=tempest-securitygroup--1524842135&fields=id&tenant_id=630b951fd2ee4ede9a2406898107fd94 HTTP/1.1" status: 200 len: 267 time: 0.0416527
2026-06-09 23:36:38.393 9 INFO neutron.wsgi [req-30b208f6-f549-42c1-8cd0-c9522a04d118 req-587a9ad5-c16c-4479-a06c-e275da478613 37eb0e3eb6a34b7e8e99ef4a24cd91c9 630b951fd2ee4ede9a2406898107fd94 - - default default] 10.0.0.217 "GET /v2.0/security-groups?name=tempest-secgroup-smoke-1961061287&fields=id&tenant_id=630b951fd2ee4ede9a2406898107fd94 HTTP/1.1" status: 200 len: 267 time: 0.0498965
2026-06-09 23:36:38.400 10 INFO neutron.wsgi [None req-da6ef7c7-4d2b-4225-bffa-08ee596ef304 bdafc31b42cb487cac40f99cde74ecc9 e602402b4f5c490d8ca248cba19268c1 - - default default] 10.0.0.145 "GET /v2.0/ports?network_id=d3d801cc-14e4-4684-9100-89a375ba39ea&mac_address=fa%3A16%3A3e%3A38%3A3e%3Aac HTTP/1.1" status: 200 len: 1391 time: 0.1571221
2026-06-09 23:36:38.410 10 WARNING neutron_lib.context [None req-884e2a35-73a2-4cc0-8906-438c8ef79a67 bdafc31b42cb487cac40f99cde74ecc9 e602402b4f5c490d8ca248cba19268c1 - - default default] Method 'is_advsvc' is deprecated since 2023.2 release (neutron-lib 3.8.0) and will be removed once support for the old RBAC API policies will be removed from Neutron. Please use method 'is_service_role' instead.
2026-06-09 23:36:38.470 10 WARNING neutron.scheduler.dhcp_agent_scheduler [None req-fda0f35b-1ac3-424d-804a-3bb48c3048cb 52b173cce75d4ad3bc22f1d3a9f30b2c 2ab7f9f381634b7d8ccb804cf477c042 - - default default] No more DHCP agents
2026-06-09 23:36:38.474 10 WARNING neutron.api.rpc.agentnotifiers.dhcp_rpc_agent_api [None req-fda0f35b-1ac3-424d-804a-3bb48c3048cb 52b173cce75d4ad3bc22f1d3a9f30b2c 2ab7f9f381634b7d8ccb804cf477c042 - - default default] Unable to schedule network 0672e4d3-304d-436a-9dc5-1600f09179f8: no agents available; will retry on subsequent port and subnet creation events.
2026-06-09 23:36:38.478 9 INFO neutron.wsgi [req-30b208f6-f549-42c1-8cd0-c9522a04d118 req-c0570d1f-1527-4d6d-b6cc-901a939d83d1 37eb0e3eb6a34b7e8e99ef4a24cd91c9 630b951fd2ee4ede9a2406898107fd94 - - default default] 10.0.0.217 "GET /v2.0/networks?id=7bb01f35-7f82-49f9-90ae-f8c77b27b727 HTTP/1.1" status: 200 len: 871 time: 0.0792859
2026-06-09 23:36:38.498 9 INFO neutron.wsgi [req-30b208f6-f549-42c1-8cd0-c9522a04d118 req-34da3df5-f72c-4b93-a27f-f161af737440 37eb0e3eb6a34b7e8e99ef4a24cd91c9 630b951fd2ee4ede9a2406898107fd94 - - default default] 10.0.0.217 "GET /v2.0/quotas/630b951fd2ee4ede9a2406898107fd94 HTTP/1.1" status: 200 len: 491 time: 0.0132914
2026-06-09 23:36:38.594 9 INFO neutron.wsgi [req-30b208f6-f549-42c1-8cd0-c9522a04d118 req-a5cd3cdd-5bb8-457e-8b91-33ff9ac32cfe 37eb0e3eb6a34b7e8e99ef4a24cd91c9 630b951fd2ee4ede9a2406898107fd94 - - default default] 10.0.0.217 "GET /v2.0/ports?tenant_id=630b951fd2ee4ede9a2406898107fd94&fields=id HTTP/1.1" status: 200 len: 302 time: 0.0907264
2026-06-09 23:36:38.678 9 INFO neutron.wsgi [req-30b208f6-f549-42c1-8cd0-c9522a04d118 req-5387e737-40fb-41c8-b333-f44b2ae57752 e8f107aa72da412bbc0ea8f7ee0c8c44 df347551ee27486e886162979334894a - - 64cb136663874edbac2ca97158871181 64cb136663874edbac2ca97158871181] 10.0.0.217 "GET /v2.0/networks/7bb01f35-7f82-49f9-90ae-f8c77b27b727?fields=segments HTTP/1.1" status: 200 len: 212 time: 0.0722065
2026-06-09 23:36:38.740 10 WARNING neutron.scheduler.dhcp_agent_scheduler [None req-884e2a35-73a2-4cc0-8906-438c8ef79a67 bdafc31b42cb487cac40f99cde74ecc9 e602402b4f5c490d8ca248cba19268c1 - - default default] No more DHCP agents
2026-06-09 23:36:38.745 10 WARNING neutron.api.rpc.agentnotifiers.dhcp_rpc_agent_api [None req-884e2a35-73a2-4cc0-8906-438c8ef79a67 bdafc31b42cb487cac40f99cde74ecc9 e602402b4f5c490d8ca248cba19268c1 - - default default] Unable to schedule network befa6829-8862-4ba6-a890-7e7cea14ba8b: no agents available; will retry on subsequent port and subnet creation events.
2026-06-09 23:36:38.765 9 INFO neutron.wsgi [req-30b208f6-f549-42c1-8cd0-c9522a04d118 req-a0e56ea9-43f3-45c0-8f95-7ae4d3b5aad9 e8f107aa72da412bbc0ea8f7ee0c8c44 df347551ee27486e886162979334894a - - 64cb136663874edbac2ca97158871181 64cb136663874edbac2ca97158871181] 10.0.0.217 "GET /v2.0/networks/7bb01f35-7f82-49f9-90ae-f8c77b27b727?fields=provider%3Aphysical_network&fields=provider%3Anetwork_type HTTP/1.1" status: 200 len: 277 time: 0.0683367
2026-06-09 23:36:38.805 10 WARNING neutron.plugins.ml2.drivers.ovn.mech_driver.ovsdb.ovn_client [None req-96a4567b-270c-4625-b81f-f2856ab73c05 - - - - - -] No hosting information found for port 020862b0-64f9-42ba-a6f8-73a90ca2a429: RuntimeError: No hosting information found for port 020862b0-64f9-42ba-a6f8-73a90ca2a429
2026-06-09 23:36:38.919 9 INFO neutron.wsgi [req-a6126594-03b7-4635-803a-14ac26e16f38 req-fadafa99-d3c1-444c-a25f-5ef43cf4afa1 37eb0e3eb6a34b7e8e99ef4a24cd91c9 630b951fd2ee4ede9a2406898107fd94 - - default default] 10.0.0.217 "GET /v2.0/ports?device_id=dbfb035e-f6c4-41df-8acf-32d696bc9f36 HTTP/1.1" status: 200 len: 210 time: 0.0324922
2026-06-09 23:36:39.300 9 INFO neutron.wsgi [req-62558f8c-8e77-4988-85e7-615977f50507 req-576c1155-ed01-406f-bd48-9bbcfa318bae 2bd3a2794c7242e7b31c30d7bc4a5405 5ce4a210c80f424a8c43799d9b9ec88c - - default default] 10.0.0.217 "GET /v2.0/ports?device_id=231db66e-7180-4dd4-b03a-9c2c32f119af HTTP/1.1" status: 200 len: 1170 time: 0.0436559
2026-06-09 23:36:39.361 9 INFO neutron.wsgi [req-62558f8c-8e77-4988-85e7-615977f50507 req-56bf2d3d-b751-48f6-9360-6106068d8933 2bd3a2794c7242e7b31c30d7bc4a5405 5ce4a210c80f424a8c43799d9b9ec88c - - default default] 10.0.0.217 "GET /v2.0/security-groups?id=caefef38-b394-40e1-a445-44023080b14e&fields=id&fields=name HTTP/1.1" status: 200 len: 286 time: 0.0518305
2026-06-09 23:36:39.417 10 INFO neutron.db.ovn_revision_numbers_db [None req-fda0f35b-1ac3-424d-804a-3bb48c3048cb 52b173cce75d4ad3bc22f1d3a9f30b2c 2ab7f9f381634b7d8ccb804cf477c042 - - default default] Successfully bumped revision number for resource 6b1bf449-4d9a-4806-badc-fe269466342f (type: ports) to 2
2026-06-09 23:36:39.486 10 INFO neutron.db.ovn_revision_numbers_db [None req-fda0f35b-1ac3-424d-804a-3bb48c3048cb 52b173cce75d4ad3bc22f1d3a9f30b2c 2ab7f9f381634b7d8ccb804cf477c042 - - default default] Successfully bumped revision number for resource 34ca401a-6066-49c2-b4a3-c8a3220015b5 (type: subnets) to 0
2026-06-09 23:36:39.506 10 INFO neutron.wsgi [None req-fda0f35b-1ac3-424d-804a-3bb48c3048cb 52b173cce75d4ad3bc22f1d3a9f30b2c 2ab7f9f381634b7d8ccb804cf477c042 - - default default] 10.0.0.145 "POST /v2.0/subnets HTTP/1.1" status: 201 len: 822 time: 1.2931929
2026-06-09 23:36:39.526 9 WARNING neutron.api.v2.base [None req-1cf33be7-22f9-4cb0-9a75-8586b7306ad8 52b173cce75d4ad3bc22f1d3a9f30b2c 2ab7f9f381634b7d8ccb804cf477c042 - - default default] An exception happened while processing the request body. The exception message is [Invalid input for target_tenant. Reason: '1234123412341234123412341234123412341234123412341234123412341234123412341234123412341234123412341234123412341234123412341234123412341234123412341234123412341234123412341234123412341234123412341234123412341234123412341234123412341234123412341234123412341234123412341234123412341234123412341234123412341234123412341234123412341234123412341234123412341234123412341234123412341234123412341234123412341234' exceeds maximum length of 255.].: webob.exc.HTTPBadRequest: Invalid input for target_tenant. Reason: '1234123412341234123412341234123412341234123412341234123412341234123412341234123412341234123412341234123412341234123412341234123412341234123412341234123412341234123412341234123412341234123412341234123412341234123412341234123412341234123412341234123412341234123412341234123412341234123412341234123412341234123412341234123412341234123412341234123412341234123412341234123412341234123412341234123412341234' exceeds maximum length of 255.
2026-06-09 23:36:39.527 9 INFO neutron.api.v2.resource [None req-1cf33be7-22f9-4cb0-9a75-8586b7306ad8 52b173cce75d4ad3bc22f1d3a9f30b2c 2ab7f9f381634b7d8ccb804cf477c042 - - default default] create failed (client error): Invalid input for target_tenant. Reason: '1234123412341234123412341234123412341234123412341234123412341234123412341234123412341234123412341234123412341234123412341234123412341234123412341234123412341234123412341234123412341234123412341234123412341234123412341234123412341234123412341234123412341234123412341234123412341234123412341234123412341234123412341234123412341234123412341234123412341234123412341234123412341234123412341234123412341234' exceeds maximum length of 255.
2026-06-09 23:36:39.528 9 INFO neutron.wsgi [None req-1cf33be7-22f9-4cb0-9a75-8586b7306ad8 52b173cce75d4ad3bc22f1d3a9f30b2c 2ab7f9f381634b7d8ccb804cf477c042 - - default default] 10.0.0.145 "POST /v2.0/rbac-policies HTTP/1.1" status: 400 len: 750 time: 0.0111604
2026-06-09 23:36:39.765 10 INFO neutron.wsgi [req-30b208f6-f549-42c1-8cd0-c9522a04d118 req-d5cc138f-057c-4d69-a3e8-8e568cebb166 37eb0e3eb6a34b7e8e99ef4a24cd91c9 630b951fd2ee4ede9a2406898107fd94 - - default default] 199.19.213.180 "GET /v2.0/networks?id=7bb01f35-7f82-49f9-90ae-f8c77b27b727 HTTP/1.1" status: 200 len: 871 time: 0.0983868
2026-06-09 23:36:39.846 10 INFO neutron.wsgi [req-30b208f6-f549-42c1-8cd0-c9522a04d118 req-a0271eee-92c6-44d2-9e50-2f569dd8e80a 37eb0e3eb6a34b7e8e99ef4a24cd91c9 630b951fd2ee4ede9a2406898107fd94 - - default default] 199.19.213.180 "GET /v2.0/security-groups?fields=id&fields=name&tenant_id=630b951fd2ee4ede9a2406898107fd94 HTTP/1.1" status: 200 len: 473 time: 0.0747328
2026-06-09 23:36:39.868 10 WARNING neutron_lib.context [req-30b208f6-f549-42c1-8cd0-c9522a04d118 req-02ccb3cb-87e9-43d2-b83d-a0c4943a3a69 37eb0e3eb6a34b7e8e99ef4a24cd91c9 630b951fd2ee4ede9a2406898107fd94 - - default default] Method 'is_advsvc' is deprecated since 2023.2 release (neutron-lib 3.8.0) and will be removed once support for the old RBAC API policies will be removed from Neutron. Please use method 'is_service_role' instead.
2026-06-09 23:36:39.896 9 INFO neutron.wsgi [req-096cab9f-f7a0-4ad4-8ef6-48b6ebcd59b4 req-1264fe56-9684-4df7-b629-f64628f04fd8 2bd3a2794c7242e7b31c30d7bc4a5405 5ce4a210c80f424a8c43799d9b9ec88c - - default default] 10.0.0.217 "GET /v2.0/ports?device_id=231db66e-7180-4dd4-b03a-9c2c32f119af HTTP/1.1" status: 200 len: 1170 time: 0.0642242
2026-06-09 23:36:39.959 9 INFO neutron.plugins.ml2.drivers.ovn.mech_driver.mech_driver [None req-ea024a4f-c6e4-435d-b3e4-0a3e777d8e02 - - - - - -] OVN reports status down for port: c84c9b19-4929-4186-8c74-04ae5d32ccc9
2026-06-09 23:36:39.982 9 INFO neutron.wsgi [req-096cab9f-f7a0-4ad4-8ef6-48b6ebcd59b4 req-6275edd0-c49d-4cbc-ad40-f81f05eb0ee3 2bd3a2794c7242e7b31c30d7bc4a5405 5ce4a210c80f424a8c43799d9b9ec88c - - default default] 10.0.0.217 "GET /v2.0/security-groups?id=caefef38-b394-40e1-a445-44023080b14e&fields=id&fields=name HTTP/1.1" status: 200 len: 286 time: 0.0810535
2026-06-09 23:36:40.038 9 INFO neutron.wsgi [req-dac1b467-6372-4ec3-94ec-99d0febc5c25 req-3d8cf50d-d908-44f2-8b45-9d500868ce3d 37eb0e3eb6a34b7e8e99ef4a24cd91c9 630b951fd2ee4ede9a2406898107fd94 - - default default] 10.0.0.217 "GET /v2.0/ports?device_id=dbfb035e-f6c4-41df-8acf-32d696bc9f36 HTTP/1.1" status: 200 len: 210 time: 0.0375431
2026-06-09 23:36:40.113 10 INFO neutron.db.ovn_revision_numbers_db [None req-884e2a35-73a2-4cc0-8906-438c8ef79a67 bdafc31b42cb487cac40f99cde74ecc9 e602402b4f5c490d8ca248cba19268c1 - - default default] Successfully bumped revision number for resource 6dac16ba-9abb-46e7-a9e4-18a77f919110 (type: floatingips) to -1
2026-06-09 23:36:40.261 9 INFO neutron.notifiers.nova [-] Nova event matching ['req-4836b9d7-bd86-44bf-a454-1058313ab7ad'] response: {'server_uuid': '231db66e-7180-4dd4-b03a-9c2c32f119af', 'name': 'network-vif-unplugged', 'status': 'completed', 'tag': 'c84c9b19-4929-4186-8c74-04ae5d32ccc9', 'code': 200}
2026-06-09 23:36:40.298 9 INFO neutron.wsgi [req-41b89f57-7346-4a1a-8226-fefa07d028da req-a4501070-f678-4757-950e-05d1a38887f9 2bd3a2794c7242e7b31c30d7bc4a5405 5ce4a210c80f424a8c43799d9b9ec88c - - default default] 199.19.213.180 "GET /v2.0/ports?device_id=231db66e-7180-4dd4-b03a-9c2c32f119af HTTP/1.1" status: 200 len: 1168 time: 0.0747380
2026-06-09 23:36:40.387 10 INFO neutron.db.ovn_revision_numbers_db [None req-884e2a35-73a2-4cc0-8906-438c8ef79a67 bdafc31b42cb487cac40f99cde74ecc9 e602402b4f5c490d8ca248cba19268c1 - - default default] Successfully bumped revision number for resource 6dac16ba-9abb-46e7-a9e4-18a77f919110 (type: floatingips) to 1
2026-06-09 23:36:40.387 10 INFO neutron.db.l3_db [None req-884e2a35-73a2-4cc0-8906-438c8ef79a67 bdafc31b42cb487cac40f99cde74ecc9 e602402b4f5c490d8ca248cba19268c1 - - default default] Floating IP 6dac16ba-9abb-46e7-a9e4-18a77f919110 associated. External IP: 10.96.250.219, port: f84aba28-5f60-42ab-a4b1-f708b5e9ef2c.
2026-06-09 23:36:40.395 9 INFO neutron.db.ovn_revision_numbers_db [None req-ea024a4f-c6e4-435d-b3e4-0a3e777d8e02 - - - - - -] Successfully bumped revision number for resource c84c9b19-4929-4186-8c74-04ae5d32ccc9 (type: ports) to 5
2026-06-09 23:36:40.450 10 INFO neutron.wsgi [None req-884e2a35-73a2-4cc0-8906-438c8ef79a67 bdafc31b42cb487cac40f99cde74ecc9 e602402b4f5c490d8ca248cba19268c1 - - default default] 10.0.0.145 "POST /v2.0/floatingips HTTP/1.1" status: 201 len: 1053 time: 2.0441658
2026-06-09 23:36:40.497 10 INFO neutron.notifiers.nova [-] Nova event matching ['req-c47d4012-b56e-4c49-8367-0fecf6dbcb4e'] response: {'name': 'network-changed', 'server_uuid': '015296de-846b-46da-87b3-97a1ed6f8bd3', 'tag': 'f84aba28-5f60-42ab-a4b1-f708b5e9ef2c', 'status': 'completed', 'code': 200}
2026-06-09 23:36:40.503 10 WARNING neutron.scheduler.dhcp_agent_scheduler [req-30b208f6-f549-42c1-8cd0-c9522a04d118 req-02ccb3cb-87e9-43d2-b83d-a0c4943a3a69 37eb0e3eb6a34b7e8e99ef4a24cd91c9 630b951fd2ee4ede9a2406898107fd94 - - default default] No more DHCP agents
2026-06-09 23:36:40.505 10 WARNING neutron.api.rpc.agentnotifiers.dhcp_rpc_agent_api [req-30b208f6-f549-42c1-8cd0-c9522a04d118 req-02ccb3cb-87e9-43d2-b83d-a0c4943a3a69 37eb0e3eb6a34b7e8e99ef4a24cd91c9 630b951fd2ee4ede9a2406898107fd94 - - default default] Unable to schedule network 7bb01f35-7f82-49f9-90ae-f8c77b27b727: no agents available; will retry on subsequent port and subnet creation events. /var/lib/openstack/lib/python3.10/site-packages/pycadf/identifier.py:71: UserWarning: Invalid uuid: neutron. To ensure interoperability, identifiers should be a valid uuid. warnings.warn(('Invalid uuid: %s. To ensure interoperability, ' /var/lib/openstack/lib/python3.10/site-packages/pycadf/identifier.py:71: UserWarning: Invalid uuid: neutron. To ensure interoperability, identifiers should be a valid uuid. warnings.warn(('Invalid uuid: %s. To ensure interoperability, '
2026-06-09 23:36:40.568 10 INFO neutron.wsgi [req-c914ba84-ee52-4174-8592-bc7ee8efa2e6 req-c5342a6e-3734-43d9-9785-47861ac00e4c e8f107aa72da412bbc0ea8f7ee0c8c44 df347551ee27486e886162979334894a - - 64cb136663874edbac2ca97158871181 64cb136663874edbac2ca97158871181] 199.19.213.180 "GET /v2.0/ports?tenant_id=e602402b4f5c490d8ca248cba19268c1&device_id=015296de-846b-46da-87b3-97a1ed6f8bd3 HTTP/1.1" status: 200 len: 1634 time: 0.0571527
2026-06-09 23:36:40.597 9 INFO neutron.wsgi [req-338eb47c-2518-4118-9089-f2d8e70773c7 req-0b1924f0-d542-41d9-803d-2681560788e3 bdafc31b42cb487cac40f99cde74ecc9 e602402b4f5c490d8ca248cba19268c1 - - default default] 10.0.0.217 "GET /v2.0/security-groups?name=tempest-lb_member_SG-618594370&fields=id&tenant_id=e602402b4f5c490d8ca248cba19268c1 HTTP/1.1" status: 200 len: 267 time: 0.0642977
2026-06-09 23:36:40.673 10 INFO neutron.services.segments.plugin [-] Segment 2aa139fa-17db-4e1f-bfdb-4bad18b6e318 resource provider aggregate not found
2026-06-09 23:36:40.676 10 INFO neutron.services.segments.plugin [-] Segment 2aa139fa-17db-4e1f-bfdb-4bad18b6e318 resource provider aggregate not found
2026-06-09 23:36:40.677 9 INFO neutron.wsgi [req-338eb47c-2518-4118-9089-f2d8e70773c7 req-c59af195-9bf2-403b-8d96-8308467612dc bdafc31b42cb487cac40f99cde74ecc9 e602402b4f5c490d8ca248cba19268c1 - - default default] 10.0.0.217 "GET /v2.0/networks?id=fc31201c-49f2-4691-94d9-b52caf510e5f HTTP/1.1" status: 200 len: 904 time: 0.0697241
2026-06-09 23:36:40.697 9 INFO neutron.wsgi [req-338eb47c-2518-4118-9089-f2d8e70773c7 req-79ef8310-beb6-4835-b392-076af676b65d bdafc31b42cb487cac40f99cde74ecc9 e602402b4f5c490d8ca248cba19268c1 - - default default] 10.0.0.217 "GET /v2.0/quotas/e602402b4f5c490d8ca248cba19268c1 HTTP/1.1" status: 200 len: 491 time: 0.0143309
2026-06-09 23:36:40.697 10 INFO neutron.wsgi [req-c914ba84-ee52-4174-8592-bc7ee8efa2e6 req-bef21968-f16e-4358-9a24-0067c9d91c5b e8f107aa72da412bbc0ea8f7ee0c8c44 df347551ee27486e886162979334894a - - 64cb136663874edbac2ca97158871181 64cb136663874edbac2ca97158871181] 199.19.213.180 "GET /v2.0/networks?id=d3d801cc-14e4-4684-9100-89a375ba39ea HTTP/1.1" status: 200 len: 1003 time: 0.1241794
2026-06-09 23:36:40.705 10 INFO neutron.services.segments.plugin [-] Segment 2aa139fa-17db-4e1f-bfdb-4bad18b6e318 resource provider not found; error: Placement Client Error (4xx): {"errors": [{"status": 404, "title": "Not Found", "detail": "The resource could not be found.\n\n No resource provider with uuid 2aa139fa-17db-4e1f-bfdb-4bad18b6e318 found for delete ", "request_id": "req-d3f9e7a6-8051-4b4b-9553-4e8f388bba17"}]}
2026-06-09 23:36:40.707 10 INFO neutron.services.segments.plugin [-] Segment 2aa139fa-17db-4e1f-bfdb-4bad18b6e318 resource provider not found; error: Placement Client Error (4xx): {"errors": [{"status": 404, "title": "Not Found", "detail": "The resource could not be found.\n\n No resource provider with uuid 2aa139fa-17db-4e1f-bfdb-4bad18b6e318 found for delete ", "request_id": "req-94f63deb-6914-4b6e-ad54-e612958d45f1"}]}
2026-06-09 23:36:40.751 9 INFO neutron.wsgi [req-41b89f57-7346-4a1a-8226-fefa07d028da req-fc17f760-1975-4420-a4bf-ea780522a6c5 2bd3a2794c7242e7b31c30d7bc4a5405 5ce4a210c80f424a8c43799d9b9ec88c - - default default] 199.19.213.180 "DELETE /v2.0/ports/c84c9b19-4929-4186-8c74-04ae5d32ccc9 HTTP/1.1" status: 204 len: 173 time: 0.4443281
2026-06-09 23:36:40.787 10 INFO neutron.wsgi [None req-49cb2b0e-d01e-4e33-b01b-07430c810715 52b173cce75d4ad3bc22f1d3a9f30b2c 2ab7f9f381634b7d8ccb804cf477c042 - - default default] 10.0.0.145 "DELETE /v2.0/networks/0672e4d3-304d-436a-9dc5-1600f09179f8 HTTP/1.1" status: 204 len: 168 time: 1.2525873
2026-06-09 23:36:40.817 10 INFO neutron.wsgi [req-c914ba84-ee52-4174-8592-bc7ee8efa2e6 req-b733654d-ffa3-45d8-95a9-79eb95ce06cb e8f107aa72da412bbc0ea8f7ee0c8c44 df347551ee27486e886162979334894a - - 64cb136663874edbac2ca97158871181 64cb136663874edbac2ca97158871181] 199.19.213.180 "GET /v2.0/floatingips?fixed_ip_address=10.2.1.50&port_id=f84aba28-5f60-42ab-a4b1-f708b5e9ef2c HTTP/1.1" status: 200 len: 1058 time: 0.1134205
2026-06-09 23:36:40.838 10 INFO neutron.db.ovn_revision_numbers_db [req-30b208f6-f549-42c1-8cd0-c9522a04d118 req-02ccb3cb-87e9-43d2-b83d-a0c4943a3a69 37eb0e3eb6a34b7e8e99ef4a24cd91c9 630b951fd2ee4ede9a2406898107fd94 - - default default] Successfully bumped revision number for resource 4fab9057-0e47-4716-a2ec-bbf9d3c1ae20 (type: ports) to 1
2026-06-09 23:36:40.853 10 INFO neutron.wsgi [req-c914ba84-ee52-4174-8592-bc7ee8efa2e6 req-715049cf-3ee6-467e-969b-c11fac19a976 e8f107aa72da412bbc0ea8f7ee0c8c44 df347551ee27486e886162979334894a - - 64cb136663874edbac2ca97158871181 64cb136663874edbac2ca97158871181] 199.19.213.180 "GET /v2.0/floatingips?fixed_ip_address=fd7b%3Af9f7%3Afff%3A4eca%3A%3A123&port_id=f84aba28-5f60-42ab-a4b1-f708b5e9ef2c HTTP/1.1" status: 200 len: 217 time: 0.0281608
2026-06-09 23:36:40.883 10 INFO neutron.wsgi [req-30b208f6-f549-42c1-8cd0-c9522a04d118 req-02ccb3cb-87e9-43d2-b83d-a0c4943a3a69 37eb0e3eb6a34b7e8e99ef4a24cd91c9 630b951fd2ee4ede9a2406898107fd94 - - default default] 199.19.213.180 "POST /v2.0/ports HTTP/1.1" status: 201 len: 1201 time: 1.0232403
2026-06-09 23:36:40.889 9 INFO neutron.wsgi [req-338eb47c-2518-4118-9089-f2d8e70773c7 req-bb1e2a16-4f7d-4886-9e64-5e2613b440ff bdafc31b42cb487cac40f99cde74ecc9 e602402b4f5c490d8ca248cba19268c1 - - default default] 10.0.0.217 "GET /v2.0/ports?tenant_id=e602402b4f5c490d8ca248cba19268c1&fields=id HTTP/1.1" status: 200 len: 532 time: 0.1818717
2026-06-09 23:36:40.896 10 INFO neutron.wsgi [req-c914ba84-ee52-4174-8592-bc7ee8efa2e6 req-956be987-68b1-4ef8-8a11-c1bc317144aa e8f107aa72da412bbc0ea8f7ee0c8c44 df347551ee27486e886162979334894a - - 64cb136663874edbac2ca97158871181 64cb136663874edbac2ca97158871181] 199.19.213.180 "GET /v2.0/subnets?id=b3091b0a-791a-445f-b1bc-c9c2301a0893&id=1cedc3d8-2eec-4bcc-ad63-1e24db4f4abb HTTP/1.1" status: 200 len: 1562 time: 0.0346200
2026-06-09 23:36:40.926 10 INFO neutron.wsgi [req-c914ba84-ee52-4174-8592-bc7ee8efa2e6 req-885f96c9-9852-4b3a-a6ef-3947ad8bd282 e8f107aa72da412bbc0ea8f7ee0c8c44 df347551ee27486e886162979334894a - - 64cb136663874edbac2ca97158871181 64cb136663874edbac2ca97158871181] 199.19.213.180 "GET /v2.0/ports?network_id=d3d801cc-14e4-4684-9100-89a375ba39ea&device_owner=network%3Adhcp HTTP/1.1" status: 200 len: 210 time: 0.0247369
2026-06-09 23:36:40.940 9 INFO neutron.db.segments_db [None req-713f2ecb-0c7b-4c72-8eac-b043b4283f3a 52b173cce75d4ad3bc22f1d3a9f30b2c 2ab7f9f381634b7d8ccb804cf477c042 - - default default] Added segment e4574469-20fe-4ab4-92c5-21bf66ab5ad4 of type geneve for network 19b1828e-9fd5-45d7-bea5-3664e14101f6
2026-06-09 23:36:40.966 10 INFO neutron.wsgi [req-c914ba84-ee52-4174-8592-bc7ee8efa2e6 req-42afd813-58a5-4f7a-b5e1-d2cb4dbebafa e8f107aa72da412bbc0ea8f7ee0c8c44 df347551ee27486e886162979334894a - - 64cb136663874edbac2ca97158871181 64cb136663874edbac2ca97158871181] 199.19.213.180 "GET /v2.0/ports?network_id=d3d801cc-14e4-4684-9100-89a375ba39ea&device_owner=network%3Adhcp HTTP/1.1" status: 200 len: 210 time: 0.0328379
2026-06-09 23:36:40.982 9 INFO neutron.wsgi [req-338eb47c-2518-4118-9089-f2d8e70773c7 req-60afb9ef-c73e-4aa6-bbfa-3396acc6574d e8f107aa72da412bbc0ea8f7ee0c8c44 df347551ee27486e886162979334894a - - 64cb136663874edbac2ca97158871181 64cb136663874edbac2ca97158871181] 10.0.0.217 "GET /v2.0/networks/fc31201c-49f2-4691-94d9-b52caf510e5f?fields=segments HTTP/1.1" status: 200 len: 212 time: 0.0769165
2026-06-09 23:36:41.061 10 INFO neutron.wsgi [req-c914ba84-ee52-4174-8592-bc7ee8efa2e6 req-b7897a2c-d1a1-4b19-a728-ec0ccdb4db1e e8f107aa72da412bbc0ea8f7ee0c8c44 df347551ee27486e886162979334894a - - 64cb136663874edbac2ca97158871181 64cb136663874edbac2ca97158871181] 199.19.213.180 "GET /v2.0/networks/d3d801cc-14e4-4684-9100-89a375ba39ea?fields=segments HTTP/1.1" status: 200 len: 212 time: 0.0894322
2026-06-09 23:36:41.070 9 INFO neutron.wsgi [req-338eb47c-2518-4118-9089-f2d8e70773c7 req-1d0f6a9f-c914-410e-a297-c6c20642c9b5 e8f107aa72da412bbc0ea8f7ee0c8c44 df347551ee27486e886162979334894a - - 64cb136663874edbac2ca97158871181 64cb136663874edbac2ca97158871181] 10.0.0.217 "GET /v2.0/networks/fc31201c-49f2-4691-94d9-b52caf510e5f?fields=provider%3Aphysical_network&fields=provider%3Anetwork_type HTTP/1.1" status: 200 len: 277 time: 0.0796657
2026-06-09 23:36:41.110 9 INFO neutron.wsgi [req-b0f60e6c-b87b-49e6-8ca4-8028ba91afc4 req-a7d2c226-5f01-4cb2-8b41-28b1e40bfa19 2bd3a2794c7242e7b31c30d7bc4a5405 5ce4a210c80f424a8c43799d9b9ec88c - - default default] 10.0.0.217 "GET /v2.0/ports?device_id=231db66e-7180-4dd4-b03a-9c2c32f119af HTTP/1.1" status: 200 len: 210 time: 0.0376592
2026-06-09 23:36:41.125 9 INFO neutron.db.ovn_revision_numbers_db [None req-713f2ecb-0c7b-4c72-8eac-b043b4283f3a 52b173cce75d4ad3bc22f1d3a9f30b2c 2ab7f9f381634b7d8ccb804cf477c042 - - default default] Successfully bumped revision number for resource 19b1828e-9fd5-45d7-bea5-3664e14101f6 (type: networks) to 1
2026-06-09 23:36:41.153 10 INFO neutron.wsgi [req-c914ba84-ee52-4174-8592-bc7ee8efa2e6 req-da633bcc-dfdf-4292-b6a1-ad19bdfdd2a8 e8f107aa72da412bbc0ea8f7ee0c8c44 df347551ee27486e886162979334894a - - 64cb136663874edbac2ca97158871181 64cb136663874edbac2ca97158871181] 199.19.213.180 "GET /v2.0/networks/d3d801cc-14e4-4684-9100-89a375ba39ea?fields=provider%3Aphysical_network&fields=provider%3Anetwork_type HTTP/1.1" status: 200 len: 277 time: 0.0849607
2026-06-09 23:36:41.226 9 INFO neutron.wsgi [req-a9f38d1c-e589-4463-9edb-ae7603f8eda5 req-d54e1290-46f7-4a5b-9aa5-0be5ed7f18c1 37eb0e3eb6a34b7e8e99ef4a24cd91c9 630b951fd2ee4ede9a2406898107fd94 - - default default] 10.0.0.217 "GET /v2.0/ports?device_id=dbfb035e-f6c4-41df-8acf-32d696bc9f36 HTTP/1.1" status: 200 len: 1200 time: 0.0656786
2026-06-09 23:36:41.244 9 INFO neutron.wsgi [req-60fc8773-3c58-42ad-8650-0051654a7e03 req-1fa1d429-dbc8-453c-b843-67a58fe36c42 bdafc31b42cb487cac40f99cde74ecc9 e602402b4f5c490d8ca248cba19268c1 - - default default] 10.0.0.217 "GET /v2.0/ports?device_id=4c566d12-4fe8-4218-b310-8dfdc0e1466e HTTP/1.1" status: 200 len: 210 time: 0.0328209
2026-06-09 23:36:41.309 9 INFO neutron.wsgi [req-a9f38d1c-e589-4463-9edb-ae7603f8eda5 req-ea5b1e05-32a3-456e-8bf8-de8fe316e7a4 37eb0e3eb6a34b7e8e99ef4a24cd91c9 630b951fd2ee4ede9a2406898107fd94 - - default default] 10.0.0.217 "GET /v2.0/security-groups?id=feafe36d-1ad1-4b0b-a772-b0cbc47659b9&id=36b6f2ed-c412-4c35-a680-db63fbbb2b8a&fields=id&fields=name HTTP/1.1" status: 200 len: 406 time: 0.0691340
2026-06-09 23:36:41.366 9 WARNING neutron.scheduler.dhcp_agent_scheduler [None req-713f2ecb-0c7b-4c72-8eac-b043b4283f3a 52b173cce75d4ad3bc22f1d3a9f30b2c 2ab7f9f381634b7d8ccb804cf477c042 - - default default] No more DHCP agents
2026-06-09 23:36:41.370 9 WARNING neutron.api.rpc.agentnotifiers.dhcp_rpc_agent_api [None req-713f2ecb-0c7b-4c72-8eac-b043b4283f3a 52b173cce75d4ad3bc22f1d3a9f30b2c 2ab7f9f381634b7d8ccb804cf477c042 - - default default] Unable to schedule network 19b1828e-9fd5-45d7-bea5-3664e14101f6: no agents available; will retry on subsequent port and subnet creation events.
2026-06-09 23:36:41.440 10 INFO neutron.db.ovn_revision_numbers_db [req-30b208f6-f549-42c1-8cd0-c9522a04d118 req-5fb90034-4de4-466d-ba0b-275dc457e9d9 e8f107aa72da412bbc0ea8f7ee0c8c44 df347551ee27486e886162979334894a - - 64cb136663874edbac2ca97158871181 64cb136663874edbac2ca97158871181] Successfully bumped revision number for resource 4fab9057-0e47-4716-a2ec-bbf9d3c1ae20 (type: ports) to 2
2026-06-09 23:36:41.454 9 INFO neutron.db.ovn_revision_numbers_db [None req-713f2ecb-0c7b-4c72-8eac-b043b4283f3a 52b173cce75d4ad3bc22f1d3a9f30b2c 2ab7f9f381634b7d8ccb804cf477c042 - - default default] Successfully bumped revision number for resource d0957ad2-88f2-466f-8202-702927c3dcee (type: ports) to 1
2026-06-09 23:36:41.475 9 INFO neutron.wsgi [None req-713f2ecb-0c7b-4c72-8eac-b043b4283f3a 52b173cce75d4ad3bc22f1d3a9f30b2c 2ab7f9f381634b7d8ccb804cf477c042 - - default default] 10.0.0.145 "POST /v2.0/networks HTTP/1.1" status: 201 len: 928 time: 0.6821611
2026-06-09 23:36:41.621 9 WARNING neutron.scheduler.dhcp_agent_scheduler [None req-8dc76faa-035a-48d3-a730-c98b17997cfd 52b173cce75d4ad3bc22f1d3a9f30b2c 2ab7f9f381634b7d8ccb804cf477c042 - - default default] No more DHCP agents
2026-06-09 23:36:41.623 9 WARNING neutron.api.rpc.agentnotifiers.dhcp_rpc_agent_api [None req-8dc76faa-035a-48d3-a730-c98b17997cfd 52b173cce75d4ad3bc22f1d3a9f30b2c 2ab7f9f381634b7d8ccb804cf477c042 - - default default] Unable to schedule network 19b1828e-9fd5-45d7-bea5-3664e14101f6: no agents available; will retry on subsequent port and subnet creation events.
2026-06-09 23:36:41.650 10 INFO neutron.db.ovn_revision_numbers_db [req-30b208f6-f549-42c1-8cd0-c9522a04d118 req-5fb90034-4de4-466d-ba0b-275dc457e9d9 e8f107aa72da412bbc0ea8f7ee0c8c44 df347551ee27486e886162979334894a - - 64cb136663874edbac2ca97158871181 64cb136663874edbac2ca97158871181] Successfully bumped revision number for resource 4fab9057-0e47-4716-a2ec-bbf9d3c1ae20 (type: ports) to 2
2026-06-09 23:36:41.666 10 INFO neutron.wsgi [req-30b208f6-f549-42c1-8cd0-c9522a04d118 req-5fb90034-4de4-466d-ba0b-275dc457e9d9 e8f107aa72da412bbc0ea8f7ee0c8c44 df347551ee27486e886162979334894a - - 64cb136663874edbac2ca97158871181 64cb136663874edbac2ca97158871181] 199.19.213.180 "PUT /v2.0/ports/4fab9057-0e47-4716-a2ec-bbf9d3c1ae20 HTTP/1.1" status: 200 len: 1419 time: 0.7698398 /var/lib/openstack/lib/python3.10/site-packages/pycadf/identifier.py:71: UserWarning: Invalid uuid: neutron. To ensure interoperability, identifiers should be a valid uuid. warnings.warn(('Invalid uuid: %s. To ensure interoperability, '
2026-06-09 23:36:41.742 10 INFO neutron.wsgi [req-30b208f6-f549-42c1-8cd0-c9522a04d118 req-a30390b2-bf9f-42c2-97ad-9fc2dcb53db2 e8f107aa72da412bbc0ea8f7ee0c8c44 df347551ee27486e886162979334894a - - 64cb136663874edbac2ca97158871181 64cb136663874edbac2ca97158871181] 199.19.213.180 "GET /v2.0/ports?tenant_id=630b951fd2ee4ede9a2406898107fd94&device_id=dbfb035e-f6c4-41df-8acf-32d696bc9f36 HTTP/1.1" status: 200 len: 1450 time: 0.0423858
2026-06-09 23:36:41.775 10 INFO neutron.wsgi [req-30b208f6-f549-42c1-8cd0-c9522a04d118 req-5902cf85-7383-461e-a4c3-e0db69e1ea2a e8f107aa72da412bbc0ea8f7ee0c8c44 df347551ee27486e886162979334894a - - 64cb136663874edbac2ca97158871181 64cb136663874edbac2ca97158871181] 199.19.213.180 "GET /v2.0/floatingips?fixed_ip_address=10.100.0.12&port_id=4fab9057-0e47-4716-a2ec-bbf9d3c1ae20 HTTP/1.1" status: 200 len: 217 time: 0.0270798
2026-06-09 23:36:41.820 10 INFO neutron.wsgi [req-30b208f6-f549-42c1-8cd0-c9522a04d118 req-58e110d1-f19c-443c-84f1-69bc4c55a885 e8f107aa72da412bbc0ea8f7ee0c8c44 df347551ee27486e886162979334894a - - 64cb136663874edbac2ca97158871181 64cb136663874edbac2ca97158871181] 199.19.213.180 "GET /v2.0/subnets?id=d658167e-5aec-4fbd-b842-368548225628 HTTP/1.1" status: 200 len: 865 time: 0.0343239
2026-06-09 23:36:41.866 10 INFO neutron.wsgi [req-30b208f6-f549-42c1-8cd0-c9522a04d118 req-d1d7da2e-caea-47dd-85e4-6522b93b3229 e8f107aa72da412bbc0ea8f7ee0c8c44 df347551ee27486e886162979334894a - - 64cb136663874edbac2ca97158871181 64cb136663874edbac2ca97158871181] 199.19.213.180 "GET /v2.0/ports?network_id=7bb01f35-7f82-49f9-90ae-f8c77b27b727&device_owner=network%3Adhcp HTTP/1.1" status: 200 len: 210 time: 0.0309968
2026-06-09 23:36:41.933 10 INFO neutron.wsgi [req-338eb47c-2518-4118-9089-f2d8e70773c7 req-1fa9edcc-ea6c-468b-b0a0-f865eb1a7838 bdafc31b42cb487cac40f99cde74ecc9 e602402b4f5c490d8ca248cba19268c1 - - default default] 199.19.213.180 "GET /v2.0/networks?id=fc31201c-49f2-4691-94d9-b52caf510e5f HTTP/1.1" status: 200 len: 904 time: 0.0968816
2026-06-09 23:36:41.955 10 INFO neutron.wsgi [req-30b208f6-f549-42c1-8cd0-c9522a04d118 req-55db330c-2f1e-4978-9fd7-10f2f49e9c8b e8f107aa72da412bbc0ea8f7ee0c8c44 df347551ee27486e886162979334894a - - 64cb136663874edbac2ca97158871181 64cb136663874edbac2ca97158871181] 199.19.213.180 "GET /v2.0/networks/7bb01f35-7f82-49f9-90ae-f8c77b27b727?fields=segments HTTP/1.1" status: 200 len: 212 time: 0.0761273
2026-06-09 23:36:42.010 10 INFO neutron.wsgi [req-338eb47c-2518-4118-9089-f2d8e70773c7 req-f29eeba0-349f-4360-ab8f-186f22964b18 bdafc31b42cb487cac40f99cde74ecc9 e602402b4f5c490d8ca248cba19268c1 - - default default] 199.19.213.180 "GET /v2.0/security-groups?fields=id&fields=name&tenant_id=e602402b4f5c490d8ca248cba19268c1 HTTP/1.1" status: 200 len: 377 time: 0.0686464
2026-06-09 23:36:42.026 10 WARNING neutron_lib.context [req-338eb47c-2518-4118-9089-f2d8e70773c7 req-15c90956-14aa-4968-8036-ebe972566e5f bdafc31b42cb487cac40f99cde74ecc9 e602402b4f5c490d8ca248cba19268c1 - - default default] Method 'is_advsvc' is deprecated since 2023.2 release (neutron-lib 3.8.0) and will be removed once support for the old RBAC API policies will be removed from Neutron. Please use method 'is_service_role' instead.
2026-06-09 23:36:42.058 10 INFO neutron.wsgi [req-30b208f6-f549-42c1-8cd0-c9522a04d118 req-0e2e6116-e107-471a-9af1-8b04bf9dcd5f e8f107aa72da412bbc0ea8f7ee0c8c44 df347551ee27486e886162979334894a - - 64cb136663874edbac2ca97158871181 64cb136663874edbac2ca97158871181] 199.19.213.180 "GET /v2.0/networks/7bb01f35-7f82-49f9-90ae-f8c77b27b727?fields=provider%3Aphysical_network&fields=provider%3Anetwork_type HTTP/1.1" status: 200 len: 277 time: 0.0948143
2026-06-09 23:36:42.077 9 INFO neutron.db.ovn_revision_numbers_db [None req-8dc76faa-035a-48d3-a730-c98b17997cfd 52b173cce75d4ad3bc22f1d3a9f30b2c 2ab7f9f381634b7d8ccb804cf477c042 - - default default] Successfully bumped revision number for resource d0957ad2-88f2-466f-8202-702927c3dcee (type: ports) to 2
2026-06-09 23:36:42.115 9 INFO neutron.db.ovn_revision_numbers_db [None req-8dc76faa-035a-48d3-a730-c98b17997cfd 52b173cce75d4ad3bc22f1d3a9f30b2c 2ab7f9f381634b7d8ccb804cf477c042 - - default default] Successfully bumped revision number for resource a51bca0e-f61d-45d1-8acc-83d94fb5ec13 (type: subnets) to 0
2026-06-09 23:36:42.129 9 INFO neutron.wsgi [None req-8dc76faa-035a-48d3-a730-c98b17997cfd 52b173cce75d4ad3bc22f1d3a9f30b2c 2ab7f9f381634b7d8ccb804cf477c042 - - default default] 10.0.0.145 "POST /v2.0/subnets HTTP/1.1" status: 201 len: 822 time: 0.6474178
2026-06-09 23:36:42.319 9 INFO neutron.notifiers.nova [-] Nova event matching ['req-fd143db5-e2a3-423c-a817-e5beacb55441'] response: {'server_uuid': '231db66e-7180-4dd4-b03a-9c2c32f119af', 'name': 'network-vif-unplugged', 'status': 'completed', 'tag': 'c84c9b19-4929-4186-8c74-04ae5d32ccc9', 'code': 200}
2026-06-09 23:36:42.319 9 INFO neutron.notifiers.nova [-] Nova event matching ['req-fd143db5-e2a3-423c-a817-e5beacb55441'] response: {'server_uuid': '231db66e-7180-4dd4-b03a-9c2c32f119af', 'name': 'network-vif-deleted', 'tag': 'c84c9b19-4929-4186-8c74-04ae5d32ccc9', 'status': 'completed', 'code': 200}
2026-06-09 23:36:42.440 9 INFO neutron.wsgi [req-52f1c719-b5e6-494f-a560-bffe43b252a1 req-aae50074-9356-4e4a-9ac5-f242dca4b13d 37eb0e3eb6a34b7e8e99ef4a24cd91c9 630b951fd2ee4ede9a2406898107fd94 - - default default] 10.0.0.217 "GET /v2.0/ports?device_id=dbfb035e-f6c4-41df-8acf-32d696bc9f36 HTTP/1.1" status: 200 len: 1212 time: 0.0495126
2026-06-09 23:36:42.528 10 INFO neutron.wsgi [req-98712c31-61fd-4f9c-8a4c-8b854031eced req-040f02bd-f6d2-4ede-bcc0-c66a9a792f5b e8f107aa72da412bbc0ea8f7ee0c8c44 df347551ee27486e886162979334894a - - 64cb136663874edbac2ca97158871181 64cb136663874edbac2ca97158871181] 199.19.213.180 "GET /v2.0/ports?device_id=dbfb035e-f6c4-41df-8acf-32d696bc9f36 HTTP/1.1" status: 200 len: 1450 time: 0.0503483
2026-06-09 23:36:42.537 9 INFO neutron.wsgi [req-52f1c719-b5e6-494f-a560-bffe43b252a1 req-18298b2a-32e5-4786-9289-63b5aa3f3d10 37eb0e3eb6a34b7e8e99ef4a24cd91c9 630b951fd2ee4ede9a2406898107fd94 - - default default] 10.0.0.217 "GET /v2.0/security-groups?id=feafe36d-1ad1-4b0b-a772-b0cbc47659b9&id=36b6f2ed-c412-4c35-a680-db63fbbb2b8a&fields=id&fields=name HTTP/1.1" status: 200 len: 406 time: 0.0907490
2026-06-09 23:36:42.551 10 INFO neutron.notifiers.nova [-] Nova event matching ['req-d55057cc-3a9c-44dc-a8dd-3ed97fc4af12'] response: {'name': 'network-changed', 'server_uuid': 'dbfb035e-f6c4-41df-8acf-32d696bc9f36', 'tag': '4fab9057-0e47-4716-a2ec-bbf9d3c1ae20', 'status': 'completed', 'code': 200}
2026-06-09 23:36:42.561 9 INFO neutron.wsgi [None req-28ef5a72-6361-4e78-a38c-e94622ba624e 52b173cce75d4ad3bc22f1d3a9f30b2c 2ab7f9f381634b7d8ccb804cf477c042 - - default default] 10.0.0.145 "POST /v2.0/rbac-policies HTTP/1.1" status: 201 len: 523 time: 0.4267774
2026-06-09 23:36:42.597 10 INFO neutron.wsgi [req-98712c31-61fd-4f9c-8a4c-8b854031eced req-0f5889bb-2754-40aa-a959-282f8194c15e e8f107aa72da412bbc0ea8f7ee0c8c44 df347551ee27486e886162979334894a - - 64cb136663874edbac2ca97158871181 64cb136663874edbac2ca97158871181] 199.19.213.180 "GET /v2.0/security-groups?id=feafe36d-1ad1-4b0b-a772-b0cbc47659b9&id=36b6f2ed-c412-4c35-a680-db63fbbb2b8a&fields=id&fields=name HTTP/1.1" status: 200 len: 406 time: 0.0587347
2026-06-09 23:36:42.620 9 INFO neutron.wsgi [req-9af22f59-345e-413e-a25b-5d8c4e165a1f req-f282642a-4022-41da-8da5-a218bf79e853 e8f107aa72da412bbc0ea8f7ee0c8c44 df347551ee27486e886162979334894a - - 64cb136663874edbac2ca97158871181 64cb136663874edbac2ca97158871181] 199.19.213.180 "GET /v2.0/ports?tenant_id=630b951fd2ee4ede9a2406898107fd94&device_id=dbfb035e-f6c4-41df-8acf-32d696bc9f36 HTTP/1.1" status: 200 len: 1450 time: 0.0446732
2026-06-09 23:36:42.710 10 INFO neutron.plugins.ml2.drivers.ovn.mech_driver.mech_driver [None req-96a4567b-270c-4625-b81f-f2856ab73c05 - - - - - -] OVN reports status up for port: 4fab9057-0e47-4716-a2ec-bbf9d3c1ae20
2026-06-09 23:36:42.716 9 INFO neutron.wsgi [req-9af22f59-345e-413e-a25b-5d8c4e165a1f req-08c60114-0efd-4249-ae80-28932a4350b9 e8f107aa72da412bbc0ea8f7ee0c8c44 df347551ee27486e886162979334894a - - 64cb136663874edbac2ca97158871181 64cb136663874edbac2ca97158871181] 199.19.213.180 "GET /v2.0/networks?id=7bb01f35-7f82-49f9-90ae-f8c77b27b727 HTTP/1.1" status: 200 len: 969 time: 0.0832305
2026-06-09 23:36:42.738 10 INFO neutron.plugins.ml2.plugin [None req-96a4567b-270c-4625-b81f-f2856ab73c05 - - - - - -] Attempt 1 to provision port 4fab9057-0e47-4716-a2ec-bbf9d3c1ae20
2026-06-09 23:36:42.749 9 INFO neutron.wsgi [req-9af22f59-345e-413e-a25b-5d8c4e165a1f req-0fc64e28-9c4d-4001-8942-ba7a90d3edf4 e8f107aa72da412bbc0ea8f7ee0c8c44 df347551ee27486e886162979334894a - - 64cb136663874edbac2ca97158871181 64cb136663874edbac2ca97158871181] 199.19.213.180 "GET /v2.0/floatingips?fixed_ip_address=10.100.0.12&port_id=4fab9057-0e47-4716-a2ec-bbf9d3c1ae20 HTTP/1.1" status: 200 len: 217 time: 0.0244329
2026-06-09 23:36:42.792 9 INFO neutron.wsgi [req-9af22f59-345e-413e-a25b-5d8c4e165a1f req-02d47f69-a44d-44ec-b1c0-1668cd1d1009 e8f107aa72da412bbc0ea8f7ee0c8c44 df347551ee27486e886162979334894a - - 64cb136663874edbac2ca97158871181 64cb136663874edbac2ca97158871181] 199.19.213.180 "GET /v2.0/subnets?id=d658167e-5aec-4fbd-b842-368548225628 HTTP/1.1" status: 200 len: 865 time: 0.0360153
2026-06-09 23:36:42.816 9 INFO neutron.wsgi [req-9af22f59-345e-413e-a25b-5d8c4e165a1f req-0615f51a-5c53-409d-9388-f62c3c1864f1 e8f107aa72da412bbc0ea8f7ee0c8c44 df347551ee27486e886162979334894a - - 64cb136663874edbac2ca97158871181 64cb136663874edbac2ca97158871181] 199.19.213.180 "GET /v2.0/ports?network_id=7bb01f35-7f82-49f9-90ae-f8c77b27b727&device_owner=network%3Adhcp HTTP/1.1" status: 200 len: 210 time: 0.0194831
2026-06-09 23:36:42.850 10 WARNING neutron.scheduler.dhcp_agent_scheduler [req-338eb47c-2518-4118-9089-f2d8e70773c7 req-15c90956-14aa-4968-8036-ebe972566e5f bdafc31b42cb487cac40f99cde74ecc9 e602402b4f5c490d8ca248cba19268c1 - - default default] No more DHCP agents
2026-06-09 23:36:42.852 10 WARNING neutron.api.rpc.agentnotifiers.dhcp_rpc_agent_api [req-338eb47c-2518-4118-9089-f2d8e70773c7 req-15c90956-14aa-4968-8036-ebe972566e5f bdafc31b42cb487cac40f99cde74ecc9 e602402b4f5c490d8ca248cba19268c1 - - default default] Unable to schedule network fc31201c-49f2-4691-94d9-b52caf510e5f: no agents available; will retry on subsequent port and subnet creation events.
2026-06-09 23:36:42.885 9 INFO neutron.wsgi [req-9af22f59-345e-413e-a25b-5d8c4e165a1f req-4d25e151-c7a7-4238-8e62-b921ef36d23b e8f107aa72da412bbc0ea8f7ee0c8c44 df347551ee27486e886162979334894a - - 64cb136663874edbac2ca97158871181 64cb136663874edbac2ca97158871181] 199.19.213.180 "GET /v2.0/networks/7bb01f35-7f82-49f9-90ae-f8c77b27b727?fields=segments HTTP/1.1" status: 200 len: 212 time: 0.0634508
