2026-06-09 23:37:20.280 9 INFO neutron.wsgi [None req-b1c0cf43-bef8-4509-a3b5-cc2e184d2456 838187f134094579ae582ee7acd150f3 bee5f3d9d67e40d4a51df0c1b6600e0e - - default default] 10.0.0.145 "DELETE /v2.0/security-groups/02499daf-aa0a-4230-88da-d8ae8ed674a3 HTTP/1.1" status: 204 len: 168 time: 0.2383661
2026-06-09 23:37:20.343 10 INFO neutron.db.ovn_revision_numbers_db [None req-c623ef57-e04e-4c6a-8a1e-1eb7cb14ae36 6fc731aff57c4511b4448f6f04616702 f6d9172cc0ee4cb8a95254b0ce1d0399 - - default default] Successfully bumped revision number for resource 06936989-d4c6-4fb7-b39a-e66ba360bd85 (type: networks) to 1
2026-06-09 23:37:20.525 10 INFO neutron.db.ovn_revision_numbers_db [req-b52bc250-65e2-427f-816c-ad1399f7197e req-a2f15ef4-6f9d-4749-8d5e-d8a323fdff02 e8f107aa72da412bbc0ea8f7ee0c8c44 df347551ee27486e886162979334894a - - 64cb136663874edbac2ca97158871181 64cb136663874edbac2ca97158871181] Successfully bumped revision number for resource bfed5bbd-da6a-4947-a7dd-17d1f20b9847 (type: ports) to 2
2026-06-09 23:37:20.549 10 INFO neutron.wsgi [req-b52bc250-65e2-427f-816c-ad1399f7197e req-a2f15ef4-6f9d-4749-8d5e-d8a323fdff02 e8f107aa72da412bbc0ea8f7ee0c8c44 df347551ee27486e886162979334894a - - 64cb136663874edbac2ca97158871181 64cb136663874edbac2ca97158871181] 199.19.213.180 "PUT /v2.0/ports/bfed5bbd-da6a-4947-a7dd-17d1f20b9847 HTTP/1.1" status: 200 len: 1376 time: 0.8452463
2026-06-09 23:37:20.589 10 WARNING neutron.scheduler.dhcp_agent_scheduler [None req-c623ef57-e04e-4c6a-8a1e-1eb7cb14ae36 6fc731aff57c4511b4448f6f04616702 f6d9172cc0ee4cb8a95254b0ce1d0399 - - default default] No more DHCP agents /var/lib/openstack/lib/python3.10/site-packages/pycadf/identifier.py:71: UserWarning: Invalid uuid: neutron. To ensure interoperability, identifiers should be a valid uuid. warnings.warn(('Invalid uuid: %s. To ensure interoperability, '
2026-06-09 23:37:20.599 10 WARNING neutron.api.rpc.agentnotifiers.dhcp_rpc_agent_api [None req-c623ef57-e04e-4c6a-8a1e-1eb7cb14ae36 6fc731aff57c4511b4448f6f04616702 f6d9172cc0ee4cb8a95254b0ce1d0399 - - default default] Unable to schedule network 06936989-d4c6-4fb7-b39a-e66ba360bd85: no agents available; will retry on subsequent port and subnet creation events.
2026-06-09 23:37:20.602 10 INFO neutron.notifiers.nova [-] Nova event matching ['req-f1904040-40db-44a6-9715-d974027dec79'] response: {'name': 'network-changed', 'server_uuid': '8231d74d-7860-4b62-b16e-7eb5ffdbcad1', 'tag': 'bfed5bbd-da6a-4947-a7dd-17d1f20b9847', 'status': 'completed', 'code': 200}
2026-06-09 23:37:20.606 9 INFO neutron.db.ovn_revision_numbers_db [None req-8f46bdd6-37cb-4dfe-a96d-a04e0dab3e43 838187f134094579ae582ee7acd150f3 bee5f3d9d67e40d4a51df0c1b6600e0e - - default default] Successfully bumped revision number for resource 7d0be4a5-f3a6-43e6-9c49-49e781c2f3c0 (type: security_groups) to 1
2026-06-09 23:37:20.623 9 INFO neutron.db.ovn_revision_numbers_db [None req-8f46bdd6-37cb-4dfe-a96d-a04e0dab3e43 838187f134094579ae582ee7acd150f3 bee5f3d9d67e40d4a51df0c1b6600e0e - - default default] Successfully bumped revision number for resource 1902ba6f-fcbf-4ffd-a331-853e2467eb43 (type: security_group_rules) to 0
2026-06-09 23:37:20.638 9 INFO neutron.db.ovn_revision_numbers_db [None req-8f46bdd6-37cb-4dfe-a96d-a04e0dab3e43 838187f134094579ae582ee7acd150f3 bee5f3d9d67e40d4a51df0c1b6600e0e - - default default] Successfully bumped revision number for resource 4f754f82-3ba5-4d1c-9297-d781bbb9ae0a (type: security_group_rules) to 0
2026-06-09 23:37:20.649 10 INFO neutron.wsgi [req-b52bc250-65e2-427f-816c-ad1399f7197e req-5ad3b433-bd66-49fe-9b46-ebaa01b146b6 e8f107aa72da412bbc0ea8f7ee0c8c44 df347551ee27486e886162979334894a - - 64cb136663874edbac2ca97158871181 64cb136663874edbac2ca97158871181] 199.19.213.180 "GET /v2.0/ports?tenant_id=bee5f3d9d67e40d4a51df0c1b6600e0e&device_id=8231d74d-7860-4b62-b16e-7eb5ffdbcad1 HTTP/1.1" status: 200 len: 1407 time: 0.0590606
2026-06-09 23:37:20.651 9 INFO neutron.db.ovn_revision_numbers_db [None req-8f46bdd6-37cb-4dfe-a96d-a04e0dab3e43 838187f134094579ae582ee7acd150f3 bee5f3d9d67e40d4a51df0c1b6600e0e - - default default] Successfully bumped revision number for resource 74c9b48c-3638-47d0-968c-10e838832100 (type: security_group_rules) to 0
2026-06-09 23:37:20.666 9 INFO neutron.db.ovn_revision_numbers_db [None req-8f46bdd6-37cb-4dfe-a96d-a04e0dab3e43 838187f134094579ae582ee7acd150f3 bee5f3d9d67e40d4a51df0c1b6600e0e - - default default] Successfully bumped revision number for resource 91c3cee9-0ab8-4fa3-960e-b949b6e30c26 (type: security_group_rules) to 0
2026-06-09 23:37:20.691 10 INFO neutron.wsgi [req-b52bc250-65e2-427f-816c-ad1399f7197e req-1c4a41bb-fa94-4594-b06f-ca89b1db6a60 e8f107aa72da412bbc0ea8f7ee0c8c44 df347551ee27486e886162979334894a - - 64cb136663874edbac2ca97158871181 64cb136663874edbac2ca97158871181] 199.19.213.180 "GET /v2.0/floatingips?fixed_ip_address=172.24.1.4&port_id=bfed5bbd-da6a-4947-a7dd-17d1f20b9847 HTTP/1.1" status: 200 len: 217 time: 0.0340781
2026-06-09 23:37:20.705 9 INFO neutron.wsgi [None req-8f46bdd6-37cb-4dfe-a96d-a04e0dab3e43 838187f134094579ae582ee7acd150f3 bee5f3d9d67e40d4a51df0c1b6600e0e - - default default] 10.0.0.145 "GET /v2.0/security-groups?tenant_id=89949d3290544c1291ed00e26aab693d&name=default HTTP/1.1" status: 200 len: 3120 time: 0.2501099
2026-06-09 23:37:20.748 10 INFO neutron.wsgi [req-b52bc250-65e2-427f-816c-ad1399f7197e req-f75699ab-3fb2-473d-9714-a0803963ce91 e8f107aa72da412bbc0ea8f7ee0c8c44 df347551ee27486e886162979334894a - - 64cb136663874edbac2ca97158871181 64cb136663874edbac2ca97158871181] 199.19.213.180 "GET /v2.0/subnets?id=a432b8e8-cde4-472d-929d-42e9d1117f2d HTTP/1.1" status: 200 len: 829 time: 0.0452454
2026-06-09 23:37:20.752 10 INFO neutron.db.ovn_revision_numbers_db [None req-c623ef57-e04e-4c6a-8a1e-1eb7cb14ae36 6fc731aff57c4511b4448f6f04616702 f6d9172cc0ee4cb8a95254b0ce1d0399 - - default default] Successfully bumped revision number for resource b549a24d-7933-4702-97a5-a4bb9ee39958 (type: ports) to 1
2026-06-09 23:37:20.786 10 INFO neutron.wsgi [req-b52bc250-65e2-427f-816c-ad1399f7197e req-9fc8ee16-0502-4ddb-8c50-7ebb05895f46 e8f107aa72da412bbc0ea8f7ee0c8c44 df347551ee27486e886162979334894a - - 64cb136663874edbac2ca97158871181 64cb136663874edbac2ca97158871181] 199.19.213.180 "GET /v2.0/ports?network_id=862c711b-9054-4156-827a-85f3ab7bf15a&device_owner=network%3Adhcp HTTP/1.1" status: 200 len: 210 time: 0.0245357
2026-06-09 23:37:20.792 10 INFO neutron.wsgi [None req-c623ef57-e04e-4c6a-8a1e-1eb7cb14ae36 6fc731aff57c4511b4448f6f04616702 f6d9172cc0ee4cb8a95254b0ce1d0399 - - default default] 10.0.0.145 "POST /v2.0/networks HTTP/1.1" status: 201 len: 829 time: 0.7724745
2026-06-09 23:37:20.797 10 WARNING neutron_lib.context [None req-443d2efa-2219-49a3-8812-0d004c01c118 a57a116afc2f4e02b756714eda02733d 5bbaeb0e87c1428eae51eebc1b867422 - - default default] Method 'is_advsvc' is deprecated since 2023.2 release (neutron-lib 3.8.0) and will be removed once support for the old RBAC API policies will be removed from Neutron. Please use method 'is_service_role' instead.
2026-06-09 23:37:20.855 9 INFO neutron.wsgi [None req-1997b63e-f5a3-4bae-9842-31883fd86a81 6fc731aff57c4511b4448f6f04616702 f6d9172cc0ee4cb8a95254b0ce1d0399 - - default default] 10.0.0.145 "PUT /v2.0/networks/d9600c62-256b-4449-80d3-9c5271e711a7/tags HTTP/1.1" status: 200 len: 210 time: 0.0555592
2026-06-09 23:37:20.899 10 INFO neutron.wsgi [req-b52bc250-65e2-427f-816c-ad1399f7197e req-515c618a-699e-4a28-bb0b-11db7be9ba8c e8f107aa72da412bbc0ea8f7ee0c8c44 df347551ee27486e886162979334894a - - 64cb136663874edbac2ca97158871181 64cb136663874edbac2ca97158871181] 199.19.213.180 "GET /v2.0/networks/862c711b-9054-4156-827a-85f3ab7bf15a?fields=segments HTTP/1.1" status: 200 len: 212 time: 0.1052086
2026-06-09 23:37:20.921 9 INFO neutron.wsgi [None req-a05f9189-bd1e-4241-9220-9d62b9db9b1f 6fc731aff57c4511b4448f6f04616702 f6d9172cc0ee4cb8a95254b0ce1d0399 - - default default] 10.0.0.145 "PUT /v2.0/networks/48507b9c-24c7-40d7-82c4-ae96eb546cb9/tags HTTP/1.1" status: 200 len: 218 time: 0.0595622
2026-06-09 23:37:20.979 9 INFO neutron.wsgi [None req-7a94a23c-7de6-42fa-b577-bc94a6d5edbb 6fc731aff57c4511b4448f6f04616702 f6d9172cc0ee4cb8a95254b0ce1d0399 - - default default] 10.0.0.145 "PUT /v2.0/networks/403d9977-401d-4cf6-a288-f34f228dba97/tags HTTP/1.1" status: 200 len: 227 time: 0.0537891
2026-06-09 23:37:21.012 10 INFO neutron.wsgi [req-b52bc250-65e2-427f-816c-ad1399f7197e req-8ae2078f-17b2-4d8c-958c-9257e0185122 e8f107aa72da412bbc0ea8f7ee0c8c44 df347551ee27486e886162979334894a - - 64cb136663874edbac2ca97158871181 64cb136663874edbac2ca97158871181] 199.19.213.180 "GET /v2.0/networks/862c711b-9054-4156-827a-85f3ab7bf15a?fields=provider%3Aphysical_network&fields=provider%3Anetwork_type HTTP/1.1" status: 200 len: 277 time: 0.1024537
2026-06-09 23:37:21.054 9 INFO neutron.wsgi [None req-a96c4444-1484-455c-8822-985612d65f52 6fc731aff57c4511b4448f6f04616702 f6d9172cc0ee4cb8a95254b0ce1d0399 - - default default] 10.0.0.145 "PUT /v2.0/networks/2d1dcc9c-90da-471f-8a6d-553e7e1ee1ea/tags HTTP/1.1" status: 200 len: 212 time: 0.0658019
2026-06-09 23:37:21.118 10 INFO neutron.wsgi [None req-00ae1d3b-283d-42da-8465-6d4b300d7296 838187f134094579ae582ee7acd150f3 bee5f3d9d67e40d4a51df0c1b6600e0e - - default default] 10.0.0.145 "DELETE /v2.0/security-groups/7d0be4a5-f3a6-43e6-9c49-49e781c2f3c0 HTTP/1.1" status: 204 len: 168 time: 0.4067936
2026-06-09 23:37:21.125 10 INFO neutron.wsgi [req-d2e9e738-f657-4ed2-9b72-ce7be3273818 req-196547f5-20ce-4a06-a91d-2139fe9caf85 e8f107aa72da412bbc0ea8f7ee0c8c44 df347551ee27486e886162979334894a - - 64cb136663874edbac2ca97158871181 64cb136663874edbac2ca97158871181] 199.19.213.180 "GET /v2.0/ports?tenant_id=bee5f3d9d67e40d4a51df0c1b6600e0e&device_id=8231d74d-7860-4b62-b16e-7eb5ffdbcad1 HTTP/1.1" status: 200 len: 1407 time: 0.0712206
2026-06-09 23:37:21.189 9 INFO neutron.wsgi [None req-8ab89fd6-a30b-4ca7-9dca-29dae862cf17 6fc731aff57c4511b4448f6f04616702 f6d9172cc0ee4cb8a95254b0ce1d0399 - - default default] 10.0.0.145 "GET /v2.0/networks?tags=red HTTP/1.1" status: 200 len: 2069 time: 0.1249397
2026-06-09 23:37:21.201 10 INFO neutron.wsgi [req-d2e9e738-f657-4ed2-9b72-ce7be3273818 req-bf9c82c0-4304-42e0-8065-bdf742b33be7 e8f107aa72da412bbc0ea8f7ee0c8c44 df347551ee27486e886162979334894a - - 64cb136663874edbac2ca97158871181 64cb136663874edbac2ca97158871181] 199.19.213.180 "GET /v2.0/networks?id=862c711b-9054-4156-827a-85f3ab7bf15a HTTP/1.1" status: 200 len: 937 time: 0.0710318
2026-06-09 23:37:21.243 10 INFO neutron.wsgi [req-d2e9e738-f657-4ed2-9b72-ce7be3273818 req-b304e038-757b-4bde-a901-2862c54efaaa e8f107aa72da412bbc0ea8f7ee0c8c44 df347551ee27486e886162979334894a - - 64cb136663874edbac2ca97158871181 64cb136663874edbac2ca97158871181] 199.19.213.180 "GET /v2.0/floatingips?fixed_ip_address=172.24.1.4&port_id=bfed5bbd-da6a-4947-a7dd-17d1f20b9847 HTTP/1.1" status: 200 len: 217 time: 0.0307221
2026-06-09 23:37:21.245 10 WARNING neutron.scheduler.dhcp_agent_scheduler [None req-443d2efa-2219-49a3-8812-0d004c01c118 a57a116afc2f4e02b756714eda02733d 5bbaeb0e87c1428eae51eebc1b867422 - - default default] No more DHCP agents
2026-06-09 23:37:21.247 10 WARNING neutron.api.rpc.agentnotifiers.dhcp_rpc_agent_api [None req-443d2efa-2219-49a3-8812-0d004c01c118 a57a116afc2f4e02b756714eda02733d 5bbaeb0e87c1428eae51eebc1b867422 - - default default] Unable to schedule network befa6829-8862-4ba6-a890-7e7cea14ba8b: no agents available; will retry on subsequent port and subnet creation events.
2026-06-09 23:37:21.292 10 INFO neutron.wsgi [req-d2e9e738-f657-4ed2-9b72-ce7be3273818 req-b352097f-baa0-4772-9fad-121754107c7e e8f107aa72da412bbc0ea8f7ee0c8c44 df347551ee27486e886162979334894a - - 64cb136663874edbac2ca97158871181 64cb136663874edbac2ca97158871181] 199.19.213.180 "GET /v2.0/subnets?id=a432b8e8-cde4-472d-929d-42e9d1117f2d HTTP/1.1" status: 200 len: 829 time: 0.0361531
2026-06-09 23:37:21.324 10 INFO neutron.wsgi [req-d2e9e738-f657-4ed2-9b72-ce7be3273818 req-bdc6d5db-5ffb-4753-bfdc-a1a856ccd2cd e8f107aa72da412bbc0ea8f7ee0c8c44 df347551ee27486e886162979334894a - - 64cb136663874edbac2ca97158871181 64cb136663874edbac2ca97158871181] 199.19.213.180 "GET /v2.0/ports?network_id=862c711b-9054-4156-827a-85f3ab7bf15a&device_owner=network%3Adhcp HTTP/1.1" status: 200 len: 210 time: 0.0263920
2026-06-09 23:37:21.328 9 INFO neutron.wsgi [req-6d9c8f07-8ae2-47cb-aeb8-5558acf58d63 req-0224f128-4727-45bf-8c9b-794a366e3105 838187f134094579ae582ee7acd150f3 bee5f3d9d67e40d4a51df0c1b6600e0e - - default default] 10.0.0.217 "GET /v2.0/ports?device_id=8231d74d-7860-4b62-b16e-7eb5ffdbcad1 HTTP/1.1" status: 200 len: 1407 time: 0.1069276
2026-06-09 23:37:21.335 9 INFO neutron.wsgi [req-57a1fb1e-d66c-4df8-8a38-d631067dfc71 req-85f8204b-5861-4181-aedb-11ad66976ca9 e8f107aa72da412bbc0ea8f7ee0c8c44 df347551ee27486e886162979334894a - - 64cb136663874edbac2ca97158871181 64cb136663874edbac2ca97158871181] 199.19.213.180 "GET /v2.0/ports?device_id=8231d74d-7860-4b62-b16e-7eb5ffdbcad1 HTTP/1.1" status: 200 len: 1407 time: 0.1110287
2026-06-09 23:37:21.343 9 INFO neutron.wsgi [None req-5c4d2a20-84a1-4d53-8ac2-67336a7011f7 6fc731aff57c4511b4448f6f04616702 f6d9172cc0ee4cb8a95254b0ce1d0399 - - default default] 10.0.0.145 "GET /v2.0/networks?tags=red%2Cblue HTTP/1.1" status: 200 len: 1456 time: 0.1484370
2026-06-09 23:37:21.389 9 INFO neutron.wsgi [req-6d9c8f07-8ae2-47cb-aeb8-5558acf58d63 req-1118838c-e51b-40d8-9679-a908f2993575 838187f134094579ae582ee7acd150f3 bee5f3d9d67e40d4a51df0c1b6600e0e - - default default] 10.0.0.217 "GET /v2.0/security-groups?id=2642f40a-9935-47ab-9659-b12477efd5bc&fields=id&fields=name HTTP/1.1" status: 200 len: 294 time: 0.0530519
2026-06-09 23:37:21.395 9 INFO neutron.wsgi [req-57a1fb1e-d66c-4df8-8a38-d631067dfc71 req-31e25b25-3b89-485d-915f-34d230c6d581 e8f107aa72da412bbc0ea8f7ee0c8c44 df347551ee27486e886162979334894a - - 64cb136663874edbac2ca97158871181 64cb136663874edbac2ca97158871181] 199.19.213.180 "GET /v2.0/security-groups?id=2642f40a-9935-47ab-9659-b12477efd5bc&fields=id&fields=name HTTP/1.1" status: 200 len: 294 time: 0.0514705
2026-06-09 23:37:21.530 9 INFO neutron.wsgi [req-af398143-09ee-44b2-871b-f862c519f2ab req-eb62f763-6cea-4960-81af-e27c910855c1 838187f134094579ae582ee7acd150f3 bee5f3d9d67e40d4a51df0c1b6600e0e - - default default] 10.0.0.217 "GET /v2.0/ports?device_id=8231d74d-7860-4b62-b16e-7eb5ffdbcad1 HTTP/1.1" status: 200 len: 1407 time: 0.0441070
2026-06-09 23:37:21.650 10 INFO neutron.plugins.ml2.drivers.ovn.mech_driver.mech_driver [None req-96a4567b-270c-4625-b81f-f2856ab73c05 - - - - - -] OVN reports status up for port: bfed5bbd-da6a-4947-a7dd-17d1f20b9847
2026-06-09 23:37:21.693 10 INFO neutron.plugins.ml2.plugin [None req-96a4567b-270c-4625-b81f-f2856ab73c05 - - - - - -] Attempt 1 to provision port bfed5bbd-da6a-4947-a7dd-17d1f20b9847
2026-06-09 23:37:21.723 10 INFO neutron.wsgi [req-d2e9e738-f657-4ed2-9b72-ce7be3273818 req-2e190df8-e1d0-4831-9e21-c83ce2c6792b e8f107aa72da412bbc0ea8f7ee0c8c44 df347551ee27486e886162979334894a - - 64cb136663874edbac2ca97158871181 64cb136663874edbac2ca97158871181] 199.19.213.180 "GET /v2.0/networks/862c711b-9054-4156-827a-85f3ab7bf15a?fields=segments HTTP/1.1" status: 200 len: 212 time: 0.3919694
2026-06-09 23:37:21.730 10 INFO neutron.wsgi [None req-1f70bb29-f9f7-4e88-86e8-b93122785a9f 6fc731aff57c4511b4448f6f04616702 f6d9172cc0ee4cb8a95254b0ce1d0399 - - default default] 10.0.0.145 "GET /v2.0/networks?tags-any=blue HTTP/1.1" status: 200 len: 1456 time: 0.3783562
2026-06-09 23:37:21.811 9 INFO neutron.wsgi [None req-c23d7543-9f8c-403f-a6cb-de6a2e19b0b7 6fc731aff57c4511b4448f6f04616702 f6d9172cc0ee4cb8a95254b0ce1d0399 - - default default] 10.0.0.145 "GET /v2.0/networks?tags-any=red%2Cblue HTTP/1.1" status: 200 len: 2069 time: 0.0770071
2026-06-09 23:37:21.848 10 INFO neutron.wsgi [req-d2e9e738-f657-4ed2-9b72-ce7be3273818 req-b5e3b89b-6e47-4d93-9d19-6e6b230e8e66 e8f107aa72da412bbc0ea8f7ee0c8c44 df347551ee27486e886162979334894a - - 64cb136663874edbac2ca97158871181 64cb136663874edbac2ca97158871181] 199.19.213.180 "GET /v2.0/networks/862c711b-9054-4156-827a-85f3ab7bf15a?fields=provider%3Aphysical_network&fields=provider%3Anetwork_type HTTP/1.1" status: 200 len: 277 time: 0.1153095
2026-06-09 23:37:21.934 9 INFO neutron.wsgi [None req-0202ec10-8f35-4190-a48b-357d7ce2183a 6fc731aff57c4511b4448f6f04616702 f6d9172cc0ee4cb8a95254b0ce1d0399 - - default default] 10.0.0.145 "GET /v2.0/networks?not-tags=red HTTP/1.1" status: 200 len: 2067 time: 0.1170838
2026-06-09 23:37:22.046 10 INFO neutron.wsgi [None req-443d2efa-2219-49a3-8812-0d004c01c118 a57a116afc2f4e02b756714eda02733d 5bbaeb0e87c1428eae51eebc1b867422 - - default default] 10.0.0.145 "POST /v2.0/floatingips HTTP/1.1" status: 201 len: 751 time: 1.4746919
2026-06-09 23:37:22.058 9 WARNING neutron_lib.context [None req-40fbe1bf-6eae-4af9-ba9c-a76f5b23540c a57a116afc2f4e02b756714eda02733d 5bbaeb0e87c1428eae51eebc1b867422 - - default default] Method 'is_advsvc' is deprecated since 2023.2 release (neutron-lib 3.8.0) and will be removed once support for the old RBAC API policies will be removed from Neutron. Please use method 'is_service_role' instead.
2026-06-09 23:37:22.072 9 INFO neutron.wsgi [None req-c5638158-76df-422c-967e-fc9a8e094302 6fc731aff57c4511b4448f6f04616702 f6d9172cc0ee4cb8a95254b0ce1d0399 - - default default] 10.0.0.145 "GET /v2.0/networks?not-tags=red%2Cblue HTTP/1.1" status: 200 len: 2680 time: 0.1340983
2026-06-09 23:37:22.124 10 INFO neutron.db.ovn_revision_numbers_db [None req-96a4567b-270c-4625-b81f-f2856ab73c05 - - - - - -] Successfully bumped revision number for resource bfed5bbd-da6a-4947-a7dd-17d1f20b9847 (type: ports) to 4
2026-06-09 23:37:22.433 9 INFO neutron.wsgi [None req-f4220050-4ea7-4e48-9413-d4bf2a9d9861 6fc731aff57c4511b4448f6f04616702 f6d9172cc0ee4cb8a95254b0ce1d0399 - - default default] 10.0.0.145 "GET /v2.0/networks?not-tags-any=blue HTTP/1.1" status: 200 len: 2680 time: 0.3556156
2026-06-09 23:37:22.519 9 INFO neutron.wsgi [None req-44e39fc7-9187-4a99-9490-51d7ba48fec3 6fc731aff57c4511b4448f6f04616702 f6d9172cc0ee4cb8a95254b0ce1d0399 - - default default] 10.0.0.145 "GET /v2.0/networks?not-tags-any=red%2Cblue HTTP/1.1" status: 200 len: 2067 time: 0.0813951
2026-06-09 23:37:22.647 10 INFO neutron.notifiers.nova [-] Nova event matching ['req-5b37b62d-2fdf-4e33-9e96-c5b52eb4ac11'] response: {'server_uuid': '8231d74d-7860-4b62-b16e-7eb5ffdbcad1', 'name': 'network-vif-plugged', 'status': 'completed', 'tag': 'bfed5bbd-da6a-4947-a7dd-17d1f20b9847', 'code': 200}
2026-06-09 23:37:22.648 10 INFO neutron.notifiers.nova [-] Nova event matching ['req-5b37b62d-2fdf-4e33-9e96-c5b52eb4ac11'] response: {'server_uuid': '8231d74d-7860-4b62-b16e-7eb5ffdbcad1', 'name': 'network-vif-plugged', 'status': 'completed', 'tag': 'bfed5bbd-da6a-4947-a7dd-17d1f20b9847', 'code': 200}
2026-06-09 23:37:22.694 9 WARNING neutron.scheduler.dhcp_agent_scheduler [None req-40fbe1bf-6eae-4af9-ba9c-a76f5b23540c a57a116afc2f4e02b756714eda02733d 5bbaeb0e87c1428eae51eebc1b867422 - - default default] No more DHCP agents
2026-06-09 23:37:22.697 9 WARNING neutron.api.rpc.agentnotifiers.dhcp_rpc_agent_api [None req-40fbe1bf-6eae-4af9-ba9c-a76f5b23540c a57a116afc2f4e02b756714eda02733d 5bbaeb0e87c1428eae51eebc1b867422 - - default default] Unable to schedule network befa6829-8862-4ba6-a890-7e7cea14ba8b: no agents available; will retry on subsequent port and subnet creation events.
2026-06-09 23:37:23.037 9 INFO neutron.services.segments.plugin [-] Segment a435ca23-9f56-4244-bc4b-4dd543819a78 resource provider aggregate not found
2026-06-09 23:37:23.045 9 INFO neutron.services.segments.plugin [-] Segment a435ca23-9f56-4244-bc4b-4dd543819a78 resource provider aggregate not found
2026-06-09 23:37:23.058 9 INFO neutron.services.segments.plugin [-] Segment a435ca23-9f56-4244-bc4b-4dd543819a78 resource provider not found; error: Placement Client Error (4xx): {"errors": [{"status": 404, "title": "Not Found", "detail": "The resource could not be found.\n\n No resource provider with uuid a435ca23-9f56-4244-bc4b-4dd543819a78 found for delete ", "request_id": "req-bca16f04-b986-421d-be56-25cae25347e8"}]}
2026-06-09 23:37:23.060 9 INFO neutron.services.segments.plugin [-] Segment a435ca23-9f56-4244-bc4b-4dd543819a78 resource provider not found; error: Placement Client Error (4xx): {"errors": [{"status": 404, "title": "Not Found", "detail": "The resource could not be found.\n\n No resource provider with uuid a435ca23-9f56-4244-bc4b-4dd543819a78 found for delete ", "request_id": "req-25a7f3a5-568c-4751-b771-e19ba05d1fe6"}]}
2026-06-09 23:37:23.085 9 INFO neutron.wsgi [None req-131c4a20-97fc-4509-8cbd-720ca4df1f2e 6fc731aff57c4511b4448f6f04616702 f6d9172cc0ee4cb8a95254b0ce1d0399 - - default default] 10.0.0.145 "DELETE /v2.0/networks/d9600c62-256b-4449-80d3-9c5271e711a7 HTTP/1.1" status: 204 len: 168 time: 0.5558460 /var/lib/openstack/lib/python3.10/site-packages/pycadf/identifier.py:71: UserWarning: Invalid uuid: neutron. To ensure interoperability, identifiers should be a valid uuid. warnings.warn(('Invalid uuid: %s. To ensure interoperability, '
2026-06-09 23:37:23.176 9 INFO neutron.wsgi [None req-40fbe1bf-6eae-4af9-ba9c-a76f5b23540c a57a116afc2f4e02b756714eda02733d 5bbaeb0e87c1428eae51eebc1b867422 - - default default] 10.0.0.145 "POST /v2.0/floatingips HTTP/1.1" status: 201 len: 751 time: 1.1259415
2026-06-09 23:37:23.191 9 WARNING neutron_lib.context [None req-321b2e96-b7e9-4e61-a120-7f72fd75526d a57a116afc2f4e02b756714eda02733d 5bbaeb0e87c1428eae51eebc1b867422 - - default default] Method 'is_advsvc' is deprecated since 2023.2 release (neutron-lib 3.8.0) and will be removed once support for the old RBAC API policies will be removed from Neutron. Please use method 'is_service_role' instead.
2026-06-09 23:37:23.486 9 WARNING neutron.scheduler.dhcp_agent_scheduler [None req-321b2e96-b7e9-4e61-a120-7f72fd75526d a57a116afc2f4e02b756714eda02733d 5bbaeb0e87c1428eae51eebc1b867422 - - default default] No more DHCP agents
2026-06-09 23:37:23.487 9 WARNING neutron.api.rpc.agentnotifiers.dhcp_rpc_agent_api [None req-321b2e96-b7e9-4e61-a120-7f72fd75526d a57a116afc2f4e02b756714eda02733d 5bbaeb0e87c1428eae51eebc1b867422 - - default default] Unable to schedule network befa6829-8862-4ba6-a890-7e7cea14ba8b: no agents available; will retry on subsequent port and subnet creation events.
2026-06-09 23:37:23.518 10 INFO neutron.services.segments.plugin [-] Segment f3eb8634-d346-4d5d-a588-f8aadeb183d7 resource provider aggregate not found
2026-06-09 23:37:23.524 10 INFO neutron.services.segments.plugin [-] Segment f3eb8634-d346-4d5d-a588-f8aadeb183d7 resource provider aggregate not found
2026-06-09 23:37:23.533 10 INFO neutron.services.segments.plugin [-] Segment f3eb8634-d346-4d5d-a588-f8aadeb183d7 resource provider not found; error: Placement Client Error (4xx): {"errors": [{"status": 404, "title": "Not Found", "detail": "The resource could not be found.\n\n No resource provider with uuid f3eb8634-d346-4d5d-a588-f8aadeb183d7 found for delete ", "request_id": "req-dceee280-e2eb-4f2b-abc3-6f256ca037e9"}]}
2026-06-09 23:37:23.540 10 INFO neutron.services.segments.plugin [-] Segment f3eb8634-d346-4d5d-a588-f8aadeb183d7 resource provider not found; error: Placement Client Error (4xx): {"errors": [{"status": 404, "title": "Not Found", "detail": "The resource could not be found.\n\n No resource provider with uuid f3eb8634-d346-4d5d-a588-f8aadeb183d7 found for delete ", "request_id": "req-724feca9-52fe-4019-98e8-b9ed6b2c9cf1"}]}
2026-06-09 23:37:23.553 10 INFO neutron.wsgi [None req-510eae6c-abdc-4551-8f4e-949243815715 6fc731aff57c4511b4448f6f04616702 f6d9172cc0ee4cb8a95254b0ce1d0399 - - default default] 10.0.0.145 "DELETE /v2.0/networks/48507b9c-24c7-40d7-82c4-ae96eb546cb9 HTTP/1.1" status: 204 len: 168 time: 0.4533880
2026-06-09 23:37:23.917 9 INFO neutron.wsgi [None req-321b2e96-b7e9-4e61-a120-7f72fd75526d a57a116afc2f4e02b756714eda02733d 5bbaeb0e87c1428eae51eebc1b867422 - - default default] 10.0.0.145 "POST /v2.0/floatingips HTTP/1.1" status: 201 len: 751 time: 0.7337890
2026-06-09 23:37:23.930 9 WARNING neutron_lib.context [None req-1b26f6fb-8cbd-444f-b959-1769799f31a3 a57a116afc2f4e02b756714eda02733d 5bbaeb0e87c1428eae51eebc1b867422 - - default default] Method 'is_advsvc' is deprecated since 2023.2 release (neutron-lib 3.8.0) and will be removed once support for the old RBAC API policies will be removed from Neutron. Please use method 'is_service_role' instead.
2026-06-09 23:37:24.133 9 INFO neutron.wsgi [None req-d76e5b7d-2c76-4a7b-9eae-4be872292f0b 6fc731aff57c4511b4448f6f04616702 f6d9172cc0ee4cb8a95254b0ce1d0399 - - default default] 10.0.0.145 "DELETE /v2.0/networks/403d9977-401d-4cf6-a288-f34f228dba97 HTTP/1.1" status: 204 len: 168 time: 0.5761306
2026-06-09 23:37:24.246 9 WARNING neutron.scheduler.dhcp_agent_scheduler [None req-1b26f6fb-8cbd-444f-b959-1769799f31a3 a57a116afc2f4e02b756714eda02733d 5bbaeb0e87c1428eae51eebc1b867422 - - default default] No more DHCP agents
2026-06-09 23:37:24.249 9 WARNING neutron.api.rpc.agentnotifiers.dhcp_rpc_agent_api [None req-1b26f6fb-8cbd-444f-b959-1769799f31a3 a57a116afc2f4e02b756714eda02733d 5bbaeb0e87c1428eae51eebc1b867422 - - default default] Unable to schedule network befa6829-8862-4ba6-a890-7e7cea14ba8b: no agents available; will retry on subsequent port and subnet creation events.
2026-06-09 23:37:24.531 9 INFO neutron.wsgi [req-6ac7d048-adbc-405f-8ef4-38fe4f8b3382 req-099c3460-2c39-4049-a7c1-d57010931389 838187f134094579ae582ee7acd150f3 bee5f3d9d67e40d4a51df0c1b6600e0e - - default default] 10.0.0.217 "GET /v2.0/ports?device_id=8231d74d-7860-4b62-b16e-7eb5ffdbcad1 HTTP/1.1" status: 200 len: 1409 time: 0.0627811
2026-06-09 23:37:24.599 9 INFO neutron.wsgi [req-6ac7d048-adbc-405f-8ef4-38fe4f8b3382 req-0a64440a-52b0-47fc-9dd9-2b0ef8032b37 838187f134094579ae582ee7acd150f3 bee5f3d9d67e40d4a51df0c1b6600e0e - - default default] 10.0.0.217 "GET /v2.0/security-groups?id=2642f40a-9935-47ab-9659-b12477efd5bc&fields=id&fields=name HTTP/1.1" status: 200 len: 294 time: 0.0598512
2026-06-09 23:37:24.686 9 INFO neutron.wsgi [None req-54410f20-e27b-4fb8-9380-f9a7a1b381a3 6fc731aff57c4511b4448f6f04616702 f6d9172cc0ee4cb8a95254b0ce1d0399 - - default default] 10.0.0.145 "DELETE /v2.0/networks/2d1dcc9c-90da-471f-8a6d-553e7e1ee1ea HTTP/1.1" status: 204 len: 168 time: 0.5490503
2026-06-09 23:37:24.692 10 INFO neutron.wsgi [None req-b80f8c43-81dd-431c-8310-1793af812913 06719dfb533340c3beb8dfe8f25b74ba 89a36630d7b8421b91bb1a344892b47d - - default default] 10.0.0.145 "POST /v2.0/qos/policies HTTP/1.1" status: 201 len: 558 time: 0.2375159
2026-06-09 23:37:24.711 9 INFO neutron.wsgi [req-14566c7d-9b50-4159-a13b-0474982648df req-00ae7dcb-9fec-414d-b524-655ff30a3cb5 838187f134094579ae582ee7acd150f3 bee5f3d9d67e40d4a51df0c1b6600e0e - - default default] 10.0.0.217 "GET /v2.0/ports?device_id=8231d74d-7860-4b62-b16e-7eb5ffdbcad1 HTTP/1.1" status: 200 len: 1409 time: 0.0567241
2026-06-09 23:37:24.733 10 INFO neutron.wsgi [None req-af2c9d72-a496-45c4-af2b-38b3d65fa9b6 06719dfb533340c3beb8dfe8f25b74ba 89a36630d7b8421b91bb1a344892b47d - - default default] 10.0.0.145 "PUT /v2.0/policies/137da744-b0cc-43e3-aadd-1ea0574a1c3f/tags HTTP/1.1" status: 200 len: 218 time: 0.0344379
2026-06-09 23:37:24.740 9 INFO neutron.wsgi [None req-1b26f6fb-8cbd-444f-b959-1769799f31a3 a57a116afc2f4e02b756714eda02733d 5bbaeb0e87c1428eae51eebc1b867422 - - default default] 10.0.0.145 "POST /v2.0/floatingips HTTP/1.1" status: 201 len: 751 time: 0.8161402
2026-06-09 23:37:24.755 10 WARNING neutron_lib.context [None req-290576a7-0bdc-46e3-b069-e62e2e7ed1e8 a57a116afc2f4e02b756714eda02733d 5bbaeb0e87c1428eae51eebc1b867422 - - default default] Method 'is_advsvc' is deprecated since 2023.2 release (neutron-lib 3.8.0) and will be removed once support for the old RBAC API policies will be removed from Neutron. Please use method 'is_service_role' instead.
2026-06-09 23:37:24.770 10 INFO neutron.wsgi [None req-d3704c5a-b79b-44e9-b3a6-a871ddad1904 06719dfb533340c3beb8dfe8f25b74ba 89a36630d7b8421b91bb1a344892b47d - - default default] 10.0.0.145 "GET /v2.0/policies/137da744-b0cc-43e3-aadd-1ea0574a1c3f/tags HTTP/1.1" status: 200 len: 218 time: 0.0318272
2026-06-09 23:37:24.810 9 INFO neutron.wsgi [None req-e6dba656-193f-4db0-a40d-42341d575b36 06719dfb533340c3beb8dfe8f25b74ba 89a36630d7b8421b91bb1a344892b47d - - default default] 10.0.0.145 "PUT /v2.0/policies/137da744-b0cc-43e3-aadd-1ea0574a1c3f/tags/green HTTP/1.1" status: 201 len: 201 time: 0.0354087
2026-06-09 23:37:24.861 9 INFO neutron.wsgi [None req-43325f42-9e81-4d60-9fd4-0fb3b6267f91 06719dfb533340c3beb8dfe8f25b74ba 89a36630d7b8421b91bb1a344892b47d - - default default] 10.0.0.145 "GET /v2.0/policies/137da744-b0cc-43e3-aadd-1ea0574a1c3f/tags HTTP/1.1" status: 200 len: 227 time: 0.0464368
2026-06-09 23:37:24.900 10 INFO neutron.wsgi [None req-919c3629-b0bc-43cd-8104-9c0b8bf86b34 06719dfb533340c3beb8dfe8f25b74ba 89a36630d7b8421b91bb1a344892b47d - - default default] 10.0.0.145 "PUT /v2.0/policies/137da744-b0cc-43e3-aadd-1ea0574a1c3f/tags/red HTTP/1.1" status: 201 len: 201 time: 0.0338635
2026-06-09 23:37:24.934 10 INFO neutron.wsgi [None req-30c42b48-980c-47e4-afce-45ced17bdd66 06719dfb533340c3beb8dfe8f25b74ba 89a36630d7b8421b91bb1a344892b47d - - default default] 10.0.0.145 "GET /v2.0/policies/137da744-b0cc-43e3-aadd-1ea0574a1c3f/tags HTTP/1.1" status: 200 len: 227 time: 0.0295320
2026-06-09 23:37:24.980 9 INFO neutron.wsgi [None req-4e87f34c-dff6-4bb4-9cc5-dfaa0a99b976 06719dfb533340c3beb8dfe8f25b74ba 89a36630d7b8421b91bb1a344892b47d - - default default] 10.0.0.145 "PUT /v2.0/policies/137da744-b0cc-43e3-aadd-1ea0574a1c3f/tags/black.or.white HTTP/1.1" status: 201 len: 201 time: 0.0323155
2026-06-09 23:37:25.003 9 INFO neutron.wsgi [None req-12d2db8b-4cdc-4153-b29c-0482b39e38c9 06719dfb533340c3beb8dfe8f25b74ba 89a36630d7b8421b91bb1a344892b47d - - default default] 10.0.0.145 "GET /v2.0/policies/137da744-b0cc-43e3-aadd-1ea0574a1c3f/tags HTTP/1.1" status: 200 len: 245 time: 0.0185170
2026-06-09 23:37:25.064 9 INFO neutron.wsgi [None req-be597e32-b4df-48a3-bdff-b1a1504eb319 06719dfb533340c3beb8dfe8f25b74ba 89a36630d7b8421b91bb1a344892b47d - - default default] 10.0.0.145 "PUT /v2.0/policies/137da744-b0cc-43e3-aadd-1ea0574a1c3f/tags HTTP/1.1" status: 200 len: 230 time: 0.0576818
2026-06-09 23:37:25.066 10 WARNING neutron.scheduler.dhcp_agent_scheduler [None req-290576a7-0bdc-46e3-b069-e62e2e7ed1e8 a57a116afc2f4e02b756714eda02733d 5bbaeb0e87c1428eae51eebc1b867422 - - default default] No more DHCP agents
2026-06-09 23:37:25.068 10 WARNING neutron.api.rpc.agentnotifiers.dhcp_rpc_agent_api [None req-290576a7-0bdc-46e3-b069-e62e2e7ed1e8 a57a116afc2f4e02b756714eda02733d 5bbaeb0e87c1428eae51eebc1b867422 - - default default] Unable to schedule network befa6829-8862-4ba6-a890-7e7cea14ba8b: no agents available; will retry on subsequent port and subnet creation events.
2026-06-09 23:37:25.076 9 INFO neutron.services.segments.plugin [-] Segment eb18e6ed-cc6d-4f06-bac4-a3eccb91afee resource provider aggregate not found
2026-06-09 23:37:25.084 9 INFO neutron.services.segments.plugin [-] Segment eb18e6ed-cc6d-4f06-bac4-a3eccb91afee resource provider aggregate not found
2026-06-09 23:37:25.089 9 INFO neutron.services.segments.plugin [-] Segment eb18e6ed-cc6d-4f06-bac4-a3eccb91afee resource provider not found; error: Placement Client Error (4xx): {"errors": [{"status": 404, "title": "Not Found", "detail": "The resource could not be found.\n\n No resource provider with uuid eb18e6ed-cc6d-4f06-bac4-a3eccb91afee found for delete ", "request_id": "req-edc7d1f5-ed8e-42f8-9598-37d649eb5da0"}]}
2026-06-09 23:37:25.096 9 INFO neutron.services.segments.plugin [-] Segment eb18e6ed-cc6d-4f06-bac4-a3eccb91afee resource provider not found; error: Placement Client Error (4xx): {"errors": [{"status": 404, "title": "Not Found", "detail": "The resource could not be found.\n\n No resource provider with uuid eb18e6ed-cc6d-4f06-bac4-a3eccb91afee found for delete ", "request_id": "req-3a08544d-5e04-4ee9-8861-c56f7b7040e7"}]}
2026-06-09 23:37:25.104 9 INFO neutron.services.segments.plugin [-] Segment 3663c6e5-86ca-4e78-aa71-e3f603a9f98b resource provider aggregate not found
2026-06-09 23:37:25.112 9 INFO neutron.services.segments.plugin [-] Segment 3663c6e5-86ca-4e78-aa71-e3f603a9f98b resource provider aggregate not found
2026-06-09 23:37:25.123 9 INFO neutron.services.segments.plugin [-] Segment 3663c6e5-86ca-4e78-aa71-e3f603a9f98b resource provider not found; error: Placement Client Error (4xx): {"errors": [{"status": 404, "title": "Not Found", "detail": "The resource could not be found.\n\n No resource provider with uuid 3663c6e5-86ca-4e78-aa71-e3f603a9f98b found for delete ", "request_id": "req-456bf072-0370-435f-958b-ac24837417a6"}]}
2026-06-09 23:37:25.123 10 INFO neutron.wsgi [None req-e9b47042-c56c-4597-a9e8-26da941afb4f 06719dfb533340c3beb8dfe8f25b74ba 89a36630d7b8421b91bb1a344892b47d - - default default] 10.0.0.145 "GET /v2.0/policies/137da744-b0cc-43e3-aadd-1ea0574a1c3f/tags HTTP/1.1" status: 200 len: 230 time: 0.0526643
2026-06-09 23:37:25.128 9 INFO neutron.services.segments.plugin [-] Segment 3663c6e5-86ca-4e78-aa71-e3f603a9f98b resource provider not found; error: Placement Client Error (4xx): {"errors": [{"status": 404, "title": "Not Found", "detail": "The resource could not be found.\n\n No resource provider with uuid 3663c6e5-86ca-4e78-aa71-e3f603a9f98b found for delete ", "request_id": "req-1e6779e1-ae7a-4de2-a6c9-fa78d050dc32"}]}
2026-06-09 23:37:25.148 10 INFO neutron.wsgi [None req-f589a743-2616-4317-b6f2-a2466a737119 06719dfb533340c3beb8dfe8f25b74ba 89a36630d7b8421b91bb1a344892b47d - - default default] 10.0.0.145 "GET /v2.0/policies/137da744-b0cc-43e3-aadd-1ea0574a1c3f/tags/red HTTP/1.1" status: 204 len: 168 time: 0.0207932
2026-06-09 23:37:25.179 10 INFO neutron.api.v2.resource [None req-b71474aa-fd6a-4697-bb1c-b61a71f4c90b 06719dfb533340c3beb8dfe8f25b74ba 89a36630d7b8421b91bb1a344892b47d - - default default] show failed (client error): The resource could not be found.
2026-06-09 23:37:25.180 10 INFO neutron.wsgi [None req-b71474aa-fd6a-4697-bb1c-b61a71f4c90b 06719dfb533340c3beb8dfe8f25b74ba 89a36630d7b8421b91bb1a344892b47d - - default default] 10.0.0.145 "GET /v2.0/policies/137da744-b0cc-43e3-aadd-1ea0574a1c3f/tags/green HTTP/1.1" status: 404 len: 299 time: 0.0274210
2026-06-09 23:37:25.245 10 INFO neutron.wsgi [None req-3d17409f-bdcc-4b12-a37e-4d3b56867b6a 06719dfb533340c3beb8dfe8f25b74ba 89a36630d7b8421b91bb1a344892b47d - - default default] 10.0.0.145 "DELETE /v2.0/policies/137da744-b0cc-43e3-aadd-1ea0574a1c3f/tags/red HTTP/1.1" status: 204 len: 168 time: 0.0602582
2026-06-09 23:37:25.286 10 INFO neutron.wsgi [None req-bdc4dc58-e273-4ea5-8255-cd228f13f408 06719dfb533340c3beb8dfe8f25b74ba 89a36630d7b8421b91bb1a344892b47d - - default default] 10.0.0.145 "GET /v2.0/policies/137da744-b0cc-43e3-aadd-1ea0574a1c3f/tags HTTP/1.1" status: 200 len: 223 time: 0.0356545
2026-06-09 23:37:25.334 10 INFO neutron.api.v2.resource [None req-6d8de4a4-bf62-4a16-8adc-a5631df8b379 06719dfb533340c3beb8dfe8f25b74ba 89a36630d7b8421b91bb1a344892b47d - - default default] delete failed (client error): The resource could not be found.
2026-06-09 23:37:25.336 10 INFO neutron.wsgi [None req-6d8de4a4-bf62-4a16-8adc-a5631df8b379 06719dfb533340c3beb8dfe8f25b74ba 89a36630d7b8421b91bb1a344892b47d - - default default] 10.0.0.145 "DELETE /v2.0/policies/137da744-b0cc-43e3-aadd-1ea0574a1c3f/tags/green HTTP/1.1" status: 404 len: 299 time: 0.0437918
2026-06-09 23:37:25.388 10 INFO neutron.wsgi [None req-33848e48-da01-4344-98af-a9bb4a05b52e 06719dfb533340c3beb8dfe8f25b74ba 89a36630d7b8421b91bb1a344892b47d - - default default] 10.0.0.145 "DELETE /v2.0/policies/137da744-b0cc-43e3-aadd-1ea0574a1c3f/tags HTTP/1.1" status: 204 len: 168 time: 0.0457623
2026-06-09 23:37:25.399 9 INFO neutron.wsgi [None req-9dc80b7a-7daa-4e48-8de5-580370f426a9 6fc731aff57c4511b4448f6f04616702 f6d9172cc0ee4cb8a95254b0ce1d0399 - - default default] 10.0.0.145 "DELETE /v2.0/networks/06936989-d4c6-4fb7-b39a-e66ba360bd85 HTTP/1.1" status: 204 len: 168 time: 0.7057931
2026-06-09 23:37:25.425 9 INFO neutron.wsgi [None req-c5b18554-4f04-446a-9c1e-1bf159740e54 06719dfb533340c3beb8dfe8f25b74ba 89a36630d7b8421b91bb1a344892b47d - - default default] 10.0.0.145 "GET /v2.0/policies/137da744-b0cc-43e3-aadd-1ea0574a1c3f/tags HTTP/1.1" status: 200 len: 205 time: 0.0206268
2026-06-09 23:37:25.473 10 INFO neutron.wsgi [None req-290576a7-0bdc-46e3-b069-e62e2e7ed1e8 a57a116afc2f4e02b756714eda02733d 5bbaeb0e87c1428eae51eebc1b867422 - - default default] 10.0.0.145 "POST /v2.0/floatingips HTTP/1.1" status: 201 len: 751 time: 0.7274375
2026-06-09 23:37:25.490 9 INFO neutron.wsgi [None req-5ba90686-f0fc-4961-952b-f24fa84f4590 06719dfb533340c3beb8dfe8f25b74ba 89a36630d7b8421b91bb1a344892b47d - - default default] 10.0.0.145 "DELETE /v2.0/qos/policies/137da744-b0cc-43e3-aadd-1ea0574a1c3f HTTP/1.1" status: 204 len: 168 time: 0.0581720
2026-06-09 23:37:25.540 10 INFO neutron.wsgi [None req-687be6b7-1898-47ac-b82c-ba9ad6f097ea a57a116afc2f4e02b756714eda02733d 5bbaeb0e87c1428eae51eebc1b867422 - - default default] 10.0.0.145 "PUT /v2.0/floatingips/8c1eca9f-e8da-4ba9-ae7d-1ec9f85317dc/tags HTTP/1.1" status: 200 len: 210 time: 0.0632086
2026-06-09 23:37:25.598 9 INFO neutron.wsgi [None req-5a6d0fc3-6558-4c19-9e7e-09f5832efa52 a57a116afc2f4e02b756714eda02733d 5bbaeb0e87c1428eae51eebc1b867422 - - default default] 10.0.0.145 "PUT /v2.0/floatingips/13ea49aa-6ce8-4583-8550-15db83a47ffd/tags HTTP/1.1" status: 200 len: 218 time: 0.0502200
2026-06-09 23:37:25.658 9 INFO neutron.wsgi [None req-973672b8-ed90-4262-b5d1-da5e4b2f4d75 a57a116afc2f4e02b756714eda02733d 5bbaeb0e87c1428eae51eebc1b867422 - - default default] 10.0.0.145 "PUT /v2.0/floatingips/957b7d07-d6d2-4aa7-8966-05fc9baf8ca2/tags HTTP/1.1" status: 200 len: 227 time: 0.0527883
2026-06-09 23:37:25.713 9 INFO neutron.wsgi [None req-ea4b8604-9cdc-452a-9064-fa844a5d6700 a57a116afc2f4e02b756714eda02733d 5bbaeb0e87c1428eae51eebc1b867422 - - default default] 10.0.0.145 "PUT /v2.0/floatingips/069099bc-2c77-4d55-990e-ff06b81cdc4d/tags HTTP/1.1" status: 200 len: 212 time: 0.0476775
2026-06-09 23:37:25.767 9 INFO neutron.wsgi [None req-a004a2a8-4e42-4e65-b786-d78ce589f154 a57a116afc2f4e02b756714eda02733d 5bbaeb0e87c1428eae51eebc1b867422 - - default default] 10.0.0.145 "GET /v2.0/floatingips?tags=red HTTP/1.1" status: 200 len: 1866 time: 0.0457461
2026-06-09 23:37:25.818 9 INFO neutron.wsgi [None req-d6b342b3-ccd8-4397-a23f-619003eb3fe9 a57a116afc2f4e02b756714eda02733d 5bbaeb0e87c1428eae51eebc1b867422 - - default default] 10.0.0.145 "GET /v2.0/floatingips?tags=red%2Cblue HTTP/1.1" status: 200 len: 1323 time: 0.0470834
2026-06-09 23:37:25.861 9 INFO neutron.wsgi [None req-46730eb3-9231-48b0-9618-904122e40e7a a57a116afc2f4e02b756714eda02733d 5bbaeb0e87c1428eae51eebc1b867422 - - default default] 10.0.0.145 "GET /v2.0/floatingips?tags-any=blue HTTP/1.1" status: 200 len: 1323 time: 0.0397191
2026-06-09 23:37:25.896 9 INFO neutron.wsgi [None req-751359a6-9671-4272-b804-20865cf19915 a57a116afc2f4e02b756714eda02733d 5bbaeb0e87c1428eae51eebc1b867422 - - default default] 10.0.0.145 "GET /v2.0/floatingips?tags-any=red%2Cblue HTTP/1.1" status: 200 len: 1866 time: 0.0283792
2026-06-09 23:37:25.950 9 INFO neutron.wsgi [None req-f612ebe6-0c3c-4684-b398-564ababe48a1 a57a116afc2f4e02b756714eda02733d 5bbaeb0e87c1428eae51eebc1b867422 - - default default] 10.0.0.145 "GET /v2.0/floatingips?not-tags=red HTTP/1.1" status: 200 len: 1295 time: 0.0468810
2026-06-09 23:37:25.994 9 INFO neutron.wsgi [None req-c195108b-8dc6-4b16-a9b9-949ce16c3c35 a57a116afc2f4e02b756714eda02733d 5bbaeb0e87c1428eae51eebc1b867422 - - default default] 10.0.0.145 "GET /v2.0/floatingips?not-tags=red%2Cblue HTTP/1.1" status: 200 len: 1838 time: 0.0380011
2026-06-09 23:37:26.040 9 INFO neutron.wsgi [None req-bb5359b0-538c-4a51-be34-8d1a3bfacc4f a57a116afc2f4e02b756714eda02733d 5bbaeb0e87c1428eae51eebc1b867422 - - default default] 10.0.0.145 "GET /v2.0/floatingips?not-tags-any=blue HTTP/1.1" status: 200 len: 1838 time: 0.0414543
2026-06-09 23:37:26.077 9 INFO neutron.wsgi [None req-d829a25e-d923-4e06-a14e-ef3fbbaf743d a57a116afc2f4e02b756714eda02733d 5bbaeb0e87c1428eae51eebc1b867422 - - default default] 10.0.0.145 "GET /v2.0/floatingips?not-tags-any=red%2Cblue HTTP/1.1" status: 200 len: 1295 time: 0.0327573
2026-06-09 23:37:26.459 10 INFO neutron.wsgi [None req-4166b00b-4954-4842-87dc-aeeaba9a9961 838187f134094579ae582ee7acd150f3 bee5f3d9d67e40d4a51df0c1b6600e0e - - default default] 10.0.0.145 "GET /v2.0/security-groups?tenant_id=f6d9172cc0ee4cb8a95254b0ce1d0399&name=default HTTP/1.1" status: 200 len: 3120 time: 0.1633308
2026-06-09 23:37:26.491 9 INFO neutron.wsgi [None req-eb01c9ee-6757-4451-8087-8f30a9d23337 a57a116afc2f4e02b756714eda02733d 5bbaeb0e87c1428eae51eebc1b867422 - - default default] 10.0.0.145 "DELETE /v2.0/floatingips/8c1eca9f-e8da-4ba9-ae7d-1ec9f85317dc HTTP/1.1" status: 204 len: 168 time: 0.4091196
2026-06-09 23:37:26.572 10 INFO neutron.db.ovn_revision_numbers_db [None req-5f07b155-e7e0-4fb6-9539-d2eccef4089e 838187f134094579ae582ee7acd150f3 bee5f3d9d67e40d4a51df0c1b6600e0e - - default default] Successfully bumped revision number for resource 50eeca36-5c18-40fc-9e6b-253bc568b069 (type: security_groups) to 1
2026-06-09 23:37:26.591 10 INFO neutron.db.ovn_revision_numbers_db [None req-5f07b155-e7e0-4fb6-9539-d2eccef4089e 838187f134094579ae582ee7acd150f3 bee5f3d9d67e40d4a51df0c1b6600e0e - - default default] Successfully bumped revision number for resource 380cfb35-b4fe-466e-98cd-26f22f138383 (type: security_group_rules) to 0
2026-06-09 23:37:26.610 10 INFO neutron.db.ovn_revision_numbers_db [None req-5f07b155-e7e0-4fb6-9539-d2eccef4089e 838187f134094579ae582ee7acd150f3 bee5f3d9d67e40d4a51df0c1b6600e0e - - default default] Successfully bumped revision number for resource 3849d367-fbe1-463a-b37b-91631178f137 (type: security_group_rules) to 0
2026-06-09 23:37:26.631 10 INFO neutron.db.ovn_revision_numbers_db [None req-5f07b155-e7e0-4fb6-9539-d2eccef4089e 838187f134094579ae582ee7acd150f3 bee5f3d9d67e40d4a51df0c1b6600e0e - - default default] Successfully bumped revision number for resource 88113497-dd8b-4cf0-8d4a-5a3a4beef770 (type: security_group_rules) to 0
2026-06-09 23:37:26.649 10 INFO neutron.db.ovn_revision_numbers_db [None req-5f07b155-e7e0-4fb6-9539-d2eccef4089e 838187f134094579ae582ee7acd150f3 bee5f3d9d67e40d4a51df0c1b6600e0e - - default default] Successfully bumped revision number for resource e5c77d1a-a99f-4164-8604-877b647d765b (type: security_group_rules) to 0
2026-06-09 23:37:26.678 10 INFO neutron.wsgi [None req-5f07b155-e7e0-4fb6-9539-d2eccef4089e 838187f134094579ae582ee7acd150f3 bee5f3d9d67e40d4a51df0c1b6600e0e - - default default] 10.0.0.145 "GET /v2.0/security-groups?tenant_id=89a36630d7b8421b91bb1a344892b47d&name=default HTTP/1.1" status: 200 len: 3120 time: 0.4343908
2026-06-09 23:37:26.735 10 INFO neutron.wsgi [None req-1374d639-5e8b-4df5-ba03-9c145d8f9fb5 838187f134094579ae582ee7acd150f3 bee5f3d9d67e40d4a51df0c1b6600e0e - - default default] 10.0.0.145 "DELETE /v2.0/security-groups/a1baf9ef-2142-4b19-b961-fe6a023eefa5 HTTP/1.1" status: 204 len: 168 time: 0.2616696
2026-06-09 23:37:26.881 9 INFO neutron.wsgi [None req-5901e4a8-9426-482f-ba85-426a619e6299 a57a116afc2f4e02b756714eda02733d 5bbaeb0e87c1428eae51eebc1b867422 - - default default] 10.0.0.145 "DELETE /v2.0/floatingips/13ea49aa-6ce8-4583-8550-15db83a47ffd HTTP/1.1" status: 204 len: 168 time: 0.3859882
2026-06-09 23:37:26.959 10 INFO neutron.wsgi [None req-f9fc526f-bde7-4f19-8cba-e8b7b5ad3b6c 838187f134094579ae582ee7acd150f3 bee5f3d9d67e40d4a51df0c1b6600e0e - - default default] 10.0.0.145 "DELETE /v2.0/security-groups/50eeca36-5c18-40fc-9e6b-253bc568b069 HTTP/1.1" status: 204 len: 168 time: 0.2756963
2026-06-09 23:37:26.964 9 INFO neutron.db.ovn_revision_numbers_db [None req-6074095d-e3f1-4efc-a53d-2758aa8d79a0 838187f134094579ae582ee7acd150f3 bee5f3d9d67e40d4a51df0c1b6600e0e - - default default] Successfully bumped revision number for resource c486003f-5048-4e53-8e20-6dbdd6615fee (type: security_groups) to 1
2026-06-09 23:37:26.975 9 INFO neutron.db.ovn_revision_numbers_db [None req-6074095d-e3f1-4efc-a53d-2758aa8d79a0 838187f134094579ae582ee7acd150f3 bee5f3d9d67e40d4a51df0c1b6600e0e - - default default] Successfully bumped revision number for resource 118b3723-bd5b-44c7-b6fd-1edfabe7ca9c (type: security_group_rules) to 0
2026-06-09 23:37:26.986 9 INFO neutron.db.ovn_revision_numbers_db [None req-6074095d-e3f1-4efc-a53d-2758aa8d79a0 838187f134094579ae582ee7acd150f3 bee5f3d9d67e40d4a51df0c1b6600e0e - - default default] Successfully bumped revision number for resource 290c4cb9-0fdd-4e40-a37d-a39deebab83e (type: security_group_rules) to 0
2026-06-09 23:37:26.999 9 INFO neutron.db.ovn_revision_numbers_db [None req-6074095d-e3f1-4efc-a53d-2758aa8d79a0 838187f134094579ae582ee7acd150f3 bee5f3d9d67e40d4a51df0c1b6600e0e - - default default] Successfully bumped revision number for resource 3acf16af-c6e8-4348-be05-f438b19cfffb (type: security_group_rules) to 0
2026-06-09 23:37:27.013 9 INFO neutron.db.ovn_revision_numbers_db [None req-6074095d-e3f1-4efc-a53d-2758aa8d79a0 838187f134094579ae582ee7acd150f3 bee5f3d9d67e40d4a51df0c1b6600e0e - - default default] Successfully bumped revision number for resource e62b7c9b-505c-42e4-8316-ec3462305b73 (type: security_group_rules) to 0
2026-06-09 23:37:27.036 9 INFO neutron.wsgi [None req-6074095d-e3f1-4efc-a53d-2758aa8d79a0 838187f134094579ae582ee7acd150f3 bee5f3d9d67e40d4a51df0c1b6600e0e - - default default] 10.0.0.145 "GET /v2.0/security-groups?tenant_id=40e9d1239c2e44a891c018ef0410c151&name=default HTTP/1.1" status: 200 len: 3120 time: 0.2024310
2026-06-09 23:37:27.146 9 INFO neutron.services.segments.plugin [-] Segment 221eb94c-ee4a-4945-b47d-b2c90d683092 resource provider aggregate not found
2026-06-09 23:37:27.151 9 INFO neutron.services.segments.plugin [-] Segment 221eb94c-ee4a-4945-b47d-b2c90d683092 resource provider aggregate not found
2026-06-09 23:37:27.163 9 INFO neutron.services.segments.plugin [-] Segment 221eb94c-ee4a-4945-b47d-b2c90d683092 resource provider not found; error: Placement Client Error (4xx): {"errors": [{"status": 404, "title": "Not Found", "detail": "The resource could not be found.\n\n No resource provider with uuid 221eb94c-ee4a-4945-b47d-b2c90d683092 found for delete ", "request_id": "req-52087f15-777a-4569-b4f2-f9e7a996cdd1"}]}
2026-06-09 23:37:27.164 9 INFO neutron.services.segments.plugin [-] Segment 221eb94c-ee4a-4945-b47d-b2c90d683092 resource provider not found; error: Placement Client Error (4xx): {"errors": [{"status": 404, "title": "Not Found", "detail": "The resource could not be found.\n\n No resource provider with uuid 221eb94c-ee4a-4945-b47d-b2c90d683092 found for delete ", "request_id": "req-465a976b-9d40-47e2-ad71-b10934438c8c"}]}
2026-06-09 23:37:27.305 9 INFO neutron.db.ovn_revision_numbers_db [None req-617c4809-5047-471c-8ccb-c507d18dc0d2 838187f134094579ae582ee7acd150f3 bee5f3d9d67e40d4a51df0c1b6600e0e - - default default] Successfully bumped revision number for resource 601af9a2-d3cd-420a-91a1-d7f3fc832a3e (type: security_groups) to 1
2026-06-09 23:37:27.320 10 INFO neutron.wsgi [None req-ee0f2d73-7e97-4d60-8528-d3b94faaebad a57a116afc2f4e02b756714eda02733d 5bbaeb0e87c1428eae51eebc1b867422 - - default default] 10.0.0.145 "DELETE /v2.0/floatingips/957b7d07-d6d2-4aa7-8966-05fc9baf8ca2 HTTP/1.1" status: 204 len: 168 time: 0.4349966
2026-06-09 23:37:27.320 9 INFO neutron.db.ovn_revision_numbers_db [None req-617c4809-5047-471c-8ccb-c507d18dc0d2 838187f134094579ae582ee7acd150f3 bee5f3d9d67e40d4a51df0c1b6600e0e - - default default] Successfully bumped revision number for resource 0ef0376d-8ee6-4e8d-bcac-7d67d3215037 (type: security_group_rules) to 0
2026-06-09 23:37:27.335 9 INFO neutron.db.ovn_revision_numbers_db [None req-617c4809-5047-471c-8ccb-c507d18dc0d2 838187f134094579ae582ee7acd150f3 bee5f3d9d67e40d4a51df0c1b6600e0e - - default default] Successfully bumped revision number for resource 3ef991f7-0fe6-4d8e-b36a-ebb05f9ea2d5 (type: security_group_rules) to 0
2026-06-09 23:37:27.353 9 INFO neutron.db.ovn_revision_numbers_db [None req-617c4809-5047-471c-8ccb-c507d18dc0d2 838187f134094579ae582ee7acd150f3 bee5f3d9d67e40d4a51df0c1b6600e0e - - default default] Successfully bumped revision number for resource 70f14202-8add-4024-a9bb-cda021c7a0a5 (type: security_group_rules) to 0
2026-06-09 23:37:27.368 9 INFO neutron.db.ovn_revision_numbers_db [None req-617c4809-5047-471c-8ccb-c507d18dc0d2 838187f134094579ae582ee7acd150f3 bee5f3d9d67e40d4a51df0c1b6600e0e - - default default] Successfully bumped revision number for resource af2c654f-6403-4d5c-bf0a-8eb696aaf8c9 (type: security_group_rules) to 0
2026-06-09 23:37:27.388 9 INFO neutron.wsgi [None req-617c4809-5047-471c-8ccb-c507d18dc0d2 838187f134094579ae582ee7acd150f3 bee5f3d9d67e40d4a51df0c1b6600e0e - - default default] 10.0.0.145 "GET /v2.0/security-groups?tenant_id=0862833322ee4a3ab5daba66232231d5&name=default HTTP/1.1" status: 200 len: 3120 time: 0.2188876
2026-06-09 23:37:27.398 10 INFO neutron.wsgi [None req-8c480965-f7b6-408a-8e94-dfbb4d1fcda6 838187f134094579ae582ee7acd150f3 bee5f3d9d67e40d4a51df0c1b6600e0e - - default default] 10.0.0.145 "DELETE /v2.0/security-groups/c486003f-5048-4e53-8e20-6dbdd6615fee HTTP/1.1" status: 204 len: 168 time: 0.3559182
2026-06-09 23:37:27.619 9 INFO neutron.wsgi [None req-02a4caee-80f1-487c-91f5-d2cf7a3c1a85 838187f134094579ae582ee7acd150f3 bee5f3d9d67e40d4a51df0c1b6600e0e - - default default] 10.0.0.145 "DELETE /v2.0/security-groups/601af9a2-d3cd-420a-91a1-d7f3fc832a3e HTTP/1.1" status: 204 len: 168 time: 0.2244220
