2026-06-09 23:34:58.281 9 INFO neutron.db.ovn_revision_numbers_db [None req-99b0fa65-e62a-4648-a4c2-6c28ee4850c7 73f0c3fba5e94654a3c47eaff1da2620 1002161fcaf940fa848bc1c4fc804a02 - - default default] Successfully bumped revision number for resource fe2dc09a-0e98-4d79-8697-ff6deac56408 (type: routers) to 1
2026-06-09 23:34:58.286 10 INFO neutron.db.ovn_revision_numbers_db [None req-17548ee6-0276-4171-8dc1-7a37118e6157 e066d95cbc2e4a5cb9d2d1b2d9f4211f d40f902a49f44382814d2caa704357b9 - - default default] Successfully bumped revision number for resource c7c60419-da83-4832-87af-bfdd5edba12d (type: ports) to 1
2026-06-09 23:34:58.298 9 INFO neutron.wsgi [None req-99b0fa65-e62a-4648-a4c2-6c28ee4850c7 73f0c3fba5e94654a3c47eaff1da2620 1002161fcaf940fa848bc1c4fc804a02 - - default default] 10.0.0.145 "POST /v2.0/routers HTTP/1.1" status: 201 len: 801 time: 0.3812983
2026-06-09 23:34:58.309 10 WARNING neutron_lib.context [None req-c6c54ef2-8505-4334-8161-f215d8a1e446 73f0c3fba5e94654a3c47eaff1da2620 1002161fcaf940fa848bc1c4fc804a02 - - default default] Method 'is_advsvc' is deprecated since 2023.2 release (neutron-lib 3.8.0) and will be removed once support for the old RBAC API policies will be removed from Neutron. Please use method 'is_service_role' instead.
2026-06-09 23:34:58.319 10 INFO neutron.wsgi [None req-17548ee6-0276-4171-8dc1-7a37118e6157 e066d95cbc2e4a5cb9d2d1b2d9f4211f d40f902a49f44382814d2caa704357b9 - - default default] 10.0.0.145 "POST /v2.0/networks HTTP/1.1" status: 201 len: 834 time: 0.6178794
2026-06-09 23:34:58.324 9 INFO neutron.wsgi [req-2e5e6161-1f61-4bba-a7aa-838840588561 req-2fc5ff06-585d-4ee6-8d22-fb629ecc0161 45de3e88fade4976b5a319fc55cb0613 baa76073266044108d11c9a0ceb64ebd - - default default] 10.0.0.217 "GET /v2.0/ports?device_id=3dca9577-3801-4d19-88b2-e3cd36769c1c HTTP/1.1" status: 200 len: 1170 time: 0.3290403
2026-06-09 23:34:58.329 9 WARNING neutron_lib.context [None req-8825333e-36a3-4f05-b21e-ef8a0c7fcf69 e066d95cbc2e4a5cb9d2d1b2d9f4211f d40f902a49f44382814d2caa704357b9 - - default default] Method 'is_advsvc' is deprecated since 2023.2 release (neutron-lib 3.8.0) and will be removed once support for the old RBAC API policies will be removed from Neutron. Please use method 'is_service_role' instead.
2026-06-09 23:34:58.359 10 INFO neutron.services.segments.plugin [-] Segment befe2ad5-dd77-4ecb-b40c-43d0bdace0a3 resource provider aggregate not found
2026-06-09 23:34:58.366 10 INFO neutron.services.segments.plugin [-] Segment befe2ad5-dd77-4ecb-b40c-43d0bdace0a3 resource provider aggregate not found
2026-06-09 23:34:58.372 10 INFO neutron.services.segments.plugin [-] Segment befe2ad5-dd77-4ecb-b40c-43d0bdace0a3 resource provider not found; error: Placement Client Error (4xx): {"errors": [{"status": 404, "title": "Not Found", "detail": "The resource could not be found.\n\n No resource provider with uuid befe2ad5-dd77-4ecb-b40c-43d0bdace0a3 found for delete ", "request_id": "req-eacc8f0f-5c4b-4b10-bcfd-20db96270a83"}]}
2026-06-09 23:34:58.390 10 INFO neutron.services.segments.plugin [-] Segment befe2ad5-dd77-4ecb-b40c-43d0bdace0a3 resource provider not found; error: Placement Client Error (4xx): {"errors": [{"status": 404, "title": "Not Found", "detail": "The resource could not be found.\n\n No resource provider with uuid befe2ad5-dd77-4ecb-b40c-43d0bdace0a3 found for delete ", "request_id": "req-d8e9bd31-936f-4738-b60f-4f0b0e57f6b6"}]}
2026-06-09 23:34:58.395 9 INFO neutron.wsgi [req-2e5e6161-1f61-4bba-a7aa-838840588561 req-6df3d4d0-d8e5-4ade-99f3-2372b9232205 45de3e88fade4976b5a319fc55cb0613 baa76073266044108d11c9a0ceb64ebd - - default default] 10.0.0.217 "GET /v2.0/security-groups?id=bb41af35-6f29-48f6-90a0-183f7384d59f&fields=id&fields=name HTTP/1.1" status: 200 len: 313 time: 0.0642314
2026-06-09 23:34:58.429 10 WARNING neutron.plugins.ml2.drivers.ovn.mech_driver.ovsdb.ovn_client [None req-96a4567b-270c-4625-b81f-f2856ab73c05 - - - - - -] No port found with ID f39e5fb7-290a-4772-bcb1-ec173118ad85: RuntimeError: No port found with ID f39e5fb7-290a-4772-bcb1-ec173118ad85
2026-06-09 23:34:58.523 9 INFO neutron.wsgi [req-164090aa-14ba-4b4b-a000-179e09d9ef29 req-e22d198c-f033-4ea3-8831-13f5aea3f15e 45de3e88fade4976b5a319fc55cb0613 baa76073266044108d11c9a0ceb64ebd - - default default] 10.0.0.217 "GET /v2.0/ports?device_id=3dca9577-3801-4d19-88b2-e3cd36769c1c HTTP/1.1" status: 200 len: 1170 time: 0.0538816
2026-06-09 23:34:58.612 9 WARNING neutron.scheduler.dhcp_agent_scheduler [None req-8825333e-36a3-4f05-b21e-ef8a0c7fcf69 e066d95cbc2e4a5cb9d2d1b2d9f4211f d40f902a49f44382814d2caa704357b9 - - default default] No more DHCP agents
2026-06-09 23:34:58.615 9 WARNING neutron.api.rpc.agentnotifiers.dhcp_rpc_agent_api [None req-8825333e-36a3-4f05-b21e-ef8a0c7fcf69 e066d95cbc2e4a5cb9d2d1b2d9f4211f d40f902a49f44382814d2caa704357b9 - - default default] Unable to schedule network e1466874-f02f-4d65-a9f6-75b56c3f4ad3: no agents available; will retry on subsequent port and subnet creation events.
2026-06-09 23:34:58.672 9 INFO neutron.db.ovn_revision_numbers_db [None req-8825333e-36a3-4f05-b21e-ef8a0c7fcf69 e066d95cbc2e4a5cb9d2d1b2d9f4211f d40f902a49f44382814d2caa704357b9 - - default default] Successfully bumped revision number for resource e7e71699-523d-4c83-8e7b-f899b3bd7d9f (type: subnets) to 0
2026-06-09 23:34:58.691 9 INFO neutron.wsgi [None req-8825333e-36a3-4f05-b21e-ef8a0c7fcf69 e066d95cbc2e4a5cb9d2d1b2d9f4211f d40f902a49f44382814d2caa704357b9 - - default default] 10.0.0.145 "POST /v2.0/subnets HTTP/1.1" status: 201 len: 821 time: 0.3669276
2026-06-09 23:34:58.710 9 WARNING neutron_lib.context [None req-6347ab41-0af4-41d5-abce-08b1a17488f1 e066d95cbc2e4a5cb9d2d1b2d9f4211f d40f902a49f44382814d2caa704357b9 - - default default] Method 'is_advsvc' is deprecated since 2023.2 release (neutron-lib 3.8.0) and will be removed once support for the old RBAC API policies will be removed from Neutron. Please use method 'is_service_role' instead.
2026-06-09 23:34:58.751 9 INFO neutron.notifiers.nova [-] Nova event matching ['req-e5502824-e80a-48f8-bde6-90ddbcd82e22'] response: {'server_uuid': '3dca9577-3801-4d19-88b2-e3cd36769c1c', 'name': 'network-vif-plugged', 'status': 'completed', 'tag': '2c3298ff-4675-47ce-838f-b1e57671dce9', 'code': 200}
2026-06-09 23:34:58.909 10 WARNING neutron.scheduler.dhcp_agent_scheduler [None req-c6c54ef2-8505-4334-8161-f215d8a1e446 73f0c3fba5e94654a3c47eaff1da2620 1002161fcaf940fa848bc1c4fc804a02 - - default default] No more DHCP agents
2026-06-09 23:34:58.912 10 WARNING neutron.api.rpc.agentnotifiers.dhcp_rpc_agent_api [None req-c6c54ef2-8505-4334-8161-f215d8a1e446 73f0c3fba5e94654a3c47eaff1da2620 1002161fcaf940fa848bc1c4fc804a02 - - default default] Unable to schedule network 15941dd3-fd34-4c75-add9-0e753831ac2c: no agents available; will retry on subsequent port and subnet creation events.
2026-06-09 23:34:59.006 9 WARNING neutron.scheduler.dhcp_agent_scheduler [None req-6347ab41-0af4-41d5-abce-08b1a17488f1 e066d95cbc2e4a5cb9d2d1b2d9f4211f d40f902a49f44382814d2caa704357b9 - - default default] No more DHCP agents
2026-06-09 23:34:59.007 9 WARNING neutron.api.rpc.agentnotifiers.dhcp_rpc_agent_api [None req-6347ab41-0af4-41d5-abce-08b1a17488f1 e066d95cbc2e4a5cb9d2d1b2d9f4211f d40f902a49f44382814d2caa704357b9 - - default default] Unable to schedule network e1466874-f02f-4d65-a9f6-75b56c3f4ad3: no agents available; will retry on subsequent port and subnet creation events.
2026-06-09 23:34:59.127 9 INFO neutron.db.ovn_revision_numbers_db [None req-6347ab41-0af4-41d5-abce-08b1a17488f1 e066d95cbc2e4a5cb9d2d1b2d9f4211f d40f902a49f44382814d2caa704357b9 - - default default] Successfully bumped revision number for resource 4cc75198-428b-48dc-8f9a-5c3c2a38c7f7 (type: ports) to 1
2026-06-09 23:34:59.148 9 INFO neutron.wsgi [None req-6347ab41-0af4-41d5-abce-08b1a17488f1 e066d95cbc2e4a5cb9d2d1b2d9f4211f d40f902a49f44382814d2caa704357b9 - - default default] 10.0.0.145 "POST /v2.0/ports HTTP/1.1" status: 201 len: 1127 time: 0.4447501
2026-06-09 23:34:59.372 10 INFO neutron.db.ovn_revision_numbers_db [None req-c6c54ef2-8505-4334-8161-f215d8a1e446 73f0c3fba5e94654a3c47eaff1da2620 1002161fcaf940fa848bc1c4fc804a02 - - default default] Successfully bumped revision number for resource 6fa3f6dd-4dbe-4913-b0c6-a7449d0c3b6c (type: ports) to 1
2026-06-09 23:34:59.404 10 INFO neutron.wsgi [None req-c6c54ef2-8505-4334-8161-f215d8a1e446 73f0c3fba5e94654a3c47eaff1da2620 1002161fcaf940fa848bc1c4fc804a02 - - default default] 10.0.0.145 "POST /v2.0/ports HTTP/1.1" status: 201 len: 1146 time: 1.0984166 /var/lib/openstack/lib/python3.10/site-packages/pycadf/identifier.py:71: UserWarning: Invalid uuid: neutron. To ensure interoperability, identifiers should be a valid uuid. warnings.warn(('Invalid uuid: %s. To ensure interoperability, '
2026-06-09 23:34:59.493 9 INFO neutron.wsgi [None req-c36e1cba-52af-4089-b02c-eb850300ba46 e066d95cbc2e4a5cb9d2d1b2d9f4211f d40f902a49f44382814d2caa704357b9 - - default default] 10.0.0.145 "DELETE /v2.0/ports/4cc75198-428b-48dc-8f9a-5c3c2a38c7f7 HTTP/1.1" status: 204 len: 168 time: 0.3397324
2026-06-09 23:34:59.514 9 INFO neutron.pecan_wsgi.hooks.translation [None req-61452854-e36e-40a3-9e2f-5100d3803583 e066d95cbc2e4a5cb9d2d1b2d9f4211f d40f902a49f44382814d2caa704357b9 - - default default] GET failed (client error): The resource could not be found.
2026-06-09 23:34:59.516 9 INFO neutron.wsgi [None req-61452854-e36e-40a3-9e2f-5100d3803583 e066d95cbc2e4a5cb9d2d1b2d9f4211f d40f902a49f44382814d2caa704357b9 - - default default] 10.0.0.145 "GET /v2.0/ports/4cc75198-428b-48dc-8f9a-5c3c2a38c7f7 HTTP/1.1" status: 404 len: 333 time: 0.0197945
2026-06-09 23:34:59.702 10 INFO neutron.db.ovn_revision_numbers_db [None req-fe4e7bdf-28fa-466e-9850-742d907d5a68 45de3e88fade4976b5a319fc55cb0613 baa76073266044108d11c9a0ceb64ebd - - default default] Successfully bumped revision number for resource 0b9e2831-2c1f-45eb-90a4-ade048f7b5df (type: floatingips) to 1
2026-06-09 23:34:59.741 9 INFO neutron.wsgi [None req-fb2cd033-8d4f-43ef-a8c9-939fb064e753 e066d95cbc2e4a5cb9d2d1b2d9f4211f d40f902a49f44382814d2caa704357b9 - - default default] 10.0.0.145 "DELETE /v2.0/subnets/e7e71699-523d-4c83-8e7b-f899b3bd7d9f HTTP/1.1" status: 204 len: 168 time: 0.2191689 /var/lib/openstack/lib/python3.10/site-packages/pycadf/identifier.py:71: UserWarning: Invalid uuid: neutron. To ensure interoperability, identifiers should be a valid uuid. warnings.warn(('Invalid uuid: %s. To ensure interoperability, '
2026-06-09 23:34:59.874 10 INFO neutron.db.ovn_revision_numbers_db [None req-fe4e7bdf-28fa-466e-9850-742d907d5a68 45de3e88fade4976b5a319fc55cb0613 baa76073266044108d11c9a0ceb64ebd - - default default] Successfully bumped revision number for resource 0b9e2831-2c1f-45eb-90a4-ade048f7b5df (type: floatingips) to 2
2026-06-09 23:34:59.874 10 INFO neutron.db.l3_db [None req-fe4e7bdf-28fa-466e-9850-742d907d5a68 45de3e88fade4976b5a319fc55cb0613 baa76073266044108d11c9a0ceb64ebd - - default default] Floating IP 0b9e2831-2c1f-45eb-90a4-ade048f7b5df associated. External IP: 10.96.250.203, port: 2c3298ff-4675-47ce-838f-b1e57671dce9.
2026-06-09 23:34:59.939 10 INFO neutron.wsgi [None req-fe4e7bdf-28fa-466e-9850-742d907d5a68 45de3e88fade4976b5a319fc55cb0613 baa76073266044108d11c9a0ceb64ebd - - default default] 10.0.0.145 "PUT /v2.0/floatingips/0b9e2831-2c1f-45eb-90a4-ade048f7b5df HTTP/1.1" status: 200 len: 1049 time: 1.4065280
2026-06-09 23:34:59.971 10 ERROR ovsdbapp.backend.ovs_idl.command [None req-3f0b5d3d-dfdf-4abc-93ce-f0f3708de79b 73f0c3fba5e94654a3c47eaff1da2620 1002161fcaf940fa848bc1c4fc804a02 - - default default] Error executing command (DbGetCommand): ovsdbapp.backend.ovs_idl.idlutils.RowNotFound: Cannot find Logical_Router_Port with name=lrp-6fa3f6dd-4dbe-4913-b0c6-a7449d0c3b6c
2026-06-09 23:34:59.971 10 ERROR ovsdbapp.backend.ovs_idl.command
Traceback (most recent call last):
2026-06-09 23:34:59.971 10 ERROR ovsdbapp.backend.ovs_idl.command
File "/var/lib/openstack/lib/python3.10/site-packages/ovsdbapp/backend/ovs_idl/command.py", line 47, in execute
2026-06-09 23:34:59.971 10 ERROR ovsdbapp.backend.ovs_idl.command self.run_idl(None)
2026-06-09 23:34:59.971 10 ERROR ovsdbapp.backend.ovs_idl.command
File "/var/lib/openstack/lib/python3.10/site-packages/ovsdbapp/backend/ovs_idl/command.py", line 235, in run_idl
2026-06-09 23:34:59.971 10 ERROR ovsdbapp.backend.ovs_idl.command record = self.api.lookup(self.table, self.record)
2026-06-09 23:34:59.971 10 ERROR ovsdbapp.backend.ovs_idl.command
File "/var/lib/openstack/lib/python3.10/site-packages/ovsdbapp/backend/ovs_idl/__init__.py", line 184, in lookup
2026-06-09 23:34:59.971 10 ERROR ovsdbapp.backend.ovs_idl.command return self._lookup(table, record)
2026-06-09 23:34:59.971 10 ERROR ovsdbapp.backend.ovs_idl.command
File "/var/lib/openstack/lib/python3.10/site-packages/ovsdbapp/backend/ovs_idl/__init__.py", line 235, in _lookup
2026-06-09 23:34:59.971 10 ERROR ovsdbapp.backend.ovs_idl.command row = idlutils.row_by_value(self, rl.table, rl.column, record)
2026-06-09 23:34:59.971 10 ERROR ovsdbapp.backend.ovs_idl.command
File "/var/lib/openstack/lib/python3.10/site-packages/ovsdbapp/backend/ovs_idl/idlutils.py", line 114, in row_by_value
2026-06-09 23:34:59.971 10 ERROR ovsdbapp.backend.ovs_idl.command raise RowNotFound(table=table, col=column, match=match)
2026-06-09 23:34:59.971 10 ERROR ovsdbapp.backend.ovs_idl.command ovsdbapp.backend.ovs_idl.idlutils.RowNotFound: Cannot find Logical_Router_Port with name=lrp-6fa3f6dd-4dbe-4913-b0c6-a7449d0c3b6c
2026-06-09 23:34:59.971 10 ERROR ovsdbapp.backend.ovs_idl.command 
2026-06-09 23:34:59.972 10 ERROR neutron_lib.callbacks.manager [None req-3f0b5d3d-dfdf-4abc-93ce-f0f3708de79b 73f0c3fba5e94654a3c47eaff1da2620 1002161fcaf940fa848bc1c4fc804a02 - - default default] Error during notification for neutron.services.ovn_l3.plugin.OVNL3RouterPlugin._port_update-8791854333670 port, after_update: ovsdbapp.backend.ovs_idl.idlutils.RowNotFound: Cannot find Logical_Router_Port with name=lrp-6fa3f6dd-4dbe-4913-b0c6-a7449d0c3b6c
2026-06-09 23:34:59.972 10 ERROR neutron_lib.callbacks.manager
Traceback (most recent call last):
2026-06-09 23:34:59.972 10 ERROR neutron_lib.callbacks.manager
File "/var/lib/openstack/lib/python3.10/site-packages/neutron_lib/callbacks/manager.py", line 189, in _notify_loop
2026-06-09 23:34:59.972 10 ERROR neutron_lib.callbacks.manager callback.method(resource, event, trigger, payload=payload)
2026-06-09 23:34:59.972 10 ERROR neutron_lib.callbacks.manager
File "/var/lib/openstack/lib/python3.10/site-packages/neutron/services/ovn_l3/plugin.py", line 391, in _port_update
2026-06-09 23:34:59.972 10 ERROR neutron_lib.callbacks.manager l3plugin._ovn_client.update_router_port(context,
2026-06-09 23:34:59.972 10 ERROR neutron_lib.callbacks.manager
File "/var/lib/openstack/lib/python3.10/site-packages/neutron/plugins/ml2/drivers/ovn/mech_driver/ovsdb/ovn_client.py", line 1878, in update_router_port
2026-06-09 23:34:59.972 10 ERROR neutron_lib.callbacks.manager self._update_lrouter_port(context, port, if_exists=if_exists,
2026-06-09 23:34:59.972 10 ERROR neutron_lib.callbacks.manager
File "/var/lib/openstack/lib/python3.10/site-packages/neutron/plugins/ml2/drivers/ovn/mech_driver/ovsdb/ovn_client.py", line 1855, in _update_lrouter_port
2026-06-09 23:34:59.972 10 ERROR neutron_lib.callbacks.manager external_ids = self._nb_idl.db_get(
2026-06-09 23:34:59.972 10 ERROR neutron_lib.callbacks.manager
File "/var/lib/openstack/lib/python3.10/site-packages/ovsdbapp/backend/ovs_idl/command.py", line 47, in execute
2026-06-09 23:34:59.972 10 ERROR neutron_lib.callbacks.manager self.run_idl(None)
2026-06-09 23:34:59.972 10 ERROR neutron_lib.callbacks.manager
File "/var/lib/openstack/lib/python3.10/site-packages/ovsdbapp/backend/ovs_idl/command.py", line 235, in run_idl
2026-06-09 23:34:59.972 10 ERROR neutron_lib.callbacks.manager record = self.api.lookup(self.table, self.record)
2026-06-09 23:34:59.972 10 ERROR neutron_lib.callbacks.manager
File "/var/lib/openstack/lib/python3.10/site-packages/ovsdbapp/backend/ovs_idl/__init__.py", line 184, in lookup
2026-06-09 23:34:59.972 10 ERROR neutron_lib.callbacks.manager return self._lookup(table, record)
2026-06-09 23:34:59.972 10 ERROR neutron_lib.callbacks.manager
File "/var/lib/openstack/lib/python3.10/site-packages/ovsdbapp/backend/ovs_idl/__init__.py", line 235, in _lookup
2026-06-09 23:34:59.972 10 ERROR neutron_lib.callbacks.manager row = idlutils.row_by_value(self, rl.table, rl.column, record)
2026-06-09 23:34:59.972 10 ERROR neutron_lib.callbacks.manager
File "/var/lib/openstack/lib/python3.10/site-packages/ovsdbapp/backend/ovs_idl/idlutils.py", line 114, in row_by_value
2026-06-09 23:34:59.972 10 ERROR neutron_lib.callbacks.manager raise RowNotFound(table=table, col=column, match=match)
2026-06-09 23:34:59.972 10 ERROR neutron_lib.callbacks.manager ovsdbapp.backend.ovs_idl.idlutils.RowNotFound: Cannot find Logical_Router_Port with name=lrp-6fa3f6dd-4dbe-4913-b0c6-a7449d0c3b6c
2026-06-09 23:34:59.972 10 ERROR neutron_lib.callbacks.manager 
2026-06-09 23:34:59.998 10 INFO neutron.notifiers.nova [-] Nova event matching ['req-33cc5806-d470-4878-9555-ecf90ac87efd'] response: {'name': 'network-changed', 'server_uuid': '3dca9577-3801-4d19-88b2-e3cd36769c1c', 'tag': '2c3298ff-4675-47ce-838f-b1e57671dce9', 'status': 'completed', 'code': 200}
2026-06-09 23:35:00.087 9 INFO neutron.wsgi [req-c90713b4-1dc5-41cb-91c9-842ebeb1b373 req-8181161a-b59e-49ec-ac35-7121ea136bca e8f107aa72da412bbc0ea8f7ee0c8c44 df347551ee27486e886162979334894a - - 64cb136663874edbac2ca97158871181 64cb136663874edbac2ca97158871181] 199.19.213.180 "GET /v2.0/ports?tenant_id=baa76073266044108d11c9a0ceb64ebd&device_id=3dca9577-3801-4d19-88b2-e3cd36769c1c HTTP/1.1" status: 200 len: 1409 time: 0.0690663
2026-06-09 23:35:00.167 9 INFO neutron.plugins.ml2.drivers.ovn.mech_driver.mech_driver [None req-ea024a4f-c6e4-435d-b3e4-0a3e777d8e02 - - - - - -] OVN reports status up for port: 6fa3f6dd-4dbe-4913-b0c6-a7449d0c3b6c
2026-06-09 23:35:00.209 10 INFO neutron.db.ovn_revision_numbers_db [None req-3f0b5d3d-dfdf-4abc-93ce-f0f3708de79b 73f0c3fba5e94654a3c47eaff1da2620 1002161fcaf940fa848bc1c4fc804a02 - - default default] Successfully bumped revision number for resource 6fa3f6dd-4dbe-4913-b0c6-a7449d0c3b6c (type: ports) to 2
2026-06-09 23:35:00.220 9 INFO neutron.services.segments.plugin [-] Segment e6542579-0274-44bc-86dd-6e7b780514e9 resource provider aggregate not found
2026-06-09 23:35:00.228 9 INFO neutron.services.segments.plugin [-] Segment e6542579-0274-44bc-86dd-6e7b780514e9 resource provider aggregate not found
2026-06-09 23:35:00.232 9 INFO neutron.plugins.ml2.plugin [None req-ea024a4f-c6e4-435d-b3e4-0a3e777d8e02 - - - - - -] Attempt 1 to provision port 6fa3f6dd-4dbe-4913-b0c6-a7449d0c3b6c
2026-06-09 23:35:00.243 9 INFO neutron.wsgi [req-c90713b4-1dc5-41cb-91c9-842ebeb1b373 req-8ec53bb3-9d93-4022-b144-0a544489f00a e8f107aa72da412bbc0ea8f7ee0c8c44 df347551ee27486e886162979334894a - - 64cb136663874edbac2ca97158871181 64cb136663874edbac2ca97158871181] 199.19.213.180 "GET /v2.0/networks?id=132efe70-f713-42a2-8fd3-3cbff53e8d11 HTTP/1.1" status: 200 len: 973 time: 0.1504776
2026-06-09 23:35:00.245 9 INFO neutron.services.segments.plugin [-] Segment e6542579-0274-44bc-86dd-6e7b780514e9 resource provider not found; error: Placement Client Error (4xx): {"errors": [{"status": 404, "title": "Not Found", "detail": "The resource could not be found.\n\n No resource provider with uuid e6542579-0274-44bc-86dd-6e7b780514e9 found for delete ", "request_id": "req-b1207d0e-a134-456b-b853-5a63dc928c18"}]}
2026-06-09 23:35:00.255 9 INFO neutron.services.segments.plugin [-] Segment e6542579-0274-44bc-86dd-6e7b780514e9 resource provider not found; error: Placement Client Error (4xx): {"errors": [{"status": 404, "title": "Not Found", "detail": "The resource could not be found.\n\n No resource provider with uuid e6542579-0274-44bc-86dd-6e7b780514e9 found for delete ", "request_id": "req-3da467f6-5c0d-426c-9e1a-ccd52bc53909"}]}
2026-06-09 23:35:00.346 9 INFO neutron.wsgi [None req-9d68b0b8-1a41-4c0d-a409-90e507ffe666 e066d95cbc2e4a5cb9d2d1b2d9f4211f d40f902a49f44382814d2caa704357b9 - - default default] 10.0.0.145 "DELETE /v2.0/networks/e1466874-f02f-4d65-a9f6-75b56c3f4ad3 HTTP/1.1" status: 204 len: 168 time: 0.5975115 /var/lib/openstack/lib/python3.10/site-packages/pycadf/identifier.py:71: UserWarning: Invalid uuid: neutron. To ensure interoperability, identifiers should be a valid uuid. warnings.warn(('Invalid uuid: %s. To ensure interoperability, '
2026-06-09 23:35:00.357 10 WARNING neutron_lib.context [None req-65346d13-c427-4d09-9574-6b4c79626e9f e066d95cbc2e4a5cb9d2d1b2d9f4211f d40f902a49f44382814d2caa704357b9 - - default default] Method 'is_advsvc' is deprecated since 2023.2 release (neutron-lib 3.8.0) and will be removed once support for the old RBAC API policies will be removed from Neutron. Please use method 'is_service_role' instead.
2026-06-09 23:35:00.369 9 INFO neutron.wsgi [req-c90713b4-1dc5-41cb-91c9-842ebeb1b373 req-27cea2c3-23b3-4ff5-b45f-d3fb3ae5bb14 e8f107aa72da412bbc0ea8f7ee0c8c44 df347551ee27486e886162979334894a - - 64cb136663874edbac2ca97158871181 64cb136663874edbac2ca97158871181] 199.19.213.180 "GET /v2.0/floatingips?fixed_ip_address=10.100.0.7&port_id=2c3298ff-4675-47ce-838f-b1e57671dce9 HTTP/1.1" status: 200 len: 1059 time: 0.1156099
2026-06-09 23:35:00.414 9 INFO neutron.wsgi [req-c90713b4-1dc5-41cb-91c9-842ebeb1b373 req-4da37ae5-0783-47f1-821b-36e8a1abdd2e e8f107aa72da412bbc0ea8f7ee0c8c44 df347551ee27486e886162979334894a - - 64cb136663874edbac2ca97158871181 64cb136663874edbac2ca97158871181] 199.19.213.180 "GET /v2.0/subnets?id=4b1e6a3a-7aef-48dd-9725-6da3b9eecea6 HTTP/1.1" status: 200 len: 868 time: 0.0370657
2026-06-09 23:35:00.448 9 INFO neutron.wsgi [req-c90713b4-1dc5-41cb-91c9-842ebeb1b373 req-b631390a-0408-4c99-aeb4-cc14fcc65b28 e8f107aa72da412bbc0ea8f7ee0c8c44 df347551ee27486e886162979334894a - - 64cb136663874edbac2ca97158871181 64cb136663874edbac2ca97158871181] 199.19.213.180 "GET /v2.0/ports?network_id=132efe70-f713-42a2-8fd3-3cbff53e8d11&device_owner=network%3Adhcp HTTP/1.1" status: 200 len: 210 time: 0.0260658
2026-06-09 23:35:00.564 9 INFO neutron.wsgi [req-c90713b4-1dc5-41cb-91c9-842ebeb1b373 req-2cea45a8-6566-4bd8-b2b0-54f9868a041d e8f107aa72da412bbc0ea8f7ee0c8c44 df347551ee27486e886162979334894a - - 64cb136663874edbac2ca97158871181 64cb136663874edbac2ca97158871181] 199.19.213.180 "GET /v2.0/networks/132efe70-f713-42a2-8fd3-3cbff53e8d11?fields=segments HTTP/1.1" status: 200 len: 212 time: 0.1086810
2026-06-09 23:35:00.645 9 INFO neutron.wsgi [req-c90713b4-1dc5-41cb-91c9-842ebeb1b373 req-1e2bce25-f3ef-47ad-97b3-52638d02126b e8f107aa72da412bbc0ea8f7ee0c8c44 df347551ee27486e886162979334894a - - 64cb136663874edbac2ca97158871181 64cb136663874edbac2ca97158871181] 199.19.213.180 "GET /v2.0/networks/132efe70-f713-42a2-8fd3-3cbff53e8d11?fields=provider%3Aphysical_network&fields=provider%3Anetwork_type HTTP/1.1" status: 200 len: 277 time: 0.0764570
2026-06-09 23:35:00.708 10 WARNING neutron.scheduler.dhcp_agent_scheduler [None req-65346d13-c427-4d09-9574-6b4c79626e9f e066d95cbc2e4a5cb9d2d1b2d9f4211f d40f902a49f44382814d2caa704357b9 - - default default] No more DHCP agents
2026-06-09 23:35:00.710 10 WARNING neutron.api.rpc.agentnotifiers.dhcp_rpc_agent_api [None req-65346d13-c427-4d09-9574-6b4c79626e9f e066d95cbc2e4a5cb9d2d1b2d9f4211f d40f902a49f44382814d2caa704357b9 - - default default] Unable to schedule network bd387528-35e9-4f1b-9c85-24407a066692: no agents available; will retry on subsequent port and subnet creation events.
2026-06-09 23:35:00.794 10 INFO neutron.db.ovn_revision_numbers_db [None req-65346d13-c427-4d09-9574-6b4c79626e9f e066d95cbc2e4a5cb9d2d1b2d9f4211f d40f902a49f44382814d2caa704357b9 - - default default] Successfully bumped revision number for resource 68a42bf9-aa84-4f55-8779-b79c3d9f6345 (type: ports) to 1
2026-06-09 23:35:00.811 9 INFO neutron.db.ovn_revision_numbers_db [None req-ea024a4f-c6e4-435d-b3e4-0a3e777d8e02 - - - - - -] Successfully bumped revision number for resource 6fa3f6dd-4dbe-4913-b0c6-a7449d0c3b6c (type: ports) to 3
2026-06-09 23:35:00.817 10 INFO neutron.wsgi [None req-65346d13-c427-4d09-9574-6b4c79626e9f e066d95cbc2e4a5cb9d2d1b2d9f4211f d40f902a49f44382814d2caa704357b9 - - default default] 10.0.0.145 "POST /v2.0/ports HTTP/1.1" status: 201 len: 978 time: 0.4657543 /var/lib/openstack/lib/python3.10/site-packages/pycadf/identifier.py:71: UserWarning: Invalid uuid: neutron. To ensure interoperability, identifiers should be a valid uuid. warnings.warn(('Invalid uuid: %s. To ensure interoperability, '
2026-06-09 23:35:00.897 9 ERROR ovsdbapp.backend.ovs_idl.command [None req-ea024a4f-c6e4-435d-b3e4-0a3e777d8e02 - - - - - -] Error executing command (DbGetCommand): ovsdbapp.backend.ovs_idl.idlutils.RowNotFound: Cannot find Logical_Router_Port with name=lrp-6fa3f6dd-4dbe-4913-b0c6-a7449d0c3b6c
2026-06-09 23:35:00.897 9 ERROR ovsdbapp.backend.ovs_idl.command
Traceback (most recent call last):
2026-06-09 23:35:00.897 9 ERROR ovsdbapp.backend.ovs_idl.command
File "/var/lib/openstack/lib/python3.10/site-packages/ovsdbapp/backend/ovs_idl/command.py", line 47, in execute
2026-06-09 23:35:00.897 9 ERROR ovsdbapp.backend.ovs_idl.command self.run_idl(None)
2026-06-09 23:35:00.897 9 ERROR ovsdbapp.backend.ovs_idl.command
File "/var/lib/openstack/lib/python3.10/site-packages/ovsdbapp/backend/ovs_idl/command.py", line 235, in run_idl
2026-06-09 23:35:00.897 9 ERROR ovsdbapp.backend.ovs_idl.command record = self.api.lookup(self.table, self.record)
2026-06-09 23:35:00.897 9 ERROR ovsdbapp.backend.ovs_idl.command
File "/var/lib/openstack/lib/python3.10/site-packages/ovsdbapp/backend/ovs_idl/__init__.py", line 184, in lookup
2026-06-09 23:35:00.897 9 ERROR ovsdbapp.backend.ovs_idl.command return self._lookup(table, record)
2026-06-09 23:35:00.897 9 ERROR ovsdbapp.backend.ovs_idl.command
File "/var/lib/openstack/lib/python3.10/site-packages/ovsdbapp/backend/ovs_idl/__init__.py", line 235, in _lookup
2026-06-09 23:35:00.897 9 ERROR ovsdbapp.backend.ovs_idl.command row = idlutils.row_by_value(self, rl.table, rl.column, record)
2026-06-09 23:35:00.897 9 ERROR ovsdbapp.backend.ovs_idl.command
File "/var/lib/openstack/lib/python3.10/site-packages/ovsdbapp/backend/ovs_idl/idlutils.py", line 114, in row_by_value
2026-06-09 23:35:00.897 9 ERROR ovsdbapp.backend.ovs_idl.command raise RowNotFound(table=table, col=column, match=match)
2026-06-09 23:35:00.897 9 ERROR ovsdbapp.backend.ovs_idl.command ovsdbapp.backend.ovs_idl.idlutils.RowNotFound: Cannot find Logical_Router_Port with name=lrp-6fa3f6dd-4dbe-4913-b0c6-a7449d0c3b6c
2026-06-09 23:35:00.897 9 ERROR ovsdbapp.backend.ovs_idl.command 
2026-06-09 23:35:00.898 9 ERROR neutron_lib.callbacks.manager [None req-ea024a4f-c6e4-435d-b3e4-0a3e777d8e02 - - - - - -] Error during notification for neutron.services.ovn_l3.plugin.OVNL3RouterPlugin._port_update-8791854333670 port, after_update: ovsdbapp.backend.ovs_idl.idlutils.RowNotFound: Cannot find Logical_Router_Port with name=lrp-6fa3f6dd-4dbe-4913-b0c6-a7449d0c3b6c
2026-06-09 23:35:00.898 9 ERROR neutron_lib.callbacks.manager
Traceback (most recent call last):
2026-06-09 23:35:00.898 9 ERROR neutron_lib.callbacks.manager
File "/var/lib/openstack/lib/python3.10/site-packages/neutron_lib/callbacks/manager.py", line 189, in _notify_loop
2026-06-09 23:35:00.898 9 ERROR neutron_lib.callbacks.manager callback.method(resource, event, trigger, payload=payload)
2026-06-09 23:35:00.898 9 ERROR neutron_lib.callbacks.manager
File "/var/lib/openstack/lib/python3.10/site-packages/neutron/services/ovn_l3/plugin.py", line 391, in _port_update
2026-06-09 23:35:00.898 9 ERROR neutron_lib.callbacks.manager l3plugin._ovn_client.update_router_port(context,
2026-06-09 23:35:00.898 9 ERROR neutron_lib.callbacks.manager
File "/var/lib/openstack/lib/python3.10/site-packages/neutron/plugins/ml2/drivers/ovn/mech_driver/ovsdb/ovn_client.py", line 1878, in update_router_port
2026-06-09 23:35:00.898 9 ERROR neutron_lib.callbacks.manager self._update_lrouter_port(context, port, if_exists=if_exists,
2026-06-09 23:35:00.898 9 ERROR neutron_lib.callbacks.manager
File "/var/lib/openstack/lib/python3.10/site-packages/neutron/plugins/ml2/drivers/ovn/mech_driver/ovsdb/ovn_client.py", line 1855, in _update_lrouter_port
2026-06-09 23:35:00.898 9 ERROR neutron_lib.callbacks.manager external_ids = self._nb_idl.db_get(
2026-06-09 23:35:00.898 9 ERROR neutron_lib.callbacks.manager
File "/var/lib/openstack/lib/python3.10/site-packages/ovsdbapp/backend/ovs_idl/command.py", line 47, in execute
2026-06-09 23:35:00.898 9 ERROR neutron_lib.callbacks.manager self.run_idl(None)
2026-06-09 23:35:00.898 9 ERROR neutron_lib.callbacks.manager
File "/var/lib/openstack/lib/python3.10/site-packages/ovsdbapp/backend/ovs_idl/command.py", line 235, in run_idl
2026-06-09 23:35:00.898 9 ERROR neutron_lib.callbacks.manager record = self.api.lookup(self.table, self.record)
2026-06-09 23:35:00.898 9 ERROR neutron_lib.callbacks.manager
File "/var/lib/openstack/lib/python3.10/site-packages/ovsdbapp/backend/ovs_idl/__init__.py", line 184, in lookup
2026-06-09 23:35:00.898 9 ERROR neutron_lib.callbacks.manager return self._lookup(table, record)
2026-06-09 23:35:00.898 9 ERROR neutron_lib.callbacks.manager
File "/var/lib/openstack/lib/python3.10/site-packages/ovsdbapp/backend/ovs_idl/__init__.py", line 235, in _lookup
2026-06-09 23:35:00.898 9 ERROR neutron_lib.callbacks.manager row = idlutils.row_by_value(self, rl.table, rl.column, record)
2026-06-09 23:35:00.898 9 ERROR neutron_lib.callbacks.manager
File "/var/lib/openstack/lib/python3.10/site-packages/ovsdbapp/backend/ovs_idl/idlutils.py", line 114, in row_by_value
2026-06-09 23:35:00.898 9 ERROR neutron_lib.callbacks.manager raise RowNotFound(table=table, col=column, match=match)
2026-06-09 23:35:00.898 9 ERROR neutron_lib.callbacks.manager ovsdbapp.backend.ovs_idl.idlutils.RowNotFound: Cannot find Logical_Router_Port with name=lrp-6fa3f6dd-4dbe-4913-b0c6-a7449d0c3b6c
2026-06-09 23:35:00.898 9 ERROR neutron_lib.callbacks.manager 
2026-06-09 23:35:01.044 10 INFO neutron.plugins.ml2.drivers.ovn.mech_driver.mech_driver [None req-96a4567b-270c-4625-b81f-f2856ab73c05 - - - - - -] OVN reports status down for port: 68a42bf9-aa84-4f55-8779-b79c3d9f6345
2026-06-09 23:35:01.083 10 INFO neutron.db.ovn_revision_numbers_db [None req-586b1b88-acf2-4b4e-98f3-277146fa1698 e066d95cbc2e4a5cb9d2d1b2d9f4211f d40f902a49f44382814d2caa704357b9 - - default default] Successfully bumped revision number for resource 68a42bf9-aa84-4f55-8779-b79c3d9f6345 (type: ports) to 2
2026-06-09 23:35:01.094 10 INFO neutron.wsgi [None req-586b1b88-acf2-4b4e-98f3-277146fa1698 e066d95cbc2e4a5cb9d2d1b2d9f4211f d40f902a49f44382814d2caa704357b9 - - default default] 10.0.0.145 "PUT /v2.0/ports/68a42bf9-aa84-4f55-8779-b79c3d9f6345 HTTP/1.1" status: 200 len: 946 time: 0.2729807 /var/lib/openstack/lib/python3.10/site-packages/pycadf/identifier.py:71: UserWarning: Invalid uuid: neutron. To ensure interoperability, identifiers should be a valid uuid. warnings.warn(('Invalid uuid: %s. To ensure interoperability, '
2026-06-09 23:35:01.742 10 INFO neutron.wsgi [None req-b319c898-ef13-4558-8568-90f18bdbecc2 e066d95cbc2e4a5cb9d2d1b2d9f4211f d40f902a49f44382814d2caa704357b9 - - default default] 10.0.0.145 "DELETE /v2.0/ports/68a42bf9-aa84-4f55-8779-b79c3d9f6345 HTTP/1.1" status: 204 len: 168 time: 0.6432514 /var/lib/openstack/lib/python3.10/site-packages/pycadf/identifier.py:71: UserWarning: Invalid uuid: neutron. To ensure interoperability, identifiers should be a valid uuid. warnings.warn(('Invalid uuid: %s. To ensure interoperability, '
2026-06-09 23:35:01.799 10 ERROR ovsdbapp.backend.ovs_idl.command [None req-3f0b5d3d-dfdf-4abc-93ce-f0f3708de79b 73f0c3fba5e94654a3c47eaff1da2620 1002161fcaf940fa848bc1c4fc804a02 - - default default] Error executing command (DbGetCommand): ovsdbapp.backend.ovs_idl.idlutils.RowNotFound: Cannot find Logical_Router_Port with name=lrp-6fa3f6dd-4dbe-4913-b0c6-a7449d0c3b6c
2026-06-09 23:35:01.799 10 ERROR ovsdbapp.backend.ovs_idl.command
Traceback (most recent call last):
2026-06-09 23:35:01.799 10 ERROR ovsdbapp.backend.ovs_idl.command
File "/var/lib/openstack/lib/python3.10/site-packages/ovsdbapp/backend/ovs_idl/command.py", line 47, in execute
2026-06-09 23:35:01.799 10 ERROR ovsdbapp.backend.ovs_idl.command self.run_idl(None)
2026-06-09 23:35:01.799 10 ERROR ovsdbapp.backend.ovs_idl.command
File "/var/lib/openstack/lib/python3.10/site-packages/ovsdbapp/backend/ovs_idl/command.py", line 235, in run_idl
2026-06-09 23:35:01.799 10 ERROR ovsdbapp.backend.ovs_idl.command record = self.api.lookup(self.table, self.record)
2026-06-09 23:35:01.799 10 ERROR ovsdbapp.backend.ovs_idl.command
File "/var/lib/openstack/lib/python3.10/site-packages/ovsdbapp/backend/ovs_idl/__init__.py", line 184, in lookup
2026-06-09 23:35:01.799 10 ERROR ovsdbapp.backend.ovs_idl.command return self._lookup(table, record)
2026-06-09 23:35:01.799 10 ERROR ovsdbapp.backend.ovs_idl.command
File "/var/lib/openstack/lib/python3.10/site-packages/ovsdbapp/backend/ovs_idl/__init__.py", line 235, in _lookup
2026-06-09 23:35:01.799 10 ERROR ovsdbapp.backend.ovs_idl.command row = idlutils.row_by_value(self, rl.table, rl.column, record)
2026-06-09 23:35:01.799 10 ERROR ovsdbapp.backend.ovs_idl.command
File "/var/lib/openstack/lib/python3.10/site-packages/ovsdbapp/backend/ovs_idl/idlutils.py", line 114, in row_by_value
2026-06-09 23:35:01.799 10 ERROR ovsdbapp.backend.ovs_idl.command raise RowNotFound(table=table, col=column, match=match)
2026-06-09 23:35:01.799 10 ERROR ovsdbapp.backend.ovs_idl.command ovsdbapp.backend.ovs_idl.idlutils.RowNotFound: Cannot find Logical_Router_Port with name=lrp-6fa3f6dd-4dbe-4913-b0c6-a7449d0c3b6c
2026-06-09 23:35:01.799 10 ERROR ovsdbapp.backend.ovs_idl.command 
2026-06-09 23:35:01.800 10 ERROR neutron_lib.callbacks.manager [None req-3f0b5d3d-dfdf-4abc-93ce-f0f3708de79b 73f0c3fba5e94654a3c47eaff1da2620 1002161fcaf940fa848bc1c4fc804a02 - - default default] Error during notification for neutron.services.ovn_l3.plugin.OVNL3RouterPlugin._port_update-8791854333670 port, after_update: ovsdbapp.backend.ovs_idl.idlutils.RowNotFound: Cannot find Logical_Router_Port with name=lrp-6fa3f6dd-4dbe-4913-b0c6-a7449d0c3b6c
2026-06-09 23:35:01.800 10 ERROR neutron_lib.callbacks.manager
Traceback (most recent call last):
2026-06-09 23:35:01.800 10 ERROR neutron_lib.callbacks.manager
File "/var/lib/openstack/lib/python3.10/site-packages/neutron_lib/callbacks/manager.py", line 189, in _notify_loop
2026-06-09 23:35:01.800 10 ERROR neutron_lib.callbacks.manager callback.method(resource, event, trigger, payload=payload)
2026-06-09 23:35:01.800 10 ERROR neutron_lib.callbacks.manager
File "/var/lib/openstack/lib/python3.10/site-packages/neutron/services/ovn_l3/plugin.py", line 391, in _port_update
2026-06-09 23:35:01.800 10 ERROR neutron_lib.callbacks.manager l3plugin._ovn_client.update_router_port(context,
2026-06-09 23:35:01.800 10 ERROR neutron_lib.callbacks.manager
File "/var/lib/openstack/lib/python3.10/site-packages/neutron/plugins/ml2/drivers/ovn/mech_driver/ovsdb/ovn_client.py", line 1878, in update_router_port
2026-06-09 23:35:01.800 10 ERROR neutron_lib.callbacks.manager self._update_lrouter_port(context, port, if_exists=if_exists,
2026-06-09 23:35:01.800 10 ERROR neutron_lib.callbacks.manager
File "/var/lib/openstack/lib/python3.10/site-packages/neutron/plugins/ml2/drivers/ovn/mech_driver/ovsdb/ovn_client.py", line 1855, in _update_lrouter_port
2026-06-09 23:35:01.800 10 ERROR neutron_lib.callbacks.manager external_ids = self._nb_idl.db_get(
2026-06-09 23:35:01.800 10 ERROR neutron_lib.callbacks.manager
File "/var/lib/openstack/lib/python3.10/site-packages/ovsdbapp/backend/ovs_idl/command.py", line 47, in execute
2026-06-09 23:35:01.800 10 ERROR neutron_lib.callbacks.manager self.run_idl(None)
2026-06-09 23:35:01.800 10 ERROR neutron_lib.callbacks.manager
File "/var/lib/openstack/lib/python3.10/site-packages/ovsdbapp/backend/ovs_idl/command.py", line 235, in run_idl
2026-06-09 23:35:01.800 10 ERROR neutron_lib.callbacks.manager record = self.api.lookup(self.table, self.record)
2026-06-09 23:35:01.800 10 ERROR neutron_lib.callbacks.manager
File "/var/lib/openstack/lib/python3.10/site-packages/ovsdbapp/backend/ovs_idl/__init__.py", line 184, in lookup
2026-06-09 23:35:01.800 10 ERROR neutron_lib.callbacks.manager return self._lookup(table, record)
2026-06-09 23:35:01.800 10 ERROR neutron_lib.callbacks.manager
File "/var/lib/openstack/lib/python3.10/site-packages/ovsdbapp/backend/ovs_idl/__init__.py", line 235, in _lookup
2026-06-09 23:35:01.800 10 ERROR neutron_lib.callbacks.manager row = idlutils.row_by_value(self, rl.table, rl.column, record)
2026-06-09 23:35:01.800 10 ERROR neutron_lib.callbacks.manager
File "/var/lib/openstack/lib/python3.10/site-packages/ovsdbapp/backend/ovs_idl/idlutils.py", line 114, in row_by_value
2026-06-09 23:35:01.800 10 ERROR neutron_lib.callbacks.manager raise RowNotFound(table=table, col=column, match=match)
2026-06-09 23:35:01.800 10 ERROR neutron_lib.callbacks.manager ovsdbapp.backend.ovs_idl.idlutils.RowNotFound: Cannot find Logical_Router_Port with name=lrp-6fa3f6dd-4dbe-4913-b0c6-a7449d0c3b6c
2026-06-09 23:35:01.800 10 ERROR neutron_lib.callbacks.manager 
2026-06-09 23:35:01.860 9 INFO neutron.wsgi [None req-89f0089a-e661-4bfe-b7cb-995f6c11c7a7 e066d95cbc2e4a5cb9d2d1b2d9f4211f d40f902a49f44382814d2caa704357b9 - - default default] 10.0.0.145 "GET /v2.0/ports HTTP/1.1" status: 200 len: 1732 time: 0.1133940 /var/lib/openstack/lib/python3.10/site-packages/pycadf/identifier.py:71: UserWarning: Invalid uuid: neutron. To ensure interoperability, identifiers should be a valid uuid. warnings.warn(('Invalid uuid: %s. To ensure interoperability, '
2026-06-09 23:35:01.888 10 INFO neutron.pecan_wsgi.hooks.translation [None req-552e07d9-f2d2-4991-b729-c8e507127bf7 e066d95cbc2e4a5cb9d2d1b2d9f4211f d40f902a49f44382814d2caa704357b9 - - default default] GET failed (client error): The resource could not be found.
2026-06-09 23:35:01.890 10 INFO neutron.wsgi [None req-552e07d9-f2d2-4991-b729-c8e507127bf7 e066d95cbc2e4a5cb9d2d1b2d9f4211f d40f902a49f44382814d2caa704357b9 - - default default] 10.0.0.145 "GET /v2.0/ports/68a42bf9-aa84-4f55-8779-b79c3d9f6345 HTTP/1.1" status: 404 len: 333 time: 0.0245664
2026-06-09 23:35:01.957 10 INFO neutron.wsgi [None req-bbe5e7b5-c644-49d0-94ec-1617f1416428 e066d95cbc2e4a5cb9d2d1b2d9f4211f d40f902a49f44382814d2caa704357b9 - - default default] 10.0.0.145 "GET /v2.0/ports HTTP/1.1" status: 200 len: 1732 time: 0.0622506
2026-06-09 23:35:02.034 10 INFO neutron.wsgi [None req-2628cb20-051a-4b48-b536-ace0dd5d6d54 e066d95cbc2e4a5cb9d2d1b2d9f4211f d40f902a49f44382814d2caa704357b9 - - default default] 10.0.0.145 "GET /v2.0/ports/75786739-e0fc-4a7f-9053-f57405e954ac HTTP/1.1" status: 200 len: 972 time: 0.0690794
2026-06-09 23:35:02.062 9 INFO neutron.pecan_wsgi.hooks.translation [None req-d60efd67-38d5-4448-b1c3-c7e9159641d9 e066d95cbc2e4a5cb9d2d1b2d9f4211f d40f902a49f44382814d2caa704357b9 - - default default] DELETE failed (client error): The resource could not be found.
2026-06-09 23:35:02.065 9 INFO neutron.wsgi [None req-d60efd67-38d5-4448-b1c3-c7e9159641d9 e066d95cbc2e4a5cb9d2d1b2d9f4211f d40f902a49f44382814d2caa704357b9 - - default default] 10.0.0.145 "DELETE /v2.0/ports/4cc75198-428b-48dc-8f9a-5c3c2a38c7f7 HTTP/1.1" status: 404 len: 333 time: 0.0251656
2026-06-09 23:35:02.094 9 INFO neutron.pecan_wsgi.hooks.translation [None req-98c995e0-e500-40e2-af0a-b118716aa60f e066d95cbc2e4a5cb9d2d1b2d9f4211f d40f902a49f44382814d2caa704357b9 - - default default] DELETE failed (client error): The resource could not be found.
2026-06-09 23:35:02.097 9 INFO neutron.wsgi [None req-98c995e0-e500-40e2-af0a-b118716aa60f e066d95cbc2e4a5cb9d2d1b2d9f4211f d40f902a49f44382814d2caa704357b9 - - default default] 10.0.0.145 "DELETE /v2.0/subnets/e7e71699-523d-4c83-8e7b-f899b3bd7d9f HTTP/1.1" status: 404 len: 337 time: 0.0260866
2026-06-09 23:35:02.108 10 INFO neutron.db.ovn_revision_numbers_db [None req-3f0b5d3d-dfdf-4abc-93ce-f0f3708de79b 73f0c3fba5e94654a3c47eaff1da2620 1002161fcaf940fa848bc1c4fc804a02 - - default default] Successfully bumped revision number for resource 6fa3f6dd-4dbe-4913-b0c6-a7449d0c3b6c (type: ports) to 3
2026-06-09 23:35:02.119 9 INFO neutron.pecan_wsgi.hooks.translation [None req-57945cbf-821b-44ae-b0ce-6c46c68217b3 e066d95cbc2e4a5cb9d2d1b2d9f4211f d40f902a49f44382814d2caa704357b9 - - default default] DELETE failed (client error): The resource could not be found.
2026-06-09 23:35:02.122 9 INFO neutron.wsgi [None req-57945cbf-821b-44ae-b0ce-6c46c68217b3 e066d95cbc2e4a5cb9d2d1b2d9f4211f d40f902a49f44382814d2caa704357b9 - - default default] 10.0.0.145 "DELETE /v2.0/subnets/61acc31e-c1eb-484d-ab51-45ee7783934a HTTP/1.1" status: 404 len: 337 time: 0.0200472
2026-06-09 23:35:02.209 10 WARNING neutron.scheduler.dhcp_agent_scheduler [None req-3f0b5d3d-dfdf-4abc-93ce-f0f3708de79b 73f0c3fba5e94654a3c47eaff1da2620 1002161fcaf940fa848bc1c4fc804a02 - - default default] No more DHCP agents
2026-06-09 23:35:02.211 10 WARNING neutron.api.rpc.agentnotifiers.dhcp_rpc_agent_api [None req-3f0b5d3d-dfdf-4abc-93ce-f0f3708de79b 73f0c3fba5e94654a3c47eaff1da2620 1002161fcaf940fa848bc1c4fc804a02 - - default default] Unable to schedule network 15941dd3-fd34-4c75-add9-0e753831ac2c: no agents available; will retry on subsequent port and subnet creation events.
2026-06-09 23:35:02.224 9 INFO neutron.db.ovn_revision_numbers_db [None req-25ab1634-e497-4340-8871-bdbff941d8c5 838187f134094579ae582ee7acd150f3 bee5f3d9d67e40d4a51df0c1b6600e0e - - default default] Successfully bumped revision number for resource 74381820-1015-4d3d-89ee-937da9e09a77 (type: security_groups) to 1
2026-06-09 23:35:02.240 9 INFO neutron.db.ovn_revision_numbers_db [None req-25ab1634-e497-4340-8871-bdbff941d8c5 838187f134094579ae582ee7acd150f3 bee5f3d9d67e40d4a51df0c1b6600e0e - - default default] Successfully bumped revision number for resource 2779b3d2-4da7-4a43-b99c-4a775528e9ce (type: security_group_rules) to 0
2026-06-09 23:35:02.259 9 INFO neutron.db.ovn_revision_numbers_db [None req-25ab1634-e497-4340-8871-bdbff941d8c5 838187f134094579ae582ee7acd150f3 bee5f3d9d67e40d4a51df0c1b6600e0e - - default default] Successfully bumped revision number for resource 834eaf75-9c78-4746-9ae7-0a7502f7eba0 (type: security_group_rules) to 0
2026-06-09 23:35:02.278 9 INFO neutron.db.ovn_revision_numbers_db [None req-25ab1634-e497-4340-8871-bdbff941d8c5 838187f134094579ae582ee7acd150f3 bee5f3d9d67e40d4a51df0c1b6600e0e - - default default] Successfully bumped revision number for resource 9f406bb3-9c13-4c60-81b0-49d6e6fb9d5e (type: security_group_rules) to 0
2026-06-09 23:35:02.295 9 INFO neutron.db.ovn_revision_numbers_db [None req-25ab1634-e497-4340-8871-bdbff941d8c5 838187f134094579ae582ee7acd150f3 bee5f3d9d67e40d4a51df0c1b6600e0e - - default default] Successfully bumped revision number for resource e35c8433-f024-4417-a687-c2cb3baa6ec8 (type: security_group_rules) to 0
2026-06-09 23:35:02.327 9 INFO neutron.wsgi [None req-25ab1634-e497-4340-8871-bdbff941d8c5 838187f134094579ae582ee7acd150f3 bee5f3d9d67e40d4a51df0c1b6600e0e - - default default] 10.0.0.145 "GET /v2.0/security-groups?tenant_id=77f4945ec86a45dfb089cf3b25701e89&name=default HTTP/1.1" status: 200 len: 3120 time: 0.4661644
2026-06-09 23:35:02.439 10 INFO neutron.db.ovn_revision_numbers_db [None req-3f0b5d3d-dfdf-4abc-93ce-f0f3708de79b 73f0c3fba5e94654a3c47eaff1da2620 1002161fcaf940fa848bc1c4fc804a02 - - default default] Successfully bumped revision number for resource 6fa3f6dd-4dbe-4913-b0c6-a7449d0c3b6c (type: router_ports) to 3
2026-06-09 23:35:02.446 10 INFO neutron.wsgi [None req-3f0b5d3d-dfdf-4abc-93ce-f0f3708de79b 73f0c3fba5e94654a3c47eaff1da2620 1002161fcaf940fa848bc1c4fc804a02 - - default default] 10.0.0.145 "PUT /v2.0/routers/fe2dc09a-0e98-4d79-8697-ff6deac56408/add_router_interface HTTP/1.1" status: 200 len: 503 time: 3.0384958
2026-06-09 23:35:02.522 10 INFO neutron.wsgi [None req-bd8b3f34-2094-4d4e-b220-2b5beada9b00 e066d95cbc2e4a5cb9d2d1b2d9f4211f d40f902a49f44382814d2caa704357b9 - - default default] 10.0.0.145 "DELETE /v2.0/ports/75786739-e0fc-4a7f-9053-f57405e954ac HTTP/1.1" status: 204 len: 168 time: 0.3932891
2026-06-09 23:35:02.554 10 INFO neutron.wsgi [None req-75b8d41d-9fac-432b-b882-e865e42a46f0 73f0c3fba5e94654a3c47eaff1da2620 1002161fcaf940fa848bc1c4fc804a02 - - default default] 10.0.0.145 "GET /v2.0/ports/6fa3f6dd-4dbe-4913-b0c6-a7449d0c3b6c HTTP/1.1" status: 200 len: 1204 time: 0.1027424
2026-06-09 23:35:02.567 10 INFO neutron.wsgi [-] 10.0.0.84 "GET / HTTP/1.1" status: 200 len: 246 time: 0.0023799
2026-06-09 23:35:02.567 9 INFO neutron.wsgi [-] 10.0.0.84 "GET / HTTP/1.1" status: 200 len: 246 time: 0.0016823
2026-06-09 23:35:02.631 9 INFO neutron.wsgi [None req-8b7e6df7-2a86-4dea-b1cd-000e5beeeaa3 838187f134094579ae582ee7acd150f3 bee5f3d9d67e40d4a51df0c1b6600e0e - - default default] 10.0.0.145 "DELETE /v2.0/security-groups/74381820-1015-4d3d-89ee-937da9e09a77 HTTP/1.1" status: 204 len: 168 time: 0.2986250 /var/lib/openstack/lib/python3.10/site-packages/pycadf/identifier.py:71: UserWarning: Invalid uuid: neutron. To ensure interoperability, identifiers should be a valid uuid. warnings.warn(('Invalid uuid: %s. To ensure interoperability, '
2026-06-09 23:35:02.912 9 INFO neutron.services.segments.plugin [-] Segment 5977dcc5-aed0-4fc4-a4ed-73741c7ca0be resource provider aggregate not found
2026-06-09 23:35:02.918 9 INFO neutron.services.segments.plugin [-] Segment 5977dcc5-aed0-4fc4-a4ed-73741c7ca0be resource provider aggregate not found
2026-06-09 23:35:02.926 9 INFO neutron.services.segments.plugin [-] Segment 5977dcc5-aed0-4fc4-a4ed-73741c7ca0be resource provider not found; error: Placement Client Error (4xx): {"errors": [{"status": 404, "title": "Not Found", "detail": "The resource could not be found.\n\n No resource provider with uuid 5977dcc5-aed0-4fc4-a4ed-73741c7ca0be found for delete ", "request_id": "req-293c09e3-8c8e-4975-a8a8-4925cc5a057c"}]}
2026-06-09 23:35:02.928 10 INFO neutron.db.ovn_revision_numbers_db [None req-bebc3ca3-0686-4faf-988a-d003d7fd4764 838187f134094579ae582ee7acd150f3 bee5f3d9d67e40d4a51df0c1b6600e0e - - default default] Successfully bumped revision number for resource 7c5d353d-be58-4852-8159-5cbae0d0761e (type: security_groups) to 1
2026-06-09 23:35:02.929 9 INFO neutron.services.segments.plugin [-] Segment 5977dcc5-aed0-4fc4-a4ed-73741c7ca0be resource provider not found; error: Placement Client Error (4xx): {"errors": [{"status": 404, "title": "Not Found", "detail": "The resource could not be found.\n\n No resource provider with uuid 5977dcc5-aed0-4fc4-a4ed-73741c7ca0be found for delete ", "request_id": "req-6e66b9fd-6359-4fbc-a170-7e1409d8dff3"}]}
2026-06-09 23:35:02.950 10 INFO neutron.db.ovn_revision_numbers_db [None req-bebc3ca3-0686-4faf-988a-d003d7fd4764 838187f134094579ae582ee7acd150f3 bee5f3d9d67e40d4a51df0c1b6600e0e - - default default] Successfully bumped revision number for resource 3c21653c-e119-4be2-bba0-94b419c95fc7 (type: security_group_rules) to 0
2026-06-09 23:35:02.953 9 INFO neutron.wsgi [None req-a4faa347-34f0-4886-92df-b6eca0fea0e7 e066d95cbc2e4a5cb9d2d1b2d9f4211f d40f902a49f44382814d2caa704357b9 - - default default] 10.0.0.145 "DELETE /v2.0/networks/bd387528-35e9-4f1b-9c85-24407a066692 HTTP/1.1" status: 204 len: 168 time: 0.4250090
2026-06-09 23:35:02.971 10 INFO neutron.db.ovn_revision_numbers_db [None req-bebc3ca3-0686-4faf-988a-d003d7fd4764 838187f134094579ae582ee7acd150f3 bee5f3d9d67e40d4a51df0c1b6600e0e - - default default] Successfully bumped revision number for resource 86969c91-8c84-4004-9237-c00cf6bb3640 (type: security_group_rules) to 0
2026-06-09 23:35:02.998 10 INFO neutron.db.ovn_revision_numbers_db [None req-bebc3ca3-0686-4faf-988a-d003d7fd4764 838187f134094579ae582ee7acd150f3 bee5f3d9d67e40d4a51df0c1b6600e0e - - default default] Successfully bumped revision number for resource 8935352f-2805-450b-b564-e53fcbd251cb (type: security_group_rules) to 0
2026-06-09 23:35:03.025 10 INFO neutron.db.ovn_revision_numbers_db [None req-bebc3ca3-0686-4faf-988a-d003d7fd4764 838187f134094579ae582ee7acd150f3 bee5f3d9d67e40d4a51df0c1b6600e0e - - default default] Successfully bumped revision number for resource e599199a-c0a0-4fb5-b41a-9a98beb2fb34 (type: security_group_rules) to 0
2026-06-09 23:35:03.055 10 INFO neutron.wsgi [None req-bebc3ca3-0686-4faf-988a-d003d7fd4764 838187f134094579ae582ee7acd150f3 bee5f3d9d67e40d4a51df0c1b6600e0e - - default default] 10.0.0.145 "GET /v2.0/security-groups?tenant_id=6ee659f5c1f244149e1746ecb254d51c&name=default HTTP/1.1" status: 200 len: 3120 time: 0.3281732
2026-06-09 23:35:03.314 9 INFO neutron.wsgi [None req-1f4e7325-82e3-4600-953e-8212b5ed8811 838187f134094579ae582ee7acd150f3 bee5f3d9d67e40d4a51df0c1b6600e0e - - default default] 10.0.0.145 "DELETE /v2.0/security-groups/7c5d353d-be58-4852-8159-5cbae0d0761e HTTP/1.1" status: 204 len: 168 time: 0.2534523
2026-06-09 23:35:03.388 10 INFO neutron.wsgi [None req-17570fec-4139-404e-a02c-97ddfe14b38f 73f0c3fba5e94654a3c47eaff1da2620 1002161fcaf940fa848bc1c4fc804a02 - - default default] 10.0.0.145 "PUT /v2.0/routers/fe2dc09a-0e98-4d79-8697-ff6deac56408/remove_router_interface HTTP/1.1" status: 200 len: 503 time: 0.8297980 /var/lib/openstack/lib/python3.10/site-packages/pycadf/identifier.py:71: UserWarning: Invalid uuid: neutron. To ensure interoperability, identifiers should be a valid uuid. warnings.warn(('Invalid uuid: %s. To ensure interoperability, '
2026-06-09 23:35:03.467 10 INFO neutron.api.v2.resource [None req-a07dbd1a-19b0-476c-95f6-aa46b679c7fd 73f0c3fba5e94654a3c47eaff1da2620 1002161fcaf940fa848bc1c4fc804a02 - - default default] remove_router_interface failed (client error): The resource could not be found.
