2026-06-09 23:37:48.023 10 INFO neutron.db.ovn_revision_numbers_db [None req-414833df-95ec-4c5f-8b97-3f69f6dfa8e2 203489e7fccf41ecaf7121d13a9f0726 adbe3cba42df438ab205ce020477ab89 - - default default] Successfully bumped revision number for resource 90068862-3e68-43af-bf3c-c676ed3e2e3d (type: networks) to 1
2026-06-09 23:37:48.216 10 WARNING neutron.scheduler.dhcp_agent_scheduler [None req-414833df-95ec-4c5f-8b97-3f69f6dfa8e2 203489e7fccf41ecaf7121d13a9f0726 adbe3cba42df438ab205ce020477ab89 - - default default] No more DHCP agents
2026-06-09 23:37:48.221 10 WARNING neutron.api.rpc.agentnotifiers.dhcp_rpc_agent_api [None req-414833df-95ec-4c5f-8b97-3f69f6dfa8e2 203489e7fccf41ecaf7121d13a9f0726 adbe3cba42df438ab205ce020477ab89 - - default default] Unable to schedule network 90068862-3e68-43af-bf3c-c676ed3e2e3d: no agents available; will retry on subsequent port and subnet creation events.
2026-06-09 23:37:48.351 10 INFO neutron.db.ovn_revision_numbers_db [None req-414833df-95ec-4c5f-8b97-3f69f6dfa8e2 203489e7fccf41ecaf7121d13a9f0726 adbe3cba42df438ab205ce020477ab89 - - default default] Successfully bumped revision number for resource ff159454-813d-4e0b-896c-91354fdcd2d5 (type: ports) to 1
2026-06-09 23:37:48.380 10 INFO neutron.wsgi [None req-414833df-95ec-4c5f-8b97-3f69f6dfa8e2 203489e7fccf41ecaf7121d13a9f0726 adbe3cba42df438ab205ce020477ab89 - - default default] 10.0.0.145 "POST /v2.0/networks HTTP/1.1" status: 201 len: 831 time: 1.0516000
2026-06-09 23:37:48.392 10 WARNING neutron_lib.context [None req-cebdb4de-5fb0-4a1f-9039-f50ff3dd0ce5 203489e7fccf41ecaf7121d13a9f0726 adbe3cba42df438ab205ce020477ab89 - - default default] Method 'is_advsvc' is deprecated since 2023.2 release (neutron-lib 3.8.0) and will be removed once support for the old RBAC API policies will be removed from Neutron. Please use method 'is_service_role' instead.
2026-06-09 23:37:48.439 9 INFO neutron.services.segments.plugin [-] Segment e2a59f34-fab4-473a-bc12-621236ca7056 resource provider aggregate not found
2026-06-09 23:37:48.444 9 INFO neutron.services.segments.plugin [-] Segment e2a59f34-fab4-473a-bc12-621236ca7056 resource provider aggregate not found
2026-06-09 23:37:48.467 9 INFO neutron.services.segments.plugin [-] Segment e2a59f34-fab4-473a-bc12-621236ca7056 resource provider not found; error: Placement Client Error (4xx): {"errors": [{"status": 404, "title": "Not Found", "detail": "The resource could not be found.\n\n No resource provider with uuid e2a59f34-fab4-473a-bc12-621236ca7056 found for delete ", "request_id": "req-7caf45ac-cc61-4528-92aa-acd96d7f1353"}]}
2026-06-09 23:37:48.468 9 INFO neutron.services.segments.plugin [-] Segment e2a59f34-fab4-473a-bc12-621236ca7056 resource provider not found; error: Placement Client Error (4xx): {"errors": [{"status": 404, "title": "Not Found", "detail": "The resource could not be found.\n\n No resource provider with uuid e2a59f34-fab4-473a-bc12-621236ca7056 found for delete ", "request_id": "req-67409a23-dfb2-4700-9d86-f7115c6012c0"}]}
2026-06-09 23:37:48.477 9 INFO neutron.wsgi [None req-7f360002-4bd0-490d-9fa7-cd2a9e43ffdb fa00dd3c2a1d45be8ee8990b62945978 42cc1433d6cd429dafd98a4c29cb10ac - - default default] 10.0.0.145 "DELETE /v2.0/networks/99103342-6093-48c4-8191-bc1027f69fce HTTP/1.1" status: 204 len: 168 time: 0.4943895
2026-06-09 23:37:48.650 10 WARNING neutron.scheduler.dhcp_agent_scheduler [None req-cebdb4de-5fb0-4a1f-9039-f50ff3dd0ce5 203489e7fccf41ecaf7121d13a9f0726 adbe3cba42df438ab205ce020477ab89 - - default default] No more DHCP agents
2026-06-09 23:37:48.653 10 WARNING neutron.api.rpc.agentnotifiers.dhcp_rpc_agent_api [None req-cebdb4de-5fb0-4a1f-9039-f50ff3dd0ce5 203489e7fccf41ecaf7121d13a9f0726 adbe3cba42df438ab205ce020477ab89 - - default default] Unable to schedule network 90068862-3e68-43af-bf3c-c676ed3e2e3d: no agents available; will retry on subsequent port and subnet creation events.
2026-06-09 23:37:49.167 10 INFO neutron.db.ovn_revision_numbers_db [None req-cebdb4de-5fb0-4a1f-9039-f50ff3dd0ce5 203489e7fccf41ecaf7121d13a9f0726 adbe3cba42df438ab205ce020477ab89 - - default default] Successfully bumped revision number for resource ff159454-813d-4e0b-896c-91354fdcd2d5 (type: ports) to 2
2026-06-09 23:37:49.206 10 INFO neutron.db.ovn_revision_numbers_db [None req-cebdb4de-5fb0-4a1f-9039-f50ff3dd0ce5 203489e7fccf41ecaf7121d13a9f0726 adbe3cba42df438ab205ce020477ab89 - - default default] Successfully bumped revision number for resource cdf811eb-1a9b-44e8-86d2-95e54c0d7dcf (type: subnets) to 0
2026-06-09 23:37:49.225 10 INFO neutron.wsgi [None req-cebdb4de-5fb0-4a1f-9039-f50ff3dd0ce5 203489e7fccf41ecaf7121d13a9f0726 adbe3cba42df438ab205ce020477ab89 - - default default] 10.0.0.145 "POST /v2.0/subnets HTTP/1.1" status: 201 len: 801 time: 0.8385377
2026-06-09 23:37:49.313 10 INFO neutron.wsgi [None req-172a2a19-70a6-403f-bcd0-2ea6bba6ea8c 203489e7fccf41ecaf7121d13a9f0726 adbe3cba42df438ab205ce020477ab89 - - default default] 10.0.0.145 "PUT /v2.0/subnets/cdf811eb-1a9b-44e8-86d2-95e54c0d7dcf/tags HTTP/1.1" status: 200 len: 218 time: 0.0816324
2026-06-09 23:37:49.386 9 INFO neutron.wsgi [None req-babac4f8-2ea8-4c17-af61-f62a6b21af6c 203489e7fccf41ecaf7121d13a9f0726 adbe3cba42df438ab205ce020477ab89 - - default default] 10.0.0.145 "GET /v2.0/subnets/cdf811eb-1a9b-44e8-86d2-95e54c0d7dcf/tags HTTP/1.1" status: 200 len: 218 time: 0.0632319
2026-06-09 23:37:49.435 9 INFO neutron.db.ovn_revision_numbers_db [None req-dee91e42-82b9-410d-9ed3-a8f479351eaf 838187f134094579ae582ee7acd150f3 bee5f3d9d67e40d4a51df0c1b6600e0e - - default default] Successfully bumped revision number for resource 491d6c8b-73a7-4ddb-94fb-ad68d59a0b71 (type: security_groups) to 1
2026-06-09 23:37:49.450 9 INFO neutron.wsgi [None req-35a23530-5dcb-4e08-951c-717882bfa875 203489e7fccf41ecaf7121d13a9f0726 adbe3cba42df438ab205ce020477ab89 - - default default] 10.0.0.145 "PUT /v2.0/subnets/cdf811eb-1a9b-44e8-86d2-95e54c0d7dcf/tags/green HTTP/1.1" status: 201 len: 201 time: 0.0613859
2026-06-09 23:37:49.451 9 INFO neutron.db.ovn_revision_numbers_db [None req-dee91e42-82b9-410d-9ed3-a8f479351eaf 838187f134094579ae582ee7acd150f3 bee5f3d9d67e40d4a51df0c1b6600e0e - - default default] Successfully bumped revision number for resource 1a132f19-6c6e-49d3-a8bb-e02d4d7de510 (type: security_group_rules) to 0
2026-06-09 23:37:49.465 9 INFO neutron.db.ovn_revision_numbers_db [None req-dee91e42-82b9-410d-9ed3-a8f479351eaf 838187f134094579ae582ee7acd150f3 bee5f3d9d67e40d4a51df0c1b6600e0e - - default default] Successfully bumped revision number for resource 4383b945-b768-407e-99d2-4c909de4ca1e (type: security_group_rules) to 0
2026-06-09 23:37:49.493 9 INFO neutron.db.ovn_revision_numbers_db [None req-dee91e42-82b9-410d-9ed3-a8f479351eaf 838187f134094579ae582ee7acd150f3 bee5f3d9d67e40d4a51df0c1b6600e0e - - default default] Successfully bumped revision number for resource 6702e1ee-8b7b-47f7-80c5-3887e4bc1a21 (type: security_group_rules) to 0
2026-06-09 23:37:49.500 10 INFO neutron.wsgi [None req-41172715-f066-4764-a29e-de4f96edbe93 203489e7fccf41ecaf7121d13a9f0726 adbe3cba42df438ab205ce020477ab89 - - default default] 10.0.0.145 "GET /v2.0/subnets/cdf811eb-1a9b-44e8-86d2-95e54c0d7dcf/tags HTTP/1.1" status: 200 len: 227 time: 0.0453236
2026-06-09 23:37:49.511 9 INFO neutron.db.ovn_revision_numbers_db [None req-dee91e42-82b9-410d-9ed3-a8f479351eaf 838187f134094579ae582ee7acd150f3 bee5f3d9d67e40d4a51df0c1b6600e0e - - default default] Successfully bumped revision number for resource 73239223-132d-41c3-b6f8-3a5595f53dc1 (type: security_group_rules) to 0
2026-06-09 23:37:49.532 9 INFO neutron.wsgi [None req-dee91e42-82b9-410d-9ed3-a8f479351eaf 838187f134094579ae582ee7acd150f3 bee5f3d9d67e40d4a51df0c1b6600e0e - - default default] 10.0.0.145 "GET /v2.0/security-groups?tenant_id=9610e499753a4e24a63177c774f9bb4a&name=default HTTP/1.1" status: 200 len: 3124 time: 0.3909941
2026-06-09 23:37:49.544 10 INFO neutron.wsgi [None req-176cbe1f-c29f-4ce4-a4d0-787c97553afc 203489e7fccf41ecaf7121d13a9f0726 adbe3cba42df438ab205ce020477ab89 - - default default] 10.0.0.145 "PUT /v2.0/subnets/cdf811eb-1a9b-44e8-86d2-95e54c0d7dcf/tags/red HTTP/1.1" status: 201 len: 201 time: 0.0401506
2026-06-09 23:37:49.586 10 INFO neutron.wsgi [None req-7821fc45-b7cb-4d90-8d7c-438aa70ddd2b 203489e7fccf41ecaf7121d13a9f0726 adbe3cba42df438ab205ce020477ab89 - - default default] 10.0.0.145 "GET /v2.0/subnets/cdf811eb-1a9b-44e8-86d2-95e54c0d7dcf/tags HTTP/1.1" status: 200 len: 227 time: 0.0384681
2026-06-09 23:37:49.640 10 INFO neutron.wsgi [None req-d0250bd5-299d-48ed-a66a-bca64a802d28 203489e7fccf41ecaf7121d13a9f0726 adbe3cba42df438ab205ce020477ab89 - - default default] 10.0.0.145 "PUT /v2.0/subnets/cdf811eb-1a9b-44e8-86d2-95e54c0d7dcf/tags/black.or.white HTTP/1.1" status: 201 len: 201 time: 0.0481834
2026-06-09 23:37:49.681 10 INFO neutron.wsgi [None req-9f74000c-416a-4403-9479-161ebe7ead0f 203489e7fccf41ecaf7121d13a9f0726 adbe3cba42df438ab205ce020477ab89 - - default default] 10.0.0.145 "GET /v2.0/subnets/cdf811eb-1a9b-44e8-86d2-95e54c0d7dcf/tags HTTP/1.1" status: 200 len: 245 time: 0.0335598
2026-06-09 23:37:49.749 10 INFO neutron.wsgi [None req-9a558b65-0562-4674-a188-030df33e144e 203489e7fccf41ecaf7121d13a9f0726 adbe3cba42df438ab205ce020477ab89 - - default default] 10.0.0.145 "PUT /v2.0/subnets/cdf811eb-1a9b-44e8-86d2-95e54c0d7dcf/tags HTTP/1.1" status: 200 len: 230 time: 0.0610132
2026-06-09 23:37:49.760 9 INFO neutron.wsgi [None req-0d948e0f-be9b-454f-9d17-c2ee392dd97c 838187f134094579ae582ee7acd150f3 bee5f3d9d67e40d4a51df0c1b6600e0e - - default default] 10.0.0.145 "DELETE /v2.0/security-groups/491d6c8b-73a7-4ddb-94fb-ad68d59a0b71 HTTP/1.1" status: 204 len: 168 time: 0.2227447
2026-06-09 23:37:49.793 10 INFO neutron.wsgi [None req-7c5fa059-096e-4873-a8ff-501006f9941a 203489e7fccf41ecaf7121d13a9f0726 adbe3cba42df438ab205ce020477ab89 - - default default] 10.0.0.145 "GET /v2.0/subnets/cdf811eb-1a9b-44e8-86d2-95e54c0d7dcf/tags HTTP/1.1" status: 200 len: 230 time: 0.0373211
2026-06-09 23:37:49.843 10 INFO neutron.wsgi [None req-a0a8bc0c-1b08-43cb-a763-744bfba28e1a 203489e7fccf41ecaf7121d13a9f0726 adbe3cba42df438ab205ce020477ab89 - - default default] 10.0.0.145 "GET /v2.0/subnets/cdf811eb-1a9b-44e8-86d2-95e54c0d7dcf/tags/red HTTP/1.1" status: 204 len: 168 time: 0.0431051
2026-06-09 23:37:49.879 10 INFO neutron.api.v2.resource [None req-34eecd6c-5699-4add-a262-4adce15854fc 203489e7fccf41ecaf7121d13a9f0726 adbe3cba42df438ab205ce020477ab89 - - default default] show failed (client error): The resource could not be found.
2026-06-09 23:37:49.880 10 INFO neutron.wsgi [None req-34eecd6c-5699-4add-a262-4adce15854fc 203489e7fccf41ecaf7121d13a9f0726 adbe3cba42df438ab205ce020477ab89 - - default default] 10.0.0.145 "GET /v2.0/subnets/cdf811eb-1a9b-44e8-86d2-95e54c0d7dcf/tags/green HTTP/1.1" status: 404 len: 299 time: 0.0336130
2026-06-09 23:37:49.941 10 INFO neutron.wsgi [None req-686a9c8a-844f-4eb6-bae8-b2138b608666 203489e7fccf41ecaf7121d13a9f0726 adbe3cba42df438ab205ce020477ab89 - - default default] 10.0.0.145 "DELETE /v2.0/subnets/cdf811eb-1a9b-44e8-86d2-95e54c0d7dcf/tags/red HTTP/1.1" status: 204 len: 168 time: 0.0512669
2026-06-09 23:37:49.942 9 INFO neutron.wsgi [None req-3eeb827d-045b-4c52-8b0d-8b907e32312e 838187f134094579ae582ee7acd150f3 bee5f3d9d67e40d4a51df0c1b6600e0e - - default default] 10.0.0.145 "GET /v2.0/security-groups?tenant_id=42cc1433d6cd429dafd98a4c29cb10ac&name=default HTTP/1.1" status: 200 len: 3120 time: 0.0362267
2026-06-09 23:37:49.983 10 INFO neutron.wsgi [None req-4c083a99-0cbf-4fb4-9033-2966463d2bbe 203489e7fccf41ecaf7121d13a9f0726 adbe3cba42df438ab205ce020477ab89 - - default default] 10.0.0.145 "GET /v2.0/subnets/cdf811eb-1a9b-44e8-86d2-95e54c0d7dcf/tags HTTP/1.1" status: 200 len: 223 time: 0.0369561
2026-06-09 23:37:50.040 9 INFO neutron.api.v2.resource [None req-fa8bd00b-a291-451b-9fb5-a2339f88dfbe 203489e7fccf41ecaf7121d13a9f0726 adbe3cba42df438ab205ce020477ab89 - - default default] delete failed (client error): The resource could not be found.
2026-06-09 23:37:50.041 9 INFO neutron.wsgi [None req-fa8bd00b-a291-451b-9fb5-a2339f88dfbe 203489e7fccf41ecaf7121d13a9f0726 adbe3cba42df438ab205ce020477ab89 - - default default] 10.0.0.145 "DELETE /v2.0/subnets/cdf811eb-1a9b-44e8-86d2-95e54c0d7dcf/tags/green HTTP/1.1" status: 404 len: 299 time: 0.0520060
2026-06-09 23:37:50.135 9 INFO neutron.wsgi [None req-a6ea0adb-dbf2-4646-95ce-fa8240c0a0f7 203489e7fccf41ecaf7121d13a9f0726 adbe3cba42df438ab205ce020477ab89 - - default default] 10.0.0.145 "DELETE /v2.0/subnets/cdf811eb-1a9b-44e8-86d2-95e54c0d7dcf/tags HTTP/1.1" status: 204 len: 168 time: 0.0886726
2026-06-09 23:37:50.178 10 INFO neutron.wsgi [None req-ad7e16cd-46c3-4bfa-a90d-b64b8bcd377b 203489e7fccf41ecaf7121d13a9f0726 adbe3cba42df438ab205ce020477ab89 - - default default] 10.0.0.145 "GET /v2.0/subnets/cdf811eb-1a9b-44e8-86d2-95e54c0d7dcf/tags HTTP/1.1" status: 200 len: 205 time: 0.0386369
2026-06-09 23:37:50.259 9 INFO neutron.wsgi [None req-86a03cf6-b993-4c4f-b949-59bc3c12877a 838187f134094579ae582ee7acd150f3 bee5f3d9d67e40d4a51df0c1b6600e0e - - default default] 10.0.0.145 "DELETE /v2.0/security-groups/3cf1bbef-6ac3-494a-8a1a-541a519b8442 HTTP/1.1" status: 204 len: 168 time: 0.3125961
2026-06-09 23:37:50.469 9 INFO neutron.wsgi [None req-a39ab42b-34e3-46a0-af4e-5b3bd81f808d 203489e7fccf41ecaf7121d13a9f0726 adbe3cba42df438ab205ce020477ab89 - - default default] 10.0.0.145 "DELETE /v2.0/subnets/cdf811eb-1a9b-44e8-86d2-95e54c0d7dcf HTTP/1.1" status: 204 len: 168 time: 0.2856431
2026-06-09 23:37:50.850 10 WARNING neutron_lib.context [None req-4919bcb9-6f57-47bb-8c84-779831d09484 95795885055a413dacf7d593a16e0787 0c5f4a5451be436e89fb498f15409147 - - default default] Method 'is_advsvc' is deprecated since 2023.2 release (neutron-lib 3.8.0) and will be removed once support for the old RBAC API policies will be removed from Neutron. Please use method 'is_service_role' instead.
2026-06-09 23:37:50.869 9 INFO neutron.services.segments.plugin [-] Segment c3580779-69aa-481b-8bd7-bb8865f6e7d6 resource provider aggregate not found
2026-06-09 23:37:50.874 9 INFO neutron.services.segments.plugin [-] Segment c3580779-69aa-481b-8bd7-bb8865f6e7d6 resource provider aggregate not found
2026-06-09 23:37:50.887 9 INFO neutron.services.segments.plugin [-] Segment c3580779-69aa-481b-8bd7-bb8865f6e7d6 resource provider not found; error: Placement Client Error (4xx): {"errors": [{"status": 404, "title": "Not Found", "detail": "The resource could not be found.\n\n No resource provider with uuid c3580779-69aa-481b-8bd7-bb8865f6e7d6 found for delete ", "request_id": "req-d451b381-bd9c-4e12-846d-d36c7e317b79"}]}
2026-06-09 23:37:50.891 9 INFO neutron.services.segments.plugin [-] Segment c3580779-69aa-481b-8bd7-bb8865f6e7d6 resource provider not found; error: Placement Client Error (4xx): {"errors": [{"status": 404, "title": "Not Found", "detail": "The resource could not be found.\n\n No resource provider with uuid c3580779-69aa-481b-8bd7-bb8865f6e7d6 found for delete ", "request_id": "req-f5f47303-0f73-4c7b-924b-4ef74391f52b"}]}
2026-06-09 23:37:50.915 9 INFO neutron.wsgi [None req-ecf80739-b83e-4c40-a565-c78550a78403 203489e7fccf41ecaf7121d13a9f0726 adbe3cba42df438ab205ce020477ab89 - - default default] 10.0.0.145 "DELETE /v2.0/networks/90068862-3e68-43af-bf3c-c676ed3e2e3d HTTP/1.1" status: 204 len: 168 time: 0.4274669
2026-06-09 23:37:50.996 10 INFO neutron.db.ovn_revision_numbers_db [None req-4919bcb9-6f57-47bb-8c84-779831d09484 95795885055a413dacf7d593a16e0787 0c5f4a5451be436e89fb498f15409147 - - default default] Successfully bumped revision number for resource c6ef3ee6-ff39-4248-9908-c6411e4cdfd1 (type: security_groups) to 1
2026-06-09 23:37:51.009 10 INFO neutron.db.ovn_revision_numbers_db [None req-4919bcb9-6f57-47bb-8c84-779831d09484 95795885055a413dacf7d593a16e0787 0c5f4a5451be436e89fb498f15409147 - - default default] Successfully bumped revision number for resource 12983b52-716f-4563-8afa-abd3180d6fcb (type: security_group_rules) to 0
2026-06-09 23:37:51.026 10 INFO neutron.db.ovn_revision_numbers_db [None req-4919bcb9-6f57-47bb-8c84-779831d09484 95795885055a413dacf7d593a16e0787 0c5f4a5451be436e89fb498f15409147 - - default default] Successfully bumped revision number for resource 2cf95a99-3470-4a7d-83b6-79f0d16f2dc2 (type: security_group_rules) to 0
2026-06-09 23:37:51.040 10 INFO neutron.db.ovn_revision_numbers_db [None req-4919bcb9-6f57-47bb-8c84-779831d09484 95795885055a413dacf7d593a16e0787 0c5f4a5451be436e89fb498f15409147 - - default default] Successfully bumped revision number for resource 34b3dd3e-0ca9-4aa3-99be-6000e13bfbae (type: security_group_rules) to 0
2026-06-09 23:37:51.063 10 INFO neutron.db.ovn_revision_numbers_db [None req-4919bcb9-6f57-47bb-8c84-779831d09484 95795885055a413dacf7d593a16e0787 0c5f4a5451be436e89fb498f15409147 - - default default] Successfully bumped revision number for resource 44344b61-51f3-4bc8-bb4f-1b8363b0af35 (type: security_group_rules) to 0
2026-06-09 23:37:51.124 10 INFO neutron.db.segments_db [None req-4919bcb9-6f57-47bb-8c84-779831d09484 95795885055a413dacf7d593a16e0787 0c5f4a5451be436e89fb498f15409147 - - default default] Added segment fc10f1f6-0826-440a-95d8-e6646c39c332 of type geneve for network 4c05298e-43c5-4e6f-829e-cb2cf2df84ed
2026-06-09 23:37:51.265 10 INFO neutron.db.ovn_revision_numbers_db [None req-4919bcb9-6f57-47bb-8c84-779831d09484 95795885055a413dacf7d593a16e0787 0c5f4a5451be436e89fb498f15409147 - - default default] Successfully bumped revision number for resource 4c05298e-43c5-4e6f-829e-cb2cf2df84ed (type: networks) to 1
2026-06-09 23:37:51.453 10 WARNING neutron.scheduler.dhcp_agent_scheduler [None req-4919bcb9-6f57-47bb-8c84-779831d09484 95795885055a413dacf7d593a16e0787 0c5f4a5451be436e89fb498f15409147 - - default default] No more DHCP agents
2026-06-09 23:37:51.454 10 WARNING neutron.api.rpc.agentnotifiers.dhcp_rpc_agent_api [None req-4919bcb9-6f57-47bb-8c84-779831d09484 95795885055a413dacf7d593a16e0787 0c5f4a5451be436e89fb498f15409147 - - default default] Unable to schedule network 4c05298e-43c5-4e6f-829e-cb2cf2df84ed: no agents available; will retry on subsequent port and subnet creation events.
2026-06-09 23:37:51.527 10 INFO neutron.db.ovn_revision_numbers_db [None req-4919bcb9-6f57-47bb-8c84-779831d09484 95795885055a413dacf7d593a16e0787 0c5f4a5451be436e89fb498f15409147 - - default default] Successfully bumped revision number for resource b35a7e69-2fd4-4487-b92c-bf46379693b9 (type: ports) to 1
2026-06-09 23:37:51.549 10 INFO neutron.wsgi [None req-4919bcb9-6f57-47bb-8c84-779831d09484 95795885055a413dacf7d593a16e0787 0c5f4a5451be436e89fb498f15409147 - - default default] 10.0.0.145 "POST /v2.0/networks HTTP/1.1" status: 201 len: 830 time: 0.8975744
2026-06-09 23:37:51.637 10 INFO neutron.wsgi [None req-17b0c698-4911-417b-b30f-0d20cdc05017 95795885055a413dacf7d593a16e0787 0c5f4a5451be436e89fb498f15409147 - - default default] 10.0.0.145 "PUT /v2.0/networks/4c05298e-43c5-4e6f-829e-cb2cf2df84ed/tags HTTP/1.1" status: 200 len: 218 time: 0.0831068
2026-06-09 23:37:51.683 10 INFO neutron.wsgi [None req-66407ceb-affd-4802-b3c7-f319153fa8dc 95795885055a413dacf7d593a16e0787 0c5f4a5451be436e89fb498f15409147 - - default default] 10.0.0.145 "GET /v2.0/networks/4c05298e-43c5-4e6f-829e-cb2cf2df84ed/tags HTTP/1.1" status: 200 len: 218 time: 0.0407338
2026-06-09 23:37:51.758 10 INFO neutron.wsgi [None req-3d36e0c1-70d0-46b0-8bb6-dc2c312db91a 95795885055a413dacf7d593a16e0787 0c5f4a5451be436e89fb498f15409147 - - default default] 10.0.0.145 "PUT /v2.0/networks/4c05298e-43c5-4e6f-829e-cb2cf2df84ed/tags/green HTTP/1.1" status: 201 len: 201 time: 0.0686636
2026-06-09 23:37:51.777 9 INFO neutron.db.ovn_revision_numbers_db [None req-384eb990-adb4-4742-b5a6-ca0ee238c34b 838187f134094579ae582ee7acd150f3 bee5f3d9d67e40d4a51df0c1b6600e0e - - default default] Successfully bumped revision number for resource 9545ee44-12de-4bb1-a818-7d7a09d9d6f7 (type: security_groups) to 1
2026-06-09 23:37:51.789 9 INFO neutron.db.ovn_revision_numbers_db [None req-384eb990-adb4-4742-b5a6-ca0ee238c34b 838187f134094579ae582ee7acd150f3 bee5f3d9d67e40d4a51df0c1b6600e0e - - default default] Successfully bumped revision number for resource 3d9eeaaa-2574-426e-8e67-f07079d96401 (type: security_group_rules) to 0
2026-06-09 23:37:51.804 9 INFO neutron.db.ovn_revision_numbers_db [None req-384eb990-adb4-4742-b5a6-ca0ee238c34b 838187f134094579ae582ee7acd150f3 bee5f3d9d67e40d4a51df0c1b6600e0e - - default default] Successfully bumped revision number for resource 49b3eb12-f3de-4914-920d-871126f67327 (type: security_group_rules) to 0
2026-06-09 23:37:51.810 10 INFO neutron.wsgi [None req-05778057-efc7-4685-9dfc-3d23d34982d9 95795885055a413dacf7d593a16e0787 0c5f4a5451be436e89fb498f15409147 - - default default] 10.0.0.145 "GET /v2.0/networks/4c05298e-43c5-4e6f-829e-cb2cf2df84ed/tags HTTP/1.1" status: 200 len: 227 time: 0.0412211
2026-06-09 23:37:51.817 9 INFO neutron.db.ovn_revision_numbers_db [None req-384eb990-adb4-4742-b5a6-ca0ee238c34b 838187f134094579ae582ee7acd150f3 bee5f3d9d67e40d4a51df0c1b6600e0e - - default default] Successfully bumped revision number for resource 6cb5799f-97e2-4f1b-a003-d96a4a07fe9a (type: security_group_rules) to 0
2026-06-09 23:37:51.830 9 INFO neutron.db.ovn_revision_numbers_db [None req-384eb990-adb4-4742-b5a6-ca0ee238c34b 838187f134094579ae582ee7acd150f3 bee5f3d9d67e40d4a51df0c1b6600e0e - - default default] Successfully bumped revision number for resource 8aba12b9-dc0c-4c92-8faa-c2d85ec89d95 (type: security_group_rules) to 0
2026-06-09 23:37:51.853 9 INFO neutron.wsgi [None req-384eb990-adb4-4742-b5a6-ca0ee238c34b 838187f134094579ae582ee7acd150f3 bee5f3d9d67e40d4a51df0c1b6600e0e - - default default] 10.0.0.145 "GET /v2.0/security-groups?tenant_id=08cefcd84f3b4074a82c2fcba2bb24a3&name=default HTTP/1.1" status: 200 len: 3124 time: 0.3816385
2026-06-09 23:37:51.858 10 INFO neutron.wsgi [None req-667dd195-89ba-4e63-803d-db4a2332411f 95795885055a413dacf7d593a16e0787 0c5f4a5451be436e89fb498f15409147 - - default default] 10.0.0.145 "PUT /v2.0/networks/4c05298e-43c5-4e6f-829e-cb2cf2df84ed/tags/red HTTP/1.1" status: 201 len: 201 time: 0.0420804
2026-06-09 23:37:51.909 10 INFO neutron.wsgi [None req-10396b8c-bc5b-492e-807d-ce791f67d726 95795885055a413dacf7d593a16e0787 0c5f4a5451be436e89fb498f15409147 - - default default] 10.0.0.145 "GET /v2.0/networks/4c05298e-43c5-4e6f-829e-cb2cf2df84ed/tags HTTP/1.1" status: 200 len: 227 time: 0.0453932
2026-06-09 23:37:51.969 10 INFO neutron.wsgi [None req-700cbefd-caac-4dfe-9f95-b15377cf7429 95795885055a413dacf7d593a16e0787 0c5f4a5451be436e89fb498f15409147 - - default default] 10.0.0.145 "PUT /v2.0/networks/4c05298e-43c5-4e6f-829e-cb2cf2df84ed/tags/black.or.white HTTP/1.1" status: 201 len: 201 time: 0.0536430
2026-06-09 23:37:52.013 10 INFO neutron.wsgi [None req-3cec4d4a-f970-4782-9b8a-d580f84d60be 95795885055a413dacf7d593a16e0787 0c5f4a5451be436e89fb498f15409147 - - default default] 10.0.0.145 "GET /v2.0/networks/4c05298e-43c5-4e6f-829e-cb2cf2df84ed/tags HTTP/1.1" status: 200 len: 245 time: 0.0391774
2026-06-09 23:37:52.055 9 INFO neutron.wsgi [None req-0276bb8b-9f1e-407c-9a1f-0ee6583ed3c2 838187f134094579ae582ee7acd150f3 bee5f3d9d67e40d4a51df0c1b6600e0e - - default default] 10.0.0.145 "DELETE /v2.0/security-groups/9545ee44-12de-4bb1-a818-7d7a09d9d6f7 HTTP/1.1" status: 204 len: 168 time: 0.1975620
2026-06-09 23:37:52.079 10 INFO neutron.wsgi [None req-58ae5e44-3d31-4bbf-a3d0-cec0278f3cbc 95795885055a413dacf7d593a16e0787 0c5f4a5451be436e89fb498f15409147 - - default default] 10.0.0.145 "PUT /v2.0/networks/4c05298e-43c5-4e6f-829e-cb2cf2df84ed/tags HTTP/1.1" status: 200 len: 230 time: 0.0604866
2026-06-09 23:37:52.123 10 INFO neutron.wsgi [None req-02dac1e5-239b-4ff9-80a2-dcf8ef11d5a5 95795885055a413dacf7d593a16e0787 0c5f4a5451be436e89fb498f15409147 - - default default] 10.0.0.145 "GET /v2.0/networks/4c05298e-43c5-4e6f-829e-cb2cf2df84ed/tags HTTP/1.1" status: 200 len: 230 time: 0.0391545
2026-06-09 23:37:52.171 10 INFO neutron.wsgi [None req-0fbf7925-b923-4ef8-9302-84847661a51f 95795885055a413dacf7d593a16e0787 0c5f4a5451be436e89fb498f15409147 - - default default] 10.0.0.145 "GET /v2.0/networks/4c05298e-43c5-4e6f-829e-cb2cf2df84ed/tags/red HTTP/1.1" status: 204 len: 168 time: 0.0416288
2026-06-09 23:37:52.231 10 INFO neutron.api.v2.resource [None req-ee8654f1-501a-4ddb-a07a-ea3f7a63163f 95795885055a413dacf7d593a16e0787 0c5f4a5451be436e89fb498f15409147 - - default default] show failed (client error): The resource could not be found.
2026-06-09 23:37:52.233 10 INFO neutron.wsgi [None req-ee8654f1-501a-4ddb-a07a-ea3f7a63163f 95795885055a413dacf7d593a16e0787 0c5f4a5451be436e89fb498f15409147 - - default default] 10.0.0.145 "GET /v2.0/networks/4c05298e-43c5-4e6f-829e-cb2cf2df84ed/tags/green HTTP/1.1" status: 404 len: 299 time: 0.0541224
2026-06-09 23:37:52.259 9 INFO neutron.wsgi [None req-d49b7e8c-3b16-4c79-9201-9e6eece4131a 838187f134094579ae582ee7acd150f3 bee5f3d9d67e40d4a51df0c1b6600e0e - - default default] 10.0.0.145 "GET /v2.0/security-groups?tenant_id=adbe3cba42df438ab205ce020477ab89&name=default HTTP/1.1" status: 200 len: 3124 time: 0.0450830
2026-06-09 23:37:52.313 10 INFO neutron.wsgi [None req-baa442d8-5545-4a55-93ff-30c0d5e47b9c 95795885055a413dacf7d593a16e0787 0c5f4a5451be436e89fb498f15409147 - - default default] 10.0.0.145 "DELETE /v2.0/networks/4c05298e-43c5-4e6f-829e-cb2cf2df84ed/tags/red HTTP/1.1" status: 204 len: 168 time: 0.0736086
2026-06-09 23:37:52.367 10 INFO neutron.wsgi [None req-1d33b166-8b31-4280-ad62-7a294b0e56fe 95795885055a413dacf7d593a16e0787 0c5f4a5451be436e89fb498f15409147 - - default default] 10.0.0.145 "GET /v2.0/networks/4c05298e-43c5-4e6f-829e-cb2cf2df84ed/tags HTTP/1.1" status: 200 len: 223 time: 0.0490882
2026-06-09 23:37:52.426 10 INFO neutron.api.v2.resource [None req-09410cb8-6f6b-4077-a2b7-04d93e03b481 95795885055a413dacf7d593a16e0787 0c5f4a5451be436e89fb498f15409147 - - default default] delete failed (client error): The resource could not be found.
2026-06-09 23:37:52.428 10 INFO neutron.wsgi [None req-09410cb8-6f6b-4077-a2b7-04d93e03b481 95795885055a413dacf7d593a16e0787 0c5f4a5451be436e89fb498f15409147 - - default default] 10.0.0.145 "DELETE /v2.0/networks/4c05298e-43c5-4e6f-829e-cb2cf2df84ed/tags/green HTTP/1.1" status: 404 len: 299 time: 0.0555427
2026-06-09 23:37:52.516 9 INFO neutron.wsgi [None req-b1143476-22e1-4a47-95de-ba91a3367699 95795885055a413dacf7d593a16e0787 0c5f4a5451be436e89fb498f15409147 - - default default] 10.0.0.145 "DELETE /v2.0/networks/4c05298e-43c5-4e6f-829e-cb2cf2df84ed/tags HTTP/1.1" status: 204 len: 168 time: 0.0683668
2026-06-09 23:37:52.812 9 INFO neutron.wsgi [None req-784b87a8-102a-46a4-b17e-c68449b532ad 838187f134094579ae582ee7acd150f3 bee5f3d9d67e40d4a51df0c1b6600e0e - - default default] 10.0.0.145 "DELETE /v2.0/security-groups/0c778be6-d379-4f5a-89b4-770952d07e1d HTTP/1.1" status: 204 len: 168 time: 0.5474567
2026-06-09 23:37:52.855 9 INFO neutron.wsgi [None req-5650da99-b4e7-4a48-84ec-20342b17a426 95795885055a413dacf7d593a16e0787 0c5f4a5451be436e89fb498f15409147 - - default default] 10.0.0.145 "GET /v2.0/networks/4c05298e-43c5-4e6f-829e-cb2cf2df84ed/tags HTTP/1.1" status: 200 len: 205 time: 0.3356805
2026-06-09 23:37:53.261 9 INFO neutron.services.segments.plugin [-] Segment fc10f1f6-0826-440a-95d8-e6646c39c332 resource provider aggregate not found
2026-06-09 23:37:53.280 9 INFO neutron.services.segments.plugin [-] Segment fc10f1f6-0826-440a-95d8-e6646c39c332 resource provider aggregate not found
2026-06-09 23:37:53.293 9 INFO neutron.services.segments.plugin [-] Segment fc10f1f6-0826-440a-95d8-e6646c39c332 resource provider not found; error: Placement Client Error (4xx): {"errors": [{"status": 404, "title": "Not Found", "detail": "The resource could not be found.\n\n No resource provider with uuid fc10f1f6-0826-440a-95d8-e6646c39c332 found for delete ", "request_id": "req-3a16d96e-03c9-41bb-8baf-a28c1ba953fc"}]}
2026-06-09 23:37:53.294 9 INFO neutron.services.segments.plugin [-] Segment fc10f1f6-0826-440a-95d8-e6646c39c332 resource provider not found; error: Placement Client Error (4xx): {"errors": [{"status": 404, "title": "Not Found", "detail": "The resource could not be found.\n\n No resource provider with uuid fc10f1f6-0826-440a-95d8-e6646c39c332 found for delete ", "request_id": "req-ecdc4e10-eaf2-493f-8048-76e0c91b93d0"}]}
2026-06-09 23:37:53.324 9 INFO neutron.wsgi [None req-fc0540f9-7060-44dc-8580-88866f636a3e 95795885055a413dacf7d593a16e0787 0c5f4a5451be436e89fb498f15409147 - - default default] 10.0.0.145 "DELETE /v2.0/networks/4c05298e-43c5-4e6f-829e-cb2cf2df84ed HTTP/1.1" status: 204 len: 168 time: 0.4613736
2026-06-09 23:37:54.097 9 WARNING neutron_lib.context [None req-41770bcb-95a5-4043-9cb4-ef9756001596 e96327da7e7a4a68926075e8e911826d 41d5947a819749c98cddbdde1630dcda - - default default] Method 'is_advsvc' is deprecated since 2023.2 release (neutron-lib 3.8.0) and will be removed once support for the old RBAC API policies will be removed from Neutron. Please use method 'is_service_role' instead.
2026-06-09 23:37:54.226 10 INFO neutron.db.ovn_revision_numbers_db [None req-fd7f1e43-d490-44c4-aa98-5cbf1298f15e 838187f134094579ae582ee7acd150f3 bee5f3d9d67e40d4a51df0c1b6600e0e - - default default] Successfully bumped revision number for resource dad898aa-2d82-4053-a1d7-bf3e81b2cfb7 (type: security_groups) to 1
2026-06-09 23:37:54.251 10 INFO neutron.db.ovn_revision_numbers_db [None req-fd7f1e43-d490-44c4-aa98-5cbf1298f15e 838187f134094579ae582ee7acd150f3 bee5f3d9d67e40d4a51df0c1b6600e0e - - default default] Successfully bumped revision number for resource 0b12fa28-24da-444b-b35e-3c762cb0bdc8 (type: security_group_rules) to 0
2026-06-09 23:37:54.261 9 INFO neutron.db.ovn_revision_numbers_db [None req-41770bcb-95a5-4043-9cb4-ef9756001596 e96327da7e7a4a68926075e8e911826d 41d5947a819749c98cddbdde1630dcda - - default default] Successfully bumped revision number for resource fd2ae9c8-d812-4194-ae99-bafbbfa96069 (type: security_groups) to 1
2026-06-09 23:37:54.273 10 INFO neutron.db.ovn_revision_numbers_db [None req-fd7f1e43-d490-44c4-aa98-5cbf1298f15e 838187f134094579ae582ee7acd150f3 bee5f3d9d67e40d4a51df0c1b6600e0e - - default default] Successfully bumped revision number for resource 1b8626e7-7db1-411a-b697-9576765ae409 (type: security_group_rules) to 0
2026-06-09 23:37:54.277 9 INFO neutron.db.ovn_revision_numbers_db [None req-41770bcb-95a5-4043-9cb4-ef9756001596 e96327da7e7a4a68926075e8e911826d 41d5947a819749c98cddbdde1630dcda - - default default] Successfully bumped revision number for resource 8be40acb-6fac-48c2-bcf5-30ad797fc4a4 (type: security_group_rules) to 0
2026-06-09 23:37:54.297 10 INFO neutron.db.ovn_revision_numbers_db [None req-fd7f1e43-d490-44c4-aa98-5cbf1298f15e 838187f134094579ae582ee7acd150f3 bee5f3d9d67e40d4a51df0c1b6600e0e - - default default] Successfully bumped revision number for resource 1c231f0d-9cad-4684-ba24-a2e382c99821 (type: security_group_rules) to 0
2026-06-09 23:37:54.299 9 INFO neutron.db.ovn_revision_numbers_db [None req-41770bcb-95a5-4043-9cb4-ef9756001596 e96327da7e7a4a68926075e8e911826d 41d5947a819749c98cddbdde1630dcda - - default default] Successfully bumped revision number for resource 9534940a-30c3-4993-a334-64c4d1b57a30 (type: security_group_rules) to 0
2026-06-09 23:37:54.316 10 INFO neutron.db.ovn_revision_numbers_db [None req-fd7f1e43-d490-44c4-aa98-5cbf1298f15e 838187f134094579ae582ee7acd150f3 bee5f3d9d67e40d4a51df0c1b6600e0e - - default default] Successfully bumped revision number for resource d57b98d8-714e-48eb-bab7-e3c19bfcee80 (type: security_group_rules) to 0
2026-06-09 23:37:54.322 9 INFO neutron.db.ovn_revision_numbers_db [None req-41770bcb-95a5-4043-9cb4-ef9756001596 e96327da7e7a4a68926075e8e911826d 41d5947a819749c98cddbdde1630dcda - - default default] Successfully bumped revision number for resource ae3265fb-240b-4eff-b3f4-0cb5a881e2d7 (type: security_group_rules) to 0
2026-06-09 23:37:54.342 9 INFO neutron.db.ovn_revision_numbers_db [None req-41770bcb-95a5-4043-9cb4-ef9756001596 e96327da7e7a4a68926075e8e911826d 41d5947a819749c98cddbdde1630dcda - - default default] Successfully bumped revision number for resource c77ee684-6842-4b1d-9186-bbdc727578ed (type: security_group_rules) to 0
2026-06-09 23:37:54.347 10 INFO neutron.wsgi [None req-fd7f1e43-d490-44c4-aa98-5cbf1298f15e 838187f134094579ae582ee7acd150f3 bee5f3d9d67e40d4a51df0c1b6600e0e - - default default] 10.0.0.145 "GET /v2.0/security-groups?tenant_id=b91b17e5a5384f08aa03b1e97c440eee&name=default HTTP/1.1" status: 200 len: 3124 time: 0.3878181
2026-06-09 23:37:54.396 9 INFO neutron.db.segments_db [None req-41770bcb-95a5-4043-9cb4-ef9756001596 e96327da7e7a4a68926075e8e911826d 41d5947a819749c98cddbdde1630dcda - - default default] Added segment 50a77c45-1e7c-40c0-a72a-93d28509029a of type geneve for network 523872da-bfe9-4e11-94e4-de62fc501775
2026-06-09 23:37:54.545 9 INFO neutron.db.ovn_revision_numbers_db [None req-41770bcb-95a5-4043-9cb4-ef9756001596 e96327da7e7a4a68926075e8e911826d 41d5947a819749c98cddbdde1630dcda - - default default] Successfully bumped revision number for resource 523872da-bfe9-4e11-94e4-de62fc501775 (type: networks) to 1
2026-06-09 23:37:54.619 10 INFO neutron.wsgi [None req-61aefc95-ad57-4b74-b44d-b307092bcf27 838187f134094579ae582ee7acd150f3 bee5f3d9d67e40d4a51df0c1b6600e0e - - default default] 10.0.0.145 "DELETE /v2.0/security-groups/dad898aa-2d82-4053-a1d7-bf3e81b2cfb7 HTTP/1.1" status: 204 len: 168 time: 0.2638431
2026-06-09 23:37:54.740 9 WARNING neutron.scheduler.dhcp_agent_scheduler [None req-41770bcb-95a5-4043-9cb4-ef9756001596 e96327da7e7a4a68926075e8e911826d 41d5947a819749c98cddbdde1630dcda - - default default] No more DHCP agents
2026-06-09 23:37:54.742 9 WARNING neutron.api.rpc.agentnotifiers.dhcp_rpc_agent_api [None req-41770bcb-95a5-4043-9cb4-ef9756001596 e96327da7e7a4a68926075e8e911826d 41d5947a819749c98cddbdde1630dcda - - default default] Unable to schedule network 523872da-bfe9-4e11-94e4-de62fc501775: no agents available; will retry on subsequent port and subnet creation events.
2026-06-09 23:37:54.837 9 INFO neutron.wsgi [None req-1e6f0f24-a117-4b89-a1a0-57ddcddbaad0 838187f134094579ae582ee7acd150f3 bee5f3d9d67e40d4a51df0c1b6600e0e - - default default] 10.0.0.145 "GET /v2.0/security-groups?tenant_id=0c5f4a5451be436e89fb498f15409147&name=default HTTP/1.1" status: 200 len: 3124 time: 0.0481005
2026-06-09 23:37:54.838 9 INFO neutron.db.ovn_revision_numbers_db [None req-41770bcb-95a5-4043-9cb4-ef9756001596 e96327da7e7a4a68926075e8e911826d 41d5947a819749c98cddbdde1630dcda - - default default] Successfully bumped revision number for resource 2c547e3e-9ba3-4058-aca6-963afce402ef (type: ports) to 1
2026-06-09 23:37:54.869 9 INFO neutron.wsgi [None req-41770bcb-95a5-4043-9cb4-ef9756001596 e96327da7e7a4a68926075e8e911826d 41d5947a819749c98cddbdde1630dcda - - default default] 10.0.0.145 "POST /v2.0/networks HTTP/1.1" status: 201 len: 830 time: 0.9359875
2026-06-09 23:37:54.881 9 WARNING neutron_lib.context [None req-2ff3f399-28e9-4bb7-ae8c-799589474836 e96327da7e7a4a68926075e8e911826d 41d5947a819749c98cddbdde1630dcda - - default default] Method 'is_advsvc' is deprecated since 2023.2 release (neutron-lib 3.8.0) and will be removed once support for the old RBAC API policies will be removed from Neutron. Please use method 'is_service_role' instead.
2026-06-09 23:37:54.980 9 INFO neutron.db.segments_db [None req-2ff3f399-28e9-4bb7-ae8c-799589474836 e96327da7e7a4a68926075e8e911826d 41d5947a819749c98cddbdde1630dcda - - default default] Added segment 519e40bf-ef4a-49d9-9296-8fed0f8a106d of type geneve for network e3ed9d0f-39a3-4e63-bbcb-98264b2617bf
2026-06-09 23:37:55.141 9 INFO neutron.db.ovn_revision_numbers_db [None req-2ff3f399-28e9-4bb7-ae8c-799589474836 e96327da7e7a4a68926075e8e911826d 41d5947a819749c98cddbdde1630dcda - - default default] Successfully bumped revision number for resource e3ed9d0f-39a3-4e63-bbcb-98264b2617bf (type: networks) to 1
2026-06-09 23:37:55.160 9 INFO neutron.wsgi [None req-5db8d1e5-7ea8-4a82-bece-670ec3bd06ea 838187f134094579ae582ee7acd150f3 bee5f3d9d67e40d4a51df0c1b6600e0e - - default default] 10.0.0.145 "DELETE /v2.0/security-groups/c6ef3ee6-ff39-4248-9908-c6411e4cdfd1 HTTP/1.1" status: 204 len: 168 time: 0.3169737
2026-06-09 23:37:55.370 9 WARNING neutron.scheduler.dhcp_agent_scheduler [None req-2ff3f399-28e9-4bb7-ae8c-799589474836 e96327da7e7a4a68926075e8e911826d 41d5947a819749c98cddbdde1630dcda - - default default] No more DHCP agents
2026-06-09 23:37:55.373 9 WARNING neutron.api.rpc.agentnotifiers.dhcp_rpc_agent_api [None req-2ff3f399-28e9-4bb7-ae8c-799589474836 e96327da7e7a4a68926075e8e911826d 41d5947a819749c98cddbdde1630dcda - - default default] Unable to schedule network e3ed9d0f-39a3-4e63-bbcb-98264b2617bf: no agents available; will retry on subsequent port and subnet creation events.
2026-06-09 23:37:55.501 9 INFO neutron.db.ovn_revision_numbers_db [None req-2ff3f399-28e9-4bb7-ae8c-799589474836 e96327da7e7a4a68926075e8e911826d 41d5947a819749c98cddbdde1630dcda - - default default] Successfully bumped revision number for resource cf5efec8-db2e-4e87-93e6-ac063c92641f (type: ports) to 1
2026-06-09 23:37:55.545 9 INFO neutron.wsgi [None req-2ff3f399-28e9-4bb7-ae8c-799589474836 e96327da7e7a4a68926075e8e911826d 41d5947a819749c98cddbdde1630dcda - - default default] 10.0.0.145 "POST /v2.0/networks HTTP/1.1" status: 201 len: 831 time: 0.6705122
2026-06-09 23:37:55.607 9 INFO neutron.wsgi [None req-42b6a135-7115-4855-943a-95457558e35c e96327da7e7a4a68926075e8e911826d 41d5947a819749c98cddbdde1630dcda - - default default] 10.0.0.145 "PUT /v2.0/networks/523872da-bfe9-4e11-94e4-de62fc501775/tags HTTP/1.1" status: 200 len: 218 time: 0.0561736
2026-06-09 23:37:55.650 9 INFO neutron.wsgi [None req-d568baed-78ff-4ed0-910c-82dc37bf4191 e96327da7e7a4a68926075e8e911826d 41d5947a819749c98cddbdde1630dcda - - default default] 10.0.0.145 "GET /v2.0/networks/523872da-bfe9-4e11-94e4-de62fc501775/tags HTTP/1.1" status: 200 len: 218 time: 0.0380065
2026-06-09 23:37:55.728 9 INFO neutron.wsgi [None req-3457cdd2-eb3a-455b-8c0e-a66e43d1c23e e96327da7e7a4a68926075e8e911826d 41d5947a819749c98cddbdde1630dcda - - default default] 10.0.0.145 "PUT /v2.0/networks/e3ed9d0f-39a3-4e63-bbcb-98264b2617bf/tags HTTP/1.1" status: 200 len: 210 time: 0.0738201
2026-06-09 23:37:55.795 9 INFO neutron.wsgi [None req-b890df35-edb0-43f3-ad66-837feb8ff8cf e96327da7e7a4a68926075e8e911826d 41d5947a819749c98cddbdde1630dcda - - default default] 10.0.0.145 "GET /v2.0/networks/e3ed9d0f-39a3-4e63-bbcb-98264b2617bf/tags HTTP/1.1" status: 200 len: 210 time: 0.0628541
2026-06-09 23:37:55.865 9 INFO neutron.wsgi [None req-f764f928-c55e-42d7-bba1-4c83809bb233 e96327da7e7a4a68926075e8e911826d 41d5947a819749c98cddbdde1630dcda - - default default] 10.0.0.145 "PUT /v2.0/networks/e3ed9d0f-39a3-4e63-bbcb-98264b2617bf/tags HTTP/1.1" status: 200 len: 205 time: 0.0650952
2026-06-09 23:37:55.929 9 INFO neutron.wsgi [None req-7031e499-2e31-4be0-9ce4-4dde25ae3e7a e96327da7e7a4a68926075e8e911826d 41d5947a819749c98cddbdde1630dcda - - default default] 10.0.0.145 "GET /v2.0/networks/e3ed9d0f-39a3-4e63-bbcb-98264b2617bf/tags HTTP/1.1" status: 200 len: 205 time: 0.0595441
2026-06-09 23:37:55.977 9 INFO neutron.wsgi [None req-97bfdbd9-1c99-4493-9e46-eca134be222d e96327da7e7a4a68926075e8e911826d 41d5947a819749c98cddbdde1630dcda - - default default] 10.0.0.145 "GET /v2.0/networks/523872da-bfe9-4e11-94e4-de62fc501775/tags HTTP/1.1" status: 200 len: 218 time: 0.0432260
2026-06-09 23:37:56.360 9 INFO neutron.services.segments.plugin [-] Segment 50a77c45-1e7c-40c0-a72a-93d28509029a resource provider aggregate not found
2026-06-09 23:37:56.366 9 INFO neutron.services.segments.plugin [-] Segment 50a77c45-1e7c-40c0-a72a-93d28509029a resource provider aggregate not found
2026-06-09 23:37:56.389 9 INFO neutron.services.segments.plugin [-] Segment 50a77c45-1e7c-40c0-a72a-93d28509029a resource provider not found; error: Placement Client Error (4xx): {"errors": [{"status": 404, "title": "Not Found", "detail": "The resource could not be found.\n\n No resource provider with uuid 50a77c45-1e7c-40c0-a72a-93d28509029a found for delete ", "request_id": "req-7b6e0f35-d178-4f17-b645-74be3a4be062"}]}
2026-06-09 23:37:56.390 9 INFO neutron.services.segments.plugin [-] Segment 50a77c45-1e7c-40c0-a72a-93d28509029a resource provider not found; error: Placement Client Error (4xx): {"errors": [{"status": 404, "title": "Not Found", "detail": "The resource could not be found.\n\n No resource provider with uuid 50a77c45-1e7c-40c0-a72a-93d28509029a found for delete ", "request_id": "req-8567c9a5-b844-4ca7-8f66-f7b58584fead"}]}
2026-06-09 23:37:56.421 9 INFO neutron.wsgi [None req-d7b191eb-5095-490a-90f3-b13d0686de8c e96327da7e7a4a68926075e8e911826d 41d5947a819749c98cddbdde1630dcda - - default default] 10.0.0.145 "DELETE /v2.0/networks/523872da-bfe9-4e11-94e4-de62fc501775 HTTP/1.1" status: 204 len: 168 time: 0.4313962
2026-06-09 23:37:56.508 9 WARNING neutron_lib.context [None req-d78b082d-1476-4415-a58a-5f8f6c84adb0 634e0b2a486842f08d08299a1103a8e4 ef6613246561469fa64753105a80cda8 - - default default] Method 'is_advsvc' is deprecated since 2023.2 release (neutron-lib 3.8.0) and will be removed once support for the old RBAC API policies will be removed from Neutron. Please use method 'is_service_role' instead.
2026-06-09 23:37:56.632 9 INFO neutron.db.ovn_revision_numbers_db [None req-d78b082d-1476-4415-a58a-5f8f6c84adb0 634e0b2a486842f08d08299a1103a8e4 ef6613246561469fa64753105a80cda8 - - default default] Successfully bumped revision number for resource 99b06cff-2c1e-447a-a91b-437317389586 (type: security_groups) to 1
2026-06-09 23:37:56.646 9 INFO neutron.db.ovn_revision_numbers_db [None req-d78b082d-1476-4415-a58a-5f8f6c84adb0 634e0b2a486842f08d08299a1103a8e4 ef6613246561469fa64753105a80cda8 - - default default] Successfully bumped revision number for resource 2cd04372-358e-4714-a11b-b7e279695dcc (type: security_group_rules) to 0
2026-06-09 23:37:56.660 9 INFO neutron.db.ovn_revision_numbers_db [None req-d78b082d-1476-4415-a58a-5f8f6c84adb0 634e0b2a486842f08d08299a1103a8e4 ef6613246561469fa64753105a80cda8 - - default default] Successfully bumped revision number for resource b21731b0-17cc-4f3d-9c27-da36dab24e56 (type: security_group_rules) to 0
2026-06-09 23:37:56.675 9 INFO neutron.db.ovn_revision_numbers_db [None req-d78b082d-1476-4415-a58a-5f8f6c84adb0 634e0b2a486842f08d08299a1103a8e4 ef6613246561469fa64753105a80cda8 - - default default] Successfully bumped revision number for resource c9bedb73-02db-4826-9354-4fbc4412828f (type: security_group_rules) to 0
2026-06-09 23:37:56.689 9 INFO neutron.db.ovn_revision_numbers_db [None req-d78b082d-1476-4415-a58a-5f8f6c84adb0 634e0b2a486842f08d08299a1103a8e4 ef6613246561469fa64753105a80cda8 - - default default] Successfully bumped revision number for resource d6a91040-ba00-41f0-81d8-da7901818472 (type: security_group_rules) to 0
2026-06-09 23:37:56.743 9 INFO neutron.db.segments_db [None req-d78b082d-1476-4415-a58a-5f8f6c84adb0 634e0b2a486842f08d08299a1103a8e4 ef6613246561469fa64753105a80cda8 - - default default] Added segment 81cc1a20-53c6-46a6-909c-c5979954b11b of type geneve for network e019dc3e-ae09-4034-8d78-942a7920f04b
2026-06-09 23:37:56.881 9 INFO neutron.db.ovn_revision_numbers_db [None req-d78b082d-1476-4415-a58a-5f8f6c84adb0 634e0b2a486842f08d08299a1103a8e4 ef6613246561469fa64753105a80cda8 - - default default] Successfully bumped revision number for resource e019dc3e-ae09-4034-8d78-942a7920f04b (type: networks) to 1
2026-06-09 23:37:57.071 9 WARNING neutron.scheduler.dhcp_agent_scheduler [None req-d78b082d-1476-4415-a58a-5f8f6c84adb0 634e0b2a486842f08d08299a1103a8e4 ef6613246561469fa64753105a80cda8 - - default default] No more DHCP agents
2026-06-09 23:37:57.073 9 WARNING neutron.api.rpc.agentnotifiers.dhcp_rpc_agent_api [None req-d78b082d-1476-4415-a58a-5f8f6c84adb0 634e0b2a486842f08d08299a1103a8e4 ef6613246561469fa64753105a80cda8 - - default default] Unable to schedule network e019dc3e-ae09-4034-8d78-942a7920f04b: no agents available; will retry on subsequent port and subnet creation events.
2026-06-09 23:37:57.093 10 INFO neutron.services.segments.plugin [-] Segment 519e40bf-ef4a-49d9-9296-8fed0f8a106d resource provider aggregate not found
2026-06-09 23:37:57.103 10 INFO neutron.services.segments.plugin [-] Segment 519e40bf-ef4a-49d9-9296-8fed0f8a106d resource provider aggregate not found
2026-06-09 23:37:57.114 10 INFO neutron.services.segments.plugin [-] Segment 519e40bf-ef4a-49d9-9296-8fed0f8a106d resource provider not found; error: Placement Client Error (4xx): {"errors": [{"status": 404, "title": "Not Found", "detail": "The resource could not be found.\n\n No resource provider with uuid 519e40bf-ef4a-49d9-9296-8fed0f8a106d found for delete ", "request_id": "req-9aa071ec-4aee-478c-8875-47be94582e63"}]}
2026-06-09 23:37:57.124 10 INFO neutron.wsgi [None req-2623175e-8610-49fa-a2d0-752fb05996ba e96327da7e7a4a68926075e8e911826d 41d5947a819749c98cddbdde1630dcda - - default default] 10.0.0.145 "DELETE /v2.0/networks/e3ed9d0f-39a3-4e63-bbcb-98264b2617bf HTTP/1.1" status: 204 len: 168 time: 0.6983156
2026-06-09 23:37:57.125 10 INFO neutron.services.segments.plugin [-] Segment 519e40bf-ef4a-49d9-9296-8fed0f8a106d resource provider not found; error: Placement Client Error (4xx): {"errors": [{"status": 404, "title": "Not Found", "detail": "The resource could not be found.\n\n No resource provider with uuid 519e40bf-ef4a-49d9-9296-8fed0f8a106d found for delete ", "request_id": "req-0a92eed1-ccb7-4657-a45c-f8857299a850"}]}
2026-06-09 23:37:57.170 9 INFO neutron.db.ovn_revision_numbers_db [None req-d78b082d-1476-4415-a58a-5f8f6c84adb0 634e0b2a486842f08d08299a1103a8e4 ef6613246561469fa64753105a80cda8 - - default default] Successfully bumped revision number for resource 53f3be2d-a000-4a35-a794-327348484503 (type: ports) to 1
2026-06-09 23:37:57.191 9 INFO neutron.wsgi [None req-d78b082d-1476-4415-a58a-5f8f6c84adb0 634e0b2a486842f08d08299a1103a8e4 ef6613246561469fa64753105a80cda8 - - default default] 10.0.0.145 "POST /v2.0/networks HTTP/1.1" status: 201 len: 830 time: 0.8569741
2026-06-09 23:37:57.201 9 WARNING neutron_lib.context [None req-05d032cc-4001-408d-b336-6a3d1dae367e 634e0b2a486842f08d08299a1103a8e4 ef6613246561469fa64753105a80cda8 - - default default] Method 'is_advsvc' is deprecated since 2023.2 release (neutron-lib 3.8.0) and will be removed once support for the old RBAC API policies will be removed from Neutron. Please use method 'is_service_role' instead.
2026-06-09 23:37:57.528 9 WARNING neutron.scheduler.dhcp_agent_scheduler [None req-05d032cc-4001-408d-b336-6a3d1dae367e 634e0b2a486842f08d08299a1103a8e4 ef6613246561469fa64753105a80cda8 - - default default] No more DHCP agents
2026-06-09 23:37:57.532 9 WARNING neutron.api.rpc.agentnotifiers.dhcp_rpc_agent_api [None req-05d032cc-4001-408d-b336-6a3d1dae367e 634e0b2a486842f08d08299a1103a8e4 ef6613246561469fa64753105a80cda8 - - default default] Unable to schedule network e019dc3e-ae09-4034-8d78-942a7920f04b: no agents available; will retry on subsequent port and subnet creation events.
2026-06-09 23:37:57.627 9 INFO neutron.db.ovn_revision_numbers_db [None req-05d032cc-4001-408d-b336-6a3d1dae367e 634e0b2a486842f08d08299a1103a8e4 ef6613246561469fa64753105a80cda8 - - default default] Successfully bumped revision number for resource 1b875f6f-e996-4705-ba89-0a892ae17185 (type: ports) to 1
2026-06-09 23:37:57.652 9 INFO neutron.wsgi [None req-05d032cc-4001-408d-b336-6a3d1dae367e 634e0b2a486842f08d08299a1103a8e4 ef6613246561469fa64753105a80cda8 - - default default] 10.0.0.145 "POST /v2.0/ports HTTP/1.1" status: 201 len: 942 time: 0.4551575 /var/lib/openstack/lib/python3.10/site-packages/pycadf/identifier.py:71: UserWarning: Invalid uuid: neutron. To ensure interoperability, identifiers should be a valid uuid. warnings.warn(('Invalid uuid: %s. To ensure interoperability, '
2026-06-09 23:37:57.665 9 WARNING neutron_lib.context [None req-286e055b-02d8-4310-8535-7a755ead9a41 634e0b2a486842f08d08299a1103a8e4 ef6613246561469fa64753105a80cda8 - - default default] Method 'is_advsvc' is deprecated since 2023.2 release (neutron-lib 3.8.0) and will be removed once support for the old RBAC API policies will be removed from Neutron. Please use method 'is_service_role' instead.
2026-06-09 23:37:57.909 9 INFO neutron.wsgi [None req-286e055b-02d8-4310-8535-7a755ead9a41 634e0b2a486842f08d08299a1103a8e4 ef6613246561469fa64753105a80cda8 - - default default] 10.0.0.145 "POST /v2.0/trunks HTTP/1.1" status: 201 len: 608 time: 0.2521961
2026-06-09 23:37:57.967 10 INFO neutron.wsgi [None req-ad0742fc-af46-4def-84a3-7c3b329c323c 634e0b2a486842f08d08299a1103a8e4 ef6613246561469fa64753105a80cda8 - - default default] 10.0.0.145 "PUT /v2.0/trunks/426907a3-d2b8-46dd-9120-db170330a537/tags HTTP/1.1" status: 200 len: 218 time: 0.0382423
2026-06-09 23:37:58.004 9 INFO neutron.wsgi [None req-222244cf-4e21-4498-8efa-4f952df79d2e 634e0b2a486842f08d08299a1103a8e4 ef6613246561469fa64753105a80cda8 - - default default] 10.0.0.145 "GET /v2.0/trunks/426907a3-d2b8-46dd-9120-db170330a537/tags HTTP/1.1" status: 200 len: 218 time: 0.0334942
2026-06-09 23:37:58.030 10 INFO neutron.wsgi [None req-3e1cfdec-9777-47b6-bc4e-bd3413a8875e 838187f134094579ae582ee7acd150f3 bee5f3d9d67e40d4a51df0c1b6600e0e - - default default] 10.0.0.145 "GET /v2.0/security-groups?tenant_id=41d5947a819749c98cddbdde1630dcda&name=default HTTP/1.1" status: 200 len: 3124 time: 0.1856282
2026-06-09 23:37:58.048 9 INFO neutron.wsgi [None req-fe9653b3-bd4c-4ce8-b439-cbc5e1ef74aa 634e0b2a486842f08d08299a1103a8e4 ef6613246561469fa64753105a80cda8 - - default default] 10.0.0.145 "PUT /v2.0/trunks/426907a3-d2b8-46dd-9120-db170330a537/tags/green HTTP/1.1" status: 201 len: 201 time: 0.0388243
