2026-06-09 23:37:38.269 10 INFO neutron.wsgi [None req-fa20879f-979e-4546-8f62-c56b9df975fe f2b5193cfa264e5895206241c0ad0cc1 3ec1fefa4b1a436d8eee3167e52cd4a1 - - default default] 10.0.0.145 "DELETE /v2.0/qos/policies/472e832d-ca7a-47b9-91ef-62c95749c7ff HTTP/1.1" status: 204 len: 168 time: 0.0847218
2026-06-09 23:37:38.282 10 INFO neutron.wsgi [req-5ac9c60e-4954-4b88-93e4-67207a4f86f3 req-b3811dcb-8aef-45a2-9986-f44b1be2e952 e8f107aa72da412bbc0ea8f7ee0c8c44 df347551ee27486e886162979334894a - - 64cb136663874edbac2ca97158871181 64cb136663874edbac2ca97158871181] 199.19.213.180 "GET /v2.0/ports?device_id=015296de-846b-46da-87b3-97a1ed6f8bd3&fields=binding%3Ahost_id&fields=binding%3Avif_type HTTP/1.1" status: 200 len: 265 time: 0.0588250
2026-06-09 23:37:38.322 9 INFO neutron.wsgi [None req-d4caab18-fe9b-4d54-8f2b-0db89e0ae8f2 838187f134094579ae582ee7acd150f3 bee5f3d9d67e40d4a51df0c1b6600e0e - - default default] 10.0.0.145 "DELETE /v2.0/security-groups/d28f85be-4474-41e9-a5d5-65a6cd23c410 HTTP/1.1" status: 204 len: 168 time: 0.5562737
2026-06-09 23:37:38.377 10 INFO neutron.wsgi [req-5ac9c60e-4954-4b88-93e4-67207a4f86f3 req-cb99a7e5-0f71-4ac8-8eda-6fccafa20a43 e8f107aa72da412bbc0ea8f7ee0c8c44 df347551ee27486e886162979334894a - - 64cb136663874edbac2ca97158871181 64cb136663874edbac2ca97158871181] 199.19.213.180 "GET /v2.0/ports?tenant_id=e602402b4f5c490d8ca248cba19268c1&device_id=015296de-846b-46da-87b3-97a1ed6f8bd3 HTTP/1.1" status: 200 len: 1634 time: 0.0515006
2026-06-09 23:37:38.475 10 INFO neutron.wsgi [req-5ac9c60e-4954-4b88-93e4-67207a4f86f3 req-9616c629-1cdb-494e-9b62-e07500f177ea e8f107aa72da412bbc0ea8f7ee0c8c44 df347551ee27486e886162979334894a - - 64cb136663874edbac2ca97158871181 64cb136663874edbac2ca97158871181] 199.19.213.180 "GET /v2.0/networks?id=d3d801cc-14e4-4684-9100-89a375ba39ea HTTP/1.1" status: 200 len: 1003 time: 0.0763066
2026-06-09 23:37:38.542 10 INFO neutron.wsgi [req-5ac9c60e-4954-4b88-93e4-67207a4f86f3 req-5a4787b5-95c2-42a0-80b5-4b112e09982e e8f107aa72da412bbc0ea8f7ee0c8c44 df347551ee27486e886162979334894a - - 64cb136663874edbac2ca97158871181 64cb136663874edbac2ca97158871181] 199.19.213.180 "GET /v2.0/floatingips?fixed_ip_address=10.2.1.50&port_id=f84aba28-5f60-42ab-a4b1-f708b5e9ef2c HTTP/1.1" status: 200 len: 1058 time: 0.0622785
2026-06-09 23:37:38.576 10 INFO neutron.wsgi [req-5ac9c60e-4954-4b88-93e4-67207a4f86f3 req-b8e93fbe-aae9-4f1f-b951-083836ea1d43 e8f107aa72da412bbc0ea8f7ee0c8c44 df347551ee27486e886162979334894a - - 64cb136663874edbac2ca97158871181 64cb136663874edbac2ca97158871181] 199.19.213.180 "GET /v2.0/floatingips?fixed_ip_address=fd7b%3Af9f7%3Afff%3A4eca%3A%3A123&port_id=f84aba28-5f60-42ab-a4b1-f708b5e9ef2c HTTP/1.1" status: 200 len: 217 time: 0.0269520
2026-06-09 23:37:38.578 10 INFO neutron.wsgi [None req-da9fb906-ab98-4f01-b8a6-99dd7cec0331 838187f134094579ae582ee7acd150f3 bee5f3d9d67e40d4a51df0c1b6600e0e - - default default] 10.0.0.145 "GET /v2.0/security-groups?tenant_id=ee4796e73b1c427c91f10beca6b249e7&name=default HTTP/1.1" status: 200 len: 3120 time: 0.0647976
2026-06-09 23:37:38.614 10 INFO neutron.wsgi [req-5ac9c60e-4954-4b88-93e4-67207a4f86f3 req-7f180937-bb7f-4b91-880e-2e2a72b13c8c e8f107aa72da412bbc0ea8f7ee0c8c44 df347551ee27486e886162979334894a - - 64cb136663874edbac2ca97158871181 64cb136663874edbac2ca97158871181] 199.19.213.180 "GET /v2.0/subnets?id=b3091b0a-791a-445f-b1bc-c9c2301a0893&id=1cedc3d8-2eec-4bcc-ad63-1e24db4f4abb HTTP/1.1" status: 200 len: 1562 time: 0.0325348
2026-06-09 23:37:38.648 10 INFO neutron.wsgi [req-5ac9c60e-4954-4b88-93e4-67207a4f86f3 req-753f04ca-75d6-4fc7-bf92-a04558e20c6c e8f107aa72da412bbc0ea8f7ee0c8c44 df347551ee27486e886162979334894a - - 64cb136663874edbac2ca97158871181 64cb136663874edbac2ca97158871181] 199.19.213.180 "GET /v2.0/ports?network_id=d3d801cc-14e4-4684-9100-89a375ba39ea&device_owner=network%3Adhcp HTTP/1.1" status: 200 len: 210 time: 0.0289569
2026-06-09 23:37:38.679 10 INFO neutron.wsgi [req-5ac9c60e-4954-4b88-93e4-67207a4f86f3 req-64bc11c2-cddd-43ae-95aa-55ca0bd260d6 e8f107aa72da412bbc0ea8f7ee0c8c44 df347551ee27486e886162979334894a - - 64cb136663874edbac2ca97158871181 64cb136663874edbac2ca97158871181] 199.19.213.180 "GET /v2.0/ports?network_id=d3d801cc-14e4-4684-9100-89a375ba39ea&device_owner=network%3Adhcp HTTP/1.1" status: 200 len: 210 time: 0.0220895
2026-06-09 23:37:38.751 10 INFO neutron.wsgi [req-5ac9c60e-4954-4b88-93e4-67207a4f86f3 req-5d46b880-9f1d-4dda-89d8-6dcf10e70d8c e8f107aa72da412bbc0ea8f7ee0c8c44 df347551ee27486e886162979334894a - - 64cb136663874edbac2ca97158871181 64cb136663874edbac2ca97158871181] 199.19.213.180 "GET /v2.0/networks/d3d801cc-14e4-4684-9100-89a375ba39ea?fields=segments HTTP/1.1" status: 200 len: 212 time: 0.0636675
2026-06-09 23:37:38.841 10 INFO neutron.wsgi [req-5ac9c60e-4954-4b88-93e4-67207a4f86f3 req-b1c4cf43-d52b-4fdb-a24a-e0b16f9f2173 e8f107aa72da412bbc0ea8f7ee0c8c44 df347551ee27486e886162979334894a - - 64cb136663874edbac2ca97158871181 64cb136663874edbac2ca97158871181] 199.19.213.180 "GET /v2.0/networks/d3d801cc-14e4-4684-9100-89a375ba39ea?fields=provider%3Aphysical_network&fields=provider%3Anetwork_type HTTP/1.1" status: 200 len: 277 time: 0.0829580
2026-06-09 23:37:38.942 9 INFO neutron.wsgi [None req-5ae87eb5-801e-4821-84fc-8dc3330f9cdc 838187f134094579ae582ee7acd150f3 bee5f3d9d67e40d4a51df0c1b6600e0e - - default default] 10.0.0.145 "DELETE /v2.0/security-groups/1d4bf71e-6331-4f28-b7eb-727968295a4d HTTP/1.1" status: 204 len: 168 time: 0.3580503
2026-06-09 23:37:39.739 9 INFO neutron.db.ovn_revision_numbers_db [None req-2b14e4af-47e6-4e17-804b-d9e55cce7aab 838187f134094579ae582ee7acd150f3 bee5f3d9d67e40d4a51df0c1b6600e0e - - default default] Successfully bumped revision number for resource f7f5992a-8687-4865-a3b1-b6919e89bd04 (type: security_groups) to 1
2026-06-09 23:37:39.793 9 INFO neutron.db.ovn_revision_numbers_db [None req-2b14e4af-47e6-4e17-804b-d9e55cce7aab 838187f134094579ae582ee7acd150f3 bee5f3d9d67e40d4a51df0c1b6600e0e - - default default] Successfully bumped revision number for resource 9f99389a-e45f-4f74-86c0-ba933a0e4294 (type: security_group_rules) to 0
2026-06-09 23:37:39.804 9 INFO neutron.db.ovn_revision_numbers_db [None req-2b14e4af-47e6-4e17-804b-d9e55cce7aab 838187f134094579ae582ee7acd150f3 bee5f3d9d67e40d4a51df0c1b6600e0e - - default default] Successfully bumped revision number for resource bf1723b2-5b3b-4949-bd7b-056fd009e9cc (type: security_group_rules) to 0
2026-06-09 23:37:39.815 9 INFO neutron.db.ovn_revision_numbers_db [None req-2b14e4af-47e6-4e17-804b-d9e55cce7aab 838187f134094579ae582ee7acd150f3 bee5f3d9d67e40d4a51df0c1b6600e0e - - default default] Successfully bumped revision number for resource f0c85364-574c-40db-b98f-cce98c369657 (type: security_group_rules) to 0
2026-06-09 23:37:39.826 9 INFO neutron.db.ovn_revision_numbers_db [None req-2b14e4af-47e6-4e17-804b-d9e55cce7aab 838187f134094579ae582ee7acd150f3 bee5f3d9d67e40d4a51df0c1b6600e0e - - default default] Successfully bumped revision number for resource fc45a1fc-a0a6-4d86-a19d-e1b2834d8719 (type: security_group_rules) to 0
2026-06-09 23:37:39.848 9 INFO neutron.wsgi [None req-2b14e4af-47e6-4e17-804b-d9e55cce7aab 838187f134094579ae582ee7acd150f3 bee5f3d9d67e40d4a51df0c1b6600e0e - - default default] 10.0.0.145 "GET /v2.0/security-groups?tenant_id=931661ec68214a94961a7d069f37685f&name=default HTTP/1.1" status: 200 len: 3120 time: 0.4363699
2026-06-09 23:37:40.167 10 INFO neutron.wsgi [None req-2d313e42-f0f4-4060-96ba-91d8c43065ef 838187f134094579ae582ee7acd150f3 bee5f3d9d67e40d4a51df0c1b6600e0e - - default default] 10.0.0.145 "DELETE /v2.0/security-groups/f7f5992a-8687-4865-a3b1-b6919e89bd04 HTTP/1.1" status: 204 len: 168 time: 0.3131495
2026-06-09 23:37:40.423 9 INFO neutron.db.ovn_revision_numbers_db [None req-29a35604-3260-477c-802e-de88c0dd733d 838187f134094579ae582ee7acd150f3 bee5f3d9d67e40d4a51df0c1b6600e0e - - default default] Successfully bumped revision number for resource 46af6887-f4e6-48b3-9417-2f24e890ad92 (type: security_groups) to 1
2026-06-09 23:37:40.435 9 INFO neutron.db.ovn_revision_numbers_db [None req-29a35604-3260-477c-802e-de88c0dd733d 838187f134094579ae582ee7acd150f3 bee5f3d9d67e40d4a51df0c1b6600e0e - - default default] Successfully bumped revision number for resource 0bef2f34-0d98-445e-a1b6-fe327952c338 (type: security_group_rules) to 0
2026-06-09 23:37:40.445 9 INFO neutron.db.ovn_revision_numbers_db [None req-29a35604-3260-477c-802e-de88c0dd733d 838187f134094579ae582ee7acd150f3 bee5f3d9d67e40d4a51df0c1b6600e0e - - default default] Successfully bumped revision number for resource 268cd4e4-2f80-45eb-801e-8cf28c900cb0 (type: security_group_rules) to 0
2026-06-09 23:37:40.458 9 INFO neutron.db.ovn_revision_numbers_db [None req-29a35604-3260-477c-802e-de88c0dd733d 838187f134094579ae582ee7acd150f3 bee5f3d9d67e40d4a51df0c1b6600e0e - - default default] Successfully bumped revision number for resource b45e9576-ed7f-46b1-bb97-dc015b558bcf (type: security_group_rules) to 0
2026-06-09 23:37:40.475 9 INFO neutron.db.ovn_revision_numbers_db [None req-29a35604-3260-477c-802e-de88c0dd733d 838187f134094579ae582ee7acd150f3 bee5f3d9d67e40d4a51df0c1b6600e0e - - default default] Successfully bumped revision number for resource f157e11a-be0c-4283-a003-5ed5002f51e8 (type: security_group_rules) to 0
2026-06-09 23:37:40.500 9 INFO neutron.wsgi [None req-29a35604-3260-477c-802e-de88c0dd733d 838187f134094579ae582ee7acd150f3 bee5f3d9d67e40d4a51df0c1b6600e0e - - default default] 10.0.0.145 "GET /v2.0/security-groups?tenant_id=27cce42fd9bc4937bbbc63113548ee09&name=default HTTP/1.1" status: 200 len: 3120 time: 0.1956263
2026-06-09 23:37:40.529 9 WARNING neutron_lib.context [None req-65dc4ffe-acb3-4c2d-98dd-bfb417970032 75dd68e28e6f48fa8ab16461301ee68d 153cb495f680458593bdb12e7018ceb6 - - default default] Method 'is_advsvc' is deprecated since 2023.2 release (neutron-lib 3.8.0) and will be removed once support for the old RBAC API policies will be removed from Neutron. Please use method 'is_service_role' instead.
2026-06-09 23:37:40.663 9 INFO neutron.db.ovn_revision_numbers_db [None req-65dc4ffe-acb3-4c2d-98dd-bfb417970032 75dd68e28e6f48fa8ab16461301ee68d 153cb495f680458593bdb12e7018ceb6 - - default default] Successfully bumped revision number for resource 59fb4707-3b11-4ff3-9c7d-8e0be9f2e651 (type: security_groups) to 1
2026-06-09 23:37:40.677 9 INFO neutron.db.ovn_revision_numbers_db [None req-65dc4ffe-acb3-4c2d-98dd-bfb417970032 75dd68e28e6f48fa8ab16461301ee68d 153cb495f680458593bdb12e7018ceb6 - - default default] Successfully bumped revision number for resource 8099e15c-2651-45ea-b34b-152205afa532 (type: security_group_rules) to 0
2026-06-09 23:37:40.691 9 INFO neutron.db.ovn_revision_numbers_db [None req-65dc4ffe-acb3-4c2d-98dd-bfb417970032 75dd68e28e6f48fa8ab16461301ee68d 153cb495f680458593bdb12e7018ceb6 - - default default] Successfully bumped revision number for resource 97658654-ad1a-42fb-9365-981cbc1fe68f (type: security_group_rules) to 0
2026-06-09 23:37:40.705 9 INFO neutron.db.ovn_revision_numbers_db [None req-65dc4ffe-acb3-4c2d-98dd-bfb417970032 75dd68e28e6f48fa8ab16461301ee68d 153cb495f680458593bdb12e7018ceb6 - - default default] Successfully bumped revision number for resource cd32c8f3-860c-4752-aefa-53cbf120b9e8 (type: security_group_rules) to 0
2026-06-09 23:37:40.719 9 INFO neutron.db.ovn_revision_numbers_db [None req-65dc4ffe-acb3-4c2d-98dd-bfb417970032 75dd68e28e6f48fa8ab16461301ee68d 153cb495f680458593bdb12e7018ceb6 - - default default] Successfully bumped revision number for resource ed6eb3c5-10bb-4dd3-a844-fff5d766808d (type: security_group_rules) to 0
2026-06-09 23:37:40.744 10 INFO neutron.wsgi [None req-f7ad59eb-7684-47a5-8efd-43495db1562c 838187f134094579ae582ee7acd150f3 bee5f3d9d67e40d4a51df0c1b6600e0e - - default default] 10.0.0.145 "DELETE /v2.0/security-groups/46af6887-f4e6-48b3-9417-2f24e890ad92 HTTP/1.1" status: 204 len: 168 time: 0.2379661
2026-06-09 23:37:40.816 9 INFO neutron.db.ovn_revision_numbers_db [None req-65dc4ffe-acb3-4c2d-98dd-bfb417970032 75dd68e28e6f48fa8ab16461301ee68d 153cb495f680458593bdb12e7018ceb6 - - default default] Successfully bumped revision number for resource 97775de1-2db7-4dff-80bb-b868dcf03d33 (type: security_groups) to 1
2026-06-09 23:37:40.831 9 INFO neutron.db.ovn_revision_numbers_db [None req-65dc4ffe-acb3-4c2d-98dd-bfb417970032 75dd68e28e6f48fa8ab16461301ee68d 153cb495f680458593bdb12e7018ceb6 - - default default] Successfully bumped revision number for resource 124af6e8-fb0e-4ed3-ace0-09a20ac3c2e0 (type: security_group_rules) to 0
2026-06-09 23:37:40.852 9 INFO neutron.db.ovn_revision_numbers_db [None req-65dc4ffe-acb3-4c2d-98dd-bfb417970032 75dd68e28e6f48fa8ab16461301ee68d 153cb495f680458593bdb12e7018ceb6 - - default default] Successfully bumped revision number for resource afc9da5a-0051-4b3c-a733-e2f11ccd2ce0 (type: security_group_rules) to 0
2026-06-09 23:37:40.875 9 INFO neutron.wsgi [None req-65dc4ffe-acb3-4c2d-98dd-bfb417970032 75dd68e28e6f48fa8ab16461301ee68d 153cb495f680458593bdb12e7018ceb6 - - default default] 10.0.0.145 "POST /v2.0/security-groups HTTP/1.1" status: 201 len: 1801 time: 0.6147227
2026-06-09 23:37:40.914 9 INFO neutron.wsgi [None req-a8705148-6514-4e1e-9057-26427e0b5b1f 75dd68e28e6f48fa8ab16461301ee68d 153cb495f680458593bdb12e7018ceb6 - - default default] 10.0.0.145 "PUT /v2.0/security-groups/97775de1-2db7-4dff-80bb-b868dcf03d33/tags HTTP/1.1" status: 200 len: 218 time: 0.0332463
2026-06-09 23:37:40.944 9 INFO neutron.wsgi [None req-a564a3fc-dc6b-4d61-89f2-7c4793182fd2 75dd68e28e6f48fa8ab16461301ee68d 153cb495f680458593bdb12e7018ceb6 - - default default] 10.0.0.145 "GET /v2.0/security-groups/97775de1-2db7-4dff-80bb-b868dcf03d33/tags HTTP/1.1" status: 200 len: 218 time: 0.0253410
2026-06-09 23:37:40.989 9 INFO neutron.wsgi [None req-9154bbe6-9142-4026-9f66-7cdfa06667a1 75dd68e28e6f48fa8ab16461301ee68d 153cb495f680458593bdb12e7018ceb6 - - default default] 10.0.0.145 "PUT /v2.0/security-groups/97775de1-2db7-4dff-80bb-b868dcf03d33/tags/green HTTP/1.1" status: 201 len: 201 time: 0.0396316
2026-06-09 23:37:41.019 9 INFO neutron.wsgi [None req-f74f6be1-dbac-46eb-9e85-1a5297c2af46 75dd68e28e6f48fa8ab16461301ee68d 153cb495f680458593bdb12e7018ceb6 - - default default] 10.0.0.145 "GET /v2.0/security-groups/97775de1-2db7-4dff-80bb-b868dcf03d33/tags HTTP/1.1" status: 200 len: 227 time: 0.0241747
2026-06-09 23:37:41.054 9 INFO neutron.wsgi [None req-b32883c8-37e4-4f35-a606-76a0b02a8f00 75dd68e28e6f48fa8ab16461301ee68d 153cb495f680458593bdb12e7018ceb6 - - default default] 10.0.0.145 "PUT /v2.0/security-groups/97775de1-2db7-4dff-80bb-b868dcf03d33/tags/red HTTP/1.1" status: 201 len: 201 time: 0.0294809
2026-06-09 23:37:41.079 10 INFO neutron.db.ovn_revision_numbers_db [None req-060fc020-0fe7-4d4c-921e-2b5e2dc31d49 838187f134094579ae582ee7acd150f3 bee5f3d9d67e40d4a51df0c1b6600e0e - - default default] Successfully bumped revision number for resource 7b9a0b0a-9003-4164-9ca0-ace35c7f36ef (type: security_groups) to 1
2026-06-09 23:37:41.082 9 INFO neutron.wsgi [None req-3105647b-df72-41d3-9aee-24c8e328fcaf 75dd68e28e6f48fa8ab16461301ee68d 153cb495f680458593bdb12e7018ceb6 - - default default] 10.0.0.145 "GET /v2.0/security-groups/97775de1-2db7-4dff-80bb-b868dcf03d33/tags HTTP/1.1" status: 200 len: 227 time: 0.0218878
2026-06-09 23:37:41.091 10 INFO neutron.db.ovn_revision_numbers_db [None req-060fc020-0fe7-4d4c-921e-2b5e2dc31d49 838187f134094579ae582ee7acd150f3 bee5f3d9d67e40d4a51df0c1b6600e0e - - default default] Successfully bumped revision number for resource 0fa9b3c0-c614-47f0-baee-7e4282f7ea55 (type: security_group_rules) to 0
2026-06-09 23:37:41.129 10 INFO neutron.db.ovn_revision_numbers_db [None req-060fc020-0fe7-4d4c-921e-2b5e2dc31d49 838187f134094579ae582ee7acd150f3 bee5f3d9d67e40d4a51df0c1b6600e0e - - default default] Successfully bumped revision number for resource 786853d5-2aae-450f-971a-c26b1c01c788 (type: security_group_rules) to 0
2026-06-09 23:37:41.134 9 INFO neutron.wsgi [None req-940a3d29-b491-44ed-ba11-c17f6fcb6528 75dd68e28e6f48fa8ab16461301ee68d 153cb495f680458593bdb12e7018ceb6 - - default default] 10.0.0.145 "PUT /v2.0/security-groups/97775de1-2db7-4dff-80bb-b868dcf03d33/tags/black.or.white HTTP/1.1" status: 201 len: 201 time: 0.0447395
2026-06-09 23:37:41.145 10 INFO neutron.db.ovn_revision_numbers_db [None req-060fc020-0fe7-4d4c-921e-2b5e2dc31d49 838187f134094579ae582ee7acd150f3 bee5f3d9d67e40d4a51df0c1b6600e0e - - default default] Successfully bumped revision number for resource 8917de62-4590-40d1-ad1a-2c4fd6fdcb60 (type: security_group_rules) to 0
2026-06-09 23:37:41.157 10 INFO neutron.db.ovn_revision_numbers_db [None req-060fc020-0fe7-4d4c-921e-2b5e2dc31d49 838187f134094579ae582ee7acd150f3 bee5f3d9d67e40d4a51df0c1b6600e0e - - default default] Successfully bumped revision number for resource fab62c2d-c79b-495c-9315-81e73bba41f6 (type: security_group_rules) to 0
2026-06-09 23:37:41.167 9 INFO neutron.wsgi [None req-29f14761-26ce-4c88-8992-9483af11e85f 75dd68e28e6f48fa8ab16461301ee68d 153cb495f680458593bdb12e7018ceb6 - - default default] 10.0.0.145 "GET /v2.0/security-groups/97775de1-2db7-4dff-80bb-b868dcf03d33/tags HTTP/1.1" status: 200 len: 245 time: 0.0279737
2026-06-09 23:37:41.181 10 INFO neutron.wsgi [None req-060fc020-0fe7-4d4c-921e-2b5e2dc31d49 838187f134094579ae582ee7acd150f3 bee5f3d9d67e40d4a51df0c1b6600e0e - - default default] 10.0.0.145 "GET /v2.0/security-groups?tenant_id=3ec1fefa4b1a436d8eee3167e52cd4a1&name=default HTTP/1.1" status: 200 len: 3120 time: 0.2379858
2026-06-09 23:37:41.213 9 INFO neutron.wsgi [None req-896c2894-d919-419b-902b-1c7000366ef5 75dd68e28e6f48fa8ab16461301ee68d 153cb495f680458593bdb12e7018ceb6 - - default default] 10.0.0.145 "PUT /v2.0/security-groups/97775de1-2db7-4dff-80bb-b868dcf03d33/tags HTTP/1.1" status: 200 len: 230 time: 0.0406899
2026-06-09 23:37:41.243 9 INFO neutron.wsgi [None req-33b68c75-97df-4cc8-94c8-c3078bf8b018 75dd68e28e6f48fa8ab16461301ee68d 153cb495f680458593bdb12e7018ceb6 - - default default] 10.0.0.145 "GET /v2.0/security-groups/97775de1-2db7-4dff-80bb-b868dcf03d33/tags HTTP/1.1" status: 200 len: 230 time: 0.0231709
2026-06-09 23:37:41.275 9 INFO neutron.wsgi [None req-ace6ef9e-d2c7-470f-9842-ff2cfa22ee28 75dd68e28e6f48fa8ab16461301ee68d 153cb495f680458593bdb12e7018ceb6 - - default default] 10.0.0.145 "GET /v2.0/security-groups/97775de1-2db7-4dff-80bb-b868dcf03d33/tags/red HTTP/1.1" status: 204 len: 168 time: 0.0275404
2026-06-09 23:37:41.311 9 INFO neutron.api.v2.resource [None req-e227aa17-caf6-4587-9c66-1e3afddb8d96 75dd68e28e6f48fa8ab16461301ee68d 153cb495f680458593bdb12e7018ceb6 - - default default] show failed (client error): The resource could not be found.
2026-06-09 23:37:41.312 9 INFO neutron.wsgi [None req-e227aa17-caf6-4587-9c66-1e3afddb8d96 75dd68e28e6f48fa8ab16461301ee68d 153cb495f680458593bdb12e7018ceb6 - - default default] 10.0.0.145 "GET /v2.0/security-groups/97775de1-2db7-4dff-80bb-b868dcf03d33/tags/green HTTP/1.1" status: 404 len: 299 time: 0.0322952
2026-06-09 23:37:41.360 9 INFO neutron.wsgi [None req-b73ba93d-cdd7-47ae-876c-d742ef11392a 75dd68e28e6f48fa8ab16461301ee68d 153cb495f680458593bdb12e7018ceb6 - - default default] 10.0.0.145 "DELETE /v2.0/security-groups/97775de1-2db7-4dff-80bb-b868dcf03d33/tags/red HTTP/1.1" status: 204 len: 168 time: 0.0430064
2026-06-09 23:37:41.385 9 INFO neutron.wsgi [None req-c3137300-493b-442f-95b1-349c3411edc2 75dd68e28e6f48fa8ab16461301ee68d 153cb495f680458593bdb12e7018ceb6 - - default default] 10.0.0.145 "GET /v2.0/security-groups/97775de1-2db7-4dff-80bb-b868dcf03d33/tags HTTP/1.1" status: 200 len: 223 time: 0.0203004
2026-06-09 23:37:41.422 9 INFO neutron.api.v2.resource [None req-1a3eb26a-b547-4532-8048-a55ee8256de1 75dd68e28e6f48fa8ab16461301ee68d 153cb495f680458593bdb12e7018ceb6 - - default default] delete failed (client error): The resource could not be found.
2026-06-09 23:37:41.424 9 INFO neutron.wsgi [None req-1a3eb26a-b547-4532-8048-a55ee8256de1 75dd68e28e6f48fa8ab16461301ee68d 153cb495f680458593bdb12e7018ceb6 - - default default] 10.0.0.145 "DELETE /v2.0/security-groups/97775de1-2db7-4dff-80bb-b868dcf03d33/tags/green HTTP/1.1" status: 404 len: 299 time: 0.0348105
2026-06-09 23:37:41.432 10 INFO neutron.wsgi [None req-7aaa0bd0-41fb-4322-8c74-653a9e91254c 838187f134094579ae582ee7acd150f3 bee5f3d9d67e40d4a51df0c1b6600e0e - - default default] 10.0.0.145 "DELETE /v2.0/security-groups/7b9a0b0a-9003-4164-9ca0-ace35c7f36ef HTTP/1.1" status: 204 len: 168 time: 0.2465971
2026-06-09 23:37:41.478 9 INFO neutron.wsgi [None req-bbbcebec-9d4c-47cb-8106-7ea2162c2c32 75dd68e28e6f48fa8ab16461301ee68d 153cb495f680458593bdb12e7018ceb6 - - default default] 10.0.0.145 "DELETE /v2.0/security-groups/97775de1-2db7-4dff-80bb-b868dcf03d33/tags HTTP/1.1" status: 204 len: 168 time: 0.0475268
2026-06-09 23:37:41.513 9 INFO neutron.wsgi [None req-d30b6ada-7b4a-4ec7-9c3e-655efd9039e1 75dd68e28e6f48fa8ab16461301ee68d 153cb495f680458593bdb12e7018ceb6 - - default default] 10.0.0.145 "GET /v2.0/security-groups/97775de1-2db7-4dff-80bb-b868dcf03d33/tags HTTP/1.1" status: 200 len: 205 time: 0.0297298
2026-06-09 23:37:41.630 9 INFO neutron.wsgi [None req-c3f53fdb-1f53-446b-b04e-7363546aa4cd 75dd68e28e6f48fa8ab16461301ee68d 153cb495f680458593bdb12e7018ceb6 - - default default] 10.0.0.145 "DELETE /v2.0/security-groups/97775de1-2db7-4dff-80bb-b868dcf03d33 HTTP/1.1" status: 204 len: 168 time: 0.1076822
2026-06-09 23:37:42.673 9 WARNING neutron_lib.context [None req-63f47f0a-6eb1-48bb-b1e1-8feb841a2776 2fb5b90c7fbe43419ae42b8bcdc64bf4 ff2f420ebf1243acacd05a390bf57a4d - - default default] Method 'is_advsvc' is deprecated since 2023.2 release (neutron-lib 3.8.0) and will be removed once support for the old RBAC API policies will be removed from Neutron. Please use method 'is_service_role' instead.
2026-06-09 23:37:42.785 9 INFO neutron.db.ovn_revision_numbers_db [None req-f34a700a-fbf1-46a1-8bd5-6ffdf6d98dc1 838187f134094579ae582ee7acd150f3 bee5f3d9d67e40d4a51df0c1b6600e0e - - default default] Successfully bumped revision number for resource 7ffdc00e-7aff-4665-aa9f-69f8a9766708 (type: security_groups) to 1
2026-06-09 23:37:42.813 9 INFO neutron.db.ovn_revision_numbers_db [None req-f34a700a-fbf1-46a1-8bd5-6ffdf6d98dc1 838187f134094579ae582ee7acd150f3 bee5f3d9d67e40d4a51df0c1b6600e0e - - default default] Successfully bumped revision number for resource 7514fcb3-a99f-45ed-909c-464d1fda374c (type: security_group_rules) to 0
2026-06-09 23:37:42.846 9 INFO neutron.db.ovn_revision_numbers_db [None req-f34a700a-fbf1-46a1-8bd5-6ffdf6d98dc1 838187f134094579ae582ee7acd150f3 bee5f3d9d67e40d4a51df0c1b6600e0e - - default default] Successfully bumped revision number for resource 8dc3b69d-1cd7-4837-b8da-8587f34fc06a (type: security_group_rules) to 0
2026-06-09 23:37:42.879 9 INFO neutron.db.ovn_revision_numbers_db [None req-f34a700a-fbf1-46a1-8bd5-6ffdf6d98dc1 838187f134094579ae582ee7acd150f3 bee5f3d9d67e40d4a51df0c1b6600e0e - - default default] Successfully bumped revision number for resource a19a5e05-fcdd-4a18-bc04-5effbcd86bd8 (type: security_group_rules) to 0
2026-06-09 23:37:42.904 9 INFO neutron.db.ovn_revision_numbers_db [None req-f34a700a-fbf1-46a1-8bd5-6ffdf6d98dc1 838187f134094579ae582ee7acd150f3 bee5f3d9d67e40d4a51df0c1b6600e0e - - default default] Successfully bumped revision number for resource a5ba96c4-3c12-4810-a78f-0784015843c6 (type: security_group_rules) to 0
2026-06-09 23:37:42.937 9 INFO neutron.wsgi [None req-f34a700a-fbf1-46a1-8bd5-6ffdf6d98dc1 838187f134094579ae582ee7acd150f3 bee5f3d9d67e40d4a51df0c1b6600e0e - - default default] 10.0.0.145 "GET /v2.0/security-groups?tenant_id=8e4201bbf1394ce2aaf86e2c3e3e5693&name=default HTTP/1.1" status: 200 len: 3120 time: 0.5097096
2026-06-09 23:37:42.997 9 WARNING neutron.scheduler.dhcp_agent_scheduler [None req-63f47f0a-6eb1-48bb-b1e1-8feb841a2776 2fb5b90c7fbe43419ae42b8bcdc64bf4 ff2f420ebf1243acacd05a390bf57a4d - - default default] No more DHCP agents
2026-06-09 23:37:43.001 9 WARNING neutron.api.rpc.agentnotifiers.dhcp_rpc_agent_api [None req-63f47f0a-6eb1-48bb-b1e1-8feb841a2776 2fb5b90c7fbe43419ae42b8bcdc64bf4 ff2f420ebf1243acacd05a390bf57a4d - - default default] Unable to schedule network befa6829-8862-4ba6-a890-7e7cea14ba8b: no agents available; will retry on subsequent port and subnet creation events.
2026-06-09 23:37:43.245 9 INFO neutron.wsgi [None req-893e0a58-da4d-458a-87ba-b6b62896e149 838187f134094579ae582ee7acd150f3 bee5f3d9d67e40d4a51df0c1b6600e0e - - default default] 10.0.0.145 "DELETE /v2.0/security-groups/7ffdc00e-7aff-4665-aa9f-69f8a9766708 HTTP/1.1" status: 204 len: 168 time: 0.3034840
2026-06-09 23:37:43.399 9 INFO neutron.wsgi [None req-63f47f0a-6eb1-48bb-b1e1-8feb841a2776 2fb5b90c7fbe43419ae42b8bcdc64bf4 ff2f420ebf1243acacd05a390bf57a4d - - default default] 10.0.0.145 "POST /v2.0/floatingips HTTP/1.1" status: 201 len: 751 time: 0.8682539
2026-06-09 23:37:43.447 9 INFO neutron.wsgi [None req-5bda50a7-777f-4ed3-98cb-4f961c7261c8 2fb5b90c7fbe43419ae42b8bcdc64bf4 ff2f420ebf1243acacd05a390bf57a4d - - default default] 10.0.0.145 "PUT /v2.0/floatingips/e9c4d84a-fd29-4173-9e5b-10e3f3071e55/tags HTTP/1.1" status: 200 len: 218 time: 0.0431371
2026-06-09 23:37:43.496 9 INFO neutron.wsgi [None req-d79e4640-d4b4-49f1-ae64-42ab58b9f6cc 2fb5b90c7fbe43419ae42b8bcdc64bf4 ff2f420ebf1243acacd05a390bf57a4d - - default default] 10.0.0.145 "GET /v2.0/floatingips/e9c4d84a-fd29-4173-9e5b-10e3f3071e55/tags HTTP/1.1" status: 200 len: 218 time: 0.0439491
2026-06-09 23:37:43.524 10 INFO neutron.wsgi [None req-8d393cf9-7aff-49e7-a314-be994990a5cf 838187f134094579ae582ee7acd150f3 bee5f3d9d67e40d4a51df0c1b6600e0e - - default default] 10.0.0.145 "GET /v2.0/security-groups?tenant_id=153cb495f680458593bdb12e7018ceb6&name=default HTTP/1.1" status: 200 len: 3120 time: 0.0592616
2026-06-09 23:37:43.557 9 INFO neutron.wsgi [None req-8ff6fa30-95fa-4517-9b19-b5cef415fda9 2fb5b90c7fbe43419ae42b8bcdc64bf4 ff2f420ebf1243acacd05a390bf57a4d - - default default] 10.0.0.145 "PUT /v2.0/floatingips/e9c4d84a-fd29-4173-9e5b-10e3f3071e55/tags/green HTTP/1.1" status: 201 len: 201 time: 0.0540214
2026-06-09 23:37:43.609 9 INFO neutron.wsgi [None req-bad502cf-4507-4438-bce2-bd74ec95646f 2fb5b90c7fbe43419ae42b8bcdc64bf4 ff2f420ebf1243acacd05a390bf57a4d - - default default] 10.0.0.145 "GET /v2.0/floatingips/e9c4d84a-fd29-4173-9e5b-10e3f3071e55/tags HTTP/1.1" status: 200 len: 227 time: 0.0468280
2026-06-09 23:37:43.659 9 INFO neutron.wsgi [None req-66f79279-5540-4494-b06a-c18eb18f1ee0 2fb5b90c7fbe43419ae42b8bcdc64bf4 ff2f420ebf1243acacd05a390bf57a4d - - default default] 10.0.0.145 "PUT /v2.0/floatingips/e9c4d84a-fd29-4173-9e5b-10e3f3071e55/tags/red HTTP/1.1" status: 201 len: 201 time: 0.0436330
2026-06-09 23:37:43.707 9 INFO neutron.wsgi [None req-23d6933e-5bd3-491a-8fa3-a66d3113693a 2fb5b90c7fbe43419ae42b8bcdc64bf4 ff2f420ebf1243acacd05a390bf57a4d - - default default] 10.0.0.145 "GET /v2.0/floatingips/e9c4d84a-fd29-4173-9e5b-10e3f3071e55/tags HTTP/1.1" status: 200 len: 227 time: 0.0437648
2026-06-09 23:37:43.756 9 INFO neutron.wsgi [None req-c51124eb-4be4-473d-9a22-f119408a3c2c 2fb5b90c7fbe43419ae42b8bcdc64bf4 ff2f420ebf1243acacd05a390bf57a4d - - default default] 10.0.0.145 "PUT /v2.0/floatingips/e9c4d84a-fd29-4173-9e5b-10e3f3071e55/tags/black.or.white HTTP/1.1" status: 201 len: 201 time: 0.0448601
2026-06-09 23:37:43.805 10 INFO neutron.wsgi [None req-ba008614-c0f2-4fe4-8848-0b2f75287912 838187f134094579ae582ee7acd150f3 bee5f3d9d67e40d4a51df0c1b6600e0e - - default default] 10.0.0.145 "DELETE /v2.0/security-groups/59fb4707-3b11-4ff3-9c7d-8e0be9f2e651 HTTP/1.1" status: 204 len: 168 time: 0.2761061
2026-06-09 23:37:43.806 9 INFO neutron.wsgi [None req-3824669c-8ea0-41e1-bde1-26c5c90fb5b1 2fb5b90c7fbe43419ae42b8bcdc64bf4 ff2f420ebf1243acacd05a390bf57a4d - - default default] 10.0.0.145 "GET /v2.0/floatingips/e9c4d84a-fd29-4173-9e5b-10e3f3071e55/tags HTTP/1.1" status: 200 len: 245 time: 0.0429490
2026-06-09 23:37:43.905 9 INFO neutron.wsgi [None req-e16ae364-9cf7-4ee0-9881-7c9b4e251792 2fb5b90c7fbe43419ae42b8bcdc64bf4 ff2f420ebf1243acacd05a390bf57a4d - - default default] 10.0.0.145 "PUT /v2.0/floatingips/e9c4d84a-fd29-4173-9e5b-10e3f3071e55/tags HTTP/1.1" status: 200 len: 230 time: 0.0928442
2026-06-09 23:37:43.952 9 INFO neutron.wsgi [None req-d7cc65cc-7954-41e8-ad05-9132fb9fea75 2fb5b90c7fbe43419ae42b8bcdc64bf4 ff2f420ebf1243acacd05a390bf57a4d - - default default] 10.0.0.145 "GET /v2.0/floatingips/e9c4d84a-fd29-4173-9e5b-10e3f3071e55/tags HTTP/1.1" status: 200 len: 230 time: 0.0414627
2026-06-09 23:37:43.994 9 INFO neutron.wsgi [None req-cd5f8d18-fbc9-4461-bf99-98d4943f4269 2fb5b90c7fbe43419ae42b8bcdc64bf4 ff2f420ebf1243acacd05a390bf57a4d - - default default] 10.0.0.145 "GET /v2.0/floatingips/e9c4d84a-fd29-4173-9e5b-10e3f3071e55/tags/red HTTP/1.1" status: 204 len: 168 time: 0.0355515
2026-06-09 23:37:44.034 9 INFO neutron.api.v2.resource [None req-838dd340-2fcc-4d10-af14-6a9724f64420 2fb5b90c7fbe43419ae42b8bcdc64bf4 ff2f420ebf1243acacd05a390bf57a4d - - default default] show failed (client error): The resource could not be found.
2026-06-09 23:37:44.036 9 INFO neutron.wsgi [None req-838dd340-2fcc-4d10-af14-6a9724f64420 2fb5b90c7fbe43419ae42b8bcdc64bf4 ff2f420ebf1243acacd05a390bf57a4d - - default default] 10.0.0.145 "GET /v2.0/floatingips/e9c4d84a-fd29-4173-9e5b-10e3f3071e55/tags/green HTTP/1.1" status: 404 len: 299 time: 0.0360789
2026-06-09 23:37:44.108 9 INFO neutron.wsgi [None req-4a28fc28-38e6-46c7-9c3f-8b42a98f71a5 2fb5b90c7fbe43419ae42b8bcdc64bf4 ff2f420ebf1243acacd05a390bf57a4d - - default default] 10.0.0.145 "DELETE /v2.0/floatingips/e9c4d84a-fd29-4173-9e5b-10e3f3071e55/tags/red HTTP/1.1" status: 204 len: 168 time: 0.0672166
2026-06-09 23:37:44.175 9 INFO neutron.wsgi [None req-42e48a3b-5e20-4313-8a57-35e8428c0978 2fb5b90c7fbe43419ae42b8bcdc64bf4 ff2f420ebf1243acacd05a390bf57a4d - - default default] 10.0.0.145 "GET /v2.0/floatingips/e9c4d84a-fd29-4173-9e5b-10e3f3071e55/tags HTTP/1.1" status: 200 len: 223 time: 0.0611157
2026-06-09 23:37:44.231 9 INFO neutron.api.v2.resource [None req-822bf548-d2c8-48f2-9394-f1ddc742295c 2fb5b90c7fbe43419ae42b8bcdc64bf4 ff2f420ebf1243acacd05a390bf57a4d - - default default] delete failed (client error): The resource could not be found.
2026-06-09 23:37:44.234 9 INFO neutron.wsgi [None req-822bf548-d2c8-48f2-9394-f1ddc742295c 2fb5b90c7fbe43419ae42b8bcdc64bf4 ff2f420ebf1243acacd05a390bf57a4d - - default default] 10.0.0.145 "DELETE /v2.0/floatingips/e9c4d84a-fd29-4173-9e5b-10e3f3071e55/tags/green HTTP/1.1" status: 404 len: 299 time: 0.0552950
2026-06-09 23:37:44.411 9 INFO neutron.wsgi [None req-6cb69b94-94d8-4ef6-84b8-ef632ca8905b 2fb5b90c7fbe43419ae42b8bcdc64bf4 ff2f420ebf1243acacd05a390bf57a4d - - default default] 10.0.0.145 "DELETE /v2.0/floatingips/e9c4d84a-fd29-4173-9e5b-10e3f3071e55/tags HTTP/1.1" status: 204 len: 168 time: 0.1703455
2026-06-09 23:37:44.448 9 INFO neutron.wsgi [None req-cf70081b-e241-4c62-81fb-e71cf3c10a04 2fb5b90c7fbe43419ae42b8bcdc64bf4 ff2f420ebf1243acacd05a390bf57a4d - - default default] 10.0.0.145 "GET /v2.0/floatingips/e9c4d84a-fd29-4173-9e5b-10e3f3071e55/tags HTTP/1.1" status: 200 len: 205 time: 0.0309038
2026-06-09 23:37:44.839 9 INFO neutron.wsgi [None req-6c71b7d8-3233-46fd-b38c-3fb1ab55cfac 2fb5b90c7fbe43419ae42b8bcdc64bf4 ff2f420ebf1243acacd05a390bf57a4d - - default default] 10.0.0.145 "DELETE /v2.0/floatingips/e9c4d84a-fd29-4173-9e5b-10e3f3071e55 HTTP/1.1" status: 204 len: 168 time: 0.3829713
2026-06-09 23:37:45.298 9 WARNING neutron_lib.context [None req-afe1f545-58f7-4086-90a8-a2618b5e2aa2 fa00dd3c2a1d45be8ee8990b62945978 42cc1433d6cd429dafd98a4c29cb10ac - - default default] Method 'is_advsvc' is deprecated since 2023.2 release (neutron-lib 3.8.0) and will be removed once support for the old RBAC API policies will be removed from Neutron. Please use method 'is_service_role' instead.
2026-06-09 23:37:45.496 9 INFO neutron.db.ovn_revision_numbers_db [None req-afe1f545-58f7-4086-90a8-a2618b5e2aa2 fa00dd3c2a1d45be8ee8990b62945978 42cc1433d6cd429dafd98a4c29cb10ac - - default default] Successfully bumped revision number for resource 3cf1bbef-6ac3-494a-8a1a-541a519b8442 (type: security_groups) to 1
2026-06-09 23:37:45.510 9 INFO neutron.db.ovn_revision_numbers_db [None req-afe1f545-58f7-4086-90a8-a2618b5e2aa2 fa00dd3c2a1d45be8ee8990b62945978 42cc1433d6cd429dafd98a4c29cb10ac - - default default] Successfully bumped revision number for resource 3862a937-ac73-4b08-ac89-0d1e2b15b08f (type: security_group_rules) to 0
2026-06-09 23:37:45.548 9 INFO neutron.db.ovn_revision_numbers_db [None req-afe1f545-58f7-4086-90a8-a2618b5e2aa2 fa00dd3c2a1d45be8ee8990b62945978 42cc1433d6cd429dafd98a4c29cb10ac - - default default] Successfully bumped revision number for resource 61bcec1f-2d94-413c-ad12-e160ca865f96 (type: security_group_rules) to 0
2026-06-09 23:37:45.566 9 INFO neutron.db.ovn_revision_numbers_db [None req-afe1f545-58f7-4086-90a8-a2618b5e2aa2 fa00dd3c2a1d45be8ee8990b62945978 42cc1433d6cd429dafd98a4c29cb10ac - - default default] Successfully bumped revision number for resource a598bc57-8486-4695-a91a-53d8e9158f72 (type: security_group_rules) to 0
2026-06-09 23:37:45.587 9 INFO neutron.db.ovn_revision_numbers_db [None req-afe1f545-58f7-4086-90a8-a2618b5e2aa2 fa00dd3c2a1d45be8ee8990b62945978 42cc1433d6cd429dafd98a4c29cb10ac - - default default] Successfully bumped revision number for resource d45ad187-a128-408b-9c17-a0b1cd63b33d (type: security_group_rules) to 0
2026-06-09 23:37:45.641 9 INFO neutron.db.segments_db [None req-afe1f545-58f7-4086-90a8-a2618b5e2aa2 fa00dd3c2a1d45be8ee8990b62945978 42cc1433d6cd429dafd98a4c29cb10ac - - default default] Added segment e2a59f34-fab4-473a-bc12-621236ca7056 of type geneve for network 99103342-6093-48c4-8191-bc1027f69fce
2026-06-09 23:37:45.808 9 INFO neutron.db.ovn_revision_numbers_db [None req-afe1f545-58f7-4086-90a8-a2618b5e2aa2 fa00dd3c2a1d45be8ee8990b62945978 42cc1433d6cd429dafd98a4c29cb10ac - - default default] Successfully bumped revision number for resource 99103342-6093-48c4-8191-bc1027f69fce (type: networks) to 1
2026-06-09 23:37:45.946 9 INFO neutron.db.ovn_revision_numbers_db [None req-6168a6f4-8292-4b8f-bd70-af3b17a40cb7 838187f134094579ae582ee7acd150f3 bee5f3d9d67e40d4a51df0c1b6600e0e - - default default] Successfully bumped revision number for resource a286042c-f6e9-455a-a011-82bdd6fc50b5 (type: security_groups) to 1
2026-06-09 23:37:45.971 9 INFO neutron.db.ovn_revision_numbers_db [None req-6168a6f4-8292-4b8f-bd70-af3b17a40cb7 838187f134094579ae582ee7acd150f3 bee5f3d9d67e40d4a51df0c1b6600e0e - - default default] Successfully bumped revision number for resource 1c496fc5-a0d9-470f-8a85-b953030bc4db (type: security_group_rules) to 0
2026-06-09 23:37:45.996 9 INFO neutron.db.ovn_revision_numbers_db [None req-6168a6f4-8292-4b8f-bd70-af3b17a40cb7 838187f134094579ae582ee7acd150f3 bee5f3d9d67e40d4a51df0c1b6600e0e - - default default] Successfully bumped revision number for resource 42b4387a-0ad4-4bb0-bf18-38fa3f3c184c (type: security_group_rules) to 0
2026-06-09 23:37:46.021 9 INFO neutron.db.ovn_revision_numbers_db [None req-6168a6f4-8292-4b8f-bd70-af3b17a40cb7 838187f134094579ae582ee7acd150f3 bee5f3d9d67e40d4a51df0c1b6600e0e - - default default] Successfully bumped revision number for resource 754421f8-05dc-4142-94e9-3d6e29667db9 (type: security_group_rules) to 0
2026-06-09 23:37:46.034 9 WARNING neutron.scheduler.dhcp_agent_scheduler [None req-afe1f545-58f7-4086-90a8-a2618b5e2aa2 fa00dd3c2a1d45be8ee8990b62945978 42cc1433d6cd429dafd98a4c29cb10ac - - default default] No more DHCP agents
2026-06-09 23:37:46.037 9 WARNING neutron.api.rpc.agentnotifiers.dhcp_rpc_agent_api [None req-afe1f545-58f7-4086-90a8-a2618b5e2aa2 fa00dd3c2a1d45be8ee8990b62945978 42cc1433d6cd429dafd98a4c29cb10ac - - default default] Unable to schedule network 99103342-6093-48c4-8191-bc1027f69fce: no agents available; will retry on subsequent port and subnet creation events.
2026-06-09 23:37:46.040 9 INFO neutron.db.ovn_revision_numbers_db [None req-6168a6f4-8292-4b8f-bd70-af3b17a40cb7 838187f134094579ae582ee7acd150f3 bee5f3d9d67e40d4a51df0c1b6600e0e - - default default] Successfully bumped revision number for resource 8961385e-3cd9-4387-9710-f249bc4eb6d3 (type: security_group_rules) to 0
2026-06-09 23:37:46.078 9 INFO neutron.wsgi [None req-6168a6f4-8292-4b8f-bd70-af3b17a40cb7 838187f134094579ae582ee7acd150f3 bee5f3d9d67e40d4a51df0c1b6600e0e - - default default] 10.0.0.145 "GET /v2.0/security-groups?tenant_id=161eafe4eeb24913a6ab4dbd5f440fed&name=default HTTP/1.1" status: 200 len: 3120 time: 0.5223362
2026-06-09 23:37:46.141 9 INFO neutron.db.ovn_revision_numbers_db [None req-afe1f545-58f7-4086-90a8-a2618b5e2aa2 fa00dd3c2a1d45be8ee8990b62945978 42cc1433d6cd429dafd98a4c29cb10ac - - default default] Successfully bumped revision number for resource 81f2c2ca-7a66-4118-900f-53f4f1befb95 (type: ports) to 1
2026-06-09 23:37:46.162 9 INFO neutron.wsgi [None req-afe1f545-58f7-4086-90a8-a2618b5e2aa2 fa00dd3c2a1d45be8ee8990b62945978 42cc1433d6cd429dafd98a4c29cb10ac - - default default] 10.0.0.145 "POST /v2.0/networks HTTP/1.1" status: 201 len: 830 time: 1.1478119
2026-06-09 23:37:46.175 10 WARNING neutron_lib.context [None req-e5b60ef2-591c-4250-8847-7f536d63e23d fa00dd3c2a1d45be8ee8990b62945978 42cc1433d6cd429dafd98a4c29cb10ac - - default default] Method 'is_advsvc' is deprecated since 2023.2 release (neutron-lib 3.8.0) and will be removed once support for the old RBAC API policies will be removed from Neutron. Please use method 'is_service_role' instead.
2026-06-09 23:37:46.422 10 INFO neutron.wsgi [None req-a65301d1-af8a-4859-b300-0e17eeca01a3 838187f134094579ae582ee7acd150f3 bee5f3d9d67e40d4a51df0c1b6600e0e - - default default] 10.0.0.145 "DELETE /v2.0/security-groups/a286042c-f6e9-455a-a011-82bdd6fc50b5 HTTP/1.1" status: 204 len: 168 time: 0.3383725
2026-06-09 23:37:46.492 10 WARNING neutron.scheduler.dhcp_agent_scheduler [None req-e5b60ef2-591c-4250-8847-7f536d63e23d fa00dd3c2a1d45be8ee8990b62945978 42cc1433d6cd429dafd98a4c29cb10ac - - default default] No more DHCP agents
2026-06-09 23:37:46.494 10 WARNING neutron.api.rpc.agentnotifiers.dhcp_rpc_agent_api [None req-e5b60ef2-591c-4250-8847-7f536d63e23d fa00dd3c2a1d45be8ee8990b62945978 42cc1433d6cd429dafd98a4c29cb10ac - - default default] Unable to schedule network 99103342-6093-48c4-8191-bc1027f69fce: no agents available; will retry on subsequent port and subnet creation events. /var/lib/openstack/lib/python3.10/site-packages/pycadf/identifier.py:71: UserWarning: Invalid uuid: neutron. To ensure interoperability, identifiers should be a valid uuid. warnings.warn(('Invalid uuid: %s. To ensure interoperability, '
2026-06-09 23:37:46.602 10 INFO neutron.db.ovn_revision_numbers_db [None req-e5b60ef2-591c-4250-8847-7f536d63e23d fa00dd3c2a1d45be8ee8990b62945978 42cc1433d6cd429dafd98a4c29cb10ac - - default default] Successfully bumped revision number for resource b1fe6777-aea7-4c22-9e57-ec187014cbf2 (type: ports) to 1
2026-06-09 23:37:46.661 10 INFO neutron.wsgi [None req-e5b60ef2-591c-4250-8847-7f536d63e23d fa00dd3c2a1d45be8ee8990b62945978 42cc1433d6cd429dafd98a4c29cb10ac - - default default] 10.0.0.145 "POST /v2.0/ports HTTP/1.1" status: 201 len: 942 time: 0.4941425
2026-06-09 23:37:46.713 10 INFO neutron.db.ovn_revision_numbers_db [None req-f471e707-0981-4d6a-a70a-adb41ffb4bf8 838187f134094579ae582ee7acd150f3 bee5f3d9d67e40d4a51df0c1b6600e0e - - default default] Successfully bumped revision number for resource 6d9fbad6-ee34-4032-bd55-5a851e8ad72e (type: security_groups) to 1
2026-06-09 23:37:46.724 10 INFO neutron.wsgi [None req-ef9ff33f-e35b-4567-b060-7e5a99d94559 fa00dd3c2a1d45be8ee8990b62945978 42cc1433d6cd429dafd98a4c29cb10ac - - default default] 10.0.0.145 "PUT /v2.0/ports/b1fe6777-aea7-4c22-9e57-ec187014cbf2/tags HTTP/1.1" status: 200 len: 218 time: 0.0563369
2026-06-09 23:37:46.727 10 INFO neutron.db.ovn_revision_numbers_db [None req-f471e707-0981-4d6a-a70a-adb41ffb4bf8 838187f134094579ae582ee7acd150f3 bee5f3d9d67e40d4a51df0c1b6600e0e - - default default] Successfully bumped revision number for resource 1616085f-97b9-43ea-90ad-2123c83a551b (type: security_group_rules) to 0
2026-06-09 23:37:46.756 10 INFO neutron.db.ovn_revision_numbers_db [None req-f471e707-0981-4d6a-a70a-adb41ffb4bf8 838187f134094579ae582ee7acd150f3 bee5f3d9d67e40d4a51df0c1b6600e0e - - default default] Successfully bumped revision number for resource 30384025-f391-4c14-94f7-daaad057a097 (type: security_group_rules) to 0
2026-06-09 23:37:46.768 10 INFO neutron.wsgi [None req-eb2b15c0-8af4-40a0-969e-5bcb8e028851 fa00dd3c2a1d45be8ee8990b62945978 42cc1433d6cd429dafd98a4c29cb10ac - - default default] 10.0.0.145 "GET /v2.0/ports/b1fe6777-aea7-4c22-9e57-ec187014cbf2/tags HTTP/1.1" status: 200 len: 218 time: 0.0391872
2026-06-09 23:37:46.771 10 INFO neutron.db.ovn_revision_numbers_db [None req-f471e707-0981-4d6a-a70a-adb41ffb4bf8 838187f134094579ae582ee7acd150f3 bee5f3d9d67e40d4a51df0c1b6600e0e - - default default] Successfully bumped revision number for resource 3e5a840a-9352-45b4-9a42-1163f3dd9d8c (type: security_group_rules) to 0
2026-06-09 23:37:46.793 10 INFO neutron.db.ovn_revision_numbers_db [None req-f471e707-0981-4d6a-a70a-adb41ffb4bf8 838187f134094579ae582ee7acd150f3 bee5f3d9d67e40d4a51df0c1b6600e0e - - default default] Successfully bumped revision number for resource f5ca106c-2b30-480c-ae8e-b1ae10000703 (type: security_group_rules) to 0
2026-06-09 23:37:46.820 10 INFO neutron.wsgi [None req-f471e707-0981-4d6a-a70a-adb41ffb4bf8 838187f134094579ae582ee7acd150f3 bee5f3d9d67e40d4a51df0c1b6600e0e - - default default] 10.0.0.145 "GET /v2.0/security-groups?tenant_id=ff2f420ebf1243acacd05a390bf57a4d&name=default HTTP/1.1" status: 200 len: 3124 time: 0.2767851
2026-06-09 23:37:46.829 9 INFO neutron.wsgi [None req-d1edf611-4017-4016-a0a6-6e37c823a2f9 fa00dd3c2a1d45be8ee8990b62945978 42cc1433d6cd429dafd98a4c29cb10ac - - default default] 10.0.0.145 "PUT /v2.0/ports/b1fe6777-aea7-4c22-9e57-ec187014cbf2/tags/green HTTP/1.1" status: 201 len: 201 time: 0.0537367
2026-06-09 23:37:46.863 9 INFO neutron.wsgi [None req-292c3407-89ce-4014-84f6-4f09e08e090c fa00dd3c2a1d45be8ee8990b62945978 42cc1433d6cd429dafd98a4c29cb10ac - - default default] 10.0.0.145 "GET /v2.0/ports/b1fe6777-aea7-4c22-9e57-ec187014cbf2/tags HTTP/1.1" status: 200 len: 227 time: 0.0298378
2026-06-09 23:37:46.914 9 INFO neutron.wsgi [None req-2718051b-40cd-430f-972d-864afb6de2ec fa00dd3c2a1d45be8ee8990b62945978 42cc1433d6cd429dafd98a4c29cb10ac - - default default] 10.0.0.145 "PUT /v2.0/ports/b1fe6777-aea7-4c22-9e57-ec187014cbf2/tags/red HTTP/1.1" status: 201 len: 201 time: 0.0458741
2026-06-09 23:37:46.955 9 INFO neutron.wsgi [None req-3af4133e-ce22-4265-9cf5-df8fa8ad642f fa00dd3c2a1d45be8ee8990b62945978 42cc1433d6cd429dafd98a4c29cb10ac - - default default] 10.0.0.145 "GET /v2.0/ports/b1fe6777-aea7-4c22-9e57-ec187014cbf2/tags HTTP/1.1" status: 200 len: 227 time: 0.0354095
2026-06-09 23:37:47.007 9 INFO neutron.wsgi [None req-11bd1671-4ecc-4f0f-9cd9-785f276d327d fa00dd3c2a1d45be8ee8990b62945978 42cc1433d6cd429dafd98a4c29cb10ac - - default default] 10.0.0.145 "PUT /v2.0/ports/b1fe6777-aea7-4c22-9e57-ec187014cbf2/tags/black.or.white HTTP/1.1" status: 201 len: 201 time: 0.0468104
2026-06-09 23:37:47.055 10 INFO neutron.wsgi [None req-cf3ab99f-4438-40db-a874-47ca3ee3dd4f fa00dd3c2a1d45be8ee8990b62945978 42cc1433d6cd429dafd98a4c29cb10ac - - default default] 10.0.0.145 "GET /v2.0/ports/b1fe6777-aea7-4c22-9e57-ec187014cbf2/tags HTTP/1.1" status: 200 len: 245 time: 0.0419524
2026-06-09 23:37:47.106 10 INFO neutron.wsgi [None req-e79cde26-281a-4e44-84d8-3549de9a20f2 838187f134094579ae582ee7acd150f3 bee5f3d9d67e40d4a51df0c1b6600e0e - - default default] 10.0.0.145 "DELETE /v2.0/security-groups/6d9fbad6-ee34-4032-bd55-5a851e8ad72e HTTP/1.1" status: 204 len: 168 time: 0.2782578
2026-06-09 23:37:47.120 10 INFO neutron.wsgi [None req-ebca39fb-45ae-45b7-b6dc-fbc98be668df fa00dd3c2a1d45be8ee8990b62945978 42cc1433d6cd429dafd98a4c29cb10ac - - default default] 10.0.0.145 "PUT /v2.0/ports/b1fe6777-aea7-4c22-9e57-ec187014cbf2/tags HTTP/1.1" status: 200 len: 230 time: 0.0592196
2026-06-09 23:37:47.155 10 INFO neutron.wsgi [None req-22ec734f-d3c1-4d41-b9d5-eaab7618f47f fa00dd3c2a1d45be8ee8990b62945978 42cc1433d6cd429dafd98a4c29cb10ac - - default default] 10.0.0.145 "GET /v2.0/ports/b1fe6777-aea7-4c22-9e57-ec187014cbf2/tags HTTP/1.1" status: 200 len: 230 time: 0.0304127
2026-06-09 23:37:47.211 10 INFO neutron.wsgi [None req-d8ba4d0c-3954-44fb-bafa-238dbf535ef7 fa00dd3c2a1d45be8ee8990b62945978 42cc1433d6cd429dafd98a4c29cb10ac - - default default] 10.0.0.145 "GET /v2.0/ports/b1fe6777-aea7-4c22-9e57-ec187014cbf2/tags/red HTTP/1.1" status: 204 len: 168 time: 0.0499609
2026-06-09 23:37:47.260 10 INFO neutron.api.v2.resource [None req-9e4fa363-8127-49a8-af63-c5b169806b98 fa00dd3c2a1d45be8ee8990b62945978 42cc1433d6cd429dafd98a4c29cb10ac - - default default] show failed (client error): The resource could not be found.
2026-06-09 23:37:47.262 10 INFO neutron.wsgi [None req-9e4fa363-8127-49a8-af63-c5b169806b98 fa00dd3c2a1d45be8ee8990b62945978 42cc1433d6cd429dafd98a4c29cb10ac - - default default] 10.0.0.145 "GET /v2.0/ports/b1fe6777-aea7-4c22-9e57-ec187014cbf2/tags/green HTTP/1.1" status: 404 len: 299 time: 0.0431836
2026-06-09 23:37:47.362 10 INFO neutron.wsgi [None req-3f004231-5250-41e9-b60f-50a97e54aace fa00dd3c2a1d45be8ee8990b62945978 42cc1433d6cd429dafd98a4c29cb10ac - - default default] 10.0.0.145 "DELETE /v2.0/ports/b1fe6777-aea7-4c22-9e57-ec187014cbf2/tags/red HTTP/1.1" status: 204 len: 168 time: 0.0865052
2026-06-09 23:37:47.404 10 INFO neutron.wsgi [None req-a2b650eb-d2de-4dfc-9825-8cb785d07150 fa00dd3c2a1d45be8ee8990b62945978 42cc1433d6cd429dafd98a4c29cb10ac - - default default] 10.0.0.145 "GET /v2.0/ports/b1fe6777-aea7-4c22-9e57-ec187014cbf2/tags HTTP/1.1" status: 200 len: 223 time: 0.0369041
2026-06-09 23:37:47.471 10 INFO neutron.api.v2.resource [None req-ec8e705e-6dcc-401a-a7e6-5112d4066e8d fa00dd3c2a1d45be8ee8990b62945978 42cc1433d6cd429dafd98a4c29cb10ac - - default default] delete failed (client error): The resource could not be found.
2026-06-09 23:37:47.473 10 INFO neutron.wsgi [None req-ec8e705e-6dcc-401a-a7e6-5112d4066e8d fa00dd3c2a1d45be8ee8990b62945978 42cc1433d6cd429dafd98a4c29cb10ac - - default default] 10.0.0.145 "DELETE /v2.0/ports/b1fe6777-aea7-4c22-9e57-ec187014cbf2/tags/green HTTP/1.1" status: 404 len: 299 time: 0.0622790
2026-06-09 23:37:47.549 10 INFO neutron.wsgi [None req-14e72ce1-6903-4663-8220-f1436d0f7359 fa00dd3c2a1d45be8ee8990b62945978 42cc1433d6cd429dafd98a4c29cb10ac - - default default] 10.0.0.145 "DELETE /v2.0/ports/b1fe6777-aea7-4c22-9e57-ec187014cbf2/tags HTTP/1.1" status: 204 len: 168 time: 0.0700364
2026-06-09 23:37:47.565 10 INFO neutron.wsgi [-] 10.0.0.84 "GET / HTTP/1.1" status: 200 len: 246 time: 0.0017612
2026-06-09 23:37:47.566 9 INFO neutron.wsgi [-] 10.0.0.84 "GET / HTTP/1.1" status: 200 len: 246 time: 0.0023644
2026-06-09 23:37:47.583 10 WARNING neutron_lib.context [None req-414833df-95ec-4c5f-8b97-3f69f6dfa8e2 203489e7fccf41ecaf7121d13a9f0726 adbe3cba42df438ab205ce020477ab89 - - default default] Method 'is_advsvc' is deprecated since 2023.2 release (neutron-lib 3.8.0) and will be removed once support for the old RBAC API policies will be removed from Neutron. Please use method 'is_service_role' instead.
2026-06-09 23:37:47.599 10 INFO neutron.wsgi [None req-6ce88247-dc05-4fa4-b620-325e341b0f2b fa00dd3c2a1d45be8ee8990b62945978 42cc1433d6cd429dafd98a4c29cb10ac - - default default] 10.0.0.145 "GET /v2.0/ports/b1fe6777-aea7-4c22-9e57-ec187014cbf2/tags HTTP/1.1" status: 200 len: 205 time: 0.0449584
2026-06-09 23:37:47.738 10 INFO neutron.db.ovn_revision_numbers_db [None req-414833df-95ec-4c5f-8b97-3f69f6dfa8e2 203489e7fccf41ecaf7121d13a9f0726 adbe3cba42df438ab205ce020477ab89 - - default default] Successfully bumped revision number for resource 0c778be6-d379-4f5a-89b4-770952d07e1d (type: security_groups) to 1
2026-06-09 23:37:47.751 10 INFO neutron.db.ovn_revision_numbers_db [None req-414833df-95ec-4c5f-8b97-3f69f6dfa8e2 203489e7fccf41ecaf7121d13a9f0726 adbe3cba42df438ab205ce020477ab89 - - default default] Successfully bumped revision number for resource 2bd41e93-0b5e-4e76-a526-1b726b749449 (type: security_group_rules) to 0
2026-06-09 23:37:47.766 10 INFO neutron.db.ovn_revision_numbers_db [None req-414833df-95ec-4c5f-8b97-3f69f6dfa8e2 203489e7fccf41ecaf7121d13a9f0726 adbe3cba42df438ab205ce020477ab89 - - default default] Successfully bumped revision number for resource 35a48737-3433-4e66-959e-27a575370975 (type: security_group_rules) to 0
2026-06-09 23:37:47.792 10 INFO neutron.db.ovn_revision_numbers_db [None req-414833df-95ec-4c5f-8b97-3f69f6dfa8e2 203489e7fccf41ecaf7121d13a9f0726 adbe3cba42df438ab205ce020477ab89 - - default default] Successfully bumped revision number for resource a7c279fd-f5cd-4266-af07-b35d88aec9d6 (type: security_group_rules) to 0
2026-06-09 23:37:47.809 10 INFO neutron.db.ovn_revision_numbers_db [None req-414833df-95ec-4c5f-8b97-3f69f6dfa8e2 203489e7fccf41ecaf7121d13a9f0726 adbe3cba42df438ab205ce020477ab89 - - default default] Successfully bumped revision number for resource aba4e18a-78ad-49f3-b42e-201d86f3d53a (type: security_group_rules) to 0
2026-06-09 23:37:47.861 10 INFO neutron.db.segments_db [None req-414833df-95ec-4c5f-8b97-3f69f6dfa8e2 203489e7fccf41ecaf7121d13a9f0726 adbe3cba42df438ab205ce020477ab89 - - default default] Added segment c3580779-69aa-481b-8bd7-bb8865f6e7d6 of type geneve for network 90068862-3e68-43af-bf3c-c676ed3e2e3d
2026-06-09 23:37:47.976 9 INFO neutron.wsgi [None req-cba56af9-031e-4e0e-b88b-44ef9aae76c8 fa00dd3c2a1d45be8ee8990b62945978 42cc1433d6cd429dafd98a4c29cb10ac - - default default] 10.0.0.145 "DELETE /v2.0/ports/b1fe6777-aea7-4c22-9e57-ec187014cbf2 HTTP/1.1" status: 204 len: 168 time: 0.3723137
