2026-06-09 23:35:54.411 10 INFO neutron.wsgi [req-d2407de2-28b8-4926-b484-e0eaffe8cc19 req-35b90e45-54eb-4f43-8b42-936002bd6cfd e8f107aa72da412bbc0ea8f7ee0c8c44 df347551ee27486e886162979334894a - - 64cb136663874edbac2ca97158871181 64cb136663874edbac2ca97158871181] 10.0.0.116 "GET /v2.0/security-groups?id=576f2b8f-18d8-47d5-b044-8876205a463c&fields=id&fields=name HTTP/1.1" status: 200 len: 313 time: 0.0429902
2026-06-09 23:35:54.542 9 INFO neutron.wsgi [None req-dc178d17-a962-41ff-988f-4a73948faf68 838187f134094579ae582ee7acd150f3 bee5f3d9d67e40d4a51df0c1b6600e0e - - default default] 10.0.0.145 "DELETE /v2.0/security-groups/d6fbab13-85c4-44b4-980d-7b91cbc222da HTTP/1.1" status: 204 len: 168 time: 0.2304654
2026-06-09 23:35:54.810 10 INFO neutron.db.ovn_revision_numbers_db [None req-0fe551fc-cfd9-4ba1-987b-452c7dc21c81 838187f134094579ae582ee7acd150f3 bee5f3d9d67e40d4a51df0c1b6600e0e - - default default] Successfully bumped revision number for resource fcef099a-844e-449b-8ba1-5a7a8bcc6bab (type: security_groups) to 1
2026-06-09 23:35:54.828 10 INFO neutron.db.ovn_revision_numbers_db [None req-0fe551fc-cfd9-4ba1-987b-452c7dc21c81 838187f134094579ae582ee7acd150f3 bee5f3d9d67e40d4a51df0c1b6600e0e - - default default] Successfully bumped revision number for resource 54bf7184-b69e-4c30-84b3-5cc261da9b4a (type: security_group_rules) to 0
2026-06-09 23:35:54.844 10 INFO neutron.db.ovn_revision_numbers_db [None req-0fe551fc-cfd9-4ba1-987b-452c7dc21c81 838187f134094579ae582ee7acd150f3 bee5f3d9d67e40d4a51df0c1b6600e0e - - default default] Successfully bumped revision number for resource 78a3788a-ba08-48a2-afe5-2e404b61a43e (type: security_group_rules) to 0
2026-06-09 23:35:54.860 10 INFO neutron.db.ovn_revision_numbers_db [None req-0fe551fc-cfd9-4ba1-987b-452c7dc21c81 838187f134094579ae582ee7acd150f3 bee5f3d9d67e40d4a51df0c1b6600e0e - - default default] Successfully bumped revision number for resource 947ec50e-5130-4918-9cdc-ceb9617a76cf (type: security_group_rules) to 0
2026-06-09 23:35:54.874 10 INFO neutron.db.ovn_revision_numbers_db [None req-0fe551fc-cfd9-4ba1-987b-452c7dc21c81 838187f134094579ae582ee7acd150f3 bee5f3d9d67e40d4a51df0c1b6600e0e - - default default] Successfully bumped revision number for resource aad55006-0fc4-45f9-b9dc-32c343780087 (type: security_group_rules) to 0
2026-06-09 23:35:54.893 10 INFO neutron.wsgi [None req-0fe551fc-cfd9-4ba1-987b-452c7dc21c81 838187f134094579ae582ee7acd150f3 bee5f3d9d67e40d4a51df0c1b6600e0e - - default default] 10.0.0.145 "GET /v2.0/security-groups?tenant_id=006e592cf471497e92d0c0f145684e08&name=default HTTP/1.1" status: 200 len: 3120 time: 0.2440064
2026-06-09 23:35:55.183 9 INFO neutron.wsgi [None req-f9e037aa-c813-44f5-a6ac-9a9277d8925f 838187f134094579ae582ee7acd150f3 bee5f3d9d67e40d4a51df0c1b6600e0e - - default default] 10.0.0.145 "DELETE /v2.0/security-groups/fcef099a-844e-449b-8ba1-5a7a8bcc6bab HTTP/1.1" status: 204 len: 168 time: 0.2836595
2026-06-09 23:35:57.288 9 WARNING neutron_lib.context [None req-622270f0-f19f-4323-8835-8fad80e7b5be bdafc31b42cb487cac40f99cde74ecc9 e602402b4f5c490d8ca248cba19268c1 - - default default] Method 'is_advsvc' is deprecated since 2023.2 release (neutron-lib 3.8.0) and will be removed once support for the old RBAC API policies will be removed from Neutron. Please use method 'is_service_role' instead.
2026-06-09 23:35:57.334 10 INFO neutron.db.ovn_revision_numbers_db [None req-9dd21e67-07ba-4b55-a613-41ef71ad4d5d 838187f134094579ae582ee7acd150f3 bee5f3d9d67e40d4a51df0c1b6600e0e - - default default] Successfully bumped revision number for resource 04bac4be-d806-4a60-aa5e-11430d773cbd (type: security_groups) to 1
2026-06-09 23:35:57.353 10 INFO neutron.db.ovn_revision_numbers_db [None req-9dd21e67-07ba-4b55-a613-41ef71ad4d5d 838187f134094579ae582ee7acd150f3 bee5f3d9d67e40d4a51df0c1b6600e0e - - default default] Successfully bumped revision number for resource 1c640ff0-004c-41b3-8352-0b7014cad51f (type: security_group_rules) to 0
2026-06-09 23:35:57.370 10 INFO neutron.db.ovn_revision_numbers_db [None req-9dd21e67-07ba-4b55-a613-41ef71ad4d5d 838187f134094579ae582ee7acd150f3 bee5f3d9d67e40d4a51df0c1b6600e0e - - default default] Successfully bumped revision number for resource 444f686d-7f35-44af-9c42-3adeffe2c8aa (type: security_group_rules) to 0
2026-06-09 23:35:57.386 10 INFO neutron.db.ovn_revision_numbers_db [None req-9dd21e67-07ba-4b55-a613-41ef71ad4d5d 838187f134094579ae582ee7acd150f3 bee5f3d9d67e40d4a51df0c1b6600e0e - - default default] Successfully bumped revision number for resource 9af447e3-aa6b-4ba7-a0d0-4c103464e5ff (type: security_group_rules) to 0
2026-06-09 23:35:57.404 10 INFO neutron.db.ovn_revision_numbers_db [None req-9dd21e67-07ba-4b55-a613-41ef71ad4d5d 838187f134094579ae582ee7acd150f3 bee5f3d9d67e40d4a51df0c1b6600e0e - - default default] Successfully bumped revision number for resource fdb37039-f78c-4516-a66c-ec4d27e274a3 (type: security_group_rules) to 0
2026-06-09 23:35:57.427 10 INFO neutron.wsgi [None req-9dd21e67-07ba-4b55-a613-41ef71ad4d5d 838187f134094579ae582ee7acd150f3 bee5f3d9d67e40d4a51df0c1b6600e0e - - default default] 10.0.0.145 "GET /v2.0/security-groups?tenant_id=02f64b863b34446ea07a4a7a0acf9b89&name=default HTTP/1.1" status: 200 len: 3120 time: 0.3556738
2026-06-09 23:35:57.475 9 INFO neutron.db.ovn_revision_numbers_db [None req-622270f0-f19f-4323-8835-8fad80e7b5be bdafc31b42cb487cac40f99cde74ecc9 e602402b4f5c490d8ca248cba19268c1 - - default default] Successfully bumped revision number for resource 6a0d7141-4411-4506-ac03-dd6affc3dea1 (type: security_groups) to 1
2026-06-09 23:35:57.503 9 INFO neutron.db.ovn_revision_numbers_db [None req-622270f0-f19f-4323-8835-8fad80e7b5be bdafc31b42cb487cac40f99cde74ecc9 e602402b4f5c490d8ca248cba19268c1 - - default default] Successfully bumped revision number for resource 7d02088e-2ac9-4911-b986-7242360accef (type: security_group_rules) to 0
2026-06-09 23:35:57.530 9 INFO neutron.wsgi [None req-eff9fed1-f35e-4f94-bc31-6a9d522f40ca 21282e7f1f324144a83e74bf0ac3ea3d 814b181385b74dd2896212e87b995c7c - - default default] 10.0.0.145 "GET /v2.0/ports?project_id=38687beffef04100b4e30565036efdd2&network_id=bb214a10-0d18-485d-b876-9bd56e0d43db HTTP/1.1" status: 200 len: 3514 time: 0.0758410
2026-06-09 23:35:57.535 9 INFO neutron.db.ovn_revision_numbers_db [None req-622270f0-f19f-4323-8835-8fad80e7b5be bdafc31b42cb487cac40f99cde74ecc9 e602402b4f5c490d8ca248cba19268c1 - - default default] Successfully bumped revision number for resource 864a41e3-2198-4c71-bb24-5df2835a6f6e (type: security_group_rules) to 0
2026-06-09 23:35:57.563 9 INFO neutron.db.ovn_revision_numbers_db [None req-622270f0-f19f-4323-8835-8fad80e7b5be bdafc31b42cb487cac40f99cde74ecc9 e602402b4f5c490d8ca248cba19268c1 - - default default] Successfully bumped revision number for resource 90dc633f-83c1-4012-abb0-1cf160a928e0 (type: security_group_rules) to 0
2026-06-09 23:35:57.595 9 INFO neutron.db.ovn_revision_numbers_db [None req-622270f0-f19f-4323-8835-8fad80e7b5be bdafc31b42cb487cac40f99cde74ecc9 e602402b4f5c490d8ca248cba19268c1 - - default default] Successfully bumped revision number for resource db0b06d5-6767-470d-9405-1b3b723ae0e0 (type: security_group_rules) to 0
2026-06-09 23:35:57.655 9 INFO neutron.db.segments_db [None req-622270f0-f19f-4323-8835-8fad80e7b5be bdafc31b42cb487cac40f99cde74ecc9 e602402b4f5c490d8ca248cba19268c1 - - default default] Added segment 2a0d96a2-d1f5-4e77-94ec-55565bda7acc of type geneve for network 16c204cb-b09e-4efc-8d87-60fda83b84bb
2026-06-09 23:35:57.776 10 INFO neutron.wsgi [None req-d16a68a9-d01b-4845-8bf9-9d4f1d4b4038 21282e7f1f324144a83e74bf0ac3ea3d 814b181385b74dd2896212e87b995c7c - - default default] 10.0.0.145 "GET /v2.0/subnets?network_id=befa6829-8862-4ba6-a890-7e7cea14ba8b HTTP/1.1" status: 200 len: 838 time: 0.0368745
2026-06-09 23:35:57.781 10 INFO neutron.wsgi [None req-2483eca5-abf3-49c4-9503-9de33e40f5ff 838187f134094579ae582ee7acd150f3 bee5f3d9d67e40d4a51df0c1b6600e0e - - default default] 10.0.0.145 "DELETE /v2.0/security-groups/04bac4be-d806-4a60-aa5e-11430d773cbd HTTP/1.1" status: 204 len: 168 time: 0.3389916
2026-06-09 23:35:57.856 9 INFO neutron.db.ovn_revision_numbers_db [None req-622270f0-f19f-4323-8835-8fad80e7b5be bdafc31b42cb487cac40f99cde74ecc9 e602402b4f5c490d8ca248cba19268c1 - - default default] Successfully bumped revision number for resource 16c204cb-b09e-4efc-8d87-60fda83b84bb (type: networks) to 1
2026-06-09 23:35:58.063 9 WARNING neutron.scheduler.dhcp_agent_scheduler [None req-622270f0-f19f-4323-8835-8fad80e7b5be bdafc31b42cb487cac40f99cde74ecc9 e602402b4f5c490d8ca248cba19268c1 - - default default] No more DHCP agents
2026-06-09 23:35:58.065 9 WARNING neutron.api.rpc.agentnotifiers.dhcp_rpc_agent_api [None req-622270f0-f19f-4323-8835-8fad80e7b5be bdafc31b42cb487cac40f99cde74ecc9 e602402b4f5c490d8ca248cba19268c1 - - default default] Unable to schedule network 16c204cb-b09e-4efc-8d87-60fda83b84bb: no agents available; will retry on subsequent port and subnet creation events.
2026-06-09 23:35:58.157 10 INFO neutron.db.ovn_revision_numbers_db [None req-f4b9a72d-0117-4113-aa0d-6cb2f4f657fd cac470a962234aa6b80285f33c56d421 38687beffef04100b4e30565036efdd2 - - default default] Successfully bumped revision number for resource 0bfeb6ae-2723-4d14-b47a-3e1d29610df5 (type: floatingips) to 2
2026-06-09 23:35:58.177 9 INFO neutron.db.ovn_revision_numbers_db [None req-4cbd49b6-2e24-43f2-bd01-cb7849212ac6 838187f134094579ae582ee7acd150f3 bee5f3d9d67e40d4a51df0c1b6600e0e - - default default] Successfully bumped revision number for resource 46760db2-86a1-4db0-ac02-847011b35506 (type: security_groups) to 1
2026-06-09 23:35:58.182 9 INFO neutron.db.ovn_revision_numbers_db [None req-622270f0-f19f-4323-8835-8fad80e7b5be bdafc31b42cb487cac40f99cde74ecc9 e602402b4f5c490d8ca248cba19268c1 - - default default] Successfully bumped revision number for resource f226e5a3-99d7-466e-a5ee-3936699d97df (type: ports) to 1
2026-06-09 23:35:58.198 9 INFO neutron.db.ovn_revision_numbers_db [None req-4cbd49b6-2e24-43f2-bd01-cb7849212ac6 838187f134094579ae582ee7acd150f3 bee5f3d9d67e40d4a51df0c1b6600e0e - - default default] Successfully bumped revision number for resource 18391ca1-29da-43bf-82a5-af40927230a5 (type: security_group_rules) to 0
2026-06-09 23:35:58.207 9 INFO neutron.wsgi [None req-622270f0-f19f-4323-8835-8fad80e7b5be bdafc31b42cb487cac40f99cde74ecc9 e602402b4f5c490d8ca248cba19268c1 - - default default] 10.0.0.145 "POST /v2.0/networks HTTP/1.1" status: 201 len: 839 time: 1.0265777
2026-06-09 23:35:58.211 10 INFO neutron.db.l3_db [None req-f4b9a72d-0117-4113-aa0d-6cb2f4f657fd cac470a962234aa6b80285f33c56d421 38687beffef04100b4e30565036efdd2 - - default default] Floating IP 0bfeb6ae-2723-4d14-b47a-3e1d29610df5 disassociated. External IP: 10.96.250.213, port: d6968392-f64a-44ab-8320-e8425031a7dc.
2026-06-09 23:35:58.215 9 INFO neutron.db.ovn_revision_numbers_db [None req-4cbd49b6-2e24-43f2-bd01-cb7849212ac6 838187f134094579ae582ee7acd150f3 bee5f3d9d67e40d4a51df0c1b6600e0e - - default default] Successfully bumped revision number for resource 9a89f571-9791-4560-b049-9e6286c33e26 (type: security_group_rules) to 0
2026-06-09 23:35:58.221 9 WARNING neutron_lib.context [None req-f018ffe9-d271-4457-b4c5-1ab78273dd45 bdafc31b42cb487cac40f99cde74ecc9 e602402b4f5c490d8ca248cba19268c1 - - default default] Method 'is_advsvc' is deprecated since 2023.2 release (neutron-lib 3.8.0) and will be removed once support for the old RBAC API policies will be removed from Neutron. Please use method 'is_service_role' instead.
2026-06-09 23:35:58.246 10 INFO neutron.wsgi [None req-f4b9a72d-0117-4113-aa0d-6cb2f4f657fd cac470a962234aa6b80285f33c56d421 38687beffef04100b4e30565036efdd2 - - default default] 10.0.0.145 "PUT /v2.0/floatingips/0bfeb6ae-2723-4d14-b47a-3e1d29610df5 HTTP/1.1" status: 200 len: 748 time: 0.3341181 /var/lib/openstack/lib/python3.10/site-packages/pycadf/identifier.py:71: UserWarning: Invalid uuid: neutron. To ensure interoperability, identifiers should be a valid uuid. warnings.warn(('Invalid uuid: %s. To ensure interoperability, '
2026-06-09 23:35:58.284 10 INFO neutron.wsgi [None req-75cfd801-1f11-41ad-84c0-e8c2e026beb3 cac470a962234aa6b80285f33c56d421 38687beffef04100b4e30565036efdd2 - - default default] 10.0.0.145 "GET /v2.0/floatingips/0bfeb6ae-2723-4d14-b47a-3e1d29610df5 HTTP/1.1" status: 200 len: 746 time: 0.0276914
2026-06-09 23:35:58.313 10 INFO neutron.notifiers.nova [-] Nova event matching ['req-db5b6d38-4848-4cb3-8405-a57339544d42'] response: {'name': 'network-changed', 'server_uuid': '7dc21b23-90d4-410f-be7b-7ac558791cd4', 'tag': 'd6968392-f64a-44ab-8320-e8425031a7dc', 'status': 'completed', 'code': 200}
2026-06-09 23:35:58.542 9 INFO neutron.db.ovn_revision_numbers_db [None req-4cbd49b6-2e24-43f2-bd01-cb7849212ac6 838187f134094579ae582ee7acd150f3 bee5f3d9d67e40d4a51df0c1b6600e0e - - default default] Successfully bumped revision number for resource 9f5eeb9a-42d2-450d-8cc0-604405eba27d (type: security_group_rules) to 0
2026-06-09 23:35:58.557 9 INFO neutron.wsgi [req-11577823-8405-4f56-9201-a314a1b6f2ad req-206de0af-269f-4830-b6a9-8c35323e772f e8f107aa72da412bbc0ea8f7ee0c8c44 df347551ee27486e886162979334894a - - 64cb136663874edbac2ca97158871181 64cb136663874edbac2ca97158871181] 199.19.213.180 "GET /v2.0/ports?tenant_id=38687beffef04100b4e30565036efdd2&device_id=7dc21b23-90d4-410f-be7b-7ac558791cd4 HTTP/1.1" status: 200 len: 1413 time: 0.0570679
2026-06-09 23:35:58.564 9 INFO neutron.db.ovn_revision_numbers_db [None req-4cbd49b6-2e24-43f2-bd01-cb7849212ac6 838187f134094579ae582ee7acd150f3 bee5f3d9d67e40d4a51df0c1b6600e0e - - default default] Successfully bumped revision number for resource e328c55f-7fc8-4fe8-8870-960e09649cf0 (type: security_group_rules) to 0
2026-06-09 23:35:58.608 9 INFO neutron.wsgi [None req-4cbd49b6-2e24-43f2-bd01-cb7849212ac6 838187f134094579ae582ee7acd150f3 bee5f3d9d67e40d4a51df0c1b6600e0e - - default default] 10.0.0.145 "GET /v2.0/security-groups?tenant_id=3ba7603d81864d6099c128c269cfe628&name=default HTTP/1.1" status: 200 len: 3120 time: 0.8075075
2026-06-09 23:35:58.666 9 INFO neutron.wsgi [req-11577823-8405-4f56-9201-a314a1b6f2ad req-396405e1-b5be-4796-a909-c69097a59c3e e8f107aa72da412bbc0ea8f7ee0c8c44 df347551ee27486e886162979334894a - - 64cb136663874edbac2ca97158871181 64cb136663874edbac2ca97158871181] 199.19.213.180 "GET /v2.0/networks?id=bb214a10-0d18-485d-b876-9bd56e0d43db HTTP/1.1" status: 200 len: 958 time: 0.1002233
2026-06-09 23:35:58.704 9 INFO neutron.wsgi [req-11577823-8405-4f56-9201-a314a1b6f2ad req-3c390c21-25d2-45b8-ae58-180ce2ed3611 e8f107aa72da412bbc0ea8f7ee0c8c44 df347551ee27486e886162979334894a - - 64cb136663874edbac2ca97158871181 64cb136663874edbac2ca97158871181] 199.19.213.180 "GET /v2.0/floatingips?fixed_ip_address=10.100.0.10&port_id=d6968392-f64a-44ab-8320-e8425031a7dc HTTP/1.1" status: 200 len: 217 time: 0.0313523
2026-06-09 23:35:58.742 9 INFO neutron.wsgi [req-11577823-8405-4f56-9201-a314a1b6f2ad req-1a9f3b4a-dd56-4754-8dd3-3b05e6d3ba1a e8f107aa72da412bbc0ea8f7ee0c8c44 df347551ee27486e886162979334894a - - 64cb136663874edbac2ca97158871181 64cb136663874edbac2ca97158871181] 199.19.213.180 "GET /v2.0/subnets?id=3d75e5cc-fcf9-49b8-b712-a6bbb527d851 HTTP/1.1" status: 200 len: 853 time: 0.0315676
2026-06-09 23:35:58.771 9 INFO neutron.wsgi [req-11577823-8405-4f56-9201-a314a1b6f2ad req-ab43c062-a07a-4467-977f-206ec0c85008 e8f107aa72da412bbc0ea8f7ee0c8c44 df347551ee27486e886162979334894a - - 64cb136663874edbac2ca97158871181 64cb136663874edbac2ca97158871181] 199.19.213.180 "GET /v2.0/ports?network_id=bb214a10-0d18-485d-b876-9bd56e0d43db&device_owner=network%3Adhcp HTTP/1.1" status: 200 len: 210 time: 0.0193884
2026-06-09 23:35:58.849 9 INFO neutron.wsgi [req-11577823-8405-4f56-9201-a314a1b6f2ad req-961f24f2-460a-462a-9ec8-9b3ed1ed6ed4 e8f107aa72da412bbc0ea8f7ee0c8c44 df347551ee27486e886162979334894a - - 64cb136663874edbac2ca97158871181 64cb136663874edbac2ca97158871181] 199.19.213.180 "GET /v2.0/networks/bb214a10-0d18-485d-b876-9bd56e0d43db?fields=segments HTTP/1.1" status: 200 len: 212 time: 0.0722980
2026-06-09 23:35:58.864 10 INFO neutron.wsgi [None req-1b89e5ed-40e4-4a73-916a-133715fd5b30 838187f134094579ae582ee7acd150f3 bee5f3d9d67e40d4a51df0c1b6600e0e - - default default] 10.0.0.145 "DELETE /v2.0/security-groups/46760db2-86a1-4db0-ac02-847011b35506 HTTP/1.1" status: 204 len: 168 time: 0.2511773
2026-06-09 23:35:58.892 9 WARNING neutron.scheduler.dhcp_agent_scheduler [None req-f018ffe9-d271-4457-b4c5-1ab78273dd45 bdafc31b42cb487cac40f99cde74ecc9 e602402b4f5c490d8ca248cba19268c1 - - default default] No more DHCP agents
2026-06-09 23:35:58.893 9 WARNING neutron.api.rpc.agentnotifiers.dhcp_rpc_agent_api [None req-f018ffe9-d271-4457-b4c5-1ab78273dd45 bdafc31b42cb487cac40f99cde74ecc9 e602402b4f5c490d8ca248cba19268c1 - - default default] Unable to schedule network 16c204cb-b09e-4efc-8d87-60fda83b84bb: no agents available; will retry on subsequent port and subnet creation events.
2026-06-09 23:35:58.931 9 INFO neutron.wsgi [req-11577823-8405-4f56-9201-a314a1b6f2ad req-86fd375e-731b-4152-a2da-409b97817a87 e8f107aa72da412bbc0ea8f7ee0c8c44 df347551ee27486e886162979334894a - - 64cb136663874edbac2ca97158871181 64cb136663874edbac2ca97158871181] 199.19.213.180 "GET /v2.0/networks/bb214a10-0d18-485d-b876-9bd56e0d43db?fields=provider%3Aphysical_network&fields=provider%3Anetwork_type HTTP/1.1" status: 200 len: 277 time: 0.0729518
2026-06-09 23:35:59.362 10 WARNING neutron_lib.context [None req-79e854a0-9808-40fa-bcdb-2c95e61a84aa cac470a962234aa6b80285f33c56d421 38687beffef04100b4e30565036efdd2 - - default default] Method 'is_advsvc' is deprecated since 2023.2 release (neutron-lib 3.8.0) and will be removed once support for the old RBAC API policies will be removed from Neutron. Please use method 'is_service_role' instead.
2026-06-09 23:35:59.459 9 INFO neutron.db.ovn_revision_numbers_db [None req-f018ffe9-d271-4457-b4c5-1ab78273dd45 bdafc31b42cb487cac40f99cde74ecc9 e602402b4f5c490d8ca248cba19268c1 - - default default] Successfully bumped revision number for resource f226e5a3-99d7-466e-a5ee-3936699d97df (type: ports) to 2
2026-06-09 23:35:59.491 9 INFO neutron.db.ovn_revision_numbers_db [None req-f018ffe9-d271-4457-b4c5-1ab78273dd45 bdafc31b42cb487cac40f99cde74ecc9 e602402b4f5c490d8ca248cba19268c1 - - default default] Successfully bumped revision number for resource 81b5edaa-65db-4356-ae00-4e7158181a8e (type: subnets) to 0
2026-06-09 23:35:59.511 9 INFO neutron.wsgi [None req-f018ffe9-d271-4457-b4c5-1ab78273dd45 bdafc31b42cb487cac40f99cde74ecc9 e602402b4f5c490d8ca248cba19268c1 - - default default] 10.0.0.145 "POST /v2.0/subnets HTTP/1.1" status: 201 len: 832 time: 1.2970855
2026-06-09 23:35:59.522 10 INFO neutron.db.ovn_revision_numbers_db [None req-79e854a0-9808-40fa-bcdb-2c95e61a84aa cac470a962234aa6b80285f33c56d421 38687beffef04100b4e30565036efdd2 - - default default] Successfully bumped revision number for resource 0bac4542-dada-42b6-9795-3af271ce7521 (type: security_groups) to 1
2026-06-09 23:35:59.534 10 INFO neutron.db.ovn_revision_numbers_db [None req-79e854a0-9808-40fa-bcdb-2c95e61a84aa cac470a962234aa6b80285f33c56d421 38687beffef04100b4e30565036efdd2 - - default default] Successfully bumped revision number for resource 1f631352-2eee-46c8-9c67-a19296c704a1 (type: security_group_rules) to 0
2026-06-09 23:35:59.547 10 INFO neutron.db.ovn_revision_numbers_db [None req-79e854a0-9808-40fa-bcdb-2c95e61a84aa cac470a962234aa6b80285f33c56d421 38687beffef04100b4e30565036efdd2 - - default default] Successfully bumped revision number for resource 2da0439d-d531-4da6-8580-e27390e0215d (type: security_group_rules) to 0
2026-06-09 23:35:59.565 10 INFO neutron.wsgi [None req-79e854a0-9808-40fa-bcdb-2c95e61a84aa cac470a962234aa6b80285f33c56d421 38687beffef04100b4e30565036efdd2 - - default default] 10.0.0.145 "POST /v2.0/security-groups HTTP/1.1" status: 201 len: 1873 time: 0.2118454
2026-06-09 23:35:59.575 10 WARNING neutron_lib.context [None req-5a5a5683-39be-4ace-bb13-b6a45309a596 cac470a962234aa6b80285f33c56d421 38687beffef04100b4e30565036efdd2 - - default default] Method 'is_advsvc' is deprecated since 2023.2 release (neutron-lib 3.8.0) and will be removed once support for the old RBAC API policies will be removed from Neutron. Please use method 'is_service_role' instead.
2026-06-09 23:35:59.665 9 INFO neutron.wsgi [None req-9d5713de-b61a-4563-8fe9-01155da81f05 af87a78e0fdc4f6097a575dd17b3225b f3efe3186393407296600f48298482d0 - - default default] 10.0.0.145 "GET /v2.0/subnetpools?name=shared-default-subnetpool-v6 HTTP/1.1" status: 200 len: 212 time: 0.1493535
2026-06-09 23:35:59.674 9 WARNING neutron_lib.context [None req-a9dcd0fb-4580-495d-8e06-f5ff4a944c29 bdafc31b42cb487cac40f99cde74ecc9 e602402b4f5c490d8ca248cba19268c1 - - default default] Method 'is_advsvc' is deprecated since 2023.2 release (neutron-lib 3.8.0) and will be removed once support for the old RBAC API policies will be removed from Neutron. Please use method 'is_service_role' instead.
2026-06-09 23:35:59.701 10 INFO neutron.db.ovn_revision_numbers_db [None req-5a5a5683-39be-4ace-bb13-b6a45309a596 cac470a962234aa6b80285f33c56d421 38687beffef04100b4e30565036efdd2 - - default default] Successfully bumped revision number for resource 7d2f3e08-4b7d-49ea-8458-c8d85ce453cf (type: security_group_rules) to 0
2026-06-09 23:35:59.732 10 INFO neutron.wsgi [None req-5a5a5683-39be-4ace-bb13-b6a45309a596 cac470a962234aa6b80285f33c56d421 38687beffef04100b4e30565036efdd2 - - default default] 10.0.0.145 "POST /v2.0/security-group-rules HTTP/1.1" status: 201 len: 796 time: 0.1617649
2026-06-09 23:35:59.742 10 WARNING neutron_lib.context [None req-f752a497-f128-42cd-a82e-aff1dcfc26c8 cac470a962234aa6b80285f33c56d421 38687beffef04100b4e30565036efdd2 - - default default] Method 'is_advsvc' is deprecated since 2023.2 release (neutron-lib 3.8.0) and will be removed once support for the old RBAC API policies will be removed from Neutron. Please use method 'is_service_role' instead.
2026-06-09 23:35:59.870 10 INFO neutron.db.ovn_revision_numbers_db [None req-f752a497-f128-42cd-a82e-aff1dcfc26c8 cac470a962234aa6b80285f33c56d421 38687beffef04100b4e30565036efdd2 - - default default] Successfully bumped revision number for resource dcf45914-1e82-4f45-b87f-e2a37decb894 (type: security_group_rules) to 0
2026-06-09 23:35:59.899 10 INFO neutron.wsgi [None req-f752a497-f128-42cd-a82e-aff1dcfc26c8 cac470a962234aa6b80285f33c56d421 38687beffef04100b4e30565036efdd2 - - default default] 10.0.0.145 "POST /v2.0/security-group-rules HTTP/1.1" status: 201 len: 795 time: 0.1611454
2026-06-09 23:35:59.910 10 WARNING neutron_lib.context [None req-3b216248-96f9-4dbd-b92c-d7f07221fb6c cac470a962234aa6b80285f33c56d421 38687beffef04100b4e30565036efdd2 - - default default] Method 'is_advsvc' is deprecated since 2023.2 release (neutron-lib 3.8.0) and will be removed once support for the old RBAC API policies will be removed from Neutron. Please use method 'is_service_role' instead.
2026-06-09 23:35:59.955 9 WARNING neutron.scheduler.dhcp_agent_scheduler [None req-a9dcd0fb-4580-495d-8e06-f5ff4a944c29 bdafc31b42cb487cac40f99cde74ecc9 e602402b4f5c490d8ca248cba19268c1 - - default default] No more DHCP agents
2026-06-09 23:35:59.957 9 WARNING neutron.api.rpc.agentnotifiers.dhcp_rpc_agent_api [None req-a9dcd0fb-4580-495d-8e06-f5ff4a944c29 bdafc31b42cb487cac40f99cde74ecc9 e602402b4f5c490d8ca248cba19268c1 - - default default] Unable to schedule network 16c204cb-b09e-4efc-8d87-60fda83b84bb: no agents available; will retry on subsequent port and subnet creation events.
2026-06-09 23:35:59.990 9 INFO neutron.db.ovn_revision_numbers_db [None req-a9dcd0fb-4580-495d-8e06-f5ff4a944c29 bdafc31b42cb487cac40f99cde74ecc9 e602402b4f5c490d8ca248cba19268c1 - - default default] Successfully bumped revision number for resource a1c2cbb1-ca11-4af0-9d3c-5d416b16399b (type: subnets) to 0
2026-06-09 23:36:00.006 9 INFO neutron.wsgi [None req-a9dcd0fb-4580-495d-8e06-f5ff4a944c29 bdafc31b42cb487cac40f99cde74ecc9 e602402b4f5c490d8ca248cba19268c1 - - default default] 10.0.0.145 "POST /v2.0/subnets HTTP/1.1" status: 201 len: 907 time: 0.3369331
2026-06-09 23:36:00.016 9 WARNING neutron_lib.context [None req-0ccee5e1-45f0-49a5-8a25-526b7af5cb71 bdafc31b42cb487cac40f99cde74ecc9 e602402b4f5c490d8ca248cba19268c1 - - default default] Method 'is_advsvc' is deprecated since 2023.2 release (neutron-lib 3.8.0) and will be removed once support for the old RBAC API policies will be removed from Neutron. Please use method 'is_service_role' instead.
2026-06-09 23:36:00.059 10 INFO neutron.db.ovn_revision_numbers_db [None req-3b216248-96f9-4dbd-b92c-d7f07221fb6c cac470a962234aa6b80285f33c56d421 38687beffef04100b4e30565036efdd2 - - default default] Successfully bumped revision number for resource beb38e3f-acec-480b-8859-1dceea347b47 (type: security_group_rules) to 0
2026-06-09 23:36:00.092 10 INFO neutron.wsgi [None req-3b216248-96f9-4dbd-b92c-d7f07221fb6c cac470a962234aa6b80285f33c56d421 38687beffef04100b4e30565036efdd2 - - default default] 10.0.0.145 "POST /v2.0/security-group-rules HTTP/1.1" status: 201 len: 801 time: 0.1885605
2026-06-09 23:36:00.102 10 WARNING neutron_lib.context [None req-2241579e-5972-4841-8541-49bfb0323f05 cac470a962234aa6b80285f33c56d421 38687beffef04100b4e30565036efdd2 - - default default] Method 'is_advsvc' is deprecated since 2023.2 release (neutron-lib 3.8.0) and will be removed once support for the old RBAC API policies will be removed from Neutron. Please use method 'is_service_role' instead.
2026-06-09 23:36:00.104 9 INFO neutron.db.segments_db [None req-0ccee5e1-45f0-49a5-8a25-526b7af5cb71 bdafc31b42cb487cac40f99cde74ecc9 e602402b4f5c490d8ca248cba19268c1 - - default default] Added segment a8e29a97-cc44-40ca-8872-ba158d027426 of type geneve for network d3d801cc-14e4-4684-9100-89a375ba39ea
2026-06-09 23:36:00.285 10 INFO neutron.db.ovn_revision_numbers_db [None req-2241579e-5972-4841-8541-49bfb0323f05 cac470a962234aa6b80285f33c56d421 38687beffef04100b4e30565036efdd2 - - default default] Successfully bumped revision number for resource b274758e-8335-4298-b650-8c195fa5ca89 (type: security_group_rules) to 0
2026-06-09 23:36:00.286 9 INFO neutron.db.ovn_revision_numbers_db [None req-0ccee5e1-45f0-49a5-8a25-526b7af5cb71 bdafc31b42cb487cac40f99cde74ecc9 e602402b4f5c490d8ca248cba19268c1 - - default default] Successfully bumped revision number for resource d3d801cc-14e4-4684-9100-89a375ba39ea (type: networks) to 1
2026-06-09 23:36:00.313 10 INFO neutron.wsgi [None req-2241579e-5972-4841-8541-49bfb0323f05 cac470a962234aa6b80285f33c56d421 38687beffef04100b4e30565036efdd2 - - default default] 10.0.0.145 "POST /v2.0/security-group-rules HTTP/1.1" status: 201 len: 800 time: 0.2168853
2026-06-09 23:36:00.326 10 WARNING neutron_lib.context [None req-a1e7d844-ce9c-4666-878d-8be067d88676 cac470a962234aa6b80285f33c56d421 38687beffef04100b4e30565036efdd2 - - default default] Method 'is_advsvc' is deprecated since 2023.2 release (neutron-lib 3.8.0) and will be removed once support for the old RBAC API policies will be removed from Neutron. Please use method 'is_service_role' instead.
2026-06-09 23:36:00.367 10 INFO neutron.db.securitygroups_db [None req-a1e7d844-ce9c-4666-878d-8be067d88676 cac470a962234aa6b80285f33c56d421 38687beffef04100b4e30565036efdd2 - - default default] Project 38687beffef04100b4e30565036efdd2 added a security group rule with legacy IPv6 ICMP protocol name icmp, ipv6-icmp should be used instead. It was automatically converted.
2026-06-09 23:36:00.475 10 INFO neutron.db.ovn_revision_numbers_db [None req-a1e7d844-ce9c-4666-878d-8be067d88676 cac470a962234aa6b80285f33c56d421 38687beffef04100b4e30565036efdd2 - - default default] Successfully bumped revision number for resource 894ba748-5a5e-4acb-8b56-4e6e2bfea820 (type: security_group_rules) to 0
2026-06-09 23:36:00.500 10 INFO neutron.wsgi [None req-a1e7d844-ce9c-4666-878d-8be067d88676 cac470a962234aa6b80285f33c56d421 38687beffef04100b4e30565036efdd2 - - default default] 10.0.0.145 "POST /v2.0/security-group-rules HTTP/1.1" status: 201 len: 806 time: 0.1796293
2026-06-09 23:36:00.511 10 WARNING neutron_lib.context [None req-61207e6c-4930-4fd4-956c-08bd85fe1299 cac470a962234aa6b80285f33c56d421 38687beffef04100b4e30565036efdd2 - - default default] Method 'is_advsvc' is deprecated since 2023.2 release (neutron-lib 3.8.0) and will be removed once support for the old RBAC API policies will be removed from Neutron. Please use method 'is_service_role' instead.
2026-06-09 23:36:00.542 9 WARNING neutron.scheduler.dhcp_agent_scheduler [None req-0ccee5e1-45f0-49a5-8a25-526b7af5cb71 bdafc31b42cb487cac40f99cde74ecc9 e602402b4f5c490d8ca248cba19268c1 - - default default] No more DHCP agents
2026-06-09 23:36:00.547 9 WARNING neutron.api.rpc.agentnotifiers.dhcp_rpc_agent_api [None req-0ccee5e1-45f0-49a5-8a25-526b7af5cb71 bdafc31b42cb487cac40f99cde74ecc9 e602402b4f5c490d8ca248cba19268c1 - - default default] Unable to schedule network d3d801cc-14e4-4684-9100-89a375ba39ea: no agents available; will retry on subsequent port and subnet creation events.
2026-06-09 23:36:00.554 10 INFO neutron.db.securitygroups_db [None req-61207e6c-4930-4fd4-956c-08bd85fe1299 cac470a962234aa6b80285f33c56d421 38687beffef04100b4e30565036efdd2 - - default default] Project 38687beffef04100b4e30565036efdd2 added a security group rule with legacy IPv6 ICMP protocol name icmp, ipv6-icmp should be used instead. It was automatically converted.
2026-06-09 23:36:00.643 9 INFO neutron.db.ovn_revision_numbers_db [None req-0ccee5e1-45f0-49a5-8a25-526b7af5cb71 bdafc31b42cb487cac40f99cde74ecc9 e602402b4f5c490d8ca248cba19268c1 - - default default] Successfully bumped revision number for resource 7a10f91a-c18c-4f0f-b81f-78354dc0dcfc (type: ports) to 1
2026-06-09 23:36:00.666 9 INFO neutron.wsgi [None req-0ccee5e1-45f0-49a5-8a25-526b7af5cb71 bdafc31b42cb487cac40f99cde74ecc9 e602402b4f5c490d8ca248cba19268c1 - - default default] 10.0.0.145 "POST /v2.0/networks HTTP/1.1" status: 201 len: 837 time: 0.6540117
2026-06-09 23:36:00.678 9 WARNING neutron_lib.context [None req-e19d686f-4885-4ac0-84b3-df01d6218d77 bdafc31b42cb487cac40f99cde74ecc9 e602402b4f5c490d8ca248cba19268c1 - - default default] Method 'is_advsvc' is deprecated since 2023.2 release (neutron-lib 3.8.0) and will be removed once support for the old RBAC API policies will be removed from Neutron. Please use method 'is_service_role' instead.
2026-06-09 23:36:00.687 10 INFO neutron.db.ovn_revision_numbers_db [None req-61207e6c-4930-4fd4-956c-08bd85fe1299 cac470a962234aa6b80285f33c56d421 38687beffef04100b4e30565036efdd2 - - default default] Successfully bumped revision number for resource 56d36597-353d-4460-b171-dd563d8f3be2 (type: security_group_rules) to 0
2026-06-09 23:36:00.714 10 INFO neutron.wsgi [None req-61207e6c-4930-4fd4-956c-08bd85fe1299 cac470a962234aa6b80285f33c56d421 38687beffef04100b4e30565036efdd2 - - default default] 10.0.0.145 "POST /v2.0/security-group-rules HTTP/1.1" status: 201 len: 805 time: 0.2082357
2026-06-09 23:36:00.891 9 WARNING neutron.scheduler.dhcp_agent_scheduler [None req-e19d686f-4885-4ac0-84b3-df01d6218d77 bdafc31b42cb487cac40f99cde74ecc9 e602402b4f5c490d8ca248cba19268c1 - - default default] No more DHCP agents
2026-06-09 23:36:00.893 9 WARNING neutron.api.rpc.agentnotifiers.dhcp_rpc_agent_api [None req-e19d686f-4885-4ac0-84b3-df01d6218d77 bdafc31b42cb487cac40f99cde74ecc9 e602402b4f5c490d8ca248cba19268c1 - - default default] Unable to schedule network d3d801cc-14e4-4684-9100-89a375ba39ea: no agents available; will retry on subsequent port and subnet creation events.
2026-06-09 23:36:01.247 10 INFO neutron.wsgi [None req-df753380-5c8d-4c61-bf29-9aefe9382289 cac470a962234aa6b80285f33c56d421 38687beffef04100b4e30565036efdd2 - - default default] 10.0.0.145 "GET /v2.0/networks HTTP/1.1" status: 200 len: 1492 time: 0.1686642
2026-06-09 23:36:01.358 10 INFO neutron.db.ovn_revision_numbers_db [None req-76f5602f-fcfe-40bc-8366-c5e1b6a37203 838187f134094579ae582ee7acd150f3 bee5f3d9d67e40d4a51df0c1b6600e0e - - default default] Successfully bumped revision number for resource 0e40416f-716a-4f32-83eb-d882e6f827ed (type: security_groups) to 1
2026-06-09 23:36:01.374 10 INFO neutron.db.ovn_revision_numbers_db [None req-76f5602f-fcfe-40bc-8366-c5e1b6a37203 838187f134094579ae582ee7acd150f3 bee5f3d9d67e40d4a51df0c1b6600e0e - - default default] Successfully bumped revision number for resource 17ef89a9-81f3-47f5-8308-1e2e6ef7e7a4 (type: security_group_rules) to 0
2026-06-09 23:36:01.392 10 INFO neutron.db.ovn_revision_numbers_db [None req-76f5602f-fcfe-40bc-8366-c5e1b6a37203 838187f134094579ae582ee7acd150f3 bee5f3d9d67e40d4a51df0c1b6600e0e - - default default] Successfully bumped revision number for resource 1c47b5c7-eb40-4efa-bfa2-8a7b9d7d0f48 (type: security_group_rules) to 0
2026-06-09 23:36:01.405 9 INFO neutron.wsgi [req-ea69f107-d715-4c26-b012-a16cd016b028 req-505a369e-b9c2-41cb-b443-86f412a88cf6 cac470a962234aa6b80285f33c56d421 38687beffef04100b4e30565036efdd2 - - default default] 10.0.0.217 "GET /v2.0/security-groups?name=tempest-secgroup-smoke-651142600&fields=id&tenant_id=38687beffef04100b4e30565036efdd2 HTTP/1.1" status: 200 len: 267 time: 0.0797427
2026-06-09 23:36:01.407 10 INFO neutron.db.ovn_revision_numbers_db [None req-76f5602f-fcfe-40bc-8366-c5e1b6a37203 838187f134094579ae582ee7acd150f3 bee5f3d9d67e40d4a51df0c1b6600e0e - - default default] Successfully bumped revision number for resource 5b9bb0d3-78a7-43eb-9ef2-01d3c9c4c6f8 (type: security_group_rules) to 0
2026-06-09 23:36:01.424 9 INFO neutron.db.ovn_revision_numbers_db [None req-e19d686f-4885-4ac0-84b3-df01d6218d77 bdafc31b42cb487cac40f99cde74ecc9 e602402b4f5c490d8ca248cba19268c1 - - default default] Successfully bumped revision number for resource 7a10f91a-c18c-4f0f-b81f-78354dc0dcfc (type: ports) to 2
2026-06-09 23:36:01.424 10 INFO neutron.db.ovn_revision_numbers_db [None req-76f5602f-fcfe-40bc-8366-c5e1b6a37203 838187f134094579ae582ee7acd150f3 bee5f3d9d67e40d4a51df0c1b6600e0e - - default default] Successfully bumped revision number for resource 9077086a-7794-45a9-bede-b236712fab15 (type: security_group_rules) to 0
2026-06-09 23:36:01.440 9 INFO neutron.db.ovn_revision_numbers_db [None req-f78ae73f-06f6-452c-b955-0cd5f9ac73b6 838187f134094579ae582ee7acd150f3 bee5f3d9d67e40d4a51df0c1b6600e0e - - default default] Successfully bumped revision number for resource 5a113705-5300-4228-90b6-031497448a22 (type: security_groups) to 1
2026-06-09 23:36:01.446 10 INFO neutron.wsgi [None req-76f5602f-fcfe-40bc-8366-c5e1b6a37203 838187f134094579ae582ee7acd150f3 bee5f3d9d67e40d4a51df0c1b6600e0e - - default default] 10.0.0.145 "GET /v2.0/security-groups?tenant_id=3c87e809233940418f4a94c70a8aec09&name=default HTTP/1.1" status: 200 len: 3120 time: 0.3044581
2026-06-09 23:36:01.470 9 INFO neutron.db.ovn_revision_numbers_db [None req-f78ae73f-06f6-452c-b955-0cd5f9ac73b6 838187f134094579ae582ee7acd150f3 bee5f3d9d67e40d4a51df0c1b6600e0e - - default default] Successfully bumped revision number for resource 7b8b61ef-e0e8-4590-b2ca-37760047567f (type: security_group_rules) to 0
2026-06-09 23:36:01.483 9 INFO neutron.db.ovn_revision_numbers_db [None req-e19d686f-4885-4ac0-84b3-df01d6218d77 bdafc31b42cb487cac40f99cde74ecc9 e602402b4f5c490d8ca248cba19268c1 - - default default] Successfully bumped revision number for resource 1cedc3d8-2eec-4bcc-ad63-1e24db4f4abb (type: subnets) to 0
2026-06-09 23:36:01.496 9 INFO neutron.db.ovn_revision_numbers_db [None req-f78ae73f-06f6-452c-b955-0cd5f9ac73b6 838187f134094579ae582ee7acd150f3 bee5f3d9d67e40d4a51df0c1b6600e0e - - default default] Successfully bumped revision number for resource a46ec0a0-304b-401f-9844-a091e98a43e3 (type: security_group_rules) to 0
2026-06-09 23:36:01.505 9 INFO neutron.wsgi [None req-e19d686f-4885-4ac0-84b3-df01d6218d77 bdafc31b42cb487cac40f99cde74ecc9 e602402b4f5c490d8ca248cba19268c1 - - default default] 10.0.0.145 "POST /v2.0/subnets HTTP/1.1" status: 201 len: 830 time: 0.8324771
2026-06-09 23:36:01.512 9 INFO neutron.wsgi [req-ea69f107-d715-4c26-b012-a16cd016b028 req-312dcf02-e565-4da6-b855-10fa2bc4ee28 cac470a962234aa6b80285f33c56d421 38687beffef04100b4e30565036efdd2 - - default default] 10.0.0.217 "GET /v2.0/networks?id=bb214a10-0d18-485d-b876-9bd56e0d43db HTTP/1.1" status: 200 len: 859 time: 0.0969682
2026-06-09 23:36:01.518 9 INFO neutron.db.ovn_revision_numbers_db [None req-f78ae73f-06f6-452c-b955-0cd5f9ac73b6 838187f134094579ae582ee7acd150f3 bee5f3d9d67e40d4a51df0c1b6600e0e - - default default] Successfully bumped revision number for resource b7416ee8-d1a0-4ef7-96f9-b4745dfdd40a (type: security_group_rules) to 0
2026-06-09 23:36:01.518 10 WARNING neutron_lib.context [None req-d48d575d-d512-4fb3-b0e2-c6e01c8dcd57 bdafc31b42cb487cac40f99cde74ecc9 e602402b4f5c490d8ca248cba19268c1 - - default default] Method 'is_advsvc' is deprecated since 2023.2 release (neutron-lib 3.8.0) and will be removed once support for the old RBAC API policies will be removed from Neutron. Please use method 'is_service_role' instead.
2026-06-09 23:36:01.533 9 INFO neutron.wsgi [req-ea69f107-d715-4c26-b012-a16cd016b028 req-18268d55-4112-43ae-bcc6-5070d47bc4bc cac470a962234aa6b80285f33c56d421 38687beffef04100b4e30565036efdd2 - - default default] 10.0.0.217 "GET /v2.0/quotas/38687beffef04100b4e30565036efdd2 HTTP/1.1" status: 200 len: 491 time: 0.0132527
2026-06-09 23:36:01.536 9 INFO neutron.db.ovn_revision_numbers_db [None req-f78ae73f-06f6-452c-b955-0cd5f9ac73b6 838187f134094579ae582ee7acd150f3 bee5f3d9d67e40d4a51df0c1b6600e0e - - default default] Successfully bumped revision number for resource dbc237cb-4d06-4b44-ab20-60159e35a97e (type: security_group_rules) to 0
2026-06-09 23:36:01.595 9 INFO neutron.wsgi [None req-f78ae73f-06f6-452c-b955-0cd5f9ac73b6 838187f134094579ae582ee7acd150f3 bee5f3d9d67e40d4a51df0c1b6600e0e - - default default] 10.0.0.145 "GET /v2.0/security-groups?tenant_id=5534320f1b7c46e5bdcf890f957d77bb&name=default HTTP/1.1" status: 200 len: 3120 time: 0.4219415
2026-06-09 23:36:01.676 9 INFO neutron.wsgi [req-ea69f107-d715-4c26-b012-a16cd016b028 req-811c3d90-c54c-4fcf-b165-7b1594bbb634 cac470a962234aa6b80285f33c56d421 38687beffef04100b4e30565036efdd2 - - default default] 10.0.0.217 "GET /v2.0/ports?tenant_id=38687beffef04100b4e30565036efdd2&fields=id HTTP/1.1" status: 200 len: 348 time: 0.1347039
2026-06-09 23:36:01.731 10 INFO neutron.wsgi [None req-5fb16e21-d79e-40ec-8bff-36439faec738 838187f134094579ae582ee7acd150f3 bee5f3d9d67e40d4a51df0c1b6600e0e - - default default] 10.0.0.145 "DELETE /v2.0/security-groups/0e40416f-716a-4f32-83eb-d882e6f827ed HTTP/1.1" status: 204 len: 168 time: 0.2770667
2026-06-09 23:36:01.765 9 INFO neutron.wsgi [req-ea69f107-d715-4c26-b012-a16cd016b028 req-fffca9aa-2acb-4f0c-a6a2-208b27ad87be e8f107aa72da412bbc0ea8f7ee0c8c44 df347551ee27486e886162979334894a - - 64cb136663874edbac2ca97158871181 64cb136663874edbac2ca97158871181] 10.0.0.217 "GET /v2.0/networks/bb214a10-0d18-485d-b876-9bd56e0d43db?fields=segments HTTP/1.1" status: 200 len: 212 time: 0.0764434
2026-06-09 23:36:01.838 9 INFO neutron.wsgi [req-ea69f107-d715-4c26-b012-a16cd016b028 req-d949bcf6-89e9-4a2a-b594-aaf4adc28c0a e8f107aa72da412bbc0ea8f7ee0c8c44 df347551ee27486e886162979334894a - - 64cb136663874edbac2ca97158871181 64cb136663874edbac2ca97158871181] 10.0.0.217 "GET /v2.0/networks/bb214a10-0d18-485d-b876-9bd56e0d43db?fields=provider%3Aphysical_network&fields=provider%3Anetwork_type HTTP/1.1" status: 200 len: 277 time: 0.0649261
2026-06-09 23:36:01.853 10 WARNING neutron.scheduler.dhcp_agent_scheduler [None req-d48d575d-d512-4fb3-b0e2-c6e01c8dcd57 bdafc31b42cb487cac40f99cde74ecc9 e602402b4f5c490d8ca248cba19268c1 - - default default] No more DHCP agents
2026-06-09 23:36:01.855 10 WARNING neutron.api.rpc.agentnotifiers.dhcp_rpc_agent_api [None req-d48d575d-d512-4fb3-b0e2-c6e01c8dcd57 bdafc31b42cb487cac40f99cde74ecc9 e602402b4f5c490d8ca248cba19268c1 - - default default] Unable to schedule network d3d801cc-14e4-4684-9100-89a375ba39ea: no agents available; will retry on subsequent port and subnet creation events.
2026-06-09 23:36:01.881 9 INFO neutron.wsgi [None req-941fcf4d-c2f8-41db-b558-5e6907a1d46e 838187f134094579ae582ee7acd150f3 bee5f3d9d67e40d4a51df0c1b6600e0e - - default default] 10.0.0.145 "DELETE /v2.0/security-groups/5a113705-5300-4228-90b6-031497448a22 HTTP/1.1" status: 204 len: 168 time: 0.2778697
2026-06-09 23:36:01.895 10 INFO neutron.db.ovn_revision_numbers_db [None req-d48d575d-d512-4fb3-b0e2-c6e01c8dcd57 bdafc31b42cb487cac40f99cde74ecc9 e602402b4f5c490d8ca248cba19268c1 - - default default] Successfully bumped revision number for resource b3091b0a-791a-445f-b1bc-c9c2301a0893 (type: subnets) to 0
2026-06-09 23:36:01.911 10 INFO neutron.wsgi [None req-d48d575d-d512-4fb3-b0e2-c6e01c8dcd57 bdafc31b42cb487cac40f99cde74ecc9 e602402b4f5c490d8ca248cba19268c1 - - default default] 10.0.0.145 "POST /v2.0/subnets HTTP/1.1" status: 201 len: 901 time: 0.3996193
2026-06-09 23:36:01.921 10 WARNING neutron_lib.context [None req-33f97e21-cdcf-4f2f-981e-620953322bfc bdafc31b42cb487cac40f99cde74ecc9 e602402b4f5c490d8ca248cba19268c1 - - default default] Method 'is_advsvc' is deprecated since 2023.2 release (neutron-lib 3.8.0) and will be removed once support for the old RBAC API policies will be removed from Neutron. Please use method 'is_service_role' instead.
2026-06-09 23:36:01.986 9 INFO neutron.wsgi [req-ae6cd03a-d055-4e66-853a-9d9250bdcd54 req-9a9a1f2a-5c4c-47ac-8b0b-f8b83b4a4c92 cac470a962234aa6b80285f33c56d421 38687beffef04100b4e30565036efdd2 - - default default] 10.0.0.217 "GET /v2.0/ports?device_id=b79fdfd0-efab-4d39-992a-5e2f11eaf334 HTTP/1.1" status: 200 len: 210 time: 0.0220485
2026-06-09 23:36:02.011 10 INFO neutron.db.segments_db [None req-33f97e21-cdcf-4f2f-981e-620953322bfc bdafc31b42cb487cac40f99cde74ecc9 e602402b4f5c490d8ca248cba19268c1 - - default default] Added segment 3e82c3f5-e710-4123-b89e-0ef66898d000 of type geneve for network fc31201c-49f2-4691-94d9-b52caf510e5f
2026-06-09 23:36:02.164 10 INFO neutron.db.ovn_revision_numbers_db [None req-33f97e21-cdcf-4f2f-981e-620953322bfc bdafc31b42cb487cac40f99cde74ecc9 e602402b4f5c490d8ca248cba19268c1 - - default default] Successfully bumped revision number for resource fc31201c-49f2-4691-94d9-b52caf510e5f (type: networks) to 1
2026-06-09 23:36:02.441 10 WARNING neutron.scheduler.dhcp_agent_scheduler [None req-33f97e21-cdcf-4f2f-981e-620953322bfc bdafc31b42cb487cac40f99cde74ecc9 e602402b4f5c490d8ca248cba19268c1 - - default default] No more DHCP agents
2026-06-09 23:36:02.444 10 WARNING neutron.api.rpc.agentnotifiers.dhcp_rpc_agent_api [None req-33f97e21-cdcf-4f2f-981e-620953322bfc bdafc31b42cb487cac40f99cde74ecc9 e602402b4f5c490d8ca248cba19268c1 - - default default] Unable to schedule network fc31201c-49f2-4691-94d9-b52caf510e5f: no agents available; will retry on subsequent port and subnet creation events.
2026-06-09 23:36:02.546 10 INFO neutron.db.ovn_revision_numbers_db [None req-33f97e21-cdcf-4f2f-981e-620953322bfc bdafc31b42cb487cac40f99cde74ecc9 e602402b4f5c490d8ca248cba19268c1 - - default default] Successfully bumped revision number for resource 7a71bdac-3c4d-4428-9aba-d239098fd0e2 (type: ports) to 1
2026-06-09 23:36:02.564 10 INFO neutron.wsgi [-] 10.0.0.84 "GET / HTTP/1.1" status: 200 len: 246 time: 0.0013404
2026-06-09 23:36:02.566 9 INFO neutron.wsgi [-] 10.0.0.84 "GET / HTTP/1.1" status: 200 len: 246 time: 0.0022454
2026-06-09 23:36:02.572 10 INFO neutron.wsgi [None req-33f97e21-cdcf-4f2f-981e-620953322bfc bdafc31b42cb487cac40f99cde74ecc9 e602402b4f5c490d8ca248cba19268c1 - - default default] 10.0.0.145 "POST /v2.0/networks HTTP/1.1" status: 201 len: 837 time: 0.6562712
2026-06-09 23:36:02.581 10 WARNING neutron_lib.context [None req-9a6f65fd-364a-4334-9a89-217db61779b9 bdafc31b42cb487cac40f99cde74ecc9 e602402b4f5c490d8ca248cba19268c1 - - default default] Method 'is_advsvc' is deprecated since 2023.2 release (neutron-lib 3.8.0) and will be removed once support for the old RBAC API policies will be removed from Neutron. Please use method 'is_service_role' instead.
2026-06-09 23:36:02.788 9 INFO neutron.wsgi [req-ea69f107-d715-4c26-b012-a16cd016b028 req-ef6a6045-ee03-4e0a-b309-96c2ce74e3f7 cac470a962234aa6b80285f33c56d421 38687beffef04100b4e30565036efdd2 - - default default] 199.19.213.180 "GET /v2.0/networks?id=bb214a10-0d18-485d-b876-9bd56e0d43db HTTP/1.1" status: 200 len: 859 time: 0.1210175
2026-06-09 23:36:02.860 9 INFO neutron.wsgi [req-ea69f107-d715-4c26-b012-a16cd016b028 req-e1e4f098-5a46-4ee8-9d4a-422f1753a1a1 cac470a962234aa6b80285f33c56d421 38687beffef04100b4e30565036efdd2 - - default default] 199.19.213.180 "GET /v2.0/security-groups?fields=id&fields=name&tenant_id=38687beffef04100b4e30565036efdd2 HTTP/1.1" status: 200 len: 472 time: 0.0651577
2026-06-09 23:36:02.882 9 WARNING neutron_lib.context [req-ea69f107-d715-4c26-b012-a16cd016b028 req-83a5c45a-2185-4d60-aab5-37c2a8cb73ac cac470a962234aa6b80285f33c56d421 38687beffef04100b4e30565036efdd2 - - default default] Method 'is_advsvc' is deprecated since 2023.2 release (neutron-lib 3.8.0) and will be removed once support for the old RBAC API policies will be removed from Neutron. Please use method 'is_service_role' instead.
2026-06-09 23:36:03.088 9 INFO neutron.wsgi [req-192ac4a9-a942-4af6-9265-3daf03cd3b9b req-5d587a69-7a1f-4e7e-af6d-d171b2c6bddc cac470a962234aa6b80285f33c56d421 38687beffef04100b4e30565036efdd2 - - default default] 10.0.0.217 "GET /v2.0/ports?device_id=b79fdfd0-efab-4d39-992a-5e2f11eaf334 HTTP/1.1" status: 200 len: 210 time: 0.0225713
2026-06-09 23:36:03.143 10 WARNING neutron.scheduler.dhcp_agent_scheduler [None req-9a6f65fd-364a-4334-9a89-217db61779b9 bdafc31b42cb487cac40f99cde74ecc9 e602402b4f5c490d8ca248cba19268c1 - - default default] No more DHCP agents
2026-06-09 23:36:03.146 10 WARNING neutron.api.rpc.agentnotifiers.dhcp_rpc_agent_api [None req-9a6f65fd-364a-4334-9a89-217db61779b9 bdafc31b42cb487cac40f99cde74ecc9 e602402b4f5c490d8ca248cba19268c1 - - default default] Unable to schedule network fc31201c-49f2-4691-94d9-b52caf510e5f: no agents available; will retry on subsequent port and subnet creation events.
2026-06-09 23:36:03.310 9 WARNING neutron.scheduler.dhcp_agent_scheduler [req-ea69f107-d715-4c26-b012-a16cd016b028 req-83a5c45a-2185-4d60-aab5-37c2a8cb73ac cac470a962234aa6b80285f33c56d421 38687beffef04100b4e30565036efdd2 - - default default] No more DHCP agents
2026-06-09 23:36:03.315 9 WARNING neutron.api.rpc.agentnotifiers.dhcp_rpc_agent_api [req-ea69f107-d715-4c26-b012-a16cd016b028 req-83a5c45a-2185-4d60-aab5-37c2a8cb73ac cac470a962234aa6b80285f33c56d421 38687beffef04100b4e30565036efdd2 - - default default] Unable to schedule network bb214a10-0d18-485d-b876-9bd56e0d43db: no agents available; will retry on subsequent port and subnet creation events.
2026-06-09 23:36:03.504 9 INFO neutron.db.ovn_revision_numbers_db [req-ea69f107-d715-4c26-b012-a16cd016b028 req-83a5c45a-2185-4d60-aab5-37c2a8cb73ac cac470a962234aa6b80285f33c56d421 38687beffef04100b4e30565036efdd2 - - default default] Successfully bumped revision number for resource d7aea420-aba1-4b90-bf6a-ed4c1ae15e38 (type: ports) to 1
2026-06-09 23:36:03.535 9 INFO neutron.wsgi [req-ea69f107-d715-4c26-b012-a16cd016b028 req-83a5c45a-2185-4d60-aab5-37c2a8cb73ac cac470a962234aa6b80285f33c56d421 38687beffef04100b4e30565036efdd2 - - default default] 199.19.213.180 "POST /v2.0/ports HTTP/1.1" status: 201 len: 1158 time: 0.6600878 /var/lib/openstack/lib/python3.10/site-packages/pycadf/identifier.py:71: UserWarning: Invalid uuid: neutron. To ensure interoperability, identifiers should be a valid uuid. warnings.warn(('Invalid uuid: %s. To ensure interoperability, '
2026-06-09 23:36:03.703 10 INFO neutron.db.ovn_revision_numbers_db [None req-9a6f65fd-364a-4334-9a89-217db61779b9 bdafc31b42cb487cac40f99cde74ecc9 e602402b4f5c490d8ca248cba19268c1 - - default default] Successfully bumped revision number for resource 7a71bdac-3c4d-4428-9aba-d239098fd0e2 (type: ports) to 2
2026-06-09 23:36:03.738 10 INFO neutron.db.ovn_revision_numbers_db [None req-9a6f65fd-364a-4334-9a89-217db61779b9 bdafc31b42cb487cac40f99cde74ecc9 e602402b4f5c490d8ca248cba19268c1 - - default default] Successfully bumped revision number for resource 4a080337-02f9-4e85-8216-75aab2721fa6 (type: subnets) to 0
2026-06-09 23:36:03.756 10 INFO neutron.wsgi [None req-9a6f65fd-364a-4334-9a89-217db61779b9 bdafc31b42cb487cac40f99cde74ecc9 e602402b4f5c490d8ca248cba19268c1 - - default default] 10.0.0.145 "POST /v2.0/subnets HTTP/1.1" status: 201 len: 830 time: 1.1796346
2026-06-09 23:36:03.766 9 WARNING neutron_lib.context [None req-dc45c20c-f7a7-4639-bc46-c02ebd14a074 bdafc31b42cb487cac40f99cde74ecc9 e602402b4f5c490d8ca248cba19268c1 - - default default] Method 'is_advsvc' is deprecated since 2023.2 release (neutron-lib 3.8.0) and will be removed once support for the old RBAC API policies will be removed from Neutron. Please use method 'is_service_role' instead.
2026-06-09 23:36:04.107 9 INFO neutron.db.ovn_revision_numbers_db [req-ea69f107-d715-4c26-b012-a16cd016b028 req-baa57ff0-ff37-47d5-b8e2-e533d0363102 e8f107aa72da412bbc0ea8f7ee0c8c44 df347551ee27486e886162979334894a - - 64cb136663874edbac2ca97158871181 64cb136663874edbac2ca97158871181] Successfully bumped revision number for resource d7aea420-aba1-4b90-bf6a-ed4c1ae15e38 (type: ports) to 2 /var/lib/openstack/lib/python3.10/site-packages/pycadf/identifier.py:71: UserWarning: Invalid uuid: neutron. To ensure interoperability, identifiers should be a valid uuid. warnings.warn(('Invalid uuid: %s. To ensure interoperability, '
2026-06-09 23:36:04.182 9 WARNING neutron.scheduler.dhcp_agent_scheduler [None req-dc45c20c-f7a7-4639-bc46-c02ebd14a074 bdafc31b42cb487cac40f99cde74ecc9 e602402b4f5c490d8ca248cba19268c1 - - default default] No more DHCP agents
