2026-06-09 23:34:10.541 10 INFO neutron.wsgi [req-17d60c8b-88c5-407a-821f-cca5eb6ed411 req-3e8f92a8-4bd2-4bee-89c7-eca79f7727f2 d2592e7b58d4492db9688154d8926c91 c5f6ceebd10b43e990184518615f84ac - - default default] 199.19.213.180 "GET /v2.0/networks?id=94788539-e52e-4152-8fb7-12f5f4c82231 HTTP/1.1" status: 200 len: 875 time: 0.1166663
2026-06-09 23:34:10.632 10 INFO neutron.wsgi [req-17d60c8b-88c5-407a-821f-cca5eb6ed411 req-4f225472-dd60-4991-9757-e9d060721ba8 d2592e7b58d4492db9688154d8926c91 c5f6ceebd10b43e990184518615f84ac - - default default] 199.19.213.180 "GET /v2.0/security-groups?fields=id&fields=name&tenant_id=c5f6ceebd10b43e990184518615f84ac HTTP/1.1" status: 200 len: 380 time: 0.0850179
2026-06-09 23:34:10.649 10 WARNING neutron_lib.context [req-17d60c8b-88c5-407a-821f-cca5eb6ed411 req-1522e7ae-ac59-40e4-9bd7-2df414b381eb d2592e7b58d4492db9688154d8926c91 c5f6ceebd10b43e990184518615f84ac - - default default] Method 'is_advsvc' is deprecated since 2023.2 release (neutron-lib 3.8.0) and will be removed once support for the old RBAC API policies will be removed from Neutron. Please use method 'is_service_role' instead.
2026-06-09 23:34:10.727 10 INFO neutron.wsgi [None req-1d73c68e-096b-4962-ab7f-c0a8d2bc0684 7a38ebfac0014a5b882d699b78aad046 9f4a70b92b8b48ddaf103b0e104d8fc4 - - default default] 10.0.0.145 "POST /v2.0/floatingips HTTP/1.1" status: 201 len: 751 time: 0.7305291
2026-06-09 23:34:10.903 9 INFO neutron.wsgi [req-0b6f850d-66b4-49d5-9341-608c375f4104 req-94be4f17-1869-47c2-93ed-95c2192ed5d2 d2592e7b58d4492db9688154d8926c91 c5f6ceebd10b43e990184518615f84ac - - default default] 10.0.0.217 "GET /v2.0/ports?device_id=6df9bf18-db4a-4331-82df-946f5fe6404e HTTP/1.1" status: 200 len: 210 time: 0.0259826
2026-06-09 23:34:11.015 10 WARNING neutron.scheduler.dhcp_agent_scheduler [req-17d60c8b-88c5-407a-821f-cca5eb6ed411 req-1522e7ae-ac59-40e4-9bd7-2df414b381eb d2592e7b58d4492db9688154d8926c91 c5f6ceebd10b43e990184518615f84ac - - default default] No more DHCP agents
2026-06-09 23:34:11.018 10 WARNING neutron.api.rpc.agentnotifiers.dhcp_rpc_agent_api [req-17d60c8b-88c5-407a-821f-cca5eb6ed411 req-1522e7ae-ac59-40e4-9bd7-2df414b381eb d2592e7b58d4492db9688154d8926c91 c5f6ceebd10b43e990184518615f84ac - - default default] Unable to schedule network 94788539-e52e-4152-8fb7-12f5f4c82231: no agents available; will retry on subsequent port and subnet creation events.
2026-06-09 23:34:11.177 10 INFO neutron.db.ovn_revision_numbers_db [req-17d60c8b-88c5-407a-821f-cca5eb6ed411 req-1522e7ae-ac59-40e4-9bd7-2df414b381eb d2592e7b58d4492db9688154d8926c91 c5f6ceebd10b43e990184518615f84ac - - default default] Successfully bumped revision number for resource e9989ef3-412e-4a66-8362-929fe35af083 (type: ports) to 1
2026-06-09 23:34:11.207 10 INFO neutron.wsgi [req-17d60c8b-88c5-407a-821f-cca5eb6ed411 req-1522e7ae-ac59-40e4-9bd7-2df414b381eb d2592e7b58d4492db9688154d8926c91 c5f6ceebd10b43e990184518615f84ac - - default default] 199.19.213.180 "POST /v2.0/ports HTTP/1.1" status: 201 len: 1158 time: 0.5670145 /var/lib/openstack/lib/python3.10/site-packages/pycadf/identifier.py:71: UserWarning: Invalid uuid: neutron. To ensure interoperability, identifiers should be a valid uuid. warnings.warn(('Invalid uuid: %s. To ensure interoperability, '
2026-06-09 23:34:11.294 9 INFO neutron.wsgi [None req-140d25f4-38a6-4b0a-94b7-4be7e2905b40 838187f134094579ae582ee7acd150f3 bee5f3d9d67e40d4a51df0c1b6600e0e - - default default] 10.0.0.145 "PUT /v2.0/routers/f953a0d2-1176-4279-bd62-8f1814bb9312/remove_router_interface HTTP/1.1" status: 200 len: 503 time: 1.4070668 /var/lib/openstack/lib/python3.10/site-packages/pycadf/identifier.py:71: UserWarning: Invalid uuid: neutron. To ensure interoperability, identifiers should be a valid uuid. warnings.warn(('Invalid uuid: %s. To ensure interoperability, '
2026-06-09 23:34:11.308 10 WARNING neutron_lib.context [None req-684c1bc9-ad2b-4353-a80f-fee770cf4abc 7080eee9a083437ca573531172f3fd64 2a4ca5cb10e84bbea5757ef6953a76dc - - default default] Method 'is_advsvc' is deprecated since 2023.2 release (neutron-lib 3.8.0) and will be removed once support for the old RBAC API policies will be removed from Neutron. Please use method 'is_service_role' instead.
2026-06-09 23:34:11.308 10 WARNING neutron_lib.context [None req-684c1bc9-ad2b-4353-a80f-fee770cf4abc 7080eee9a083437ca573531172f3fd64 2a4ca5cb10e84bbea5757ef6953a76dc - - default default] Method 'is_advsvc' is deprecated since 2023.2 release (neutron-lib 3.8.0) and will be removed once support for the old RBAC API policies will be removed from Neutron. Please use method 'is_service_role' instead.
2026-06-09 23:34:11.523 10 INFO neutron.db.ovn_revision_numbers_db [None req-684c1bc9-ad2b-4353-a80f-fee770cf4abc 7080eee9a083437ca573531172f3fd64 2a4ca5cb10e84bbea5757ef6953a76dc - - default default] Successfully bumped revision number for resource 5dc18cda-5806-42f5-a5dd-210640b674fa (type: security_groups) to 1
2026-06-09 23:34:11.541 10 INFO neutron.db.ovn_revision_numbers_db [None req-684c1bc9-ad2b-4353-a80f-fee770cf4abc 7080eee9a083437ca573531172f3fd64 2a4ca5cb10e84bbea5757ef6953a76dc - - default default] Successfully bumped revision number for resource 297d08c9-aef9-466f-a076-6cbb17abfa27 (type: security_group_rules) to 0
2026-06-09 23:34:11.562 10 INFO neutron.db.ovn_revision_numbers_db [None req-684c1bc9-ad2b-4353-a80f-fee770cf4abc 7080eee9a083437ca573531172f3fd64 2a4ca5cb10e84bbea5757ef6953a76dc - - default default] Successfully bumped revision number for resource 5e4fb9ba-9bc3-4b30-a267-d7c1a036e774 (type: security_group_rules) to 0
2026-06-09 23:34:11.581 10 INFO neutron.db.ovn_revision_numbers_db [None req-684c1bc9-ad2b-4353-a80f-fee770cf4abc 7080eee9a083437ca573531172f3fd64 2a4ca5cb10e84bbea5757ef6953a76dc - - default default] Successfully bumped revision number for resource 67bb34c6-72d7-422f-ab01-634249a839ea (type: security_group_rules) to 0
2026-06-09 23:34:11.606 10 INFO neutron.db.ovn_revision_numbers_db [None req-684c1bc9-ad2b-4353-a80f-fee770cf4abc 7080eee9a083437ca573531172f3fd64 2a4ca5cb10e84bbea5757ef6953a76dc - - default default] Successfully bumped revision number for resource f6aae57b-a427-4317-a5be-d89892f00bea (type: security_group_rules) to 0
2026-06-09 23:34:11.685 10 INFO neutron.db.ovn_revision_numbers_db [req-17d60c8b-88c5-407a-821f-cca5eb6ed411 req-575713c6-cab9-45b1-bb26-948cacddb752 e8f107aa72da412bbc0ea8f7ee0c8c44 df347551ee27486e886162979334894a - - 64cb136663874edbac2ca97158871181 64cb136663874edbac2ca97158871181] Successfully bumped revision number for resource e9989ef3-412e-4a66-8362-929fe35af083 (type: ports) to 2
2026-06-09 23:34:11.698 10 INFO neutron.db.segments_db [None req-684c1bc9-ad2b-4353-a80f-fee770cf4abc 7080eee9a083437ca573531172f3fd64 2a4ca5cb10e84bbea5757ef6953a76dc - - default default] Added segment 6a399b42-b11d-4a9c-ae2b-3f5ae152dd6c of type geneve for network 40401772-9de1-4685-ba1c-4f7ea8f7cf9d
2026-06-09 23:34:12.041 9 INFO neutron.wsgi [req-a733d130-1fef-4dc5-a924-36ed7178e63e req-9a290f96-a5ef-4134-9d3c-229e3c4b7146 d2592e7b58d4492db9688154d8926c91 c5f6ceebd10b43e990184518615f84ac - - default default] 10.0.0.217 "GET /v2.0/ports?device_id=6df9bf18-db4a-4331-82df-946f5fe6404e HTTP/1.1" status: 200 len: 1168 time: 0.0701315
2026-06-09 23:34:12.058 10 INFO neutron.db.segments_db [None req-684c1bc9-ad2b-4353-a80f-fee770cf4abc 7080eee9a083437ca573531172f3fd64 2a4ca5cb10e84bbea5757ef6953a76dc - - default default] Added segment 606ca071-9b6c-4bea-afa7-47f713aea445 of type geneve for network 17f339dc-ec2a-4bb3-9999-e93a7821e2e6
2026-06-09 23:34:12.146 9 INFO neutron.wsgi [req-a733d130-1fef-4dc5-a924-36ed7178e63e req-d52811af-69fc-4eaf-923a-a88bce691618 d2592e7b58d4492db9688154d8926c91 c5f6ceebd10b43e990184518615f84ac - - default default] 10.0.0.217 "GET /v2.0/security-groups?id=9852cd5b-f84f-4e5b-84cf-cf9745d37ddf&fields=id&fields=name HTTP/1.1" status: 200 len: 313 time: 0.0900655
2026-06-09 23:34:12.162 9 INFO neutron.wsgi [None req-5bab14a5-72c1-4e58-9e7b-15bf144d082c 838187f134094579ae582ee7acd150f3 bee5f3d9d67e40d4a51df0c1b6600e0e - - default default] 10.0.0.145 "DELETE /v2.0/routers/f953a0d2-1176-4279-bd62-8f1814bb9312 HTTP/1.1" status: 204 len: 168 time: 0.8627355
2026-06-09 23:34:12.238 10 INFO neutron.db.ovn_revision_numbers_db [req-17d60c8b-88c5-407a-821f-cca5eb6ed411 req-575713c6-cab9-45b1-bb26-948cacddb752 e8f107aa72da412bbc0ea8f7ee0c8c44 df347551ee27486e886162979334894a - - 64cb136663874edbac2ca97158871181 64cb136663874edbac2ca97158871181] Successfully bumped revision number for resource e9989ef3-412e-4a66-8362-929fe35af083 (type: ports) to 2
2026-06-09 23:34:12.245 10 INFO neutron.db.ovn_revision_numbers_db [None req-684c1bc9-ad2b-4353-a80f-fee770cf4abc 7080eee9a083437ca573531172f3fd64 2a4ca5cb10e84bbea5757ef6953a76dc - - default default] Successfully bumped revision number for resource 40401772-9de1-4685-ba1c-4f7ea8f7cf9d (type: networks) to 1
2026-06-09 23:34:12.280 10 INFO neutron.wsgi [req-17d60c8b-88c5-407a-821f-cca5eb6ed411 req-575713c6-cab9-45b1-bb26-948cacddb752 e8f107aa72da412bbc0ea8f7ee0c8c44 df347551ee27486e886162979334894a - - 64cb136663874edbac2ca97158871181 64cb136663874edbac2ca97158871181] 199.19.213.180 "PUT /v2.0/ports/e9989ef3-412e-4a66-8362-929fe35af083 HTTP/1.1" status: 200 len: 1376 time: 1.0640099 /var/lib/openstack/lib/python3.10/site-packages/pycadf/identifier.py:71: UserWarning: Invalid uuid: neutron. To ensure interoperability, identifiers should be a valid uuid. warnings.warn(('Invalid uuid: %s. To ensure interoperability, '
2026-06-09 23:34:12.326 10 INFO neutron.notifiers.nova [-] Nova event matching ['req-8db5b826-d47d-4a6a-9a67-7439bb57f6c9'] response: {'name': 'network-changed', 'server_uuid': '6df9bf18-db4a-4331-82df-946f5fe6404e', 'tag': 'e9989ef3-412e-4a66-8362-929fe35af083', 'status': 'completed', 'code': 200}
2026-06-09 23:34:12.398 10 INFO neutron.wsgi [req-17d60c8b-88c5-407a-821f-cca5eb6ed411 req-d03fd193-630f-4caa-8f8c-f1d9e1b3db8c e8f107aa72da412bbc0ea8f7ee0c8c44 df347551ee27486e886162979334894a - - 64cb136663874edbac2ca97158871181 64cb136663874edbac2ca97158871181] 199.19.213.180 "GET /v2.0/ports?tenant_id=c5f6ceebd10b43e990184518615f84ac&device_id=6df9bf18-db4a-4331-82df-946f5fe6404e HTTP/1.1" status: 200 len: 1407 time: 0.0810382
2026-06-09 23:34:12.430 10 INFO neutron.wsgi [req-17d60c8b-88c5-407a-821f-cca5eb6ed411 req-18064c7c-47b2-44fa-9c33-8e20426c21fb e8f107aa72da412bbc0ea8f7ee0c8c44 df347551ee27486e886162979334894a - - 64cb136663874edbac2ca97158871181 64cb136663874edbac2ca97158871181] 199.19.213.180 "GET /v2.0/floatingips?fixed_ip_address=10.100.0.8&port_id=e9989ef3-412e-4a66-8362-929fe35af083 HTTP/1.1" status: 200 len: 217 time: 0.0231197
2026-06-09 23:34:12.487 10 INFO neutron.wsgi [req-17d60c8b-88c5-407a-821f-cca5eb6ed411 req-dd64a582-c0c6-4725-a572-92051697267f e8f107aa72da412bbc0ea8f7ee0c8c44 df347551ee27486e886162979334894a - - 64cb136663874edbac2ca97158871181 64cb136663874edbac2ca97158871181] 199.19.213.180 "GET /v2.0/subnets?id=156642dc-ac63-4b17-b050-3413270ae6ca HTTP/1.1" status: 200 len: 869 time: 0.0508914
2026-06-09 23:34:12.510 10 INFO neutron.wsgi [req-17d60c8b-88c5-407a-821f-cca5eb6ed411 req-63d75c67-6a8b-4b39-8ba3-75453334079d e8f107aa72da412bbc0ea8f7ee0c8c44 df347551ee27486e886162979334894a - - 64cb136663874edbac2ca97158871181 64cb136663874edbac2ca97158871181] 199.19.213.180 "GET /v2.0/ports?network_id=94788539-e52e-4152-8fb7-12f5f4c82231&device_owner=network%3Adhcp HTTP/1.1" status: 200 len: 210 time: 0.0181313
2026-06-09 23:34:12.557 10 WARNING neutron.scheduler.dhcp_agent_scheduler [None req-684c1bc9-ad2b-4353-a80f-fee770cf4abc 7080eee9a083437ca573531172f3fd64 2a4ca5cb10e84bbea5757ef6953a76dc - - default default] No more DHCP agents
2026-06-09 23:34:12.561 10 WARNING neutron.api.rpc.agentnotifiers.dhcp_rpc_agent_api [None req-684c1bc9-ad2b-4353-a80f-fee770cf4abc 7080eee9a083437ca573531172f3fd64 2a4ca5cb10e84bbea5757ef6953a76dc - - default default] Unable to schedule network 40401772-9de1-4685-ba1c-4f7ea8f7cf9d: no agents available; will retry on subsequent port and subnet creation events.
2026-06-09 23:34:12.612 10 INFO neutron.wsgi [req-17d60c8b-88c5-407a-821f-cca5eb6ed411 req-02ee3823-bf07-4c00-9936-2e04453df2a6 e8f107aa72da412bbc0ea8f7ee0c8c44 df347551ee27486e886162979334894a - - 64cb136663874edbac2ca97158871181 64cb136663874edbac2ca97158871181] 199.19.213.180 "GET /v2.0/networks/94788539-e52e-4152-8fb7-12f5f4c82231?fields=segments HTTP/1.1" status: 200 len: 212 time: 0.0888536
2026-06-09 23:34:12.633 9 WARNING neutron.plugins.ml2.drivers.ovn.mech_driver.ovsdb.ovn_client [None req-ea024a4f-c6e4-435d-b3e4-0a3e777d8e02 - - - - - -] No hosting information found for port f4052b2e-75bd-4769-ae42-39c5e21bc604: RuntimeError: No hosting information found for port f4052b2e-75bd-4769-ae42-39c5e21bc604
2026-06-09 23:34:12.658 9 INFO neutron.wsgi [None req-1964eb6d-721e-4001-9deb-5d649ceedde5 838187f134094579ae582ee7acd150f3 bee5f3d9d67e40d4a51df0c1b6600e0e - - default default] 10.0.0.145 "DELETE /v2.0/subnets/c1f09a1f-9582-448f-8eb4-254836dc0d12 HTTP/1.1" status: 204 len: 168 time: 0.4852660
2026-06-09 23:34:12.692 10 INFO neutron.db.ovn_revision_numbers_db [None req-684c1bc9-ad2b-4353-a80f-fee770cf4abc 7080eee9a083437ca573531172f3fd64 2a4ca5cb10e84bbea5757ef6953a76dc - - default default] Successfully bumped revision number for resource 76dc8c19-add8-48eb-9c7f-84b8ad1b66aa (type: ports) to 1
2026-06-09 23:34:12.697 10 INFO neutron.wsgi [req-17d60c8b-88c5-407a-821f-cca5eb6ed411 req-bc223630-5a44-4fd3-9b94-6b3865b1d4d6 e8f107aa72da412bbc0ea8f7ee0c8c44 df347551ee27486e886162979334894a - - 64cb136663874edbac2ca97158871181 64cb136663874edbac2ca97158871181] 199.19.213.180 "GET /v2.0/networks/94788539-e52e-4152-8fb7-12f5f4c82231?fields=provider%3Aphysical_network&fields=provider%3Anetwork_type HTTP/1.1" status: 200 len: 277 time: 0.0780406
2026-06-09 23:34:12.779 10 INFO neutron.db.ovn_revision_numbers_db [None req-684c1bc9-ad2b-4353-a80f-fee770cf4abc 7080eee9a083437ca573531172f3fd64 2a4ca5cb10e84bbea5757ef6953a76dc - - default default] Successfully bumped revision number for resource 17f339dc-ec2a-4bb3-9999-e93a7821e2e6 (type: networks) to 1
2026-06-09 23:34:12.795 10 INFO neutron.wsgi [req-604d3096-9294-4e2f-8f0d-25e9887dce58 req-56235fe3-6e18-4382-bc6c-85a3e3593974 e8f107aa72da412bbc0ea8f7ee0c8c44 df347551ee27486e886162979334894a - - 64cb136663874edbac2ca97158871181 64cb136663874edbac2ca97158871181] 199.19.213.180 "GET /v2.0/ports?tenant_id=c5f6ceebd10b43e990184518615f84ac&device_id=6df9bf18-db4a-4331-82df-946f5fe6404e HTTP/1.1" status: 200 len: 1407 time: 0.0456011
2026-06-09 23:34:12.881 9 INFO neutron.plugins.ml2.drivers.ovn.mech_driver.mech_driver [None req-ea024a4f-c6e4-435d-b3e4-0a3e777d8e02 - - - - - -] OVN reports status up for port: e9989ef3-412e-4a66-8362-929fe35af083
2026-06-09 23:34:12.909 9 INFO neutron.plugins.ml2.plugin [None req-ea024a4f-c6e4-435d-b3e4-0a3e777d8e02 - - - - - -] Attempt 1 to provision port e9989ef3-412e-4a66-8362-929fe35af083
2026-06-09 23:34:12.930 10 INFO neutron.wsgi [req-604d3096-9294-4e2f-8f0d-25e9887dce58 req-0b4f5c53-67fb-4d73-8559-7dd7474cf633 e8f107aa72da412bbc0ea8f7ee0c8c44 df347551ee27486e886162979334894a - - 64cb136663874edbac2ca97158871181 64cb136663874edbac2ca97158871181] 199.19.213.180 "GET /v2.0/networks?id=94788539-e52e-4152-8fb7-12f5f4c82231 HTTP/1.1" status: 200 len: 974 time: 0.1192727
2026-06-09 23:34:12.971 10 INFO neutron.wsgi [req-604d3096-9294-4e2f-8f0d-25e9887dce58 req-313a43a5-344f-4036-bb88-cda2e97f8116 e8f107aa72da412bbc0ea8f7ee0c8c44 df347551ee27486e886162979334894a - - 64cb136663874edbac2ca97158871181 64cb136663874edbac2ca97158871181] 199.19.213.180 "GET /v2.0/floatingips?fixed_ip_address=10.100.0.8&port_id=e9989ef3-412e-4a66-8362-929fe35af083 HTTP/1.1" status: 200 len: 217 time: 0.0369201
2026-06-09 23:34:13.033 10 INFO neutron.wsgi [req-604d3096-9294-4e2f-8f0d-25e9887dce58 req-5ae4f5fa-f9ab-4083-9821-645f753d9df0 e8f107aa72da412bbc0ea8f7ee0c8c44 df347551ee27486e886162979334894a - - 64cb136663874edbac2ca97158871181 64cb136663874edbac2ca97158871181] 199.19.213.180 "GET /v2.0/subnets?id=156642dc-ac63-4b17-b050-3413270ae6ca HTTP/1.1" status: 200 len: 869 time: 0.0545876
2026-06-09 23:34:13.072 10 INFO neutron.wsgi [req-604d3096-9294-4e2f-8f0d-25e9887dce58 req-865e3a89-5129-4bf3-bf53-f869de70f12f e8f107aa72da412bbc0ea8f7ee0c8c44 df347551ee27486e886162979334894a - - 64cb136663874edbac2ca97158871181 64cb136663874edbac2ca97158871181] 199.19.213.180 "GET /v2.0/ports?network_id=94788539-e52e-4152-8fb7-12f5f4c82231&device_owner=network%3Adhcp HTTP/1.1" status: 200 len: 210 time: 0.0315800
2026-06-09 23:34:13.109 9 INFO neutron.notifiers.nova [-] Nova event matching ['req-ff2148f2-5aaa-4ddf-921a-d87b9daf73da'] response: {'server_uuid': '6df9bf18-db4a-4331-82df-946f5fe6404e', 'name': 'network-vif-plugged', 'status': 'completed', 'tag': 'e9989ef3-412e-4a66-8362-929fe35af083', 'code': 200}
2026-06-09 23:34:13.126 9 INFO neutron.services.segments.plugin [-] Segment e2e6fbd7-e26e-4bd3-a380-d64dabcf29af resource provider aggregate not found
2026-06-09 23:34:13.129 9 INFO neutron.services.segments.plugin [-] Segment e2e6fbd7-e26e-4bd3-a380-d64dabcf29af resource provider aggregate not found
2026-06-09 23:34:13.131 10 WARNING neutron.scheduler.dhcp_agent_scheduler [None req-684c1bc9-ad2b-4353-a80f-fee770cf4abc 7080eee9a083437ca573531172f3fd64 2a4ca5cb10e84bbea5757ef6953a76dc - - default default] No more DHCP agents
2026-06-09 23:34:13.137 10 WARNING neutron.api.rpc.agentnotifiers.dhcp_rpc_agent_api [None req-684c1bc9-ad2b-4353-a80f-fee770cf4abc 7080eee9a083437ca573531172f3fd64 2a4ca5cb10e84bbea5757ef6953a76dc - - default default] Unable to schedule network 17f339dc-ec2a-4bb3-9999-e93a7821e2e6: no agents available; will retry on subsequent port and subnet creation events.
2026-06-09 23:34:13.145 9 INFO neutron.services.segments.plugin [-] Segment e2e6fbd7-e26e-4bd3-a380-d64dabcf29af resource provider not found; error: Placement Client Error (4xx): {"errors": [{"status": 404, "title": "Not Found", "detail": "The resource could not be found.\n\n No resource provider with uuid e2e6fbd7-e26e-4bd3-a380-d64dabcf29af found for delete ", "request_id": "req-b0579c96-00f7-4cc2-8325-c3b4653c8ad0"}]}
2026-06-09 23:34:13.149 9 INFO neutron.services.segments.plugin [-] Segment e2e6fbd7-e26e-4bd3-a380-d64dabcf29af resource provider not found; error: Placement Client Error (4xx): {"errors": [{"status": 404, "title": "Not Found", "detail": "The resource could not be found.\n\n No resource provider with uuid e2e6fbd7-e26e-4bd3-a380-d64dabcf29af found for delete ", "request_id": "req-f5b6eb0d-c705-40cb-97ea-784fbf777dd1"}]}
2026-06-09 23:34:13.188 10 INFO neutron.wsgi [req-604d3096-9294-4e2f-8f0d-25e9887dce58 req-b912247d-e7bc-49e4-b067-7c8adff9ec86 e8f107aa72da412bbc0ea8f7ee0c8c44 df347551ee27486e886162979334894a - - 64cb136663874edbac2ca97158871181 64cb136663874edbac2ca97158871181] 199.19.213.180 "GET /v2.0/networks/94788539-e52e-4152-8fb7-12f5f4c82231?fields=segments HTTP/1.1" status: 200 len: 212 time: 0.1112761
2026-06-09 23:34:13.193 9 INFO neutron.wsgi [None req-8948b2a3-deaa-41ad-a8e4-573fbf7539f0 838187f134094579ae582ee7acd150f3 bee5f3d9d67e40d4a51df0c1b6600e0e - - default default] 10.0.0.145 "DELETE /v2.0/networks/d0405577-c714-4157-8f91-bd44dd5fe92c HTTP/1.1" status: 204 len: 168 time: 0.5294645
2026-06-09 23:34:13.289 9 INFO neutron.wsgi [req-a48c3469-9517-487c-b5d9-99a634ed85dd req-25e0aa15-bcc9-41b5-8a63-e4c6fb3512c6 d2592e7b58d4492db9688154d8926c91 c5f6ceebd10b43e990184518615f84ac - - default default] 10.0.0.217 "GET /v2.0/ports?device_id=6df9bf18-db4a-4331-82df-946f5fe6404e HTTP/1.1" status: 200 len: 1170 time: 0.0658634
2026-06-09 23:34:13.307 10 INFO neutron.wsgi [req-604d3096-9294-4e2f-8f0d-25e9887dce58 req-d30c5791-0745-4742-9e9a-87ea8d25e45e e8f107aa72da412bbc0ea8f7ee0c8c44 df347551ee27486e886162979334894a - - 64cb136663874edbac2ca97158871181 64cb136663874edbac2ca97158871181] 199.19.213.180 "GET /v2.0/networks/94788539-e52e-4152-8fb7-12f5f4c82231?fields=provider%3Aphysical_network&fields=provider%3Anetwork_type HTTP/1.1" status: 200 len: 277 time: 0.1150482
2026-06-09 23:34:13.322 10 INFO neutron.db.ovn_revision_numbers_db [None req-684c1bc9-ad2b-4353-a80f-fee770cf4abc 7080eee9a083437ca573531172f3fd64 2a4ca5cb10e84bbea5757ef6953a76dc - - default default] Successfully bumped revision number for resource d0b05f8c-64f8-4815-a5eb-717fe4896ca9 (type: ports) to 1
2026-06-09 23:34:13.357 10 INFO neutron.wsgi [None req-684c1bc9-ad2b-4353-a80f-fee770cf4abc 7080eee9a083437ca573531172f3fd64 2a4ca5cb10e84bbea5757ef6953a76dc - - default default] 10.0.0.145 "POST /v2.0/networks HTTP/1.1" status: 201 len: 1446 time: 2.2502058
2026-06-09 23:34:13.360 9 INFO neutron.wsgi [req-a48c3469-9517-487c-b5d9-99a634ed85dd req-4e8c4928-95c1-45b3-9f16-81e24b6c82a1 d2592e7b58d4492db9688154d8926c91 c5f6ceebd10b43e990184518615f84ac - - default default] 10.0.0.217 "GET /v2.0/security-groups?id=9852cd5b-f84f-4e5b-84cf-cf9745d37ddf&fields=id&fields=name HTTP/1.1" status: 200 len: 313 time: 0.0631993
2026-06-09 23:34:13.375 9 INFO neutron.db.ovn_revision_numbers_db [None req-ea024a4f-c6e4-435d-b3e4-0a3e777d8e02 - - - - - -] Successfully bumped revision number for resource e9989ef3-412e-4a66-8362-929fe35af083 (type: ports) to 4
2026-06-09 23:34:13.466 10 INFO neutron.wsgi [None req-beda7357-264b-4aeb-af1e-a217402360c2 838187f134094579ae582ee7acd150f3 bee5f3d9d67e40d4a51df0c1b6600e0e - - default default] 10.0.0.145 "GET /v2.0/security-groups?tenant_id=b41e2198f9eb42e3aab81fa4abbca052&name=default HTTP/1.1" status: 200 len: 3116 time: 0.0406251
2026-06-09 23:34:13.499 9 INFO neutron.wsgi [None req-d66f2d41-3eed-436d-b14a-55227db0b41c 7080eee9a083437ca573531172f3fd64 2a4ca5cb10e84bbea5757ef6953a76dc - - default default] 10.0.0.145 "GET /v2.0/networks HTTP/1.1" status: 200 len: 2052 time: 0.1370556
2026-06-09 23:34:13.769 10 INFO neutron.wsgi [None req-52a53066-b03a-4eac-9e37-954ea4feea58 838187f134094579ae582ee7acd150f3 bee5f3d9d67e40d4a51df0c1b6600e0e - - default default] 10.0.0.145 "DELETE /v2.0/security-groups/110ebe7f-60dd-44de-9553-cd1880d67da1 HTTP/1.1" status: 204 len: 168 time: 0.2952771
2026-06-09 23:34:13.892 10 INFO neutron.services.segments.plugin [-] Segment 6a399b42-b11d-4a9c-ae2b-3f5ae152dd6c resource provider aggregate not found
2026-06-09 23:34:13.898 10 INFO neutron.services.segments.plugin [-] Segment 6a399b42-b11d-4a9c-ae2b-3f5ae152dd6c resource provider aggregate not found
2026-06-09 23:34:13.909 10 INFO neutron.services.segments.plugin [-] Segment 6a399b42-b11d-4a9c-ae2b-3f5ae152dd6c resource provider not found; error: Placement Client Error (4xx): {"errors": [{"status": 404, "title": "Not Found", "detail": "The resource could not be found.\n\n No resource provider with uuid 6a399b42-b11d-4a9c-ae2b-3f5ae152dd6c found for delete ", "request_id": "req-61c8a699-9382-490d-9b06-a80778ba0f9f"}]}
2026-06-09 23:34:13.917 10 INFO neutron.services.segments.plugin [-] Segment 6a399b42-b11d-4a9c-ae2b-3f5ae152dd6c resource provider not found; error: Placement Client Error (4xx): {"errors": [{"status": 404, "title": "Not Found", "detail": "The resource could not be found.\n\n No resource provider with uuid 6a399b42-b11d-4a9c-ae2b-3f5ae152dd6c found for delete ", "request_id": "req-3728817c-bd4f-4e84-8141-56ff3cfea2de"}]}
2026-06-09 23:34:13.928 10 INFO neutron.wsgi [None req-7d610dbc-bbde-4a94-aee0-92d1968ca4cb 7080eee9a083437ca573531172f3fd64 2a4ca5cb10e84bbea5757ef6953a76dc - - default default] 10.0.0.145 "DELETE /v2.0/networks/40401772-9de1-4685-ba1c-4f7ea8f7cf9d HTTP/1.1" status: 204 len: 168 time: 0.4235976 /var/lib/openstack/lib/python3.10/site-packages/pycadf/identifier.py:71: UserWarning: Invalid uuid: neutron. To ensure interoperability, identifiers should be a valid uuid. warnings.warn(('Invalid uuid: %s. To ensure interoperability, '
2026-06-09 23:34:14.378 9 INFO neutron.wsgi [None req-fa5c06fd-3f50-4661-933f-a62e731ca8c3 7080eee9a083437ca573531172f3fd64 2a4ca5cb10e84bbea5757ef6953a76dc - - default default] 10.0.0.145 "DELETE /v2.0/networks/17f339dc-ec2a-4bb3-9999-e93a7821e2e6 HTTP/1.1" status: 204 len: 168 time: 0.4433072
2026-06-09 23:34:14.461 9 INFO neutron.wsgi [req-d735e0df-2cd8-45b6-b40b-6adc5debbf6a req-58fddb06-428e-4a56-8e9f-e5912fad1cd1 d2592e7b58d4492db9688154d8926c91 c5f6ceebd10b43e990184518615f84ac - - default default] 10.0.0.217 "GET /v2.0/ports?device_id=6df9bf18-db4a-4331-82df-946f5fe6404e HTTP/1.1" status: 200 len: 1170 time: 0.0399077
2026-06-09 23:34:14.472 10 INFO neutron.wsgi [None req-b6b07789-6069-4cd6-b8d6-f8b19cf8100d 7080eee9a083437ca573531172f3fd64 2a4ca5cb10e84bbea5757ef6953a76dc - - default default] 10.0.0.145 "GET /v2.0/networks HTTP/1.1" status: 200 len: 845 time: 0.0878913
2026-06-09 23:34:14.485 10 WARNING neutron_lib.context [None req-43ef2d7b-6c0f-4f74-851b-a4e04eee3f10 7080eee9a083437ca573531172f3fd64 2a4ca5cb10e84bbea5757ef6953a76dc - - default default] Method 'is_advsvc' is deprecated since 2023.2 release (neutron-lib 3.8.0) and will be removed once support for the old RBAC API policies will be removed from Neutron. Please use method 'is_service_role' instead.
2026-06-09 23:34:14.509 9 INFO neutron.wsgi [req-d735e0df-2cd8-45b6-b40b-6adc5debbf6a req-20ac5c78-a257-4cc7-be56-0ebff5936391 d2592e7b58d4492db9688154d8926c91 c5f6ceebd10b43e990184518615f84ac - - default default] 10.0.0.217 "GET /v2.0/security-groups?id=9852cd5b-f84f-4e5b-84cf-cf9745d37ddf&fields=id&fields=name HTTP/1.1" status: 200 len: 313 time: 0.0409575
2026-06-09 23:34:14.579 10 INFO neutron.db.segments_db [None req-43ef2d7b-6c0f-4f74-851b-a4e04eee3f10 7080eee9a083437ca573531172f3fd64 2a4ca5cb10e84bbea5757ef6953a76dc - - default default] Added segment d5df153b-a580-445f-ab17-78e16a248dbb of type geneve for network 0fa7f6aa-6a6a-4230-8edf-04c0557b349e
2026-06-09 23:34:14.667 10 WARNING neutron.plugins.ml2.drivers.ovn.mech_driver.ovsdb.ovn_client [None req-96a4567b-270c-4625-b81f-f2856ab73c05 - - - - - -] No hosting information found for port db8067a7-b686-4dbf-8b9a-c7857c125dc0: RuntimeError: No hosting information found for port db8067a7-b686-4dbf-8b9a-c7857c125dc0
2026-06-09 23:34:14.668 10 INFO neutron.plugins.ml2.drivers.ovn.mech_driver.mech_driver [None req-96a4567b-270c-4625-b81f-f2856ab73c05 - - - - - -] OVN reports status down for port: e952ebf6-f48d-4d18-a9d0-6cfb2b93070d
2026-06-09 23:34:14.673 9 INFO neutron.wsgi [req-7c847b97-6958-49b6-8eda-4d3724876521 req-cbac573b-83ee-4c4d-a926-df808cd45f21 d2592e7b58d4492db9688154d8926c91 c5f6ceebd10b43e990184518615f84ac - - default default] 10.0.0.217 "GET /v2.0/ports?device_id=6df9bf18-db4a-4331-82df-946f5fe6404e HTTP/1.1" status: 200 len: 1170 time: 0.0953732
2026-06-09 23:34:14.761 10 INFO neutron.db.ovn_revision_numbers_db [None req-43ef2d7b-6c0f-4f74-851b-a4e04eee3f10 7080eee9a083437ca573531172f3fd64 2a4ca5cb10e84bbea5757ef6953a76dc - - default default] Successfully bumped revision number for resource 0fa7f6aa-6a6a-4230-8edf-04c0557b349e (type: networks) to 1
2026-06-09 23:34:14.942 10 WARNING neutron.scheduler.dhcp_agent_scheduler [None req-43ef2d7b-6c0f-4f74-851b-a4e04eee3f10 7080eee9a083437ca573531172f3fd64 2a4ca5cb10e84bbea5757ef6953a76dc - - default default] No more DHCP agents
2026-06-09 23:34:14.944 10 WARNING neutron.api.rpc.agentnotifiers.dhcp_rpc_agent_api [None req-43ef2d7b-6c0f-4f74-851b-a4e04eee3f10 7080eee9a083437ca573531172f3fd64 2a4ca5cb10e84bbea5757ef6953a76dc - - default default] Unable to schedule network 0fa7f6aa-6a6a-4230-8edf-04c0557b349e: no agents available; will retry on subsequent port and subnet creation events.
2026-06-09 23:34:15.026 10 INFO neutron.db.ovn_revision_numbers_db [None req-43ef2d7b-6c0f-4f74-851b-a4e04eee3f10 7080eee9a083437ca573531172f3fd64 2a4ca5cb10e84bbea5757ef6953a76dc - - default default] Successfully bumped revision number for resource e3bda61b-c7dd-4a26-a997-df03239f45b8 (type: ports) to 1
2026-06-09 23:34:15.049 10 INFO neutron.wsgi [None req-43ef2d7b-6c0f-4f74-851b-a4e04eee3f10 7080eee9a083437ca573531172f3fd64 2a4ca5cb10e84bbea5757ef6953a76dc - - default default] 10.0.0.145 "POST /v2.0/networks HTTP/1.1" status: 201 len: 853 time: 0.5683417
2026-06-09 23:34:15.059 9 WARNING neutron_lib.context [None req-ee5ca09c-363f-443c-beee-ff7972cd0307 7080eee9a083437ca573531172f3fd64 2a4ca5cb10e84bbea5757ef6953a76dc - - default default] Method 'is_advsvc' is deprecated since 2023.2 release (neutron-lib 3.8.0) and will be removed once support for the old RBAC API policies will be removed from Neutron. Please use method 'is_service_role' instead.
2026-06-09 23:34:15.164 9 INFO neutron.notifiers.nova [-] Nova event matching ['req-00cc6050-f3a7-459f-848e-8abbd6e9ac84'] response: {'server_uuid': '6df9bf18-db4a-4331-82df-946f5fe6404e', 'name': 'network-vif-plugged', 'status': 'completed', 'tag': 'e9989ef3-412e-4a66-8362-929fe35af083', 'code': 200}
2026-06-09 23:34:15.175 9 INFO neutron.db.segments_db [None req-ee5ca09c-363f-443c-beee-ff7972cd0307 7080eee9a083437ca573531172f3fd64 2a4ca5cb10e84bbea5757ef6953a76dc - - default default] Added segment f95a3585-8066-4f85-8047-5a3e5de7c2ae of type geneve for network 920ae524-b12a-4b6e-bf42-2a3d08da59b0
2026-06-09 23:34:15.177 9 INFO neutron.services.segments.plugin [-] Segment 606ca071-9b6c-4bea-afa7-47f713aea445 resource provider aggregate not found
2026-06-09 23:34:15.183 9 INFO neutron.services.segments.plugin [-] Segment 606ca071-9b6c-4bea-afa7-47f713aea445 resource provider aggregate not found
2026-06-09 23:34:15.195 9 INFO neutron.services.segments.plugin [-] Segment 606ca071-9b6c-4bea-afa7-47f713aea445 resource provider not found; error: Placement Client Error (4xx): {"errors": [{"status": 404, "title": "Not Found", "detail": "The resource could not be found.\n\n No resource provider with uuid 606ca071-9b6c-4bea-afa7-47f713aea445 found for delete ", "request_id": "req-ca077260-dd0b-4825-8888-238ebc2e3c33"}]}
2026-06-09 23:34:15.205 9 INFO neutron.services.segments.plugin [-] Segment 606ca071-9b6c-4bea-afa7-47f713aea445 resource provider not found; error: Placement Client Error (4xx): {"errors": [{"status": 404, "title": "Not Found", "detail": "The resource could not be found.\n\n No resource provider with uuid 606ca071-9b6c-4bea-afa7-47f713aea445 found for delete ", "request_id": "req-40e2b59d-10f0-44b4-b3bb-76414c68e1e7"}]}
2026-06-09 23:34:15.421 9 INFO neutron.db.ovn_revision_numbers_db [None req-75482cdf-49e1-41d7-aec7-547be8dc3778 d2592e7b58d4492db9688154d8926c91 c5f6ceebd10b43e990184518615f84ac - - default default] Successfully bumped revision number for resource 6e244728-1146-4751-b1a8-1acf7da1b57e (type: floatingips) to 1
2026-06-09 23:34:15.441 9 INFO neutron.db.ovn_revision_numbers_db [None req-ee5ca09c-363f-443c-beee-ff7972cd0307 7080eee9a083437ca573531172f3fd64 2a4ca5cb10e84bbea5757ef6953a76dc - - default default] Successfully bumped revision number for resource 920ae524-b12a-4b6e-bf42-2a3d08da59b0 (type: networks) to 1 /var/lib/openstack/lib/python3.10/site-packages/pycadf/identifier.py:71: UserWarning: Invalid uuid: neutron. To ensure interoperability, identifiers should be a valid uuid. warnings.warn(('Invalid uuid: %s. To ensure interoperability, '
2026-06-09 23:34:15.569 9 INFO neutron.wsgi [req-4a3261ef-fcf4-4fb3-9b3b-fc79ee2689d6 req-ae60ddd4-c626-4d94-8f35-03f5f3382102 7a38ebfac0014a5b882d699b78aad046 9f4a70b92b8b48ddaf103b0e104d8fc4 - - default default] 10.0.0.217 "GET /v2.0/security-groups?name=tempest-securitygroup--460234127&fields=id&tenant_id=9f4a70b92b8b48ddaf103b0e104d8fc4 HTTP/1.1" status: 200 len: 267 time: 0.0742674
2026-06-09 23:34:15.675 9 INFO neutron.db.ovn_revision_numbers_db [None req-75482cdf-49e1-41d7-aec7-547be8dc3778 d2592e7b58d4492db9688154d8926c91 c5f6ceebd10b43e990184518615f84ac - - default default] Successfully bumped revision number for resource 6e244728-1146-4751-b1a8-1acf7da1b57e (type: floatingips) to 2
2026-06-09 23:34:15.675 9 INFO neutron.db.l3_db [None req-75482cdf-49e1-41d7-aec7-547be8dc3778 d2592e7b58d4492db9688154d8926c91 c5f6ceebd10b43e990184518615f84ac - - default default] Floating IP 6e244728-1146-4751-b1a8-1acf7da1b57e associated. External IP: 10.96.250.214, port: e9989ef3-412e-4a66-8362-929fe35af083.
2026-06-09 23:34:15.704 9 INFO neutron.wsgi [req-4a3261ef-fcf4-4fb3-9b3b-fc79ee2689d6 req-37158e7c-271c-4831-9ef9-78c37e4d5032 7a38ebfac0014a5b882d699b78aad046 9f4a70b92b8b48ddaf103b0e104d8fc4 - - default default] 10.0.0.217 "GET /v2.0/networks?id=20af1371-7fdc-4459-a49c-b786335bfca3 HTTP/1.1" status: 200 len: 879 time: 0.1234207
2026-06-09 23:34:15.715 9 INFO neutron.wsgi [None req-75482cdf-49e1-41d7-aec7-547be8dc3778 d2592e7b58d4492db9688154d8926c91 c5f6ceebd10b43e990184518615f84ac - - default default] 10.0.0.145 "PUT /v2.0/floatingips/6e244728-1146-4751-b1a8-1acf7da1b57e HTTP/1.1" status: 200 len: 1049 time: 1.0286193
2026-06-09 23:34:15.734 9 INFO neutron.wsgi [req-4a3261ef-fcf4-4fb3-9b3b-fc79ee2689d6 req-9777a539-1502-4788-ad68-bbb15f59f0a7 7a38ebfac0014a5b882d699b78aad046 9f4a70b92b8b48ddaf103b0e104d8fc4 - - default default] 10.0.0.217 "GET /v2.0/quotas/9f4a70b92b8b48ddaf103b0e104d8fc4 HTTP/1.1" status: 200 len: 491 time: 0.0222161
2026-06-09 23:34:15.741 9 WARNING neutron.scheduler.dhcp_agent_scheduler [None req-ee5ca09c-363f-443c-beee-ff7972cd0307 7080eee9a083437ca573531172f3fd64 2a4ca5cb10e84bbea5757ef6953a76dc - - default default] No more DHCP agents
2026-06-09 23:34:15.749 9 WARNING neutron.api.rpc.agentnotifiers.dhcp_rpc_agent_api [None req-ee5ca09c-363f-443c-beee-ff7972cd0307 7080eee9a083437ca573531172f3fd64 2a4ca5cb10e84bbea5757ef6953a76dc - - default default] Unable to schedule network 920ae524-b12a-4b6e-bf42-2a3d08da59b0: no agents available; will retry on subsequent port and subnet creation events.
2026-06-09 23:34:15.835 9 INFO neutron.wsgi [req-7c07b144-ceee-4d13-b091-e5d7b2da3c0f req-0e3ef3b9-8261-407d-88c9-5b41ba16b164 d2592e7b58d4492db9688154d8926c91 c5f6ceebd10b43e990184518615f84ac - - default default] 10.0.0.217 "GET /v2.0/ports?device_id=6df9bf18-db4a-4331-82df-946f5fe6404e HTTP/1.1" status: 200 len: 1170 time: 0.0675645
2026-06-09 23:34:15.894 9 INFO neutron.wsgi [req-4a3261ef-fcf4-4fb3-9b3b-fc79ee2689d6 req-3ce9cffa-d5bd-46e0-b438-aa6523db13de 7a38ebfac0014a5b882d699b78aad046 9f4a70b92b8b48ddaf103b0e104d8fc4 - - default default] 10.0.0.217 "GET /v2.0/ports?tenant_id=9f4a70b92b8b48ddaf103b0e104d8fc4&fields=id HTTP/1.1" status: 200 len: 302 time: 0.1537781
2026-06-09 23:34:15.905 9 INFO neutron.db.ovn_revision_numbers_db [None req-ee5ca09c-363f-443c-beee-ff7972cd0307 7080eee9a083437ca573531172f3fd64 2a4ca5cb10e84bbea5757ef6953a76dc - - default default] Successfully bumped revision number for resource 7071be42-3e71-4eb7-b504-29a4042a010d (type: ports) to 1
2026-06-09 23:34:15.910 9 INFO neutron.wsgi [req-7c07b144-ceee-4d13-b091-e5d7b2da3c0f req-b92a2f5b-d7d4-4e1a-a4c1-f61a86fbe7b7 d2592e7b58d4492db9688154d8926c91 c5f6ceebd10b43e990184518615f84ac - - default default] 10.0.0.217 "GET /v2.0/security-groups?id=9852cd5b-f84f-4e5b-84cf-cf9745d37ddf&fields=id&fields=name HTTP/1.1" status: 200 len: 313 time: 0.0666776
2026-06-09 23:34:16.162 9 INFO neutron.plugins.ml2.drivers.ovn.mech_driver.mech_driver [None req-ea024a4f-c6e4-435d-b3e4-0a3e777d8e02 - - - - - -] OVN reports status down for port: e9989ef3-412e-4a66-8362-929fe35af083
2026-06-09 23:34:16.191 9 INFO neutron.wsgi [None req-ee5ca09c-363f-443c-beee-ff7972cd0307 7080eee9a083437ca573531172f3fd64 2a4ca5cb10e84bbea5757ef6953a76dc - - default default] 10.0.0.145 "POST /v2.0/networks HTTP/1.1" status: 201 len: 852 time: 1.1370716 /var/lib/openstack/lib/python3.10/site-packages/pycadf/identifier.py:71: UserWarning: Invalid uuid: neutron. To ensure interoperability, identifiers should be a valid uuid. warnings.warn(('Invalid uuid: %s. To ensure interoperability, '
2026-06-09 23:34:16.208 10 WARNING neutron_lib.context [None req-69f22f21-1f96-4f50-9942-ddfbf61dde34 7080eee9a083437ca573531172f3fd64 2a4ca5cb10e84bbea5757ef6953a76dc - - default default] Method 'is_advsvc' is deprecated since 2023.2 release (neutron-lib 3.8.0) and will be removed once support for the old RBAC API policies will be removed from Neutron. Please use method 'is_service_role' instead.
2026-06-09 23:34:16.229 9 INFO neutron.wsgi [req-ffc3ffe1-cf16-4cc2-8140-b7d9d73b00a4 req-a68760f8-b9c3-44e9-9d97-ccf76c893483 d2592e7b58d4492db9688154d8926c91 c5f6ceebd10b43e990184518615f84ac - - default default] 10.0.0.217 "GET /v2.0/ports?device_id=6df9bf18-db4a-4331-82df-946f5fe6404e HTTP/1.1" status: 200 len: 1170 time: 0.0713677
2026-06-09 23:34:16.241 9 INFO neutron.wsgi [req-4a3261ef-fcf4-4fb3-9b3b-fc79ee2689d6 req-aaae0d1e-4a9d-4362-845d-c123adf92063 e8f107aa72da412bbc0ea8f7ee0c8c44 df347551ee27486e886162979334894a - - 64cb136663874edbac2ca97158871181 64cb136663874edbac2ca97158871181] 10.0.0.217 "GET /v2.0/networks/20af1371-7fdc-4459-a49c-b786335bfca3?fields=segments HTTP/1.1" status: 200 len: 212 time: 0.3306322
2026-06-09 23:34:16.255 10 WARNING neutron_lib.context [None req-69f22f21-1f96-4f50-9942-ddfbf61dde34 7080eee9a083437ca573531172f3fd64 2a4ca5cb10e84bbea5757ef6953a76dc - - default default] Method 'is_advsvc' is deprecated since 2023.2 release (neutron-lib 3.8.0) and will be removed once support for the old RBAC API policies will be removed from Neutron. Please use method 'is_service_role' instead.
2026-06-09 23:34:16.333 9 INFO neutron.wsgi [req-ffc3ffe1-cf16-4cc2-8140-b7d9d73b00a4 req-2c038d7b-ae8b-43d9-82ca-18466bde01d7 d2592e7b58d4492db9688154d8926c91 c5f6ceebd10b43e990184518615f84ac - - default default] 10.0.0.217 "GET /v2.0/security-groups?id=9852cd5b-f84f-4e5b-84cf-cf9745d37ddf&fields=id&fields=name HTTP/1.1" status: 200 len: 313 time: 0.0910163
2026-06-09 23:34:16.356 9 INFO neutron.wsgi [req-4a3261ef-fcf4-4fb3-9b3b-fc79ee2689d6 req-377d8f3b-edd1-43a7-8c1d-c5d7d779bafe e8f107aa72da412bbc0ea8f7ee0c8c44 df347551ee27486e886162979334894a - - 64cb136663874edbac2ca97158871181 64cb136663874edbac2ca97158871181] 10.0.0.217 "GET /v2.0/networks/20af1371-7fdc-4459-a49c-b786335bfca3?fields=provider%3Aphysical_network&fields=provider%3Anetwork_type HTTP/1.1" status: 200 len: 277 time: 0.1071100
2026-06-09 23:34:16.520 9 INFO neutron.db.ovn_revision_numbers_db [None req-ea024a4f-c6e4-435d-b3e4-0a3e777d8e02 - - - - - -] Successfully bumped revision number for resource e9989ef3-412e-4a66-8362-929fe35af083 (type: ports) to 5
2026-06-09 23:34:16.574 10 INFO neutron.wsgi [req-faee391f-ed0b-4ac1-9def-f3842a0a13ea req-84702a9b-965e-4cf7-a3fe-8c933cd09deb d2592e7b58d4492db9688154d8926c91 c5f6ceebd10b43e990184518615f84ac - - default default] 199.19.213.180 "GET /v2.0/ports?device_id=6df9bf18-db4a-4331-82df-946f5fe6404e HTTP/1.1" status: 200 len: 1168 time: 0.1285381 /var/lib/openstack/lib/python3.10/site-packages/pycadf/identifier.py:71: UserWarning: Invalid uuid: neutron. To ensure interoperability, identifiers should be a valid uuid. warnings.warn(('Invalid uuid: %s. To ensure interoperability, '
2026-06-09 23:34:16.617 9 INFO neutron.wsgi [req-ca4858f0-c76f-430b-9707-616985e45d01 req-51072cb2-f809-4faf-8e7a-8602c30c0f9d 7a38ebfac0014a5b882d699b78aad046 9f4a70b92b8b48ddaf103b0e104d8fc4 - - default default] 10.0.0.217 "GET /v2.0/ports?device_id=112922ec-f81a-4dd6-b71b-9cae1f0b52bb HTTP/1.1" status: 200 len: 210 time: 0.0178757
2026-06-09 23:34:17.135 10 WARNING neutron.scheduler.dhcp_agent_scheduler [None req-69f22f21-1f96-4f50-9942-ddfbf61dde34 7080eee9a083437ca573531172f3fd64 2a4ca5cb10e84bbea5757ef6953a76dc - - default default] No more DHCP agents
2026-06-09 23:34:17.138 10 WARNING neutron.api.rpc.agentnotifiers.dhcp_rpc_agent_api [None req-69f22f21-1f96-4f50-9942-ddfbf61dde34 7080eee9a083437ca573531172f3fd64 2a4ca5cb10e84bbea5757ef6953a76dc - - default default] Unable to schedule network 0fa7f6aa-6a6a-4230-8edf-04c0557b349e: no agents available; will retry on subsequent port and subnet creation events.
2026-06-09 23:34:17.238 9 INFO neutron.notifiers.nova [-] Nova event matching ['req-93b36d4e-7994-4526-809d-3f753cb15ab5'] response: {'name': 'network-changed', 'server_uuid': '6df9bf18-db4a-4331-82df-946f5fe6404e', 'tag': 'e9989ef3-412e-4a66-8362-929fe35af083', 'status': 'completed', 'code': 200}
2026-06-09 23:34:17.238 9 INFO neutron.notifiers.nova [-] Nova event matching ['req-93b36d4e-7994-4526-809d-3f753cb15ab5'] response: {'server_uuid': '6df9bf18-db4a-4331-82df-946f5fe6404e', 'name': 'network-vif-unplugged', 'status': 'completed', 'tag': 'e9989ef3-412e-4a66-8362-929fe35af083', 'code': 200}
2026-06-09 23:34:17.238 9 INFO neutron.notifiers.nova [-] Nova event matching ['req-93b36d4e-7994-4526-809d-3f753cb15ab5'] response: {'server_uuid': '6df9bf18-db4a-4331-82df-946f5fe6404e', 'name': 'network-vif-unplugged', 'status': 'completed', 'tag': 'e9989ef3-412e-4a66-8362-929fe35af083', 'code': 200} /var/lib/openstack/lib/python3.10/site-packages/pycadf/identifier.py:71: UserWarning: Invalid uuid: neutron. To ensure interoperability, identifiers should be a valid uuid. warnings.warn(('Invalid uuid: %s. To ensure interoperability, '
2026-06-09 23:34:17.282 10 INFO neutron.db.l3_db [req-faee391f-ed0b-4ac1-9def-f3842a0a13ea req-c505f197-53ed-49d7-b7b6-47c740b84bb5 d2592e7b58d4492db9688154d8926c91 c5f6ceebd10b43e990184518615f84ac - - default default] Floating IP 6e244728-1146-4751-b1a8-1acf7da1b57e disassociated. External IP: 10.96.250.214, port: e9989ef3-412e-4a66-8362-929fe35af083.
2026-06-09 23:34:17.300 10 INFO neutron.wsgi [req-8c1a8412-705b-409e-a254-061e9a482acd req-b0306b07-b6eb-4670-b1e3-cbb501481d3b e8f107aa72da412bbc0ea8f7ee0c8c44 df347551ee27486e886162979334894a - - 64cb136663874edbac2ca97158871181 64cb136663874edbac2ca97158871181] 199.19.213.180 "GET /v2.0/ports?tenant_id=c5f6ceebd10b43e990184518615f84ac&device_id=6df9bf18-db4a-4331-82df-946f5fe6404e HTTP/1.1" status: 200 len: 1407 time: 0.0461490
2026-06-09 23:34:17.321 10 INFO neutron.db.ovn_revision_numbers_db [None req-69f22f21-1f96-4f50-9942-ddfbf61dde34 7080eee9a083437ca573531172f3fd64 2a4ca5cb10e84bbea5757ef6953a76dc - - default default] Successfully bumped revision number for resource 01035455-14e2-46a8-a08b-f4abc0feabe2 (type: ports) to 1
2026-06-09 23:34:17.380 10 WARNING neutron.scheduler.dhcp_agent_scheduler [None req-69f22f21-1f96-4f50-9942-ddfbf61dde34 7080eee9a083437ca573531172f3fd64 2a4ca5cb10e84bbea5757ef6953a76dc - - default default] No more DHCP agents
2026-06-09 23:34:17.386 10 WARNING neutron.api.rpc.agentnotifiers.dhcp_rpc_agent_api [None req-69f22f21-1f96-4f50-9942-ddfbf61dde34 7080eee9a083437ca573531172f3fd64 2a4ca5cb10e84bbea5757ef6953a76dc - - default default] Unable to schedule network 920ae524-b12a-4b6e-bf42-2a3d08da59b0: no agents available; will retry on subsequent port and subnet creation events. /var/lib/openstack/lib/python3.10/site-packages/pycadf/identifier.py:71: UserWarning: Invalid uuid: neutron. To ensure interoperability, identifiers should be a valid uuid. warnings.warn(('Invalid uuid: %s. To ensure interoperability, '
2026-06-09 23:34:17.444 10 INFO neutron.wsgi [req-8c1a8412-705b-409e-a254-061e9a482acd req-d7e73c3f-29e5-4edb-8d15-bc54e09d17e7 e8f107aa72da412bbc0ea8f7ee0c8c44 df347551ee27486e886162979334894a - - 64cb136663874edbac2ca97158871181 64cb136663874edbac2ca97158871181] 199.19.213.180 "GET /v2.0/networks?id=94788539-e52e-4152-8fb7-12f5f4c82231 HTTP/1.1" status: 200 len: 974 time: 0.1230948 /var/lib/openstack/lib/python3.10/site-packages/pycadf/identifier.py:71: UserWarning: Invalid uuid: neutron. To ensure interoperability, identifiers should be a valid uuid. warnings.warn(('Invalid uuid: %s. To ensure interoperability, '
2026-06-09 23:34:17.478 10 INFO neutron.wsgi [req-8c1a8412-705b-409e-a254-061e9a482acd req-09a2668c-c2c0-4ff8-a5b3-5a39cb253f2c e8f107aa72da412bbc0ea8f7ee0c8c44 df347551ee27486e886162979334894a - - 64cb136663874edbac2ca97158871181 64cb136663874edbac2ca97158871181] 199.19.213.180 "GET /v2.0/floatingips?fixed_ip_address=10.100.0.8&port_id=e9989ef3-412e-4a66-8362-929fe35af083 HTTP/1.1" status: 200 len: 217 time: 0.0287132
2026-06-09 23:34:17.512 9 INFO neutron.wsgi [req-ea741d0f-8bf3-4929-9a11-d947e6088ac6 req-3bb50890-e4c5-4f26-9d3c-0f11b3658800 d2592e7b58d4492db9688154d8926c91 c5f6ceebd10b43e990184518615f84ac - - default default] 10.0.0.217 "GET /v2.0/ports?device_id=6df9bf18-db4a-4331-82df-946f5fe6404e HTTP/1.1" status: 200 len: 1168 time: 0.1030142
2026-06-09 23:34:17.533 9 INFO neutron.wsgi [req-4a3261ef-fcf4-4fb3-9b3b-fc79ee2689d6 req-217fec92-3cca-4124-88cc-f9aae3758188 7a38ebfac0014a5b882d699b78aad046 9f4a70b92b8b48ddaf103b0e104d8fc4 - - default default] 199.19.213.180 "GET /v2.0/networks?id=20af1371-7fdc-4459-a49c-b786335bfca3 HTTP/1.1" status: 200 len: 879 time: 0.1469839
2026-06-09 23:34:17.535 10 INFO neutron.wsgi [req-8c1a8412-705b-409e-a254-061e9a482acd req-60a058b7-518f-4ee3-8a54-fe811be73520 e8f107aa72da412bbc0ea8f7ee0c8c44 df347551ee27486e886162979334894a - - 64cb136663874edbac2ca97158871181 64cb136663874edbac2ca97158871181] 199.19.213.180 "GET /v2.0/subnets?id=156642dc-ac63-4b17-b050-3413270ae6ca HTTP/1.1" status: 200 len: 869 time: 0.0479746
2026-06-09 23:34:17.546 10 INFO neutron.db.ovn_revision_numbers_db [None req-69f22f21-1f96-4f50-9942-ddfbf61dde34 7080eee9a083437ca573531172f3fd64 2a4ca5cb10e84bbea5757ef6953a76dc - - default default] Successfully bumped revision number for resource 68c39ddf-4a46-4bf9-8fa9-54ec7136a50b (type: ports) to 1
2026-06-09 23:34:17.554 10 INFO neutron.wsgi [req-faee391f-ed0b-4ac1-9def-f3842a0a13ea req-c505f197-53ed-49d7-b7b6-47c740b84bb5 d2592e7b58d4492db9688154d8926c91 c5f6ceebd10b43e990184518615f84ac - - default default] 199.19.213.180 "DELETE /v2.0/ports/e9989ef3-412e-4a66-8362-929fe35af083 HTTP/1.1" status: 204 len: 173 time: 0.9739680
2026-06-09 23:34:17.567 9 INFO neutron.wsgi [-] 10.0.0.84 "GET / HTTP/1.1" status: 200 len: 246 time: 0.0021689
2026-06-09 23:34:17.569 9 INFO neutron.wsgi [-] 10.0.0.84 "GET / HTTP/1.1" status: 200 len: 246 time: 0.0012403
2026-06-09 23:34:17.587 9 INFO neutron.wsgi [req-ea741d0f-8bf3-4929-9a11-d947e6088ac6 req-13e2143d-00a3-4f9b-88fe-370e411e25ae d2592e7b58d4492db9688154d8926c91 c5f6ceebd10b43e990184518615f84ac - - default default] 10.0.0.217 "GET /v2.0/security-groups?id=9852cd5b-f84f-4e5b-84cf-cf9745d37ddf&fields=id&fields=name HTTP/1.1" status: 200 len: 313 time: 0.0637391
2026-06-09 23:34:17.587 10 INFO neutron.wsgi [req-8c1a8412-705b-409e-a254-061e9a482acd req-7d76b001-54af-4c35-b799-0d5d893efed2 e8f107aa72da412bbc0ea8f7ee0c8c44 df347551ee27486e886162979334894a - - 64cb136663874edbac2ca97158871181 64cb136663874edbac2ca97158871181] 199.19.213.180 "GET /v2.0/ports?network_id=94788539-e52e-4152-8fb7-12f5f4c82231&device_owner=network%3Adhcp HTTP/1.1" status: 200 len: 210 time: 0.0288565
2026-06-09 23:34:17.596 10 INFO neutron.wsgi [None req-69f22f21-1f96-4f50-9942-ddfbf61dde34 7080eee9a083437ca573531172f3fd64 2a4ca5cb10e84bbea5757ef6953a76dc - - default default] 10.0.0.145 "POST /v2.0/ports HTTP/1.1" status: 201 len: 1705 time: 1.3964608
2026-06-09 23:34:17.620 9 INFO neutron.wsgi [req-4a3261ef-fcf4-4fb3-9b3b-fc79ee2689d6 req-6772274d-7e80-49de-8ac8-125992395a73 7a38ebfac0014a5b882d699b78aad046 9f4a70b92b8b48ddaf103b0e104d8fc4 - - default default] 199.19.213.180 "GET /v2.0/security-groups?fields=id&fields=name&tenant_id=9f4a70b92b8b48ddaf103b0e104d8fc4 HTTP/1.1" status: 200 len: 379 time: 0.0689304
2026-06-09 23:34:17.633 9 WARNING neutron_lib.context [req-4a3261ef-fcf4-4fb3-9b3b-fc79ee2689d6 req-7e9455ff-8880-41b1-9a3e-5444e68a11fa 7a38ebfac0014a5b882d699b78aad046 9f4a70b92b8b48ddaf103b0e104d8fc4 - - default default] Method 'is_advsvc' is deprecated since 2023.2 release (neutron-lib 3.8.0) and will be removed once support for the old RBAC API policies will be removed from Neutron. Please use method 'is_service_role' instead.
2026-06-09 23:34:17.637 10 INFO neutron.notifiers.nova [-] Nova event matching ['req-2d3130d2-587d-4233-8e9e-17899b5d7e46'] response: {'server_uuid': '6df9bf18-db4a-4331-82df-946f5fe6404e', 'name': 'network-vif-deleted', 'tag': 'e9989ef3-412e-4a66-8362-929fe35af083', 'status': 'completed', 'code': 200}
2026-06-09 23:34:17.694 10 INFO neutron.wsgi [req-8c1a8412-705b-409e-a254-061e9a482acd req-c04df2d0-3167-4833-85a3-27fb68ca2563 e8f107aa72da412bbc0ea8f7ee0c8c44 df347551ee27486e886162979334894a - - 64cb136663874edbac2ca97158871181 64cb136663874edbac2ca97158871181] 199.19.213.180 "GET /v2.0/networks/94788539-e52e-4152-8fb7-12f5f4c82231?fields=segments HTTP/1.1" status: 200 len: 212 time: 0.0969937
2026-06-09 23:34:17.719 9 INFO neutron.wsgi [req-107566a9-e0e0-4505-a87f-4e3305568bb6 req-dc3f8ee5-8647-4dae-85bd-52f34627499d 7a38ebfac0014a5b882d699b78aad046 9f4a70b92b8b48ddaf103b0e104d8fc4 - - default default] 10.0.0.217 "GET /v2.0/ports?device_id=112922ec-f81a-4dd6-b71b-9cae1f0b52bb HTTP/1.1" status: 200 len: 210 time: 0.0339823
2026-06-09 23:34:17.763 10 INFO neutron.wsgi [None req-7c48a6c4-3f26-4c31-8816-e7e1e347a0f1 7080eee9a083437ca573531172f3fd64 2a4ca5cb10e84bbea5757ef6953a76dc - - default default] 10.0.0.145 "GET /v2.0/ports HTTP/1.1" status: 200 len: 3212 time: 0.1600466
2026-06-09 23:34:17.803 10 INFO neutron.wsgi [req-8c1a8412-705b-409e-a254-061e9a482acd req-ac995139-c32e-4896-b3f8-1c7bb68e0b0e e8f107aa72da412bbc0ea8f7ee0c8c44 df347551ee27486e886162979334894a - - 64cb136663874edbac2ca97158871181 64cb136663874edbac2ca97158871181] 199.19.213.180 "GET /v2.0/networks/94788539-e52e-4152-8fb7-12f5f4c82231?fields=provider%3Aphysical_network&fields=provider%3Anetwork_type HTTP/1.1" status: 200 len: 277 time: 0.0951579
2026-06-09 23:34:18.018 9 WARNING neutron.scheduler.dhcp_agent_scheduler [req-4a3261ef-fcf4-4fb3-9b3b-fc79ee2689d6 req-7e9455ff-8880-41b1-9a3e-5444e68a11fa 7a38ebfac0014a5b882d699b78aad046 9f4a70b92b8b48ddaf103b0e104d8fc4 - - default default] No more DHCP agents
