2026-06-09 23:33:37.578 9 INFO neutron.wsgi [None req-a0de8c8d-d760-4cda-b403-b3930f510a35 1729b84983994ee3a3c2af3805119a22 de58df1bb7a346658bf890d20638b85a - - default default] 10.0.0.145 "POST /v2.0/security-group-rules HTTP/1.1" status: 201 len: 801 time: 0.2537315
2026-06-09 23:33:37.587 9 WARNING neutron_lib.context [None req-bc5d99ba-d57e-48bb-b432-56dbdaac9064 1729b84983994ee3a3c2af3805119a22 de58df1bb7a346658bf890d20638b85a - - default default] Method 'is_advsvc' is deprecated since 2023.2 release (neutron-lib 3.8.0) and will be removed once support for the old RBAC API policies will be removed from Neutron. Please use method 'is_service_role' instead.
2026-06-09 23:33:37.921 9 WARNING neutron.scheduler.dhcp_agent_scheduler [None req-bc5d99ba-d57e-48bb-b432-56dbdaac9064 1729b84983994ee3a3c2af3805119a22 de58df1bb7a346658bf890d20638b85a - - default default] No more DHCP agents
2026-06-09 23:33:37.926 9 WARNING neutron.api.rpc.agentnotifiers.dhcp_rpc_agent_api [None req-bc5d99ba-d57e-48bb-b432-56dbdaac9064 1729b84983994ee3a3c2af3805119a22 de58df1bb7a346658bf890d20638b85a - - default default] Unable to schedule network befa6829-8862-4ba6-a890-7e7cea14ba8b: no agents available; will retry on subsequent port and subnet creation events.
2026-06-09 23:33:38.086 10 INFO neutron.wsgi [req-f3a771af-a469-4f3b-9d94-e721fa42f33d req-c9e24b58-0f82-409e-9002-b1f7d8575ff5 bd44bdbba6604cd584271ab34b6cfa5b b41e2198f9eb42e3aab81fa4abbca052 - - default default] 199.19.213.180 "GET /v2.0/networks?id=d0405577-c714-4157-8f91-bd44dd5fe92c HTTP/1.1" status: 200 len: 883 time: 0.3612652
2026-06-09 23:33:38.130 9 INFO neutron.wsgi [None req-3c694a04-2852-4911-97b5-ed6e326f03e0 838187f134094579ae582ee7acd150f3 bee5f3d9d67e40d4a51df0c1b6600e0e - - default default] 10.0.0.145 "DELETE /v2.0/networks/46728951-91ea-4141-b958-42cf20429f62 HTTP/1.1" status: 204 len: 168 time: 0.6057370
2026-06-09 23:33:38.191 10 INFO neutron.wsgi [req-f3a771af-a469-4f3b-9d94-e721fa42f33d req-545911ae-187e-425a-829d-896073191b5d bd44bdbba6604cd584271ab34b6cfa5b b41e2198f9eb42e3aab81fa4abbca052 - - default default] 199.19.213.180 "GET /v2.0/security-groups?fields=id&fields=name&tenant_id=b41e2198f9eb42e3aab81fa4abbca052 HTTP/1.1" status: 200 len: 380 time: 0.0599401
2026-06-09 23:33:38.206 10 WARNING neutron_lib.context [req-f3a771af-a469-4f3b-9d94-e721fa42f33d req-90590a9e-6691-448d-b981-ca236a50bb6a bd44bdbba6604cd584271ab34b6cfa5b b41e2198f9eb42e3aab81fa4abbca052 - - default default] Method 'is_advsvc' is deprecated since 2023.2 release (neutron-lib 3.8.0) and will be removed once support for the old RBAC API policies will be removed from Neutron. Please use method 'is_service_role' instead.
2026-06-09 23:33:38.375 9 INFO neutron.wsgi [None req-53f78b6e-981c-41d5-897a-dcc707958756 838187f134094579ae582ee7acd150f3 bee5f3d9d67e40d4a51df0c1b6600e0e - - default default] 10.0.0.145 "GET /v2.0/security-groups?tenant_id=a39eb0da4c77477d835e1c8de9ab7317&name=default HTTP/1.1" status: 200 len: 3116 time: 0.0940373
2026-06-09 23:33:38.441 9 INFO neutron.wsgi [None req-bc5d99ba-d57e-48bb-b432-56dbdaac9064 1729b84983994ee3a3c2af3805119a22 de58df1bb7a346658bf890d20638b85a - - default default] 10.0.0.145 "POST /v2.0/floatingips HTTP/1.1" status: 201 len: 751 time: 0.8594344
2026-06-09 23:33:38.587 9 INFO neutron.services.segments.plugin [-] Segment 4c3506bb-2329-472b-b843-cf8a7f78626e resource provider aggregate not found
2026-06-09 23:33:38.598 9 INFO neutron.services.segments.plugin [-] Segment 4c3506bb-2329-472b-b843-cf8a7f78626e resource provider aggregate not found
2026-06-09 23:33:38.614 9 INFO neutron.services.segments.plugin [-] Segment 4c3506bb-2329-472b-b843-cf8a7f78626e resource provider not found; error: Placement Client Error (4xx): {"errors": [{"status": 404, "title": "Not Found", "detail": "The resource could not be found.\n\n No resource provider with uuid 4c3506bb-2329-472b-b843-cf8a7f78626e found for delete ", "request_id": "req-808c9544-abbe-42bd-a862-d11d750e3f8c"}]}
2026-06-09 23:33:38.624 9 INFO neutron.services.segments.plugin [-] Segment 4c3506bb-2329-472b-b843-cf8a7f78626e resource provider not found; error: Placement Client Error (4xx): {"errors": [{"status": 404, "title": "Not Found", "detail": "The resource could not be found.\n\n No resource provider with uuid 4c3506bb-2329-472b-b843-cf8a7f78626e found for delete ", "request_id": "req-1c6745ec-b194-4db5-b546-26f63cd61099"}]}
2026-06-09 23:33:38.627 9 INFO neutron.wsgi [req-88eb0b28-1788-48a6-a2df-96096aa4a322 req-8d0b7cb5-2a88-47bc-9598-549a67db7bd3 bd44bdbba6604cd584271ab34b6cfa5b b41e2198f9eb42e3aab81fa4abbca052 - - default default] 10.0.0.217 "GET /v2.0/ports?device_id=5b4f2210-7cf9-44d3-8ab7-3fa5d2aaa016 HTTP/1.1" status: 200 len: 210 time: 0.0222003
2026-06-09 23:33:38.659 9 INFO neutron.wsgi [None req-99825b86-26d6-4d8a-adfb-67f36d6f9af8 838187f134094579ae582ee7acd150f3 bee5f3d9d67e40d4a51df0c1b6600e0e - - default default] 10.0.0.145 "DELETE /v2.0/security-groups/7424557a-c627-45aa-b5d3-f5583f9aeefb HTTP/1.1" status: 204 len: 168 time: 0.2760534
2026-06-09 23:33:38.677 10 WARNING neutron.scheduler.dhcp_agent_scheduler [req-f3a771af-a469-4f3b-9d94-e721fa42f33d req-90590a9e-6691-448d-b981-ca236a50bb6a bd44bdbba6604cd584271ab34b6cfa5b b41e2198f9eb42e3aab81fa4abbca052 - - default default] No more DHCP agents
2026-06-09 23:33:38.679 10 WARNING neutron.api.rpc.agentnotifiers.dhcp_rpc_agent_api [req-f3a771af-a469-4f3b-9d94-e721fa42f33d req-90590a9e-6691-448d-b981-ca236a50bb6a bd44bdbba6604cd584271ab34b6cfa5b b41e2198f9eb42e3aab81fa4abbca052 - - default default] Unable to schedule network d0405577-c714-4157-8f91-bd44dd5fe92c: no agents available; will retry on subsequent port and subnet creation events.
2026-06-09 23:33:38.863 10 INFO neutron.db.ovn_revision_numbers_db [req-f3a771af-a469-4f3b-9d94-e721fa42f33d req-90590a9e-6691-448d-b981-ca236a50bb6a bd44bdbba6604cd584271ab34b6cfa5b b41e2198f9eb42e3aab81fa4abbca052 - - default default] Successfully bumped revision number for resource e952ebf6-f48d-4d18-a9d0-6cfb2b93070d (type: ports) to 1
2026-06-09 23:33:38.906 10 INFO neutron.wsgi [req-f3a771af-a469-4f3b-9d94-e721fa42f33d req-90590a9e-6691-448d-b981-ca236a50bb6a bd44bdbba6604cd584271ab34b6cfa5b b41e2198f9eb42e3aab81fa4abbca052 - - default default] 199.19.213.180 "POST /v2.0/ports HTTP/1.1" status: 201 len: 1158 time: 0.7084103 /var/lib/openstack/lib/python3.10/site-packages/pycadf/identifier.py:71: UserWarning: Invalid uuid: neutron. To ensure interoperability, identifiers should be a valid uuid. warnings.warn(('Invalid uuid: %s. To ensure interoperability, '
2026-06-09 23:33:38.924 10 INFO neutron.wsgi [req-f3a771af-a469-4f3b-9d94-e721fa42f33d req-4bdaf893-13c4-483a-8617-30d0f2e9a27b bd44bdbba6604cd584271ab34b6cfa5b b41e2198f9eb42e3aab81fa4abbca052 - - default default] 199.19.213.180 "GET /v2.0/extensions HTTP/1.1" status: 200 len: 18683 time: 0.0106997
2026-06-09 23:33:38.968 9 INFO neutron.wsgi [req-52cfaef8-b20b-4d52-b4d1-9d84055f9907 req-6bfb9fde-797d-428d-80ca-621a179ea196 1729b84983994ee3a3c2af3805119a22 de58df1bb7a346658bf890d20638b85a - - default default] 10.0.0.217 "GET /v2.0/security-groups?name=tempest-securitygroup--661379845&fields=id&tenant_id=de58df1bb7a346658bf890d20638b85a HTTP/1.1" status: 200 len: 267 time: 0.0604224
2026-06-09 23:33:39.030 9 INFO neutron.wsgi [req-52cfaef8-b20b-4d52-b4d1-9d84055f9907 req-c48f2d7b-fdcb-4455-b521-2e8ecadba80c 1729b84983994ee3a3c2af3805119a22 de58df1bb7a346658bf890d20638b85a - - default default] 10.0.0.217 "GET /v2.0/networks?id=358b76f0-adb9-46a8-a5de-699a5acd41c0 HTTP/1.1" status: 200 len: 869 time: 0.0545862
2026-06-09 23:33:39.047 9 INFO neutron.wsgi [req-52cfaef8-b20b-4d52-b4d1-9d84055f9907 req-8b9fea0c-0314-4b9f-ab29-2806a6715b04 1729b84983994ee3a3c2af3805119a22 de58df1bb7a346658bf890d20638b85a - - default default] 10.0.0.217 "GET /v2.0/quotas/de58df1bb7a346658bf890d20638b85a HTTP/1.1" status: 200 len: 491 time: 0.0102968
2026-06-09 23:33:39.128 9 INFO neutron.wsgi [req-52cfaef8-b20b-4d52-b4d1-9d84055f9907 req-58c6e471-4db3-4421-ab87-feff489d3c42 1729b84983994ee3a3c2af3805119a22 de58df1bb7a346658bf890d20638b85a - - default default] 10.0.0.217 "GET /v2.0/ports?tenant_id=de58df1bb7a346658bf890d20638b85a&fields=id HTTP/1.1" status: 200 len: 302 time: 0.0752463
2026-06-09 23:33:39.535 9 INFO neutron.wsgi [req-52cfaef8-b20b-4d52-b4d1-9d84055f9907 req-7b61c932-a125-4290-ba4e-6ea3fe1ba4cb e8f107aa72da412bbc0ea8f7ee0c8c44 df347551ee27486e886162979334894a - - 64cb136663874edbac2ca97158871181 64cb136663874edbac2ca97158871181] 10.0.0.217 "GET /v2.0/extensions HTTP/1.1" status: 200 len: 18683 time: 0.0550065
2026-06-09 23:33:39.604 9 INFO neutron.wsgi [req-52cfaef8-b20b-4d52-b4d1-9d84055f9907 req-0284751d-7321-46e9-b97a-a01de0458db6 e8f107aa72da412bbc0ea8f7ee0c8c44 df347551ee27486e886162979334894a - - 64cb136663874edbac2ca97158871181 64cb136663874edbac2ca97158871181] 10.0.0.217 "GET /v2.0/networks/358b76f0-adb9-46a8-a5de-699a5acd41c0?fields=segments HTTP/1.1" status: 200 len: 212 time: 0.0600028
2026-06-09 23:33:39.674 9 INFO neutron.wsgi [req-52cfaef8-b20b-4d52-b4d1-9d84055f9907 req-6068ee8b-9715-4d96-b066-3ee71c0292c6 e8f107aa72da412bbc0ea8f7ee0c8c44 df347551ee27486e886162979334894a - - 64cb136663874edbac2ca97158871181 64cb136663874edbac2ca97158871181] 10.0.0.217 "GET /v2.0/networks/358b76f0-adb9-46a8-a5de-699a5acd41c0?fields=provider%3Aphysical_network&fields=provider%3Anetwork_type HTTP/1.1" status: 200 len: 277 time: 0.0616827
2026-06-09 23:33:39.758 9 INFO neutron.wsgi [req-c57169b6-9463-4253-b2af-7775113f2cac req-ef1549a7-a43e-44c2-bd45-dc2849a47444 bd44bdbba6604cd584271ab34b6cfa5b b41e2198f9eb42e3aab81fa4abbca052 - - default default] 10.0.0.217 "GET /v2.0/ports?device_id=5b4f2210-7cf9-44d3-8ab7-3fa5d2aaa016 HTTP/1.1" status: 200 len: 1168 time: 0.0501502
2026-06-09 23:33:39.773 10 INFO neutron.db.ovn_revision_numbers_db [req-f3a771af-a469-4f3b-9d94-e721fa42f33d req-a1beafc9-13bd-4997-a294-36070eb6ace1 e8f107aa72da412bbc0ea8f7ee0c8c44 df347551ee27486e886162979334894a - - 64cb136663874edbac2ca97158871181 64cb136663874edbac2ca97158871181] Successfully bumped revision number for resource e952ebf6-f48d-4d18-a9d0-6cfb2b93070d (type: ports) to 2
2026-06-09 23:33:39.829 9 INFO neutron.wsgi [req-c57169b6-9463-4253-b2af-7775113f2cac req-05037449-925d-49ed-9766-ec810c8fa4a2 bd44bdbba6604cd584271ab34b6cfa5b b41e2198f9eb42e3aab81fa4abbca052 - - default default] 10.0.0.217 "GET /v2.0/security-groups?id=8f0c6450-0b54-49e0-806f-e9397def343b&fields=id&fields=name HTTP/1.1" status: 200 len: 313 time: 0.0647597
2026-06-09 23:33:39.882 9 INFO neutron.wsgi [req-a7e2e4c8-0391-48c3-8101-e21ed37b2d24 req-7873e93f-bd3f-4023-aa48-805c312a11e9 1729b84983994ee3a3c2af3805119a22 de58df1bb7a346658bf890d20638b85a - - default default] 10.0.0.217 "GET /v2.0/ports?device_id=45ac915d-3579-4c1c-85e5-53848a707ec2 HTTP/1.1" status: 200 len: 210 time: 0.0257924
2026-06-09 23:33:40.013 10 INFO neutron.db.ovn_revision_numbers_db [req-f3a771af-a469-4f3b-9d94-e721fa42f33d req-a1beafc9-13bd-4997-a294-36070eb6ace1 e8f107aa72da412bbc0ea8f7ee0c8c44 df347551ee27486e886162979334894a - - 64cb136663874edbac2ca97158871181 64cb136663874edbac2ca97158871181] Successfully bumped revision number for resource e952ebf6-f48d-4d18-a9d0-6cfb2b93070d (type: ports) to 2
2026-06-09 23:33:40.036 10 INFO neutron.wsgi [req-f3a771af-a469-4f3b-9d94-e721fa42f33d req-a1beafc9-13bd-4997-a294-36070eb6ace1 e8f107aa72da412bbc0ea8f7ee0c8c44 df347551ee27486e886162979334894a - - 64cb136663874edbac2ca97158871181 64cb136663874edbac2ca97158871181] 199.19.213.180 "PUT /v2.0/ports/e952ebf6-f48d-4d18-a9d0-6cfb2b93070d HTTP/1.1" status: 200 len: 1376 time: 0.7273924 /var/lib/openstack/lib/python3.10/site-packages/pycadf/identifier.py:71: UserWarning: Invalid uuid: neutron. To ensure interoperability, identifiers should be a valid uuid. warnings.warn(('Invalid uuid: %s. To ensure interoperability, '
2026-06-09 23:33:40.169 10 INFO neutron.wsgi [req-f3a771af-a469-4f3b-9d94-e721fa42f33d req-c9307591-a8dd-4136-9e0d-9a564ef1876c e8f107aa72da412bbc0ea8f7ee0c8c44 df347551ee27486e886162979334894a - - 64cb136663874edbac2ca97158871181 64cb136663874edbac2ca97158871181] 199.19.213.180 "GET /v2.0/ports?tenant_id=b41e2198f9eb42e3aab81fa4abbca052&device_id=5b4f2210-7cf9-44d3-8ab7-3fa5d2aaa016 HTTP/1.1" status: 200 len: 1407 time: 0.0753002
2026-06-09 23:33:40.218 10 INFO neutron.wsgi [req-f3a771af-a469-4f3b-9d94-e721fa42f33d req-96e0fabe-0e91-43b9-ad65-09e5278c31d6 e8f107aa72da412bbc0ea8f7ee0c8c44 df347551ee27486e886162979334894a - - 64cb136663874edbac2ca97158871181 64cb136663874edbac2ca97158871181] 199.19.213.180 "GET /v2.0/floatingips?fixed_ip_address=10.100.0.6&port_id=e952ebf6-f48d-4d18-a9d0-6cfb2b93070d HTTP/1.1" status: 200 len: 217 time: 0.0405514
2026-06-09 23:33:40.272 10 INFO neutron.wsgi [req-f3a771af-a469-4f3b-9d94-e721fa42f33d req-bb32bea2-46ff-405c-a462-51a290216a6e e8f107aa72da412bbc0ea8f7ee0c8c44 df347551ee27486e886162979334894a - - 64cb136663874edbac2ca97158871181 64cb136663874edbac2ca97158871181] 199.19.213.180 "GET /v2.0/subnets?id=c1f09a1f-9582-448f-8eb4-254836dc0d12 HTTP/1.1" status: 200 len: 877 time: 0.0439446
2026-06-09 23:33:40.314 10 INFO neutron.wsgi [req-f3a771af-a469-4f3b-9d94-e721fa42f33d req-89abb654-eea8-4321-805e-c526c1c3e1bc e8f107aa72da412bbc0ea8f7ee0c8c44 df347551ee27486e886162979334894a - - 64cb136663874edbac2ca97158871181 64cb136663874edbac2ca97158871181] 199.19.213.180 "GET /v2.0/ports?network_id=d0405577-c714-4157-8f91-bd44dd5fe92c&device_owner=network%3Adhcp HTTP/1.1" status: 200 len: 210 time: 0.0357938
2026-06-09 23:33:40.384 10 INFO neutron.wsgi [req-f3a771af-a469-4f3b-9d94-e721fa42f33d req-0cd999d4-944f-4fa3-86ec-aae9d47b9f75 e8f107aa72da412bbc0ea8f7ee0c8c44 df347551ee27486e886162979334894a - - 64cb136663874edbac2ca97158871181 64cb136663874edbac2ca97158871181] 199.19.213.180 "GET /v2.0/networks/d0405577-c714-4157-8f91-bd44dd5fe92c?fields=segments HTTP/1.1" status: 200 len: 212 time: 0.0625587
2026-06-09 23:33:40.454 10 INFO neutron.wsgi [req-f3a771af-a469-4f3b-9d94-e721fa42f33d req-50c6b1c2-1503-4c77-8286-0e2a15920b9b e8f107aa72da412bbc0ea8f7ee0c8c44 df347551ee27486e886162979334894a - - 64cb136663874edbac2ca97158871181 64cb136663874edbac2ca97158871181] 199.19.213.180 "GET /v2.0/networks/d0405577-c714-4157-8f91-bd44dd5fe92c?fields=provider%3Aphysical_network&fields=provider%3Anetwork_type HTTP/1.1" status: 200 len: 277 time: 0.0638065
2026-06-09 23:33:40.542 10 INFO neutron.notifiers.nova [-] Nova event matching ['req-2995eff9-69f8-424a-a639-320a9ee636f7'] response: {'name': 'network-changed', 'server_uuid': '5b4f2210-7cf9-44d3-8ab7-3fa5d2aaa016', 'tag': 'e952ebf6-f48d-4d18-a9d0-6cfb2b93070d', 'status': 'completed', 'code': 200}
2026-06-09 23:33:40.655 9 INFO neutron.db.ovn_revision_numbers_db [None req-69994d59-cd3b-4df8-8135-75e8c2b325cb 838187f134094579ae582ee7acd150f3 bee5f3d9d67e40d4a51df0c1b6600e0e - - default default] Successfully bumped revision number for resource e6bdd9b0-da0b-4eef-9cd0-23537627b8d2 (type: security_groups) to 1
2026-06-09 23:33:40.667 9 INFO neutron.db.ovn_revision_numbers_db [None req-69994d59-cd3b-4df8-8135-75e8c2b325cb 838187f134094579ae582ee7acd150f3 bee5f3d9d67e40d4a51df0c1b6600e0e - - default default] Successfully bumped revision number for resource 3b8b421a-7520-40ff-8fd9-0a6082328e72 (type: security_group_rules) to 0
2026-06-09 23:33:40.680 10 INFO neutron.wsgi [req-c0998325-c484-4661-b674-cea23ebcf5a7 req-ea5386e8-a879-4009-a2f6-1e7ce7e56e47 e8f107aa72da412bbc0ea8f7ee0c8c44 df347551ee27486e886162979334894a - - 64cb136663874edbac2ca97158871181 64cb136663874edbac2ca97158871181] 199.19.213.180 "GET /v2.0/ports?tenant_id=b41e2198f9eb42e3aab81fa4abbca052&device_id=5b4f2210-7cf9-44d3-8ab7-3fa5d2aaa016 HTTP/1.1" status: 200 len: 1407 time: 0.0414953
2026-06-09 23:33:40.683 9 INFO neutron.db.ovn_revision_numbers_db [None req-69994d59-cd3b-4df8-8135-75e8c2b325cb 838187f134094579ae582ee7acd150f3 bee5f3d9d67e40d4a51df0c1b6600e0e - - default default] Successfully bumped revision number for resource 58a21e40-ea91-4c0c-bb26-13cfa2d4966c (type: security_group_rules) to 0
2026-06-09 23:33:40.708 9 INFO neutron.db.ovn_revision_numbers_db [None req-69994d59-cd3b-4df8-8135-75e8c2b325cb 838187f134094579ae582ee7acd150f3 bee5f3d9d67e40d4a51df0c1b6600e0e - - default default] Successfully bumped revision number for resource 8cd618dc-2104-46b5-915a-6039ef5b80a7 (type: security_group_rules) to 0
2026-06-09 23:33:40.722 9 INFO neutron.db.ovn_revision_numbers_db [None req-69994d59-cd3b-4df8-8135-75e8c2b325cb 838187f134094579ae582ee7acd150f3 bee5f3d9d67e40d4a51df0c1b6600e0e - - default default] Successfully bumped revision number for resource b3a7fb3f-4f6c-4fb8-818a-969eeb763b37 (type: security_group_rules) to 0
2026-06-09 23:33:40.759 10 INFO neutron.wsgi [req-c0998325-c484-4661-b674-cea23ebcf5a7 req-be7fc403-c4d7-4aed-a242-2b7c36f45616 e8f107aa72da412bbc0ea8f7ee0c8c44 df347551ee27486e886162979334894a - - 64cb136663874edbac2ca97158871181 64cb136663874edbac2ca97158871181] 199.19.213.180 "GET /v2.0/networks?id=d0405577-c714-4157-8f91-bd44dd5fe92c HTTP/1.1" status: 200 len: 982 time: 0.0568554
2026-06-09 23:33:40.773 9 INFO neutron.db.segments_db [None req-69994d59-cd3b-4df8-8135-75e8c2b325cb 838187f134094579ae582ee7acd150f3 bee5f3d9d67e40d4a51df0c1b6600e0e - - default default] Added segment 3e648c3b-53bf-4c3b-bc10-e00129427fde of type geneve for network 2caa7658-5b39-4117-a268-81f94fb044e4
2026-06-09 23:33:40.805 10 INFO neutron.wsgi [req-c0998325-c484-4661-b674-cea23ebcf5a7 req-546ab54f-b4e1-44ed-8417-7de4d4157042 e8f107aa72da412bbc0ea8f7ee0c8c44 df347551ee27486e886162979334894a - - 64cb136663874edbac2ca97158871181 64cb136663874edbac2ca97158871181] 199.19.213.180 "GET /v2.0/floatingips?fixed_ip_address=10.100.0.6&port_id=e952ebf6-f48d-4d18-a9d0-6cfb2b93070d HTTP/1.1" status: 200 len: 217 time: 0.0311203
2026-06-09 23:33:40.861 10 INFO neutron.wsgi [req-c0998325-c484-4661-b674-cea23ebcf5a7 req-5d6ef06f-ec00-4e93-927d-11b9cdb3bc11 e8f107aa72da412bbc0ea8f7ee0c8c44 df347551ee27486e886162979334894a - - 64cb136663874edbac2ca97158871181 64cb136663874edbac2ca97158871181] 199.19.213.180 "GET /v2.0/subnets?id=c1f09a1f-9582-448f-8eb4-254836dc0d12 HTTP/1.1" status: 200 len: 877 time: 0.0470529
2026-06-09 23:33:40.896 10 INFO neutron.wsgi [req-c0998325-c484-4661-b674-cea23ebcf5a7 req-d1831bdf-1334-49cd-a6b3-6508efdd6205 e8f107aa72da412bbc0ea8f7ee0c8c44 df347551ee27486e886162979334894a - - 64cb136663874edbac2ca97158871181 64cb136663874edbac2ca97158871181] 199.19.213.180 "GET /v2.0/ports?network_id=d0405577-c714-4157-8f91-bd44dd5fe92c&device_owner=network%3Adhcp HTTP/1.1" status: 200 len: 210 time: 0.0283084
2026-06-09 23:33:40.939 9 WARNING neutron.plugins.ml2.drivers.ovn.mech_driver.ovsdb.ovn_client [None req-ea024a4f-c6e4-435d-b3e4-0a3e777d8e02 - - - - - -] No hosting information found for port 46a90fb7-c770-4525-a694-8b48bf506f0b: RuntimeError: No hosting information found for port 46a90fb7-c770-4525-a694-8b48bf506f0b
2026-06-09 23:33:40.958 9 INFO neutron.db.ovn_revision_numbers_db [None req-69994d59-cd3b-4df8-8135-75e8c2b325cb 838187f134094579ae582ee7acd150f3 bee5f3d9d67e40d4a51df0c1b6600e0e - - default default] Successfully bumped revision number for resource 2caa7658-5b39-4117-a268-81f94fb044e4 (type: networks) to 1
2026-06-09 23:33:40.982 9 INFO neutron.wsgi [req-42b4c7c7-cfaa-4f5e-bf73-440a6b1ed37e req-84b6f12e-202e-4278-9b16-49e59bd76535 1729b84983994ee3a3c2af3805119a22 de58df1bb7a346658bf890d20638b85a - - default default] 10.0.0.217 "GET /v2.0/ports?device_id=45ac915d-3579-4c1c-85e5-53848a707ec2 HTTP/1.1" status: 200 len: 210 time: 0.0269418
2026-06-09 23:33:41.041 9 INFO neutron.wsgi [req-971752b5-9831-4148-864f-ab4ef1fdc2c4 req-e97495c4-144b-483d-8917-e7aba5e483a3 bd44bdbba6604cd584271ab34b6cfa5b b41e2198f9eb42e3aab81fa4abbca052 - - default default] 10.0.0.217 "GET /v2.0/ports?device_id=5b4f2210-7cf9-44d3-8ab7-3fa5d2aaa016 HTTP/1.1" status: 200 len: 1168 time: 0.1288235
2026-06-09 23:33:41.127 9 INFO neutron.wsgi [req-971752b5-9831-4148-864f-ab4ef1fdc2c4 req-8065884a-70ab-4ff1-9f41-202790a58b84 bd44bdbba6604cd584271ab34b6cfa5b b41e2198f9eb42e3aab81fa4abbca052 - - default default] 10.0.0.217 "GET /v2.0/security-groups?id=8f0c6450-0b54-49e0-806f-e9397def343b&fields=id&fields=name HTTP/1.1" status: 200 len: 313 time: 0.0725605
2026-06-09 23:33:41.142 10 INFO neutron.wsgi [req-c0998325-c484-4661-b674-cea23ebcf5a7 req-60a1b0e6-a63d-4196-96a6-c1a01c6b8afc e8f107aa72da412bbc0ea8f7ee0c8c44 df347551ee27486e886162979334894a - - 64cb136663874edbac2ca97158871181 64cb136663874edbac2ca97158871181] 199.19.213.180 "GET /v2.0/networks/d0405577-c714-4157-8f91-bd44dd5fe92c?fields=segments HTTP/1.1" status: 200 len: 212 time: 0.2391012
2026-06-09 23:33:41.148 10 INFO neutron.wsgi [req-52cfaef8-b20b-4d52-b4d1-9d84055f9907 req-da5b5f61-b6b6-4ef5-baef-a32004fbf858 1729b84983994ee3a3c2af3805119a22 de58df1bb7a346658bf890d20638b85a - - default default] 199.19.213.180 "GET /v2.0/networks?id=358b76f0-adb9-46a8-a5de-699a5acd41c0 HTTP/1.1" status: 200 len: 869 time: 0.2037284
2026-06-09 23:33:41.182 9 WARNING neutron.scheduler.dhcp_agent_scheduler [None req-69994d59-cd3b-4df8-8135-75e8c2b325cb 838187f134094579ae582ee7acd150f3 bee5f3d9d67e40d4a51df0c1b6600e0e - - default default] No more DHCP agents
2026-06-09 23:33:41.184 9 WARNING neutron.api.rpc.agentnotifiers.dhcp_rpc_agent_api [None req-69994d59-cd3b-4df8-8135-75e8c2b325cb 838187f134094579ae582ee7acd150f3 bee5f3d9d67e40d4a51df0c1b6600e0e - - default default] Unable to schedule network 2caa7658-5b39-4117-a268-81f94fb044e4: no agents available; will retry on subsequent port and subnet creation events.
2026-06-09 23:33:41.219 10 INFO neutron.wsgi [req-52cfaef8-b20b-4d52-b4d1-9d84055f9907 req-a8baa261-8528-4de2-bc52-587a00c65500 1729b84983994ee3a3c2af3805119a22 de58df1bb7a346658bf890d20638b85a - - default default] 199.19.213.180 "GET /v2.0/security-groups?fields=id&fields=name&tenant_id=de58df1bb7a346658bf890d20638b85a HTTP/1.1" status: 200 len: 379 time: 0.0669937
2026-06-09 23:33:41.225 10 INFO neutron.wsgi [req-c0998325-c484-4661-b674-cea23ebcf5a7 req-89564483-c4fa-4704-9e9d-95bb79513b52 e8f107aa72da412bbc0ea8f7ee0c8c44 df347551ee27486e886162979334894a - - 64cb136663874edbac2ca97158871181 64cb136663874edbac2ca97158871181] 199.19.213.180 "GET /v2.0/networks/d0405577-c714-4157-8f91-bd44dd5fe92c?fields=provider%3Aphysical_network&fields=provider%3Anetwork_type HTTP/1.1" status: 200 len: 277 time: 0.0739744
2026-06-09 23:33:41.248 10 WARNING neutron_lib.context [req-52cfaef8-b20b-4d52-b4d1-9d84055f9907 req-1f07a7c5-9c80-47c8-95cf-f08f395c9d74 1729b84983994ee3a3c2af3805119a22 de58df1bb7a346658bf890d20638b85a - - default default] Method 'is_advsvc' is deprecated since 2023.2 release (neutron-lib 3.8.0) and will be removed once support for the old RBAC API policies will be removed from Neutron. Please use method 'is_service_role' instead.
2026-06-09 23:33:41.286 9 INFO neutron.db.ovn_revision_numbers_db [None req-69994d59-cd3b-4df8-8135-75e8c2b325cb 838187f134094579ae582ee7acd150f3 bee5f3d9d67e40d4a51df0c1b6600e0e - - default default] Successfully bumped revision number for resource 2883ed4b-ddf9-4ccf-a108-2b0824252ba4 (type: ports) to 1
2026-06-09 23:33:41.309 9 INFO neutron.wsgi [None req-69994d59-cd3b-4df8-8135-75e8c2b325cb 838187f134094579ae582ee7acd150f3 bee5f3d9d67e40d4a51df0c1b6600e0e - - default default] 10.0.0.145 "POST /v2.0/networks HTTP/1.1" status: 201 len: 947 time: 0.9123490
2026-06-09 23:33:41.480 10 WARNING neutron.plugins.ml2.drivers.ovn.mech_driver.ovsdb.ovn_client [None req-96a4567b-270c-4625-b81f-f2856ab73c05 - - - - - -] No hosting information found for port e058c36c-0df3-41ad-855f-4c7dfcfeb92e: RuntimeError: No hosting information found for port e058c36c-0df3-41ad-855f-4c7dfcfeb92e
2026-06-09 23:33:41.481 10 INFO neutron.plugins.ml2.drivers.ovn.mech_driver.mech_driver [None req-96a4567b-270c-4625-b81f-f2856ab73c05 - - - - - -] OVN reports status up for port: 55bc7154-bf6e-4f15-a3d8-d201c887dc5d
2026-06-09 23:33:41.505 10 INFO neutron.plugins.ml2.plugin [None req-96a4567b-270c-4625-b81f-f2856ab73c05 - - - - - -] Attempt 1 to provision port 55bc7154-bf6e-4f15-a3d8-d201c887dc5d
2026-06-09 23:33:41.577 10 WARNING neutron.scheduler.dhcp_agent_scheduler [None req-935e7fe8-bcf9-4e58-9086-2b2b8555396a 838187f134094579ae582ee7acd150f3 bee5f3d9d67e40d4a51df0c1b6600e0e - - default default] No more DHCP agents
2026-06-09 23:33:41.582 10 WARNING neutron.api.rpc.agentnotifiers.dhcp_rpc_agent_api [None req-935e7fe8-bcf9-4e58-9086-2b2b8555396a 838187f134094579ae582ee7acd150f3 bee5f3d9d67e40d4a51df0c1b6600e0e - - default default] Unable to schedule network 2caa7658-5b39-4117-a268-81f94fb044e4: no agents available; will retry on subsequent port and subnet creation events.
2026-06-09 23:33:41.740 10 WARNING neutron.scheduler.dhcp_agent_scheduler [req-52cfaef8-b20b-4d52-b4d1-9d84055f9907 req-1f07a7c5-9c80-47c8-95cf-f08f395c9d74 1729b84983994ee3a3c2af3805119a22 de58df1bb7a346658bf890d20638b85a - - default default] No more DHCP agents
2026-06-09 23:33:41.744 10 WARNING neutron.api.rpc.agentnotifiers.dhcp_rpc_agent_api [req-52cfaef8-b20b-4d52-b4d1-9d84055f9907 req-1f07a7c5-9c80-47c8-95cf-f08f395c9d74 1729b84983994ee3a3c2af3805119a22 de58df1bb7a346658bf890d20638b85a - - default default] Unable to schedule network 358b76f0-adb9-46a8-a5de-699a5acd41c0: no agents available; will retry on subsequent port and subnet creation events.
2026-06-09 23:33:41.816 9 INFO neutron.db.ovn_revision_numbers_db [None req-683c2d8a-b4c7-47b1-ae4e-2791461e60d9 838187f134094579ae582ee7acd150f3 bee5f3d9d67e40d4a51df0c1b6600e0e - - default default] Successfully bumped revision number for resource 4847d1f9-91aa-4009-8beb-d26916395d71 (type: security_groups) to 1
2026-06-09 23:33:41.830 9 INFO neutron.db.ovn_revision_numbers_db [None req-683c2d8a-b4c7-47b1-ae4e-2791461e60d9 838187f134094579ae582ee7acd150f3 bee5f3d9d67e40d4a51df0c1b6600e0e - - default default] Successfully bumped revision number for resource 08e218c5-de4c-4fa8-9c3a-17e46229c9a7 (type: security_group_rules) to 0
2026-06-09 23:33:41.843 9 INFO neutron.db.ovn_revision_numbers_db [None req-683c2d8a-b4c7-47b1-ae4e-2791461e60d9 838187f134094579ae582ee7acd150f3 bee5f3d9d67e40d4a51df0c1b6600e0e - - default default] Successfully bumped revision number for resource 5235312c-b75c-4699-bd5a-b80d567366d0 (type: security_group_rules) to 0
2026-06-09 23:33:42.097 9 INFO neutron.wsgi [req-b9606cb5-ac49-4a18-bbb6-ac6ab7d59341 req-209c17ae-6796-4f51-9773-ef612e90f3a9 1729b84983994ee3a3c2af3805119a22 de58df1bb7a346658bf890d20638b85a - - default default] 10.0.0.217 "GET /v2.0/ports?device_id=45ac915d-3579-4c1c-85e5-53848a707ec2 HTTP/1.1" status: 200 len: 1160 time: 0.0427773
2026-06-09 23:33:42.104 10 INFO neutron.db.ovn_revision_numbers_db [req-52cfaef8-b20b-4d52-b4d1-9d84055f9907 req-1f07a7c5-9c80-47c8-95cf-f08f395c9d74 1729b84983994ee3a3c2af3805119a22 de58df1bb7a346658bf890d20638b85a - - default default] Successfully bumped revision number for resource 54777a74-2add-49c4-a106-3a5e63cc3d06 (type: ports) to 1
2026-06-09 23:33:42.108 9 INFO neutron.db.ovn_revision_numbers_db [None req-683c2d8a-b4c7-47b1-ae4e-2791461e60d9 838187f134094579ae582ee7acd150f3 bee5f3d9d67e40d4a51df0c1b6600e0e - - default default] Successfully bumped revision number for resource 640da3b3-cdfa-4252-9243-6b910480b259 (type: security_group_rules) to 0
2026-06-09 23:33:42.144 9 INFO neutron.db.ovn_revision_numbers_db [None req-683c2d8a-b4c7-47b1-ae4e-2791461e60d9 838187f134094579ae582ee7acd150f3 bee5f3d9d67e40d4a51df0c1b6600e0e - - default default] Successfully bumped revision number for resource bb78e5e1-1434-4499-9762-6aa569331900 (type: security_group_rules) to 0
2026-06-09 23:33:42.149 10 INFO neutron.wsgi [req-52cfaef8-b20b-4d52-b4d1-9d84055f9907 req-1f07a7c5-9c80-47c8-95cf-f08f395c9d74 1729b84983994ee3a3c2af3805119a22 de58df1bb7a346658bf890d20638b85a - - default default] 199.19.213.180 "POST /v2.0/ports HTTP/1.1" status: 201 len: 1162 time: 0.9111125 /var/lib/openstack/lib/python3.10/site-packages/pycadf/identifier.py:71: UserWarning: Invalid uuid: neutron. To ensure interoperability, identifiers should be a valid uuid. warnings.warn(('Invalid uuid: %s. To ensure interoperability, '
2026-06-09 23:33:42.170 9 INFO neutron.wsgi [None req-683c2d8a-b4c7-47b1-ae4e-2791461e60d9 838187f134094579ae582ee7acd150f3 bee5f3d9d67e40d4a51df0c1b6600e0e - - default default] 10.0.0.145 "GET /v2.0/security-groups?tenant_id=4e2d0c586c85429e85ffff44015693ff&name=default HTTP/1.1" status: 200 len: 3120 time: 0.5704491
2026-06-09 23:33:42.175 9 INFO neutron.wsgi [req-b9606cb5-ac49-4a18-bbb6-ac6ab7d59341 req-2d34be2d-211c-49fe-aaf8-eac7966ca77e 1729b84983994ee3a3c2af3805119a22 de58df1bb7a346658bf890d20638b85a - - default default] 10.0.0.217 "GET /v2.0/security-groups?id=7df0f76d-d597-44ca-8423-3dc72f8358a3&fields=id&fields=name HTTP/1.1" status: 200 len: 312 time: 0.0692251
2026-06-09 23:33:42.252 9 INFO neutron.wsgi [req-8f156667-f3d4-4c6e-ba19-9cdf82b8ffa9 req-758ff219-d2a6-4a7b-9494-de2f3f512780 bd44bdbba6604cd584271ab34b6cfa5b b41e2198f9eb42e3aab81fa4abbca052 - - default default] 10.0.0.217 "GET /v2.0/ports?device_id=5b4f2210-7cf9-44d3-8ab7-3fa5d2aaa016 HTTP/1.1" status: 200 len: 1168 time: 0.0542648
2026-06-09 23:33:42.324 9 INFO neutron.wsgi [req-8f156667-f3d4-4c6e-ba19-9cdf82b8ffa9 req-0ba4f01d-04b3-47ea-b768-d39e453698ec bd44bdbba6604cd584271ab34b6cfa5b b41e2198f9eb42e3aab81fa4abbca052 - - default default] 10.0.0.217 "GET /v2.0/security-groups?id=8f0c6450-0b54-49e0-806f-e9397def343b&fields=id&fields=name HTTP/1.1" status: 200 len: 313 time: 0.0648725
2026-06-09 23:33:42.409 10 INFO neutron.db.ovn_revision_numbers_db [None req-935e7fe8-bcf9-4e58-9086-2b2b8555396a 838187f134094579ae582ee7acd150f3 bee5f3d9d67e40d4a51df0c1b6600e0e - - default default] Successfully bumped revision number for resource 2883ed4b-ddf9-4ccf-a108-2b0824252ba4 (type: ports) to 2
2026-06-09 23:33:42.440 9 INFO neutron.wsgi [None req-d4770583-7104-4a4c-bbfa-c3c287c1ef9a 838187f134094579ae582ee7acd150f3 bee5f3d9d67e40d4a51df0c1b6600e0e - - default default] 10.0.0.145 "DELETE /v2.0/security-groups/4847d1f9-91aa-4009-8beb-d26916395d71 HTTP/1.1" status: 204 len: 168 time: 0.2637143
2026-06-09 23:33:42.456 10 INFO neutron.db.ovn_revision_numbers_db [None req-935e7fe8-bcf9-4e58-9086-2b2b8555396a 838187f134094579ae582ee7acd150f3 bee5f3d9d67e40d4a51df0c1b6600e0e - - default default] Successfully bumped revision number for resource f0d71dd0-a289-4904-8d9e-a7ab9948172c (type: subnets) to 0
2026-06-09 23:33:42.474 10 INFO neutron.wsgi [None req-935e7fe8-bcf9-4e58-9086-2b2b8555396a 838187f134094579ae582ee7acd150f3 bee5f3d9d67e40d4a51df0c1b6600e0e - - default default] 10.0.0.145 "POST /v2.0/subnets HTTP/1.1" status: 201 len: 867 time: 1.1496494 /var/lib/openstack/lib/python3.10/site-packages/pycadf/identifier.py:71: UserWarning: Invalid uuid: neutron. To ensure interoperability, identifiers should be a valid uuid. warnings.warn(('Invalid uuid: %s. To ensure interoperability, '
2026-06-09 23:33:42.638 10 INFO neutron.plugins.ml2.drivers.ovn.mech_driver.mech_driver [None req-96a4567b-270c-4625-b81f-f2856ab73c05 - - - - - -] OVN reports status up for port: e952ebf6-f48d-4d18-a9d0-6cfb2b93070d
2026-06-09 23:33:42.656 10 INFO neutron.db.ovn_revision_numbers_db [req-52cfaef8-b20b-4d52-b4d1-9d84055f9907 req-f261830d-d9f6-4d40-ade7-1c025931da89 e8f107aa72da412bbc0ea8f7ee0c8c44 df347551ee27486e886162979334894a - - 64cb136663874edbac2ca97158871181 64cb136663874edbac2ca97158871181] Successfully bumped revision number for resource 54777a74-2add-49c4-a106-3a5e63cc3d06 (type: ports) to 2
2026-06-09 23:33:42.662 10 INFO neutron.plugins.ml2.plugin [None req-96a4567b-270c-4625-b81f-f2856ab73c05 - - - - - -] Attempt 1 to provision port e952ebf6-f48d-4d18-a9d0-6cfb2b93070d
2026-06-09 23:33:42.725 10 INFO neutron.db.ovn_revision_numbers_db [None req-4cf7e85e-0956-49c8-878b-60a6ddef0512 838187f134094579ae582ee7acd150f3 bee5f3d9d67e40d4a51df0c1b6600e0e - - default default] Successfully bumped revision number for resource 7a83b0e4-3c62-4774-9fcb-c5b8a384efcd (type: security_groups) to 1
2026-06-09 23:33:42.755 10 INFO neutron.db.ovn_revision_numbers_db [None req-4cf7e85e-0956-49c8-878b-60a6ddef0512 838187f134094579ae582ee7acd150f3 bee5f3d9d67e40d4a51df0c1b6600e0e - - default default] Successfully bumped revision number for resource 0b376faf-e621-4d11-aa86-382fad4446ea (type: security_group_rules) to 0
2026-06-09 23:33:42.779 10 INFO neutron.db.ovn_revision_numbers_db [None req-4cf7e85e-0956-49c8-878b-60a6ddef0512 838187f134094579ae582ee7acd150f3 bee5f3d9d67e40d4a51df0c1b6600e0e - - default default] Successfully bumped revision number for resource 8d31c5af-c81f-4d94-a173-65dc748e0fd9 (type: security_group_rules) to 0
2026-06-09 23:33:42.821 10 INFO neutron.db.ovn_revision_numbers_db [None req-4cf7e85e-0956-49c8-878b-60a6ddef0512 838187f134094579ae582ee7acd150f3 bee5f3d9d67e40d4a51df0c1b6600e0e - - default default] Successfully bumped revision number for resource 919be162-e2ff-4bb5-9623-cf510d211e7d (type: security_group_rules) to 0
2026-06-09 23:33:42.874 10 INFO neutron.db.ovn_revision_numbers_db [None req-4cf7e85e-0956-49c8-878b-60a6ddef0512 838187f134094579ae582ee7acd150f3 bee5f3d9d67e40d4a51df0c1b6600e0e - - default default] Successfully bumped revision number for resource b3a28415-76cd-40ba-889b-c85c8ca43f4e (type: security_group_rules) to 0
2026-06-09 23:33:42.876 10 INFO neutron.notifiers.nova [-] Nova event matching ['req-b0f1b9e7-d3fb-40b1-a46a-b05151e89579'] response: {'server_uuid': '5b4f2210-7cf9-44d3-8ab7-3fa5d2aaa016', 'name': 'network-vif-plugged', 'status': 'completed', 'tag': 'e952ebf6-f48d-4d18-a9d0-6cfb2b93070d', 'code': 200}
2026-06-09 23:33:42.910 10 INFO neutron.wsgi [None req-4cf7e85e-0956-49c8-878b-60a6ddef0512 838187f134094579ae582ee7acd150f3 bee5f3d9d67e40d4a51df0c1b6600e0e - - default default] 10.0.0.145 "GET /v2.0/security-groups?tenant_id=7c93ff8dfd3f45da8c7020d3dc25d661&name=default HTTP/1.1" status: 200 len: 3120 time: 0.3601739
2026-06-09 23:33:42.976 10 INFO neutron.db.ovn_revision_numbers_db [req-52cfaef8-b20b-4d52-b4d1-9d84055f9907 req-f261830d-d9f6-4d40-ade7-1c025931da89 e8f107aa72da412bbc0ea8f7ee0c8c44 df347551ee27486e886162979334894a - - 64cb136663874edbac2ca97158871181 64cb136663874edbac2ca97158871181] Successfully bumped revision number for resource 54777a74-2add-49c4-a106-3a5e63cc3d06 (type: ports) to 2
2026-06-09 23:33:43.005 10 INFO neutron.wsgi [req-52cfaef8-b20b-4d52-b4d1-9d84055f9907 req-f261830d-d9f6-4d40-ade7-1c025931da89 e8f107aa72da412bbc0ea8f7ee0c8c44 df347551ee27486e886162979334894a - - 64cb136663874edbac2ca97158871181 64cb136663874edbac2ca97158871181] 199.19.213.180 "PUT /v2.0/ports/54777a74-2add-49c4-a106-3a5e63cc3d06 HTTP/1.1" status: 200 len: 1380 time: 0.8455000 /var/lib/openstack/lib/python3.10/site-packages/pycadf/identifier.py:71: UserWarning: Invalid uuid: neutron. To ensure interoperability, identifiers should be a valid uuid. warnings.warn(('Invalid uuid: %s. To ensure interoperability, '
2026-06-09 23:33:43.058 9 WARNING neutron.scheduler.dhcp_agent_scheduler [None req-d081f5e7-cc44-4206-a897-4f6119c910b5 838187f134094579ae582ee7acd150f3 bee5f3d9d67e40d4a51df0c1b6600e0e - - default default] No more DHCP agents
2026-06-09 23:33:43.062 9 WARNING neutron.api.rpc.agentnotifiers.dhcp_rpc_agent_api [None req-d081f5e7-cc44-4206-a897-4f6119c910b5 838187f134094579ae582ee7acd150f3 bee5f3d9d67e40d4a51df0c1b6600e0e - - default default] Unable to schedule network befa6829-8862-4ba6-a890-7e7cea14ba8b: no agents available; will retry on subsequent port and subnet creation events.
2026-06-09 23:33:43.087 10 INFO neutron.wsgi [req-52cfaef8-b20b-4d52-b4d1-9d84055f9907 req-67ad222b-3d48-4368-af26-e0dc6529480d e8f107aa72da412bbc0ea8f7ee0c8c44 df347551ee27486e886162979334894a - - 64cb136663874edbac2ca97158871181 64cb136663874edbac2ca97158871181] 199.19.213.180 "GET /v2.0/ports?tenant_id=de58df1bb7a346658bf890d20638b85a&device_id=45ac915d-3579-4c1c-85e5-53848a707ec2 HTTP/1.1" status: 200 len: 1411 time: 0.0365751
2026-06-09 23:33:43.088 10 INFO neutron.db.ovn_revision_numbers_db [None req-96a4567b-270c-4625-b81f-f2856ab73c05 - - - - - -] Successfully bumped revision number for resource e952ebf6-f48d-4d18-a9d0-6cfb2b93070d (type: ports) to 4
2026-06-09 23:33:43.134 10 INFO neutron.wsgi [req-52cfaef8-b20b-4d52-b4d1-9d84055f9907 req-4b6480ea-e453-4a6b-908f-94e7dc956d34 e8f107aa72da412bbc0ea8f7ee0c8c44 df347551ee27486e886162979334894a - - 64cb136663874edbac2ca97158871181 64cb136663874edbac2ca97158871181] 199.19.213.180 "GET /v2.0/floatingips?fixed_ip_address=10.100.0.10&port_id=54777a74-2add-49c4-a106-3a5e63cc3d06 HTTP/1.1" status: 200 len: 217 time: 0.0368583
2026-06-09 23:33:43.183 10 INFO neutron.wsgi [req-52cfaef8-b20b-4d52-b4d1-9d84055f9907 req-da8b719a-3535-4187-a16e-b97a854facd1 e8f107aa72da412bbc0ea8f7ee0c8c44 df347551ee27486e886162979334894a - - 64cb136663874edbac2ca97158871181 64cb136663874edbac2ca97158871181] 199.19.213.180 "GET /v2.0/subnets?id=5b6f8062-95f6-4f23-9573-bda7e3c94f0b HTTP/1.1" status: 200 len: 863 time: 0.0388789 /var/lib/openstack/lib/python3.10/site-packages/pycadf/identifier.py:71: UserWarning: Invalid uuid: neutron. To ensure interoperability, identifiers should be a valid uuid. warnings.warn(('Invalid uuid: %s. To ensure interoperability, '
2026-06-09 23:33:43.211 10 INFO neutron.wsgi [req-52cfaef8-b20b-4d52-b4d1-9d84055f9907 req-7abc6901-bd8c-4d2d-ab00-5ad9e690702c e8f107aa72da412bbc0ea8f7ee0c8c44 df347551ee27486e886162979334894a - - 64cb136663874edbac2ca97158871181 64cb136663874edbac2ca97158871181] 199.19.213.180 "GET /v2.0/ports?network_id=358b76f0-adb9-46a8-a5de-699a5acd41c0&device_owner=network%3Adhcp HTTP/1.1" status: 200 len: 210 time: 0.0232215
2026-06-09 23:33:43.249 9 INFO neutron.wsgi [None req-ca6defb7-d0d2-4d63-b53d-4ba4fe051ac0 838187f134094579ae582ee7acd150f3 bee5f3d9d67e40d4a51df0c1b6600e0e - - default default] 10.0.0.145 "DELETE /v2.0/security-groups/7a83b0e4-3c62-4774-9fcb-c5b8a384efcd HTTP/1.1" status: 204 len: 168 time: 0.3327272
2026-06-09 23:33:43.276 9 INFO neutron.db.ovn_revision_numbers_db [None req-d081f5e7-cc44-4206-a897-4f6119c910b5 838187f134094579ae582ee7acd150f3 bee5f3d9d67e40d4a51df0c1b6600e0e - - default default] Successfully bumped revision number for resource 4ee24eb2-6d9f-47ae-b4bc-24578a90bf52 (type: ports) to 1
2026-06-09 23:33:43.282 10 INFO neutron.wsgi [req-52cfaef8-b20b-4d52-b4d1-9d84055f9907 req-ad6f1637-34a7-41ef-b8aa-fcd2dc5bdcd2 e8f107aa72da412bbc0ea8f7ee0c8c44 df347551ee27486e886162979334894a - - 64cb136663874edbac2ca97158871181 64cb136663874edbac2ca97158871181] 199.19.213.180 "GET /v2.0/networks/358b76f0-adb9-46a8-a5de-699a5acd41c0?fields=segments HTTP/1.1" status: 200 len: 212 time: 0.0574059
2026-06-09 23:33:43.293 9 INFO neutron.wsgi [req-04fadbba-aa48-4c79-b510-aa3e4cc6e3bc req-3181abb9-57d1-4eca-93c0-8bb24e8423d8 1729b84983994ee3a3c2af3805119a22 de58df1bb7a346658bf890d20638b85a - - default default] 10.0.0.217 "GET /v2.0/ports?device_id=45ac915d-3579-4c1c-85e5-53848a707ec2 HTTP/1.1" status: 200 len: 1172 time: 0.0407991
2026-06-09 23:33:43.362 10 INFO neutron.wsgi [req-52cfaef8-b20b-4d52-b4d1-9d84055f9907 req-ee1e204a-3ff1-4c4c-9714-99e3b4989924 e8f107aa72da412bbc0ea8f7ee0c8c44 df347551ee27486e886162979334894a - - 64cb136663874edbac2ca97158871181 64cb136663874edbac2ca97158871181] 199.19.213.180 "GET /v2.0/networks/358b76f0-adb9-46a8-a5de-699a5acd41c0?fields=provider%3Aphysical_network&fields=provider%3Anetwork_type HTTP/1.1" status: 200 len: 277 time: 0.0749159
2026-06-09 23:33:43.381 9 INFO neutron.wsgi [req-04fadbba-aa48-4c79-b510-aa3e4cc6e3bc req-f0e3d7ef-733d-4686-ba23-815201e6558a 1729b84983994ee3a3c2af3805119a22 de58df1bb7a346658bf890d20638b85a - - default default] 10.0.0.217 "GET /v2.0/security-groups?id=7df0f76d-d597-44ca-8423-3dc72f8358a3&fields=id&fields=name HTTP/1.1" status: 200 len: 312 time: 0.0752373
2026-06-09 23:33:43.462 9 INFO neutron.wsgi [req-d0b95b7e-d839-4bcb-8880-c8849256ad6d req-cbe70ee4-865c-4c6f-9f7f-193fec38482e bd44bdbba6604cd584271ab34b6cfa5b b41e2198f9eb42e3aab81fa4abbca052 - - default default] 10.0.0.217 "GET /v2.0/ports?device_id=5b4f2210-7cf9-44d3-8ab7-3fa5d2aaa016 HTTP/1.1" status: 200 len: 1170 time: 0.0635664
2026-06-09 23:33:43.546 9 INFO neutron.plugins.ml2.drivers.ovn.mech_driver.mech_driver [None req-ea024a4f-c6e4-435d-b3e4-0a3e777d8e02 - - - - - -] OVN reports status up for port: 54777a74-2add-49c4-a106-3a5e63cc3d06
2026-06-09 23:33:43.574 9 INFO neutron.plugins.ml2.plugin [None req-ea024a4f-c6e4-435d-b3e4-0a3e777d8e02 - - - - - -] Attempt 1 to provision port 54777a74-2add-49c4-a106-3a5e63cc3d06
2026-06-09 23:33:43.595 9 INFO neutron.wsgi [req-d0b95b7e-d839-4bcb-8880-c8849256ad6d req-e70b0c38-cabb-447f-a3a4-6d3d974a05a3 bd44bdbba6604cd584271ab34b6cfa5b b41e2198f9eb42e3aab81fa4abbca052 - - default default] 10.0.0.217 "GET /v2.0/security-groups?id=8f0c6450-0b54-49e0-806f-e9397def343b&fields=id&fields=name HTTP/1.1" status: 200 len: 313 time: 0.1121914
2026-06-09 23:33:43.765 9 INFO neutron.wsgi [req-93f9b9fb-3ef9-4e6f-aa1b-88d6f6685252 req-eafc1dce-f21a-4d97-a783-54a7c77d16d2 bd44bdbba6604cd584271ab34b6cfa5b b41e2198f9eb42e3aab81fa4abbca052 - - default default] 10.0.0.217 "GET /v2.0/ports?device_id=5b4f2210-7cf9-44d3-8ab7-3fa5d2aaa016 HTTP/1.1" status: 200 len: 1170 time: 0.0628932
2026-06-09 23:33:44.360 9 INFO neutron.notifiers.nova [-] Nova event matching ['req-ee55c2a7-829f-47e2-895f-8d9f4872fbe0'] response: {'server_uuid': '45ac915d-3579-4c1c-85e5-53848a707ec2', 'name': 'network-vif-plugged', 'status': 'completed', 'tag': '54777a74-2add-49c4-a106-3a5e63cc3d06', 'code': 200}
2026-06-09 23:33:44.398 9 INFO neutron.db.ovn_revision_numbers_db [None req-ea024a4f-c6e4-435d-b3e4-0a3e777d8e02 - - - - - -] Successfully bumped revision number for resource 54777a74-2add-49c4-a106-3a5e63cc3d06 (type: ports) to 4
2026-06-09 23:33:44.668 9 INFO neutron.wsgi [req-1e3d7d2f-76ca-49a5-8877-966dc97105b9 req-3cd2950d-a665-496c-9989-05a8c341b50e 1729b84983994ee3a3c2af3805119a22 de58df1bb7a346658bf890d20638b85a - - default default] 10.0.0.217 "GET /v2.0/ports?device_id=45ac915d-3579-4c1c-85e5-53848a707ec2 HTTP/1.1" status: 200 len: 1174 time: 0.2112839 /var/lib/openstack/lib/python3.10/site-packages/pycadf/identifier.py:71: UserWarning: Invalid uuid: neutron. To ensure interoperability, identifiers should be a valid uuid. warnings.warn(('Invalid uuid: %s. To ensure interoperability, '
2026-06-09 23:33:44.746 9 INFO neutron.wsgi [req-1e3d7d2f-76ca-49a5-8877-966dc97105b9 req-9461087e-f7ed-4145-8716-bdf2149d97e5 1729b84983994ee3a3c2af3805119a22 de58df1bb7a346658bf890d20638b85a - - default default] 10.0.0.217 "GET /v2.0/security-groups?id=7df0f76d-d597-44ca-8423-3dc72f8358a3&fields=id&fields=name HTTP/1.1" status: 200 len: 312 time: 0.0669105
2026-06-09 23:33:44.767 9 INFO neutron.plugins.ml2.drivers.ovn.mech_driver.ovsdb.commands [None req-3ab7b21d-e663-47e5-9612-a0abb1ecbf14 - - - - - -] Schedule LRP lrp-4ee24eb2-6d9f-47ae-b4bc-24578a90bf52 on gateway 7a659a38-3faa-4b08-a557-681ca7b3e505 with priority 1
2026-06-09 23:33:44.792 10 INFO neutron.plugins.ml2.drivers.ovn.mech_driver.mech_driver [None req-96a4567b-270c-4625-b81f-f2856ab73c05 - - - - - -] OVN reports status up for port: 4ee24eb2-6d9f-47ae-b4bc-24578a90bf52
2026-06-09 23:33:44.797 10 INFO neutron.plugins.ml2.drivers.ovn.mech_driver.ovsdb.ovsdb_monitor [None req-2b8582ce-6883-4eb7-87c3-a05c6e07da53 - - - - - -] Router 711bb55f-4bd5-4488-8fd4-c90c72b8b7de is bound to host instance
2026-06-09 23:33:44.818 10 INFO neutron.plugins.ml2.plugin [None req-96a4567b-270c-4625-b81f-f2856ab73c05 - - - - - -] Attempt 1 to provision port 4ee24eb2-6d9f-47ae-b4bc-24578a90bf52
2026-06-09 23:33:44.976 9 INFO neutron.db.ovn_revision_numbers_db [None req-d081f5e7-cc44-4206-a897-4f6119c910b5 838187f134094579ae582ee7acd150f3 bee5f3d9d67e40d4a51df0c1b6600e0e - - default default] Successfully bumped revision number for resource 4ee24eb2-6d9f-47ae-b4bc-24578a90bf52 (type: router_ports) to 1
2026-06-09 23:33:45.056 10 INFO neutron.notifiers.nova [-] Nova event matching ['req-5e1589fd-4f54-4e3a-8941-527399d1ab02'] response: {'name': 'network-changed', 'server_uuid': '45ac915d-3579-4c1c-85e5-53848a707ec2', 'tag': '54777a74-2add-49c4-a106-3a5e63cc3d06', 'status': 'completed', 'code': 200}
2026-06-09 23:33:45.057 10 INFO neutron.notifiers.nova [-] Nova event matching ['req-5e1589fd-4f54-4e3a-8941-527399d1ab02'] response: {'server_uuid': '5b4f2210-7cf9-44d3-8ab7-3fa5d2aaa016', 'name': 'network-vif-plugged', 'status': 'completed', 'tag': 'e952ebf6-f48d-4d18-a9d0-6cfb2b93070d', 'code': 200}
2026-06-09 23:33:45.091 9 INFO neutron.db.ovn_revision_numbers_db [None req-d081f5e7-cc44-4206-a897-4f6119c910b5 838187f134094579ae582ee7acd150f3 bee5f3d9d67e40d4a51df0c1b6600e0e - - default default] Successfully bumped revision number for resource 711bb55f-4bd5-4488-8fd4-c90c72b8b7de (type: routers) to 2
2026-06-09 23:33:45.113 9 INFO neutron.wsgi [None req-d081f5e7-cc44-4206-a897-4f6119c910b5 838187f134094579ae582ee7acd150f3 bee5f3d9d67e40d4a51df0c1b6600e0e - - default default] 10.0.0.145 "POST /v2.0/routers HTTP/1.1" status: 201 len: 1169 time: 2.6325059
2026-06-09 23:33:45.123 9 INFO neutron.db.ovn_revision_numbers_db [None req-f656e178-073b-4ae8-8342-ad01002180ea bd44bdbba6604cd584271ab34b6cfa5b b41e2198f9eb42e3aab81fa4abbca052 - - default default] Successfully bumped revision number for resource 25c9483c-2dfe-4f27-afed-5b2ea2b3c3e5 (type: floatingips) to 1
2026-06-09 23:33:45.124 10 INFO neutron.wsgi [req-e31c57bd-c71b-4970-a683-23b74e45803c req-87c20e31-6677-4fe6-8386-e14d43f2eea4 e8f107aa72da412bbc0ea8f7ee0c8c44 df347551ee27486e886162979334894a - - 64cb136663874edbac2ca97158871181 64cb136663874edbac2ca97158871181] 199.19.213.180 "GET /v2.0/ports?tenant_id=de58df1bb7a346658bf890d20638b85a&device_id=45ac915d-3579-4c1c-85e5-53848a707ec2 HTTP/1.1" status: 200 len: 1413 time: 0.0420849
2026-06-09 23:33:45.310 10 INFO neutron.wsgi [req-e31c57bd-c71b-4970-a683-23b74e45803c req-f22e5ad6-63b3-4e82-9ff4-cc7ee0502ceb e8f107aa72da412bbc0ea8f7ee0c8c44 df347551ee27486e886162979334894a - - 64cb136663874edbac2ca97158871181 64cb136663874edbac2ca97158871181] 199.19.213.180 "GET /v2.0/networks?id=358b76f0-adb9-46a8-a5de-699a5acd41c0 HTTP/1.1" status: 200 len: 968 time: 0.1535492
2026-06-09 23:33:45.315 10 WARNING neutron_lib.context [None req-684e1e05-3139-46c0-88fe-052a7f6edb25 368d892fbce849728719dafda9684475 2564d755b3c246b6b7fe76db6b915941 - - default default] Method 'is_advsvc' is deprecated since 2023.2 release (neutron-lib 3.8.0) and will be removed once support for the old RBAC API policies will be removed from Neutron. Please use method 'is_service_role' instead.
2026-06-09 23:33:45.326 9 INFO neutron.db.ovn_revision_numbers_db [None req-f656e178-073b-4ae8-8342-ad01002180ea bd44bdbba6604cd584271ab34b6cfa5b b41e2198f9eb42e3aab81fa4abbca052 - - default default] Successfully bumped revision number for resource 25c9483c-2dfe-4f27-afed-5b2ea2b3c3e5 (type: floatingips) to 2
2026-06-09 23:33:45.327 9 INFO neutron.db.l3_db [None req-f656e178-073b-4ae8-8342-ad01002180ea bd44bdbba6604cd584271ab34b6cfa5b b41e2198f9eb42e3aab81fa4abbca052 - - default default] Floating IP 25c9483c-2dfe-4f27-afed-5b2ea2b3c3e5 associated. External IP: 10.96.250.201, port: e952ebf6-f48d-4d18-a9d0-6cfb2b93070d.
2026-06-09 23:33:45.343 10 INFO neutron.wsgi [req-e31c57bd-c71b-4970-a683-23b74e45803c req-d6cbdd39-17fb-4fd0-a482-90cc9afd36eb e8f107aa72da412bbc0ea8f7ee0c8c44 df347551ee27486e886162979334894a - - 64cb136663874edbac2ca97158871181 64cb136663874edbac2ca97158871181] 199.19.213.180 "GET /v2.0/floatingips?fixed_ip_address=10.100.0.10&port_id=54777a74-2add-49c4-a106-3a5e63cc3d06 HTTP/1.1" status: 200 len: 217 time: 0.0255179
2026-06-09 23:33:45.354 9 INFO neutron.wsgi [None req-f656e178-073b-4ae8-8342-ad01002180ea bd44bdbba6604cd584271ab34b6cfa5b b41e2198f9eb42e3aab81fa4abbca052 - - default default] 10.0.0.145 "PUT /v2.0/floatingips/25c9483c-2dfe-4f27-afed-5b2ea2b3c3e5 HTTP/1.1" status: 200 len: 1049 time: 1.5653975
2026-06-09 23:33:45.397 10 INFO neutron.wsgi [req-e31c57bd-c71b-4970-a683-23b74e45803c req-1967f978-a26d-4211-a840-f86b93e5794a e8f107aa72da412bbc0ea8f7ee0c8c44 df347551ee27486e886162979334894a - - 64cb136663874edbac2ca97158871181 64cb136663874edbac2ca97158871181] 199.19.213.180 "GET /v2.0/subnets?id=5b6f8062-95f6-4f23-9573-bda7e3c94f0b HTTP/1.1" status: 200 len: 863 time: 0.0445507
2026-06-09 23:33:45.432 9 INFO neutron.wsgi [req-cf13b2c6-1080-4d27-a589-8dacc85c595d req-55bed399-589f-4366-a572-9054281c2061 bd44bdbba6604cd584271ab34b6cfa5b b41e2198f9eb42e3aab81fa4abbca052 - - default default] 10.0.0.217 "GET /v2.0/ports?device_id=5b4f2210-7cf9-44d3-8ab7-3fa5d2aaa016 HTTP/1.1" status: 200 len: 1170 time: 0.0447118
2026-06-09 23:33:45.437 10 INFO neutron.wsgi [req-e31c57bd-c71b-4970-a683-23b74e45803c req-c61762f1-8a6f-41f2-9752-a81602698bff e8f107aa72da412bbc0ea8f7ee0c8c44 df347551ee27486e886162979334894a - - 64cb136663874edbac2ca97158871181 64cb136663874edbac2ca97158871181] 199.19.213.180 "GET /v2.0/ports?network_id=358b76f0-adb9-46a8-a5de-699a5acd41c0&device_owner=network%3Adhcp HTTP/1.1" status: 200 len: 210 time: 0.0237014
2026-06-09 23:33:45.485 9 INFO neutron.wsgi [req-cf13b2c6-1080-4d27-a589-8dacc85c595d req-f46083a8-a45d-4b01-b733-c606825a4f44 bd44bdbba6604cd584271ab34b6cfa5b b41e2198f9eb42e3aab81fa4abbca052 - - default default] 10.0.0.217 "GET /v2.0/security-groups?id=8f0c6450-0b54-49e0-806f-e9397def343b&fields=id&fields=name HTTP/1.1" status: 200 len: 313 time: 0.0453739
