2026-06-09 23:35:19.208 9 WARNING neutron_lib.context [None req-e5d455af-88fc-4368-9155-f12b9a6a3648 2f39a344b7774db8a7aa66caab03e27e 1438798b911b4414bca95f3ec0fbf9cf - - default default] Method 'is_advsvc' is deprecated since 2023.2 release (neutron-lib 3.8.0) and will be removed once support for the old RBAC API policies will be removed from Neutron. Please use method 'is_service_role' instead.
2026-06-09 23:35:19.246 10 INFO neutron.db.ovn_revision_numbers_db [None req-f06c5e2c-ddb2-4259-a203-2ed664a857c3 c966ea5d82dc431fbd7b8cd78286400f d4d466b41a764a53963fabb89a1a04c9 - - default default] Successfully bumped revision number for resource 7e5c8219-261d-4570-a0b5-9b68a240140c (type: security_groups) to 2
2026-06-09 23:35:19.251 10 INFO neutron.wsgi [None req-f06c5e2c-ddb2-4259-a203-2ed664a857c3 c966ea5d82dc431fbd7b8cd78286400f d4d466b41a764a53963fabb89a1a04c9 - - default default] 10.0.0.145 "PUT /v2.0/security-groups/7e5c8219-261d-4570-a0b5-9b68a240140c HTTP/1.1" status: 200 len: 1859 time: 0.0933859
2026-06-09 23:35:19.297 10 INFO neutron.wsgi [None req-4e486911-a2d3-4d8a-a826-a0fd15cff1f6 c966ea5d82dc431fbd7b8cd78286400f d4d466b41a764a53963fabb89a1a04c9 - - default default] 10.0.0.145 "GET /v2.0/security-groups/7e5c8219-261d-4570-a0b5-9b68a240140c HTTP/1.1" status: 200 len: 1859 time: 0.0379560
2026-06-09 23:35:19.403 9 WARNING neutron.plugins.ml2.drivers.ovn.mech_driver.ovsdb.ovn_client [None req-ea024a4f-c6e4-435d-b3e4-0a3e777d8e02 - - - - - -] No hosting information found for port ff347c4c-aa99-4683-a452-73d0e0271e0a: RuntimeError: No hosting information found for port ff347c4c-aa99-4683-a452-73d0e0271e0a
2026-06-09 23:35:19.403 9 INFO neutron.plugins.ml2.drivers.ovn.mech_driver.mech_driver [None req-ea024a4f-c6e4-435d-b3e4-0a3e777d8e02 - - - - - -] OVN reports status up for port: ef64c574-fea9-437b-8159-880c8115d8a7
2026-06-09 23:35:19.425 10 INFO neutron.wsgi [None req-4b799849-e1ba-47bc-93b7-125c400444c4 c966ea5d82dc431fbd7b8cd78286400f d4d466b41a764a53963fabb89a1a04c9 - - default default] 10.0.0.145 "DELETE /v2.0/security-groups/7e5c8219-261d-4570-a0b5-9b68a240140c HTTP/1.1" status: 204 len: 168 time: 0.1227677
2026-06-09 23:35:19.427 9 INFO neutron.plugins.ml2.plugin [None req-ea024a4f-c6e4-435d-b3e4-0a3e777d8e02 - - - - - -] Attempt 1 to provision port ef64c574-fea9-437b-8159-880c8115d8a7
2026-06-09 23:35:19.475 10 INFO neutron.wsgi [None req-a064c2ea-2c71-48f9-b04c-800e6f6829a2 c966ea5d82dc431fbd7b8cd78286400f d4d466b41a764a53963fabb89a1a04c9 - - default default] 10.0.0.145 "GET /v2.0/security-groups HTTP/1.1" status: 200 len: 3120 time: 0.0425730
2026-06-09 23:35:19.492 10 INFO neutron.api.v2.resource [None req-ad0033e3-ad1a-4e13-8d47-41a2b8bee72f c966ea5d82dc431fbd7b8cd78286400f d4d466b41a764a53963fabb89a1a04c9 - - default default] delete failed (client error): The resource could not be found.
2026-06-09 23:35:19.493 10 INFO neutron.wsgi [None req-ad0033e3-ad1a-4e13-8d47-41a2b8bee72f c966ea5d82dc431fbd7b8cd78286400f d4d466b41a764a53963fabb89a1a04c9 - - default default] 10.0.0.145 "DELETE /v2.0/security-groups/7e5c8219-261d-4570-a0b5-9b68a240140c HTTP/1.1" status: 404 len: 347 time: 0.0132732
2026-06-09 23:35:19.506 10 WARNING neutron_lib.context [None req-33c60f95-2606-4324-a382-eea76107e68f c966ea5d82dc431fbd7b8cd78286400f d4d466b41a764a53963fabb89a1a04c9 - - default default] Method 'is_advsvc' is deprecated since 2023.2 release (neutron-lib 3.8.0) and will be removed once support for the old RBAC API policies will be removed from Neutron. Please use method 'is_service_role' instead.
2026-06-09 23:35:19.613 10 INFO neutron.db.ovn_revision_numbers_db [None req-33c60f95-2606-4324-a382-eea76107e68f c966ea5d82dc431fbd7b8cd78286400f d4d466b41a764a53963fabb89a1a04c9 - - default default] Successfully bumped revision number for resource 1719f885-c57e-4843-9b2f-1d6bfb9819c8 (type: security_groups) to 1
2026-06-09 23:35:19.627 10 INFO neutron.db.ovn_revision_numbers_db [None req-33c60f95-2606-4324-a382-eea76107e68f c966ea5d82dc431fbd7b8cd78286400f d4d466b41a764a53963fabb89a1a04c9 - - default default] Successfully bumped revision number for resource 79424ad6-e47e-45fd-87b4-637bedcdfbcd (type: security_group_rules) to 0
2026-06-09 23:35:19.641 10 INFO neutron.db.ovn_revision_numbers_db [None req-33c60f95-2606-4324-a382-eea76107e68f c966ea5d82dc431fbd7b8cd78286400f d4d466b41a764a53963fabb89a1a04c9 - - default default] Successfully bumped revision number for resource dcb576bd-2739-409b-9aa4-69190fcbb5d6 (type: security_group_rules) to 0
2026-06-09 23:35:19.667 10 INFO neutron.wsgi [None req-33c60f95-2606-4324-a382-eea76107e68f c966ea5d82dc431fbd7b8cd78286400f d4d466b41a764a53963fabb89a1a04c9 - - default default] 10.0.0.145 "POST /v2.0/security-groups HTTP/1.1" status: 201 len: 1825 time: 0.1672628
2026-06-09 23:35:19.674 10 WARNING neutron_lib.context [None req-3466d1b3-60cd-401b-96db-3b713478e3b9 c966ea5d82dc431fbd7b8cd78286400f d4d466b41a764a53963fabb89a1a04c9 - - default default] Method 'is_advsvc' is deprecated since 2023.2 release (neutron-lib 3.8.0) and will be removed once support for the old RBAC API policies will be removed from Neutron. Please use method 'is_service_role' instead.
2026-06-09 23:35:19.747 9 WARNING neutron.scheduler.dhcp_agent_scheduler [None req-e5d455af-88fc-4368-9155-f12b9a6a3648 2f39a344b7774db8a7aa66caab03e27e 1438798b911b4414bca95f3ec0fbf9cf - - default default] No more DHCP agents
2026-06-09 23:35:19.752 9 WARNING neutron.api.rpc.agentnotifiers.dhcp_rpc_agent_api [None req-e5d455af-88fc-4368-9155-f12b9a6a3648 2f39a344b7774db8a7aa66caab03e27e 1438798b911b4414bca95f3ec0fbf9cf - - default default] Unable to schedule network e05c01bc-8085-4e64-a058-f1e948e8956e: no agents available; will retry on subsequent port and subnet creation events.
2026-06-09 23:35:19.798 10 INFO neutron.db.ovn_revision_numbers_db [None req-3466d1b3-60cd-401b-96db-3b713478e3b9 c966ea5d82dc431fbd7b8cd78286400f d4d466b41a764a53963fabb89a1a04c9 - - default default] Successfully bumped revision number for resource 0b863331-0e86-4e9f-bd56-75c44fe9ed9f (type: security_group_rules) to 0
2026-06-09 23:35:19.824 10 INFO neutron.wsgi [None req-3466d1b3-60cd-401b-96db-3b713478e3b9 c966ea5d82dc431fbd7b8cd78286400f d4d466b41a764a53963fabb89a1a04c9 - - default default] 10.0.0.145 "POST /v2.0/security-group-rules HTTP/1.1" status: 201 len: 800 time: 0.1535833
2026-06-09 23:35:19.850 10 INFO neutron.wsgi [None req-aaa59d85-013a-4767-86cc-19ae9ebf045f c966ea5d82dc431fbd7b8cd78286400f d4d466b41a764a53963fabb89a1a04c9 - - default default] 10.0.0.145 "GET /v2.0/security-group-rules/0b863331-0e86-4e9f-bd56-75c44fe9ed9f HTTP/1.1" status: 200 len: 795 time: 0.0200202
2026-06-09 23:35:19.928 10 INFO neutron.wsgi [None req-082af60b-227e-46da-8145-5733ed717749 c966ea5d82dc431fbd7b8cd78286400f d4d466b41a764a53963fabb89a1a04c9 - - default default] 10.0.0.145 "GET /v2.0/security-group-rules HTTP/1.1" status: 200 len: 4333 time: 0.0731881
2026-06-09 23:35:19.963 9 INFO neutron.db.ovn_revision_numbers_db [None req-ea024a4f-c6e4-435d-b3e4-0a3e777d8e02 - - - - - -] Successfully bumped revision number for resource ef64c574-fea9-437b-8159-880c8115d8a7 (type: ports) to 2
2026-06-09 23:35:20.049 10 INFO neutron.wsgi [None req-7c6f3a1a-8833-45ca-92f3-aba7144628b8 c966ea5d82dc431fbd7b8cd78286400f d4d466b41a764a53963fabb89a1a04c9 - - default default] 10.0.0.145 "DELETE /v2.0/security-group-rules/0b863331-0e86-4e9f-bd56-75c44fe9ed9f HTTP/1.1" status: 204 len: 168 time: 0.1151083
2026-06-09 23:35:20.108 10 INFO neutron.wsgi [None req-99b101fd-5997-4297-bc04-b5f612f62e41 c966ea5d82dc431fbd7b8cd78286400f d4d466b41a764a53963fabb89a1a04c9 - - default default] 10.0.0.145 "GET /v2.0/security-group-rules HTTP/1.1" status: 200 len: 3755 time: 0.0547361
2026-06-09 23:35:20.138 10 WARNING neutron_lib.context [None req-6a1833fd-3fa6-45f9-9acb-25600d4df5f5 c966ea5d82dc431fbd7b8cd78286400f d4d466b41a764a53963fabb89a1a04c9 - - default default] Method 'is_advsvc' is deprecated since 2023.2 release (neutron-lib 3.8.0) and will be removed once support for the old RBAC API policies will be removed from Neutron. Please use method 'is_service_role' instead.
2026-06-09 23:35:20.149 9 INFO neutron.db.ovn_revision_numbers_db [None req-ea024a4f-c6e4-435d-b3e4-0a3e777d8e02 - - - - - -] Successfully bumped revision number for resource ef64c574-fea9-437b-8159-880c8115d8a7 (type: router_ports) to 2
2026-06-09 23:35:20.182 10 INFO neutron.wsgi [None req-480c07e1-5804-4a8f-b93b-a6fc5f87d472 90812a0413764a4eaa0b415564029711 bc27290981bd476683a10f02ea15a988 - - default default] 10.0.0.145 "GET /v2.0/ports/ef64c574-fea9-437b-8159-880c8115d8a7 HTTP/1.1" status: 200 len: 1149 time: 0.0681899
2026-06-09 23:35:20.346 10 INFO neutron.db.ovn_revision_numbers_db [None req-6a1833fd-3fa6-45f9-9acb-25600d4df5f5 c966ea5d82dc431fbd7b8cd78286400f d4d466b41a764a53963fabb89a1a04c9 - - default default] Successfully bumped revision number for resource a0216673-c129-41a1-a8b3-2492098c6c99 (type: security_group_rules) to 0
2026-06-09 23:35:20.370 10 INFO neutron.wsgi [None req-6a1833fd-3fa6-45f9-9acb-25600d4df5f5 c966ea5d82dc431fbd7b8cd78286400f d4d466b41a764a53963fabb89a1a04c9 - - default default] 10.0.0.145 "POST /v2.0/security-group-rules HTTP/1.1" status: 201 len: 800 time: 0.2377546
2026-06-09 23:35:20.380 9 INFO neutron.db.ovn_revision_numbers_db [None req-e5d455af-88fc-4368-9155-f12b9a6a3648 2f39a344b7774db8a7aa66caab03e27e 1438798b911b4414bca95f3ec0fbf9cf - - default default] Successfully bumped revision number for resource e9ecfa0e-a9ff-4893-9834-7b78a047e945 (type: ports) to 2
2026-06-09 23:35:20.413 9 INFO neutron.wsgi [None req-e1d69923-5757-4484-b9cb-65bad4ca7a9a c966ea5d82dc431fbd7b8cd78286400f d4d466b41a764a53963fabb89a1a04c9 - - default default] 10.0.0.145 "GET /v2.0/security-group-rules/a0216673-c129-41a1-a8b3-2492098c6c99 HTTP/1.1" status: 200 len: 795 time: 0.0386074
2026-06-09 23:35:20.425 9 INFO neutron.db.ovn_revision_numbers_db [None req-e5d455af-88fc-4368-9155-f12b9a6a3648 2f39a344b7774db8a7aa66caab03e27e 1438798b911b4414bca95f3ec0fbf9cf - - default default] Successfully bumped revision number for resource 5d6ca883-6144-4957-a2eb-fc792682b6b6 (type: subnets) to 0
2026-06-09 23:35:20.460 9 WARNING neutron.scheduler.dhcp_agent_scheduler [None req-e5d455af-88fc-4368-9155-f12b9a6a3648 2f39a344b7774db8a7aa66caab03e27e 1438798b911b4414bca95f3ec0fbf9cf - - default default] No more DHCP agents
2026-06-09 23:35:20.464 9 WARNING neutron.api.rpc.agentnotifiers.dhcp_rpc_agent_api [None req-e5d455af-88fc-4368-9155-f12b9a6a3648 2f39a344b7774db8a7aa66caab03e27e 1438798b911b4414bca95f3ec0fbf9cf - - default default] Unable to schedule network 04a2f4af-394e-4b19-9566-6d717f2d1959: no agents available; will retry on subsequent port and subnet creation events.
2026-06-09 23:35:20.527 9 INFO neutron.wsgi [None req-2452510a-7ffc-4ddc-916b-2156da852f92 c966ea5d82dc431fbd7b8cd78286400f d4d466b41a764a53963fabb89a1a04c9 - - default default] 10.0.0.145 "GET /v2.0/security-group-rules HTTP/1.1" status: 200 len: 4333 time: 0.1078899
2026-06-09 23:35:20.702 9 INFO neutron.wsgi [None req-b1391c08-be3a-4daf-92bc-2a3a8f721b36 c966ea5d82dc431fbd7b8cd78286400f d4d466b41a764a53963fabb89a1a04c9 - - default default] 10.0.0.145 "DELETE /v2.0/security-group-rules/a0216673-c129-41a1-a8b3-2492098c6c99 HTTP/1.1" status: 204 len: 168 time: 0.1672764
2026-06-09 23:35:20.798 10 INFO neutron.wsgi [None req-c57ce5e0-6ab6-4699-a1ee-4ff3e494ac10 c966ea5d82dc431fbd7b8cd78286400f d4d466b41a764a53963fabb89a1a04c9 - - default default] 10.0.0.145 "GET /v2.0/security-group-rules HTTP/1.1" status: 200 len: 3755 time: 0.0878947
2026-06-09 23:35:20.806 10 WARNING neutron_lib.context [None req-2e883f0d-853f-48cf-859b-5eb672bc68ef c966ea5d82dc431fbd7b8cd78286400f d4d466b41a764a53963fabb89a1a04c9 - - default default] Method 'is_advsvc' is deprecated since 2023.2 release (neutron-lib 3.8.0) and will be removed once support for the old RBAC API policies will be removed from Neutron. Please use method 'is_service_role' instead.
2026-06-09 23:35:20.964 9 INFO neutron.db.ovn_revision_numbers_db [None req-e5d455af-88fc-4368-9155-f12b9a6a3648 2f39a344b7774db8a7aa66caab03e27e 1438798b911b4414bca95f3ec0fbf9cf - - default default] Successfully bumped revision number for resource 2e25430b-c08c-4b8a-865e-20eb8af42333 (type: ports) to 2
2026-06-09 23:35:20.982 10 INFO neutron.db.ovn_revision_numbers_db [None req-2e883f0d-853f-48cf-859b-5eb672bc68ef c966ea5d82dc431fbd7b8cd78286400f d4d466b41a764a53963fabb89a1a04c9 - - default default] Successfully bumped revision number for resource 33db0ac2-8ec1-46aa-91d9-2869ed170046 (type: security_group_rules) to 0
2026-06-09 23:35:20.998 9 INFO neutron.db.ovn_revision_numbers_db [None req-e5d455af-88fc-4368-9155-f12b9a6a3648 2f39a344b7774db8a7aa66caab03e27e 1438798b911b4414bca95f3ec0fbf9cf - - default default] Successfully bumped revision number for resource 551e02ac-3a4a-4c61-b41b-13d111fc4218 (type: subnets) to 0
2026-06-09 23:35:21.016 9 INFO neutron.wsgi [None req-e5d455af-88fc-4368-9155-f12b9a6a3648 2f39a344b7774db8a7aa66caab03e27e 1438798b911b4414bca95f3ec0fbf9cf - - default default] 10.0.0.145 "POST /v2.0/subnets HTTP/1.1" status: 201 len: 1426 time: 1.8646197
2026-06-09 23:35:21.026 10 INFO neutron.wsgi [None req-2e883f0d-853f-48cf-859b-5eb672bc68ef c966ea5d82dc431fbd7b8cd78286400f d4d466b41a764a53963fabb89a1a04c9 - - default default] 10.0.0.145 "POST /v2.0/security-group-rules HTTP/1.1" status: 201 len: 801 time: 0.2240739
2026-06-09 23:35:21.067 9 INFO neutron.wsgi [None req-d7d25c21-c1d4-4219-9ad9-d435d05a7201 c966ea5d82dc431fbd7b8cd78286400f d4d466b41a764a53963fabb89a1a04c9 - - default default] 10.0.0.145 "GET /v2.0/security-group-rules/33db0ac2-8ec1-46aa-91d9-2869ed170046 HTTP/1.1" status: 200 len: 796 time: 0.0364358
2026-06-09 23:35:21.081 9 INFO neutron.wsgi [None req-ed246e26-372e-4358-b347-ced148a3c91a 2f39a344b7774db8a7aa66caab03e27e 1438798b911b4414bca95f3ec0fbf9cf - - default default] 10.0.0.145 "GET /v2.0/subnets HTTP/1.1" status: 200 len: 2034 time: 0.0590734
2026-06-09 23:35:21.119 10 INFO neutron.wsgi [None req-5e36a1a5-106b-4756-82fd-a7e57f8fed10 90812a0413764a4eaa0b415564029711 bc27290981bd476683a10f02ea15a988 - - default default] 10.0.0.145 "PUT /v2.0/routers/a27fc31e-a193-4193-a8ec-4a24460e8610/remove_router_interface HTTP/1.1" status: 200 len: 503 time: 0.9311328 /var/lib/openstack/lib/python3.10/site-packages/pycadf/identifier.py:71: UserWarning: Invalid uuid: neutron. To ensure interoperability, identifiers should be a valid uuid. warnings.warn(('Invalid uuid: %s. To ensure interoperability, '
2026-06-09 23:35:21.156 9 INFO neutron.wsgi [None req-9d6afbc5-410f-4799-8247-c3db104839aa c966ea5d82dc431fbd7b8cd78286400f d4d466b41a764a53963fabb89a1a04c9 - - default default] 10.0.0.145 "GET /v2.0/security-group-rules HTTP/1.1" status: 200 len: 4334 time: 0.0850017
2026-06-09 23:35:21.214 10 INFO neutron.wsgi [None req-57df9510-d97b-4d5f-88cf-6910b9022e60 90812a0413764a4eaa0b415564029711 bc27290981bd476683a10f02ea15a988 - - default default] 10.0.0.145 "GET /v2.0/ports/ff347c4c-aa99-4683-a452-73d0e0271e0a HTTP/1.1" status: 200 len: 1141 time: 0.0898707
2026-06-09 23:35:21.363 9 INFO neutron.wsgi [None req-364d54a2-b93d-4860-9920-6d87656eb846 c966ea5d82dc431fbd7b8cd78286400f d4d466b41a764a53963fabb89a1a04c9 - - default default] 10.0.0.145 "DELETE /v2.0/security-group-rules/33db0ac2-8ec1-46aa-91d9-2869ed170046 HTTP/1.1" status: 204 len: 168 time: 0.2016706
2026-06-09 23:35:21.368 9 INFO neutron.wsgi [None req-7c371b9d-5eb9-4330-ba5c-3dcf5508494c 2f39a344b7774db8a7aa66caab03e27e 1438798b911b4414bca95f3ec0fbf9cf - - default default] 10.0.0.145 "DELETE /v2.0/subnets/5d6ca883-6144-4957-a2eb-fc792682b6b6 HTTP/1.1" status: 204 len: 168 time: 0.2820039
2026-06-09 23:35:21.442 10 INFO neutron.wsgi [None req-c7a490b5-5de5-4484-9f48-1c3e09ddb3ed c966ea5d82dc431fbd7b8cd78286400f d4d466b41a764a53963fabb89a1a04c9 - - default default] 10.0.0.145 "GET /v2.0/security-group-rules HTTP/1.1" status: 200 len: 3755 time: 0.0741413
2026-06-09 23:35:21.602 9 INFO neutron.wsgi [None req-28c98198-0765-4888-a087-acdb23f7a7ab 2f39a344b7774db8a7aa66caab03e27e 1438798b911b4414bca95f3ec0fbf9cf - - default default] 10.0.0.145 "DELETE /v2.0/subnets/551e02ac-3a4a-4c61-b41b-13d111fc4218 HTTP/1.1" status: 204 len: 168 time: 0.2296066
2026-06-09 23:35:21.606 10 INFO neutron.wsgi [None req-37c3de05-5168-4337-9b58-df38157e878b c966ea5d82dc431fbd7b8cd78286400f d4d466b41a764a53963fabb89a1a04c9 - - default default] 10.0.0.145 "DELETE /v2.0/security-groups/1719f885-c57e-4843-9b2f-1d6bfb9819c8 HTTP/1.1" status: 204 len: 168 time: 0.1557178
2026-06-09 23:35:21.647 9 INFO neutron.wsgi [None req-8077bad9-ffa8-4fe6-9afb-065dd55a2cc3 2f39a344b7774db8a7aa66caab03e27e 1438798b911b4414bca95f3ec0fbf9cf - - default default] 10.0.0.145 "GET /v2.0/subnets HTTP/1.1" status: 200 len: 820 time: 0.0380437
2026-06-09 23:35:21.662 10 INFO neutron.wsgi [None req-4b0799da-41cf-41c1-808a-c7a8cfaa215a c966ea5d82dc431fbd7b8cd78286400f d4d466b41a764a53963fabb89a1a04c9 - - default default] 10.0.0.145 "GET /v2.0/security-groups HTTP/1.1" status: 200 len: 3120 time: 0.0509262
2026-06-09 23:35:21.716 10 INFO neutron.wsgi [None req-68584cb7-d8de-4d4b-ab60-47378ad6c309 c966ea5d82dc431fbd7b8cd78286400f d4d466b41a764a53963fabb89a1a04c9 - - default default] 10.0.0.145 "GET /v2.0/security-groups HTTP/1.1" status: 200 len: 3120 time: 0.0466905
2026-06-09 23:35:21.944 10 INFO neutron.wsgi [None req-dbc74d2a-a509-443f-8b49-0b44b1d37436 90812a0413764a4eaa0b415564029711 bc27290981bd476683a10f02ea15a988 - - default default] 10.0.0.145 "PUT /v2.0/routers/a27fc31e-a193-4193-a8ec-4a24460e8610/remove_router_interface HTTP/1.1" status: 200 len: 503 time: 0.7236164 /var/lib/openstack/lib/python3.10/site-packages/pycadf/identifier.py:71: UserWarning: Invalid uuid: neutron. To ensure interoperability, identifiers should be a valid uuid. warnings.warn(('Invalid uuid: %s. To ensure interoperability, '
2026-06-09 23:35:21.973 10 INFO neutron.wsgi [None req-8d05e249-c11a-456a-83cf-e0357c706f0b 90812a0413764a4eaa0b415564029711 bc27290981bd476683a10f02ea15a988 - - default default] 10.0.0.145 "GET /v2.0/ports?device_id=a27fc31e-a193-4193-a8ec-4a24460e8610 HTTP/1.1" status: 200 len: 205 time: 0.0235682
2026-06-09 23:35:22.031 9 INFO neutron.services.segments.plugin [-] Segment 764ea388-041c-47e6-b74c-a6b79261ad81 resource provider aggregate not found
2026-06-09 23:35:22.039 9 INFO neutron.services.segments.plugin [-] Segment 764ea388-041c-47e6-b74c-a6b79261ad81 resource provider aggregate not found
2026-06-09 23:35:22.058 9 INFO neutron.services.segments.plugin [-] Segment 764ea388-041c-47e6-b74c-a6b79261ad81 resource provider not found; error: Placement Client Error (4xx): {"errors": [{"status": 404, "title": "Not Found", "detail": "The resource could not be found.\n\n No resource provider with uuid 764ea388-041c-47e6-b74c-a6b79261ad81 found for delete ", "request_id": "req-da0e2c1b-8132-4ac5-a88c-a5ca66b63683"}]}
2026-06-09 23:35:22.060 9 INFO neutron.services.segments.plugin [-] Segment 764ea388-041c-47e6-b74c-a6b79261ad81 resource provider not found; error: Placement Client Error (4xx): {"errors": [{"status": 404, "title": "Not Found", "detail": "The resource could not be found.\n\n No resource provider with uuid 764ea388-041c-47e6-b74c-a6b79261ad81 found for delete ", "request_id": "req-a3ae0099-c332-4d0f-8e1c-25b877135c25"}]}
2026-06-09 23:35:22.071 9 INFO neutron.wsgi [None req-7dbe5758-8b9e-4b7d-85eb-45223168f3e9 2f39a344b7774db8a7aa66caab03e27e 1438798b911b4414bca95f3ec0fbf9cf - - default default] 10.0.0.145 "DELETE /v2.0/networks/04a2f4af-394e-4b19-9566-6d717f2d1959 HTTP/1.1" status: 204 len: 168 time: 0.4150834
2026-06-09 23:35:22.235 10 INFO neutron.wsgi [None req-a8be5d5d-0398-426c-9e4e-9e23ef545c6c 90812a0413764a4eaa0b415564029711 bc27290981bd476683a10f02ea15a988 - - default default] 10.0.0.145 "DELETE /v2.0/routers/a27fc31e-a193-4193-a8ec-4a24460e8610 HTTP/1.1" status: 204 len: 168 time: 0.2578790
2026-06-09 23:35:22.394 9 INFO neutron.wsgi [None req-b6adaa42-41f4-414b-8e8d-7eb387bb2f92 838187f134094579ae582ee7acd150f3 bee5f3d9d67e40d4a51df0c1b6600e0e - - default default] 10.0.0.145 "GET /v2.0/security-groups?tenant_id=d4d466b41a764a53963fabb89a1a04c9&name=default HTTP/1.1" status: 200 len: 3120 time: 0.1810787
2026-06-09 23:35:22.473 10 INFO neutron.wsgi [None req-b204ec39-4565-46bb-b2e6-6752da479074 90812a0413764a4eaa0b415564029711 bc27290981bd476683a10f02ea15a988 - - default default] 10.0.0.145 "DELETE /v2.0/subnets/0a39cd10-7689-4290-8749-1174a5aef793 HTTP/1.1" status: 204 len: 168 time: 0.2312262
2026-06-09 23:35:22.532 9 INFO neutron.wsgi [None req-97638765-e1cc-4571-8eff-fa68a0dced46 2f39a344b7774db8a7aa66caab03e27e 1438798b911b4414bca95f3ec0fbf9cf - - default default] 10.0.0.145 "DELETE /v2.0/networks/e05c01bc-8085-4e64-a058-f1e948e8956e HTTP/1.1" status: 204 len: 168 time: 0.4561300
2026-06-09 23:35:22.686 10 INFO neutron.wsgi [None req-da7ab3b4-6d3f-438c-89cf-1be06827dba9 90812a0413764a4eaa0b415564029711 bc27290981bd476683a10f02ea15a988 - - default default] 10.0.0.145 "DELETE /v2.0/subnets/115c8501-6067-40c4-b530-44c4a6480915 HTTP/1.1" status: 204 len: 168 time: 0.2050705
2026-06-09 23:35:22.692 10 INFO neutron.wsgi [None req-3b0cb5a0-fc45-4d2d-866f-6b9024a3f9c5 838187f134094579ae582ee7acd150f3 bee5f3d9d67e40d4a51df0c1b6600e0e - - default default] 10.0.0.145 "DELETE /v2.0/security-groups/13e66cb9-f587-4146-ba68-6651dc41007f HTTP/1.1" status: 204 len: 168 time: 0.2924576
2026-06-09 23:35:23.247 9 INFO neutron.wsgi [None req-74e92f55-7cd9-4a84-9564-9ab2b136fd6e 2f39a344b7774db8a7aa66caab03e27e 1438798b911b4414bca95f3ec0fbf9cf - - default default] 10.0.0.145 "DELETE /v2.0/networks/1c979c6e-ba89-4597-9d53-4a40a8ffbd2a HTTP/1.1" status: 204 len: 168 time: 0.7099421
2026-06-09 23:35:23.439 9 INFO neutron.wsgi [None req-ed0a9584-5277-4624-884c-e654545c2fec 90812a0413764a4eaa0b415564029711 bc27290981bd476683a10f02ea15a988 - - default default] 10.0.0.145 "DELETE /v2.0/networks/7bc49d32-8e9a-4033-9325-e28c31d564db HTTP/1.1" status: 204 len: 168 time: 0.7476387
2026-06-09 23:35:23.789 10 INFO neutron.services.segments.plugin [-] Segment 796fd51b-6b85-4abb-ab8e-c4f0f04fface resource provider aggregate not found
2026-06-09 23:35:23.794 10 INFO neutron.services.segments.plugin [-] Segment 796fd51b-6b85-4abb-ab8e-c4f0f04fface resource provider aggregate not found
2026-06-09 23:35:23.828 10 INFO neutron.services.segments.plugin [-] Segment 796fd51b-6b85-4abb-ab8e-c4f0f04fface resource provider not found; error: Placement Client Error (4xx): {"errors": [{"status": 404, "title": "Not Found", "detail": "The resource could not be found.\n\n No resource provider with uuid 796fd51b-6b85-4abb-ab8e-c4f0f04fface found for delete ", "request_id": "req-30cc6f5a-6c0a-45a3-8b5a-ef9ae9b3092a"}]}
2026-06-09 23:35:23.835 10 INFO neutron.services.segments.plugin [-] Segment 796fd51b-6b85-4abb-ab8e-c4f0f04fface resource provider not found; error: Placement Client Error (4xx): {"errors": [{"status": 404, "title": "Not Found", "detail": "The resource could not be found.\n\n No resource provider with uuid 796fd51b-6b85-4abb-ab8e-c4f0f04fface found for delete ", "request_id": "req-a0bfbfc8-13d3-4fb2-aca2-573ae403d196"}]}
2026-06-09 23:35:23.842 10 INFO neutron.wsgi [None req-cee9b6f4-99a6-47b5-be20-fdbb1137ba67 2f39a344b7774db8a7aa66caab03e27e 1438798b911b4414bca95f3ec0fbf9cf - - default default] 10.0.0.145 "DELETE /v2.0/networks/dff2db38-002b-477e-980f-aebf68b09d06 HTTP/1.1" status: 204 len: 168 time: 0.5905733
2026-06-09 23:35:23.987 10 INFO neutron.wsgi [None req-fec931d6-15fd-4d26-90b1-509234b184b5 90812a0413764a4eaa0b415564029711 bc27290981bd476683a10f02ea15a988 - - default default] 10.0.0.145 "DELETE /v2.0/networks/e355d91b-0f70-4717-a4c5-89e7f9077ec5 HTTP/1.1" status: 204 len: 168 time: 0.5429730
2026-06-09 23:35:23.997 10 WARNING neutron_lib.context [None req-757e0a56-54cc-4cb5-82ed-bfe26a3a3b01 90812a0413764a4eaa0b415564029711 bc27290981bd476683a10f02ea15a988 - - default default] Method 'is_advsvc' is deprecated since 2023.2 release (neutron-lib 3.8.0) and will be removed once support for the old RBAC API policies will be removed from Neutron. Please use method 'is_service_role' instead.
2026-06-09 23:35:24.078 10 INFO neutron.db.segments_db [None req-757e0a56-54cc-4cb5-82ed-bfe26a3a3b01 90812a0413764a4eaa0b415564029711 bc27290981bd476683a10f02ea15a988 - - default default] Added segment 946b4441-da88-4563-90e4-bdce848d7aed of type geneve for network 537daedb-64a0-48fa-8e29-d538fae2299f
2026-06-09 23:35:24.084 9 INFO neutron.services.segments.plugin [-] Segment f11a2183-e7c2-498c-aad5-6eeca3b35fff resource provider aggregate not found
2026-06-09 23:35:24.091 9 INFO neutron.services.segments.plugin [-] Segment f11a2183-e7c2-498c-aad5-6eeca3b35fff resource provider aggregate not found
2026-06-09 23:35:24.103 9 INFO neutron.services.segments.plugin [-] Segment f11a2183-e7c2-498c-aad5-6eeca3b35fff resource provider not found; error: Placement Client Error (4xx): {"errors": [{"status": 404, "title": "Not Found", "detail": "The resource could not be found.\n\n No resource provider with uuid f11a2183-e7c2-498c-aad5-6eeca3b35fff found for delete ", "request_id": "req-33a97415-ad8c-4242-939a-932a240cd30e"}]}
2026-06-09 23:35:24.109 9 INFO neutron.services.segments.plugin [-] Segment f11a2183-e7c2-498c-aad5-6eeca3b35fff resource provider not found; error: Placement Client Error (4xx): {"errors": [{"status": 404, "title": "Not Found", "detail": "The resource could not be found.\n\n No resource provider with uuid f11a2183-e7c2-498c-aad5-6eeca3b35fff found for delete ", "request_id": "req-91221641-a59d-4403-8619-68d39fb5f7b1"}]}
2026-06-09 23:35:24.130 9 INFO neutron.services.segments.plugin [-] Segment 10a790bd-d298-4042-b426-d9ad440fa0ea resource provider aggregate not found
2026-06-09 23:35:24.137 9 INFO neutron.services.segments.plugin [-] Segment 10a790bd-d298-4042-b426-d9ad440fa0ea resource provider aggregate not found
2026-06-09 23:35:24.155 9 INFO neutron.services.segments.plugin [-] Segment 10a790bd-d298-4042-b426-d9ad440fa0ea resource provider not found; error: Placement Client Error (4xx): {"errors": [{"status": 404, "title": "Not Found", "detail": "The resource could not be found.\n\n No resource provider with uuid 10a790bd-d298-4042-b426-d9ad440fa0ea found for delete ", "request_id": "req-88cd8268-94d0-4650-a3d7-149b137c7cc4"}]}
2026-06-09 23:35:24.162 9 INFO neutron.services.segments.plugin [-] Segment 10a790bd-d298-4042-b426-d9ad440fa0ea resource provider not found; error: Placement Client Error (4xx): {"errors": [{"status": 404, "title": "Not Found", "detail": "The resource could not be found.\n\n No resource provider with uuid 10a790bd-d298-4042-b426-d9ad440fa0ea found for delete ", "request_id": "req-6b1391b6-aea7-42b7-a0c7-e9dc4fe24852"}]}
2026-06-09 23:35:24.178 9 INFO neutron.services.segments.plugin [-] Segment dbc465c1-d114-4ae2-8009-0d9d97717668 resource provider aggregate not found
2026-06-09 23:35:24.187 9 INFO neutron.services.segments.plugin [-] Segment dbc465c1-d114-4ae2-8009-0d9d97717668 resource provider aggregate not found
2026-06-09 23:35:24.201 9 INFO neutron.services.segments.plugin [-] Segment dbc465c1-d114-4ae2-8009-0d9d97717668 resource provider not found; error: Placement Client Error (4xx): {"errors": [{"status": 404, "title": "Not Found", "detail": "The resource could not be found.\n\n No resource provider with uuid dbc465c1-d114-4ae2-8009-0d9d97717668 found for delete ", "request_id": "req-95d35376-db5a-459d-a39b-563bd3d7f775"}]}
2026-06-09 23:35:24.201 9 INFO neutron.services.segments.plugin [-] Segment dbc465c1-d114-4ae2-8009-0d9d97717668 resource provider not found; error: Placement Client Error (4xx): {"errors": [{"status": 404, "title": "Not Found", "detail": "The resource could not be found.\n\n No resource provider with uuid dbc465c1-d114-4ae2-8009-0d9d97717668 found for delete ", "request_id": "req-96fd643d-b2aa-4cfc-a88a-6353490e76ec"}]}
2026-06-09 23:35:24.418 10 INFO neutron.db.ovn_revision_numbers_db [None req-757e0a56-54cc-4cb5-82ed-bfe26a3a3b01 90812a0413764a4eaa0b415564029711 bc27290981bd476683a10f02ea15a988 - - default default] Successfully bumped revision number for resource 537daedb-64a0-48fa-8e29-d538fae2299f (type: networks) to 1
2026-06-09 23:35:24.528 9 INFO neutron.wsgi [None req-ff1a1599-9512-489f-9e2c-e186f6cb8231 838187f134094579ae582ee7acd150f3 bee5f3d9d67e40d4a51df0c1b6600e0e - - default default] 10.0.0.145 "GET /v2.0/security-groups?tenant_id=1438798b911b4414bca95f3ec0fbf9cf&name=default HTTP/1.1" status: 200 len: 3120 time: 0.1811547
2026-06-09 23:35:24.577 9 WARNING neutron.plugins.ml2.drivers.ovn.mech_driver.ovsdb.ovn_client [None req-ea024a4f-c6e4-435d-b3e4-0a3e777d8e02 - - - - - -] No port found with ID ef64c574-fea9-437b-8159-880c8115d8a7: RuntimeError: No port found with ID ef64c574-fea9-437b-8159-880c8115d8a7
2026-06-09 23:35:24.578 9 INFO neutron.plugins.ml2.drivers.ovn.mech_driver.mech_driver [None req-ea024a4f-c6e4-435d-b3e4-0a3e777d8e02 - - - - - -] OVN reports status up for port: bcc8d9fb-b784-4d6e-b05c-2c64ef808010
2026-06-09 23:35:24.581 10 WARNING neutron.scheduler.dhcp_agent_scheduler [None req-757e0a56-54cc-4cb5-82ed-bfe26a3a3b01 90812a0413764a4eaa0b415564029711 bc27290981bd476683a10f02ea15a988 - - default default] No more DHCP agents
2026-06-09 23:35:24.582 10 WARNING neutron.api.rpc.agentnotifiers.dhcp_rpc_agent_api [None req-757e0a56-54cc-4cb5-82ed-bfe26a3a3b01 90812a0413764a4eaa0b415564029711 bc27290981bd476683a10f02ea15a988 - - default default] Unable to schedule network 537daedb-64a0-48fa-8e29-d538fae2299f: no agents available; will retry on subsequent port and subnet creation events.
2026-06-09 23:35:24.600 9 INFO neutron.plugins.ml2.drivers.ovn.mech_driver.mech_driver [None req-ea024a4f-c6e4-435d-b3e4-0a3e777d8e02 - - - - - -] OVN reports status down for port: 2c3298ff-4675-47ce-838f-b1e57671dce9
2026-06-09 23:35:24.676 10 INFO neutron.db.ovn_revision_numbers_db [None req-757e0a56-54cc-4cb5-82ed-bfe26a3a3b01 90812a0413764a4eaa0b415564029711 bc27290981bd476683a10f02ea15a988 - - default default] Successfully bumped revision number for resource b3f90df1-321d-4708-b04b-ad281da53fdd (type: ports) to 1
2026-06-09 23:35:24.699 10 INFO neutron.wsgi [None req-757e0a56-54cc-4cb5-82ed-bfe26a3a3b01 90812a0413764a4eaa0b415564029711 bc27290981bd476683a10f02ea15a988 - - default default] 10.0.0.145 "POST /v2.0/networks HTTP/1.1" status: 201 len: 833 time: 0.7050781
2026-06-09 23:35:24.711 9 WARNING neutron_lib.context [None req-da9bb707-57d3-4fda-b242-04a78b761a59 90812a0413764a4eaa0b415564029711 bc27290981bd476683a10f02ea15a988 - - default default] Method 'is_advsvc' is deprecated since 2023.2 release (neutron-lib 3.8.0) and will be removed once support for the old RBAC API policies will be removed from Neutron. Please use method 'is_service_role' instead.
2026-06-09 23:35:24.809 9 INFO neutron.notifiers.nova [-] Nova event matching ['req-02b6cfce-7c69-47ca-a863-454fc4398ad7'] response: {'server_uuid': '3dca9577-3801-4d19-88b2-e3cd36769c1c', 'name': 'network-vif-unplugged', 'status': 'completed', 'tag': '2c3298ff-4675-47ce-838f-b1e57671dce9', 'code': 200}
2026-06-09 23:35:24.935 9 INFO neutron.wsgi [None req-e9d1affe-241b-438c-8355-81bd2d0a581a 838187f134094579ae582ee7acd150f3 bee5f3d9d67e40d4a51df0c1b6600e0e - - default default] 10.0.0.145 "DELETE /v2.0/security-groups/0987e058-5ff2-4b39-b7e3-6a5300fabf07 HTTP/1.1" status: 204 len: 168 time: 0.3996186
2026-06-09 23:35:25.056 9 INFO neutron.db.ovn_revision_numbers_db [None req-ea024a4f-c6e4-435d-b3e4-0a3e777d8e02 - - - - - -] Successfully bumped revision number for resource 2c3298ff-4675-47ce-838f-b1e57671dce9 (type: ports) to 5
2026-06-09 23:35:25.076 9 WARNING neutron.scheduler.dhcp_agent_scheduler [None req-da9bb707-57d3-4fda-b242-04a78b761a59 90812a0413764a4eaa0b415564029711 bc27290981bd476683a10f02ea15a988 - - default default] No more DHCP agents
2026-06-09 23:35:25.082 9 WARNING neutron.api.rpc.agentnotifiers.dhcp_rpc_agent_api [None req-da9bb707-57d3-4fda-b242-04a78b761a59 90812a0413764a4eaa0b415564029711 bc27290981bd476683a10f02ea15a988 - - default default] Unable to schedule network 537daedb-64a0-48fa-8e29-d538fae2299f: no agents available; will retry on subsequent port and subnet creation events.
2026-06-09 23:35:25.092 9 WARNING neutron.plugins.ml2.drivers.ovn.mech_driver.ovsdb.ovn_client [None req-ea024a4f-c6e4-435d-b3e4-0a3e777d8e02 - - - - - -] Logical_Switch_Port %s host information not removed, the port state is up
2026-06-09 23:35:25.092 9 INFO neutron.plugins.ml2.drivers.ovn.mech_driver.mech_driver [None req-ea024a4f-c6e4-435d-b3e4-0a3e777d8e02 - - - - - -] OVN reports status up for port: 2c3298ff-4675-47ce-838f-b1e57671dce9
2026-06-09 23:35:25.123 9 INFO neutron.plugins.ml2.plugin [None req-ea024a4f-c6e4-435d-b3e4-0a3e777d8e02 - - - - - -] Attempt 1 to provision port 2c3298ff-4675-47ce-838f-b1e57671dce9
2026-06-09 23:35:25.153 9 INFO neutron.db.ovn_revision_numbers_db [None req-da9bb707-57d3-4fda-b242-04a78b761a59 90812a0413764a4eaa0b415564029711 bc27290981bd476683a10f02ea15a988 - - default default] Successfully bumped revision number for resource 9af36865-be4e-4b08-928c-6759a0924a55 (type: subnets) to 0
2026-06-09 23:35:25.175 9 INFO neutron.wsgi [None req-da9bb707-57d3-4fda-b242-04a78b761a59 90812a0413764a4eaa0b415564029711 bc27290981bd476683a10f02ea15a988 - - default default] 10.0.0.145 "POST /v2.0/subnets HTTP/1.1" status: 201 len: 821 time: 0.4711714
2026-06-09 23:35:25.190 10 WARNING neutron_lib.context [None req-fd171f9a-aa95-4aa8-956c-1ae61991ed2e 90812a0413764a4eaa0b415564029711 bc27290981bd476683a10f02ea15a988 - - default default] Method 'is_advsvc' is deprecated since 2023.2 release (neutron-lib 3.8.0) and will be removed once support for the old RBAC API policies will be removed from Neutron. Please use method 'is_service_role' instead.
2026-06-09 23:35:25.334 10 INFO neutron.db.ovn_revision_numbers_db [None req-fd171f9a-aa95-4aa8-956c-1ae61991ed2e 90812a0413764a4eaa0b415564029711 bc27290981bd476683a10f02ea15a988 - - default default] Successfully bumped revision number for resource 5d00284b-b8f5-421e-b9b6-acb37adf4648 (type: routers) to 1
2026-06-09 23:35:25.350 10 INFO neutron.wsgi [None req-fd171f9a-aa95-4aa8-956c-1ae61991ed2e 90812a0413764a4eaa0b415564029711 bc27290981bd476683a10f02ea15a988 - - default default] 10.0.0.145 "POST /v2.0/routers HTTP/1.1" status: 201 len: 806 time: 0.1681356 /var/lib/openstack/lib/python3.10/site-packages/pycadf/identifier.py:71: UserWarning: Invalid uuid: neutron. To ensure interoperability, identifiers should be a valid uuid. warnings.warn(('Invalid uuid: %s. To ensure interoperability, '
2026-06-09 23:35:25.359 9 WARNING neutron_lib.context [None req-1fdfd5da-de25-4e6b-b011-1f94eb77f428 90812a0413764a4eaa0b415564029711 bc27290981bd476683a10f02ea15a988 - - default default] Method 'is_advsvc' is deprecated since 2023.2 release (neutron-lib 3.8.0) and will be removed once support for the old RBAC API policies will be removed from Neutron. Please use method 'is_service_role' instead.
2026-06-09 23:35:25.484 9 INFO neutron.db.ovn_revision_numbers_db [None req-ea024a4f-c6e4-435d-b3e4-0a3e777d8e02 - - - - - -] Successfully bumped revision number for resource 2c3298ff-4675-47ce-838f-b1e57671dce9 (type: ports) to 6
2026-06-09 23:35:25.745 9 WARNING neutron.scheduler.dhcp_agent_scheduler [None req-1fdfd5da-de25-4e6b-b011-1f94eb77f428 90812a0413764a4eaa0b415564029711 bc27290981bd476683a10f02ea15a988 - - default default] No more DHCP agents
2026-06-09 23:35:25.747 9 WARNING neutron.api.rpc.agentnotifiers.dhcp_rpc_agent_api [None req-1fdfd5da-de25-4e6b-b011-1f94eb77f428 90812a0413764a4eaa0b415564029711 bc27290981bd476683a10f02ea15a988 - - default default] Unable to schedule network 537daedb-64a0-48fa-8e29-d538fae2299f: no agents available; will retry on subsequent port and subnet creation events.
2026-06-09 23:35:25.827 10 WARNING neutron_lib.context [None req-9a6dcd73-9e97-4643-a104-cd28801cbd75 cac470a962234aa6b80285f33c56d421 38687beffef04100b4e30565036efdd2 - - default default] Method 'is_advsvc' is deprecated since 2023.2 release (neutron-lib 3.8.0) and will be removed once support for the old RBAC API policies will be removed from Neutron. Please use method 'is_service_role' instead.
2026-06-09 23:35:25.846 10 INFO neutron.services.segments.plugin [-] Segment 27137f1e-4c42-499d-bd70-10fdbe62b5fd resource provider aggregate not found
2026-06-09 23:35:25.849 9 INFO neutron.db.ovn_revision_numbers_db [None req-1fdfd5da-de25-4e6b-b011-1f94eb77f428 90812a0413764a4eaa0b415564029711 bc27290981bd476683a10f02ea15a988 - - default default] Successfully bumped revision number for resource d5c4364f-fe03-4d47-ab31-844c3c104fb3 (type: ports) to 1
2026-06-09 23:35:25.851 10 INFO neutron.services.segments.plugin [-] Segment 27137f1e-4c42-499d-bd70-10fdbe62b5fd resource provider aggregate not found
2026-06-09 23:35:25.859 10 INFO neutron.services.segments.plugin [-] Segment 27137f1e-4c42-499d-bd70-10fdbe62b5fd resource provider not found; error: Placement Client Error (4xx): {"errors": [{"status": 404, "title": "Not Found", "detail": "The resource could not be found.\n\n No resource provider with uuid 27137f1e-4c42-499d-bd70-10fdbe62b5fd found for delete ", "request_id": "req-0e2f87c1-8891-47b8-b771-eff786e9e7e7"}]}
2026-06-09 23:35:25.865 10 INFO neutron.services.segments.plugin [-] Segment 27137f1e-4c42-499d-bd70-10fdbe62b5fd resource provider not found; error: Placement Client Error (4xx): {"errors": [{"status": 404, "title": "Not Found", "detail": "The resource could not be found.\n\n No resource provider with uuid 27137f1e-4c42-499d-bd70-10fdbe62b5fd found for delete ", "request_id": "req-db5cd113-475a-4436-8298-378c733a3192"}]}
2026-06-09 23:35:25.876 9 INFO neutron.wsgi [None req-1fdfd5da-de25-4e6b-b011-1f94eb77f428 90812a0413764a4eaa0b415564029711 bc27290981bd476683a10f02ea15a988 - - default default] 10.0.0.145 "POST /v2.0/ports HTTP/1.1" status: 201 len: 1162 time: 0.5208347
2026-06-09 23:35:26.056 10 INFO neutron.db.ovn_revision_numbers_db [None req-9a6dcd73-9e97-4643-a104-cd28801cbd75 cac470a962234aa6b80285f33c56d421 38687beffef04100b4e30565036efdd2 - - default default] Successfully bumped revision number for resource b2888ae7-637b-4f28-aa6f-4d196f4366d6 (type: security_groups) to 1
2026-06-09 23:35:26.073 10 INFO neutron.db.ovn_revision_numbers_db [None req-9a6dcd73-9e97-4643-a104-cd28801cbd75 cac470a962234aa6b80285f33c56d421 38687beffef04100b4e30565036efdd2 - - default default] Successfully bumped revision number for resource 129f33c7-569f-4ce3-a0aa-d6a88f7ed9b7 (type: security_group_rules) to 0
2026-06-09 23:35:26.092 10 INFO neutron.db.ovn_revision_numbers_db [None req-9a6dcd73-9e97-4643-a104-cd28801cbd75 cac470a962234aa6b80285f33c56d421 38687beffef04100b4e30565036efdd2 - - default default] Successfully bumped revision number for resource 63244a8b-5615-4a67-8afa-33edac8defcb (type: security_group_rules) to 0
2026-06-09 23:35:26.113 10 INFO neutron.db.ovn_revision_numbers_db [None req-9a6dcd73-9e97-4643-a104-cd28801cbd75 cac470a962234aa6b80285f33c56d421 38687beffef04100b4e30565036efdd2 - - default default] Successfully bumped revision number for resource b22b945f-f9cd-45e9-a55f-62fd50e5ab2c (type: security_group_rules) to 0
2026-06-09 23:35:26.164 10 INFO neutron.db.ovn_revision_numbers_db [None req-9a6dcd73-9e97-4643-a104-cd28801cbd75 cac470a962234aa6b80285f33c56d421 38687beffef04100b4e30565036efdd2 - - default default] Successfully bumped revision number for resource c40deb50-6c6c-4a0e-87b3-a0524d039ac2 (type: security_group_rules) to 0
2026-06-09 23:35:26.231 10 INFO neutron.db.segments_db [None req-9a6dcd73-9e97-4643-a104-cd28801cbd75 cac470a962234aa6b80285f33c56d421 38687beffef04100b4e30565036efdd2 - - default default] Added segment ef39452c-4345-4073-88ef-e4b4fe651d2c of type geneve for network bb214a10-0d18-485d-b876-9bd56e0d43db
2026-06-09 23:35:26.436 10 ERROR ovsdbapp.backend.ovs_idl.command [None req-cae56083-ecea-4f20-a2a2-a9cd961c49a2 90812a0413764a4eaa0b415564029711 bc27290981bd476683a10f02ea15a988 - - default default] Error executing command (DbGetCommand): ovsdbapp.backend.ovs_idl.idlutils.RowNotFound: Cannot find Logical_Router_Port with name=lrp-d5c4364f-fe03-4d47-ab31-844c3c104fb3
2026-06-09 23:35:26.436 10 ERROR ovsdbapp.backend.ovs_idl.command
Traceback (most recent call last):
2026-06-09 23:35:26.436 10 ERROR ovsdbapp.backend.ovs_idl.command
File "/var/lib/openstack/lib/python3.10/site-packages/ovsdbapp/backend/ovs_idl/command.py", line 47, in execute
2026-06-09 23:35:26.436 10 ERROR ovsdbapp.backend.ovs_idl.command self.run_idl(None)
2026-06-09 23:35:26.436 10 ERROR ovsdbapp.backend.ovs_idl.command
File "/var/lib/openstack/lib/python3.10/site-packages/ovsdbapp/backend/ovs_idl/command.py", line 235, in run_idl
2026-06-09 23:35:26.436 10 ERROR ovsdbapp.backend.ovs_idl.command record = self.api.lookup(self.table, self.record)
2026-06-09 23:35:26.436 10 ERROR ovsdbapp.backend.ovs_idl.command
File "/var/lib/openstack/lib/python3.10/site-packages/ovsdbapp/backend/ovs_idl/__init__.py", line 184, in lookup
2026-06-09 23:35:26.436 10 ERROR ovsdbapp.backend.ovs_idl.command return self._lookup(table, record)
2026-06-09 23:35:26.436 10 ERROR ovsdbapp.backend.ovs_idl.command
File "/var/lib/openstack/lib/python3.10/site-packages/ovsdbapp/backend/ovs_idl/__init__.py", line 235, in _lookup
2026-06-09 23:35:26.436 10 ERROR ovsdbapp.backend.ovs_idl.command row = idlutils.row_by_value(self, rl.table, rl.column, record)
2026-06-09 23:35:26.436 10 ERROR ovsdbapp.backend.ovs_idl.command
File "/var/lib/openstack/lib/python3.10/site-packages/ovsdbapp/backend/ovs_idl/idlutils.py", line 114, in row_by_value
2026-06-09 23:35:26.436 10 ERROR ovsdbapp.backend.ovs_idl.command raise RowNotFound(table=table, col=column, match=match)
2026-06-09 23:35:26.436 10 ERROR ovsdbapp.backend.ovs_idl.command ovsdbapp.backend.ovs_idl.idlutils.RowNotFound: Cannot find Logical_Router_Port with name=lrp-d5c4364f-fe03-4d47-ab31-844c3c104fb3
2026-06-09 23:35:26.436 10 ERROR ovsdbapp.backend.ovs_idl.command 
2026-06-09 23:35:26.436 10 ERROR neutron_lib.callbacks.manager [None req-cae56083-ecea-4f20-a2a2-a9cd961c49a2 90812a0413764a4eaa0b415564029711 bc27290981bd476683a10f02ea15a988 - - default default] Error during notification for neutron.services.ovn_l3.plugin.OVNL3RouterPlugin._port_update-8791854333670 port, after_update: ovsdbapp.backend.ovs_idl.idlutils.RowNotFound: Cannot find Logical_Router_Port with name=lrp-d5c4364f-fe03-4d47-ab31-844c3c104fb3
2026-06-09 23:35:26.436 10 ERROR neutron_lib.callbacks.manager
Traceback (most recent call last):
2026-06-09 23:35:26.436 10 ERROR neutron_lib.callbacks.manager
File "/var/lib/openstack/lib/python3.10/site-packages/neutron_lib/callbacks/manager.py", line 189, in _notify_loop
2026-06-09 23:35:26.436 10 ERROR neutron_lib.callbacks.manager callback.method(resource, event, trigger, payload=payload)
2026-06-09 23:35:26.436 10 ERROR neutron_lib.callbacks.manager
File "/var/lib/openstack/lib/python3.10/site-packages/neutron/services/ovn_l3/plugin.py", line 391, in _port_update
2026-06-09 23:35:26.436 10 ERROR neutron_lib.callbacks.manager l3plugin._ovn_client.update_router_port(context,
2026-06-09 23:35:26.436 10 ERROR neutron_lib.callbacks.manager
File "/var/lib/openstack/lib/python3.10/site-packages/neutron/plugins/ml2/drivers/ovn/mech_driver/ovsdb/ovn_client.py", line 1878, in update_router_port
2026-06-09 23:35:26.436 10 ERROR neutron_lib.callbacks.manager self._update_lrouter_port(context, port, if_exists=if_exists,
2026-06-09 23:35:26.436 10 ERROR neutron_lib.callbacks.manager
File "/var/lib/openstack/lib/python3.10/site-packages/neutron/plugins/ml2/drivers/ovn/mech_driver/ovsdb/ovn_client.py", line 1855, in _update_lrouter_port
2026-06-09 23:35:26.436 10 ERROR neutron_lib.callbacks.manager external_ids = self._nb_idl.db_get(
2026-06-09 23:35:26.436 10 ERROR neutron_lib.callbacks.manager
File "/var/lib/openstack/lib/python3.10/site-packages/ovsdbapp/backend/ovs_idl/command.py", line 47, in execute
2026-06-09 23:35:26.436 10 ERROR neutron_lib.callbacks.manager self.run_idl(None)
2026-06-09 23:35:26.436 10 ERROR neutron_lib.callbacks.manager
File "/var/lib/openstack/lib/python3.10/site-packages/ovsdbapp/backend/ovs_idl/command.py", line 235, in run_idl
2026-06-09 23:35:26.436 10 ERROR neutron_lib.callbacks.manager record = self.api.lookup(self.table, self.record)
2026-06-09 23:35:26.436 10 ERROR neutron_lib.callbacks.manager
File "/var/lib/openstack/lib/python3.10/site-packages/ovsdbapp/backend/ovs_idl/__init__.py", line 184, in lookup
2026-06-09 23:35:26.436 10 ERROR neutron_lib.callbacks.manager return self._lookup(table, record)
2026-06-09 23:35:26.436 10 ERROR neutron_lib.callbacks.manager
File "/var/lib/openstack/lib/python3.10/site-packages/ovsdbapp/backend/ovs_idl/__init__.py", line 235, in _lookup
2026-06-09 23:35:26.436 10 ERROR neutron_lib.callbacks.manager row = idlutils.row_by_value(self, rl.table, rl.column, record)
2026-06-09 23:35:26.436 10 ERROR neutron_lib.callbacks.manager
File "/var/lib/openstack/lib/python3.10/site-packages/ovsdbapp/backend/ovs_idl/idlutils.py", line 114, in row_by_value
2026-06-09 23:35:26.436 10 ERROR neutron_lib.callbacks.manager raise RowNotFound(table=table, col=column, match=match)
2026-06-09 23:35:26.436 10 ERROR neutron_lib.callbacks.manager ovsdbapp.backend.ovs_idl.idlutils.RowNotFound: Cannot find Logical_Router_Port with name=lrp-d5c4364f-fe03-4d47-ab31-844c3c104fb3
2026-06-09 23:35:26.436 10 ERROR neutron_lib.callbacks.manager 
2026-06-09 23:35:26.470 10 INFO neutron.db.ovn_revision_numbers_db [None req-9a6dcd73-9e97-4643-a104-cd28801cbd75 cac470a962234aa6b80285f33c56d421 38687beffef04100b4e30565036efdd2 - - default default] Successfully bumped revision number for resource bb214a10-0d18-485d-b876-9bd56e0d43db (type: networks) to 1
2026-06-09 23:35:26.623 9 INFO neutron.plugins.ml2.drivers.ovn.mech_driver.mech_driver [None req-ea024a4f-c6e4-435d-b3e4-0a3e777d8e02 - - - - - -] OVN reports status up for port: d5c4364f-fe03-4d47-ab31-844c3c104fb3
2026-06-09 23:35:26.632 9 INFO neutron.plugins.ml2.plugin [None req-ea024a4f-c6e4-435d-b3e4-0a3e777d8e02 - - - - - -] Attempt 1 to provision port d5c4364f-fe03-4d47-ab31-844c3c104fb3
2026-06-09 23:35:26.661 10 INFO neutron.db.ovn_revision_numbers_db [None req-cae56083-ecea-4f20-a2a2-a9cd961c49a2 90812a0413764a4eaa0b415564029711 bc27290981bd476683a10f02ea15a988 - - default default] Successfully bumped revision number for resource d5c4364f-fe03-4d47-ab31-844c3c104fb3 (type: ports) to 2
2026-06-09 23:35:26.727 10 WARNING neutron.scheduler.dhcp_agent_scheduler [None req-9a6dcd73-9e97-4643-a104-cd28801cbd75 cac470a962234aa6b80285f33c56d421 38687beffef04100b4e30565036efdd2 - - default default] No more DHCP agents
2026-06-09 23:35:26.730 10 WARNING neutron.api.rpc.agentnotifiers.dhcp_rpc_agent_api [None req-9a6dcd73-9e97-4643-a104-cd28801cbd75 cac470a962234aa6b80285f33c56d421 38687beffef04100b4e30565036efdd2 - - default default] Unable to schedule network bb214a10-0d18-485d-b876-9bd56e0d43db: no agents available; will retry on subsequent port and subnet creation events. /var/lib/openstack/lib/python3.10/site-packages/pycadf/identifier.py:71: UserWarning: Invalid uuid: neutron. To ensure interoperability, identifiers should be a valid uuid. warnings.warn(('Invalid uuid: %s. To ensure interoperability, '
2026-06-09 23:35:26.800 10 WARNING neutron_lib.context [None req-98ca9c53-590e-432c-a150-35c9b089d816 78eed138c7b74470b0531f5eaf5c36ba 88d7882dad544a9181acc68c13412e42 - - default default] Method 'is_advsvc' is deprecated since 2023.2 release (neutron-lib 3.8.0) and will be removed once support for the old RBAC API policies will be removed from Neutron. Please use method 'is_service_role' instead.
2026-06-09 23:35:26.855 9 INFO neutron.notifiers.nova [-] Nova event matching ['req-04a3c772-db53-4331-9b09-74de4dcdea5a'] response: {'server_uuid': '3dca9577-3801-4d19-88b2-e3cd36769c1c', 'name': 'network-vif-unplugged', 'status': 'completed', 'tag': '2c3298ff-4675-47ce-838f-b1e57671dce9', 'code': 200}
2026-06-09 23:35:26.856 9 INFO neutron.notifiers.nova [-] Nova event matching ['req-04a3c772-db53-4331-9b09-74de4dcdea5a'] response: {'server_uuid': '3dca9577-3801-4d19-88b2-e3cd36769c1c', 'name': 'network-vif-plugged', 'status': 'completed', 'tag': '2c3298ff-4675-47ce-838f-b1e57671dce9', 'code': 200}
2026-06-09 23:35:26.856 9 INFO neutron.notifiers.nova [-] Nova event matching ['req-04a3c772-db53-4331-9b09-74de4dcdea5a'] response: {'server_uuid': '3dca9577-3801-4d19-88b2-e3cd36769c1c', 'name': 'network-vif-plugged', 'status': 'completed', 'tag': '2c3298ff-4675-47ce-838f-b1e57671dce9', 'code': 200}
2026-06-09 23:35:26.883 10 INFO neutron.db.ovn_revision_numbers_db [None req-9a6dcd73-9e97-4643-a104-cd28801cbd75 cac470a962234aa6b80285f33c56d421 38687beffef04100b4e30565036efdd2 - - default default] Successfully bumped revision number for resource 3bd3bb90-2040-46f3-8a09-eefedd8bce51 (type: ports) to 1
2026-06-09 23:35:26.898 10 INFO neutron.wsgi [None req-98ca9c53-590e-432c-a150-35c9b089d816 78eed138c7b74470b0531f5eaf5c36ba 88d7882dad544a9181acc68c13412e42 - - default default] 10.0.0.145 "POST /v2.0/subnetpools HTTP/1.1" status: 201 len: 746 time: 0.2516685
2026-06-09 23:35:26.914 10 INFO neutron.wsgi [None req-9a6dcd73-9e97-4643-a104-cd28801cbd75 cac470a962234aa6b80285f33c56d421 38687beffef04100b4e30565036efdd2 - - default default] 10.0.0.145 "POST /v2.0/networks HTTP/1.1" status: 201 len: 831 time: 1.2533159
