2026-06-09 23:34:55.785 8 INFO placement.requestlog [None req-d615da1e-5ef9-4b3a-a455-9718ad2b3275 e8f107aa72da412bbc0ea8f7ee0c8c44 df347551ee27486e886162979334894a - - 64cb136663874edbac2ca97158871181 64cb136663874edbac2ca97158871181] 10.0.0.50 "GET /resource_providers/787b773e-92b6-4468-9f78-9a47427913d7/aggregates" status: 404 len: 235 microversion: 1.1 [pid: 8|app: 0|req: 387/772] 10.0.0.50 () {32 vars in 824 bytes} [Tue Jun 9 23:34:55 2026] GET /resource_providers/787b773e-92b6-4468-9f78-9a47427913d7/aggregates => generated 235 bytes in 11 msecs (HTTP/1.1 404) 5 headers in 202 bytes (1 switches on core 0)
2026-06-09 23:34:55.799 7 INFO placement.requestlog [None req-193a88ec-4264-457d-9d5e-4b6d86d3086f e8f107aa72da412bbc0ea8f7ee0c8c44 df347551ee27486e886162979334894a - - 64cb136663874edbac2ca97158871181 64cb136663874edbac2ca97158871181] 10.0.0.50 "DELETE /resource_providers/787b773e-92b6-4468-9f78-9a47427913d7" status: 404 len: 246 microversion: 1.1 [pid: 7|app: 0|req: 386/773] 10.0.0.50 () {34 vars in 824 bytes} [Tue Jun 9 23:34:55 2026] DELETE /resource_providers/787b773e-92b6-4468-9f78-9a47427913d7 => generated 246 bytes in 8 msecs (HTTP/1.1 404) 6 headers in 231 bytes (1 switches on core 0)
2026-06-09 23:34:55.800 8 INFO placement.requestlog [None req-b2732a4f-5dca-42da-869e-be8933610426 e8f107aa72da412bbc0ea8f7ee0c8c44 df347551ee27486e886162979334894a - - 64cb136663874edbac2ca97158871181 64cb136663874edbac2ca97158871181] 10.0.0.50 "DELETE /resource_providers/787b773e-92b6-4468-9f78-9a47427913d7" status: 404 len: 246 microversion: 1.1 [pid: 8|app: 0|req: 388/774] 10.0.0.50 () {34 vars in 824 bytes} [Tue Jun 9 23:34:55 2026] DELETE /resource_providers/787b773e-92b6-4468-9f78-9a47427913d7 => generated 246 bytes in 7 msecs (HTTP/1.1 404) 6 headers in 231 bytes (1 switches on core 0)
2026-06-09 23:34:56.315 7 INFO placement.requestlog [None req-f70ebbc9-f902-45cf-a8c0-d71f26e62e0e e8f107aa72da412bbc0ea8f7ee0c8c44 df347551ee27486e886162979334894a - - 64cb136663874edbac2ca97158871181 64cb136663874edbac2ca97158871181] 10.0.0.50 "GET /resource_providers/4741c8f8-809c-4388-88e5-1a16d90ca1e3/aggregates" status: 404 len: 235 microversion: 1.1 [pid: 7|app: 0|req: 387/775] 10.0.0.50 () {32 vars in 824 bytes} [Tue Jun 9 23:34:56 2026] GET /resource_providers/4741c8f8-809c-4388-88e5-1a16d90ca1e3/aggregates => generated 235 bytes in 11 msecs (HTTP/1.1 404) 5 headers in 202 bytes (1 switches on core 0)
2026-06-09 23:34:56.323 8 INFO placement.requestlog [None req-d465311b-fa00-483c-b367-49138afd14d9 e8f107aa72da412bbc0ea8f7ee0c8c44 df347551ee27486e886162979334894a - - 64cb136663874edbac2ca97158871181 64cb136663874edbac2ca97158871181] 10.0.0.50 "GET /resource_providers/4741c8f8-809c-4388-88e5-1a16d90ca1e3/aggregates" status: 404 len: 235 microversion: 1.1 [pid: 8|app: 0|req: 389/776] 10.0.0.50 () {32 vars in 824 bytes} [Tue Jun 9 23:34:56 2026] GET /resource_providers/4741c8f8-809c-4388-88e5-1a16d90ca1e3/aggregates => generated 235 bytes in 19 msecs (HTTP/1.1 404) 5 headers in 202 bytes (1 switches on core 0)
2026-06-09 23:34:56.336 7 INFO placement.requestlog [None req-4fa733a9-815c-49c1-914c-b878632b5eed e8f107aa72da412bbc0ea8f7ee0c8c44 df347551ee27486e886162979334894a - - 64cb136663874edbac2ca97158871181 64cb136663874edbac2ca97158871181] 10.0.0.50 "DELETE /resource_providers/4741c8f8-809c-4388-88e5-1a16d90ca1e3" status: 404 len: 246 microversion: 1.1 [pid: 7|app: 0|req: 388/777] 10.0.0.50 () {34 vars in 824 bytes} [Tue Jun 9 23:34:56 2026] DELETE /resource_providers/4741c8f8-809c-4388-88e5-1a16d90ca1e3 => generated 246 bytes in 14 msecs (HTTP/1.1 404) 6 headers in 231 bytes (1 switches on core 0)
2026-06-09 23:34:56.341 8 INFO placement.requestlog [None req-7964a11a-769b-43f8-8569-4c4745dd408d e8f107aa72da412bbc0ea8f7ee0c8c44 df347551ee27486e886162979334894a - - 64cb136663874edbac2ca97158871181 64cb136663874edbac2ca97158871181] 10.0.0.50 "DELETE /resource_providers/4741c8f8-809c-4388-88e5-1a16d90ca1e3" status: 404 len: 246 microversion: 1.1 [pid: 8|app: 0|req: 390/778] 10.0.0.50 () {34 vars in 824 bytes} [Tue Jun 9 23:34:56 2026] DELETE /resource_providers/4741c8f8-809c-4388-88e5-1a16d90ca1e3 => generated 246 bytes in 11 msecs (HTTP/1.1 404) 6 headers in 231 bytes (1 switches on core 0)
2026-06-09 23:34:58.357 7 INFO placement.requestlog [None req-417b8c2e-6429-4c05-8fff-04e7910503b3 e8f107aa72da412bbc0ea8f7ee0c8c44 df347551ee27486e886162979334894a - - 64cb136663874edbac2ca97158871181 64cb136663874edbac2ca97158871181] 10.0.0.50 "GET /resource_providers/befe2ad5-dd77-4ecb-b40c-43d0bdace0a3/aggregates" status: 404 len: 235 microversion: 1.1 [pid: 7|app: 0|req: 389/779] 10.0.0.50 () {32 vars in 824 bytes} [Tue Jun 9 23:34:58 2026] GET /resource_providers/befe2ad5-dd77-4ecb-b40c-43d0bdace0a3/aggregates => generated 235 bytes in 11 msecs (HTTP/1.1 404) 5 headers in 202 bytes (1 switches on core 0)
2026-06-09 23:34:58.365 8 INFO placement.requestlog [None req-4f53096b-951f-4a6f-9dda-6a4b1f8adda0 e8f107aa72da412bbc0ea8f7ee0c8c44 df347551ee27486e886162979334894a - - 64cb136663874edbac2ca97158871181 64cb136663874edbac2ca97158871181] 10.0.0.50 "GET /resource_providers/befe2ad5-dd77-4ecb-b40c-43d0bdace0a3/aggregates" status: 404 len: 235 microversion: 1.1 [pid: 8|app: 0|req: 391/780] 10.0.0.50 () {32 vars in 824 bytes} [Tue Jun 9 23:34:58 2026] GET /resource_providers/befe2ad5-dd77-4ecb-b40c-43d0bdace0a3/aggregates => generated 235 bytes in 14 msecs (HTTP/1.1 404) 5 headers in 202 bytes (1 switches on core 0)
2026-06-09 23:34:58.371 7 INFO placement.requestlog [None req-eacc8f0f-5c4b-4b10-bcfd-20db96270a83 e8f107aa72da412bbc0ea8f7ee0c8c44 df347551ee27486e886162979334894a - - 64cb136663874edbac2ca97158871181 64cb136663874edbac2ca97158871181] 10.0.0.50 "DELETE /resource_providers/befe2ad5-dd77-4ecb-b40c-43d0bdace0a3" status: 404 len: 246 microversion: 1.1 [pid: 7|app: 0|req: 390/781] 10.0.0.50 () {34 vars in 824 bytes} [Tue Jun 9 23:34:58 2026] DELETE /resource_providers/befe2ad5-dd77-4ecb-b40c-43d0bdace0a3 => generated 246 bytes in 7 msecs (HTTP/1.1 404) 6 headers in 231 bytes (1 switches on core 0)
2026-06-09 23:34:58.386 8 INFO placement.requestlog [None req-d8e9bd31-936f-4738-b60f-4f0b0e57f6b6 e8f107aa72da412bbc0ea8f7ee0c8c44 df347551ee27486e886162979334894a - - 64cb136663874edbac2ca97158871181 64cb136663874edbac2ca97158871181] 10.0.0.50 "DELETE /resource_providers/befe2ad5-dd77-4ecb-b40c-43d0bdace0a3" status: 404 len: 246 microversion: 1.1 [pid: 8|app: 0|req: 392/782] 10.0.0.50 () {34 vars in 824 bytes} [Tue Jun 9 23:34:58 2026] DELETE /resource_providers/befe2ad5-dd77-4ecb-b40c-43d0bdace0a3 => generated 246 bytes in 17 msecs (HTTP/1.1 404) 6 headers in 231 bytes (1 switches on core 0)
2026-06-09 23:35:00.216 7 INFO placement.requestlog [None req-78f125be-d5f0-43d4-9546-0a9b20b4a259 e8f107aa72da412bbc0ea8f7ee0c8c44 df347551ee27486e886162979334894a - - 64cb136663874edbac2ca97158871181 64cb136663874edbac2ca97158871181] 10.0.0.50 "GET /resource_providers/e6542579-0274-44bc-86dd-6e7b780514e9/aggregates" status: 404 len: 235 microversion: 1.1 [pid: 7|app: 0|req: 391/783] 10.0.0.50 () {32 vars in 824 bytes} [Tue Jun 9 23:35:00 2026] GET /resource_providers/e6542579-0274-44bc-86dd-6e7b780514e9/aggregates => generated 235 bytes in 13 msecs (HTTP/1.1 404) 5 headers in 202 bytes (1 switches on core 0)
2026-06-09 23:35:00.218 8 INFO placement.requestlog [None req-e7c443fe-fbdb-4a2a-a66d-bdeb27b0abd9 e8f107aa72da412bbc0ea8f7ee0c8c44 df347551ee27486e886162979334894a - - 64cb136663874edbac2ca97158871181 64cb136663874edbac2ca97158871181] 10.0.0.50 "GET /resource_providers/e6542579-0274-44bc-86dd-6e7b780514e9/aggregates" status: 404 len: 235 microversion: 1.1 [pid: 8|app: 0|req: 393/784] 10.0.0.50 () {32 vars in 824 bytes} [Tue Jun 9 23:35:00 2026] GET /resource_providers/e6542579-0274-44bc-86dd-6e7b780514e9/aggregates => generated 235 bytes in 13 msecs (HTTP/1.1 404) 5 headers in 202 bytes (1 switches on core 0)
2026-06-09 23:35:00.238 7 INFO placement.requestlog [None req-b1207d0e-a134-456b-b853-5a63dc928c18 e8f107aa72da412bbc0ea8f7ee0c8c44 df347551ee27486e886162979334894a - - 64cb136663874edbac2ca97158871181 64cb136663874edbac2ca97158871181] 10.0.0.50 "DELETE /resource_providers/e6542579-0274-44bc-86dd-6e7b780514e9" status: 404 len: 246 microversion: 1.1 [pid: 7|app: 0|req: 392/785] 10.0.0.50 () {34 vars in 824 bytes} [Tue Jun 9 23:35:00 2026] DELETE /resource_providers/e6542579-0274-44bc-86dd-6e7b780514e9 => generated 246 bytes in 12 msecs (HTTP/1.1 404) 6 headers in 231 bytes (1 switches on core 0)
2026-06-09 23:35:00.246 8 INFO placement.requestlog [None req-3da467f6-5c0d-426c-9e1a-ccd52bc53909 e8f107aa72da412bbc0ea8f7ee0c8c44 df347551ee27486e886162979334894a - - 64cb136663874edbac2ca97158871181 64cb136663874edbac2ca97158871181] 10.0.0.50 "DELETE /resource_providers/e6542579-0274-44bc-86dd-6e7b780514e9" status: 404 len: 246 microversion: 1.1 [pid: 8|app: 0|req: 394/786] 10.0.0.50 () {34 vars in 824 bytes} [Tue Jun 9 23:35:00 2026] DELETE /resource_providers/e6542579-0274-44bc-86dd-6e7b780514e9 => generated 246 bytes in 13 msecs (HTTP/1.1 404) 6 headers in 231 bytes (1 switches on core 0)
2026-06-09 23:35:02.442 7 INFO placement.requestlog [None req-9051b76c-446a-426b-a728-236f5f14b55b - - - - - -] 10.0.0.84 "GET /" status: 200 len: 136 microversion: 1.0
2026-06-09 23:35:02.445 8 INFO placement.requestlog [None req-7879663c-6edf-4fe2-bac5-f6f74ae2294f - - - - - -] 10.0.0.84 "GET /" status: 200 len: 136 microversion: 1.0
2026-06-09 23:35:02.911 7 INFO placement.requestlog [None req-97533d9c-285e-44de-a684-51edcdb72916 e8f107aa72da412bbc0ea8f7ee0c8c44 df347551ee27486e886162979334894a - - 64cb136663874edbac2ca97158871181 64cb136663874edbac2ca97158871181] 10.0.0.50 "GET /resource_providers/5977dcc5-aed0-4fc4-a4ed-73741c7ca0be/aggregates" status: 404 len: 235 microversion: 1.1 [pid: 7|app: 0|req: 394/789] 10.0.0.50 () {32 vars in 824 bytes} [Tue Jun 9 23:35:02 2026] GET /resource_providers/5977dcc5-aed0-4fc4-a4ed-73741c7ca0be/aggregates => generated 235 bytes in 11 msecs (HTTP/1.1 404) 5 headers in 202 bytes (1 switches on core 0)
2026-06-09 23:35:02.915 8 INFO placement.requestlog [None req-e02ef331-c414-4b12-abdc-1349d7682989 e8f107aa72da412bbc0ea8f7ee0c8c44 df347551ee27486e886162979334894a - - 64cb136663874edbac2ca97158871181 64cb136663874edbac2ca97158871181] 10.0.0.50 "GET /resource_providers/5977dcc5-aed0-4fc4-a4ed-73741c7ca0be/aggregates" status: 404 len: 235 microversion: 1.1 [pid: 8|app: 0|req: 396/790] 10.0.0.50 () {32 vars in 824 bytes} [Tue Jun 9 23:35:02 2026] GET /resource_providers/5977dcc5-aed0-4fc4-a4ed-73741c7ca0be/aggregates => generated 235 bytes in 15 msecs (HTTP/1.1 404) 5 headers in 202 bytes (1 switches on core 0)
2026-06-09 23:35:02.925 7 INFO placement.requestlog [None req-293c09e3-8c8e-4975-a8a8-4925cc5a057c e8f107aa72da412bbc0ea8f7ee0c8c44 df347551ee27486e886162979334894a - - 64cb136663874edbac2ca97158871181 64cb136663874edbac2ca97158871181] 10.0.0.50 "DELETE /resource_providers/5977dcc5-aed0-4fc4-a4ed-73741c7ca0be" status: 404 len: 246 microversion: 1.1 [pid: 7|app: 0|req: 395/791] 10.0.0.50 () {34 vars in 824 bytes} [Tue Jun 9 23:35:02 2026] DELETE /resource_providers/5977dcc5-aed0-4fc4-a4ed-73741c7ca0be => generated 246 bytes in 9 msecs (HTTP/1.1 404) 6 headers in 231 bytes (1 switches on core 0)
2026-06-09 23:35:02.928 8 INFO placement.requestlog [None req-6e66b9fd-6359-4fbc-a170-7e1409d8dff3 e8f107aa72da412bbc0ea8f7ee0c8c44 df347551ee27486e886162979334894a - - 64cb136663874edbac2ca97158871181 64cb136663874edbac2ca97158871181] 10.0.0.50 "DELETE /resource_providers/5977dcc5-aed0-4fc4-a4ed-73741c7ca0be" status: 404 len: 246 microversion: 1.1 [pid: 8|app: 0|req: 397/792] 10.0.0.50 () {34 vars in 824 bytes} [Tue Jun 9 23:35:02 2026] DELETE /resource_providers/5977dcc5-aed0-4fc4-a4ed-73741c7ca0be => generated 246 bytes in 8 msecs (HTTP/1.1 404) 6 headers in 231 bytes (1 switches on core 0)
2026-06-09 23:35:04.654 7 INFO placement.requestlog [None req-35aeeda5-284e-428e-bb7e-00e30d770a69 e8f107aa72da412bbc0ea8f7ee0c8c44 df347551ee27486e886162979334894a - - 64cb136663874edbac2ca97158871181 64cb136663874edbac2ca97158871181] 10.0.0.50 "GET /resource_providers/6b6767dd-7810-494e-811c-1bde81c6ddae/aggregates" status: 404 len: 235 microversion: 1.1 [pid: 7|app: 0|req: 396/793] 10.0.0.50 () {32 vars in 824 bytes} [Tue Jun 9 23:35:04 2026] GET /resource_providers/6b6767dd-7810-494e-811c-1bde81c6ddae/aggregates => generated 235 bytes in 11 msecs (HTTP/1.1 404) 5 headers in 202 bytes (1 switches on core 0)
2026-06-09 23:35:04.666 8 INFO placement.requestlog [None req-8504ffc7-dc05-4380-a01b-75dc86200a0e e8f107aa72da412bbc0ea8f7ee0c8c44 df347551ee27486e886162979334894a - - 64cb136663874edbac2ca97158871181 64cb136663874edbac2ca97158871181] 10.0.0.50 "GET /resource_providers/6b6767dd-7810-494e-811c-1bde81c6ddae/aggregates" status: 404 len: 235 microversion: 1.1 [pid: 8|app: 0|req: 398/794] 10.0.0.50 () {32 vars in 824 bytes} [Tue Jun 9 23:35:04 2026] GET /resource_providers/6b6767dd-7810-494e-811c-1bde81c6ddae/aggregates => generated 235 bytes in 23 msecs (HTTP/1.1 404) 5 headers in 202 bytes (1 switches on core 0)
2026-06-09 23:35:04.687 7 INFO placement.requestlog [None req-69707169-8427-48b3-b787-ae28350cd3c2 e8f107aa72da412bbc0ea8f7ee0c8c44 df347551ee27486e886162979334894a - - 64cb136663874edbac2ca97158871181 64cb136663874edbac2ca97158871181] 10.0.0.50 "DELETE /resource_providers/6b6767dd-7810-494e-811c-1bde81c6ddae" status: 404 len: 246 microversion: 1.1 [pid: 7|app: 0|req: 397/795] 10.0.0.50 () {34 vars in 824 bytes} [Tue Jun 9 23:35:04 2026] DELETE /resource_providers/6b6767dd-7810-494e-811c-1bde81c6ddae => generated 246 bytes in 13 msecs (HTTP/1.1 404) 6 headers in 231 bytes (1 switches on core 0)
2026-06-09 23:35:04.690 8 INFO placement.requestlog [None req-365a7c7b-2032-4223-90f8-40cf6a978a17 e8f107aa72da412bbc0ea8f7ee0c8c44 df347551ee27486e886162979334894a - - 64cb136663874edbac2ca97158871181 64cb136663874edbac2ca97158871181] 10.0.0.50 "DELETE /resource_providers/6b6767dd-7810-494e-811c-1bde81c6ddae" status: 404 len: 246 microversion: 1.1 [pid: 8|app: 0|req: 399/796] 10.0.0.50 () {34 vars in 824 bytes} [Tue Jun 9 23:35:04 2026] DELETE /resource_providers/6b6767dd-7810-494e-811c-1bde81c6ddae => generated 246 bytes in 14 msecs (HTTP/1.1 404) 6 headers in 231 bytes (1 switches on core 0)
2026-06-09 23:35:11.012 7 INFO placement.requestlog [None req-67f2d906-80d6-45d2-986f-81204b80b684 e8f107aa72da412bbc0ea8f7ee0c8c44 df347551ee27486e886162979334894a - - 64cb136663874edbac2ca97158871181 64cb136663874edbac2ca97158871181] 10.0.0.50 "GET /resource_providers/829ceaed-944b-4d51-a7ab-fda5766a11be/aggregates" status: 404 len: 235 microversion: 1.1 [pid: 7|app: 0|req: 398/797] 10.0.0.50 () {32 vars in 824 bytes} [Tue Jun 9 23:35:10 2026] GET /resource_providers/829ceaed-944b-4d51-a7ab-fda5766a11be/aggregates => generated 235 bytes in 13 msecs (HTTP/1.1 404) 5 headers in 202 bytes (1 switches on core 0)
2026-06-09 23:35:11.020 8 INFO placement.requestlog [None req-a4944e0c-f84f-4b44-99b0-b917c46cea19 e8f107aa72da412bbc0ea8f7ee0c8c44 df347551ee27486e886162979334894a - - 64cb136663874edbac2ca97158871181 64cb136663874edbac2ca97158871181] 10.0.0.50 "GET /resource_providers/829ceaed-944b-4d51-a7ab-fda5766a11be/aggregates" status: 404 len: 235 microversion: 1.1 [pid: 8|app: 0|req: 400/798] 10.0.0.50 () {32 vars in 824 bytes} [Tue Jun 9 23:35:11 2026] GET /resource_providers/829ceaed-944b-4d51-a7ab-fda5766a11be/aggregates => generated 235 bytes in 19 msecs (HTTP/1.1 404) 5 headers in 202 bytes (1 switches on core 0)
2026-06-09 23:35:11.029 7 INFO placement.requestlog [None req-2d5242a8-9dd4-49c1-854a-4ef1a8da1377 e8f107aa72da412bbc0ea8f7ee0c8c44 df347551ee27486e886162979334894a - - 64cb136663874edbac2ca97158871181 64cb136663874edbac2ca97158871181] 10.0.0.50 "DELETE /resource_providers/829ceaed-944b-4d51-a7ab-fda5766a11be" status: 404 len: 246 microversion: 1.1 [pid: 7|app: 0|req: 399/799] 10.0.0.50 () {34 vars in 824 bytes} [Tue Jun 9 23:35:11 2026] DELETE /resource_providers/829ceaed-944b-4d51-a7ab-fda5766a11be => generated 246 bytes in 10 msecs (HTTP/1.1 404) 6 headers in 231 bytes (1 switches on core 0)
2026-06-09 23:35:11.043 8 INFO placement.requestlog [None req-cd2ec77b-5ca8-4863-b10a-891552565e64 e8f107aa72da412bbc0ea8f7ee0c8c44 df347551ee27486e886162979334894a - - 64cb136663874edbac2ca97158871181 64cb136663874edbac2ca97158871181] 10.0.0.50 "DELETE /resource_providers/829ceaed-944b-4d51-a7ab-fda5766a11be" status: 404 len: 246 microversion: 1.1 [pid: 8|app: 0|req: 401/800] 10.0.0.50 () {34 vars in 824 bytes} [Tue Jun 9 23:35:11 2026] DELETE /resource_providers/829ceaed-944b-4d51-a7ab-fda5766a11be => generated 246 bytes in 13 msecs (HTTP/1.1 404) 6 headers in 231 bytes (1 switches on core 0)
2026-06-09 23:35:12.442 7 INFO placement.requestlog [None req-7d967514-9ca2-44bc-a74d-5c26f7cb9e76 - - - - - -] 10.0.0.84 "GET /" status: 200 len: 136 microversion: 1.0
2026-06-09 23:35:12.443 8 INFO placement.requestlog [None req-cf761c70-4fbc-48c9-9916-9de7d361e39e - - - - - -] 10.0.0.84 "GET /" status: 200 len: 136 microversion: 1.0
2026-06-09 23:35:14.442 7 INFO placement.requestlog [None req-fbd2b4b2-2c7a-408f-bbb2-75280745b388 e8f107aa72da412bbc0ea8f7ee0c8c44 df347551ee27486e886162979334894a - - 64cb136663874edbac2ca97158871181 64cb136663874edbac2ca97158871181] 10.0.0.50 "GET /resource_providers/0a30b699-e7a9-47a9-a1fe-1393b9e33079/aggregates" status: 404 len: 235 microversion: 1.1 [pid: 7|app: 0|req: 401/803] 10.0.0.50 () {32 vars in 824 bytes} [Tue Jun 9 23:35:14 2026] GET /resource_providers/0a30b699-e7a9-47a9-a1fe-1393b9e33079/aggregates => generated 235 bytes in 10 msecs (HTTP/1.1 404) 5 headers in 202 bytes (1 switches on core 0)
2026-06-09 23:35:14.448 8 INFO placement.requestlog [None req-3653303f-4d22-4f70-bfe6-1c7140d7dae5 e8f107aa72da412bbc0ea8f7ee0c8c44 df347551ee27486e886162979334894a - - 64cb136663874edbac2ca97158871181 64cb136663874edbac2ca97158871181] 10.0.0.50 "GET /resource_providers/0a30b699-e7a9-47a9-a1fe-1393b9e33079/aggregates" status: 404 len: 235 microversion: 1.1 [pid: 8|app: 0|req: 403/804] 10.0.0.50 () {32 vars in 824 bytes} [Tue Jun 9 23:35:14 2026] GET /resource_providers/0a30b699-e7a9-47a9-a1fe-1393b9e33079/aggregates => generated 235 bytes in 13 msecs (HTTP/1.1 404) 5 headers in 202 bytes (1 switches on core 0)
2026-06-09 23:35:14.465 7 INFO placement.requestlog [None req-c958bf2c-8f14-4876-a3bf-01f6e362bf05 e8f107aa72da412bbc0ea8f7ee0c8c44 df347551ee27486e886162979334894a - - 64cb136663874edbac2ca97158871181 64cb136663874edbac2ca97158871181] 10.0.0.50 "DELETE /resource_providers/0a30b699-e7a9-47a9-a1fe-1393b9e33079" status: 404 len: 246 microversion: 1.1 [pid: 7|app: 0|req: 402/805] 10.0.0.50 () {34 vars in 824 bytes} [Tue Jun 9 23:35:14 2026] DELETE /resource_providers/0a30b699-e7a9-47a9-a1fe-1393b9e33079 => generated 246 bytes in 10 msecs (HTTP/1.1 404) 6 headers in 231 bytes (1 switches on core 0)
2026-06-09 23:35:14.466 8 INFO placement.requestlog [None req-bf61370f-14f6-4785-bdc9-57b8a56810cb e8f107aa72da412bbc0ea8f7ee0c8c44 df347551ee27486e886162979334894a - - 64cb136663874edbac2ca97158871181 64cb136663874edbac2ca97158871181] 10.0.0.50 "DELETE /resource_providers/0a30b699-e7a9-47a9-a1fe-1393b9e33079" status: 404 len: 246 microversion: 1.1 [pid: 8|app: 0|req: 404/806] 10.0.0.50 () {34 vars in 824 bytes} [Tue Jun 9 23:35:14 2026] DELETE /resource_providers/0a30b699-e7a9-47a9-a1fe-1393b9e33079 => generated 246 bytes in 9 msecs (HTTP/1.1 404) 6 headers in 231 bytes (1 switches on core 0)
2026-06-09 23:35:16.491 8 INFO placement.requestlog [None req-6291a5fa-cbbe-42c7-9b9c-73e5881455ab e8f107aa72da412bbc0ea8f7ee0c8c44 df347551ee27486e886162979334894a - - 64cb136663874edbac2ca97158871181 64cb136663874edbac2ca97158871181] 10.0.0.50 "GET /resource_providers/7d42e6d6-95a4-4937-8e09-2e02050781e1/aggregates" status: 404 len: 235 microversion: 1.1 [pid: 8|app: 0|req: 405/807] 10.0.0.50 () {32 vars in 824 bytes} [Tue Jun 9 23:35:16 2026] GET /resource_providers/7d42e6d6-95a4-4937-8e09-2e02050781e1/aggregates => generated 235 bytes in 11 msecs (HTTP/1.1 404) 5 headers in 202 bytes (1 switches on core 0)
2026-06-09 23:35:16.494 7 INFO placement.requestlog [None req-96062b64-d688-4eab-948d-313888011a33 e8f107aa72da412bbc0ea8f7ee0c8c44 df347551ee27486e886162979334894a - - 64cb136663874edbac2ca97158871181 64cb136663874edbac2ca97158871181] 10.0.0.50 "GET /resource_providers/7d42e6d6-95a4-4937-8e09-2e02050781e1/aggregates" status: 404 len: 235 microversion: 1.1 [pid: 7|app: 0|req: 403/808] 10.0.0.50 () {32 vars in 824 bytes} [Tue Jun 9 23:35:16 2026] GET /resource_providers/7d42e6d6-95a4-4937-8e09-2e02050781e1/aggregates => generated 235 bytes in 14 msecs (HTTP/1.1 404) 5 headers in 202 bytes (1 switches on core 0)
2026-06-09 23:35:16.511 8 INFO placement.requestlog [None req-3027f652-1ab5-4192-bd4e-71efa2eec9ba e8f107aa72da412bbc0ea8f7ee0c8c44 df347551ee27486e886162979334894a - - 64cb136663874edbac2ca97158871181 64cb136663874edbac2ca97158871181] 10.0.0.50 "DELETE /resource_providers/7d42e6d6-95a4-4937-8e09-2e02050781e1" status: 404 len: 246 microversion: 1.1 [pid: 8|app: 0|req: 406/809] 10.0.0.50 () {34 vars in 824 bytes} [Tue Jun 9 23:35:16 2026] DELETE /resource_providers/7d42e6d6-95a4-4937-8e09-2e02050781e1 => generated 246 bytes in 13 msecs (HTTP/1.1 404) 6 headers in 231 bytes (1 switches on core 0)
2026-06-09 23:35:16.512 7 INFO placement.requestlog [None req-39bcfe08-7605-4873-93e0-0db0b6357c6d e8f107aa72da412bbc0ea8f7ee0c8c44 df347551ee27486e886162979334894a - - 64cb136663874edbac2ca97158871181 64cb136663874edbac2ca97158871181] 10.0.0.50 "DELETE /resource_providers/7d42e6d6-95a4-4937-8e09-2e02050781e1" status: 404 len: 246 microversion: 1.1 [pid: 7|app: 0|req: 404/810] 10.0.0.50 () {34 vars in 824 bytes} [Tue Jun 9 23:35:16 2026] DELETE /resource_providers/7d42e6d6-95a4-4937-8e09-2e02050781e1 => generated 246 bytes in 11 msecs (HTTP/1.1 404) 6 headers in 231 bytes (1 switches on core 0)
2026-06-09 23:35:22.029 7 INFO placement.requestlog [None req-cec3f3d9-8bbb-4bbe-8ca0-f2d32fc88973 e8f107aa72da412bbc0ea8f7ee0c8c44 df347551ee27486e886162979334894a - - 64cb136663874edbac2ca97158871181 64cb136663874edbac2ca97158871181] 10.0.0.50 "GET /resource_providers/764ea388-041c-47e6-b74c-a6b79261ad81/aggregates" status: 404 len: 235 microversion: 1.1 [pid: 7|app: 0|req: 405/811] 10.0.0.50 () {32 vars in 824 bytes} [Tue Jun 9 23:35:22 2026] GET /resource_providers/764ea388-041c-47e6-b74c-a6b79261ad81/aggregates => generated 235 bytes in 21 msecs (HTTP/1.1 404) 5 headers in 202 bytes (1 switches on core 0)
2026-06-09 23:35:22.031 8 INFO placement.requestlog [None req-314edafb-d3c1-4a5d-9085-b0097e1d7c13 e8f107aa72da412bbc0ea8f7ee0c8c44 df347551ee27486e886162979334894a - - 64cb136663874edbac2ca97158871181 64cb136663874edbac2ca97158871181] 10.0.0.50 "GET /resource_providers/764ea388-041c-47e6-b74c-a6b79261ad81/aggregates" status: 404 len: 235 microversion: 1.1 [pid: 8|app: 0|req: 407/812] 10.0.0.50 () {32 vars in 824 bytes} [Tue Jun 9 23:35:22 2026] GET /resource_providers/764ea388-041c-47e6-b74c-a6b79261ad81/aggregates => generated 235 bytes in 23 msecs (HTTP/1.1 404) 5 headers in 202 bytes (1 switches on core 0)
2026-06-09 23:35:22.057 8 INFO placement.requestlog [None req-da0e2c1b-8132-4ac5-a88c-a5ca66b63683 e8f107aa72da412bbc0ea8f7ee0c8c44 df347551ee27486e886162979334894a - - 64cb136663874edbac2ca97158871181 64cb136663874edbac2ca97158871181] 10.0.0.50 "DELETE /resource_providers/764ea388-041c-47e6-b74c-a6b79261ad81" status: 404 len: 246 microversion: 1.1 [pid: 8|app: 0|req: 408/813] 10.0.0.50 () {34 vars in 824 bytes} [Tue Jun 9 23:35:22 2026] DELETE /resource_providers/764ea388-041c-47e6-b74c-a6b79261ad81 => generated 246 bytes in 14 msecs (HTTP/1.1 404) 6 headers in 231 bytes (1 switches on core 0)
2026-06-09 23:35:22.058 7 INFO placement.requestlog [None req-a3ae0099-c332-4d0f-8e1c-25b877135c25 e8f107aa72da412bbc0ea8f7ee0c8c44 df347551ee27486e886162979334894a - - 64cb136663874edbac2ca97158871181 64cb136663874edbac2ca97158871181] 10.0.0.50 "DELETE /resource_providers/764ea388-041c-47e6-b74c-a6b79261ad81" status: 404 len: 246 microversion: 1.1 [pid: 7|app: 0|req: 406/814] 10.0.0.50 () {34 vars in 824 bytes} [Tue Jun 9 23:35:22 2026] DELETE /resource_providers/764ea388-041c-47e6-b74c-a6b79261ad81 => generated 246 bytes in 17 msecs (HTTP/1.1 404) 6 headers in 231 bytes (1 switches on core 0)
2026-06-09 23:35:22.442 8 INFO placement.requestlog [None req-22861081-4b23-4d12-9ecc-5fbf2205a7a1 - - - - - -] 10.0.0.84 "GET /" status: 200 len: 136 microversion: 1.0
2026-06-09 23:35:22.442 7 INFO placement.requestlog [None req-0feacf87-a77a-4eaf-a8cc-dc20441b34b7 - - - - - -] 10.0.0.84 "GET /" status: 200 len: 136 microversion: 1.0
2026-06-09 23:35:23.788 8 INFO placement.requestlog [None req-9b82b764-3e2f-4571-b5af-ad26893e1757 e8f107aa72da412bbc0ea8f7ee0c8c44 df347551ee27486e886162979334894a - - 64cb136663874edbac2ca97158871181 64cb136663874edbac2ca97158871181] 10.0.0.50 "GET /resource_providers/796fd51b-6b85-4abb-ab8e-c4f0f04fface/aggregates" status: 404 len: 235 microversion: 1.1 [pid: 8|app: 0|req: 410/817] 10.0.0.50 () {32 vars in 824 bytes} [Tue Jun 9 23:35:23 2026] GET /resource_providers/796fd51b-6b85-4abb-ab8e-c4f0f04fface/aggregates => generated 235 bytes in 10 msecs (HTTP/1.1 404) 5 headers in 202 bytes (1 switches on core 0)
2026-06-09 23:35:23.790 7 INFO placement.requestlog [None req-a25241d3-2451-4ae4-868f-0bd828ce1def e8f107aa72da412bbc0ea8f7ee0c8c44 df347551ee27486e886162979334894a - - 64cb136663874edbac2ca97158871181 64cb136663874edbac2ca97158871181] 10.0.0.50 "GET /resource_providers/796fd51b-6b85-4abb-ab8e-c4f0f04fface/aggregates" status: 404 len: 235 microversion: 1.1 [pid: 7|app: 0|req: 408/818] 10.0.0.50 () {32 vars in 824 bytes} [Tue Jun 9 23:35:23 2026] GET /resource_providers/796fd51b-6b85-4abb-ab8e-c4f0f04fface/aggregates => generated 235 bytes in 12 msecs (HTTP/1.1 404) 5 headers in 202 bytes (1 switches on core 0)
2026-06-09 23:35:23.827 7 INFO placement.requestlog [None req-30cc6f5a-6c0a-45a3-8b5a-ef9ae9b3092a e8f107aa72da412bbc0ea8f7ee0c8c44 df347551ee27486e886162979334894a - - 64cb136663874edbac2ca97158871181 64cb136663874edbac2ca97158871181] 10.0.0.50 "DELETE /resource_providers/796fd51b-6b85-4abb-ab8e-c4f0f04fface" status: 404 len: 246 microversion: 1.1
2026-06-09 23:35:23.827 8 INFO placement.requestlog [None req-a0bfbfc8-13d3-4fb2-aca2-573ae403d196 e8f107aa72da412bbc0ea8f7ee0c8c44 df347551ee27486e886162979334894a - - 64cb136663874edbac2ca97158871181 64cb136663874edbac2ca97158871181] 10.0.0.50 "DELETE /resource_providers/796fd51b-6b85-4abb-ab8e-c4f0f04fface" status: 404 len: 246 microversion: 1.1 [pid: 7|app: 0|req: 409/819] 10.0.0.50 () {34 vars in 824 bytes} [Tue Jun 9 23:35:23 2026] DELETE /resource_providers/796fd51b-6b85-4abb-ab8e-c4f0f04fface => generated 246 bytes in 14 msecs (HTTP/1.1 404) 6 headers in 231 bytes (1 switches on core 0) [pid: 8|app: 0|req: 411/820] 10.0.0.50 () {34 vars in 824 bytes} [Tue Jun 9 23:35:23 2026] DELETE /resource_providers/796fd51b-6b85-4abb-ab8e-c4f0f04fface => generated 246 bytes in 21 msecs (HTTP/1.1 404) 6 headers in 231 bytes (1 switches on core 0)
2026-06-09 23:35:24.082 7 INFO placement.requestlog [None req-2928e3c8-5b37-41dd-83e1-0aa5090786ee e8f107aa72da412bbc0ea8f7ee0c8c44 df347551ee27486e886162979334894a - - 64cb136663874edbac2ca97158871181 64cb136663874edbac2ca97158871181] 10.0.0.50 "GET /resource_providers/f11a2183-e7c2-498c-aad5-6eeca3b35fff/aggregates" status: 404 len: 235 microversion: 1.1 [pid: 7|app: 0|req: 410/821] 10.0.0.50 () {32 vars in 824 bytes} [Tue Jun 9 23:35:24 2026] GET /resource_providers/f11a2183-e7c2-498c-aad5-6eeca3b35fff/aggregates => generated 235 bytes in 16 msecs (HTTP/1.1 404) 5 headers in 202 bytes (1 switches on core 0)
2026-06-09 23:35:24.085 8 INFO placement.requestlog [None req-c9fecbe1-0492-4325-b2ff-905ae84f04fe e8f107aa72da412bbc0ea8f7ee0c8c44 df347551ee27486e886162979334894a - - 64cb136663874edbac2ca97158871181 64cb136663874edbac2ca97158871181] 10.0.0.50 "GET /resource_providers/f11a2183-e7c2-498c-aad5-6eeca3b35fff/aggregates" status: 404 len: 235 microversion: 1.1 [pid: 8|app: 0|req: 412/822] 10.0.0.50 () {32 vars in 824 bytes} [Tue Jun 9 23:35:24 2026] GET /resource_providers/f11a2183-e7c2-498c-aad5-6eeca3b35fff/aggregates => generated 235 bytes in 13 msecs (HTTP/1.1 404) 5 headers in 202 bytes (1 switches on core 0)
2026-06-09 23:35:24.102 7 INFO placement.requestlog [None req-33a97415-ad8c-4242-939a-932a240cd30e e8f107aa72da412bbc0ea8f7ee0c8c44 df347551ee27486e886162979334894a - - 64cb136663874edbac2ca97158871181 64cb136663874edbac2ca97158871181] 10.0.0.50 "DELETE /resource_providers/f11a2183-e7c2-498c-aad5-6eeca3b35fff" status: 404 len: 246 microversion: 1.1 [pid: 7|app: 0|req: 411/823] 10.0.0.50 () {34 vars in 824 bytes} [Tue Jun 9 23:35:24 2026] DELETE /resource_providers/f11a2183-e7c2-498c-aad5-6eeca3b35fff => generated 246 bytes in 12 msecs (HTTP/1.1 404) 6 headers in 231 bytes (1 switches on core 0)
2026-06-09 23:35:24.103 8 INFO placement.requestlog [None req-91221641-a59d-4403-8619-68d39fb5f7b1 e8f107aa72da412bbc0ea8f7ee0c8c44 df347551ee27486e886162979334894a - - 64cb136663874edbac2ca97158871181 64cb136663874edbac2ca97158871181] 10.0.0.50 "DELETE /resource_providers/f11a2183-e7c2-498c-aad5-6eeca3b35fff" status: 404 len: 246 microversion: 1.1 [pid: 8|app: 0|req: 413/824] 10.0.0.50 () {34 vars in 824 bytes} [Tue Jun 9 23:35:24 2026] DELETE /resource_providers/f11a2183-e7c2-498c-aad5-6eeca3b35fff => generated 246 bytes in 8 msecs (HTTP/1.1 404) 6 headers in 231 bytes (1 switches on core 0)
2026-06-09 23:35:24.128 7 INFO placement.requestlog [None req-0c0d9462-cb2f-454c-9832-3eb95edb17ef e8f107aa72da412bbc0ea8f7ee0c8c44 df347551ee27486e886162979334894a - - 64cb136663874edbac2ca97158871181 64cb136663874edbac2ca97158871181] 10.0.0.50 "GET /resource_providers/10a790bd-d298-4042-b426-d9ad440fa0ea/aggregates" status: 404 len: 235 microversion: 1.1 [pid: 7|app: 0|req: 412/825] 10.0.0.50 () {32 vars in 824 bytes} [Tue Jun 9 23:35:24 2026] GET /resource_providers/10a790bd-d298-4042-b426-d9ad440fa0ea/aggregates => generated 235 bytes in 20 msecs (HTTP/1.1 404) 5 headers in 202 bytes (1 switches on core 0)
2026-06-09 23:35:24.129 8 INFO placement.requestlog [None req-5f8b46a2-5635-425e-937a-40d2d7ab43f6 e8f107aa72da412bbc0ea8f7ee0c8c44 df347551ee27486e886162979334894a - - 64cb136663874edbac2ca97158871181 64cb136663874edbac2ca97158871181] 10.0.0.50 "GET /resource_providers/10a790bd-d298-4042-b426-d9ad440fa0ea/aggregates" status: 404 len: 235 microversion: 1.1 [pid: 8|app: 0|req: 414/826] 10.0.0.50 () {32 vars in 824 bytes} [Tue Jun 9 23:35:24 2026] GET /resource_providers/10a790bd-d298-4042-b426-d9ad440fa0ea/aggregates => generated 235 bytes in 11 msecs (HTTP/1.1 404) 5 headers in 202 bytes (1 switches on core 0)
2026-06-09 23:35:24.153 8 INFO placement.requestlog [None req-88cd8268-94d0-4650-a3d7-149b137c7cc4 e8f107aa72da412bbc0ea8f7ee0c8c44 df347551ee27486e886162979334894a - - 64cb136663874edbac2ca97158871181 64cb136663874edbac2ca97158871181] 10.0.0.50 "DELETE /resource_providers/10a790bd-d298-4042-b426-d9ad440fa0ea" status: 404 len: 246 microversion: 1.1 [pid: 8|app: 0|req: 415/827] 10.0.0.50 () {34 vars in 824 bytes} [Tue Jun 9 23:35:24 2026] DELETE /resource_providers/10a790bd-d298-4042-b426-d9ad440fa0ea => generated 246 bytes in 11 msecs (HTTP/1.1 404) 6 headers in 231 bytes (1 switches on core 0)
2026-06-09 23:35:24.154 7 INFO placement.requestlog [None req-6b1391b6-aea7-42b7-a0c7-e9dc4fe24852 e8f107aa72da412bbc0ea8f7ee0c8c44 df347551ee27486e886162979334894a - - 64cb136663874edbac2ca97158871181 64cb136663874edbac2ca97158871181] 10.0.0.50 "DELETE /resource_providers/10a790bd-d298-4042-b426-d9ad440fa0ea" status: 404 len: 246 microversion: 1.1 [pid: 7|app: 0|req: 413/828] 10.0.0.50 () {34 vars in 824 bytes} [Tue Jun 9 23:35:24 2026] DELETE /resource_providers/10a790bd-d298-4042-b426-d9ad440fa0ea => generated 246 bytes in 12 msecs (HTTP/1.1 404) 6 headers in 231 bytes (1 switches on core 0)
2026-06-09 23:35:24.175 7 INFO placement.requestlog [None req-10145dad-7a07-4ae1-a4fa-e065db2caf34 e8f107aa72da412bbc0ea8f7ee0c8c44 df347551ee27486e886162979334894a - - 64cb136663874edbac2ca97158871181 64cb136663874edbac2ca97158871181] 10.0.0.50 "GET /resource_providers/dbc465c1-d114-4ae2-8009-0d9d97717668/aggregates" status: 404 len: 235 microversion: 1.1 [pid: 7|app: 0|req: 414/829] 10.0.0.50 () {32 vars in 824 bytes} [Tue Jun 9 23:35:24 2026] GET /resource_providers/dbc465c1-d114-4ae2-8009-0d9d97717668/aggregates => generated 235 bytes in 9 msecs (HTTP/1.1 404) 5 headers in 202 bytes (1 switches on core 0)
2026-06-09 23:35:24.184 8 INFO placement.requestlog [None req-b5447089-ddbe-4625-8b7c-0e23f91f8e4d e8f107aa72da412bbc0ea8f7ee0c8c44 df347551ee27486e886162979334894a - - 64cb136663874edbac2ca97158871181 64cb136663874edbac2ca97158871181] 10.0.0.50 "GET /resource_providers/dbc465c1-d114-4ae2-8009-0d9d97717668/aggregates" status: 404 len: 235 microversion: 1.1 [pid: 8|app: 0|req: 416/830] 10.0.0.50 () {32 vars in 824 bytes} [Tue Jun 9 23:35:24 2026] GET /resource_providers/dbc465c1-d114-4ae2-8009-0d9d97717668/aggregates => generated 235 bytes in 19 msecs (HTTP/1.1 404) 5 headers in 202 bytes (1 switches on core 0)
2026-06-09 23:35:24.200 7 INFO placement.requestlog [None req-96fd643d-b2aa-4cfc-a88a-6353490e76ec e8f107aa72da412bbc0ea8f7ee0c8c44 df347551ee27486e886162979334894a - - 64cb136663874edbac2ca97158871181 64cb136663874edbac2ca97158871181] 10.0.0.50 "DELETE /resource_providers/dbc465c1-d114-4ae2-8009-0d9d97717668" status: 404 len: 246 microversion: 1.1
2026-06-09 23:35:24.200 8 INFO placement.requestlog [None req-95d35376-db5a-459d-a39b-563bd3d7f775 e8f107aa72da412bbc0ea8f7ee0c8c44 df347551ee27486e886162979334894a - - 64cb136663874edbac2ca97158871181 64cb136663874edbac2ca97158871181] 10.0.0.50 "DELETE /resource_providers/dbc465c1-d114-4ae2-8009-0d9d97717668" status: 404 len: 246 microversion: 1.1 [pid: 8|app: 0|req: 417/832] 10.0.0.50 () {34 vars in 824 bytes} [Tue Jun 9 23:35:24 2026] DELETE /resource_providers/dbc465c1-d114-4ae2-8009-0d9d97717668 => generated 246 bytes in 9 msecs (HTTP/1.1 404) 6 headers in 231 bytes (1 switches on core 0) [pid: 7|app: 0|req: 415/832] 10.0.0.50 () {34 vars in 824 bytes} [Tue Jun 9 23:35:24 2026] DELETE /resource_providers/dbc465c1-d114-4ae2-8009-0d9d97717668 => generated 246 bytes in 14 msecs (HTTP/1.1 404) 6 headers in 231 bytes (1 switches on core 0)
2026-06-09 23:35:25.845 8 INFO placement.requestlog [None req-9848e8f9-b77c-4ea5-b967-4590af9349f2 e8f107aa72da412bbc0ea8f7ee0c8c44 df347551ee27486e886162979334894a - - 64cb136663874edbac2ca97158871181 64cb136663874edbac2ca97158871181] 10.0.0.50 "GET /resource_providers/27137f1e-4c42-499d-bd70-10fdbe62b5fd/aggregates" status: 404 len: 235 microversion: 1.1 [pid: 8|app: 0|req: 418/833] 10.0.0.50 () {32 vars in 824 bytes} [Tue Jun 9 23:35:25 2026] GET /resource_providers/27137f1e-4c42-499d-bd70-10fdbe62b5fd/aggregates => generated 235 bytes in 12 msecs (HTTP/1.1 404) 5 headers in 202 bytes (1 switches on core 0)
2026-06-09 23:35:25.848 7 INFO placement.requestlog [None req-86bea38a-2548-4e4a-accd-0ad2892aac4c e8f107aa72da412bbc0ea8f7ee0c8c44 df347551ee27486e886162979334894a - - 64cb136663874edbac2ca97158871181 64cb136663874edbac2ca97158871181] 10.0.0.50 "GET /resource_providers/27137f1e-4c42-499d-bd70-10fdbe62b5fd/aggregates" status: 404 len: 235 microversion: 1.1 [pid: 7|app: 0|req: 416/834] 10.0.0.50 () {32 vars in 824 bytes} [Tue Jun 9 23:35:25 2026] GET /resource_providers/27137f1e-4c42-499d-bd70-10fdbe62b5fd/aggregates => generated 235 bytes in 9 msecs (HTTP/1.1 404) 5 headers in 202 bytes (1 switches on core 0)
2026-06-09 23:35:25.858 8 INFO placement.requestlog [None req-0e2f87c1-8891-47b8-b771-eff786e9e7e7 e8f107aa72da412bbc0ea8f7ee0c8c44 df347551ee27486e886162979334894a - - 64cb136663874edbac2ca97158871181 64cb136663874edbac2ca97158871181] 10.0.0.50 "DELETE /resource_providers/27137f1e-4c42-499d-bd70-10fdbe62b5fd" status: 404 len: 246 microversion: 1.1 [pid: 8|app: 0|req: 419/835] 10.0.0.50 () {34 vars in 824 bytes} [Tue Jun 9 23:35:25 2026] DELETE /resource_providers/27137f1e-4c42-499d-bd70-10fdbe62b5fd => generated 246 bytes in 8 msecs (HTTP/1.1 404) 6 headers in 231 bytes (1 switches on core 0)
2026-06-09 23:35:25.864 7 INFO placement.requestlog [None req-db5cd113-475a-4436-8298-378c733a3192 e8f107aa72da412bbc0ea8f7ee0c8c44 df347551ee27486e886162979334894a - - 64cb136663874edbac2ca97158871181 64cb136663874edbac2ca97158871181] 10.0.0.50 "DELETE /resource_providers/27137f1e-4c42-499d-bd70-10fdbe62b5fd" status: 404 len: 246 microversion: 1.1 [pid: 7|app: 0|req: 417/836] 10.0.0.50 () {34 vars in 824 bytes} [Tue Jun 9 23:35:25 2026] DELETE /resource_providers/27137f1e-4c42-499d-bd70-10fdbe62b5fd => generated 246 bytes in 10 msecs (HTTP/1.1 404) 6 headers in 231 bytes (1 switches on core 0)
2026-06-09 23:35:32.018 7 INFO placement.requestlog [None req-cf6d4783-0525-433b-af3f-a92c8b0f053d e8f107aa72da412bbc0ea8f7ee0c8c44 df347551ee27486e886162979334894a - - 64cb136663874edbac2ca97158871181 64cb136663874edbac2ca97158871181] 10.0.0.50 "GET /resource_providers/946b4441-da88-4563-90e4-bdce848d7aed/aggregates" status: 404 len: 235 microversion: 1.1 [pid: 7|app: 0|req: 418/837] 10.0.0.50 () {32 vars in 824 bytes} [Tue Jun 9 23:35:32 2026] GET /resource_providers/946b4441-da88-4563-90e4-bdce848d7aed/aggregates => generated 235 bytes in 15 msecs (HTTP/1.1 404) 5 headers in 202 bytes (1 switches on core 0)
2026-06-09 23:35:32.020 8 INFO placement.requestlog [None req-d82ce9ae-c7cf-48ca-9835-64c5c629fde6 e8f107aa72da412bbc0ea8f7ee0c8c44 df347551ee27486e886162979334894a - - 64cb136663874edbac2ca97158871181 64cb136663874edbac2ca97158871181] 10.0.0.50 "GET /resource_providers/946b4441-da88-4563-90e4-bdce848d7aed/aggregates" status: 404 len: 235 microversion: 1.1 [pid: 8|app: 0|req: 420/838] 10.0.0.50 () {32 vars in 824 bytes} [Tue Jun 9 23:35:32 2026] GET /resource_providers/946b4441-da88-4563-90e4-bdce848d7aed/aggregates => generated 235 bytes in 17 msecs (HTTP/1.1 404) 5 headers in 202 bytes (1 switches on core 0)
2026-06-09 23:35:32.043 8 INFO placement.requestlog [None req-2b494df8-0b38-44c5-8a58-c54a577442b8 e8f107aa72da412bbc0ea8f7ee0c8c44 df347551ee27486e886162979334894a - - 64cb136663874edbac2ca97158871181 64cb136663874edbac2ca97158871181] 10.0.0.50 "DELETE /resource_providers/946b4441-da88-4563-90e4-bdce848d7aed" status: 404 len: 246 microversion: 1.1
2026-06-09 23:35:32.043 7 INFO placement.requestlog [None req-be7b493b-46b3-4e25-b93e-a1bc56a3a1e6 e8f107aa72da412bbc0ea8f7ee0c8c44 df347551ee27486e886162979334894a - - 64cb136663874edbac2ca97158871181 64cb136663874edbac2ca97158871181] 10.0.0.50 "DELETE /resource_providers/946b4441-da88-4563-90e4-bdce848d7aed" status: 404 len: 246 microversion: 1.1 [pid: 8|app: 0|req: 421/839] 10.0.0.50 () {34 vars in 824 bytes} [Tue Jun 9 23:35:32 2026] DELETE /resource_providers/946b4441-da88-4563-90e4-bdce848d7aed => generated 246 bytes in 13 msecs (HTTP/1.1 404) 6 headers in 231 bytes (1 switches on core 0) [pid: 7|app: 0|req: 419/840] 10.0.0.50 () {34 vars in 824 bytes} [Tue Jun 9 23:35:32 2026] DELETE /resource_providers/946b4441-da88-4563-90e4-bdce848d7aed => generated 246 bytes in 13 msecs (HTTP/1.1 404) 6 headers in 231 bytes (1 switches on core 0)
2026-06-09 23:35:32.443 7 INFO placement.requestlog [None req-efd67bf5-92b1-4b7a-9aaf-a8cd6924b5a8 - - - - - -] 10.0.0.84 "GET /" status: 200 len: 136 microversion: 1.0
2026-06-09 23:35:32.445 8 INFO placement.requestlog [None req-d99e9c6a-18f0-4810-b046-8ac5bf0ae0ad - - - - - -] 10.0.0.84 "GET /" status: 200 len: 136 microversion: 1.0
2026-06-09 23:35:35.837 7 INFO placement.requestlog [req-831453bc-bb65-4932-b606-c4759eb99e07 req-b1d14543-3a42-4544-b38d-4bf33cd9da92 978759a9116a425293e5405443e46a26 df347551ee27486e886162979334894a - - 64cb136663874edbac2ca97158871181 64cb136663874edbac2ca97158871181] 199.19.213.180 "GET /resource_providers/05175753-a771-4c1b-a3b3-fe1a0884c217/allocations" status: 200 len: 152 microversion: 1.0 [pid: 7|app: 0|req: 421/843] 199.19.213.180 () {32 vars in 857 bytes} [Tue Jun 9 23:35:35 2026] GET /resource_providers/05175753-a771-4c1b-a3b3-fe1a0884c217/allocations => generated 152 bytes in 231 msecs (HTTP/1.1 200) 6 headers in 224 bytes (1 switches on core 0)
2026-06-09 23:35:35.868 8 INFO placement.requestlog [req-831453bc-bb65-4932-b606-c4759eb99e07 req-a5be0950-be22-4619-81d7-e598cf434c99 978759a9116a425293e5405443e46a26 df347551ee27486e886162979334894a - - 64cb136663874edbac2ca97158871181 64cb136663874edbac2ca97158871181] 199.19.213.180 "GET /resource_providers?in_tree=05175753-a771-4c1b-a3b3-fe1a0884c217" status: 200 len: 797 microversion: 1.14 [pid: 8|app: 0|req: 423/844] 199.19.213.180 () {34 vars in 892 bytes} [Tue Jun 9 23:35:35 2026] GET /resource_providers?in_tree=05175753-a771-4c1b-a3b3-fe1a0884c217 => generated 797 bytes in 21 msecs (HTTP/1.1 200) 6 headers in 225 bytes (1 switches on core 0)
2026-06-09 23:35:35.896 7 INFO placement.requestlog [req-831453bc-bb65-4932-b606-c4759eb99e07 req-1fe3129f-64fd-48b2-bbd0-8ddc8fac2cba 978759a9116a425293e5405443e46a26 df347551ee27486e886162979334894a - - 64cb136663874edbac2ca97158871181 64cb136663874edbac2ca97158871181] 199.19.213.180 "GET /resource_providers/05175753-a771-4c1b-a3b3-fe1a0884c217/inventories" status: 200 len: 400 microversion: 1.0 [pid: 7|app: 0|req: 422/845] 199.19.213.180 () {32 vars in 857 bytes} [Tue Jun 9 23:35:35 2026] GET /resource_providers/05175753-a771-4c1b-a3b3-fe1a0884c217/inventories => generated 400 bytes in 20 msecs (HTTP/1.1 200) 6 headers in 224 bytes (1 switches on core 0)
2026-06-09 23:35:35.922 8 INFO placement.requestlog [req-831453bc-bb65-4932-b606-c4759eb99e07 req-de942d84-1153-46d3-b865-589da13124bc 978759a9116a425293e5405443e46a26 df347551ee27486e886162979334894a - - 64cb136663874edbac2ca97158871181 64cb136663874edbac2ca97158871181] 199.19.213.180 "GET /resource_providers/05175753-a771-4c1b-a3b3-fe1a0884c217/aggregates" status: 200 len: 53 microversion: 1.19 [pid: 8|app: 0|req: 424/846] 199.19.213.180 () {34 vars in 899 bytes} [Tue Jun 9 23:35:35 2026] GET /resource_providers/05175753-a771-4c1b-a3b3-fe1a0884c217/aggregates => generated 53 bytes in 16 msecs (HTTP/1.1 200) 8 headers in 295 bytes (1 switches on core 0)
2026-06-09 23:35:35.961 7 INFO placement.requestlog [req-831453bc-bb65-4932-b606-c4759eb99e07 req-8e1f75ad-3ae5-488f-9d5f-6e1a33015e4f 978759a9116a425293e5405443e46a26 df347551ee27486e886162979334894a - - 64cb136663874edbac2ca97158871181 64cb136663874edbac2ca97158871181] 199.19.213.180 "GET /resource_providers/05175753-a771-4c1b-a3b3-fe1a0884c217/traits" status: 200 len: 1752 microversion: 1.6 [pid: 7|app: 0|req: 423/847] 199.19.213.180 () {34 vars in 890 bytes} [Tue Jun 9 23:35:35 2026] GET /resource_providers/05175753-a771-4c1b-a3b3-fe1a0884c217/traits => generated 1752 bytes in 32 msecs (HTTP/1.1 200) 6 headers in 225 bytes (1 switches on core 0)
2026-06-09 23:35:35.999 8 INFO placement.requestlog [req-831453bc-bb65-4932-b606-c4759eb99e07 req-338bc21f-d468-4476-bacf-e037fb1ab1a0 978759a9116a425293e5405443e46a26 df347551ee27486e886162979334894a - - 64cb136663874edbac2ca97158871181 64cb136663874edbac2ca97158871181] 199.19.213.180 "GET /resource_providers/05175753-a771-4c1b-a3b3-fe1a0884c217/allocations" status: 200 len: 152 microversion: 1.0 [pid: 8|app: 0|req: 425/848] 199.19.213.180 () {32 vars in 857 bytes} [Tue Jun 9 23:35:35 2026] GET /resource_providers/05175753-a771-4c1b-a3b3-fe1a0884c217/allocations => generated 152 bytes in 26 msecs (HTTP/1.1 200) 6 headers in 224 bytes (1 switches on core 0)
2026-06-09 23:35:36.023 7 INFO placement.requestlog [req-831453bc-bb65-4932-b606-c4759eb99e07 req-d4c1d5e7-ba85-4598-854a-0768a1d68e88 978759a9116a425293e5405443e46a26 df347551ee27486e886162979334894a - - 64cb136663874edbac2ca97158871181 64cb136663874edbac2ca97158871181] 199.19.213.180 "GET /allocations/3dca9577-3801-4d19-88b2-e3cd36769c1c" status: 200 len: 257 microversion: 1.28 [pid: 7|app: 0|req: 424/849] 199.19.213.180 () {34 vars in 863 bytes} [Tue Jun 9 23:35:36 2026] GET /allocations/3dca9577-3801-4d19-88b2-e3cd36769c1c => generated 257 bytes in 16 msecs (HTTP/1.1 200) 8 headers in 296 bytes (1 switches on core 0)
2026-06-09 23:35:36.132 8 INFO placement.requestlog [req-b9eb377b-555e-4b2d-8b62-8541cdb6a1f6 req-761a61bb-05ea-450d-81c4-ab28731fe8af 978759a9116a425293e5405443e46a26 df347551ee27486e886162979334894a - - 64cb136663874edbac2ca97158871181 64cb136663874edbac2ca97158871181] 199.19.213.180 "GET /resource_providers/05175753-a771-4c1b-a3b3-fe1a0884c217/allocations" status: 200 len: 152 microversion: 1.0 [pid: 8|app: 0|req: 426/850] 199.19.213.180 () {32 vars in 857 bytes} [Tue Jun 9 23:35:36 2026] GET /resource_providers/05175753-a771-4c1b-a3b3-fe1a0884c217/allocations => generated 152 bytes in 21 msecs (HTTP/1.1 200) 6 headers in 224 bytes (1 switches on core 0)
2026-06-09 23:35:36.160 7 INFO placement.requestlog [req-b9eb377b-555e-4b2d-8b62-8541cdb6a1f6 req-1edcac25-aaf4-4971-a935-34d1586b6ec8 978759a9116a425293e5405443e46a26 df347551ee27486e886162979334894a - - 64cb136663874edbac2ca97158871181 64cb136663874edbac2ca97158871181] 199.19.213.180 "GET /allocations/3dca9577-3801-4d19-88b2-e3cd36769c1c" status: 200 len: 257 microversion: 1.28 [pid: 7|app: 0|req: 425/851] 199.19.213.180 () {34 vars in 863 bytes} [Tue Jun 9 23:35:36 2026] GET /allocations/3dca9577-3801-4d19-88b2-e3cd36769c1c => generated 257 bytes in 19 msecs (HTTP/1.1 200) 8 headers in 296 bytes (1 switches on core 0)
2026-06-09 23:35:36.236 8 INFO placement.requestlog [req-b9eb377b-555e-4b2d-8b62-8541cdb6a1f6 req-94163815-6679-46f1-82d3-3fc1e5d4588c 978759a9116a425293e5405443e46a26 df347551ee27486e886162979334894a - - 64cb136663874edbac2ca97158871181 64cb136663874edbac2ca97158871181] 199.19.213.180 "DELETE /allocations/3dca9577-3801-4d19-88b2-e3cd36769c1c" status: 204 len: 0 microversion: 1.0 [pid: 8|app: 0|req: 427/852] 199.19.213.180 () {34 vars in 841 bytes} [Tue Jun 9 23:35:36 2026] DELETE /allocations/3dca9577-3801-4d19-88b2-e3cd36769c1c => generated 0 bytes in 27 msecs (HTTP/1.1 204) 5 headers in 198 bytes (1 switches on core 0)
2026-06-09 23:35:37.890 7 INFO placement.requestlog [req-e2c34e18-1ec9-4d4a-b715-fc9c40371ce1 req-9ec2104c-20b2-4d15-96f7-0388954888f1 978759a9116a425293e5405443e46a26 df347551ee27486e886162979334894a - - 64cb136663874edbac2ca97158871181 64cb136663874edbac2ca97158871181] 10.0.0.218 "GET /allocation_candidates?limit=1000&resources=DISK_GB%3A1%2CMEMORY_MB%3A512%2CVCPU%3A1&root_required=%21COMPUTE_STATUS_DISABLED" status: 200 len: 2217 microversion: 1.36 [pid: 7|app: 0|req: 426/853] 10.0.0.218 () {34 vars in 1012 bytes} [Tue Jun 9 23:35:37 2026] GET /allocation_candidates?limit=1000&resources=DISK_GB%3A1%2CMEMORY_MB%3A512%2CVCPU%3A1&root_required=%21COMPUTE_STATUS_DISABLED => generated 2217 bytes in 78 msecs (HTTP/1.1 200) 8 headers in 297 bytes (1 switches on core 0)
2026-06-09 23:35:37.927 8 INFO placement.requestlog [req-e2c34e18-1ec9-4d4a-b715-fc9c40371ce1 req-f4e187d0-baa9-4278-86c0-cd53eff92728 978759a9116a425293e5405443e46a26 df347551ee27486e886162979334894a - - 64cb136663874edbac2ca97158871181 64cb136663874edbac2ca97158871181] 10.0.0.218 "GET /allocations/7dc21b23-90d4-410f-be7b-7ac558791cd4" status: 200 len: 19 microversion: 1.28 [pid: 8|app: 0|req: 428/854] 10.0.0.218 () {34 vars in 861 bytes} [Tue Jun 9 23:35:37 2026] GET /allocations/7dc21b23-90d4-410f-be7b-7ac558791cd4 => generated 19 bytes in 11 msecs (HTTP/1.1 200) 8 headers in 295 bytes (1 switches on core 0)
2026-06-09 23:35:38.011 7 INFO placement.requestlog [req-e2c34e18-1ec9-4d4a-b715-fc9c40371ce1 req-3f5326cb-104b-4b7e-aefb-910fbe3d4b27 978759a9116a425293e5405443e46a26 df347551ee27486e886162979334894a - - 64cb136663874edbac2ca97158871181 64cb136663874edbac2ca97158871181] 10.0.0.218 "PUT /allocations/7dc21b23-90d4-410f-be7b-7ac558791cd4" status: 204 len: 0 microversion: 1.36 [pid: 7|app: 0|req: 427/855] 10.0.0.218 () {38 vars in 914 bytes} [Tue Jun 9 23:35:37 2026] PUT /allocations/7dc21b23-90d4-410f-be7b-7ac558791cd4 => generated 0 bytes in 73 msecs (HTTP/1.1 204) 5 headers in 199 bytes (1 switches on core 0)
2026-06-09 23:35:38.288 8 INFO placement.requestlog [req-e2c34e18-1ec9-4d4a-b715-fc9c40371ce1 req-86bca8c7-50da-44a5-8577-07fb86cd5f09 978759a9116a425293e5405443e46a26 df347551ee27486e886162979334894a - - 64cb136663874edbac2ca97158871181 64cb136663874edbac2ca97158871181] 199.19.213.180 "GET /allocations/7dc21b23-90d4-410f-be7b-7ac558791cd4" status: 200 len: 257 microversion: 1.28 [pid: 8|app: 0|req: 429/856] 199.19.213.180 () {34 vars in 863 bytes} [Tue Jun 9 23:35:38 2026] GET /allocations/7dc21b23-90d4-410f-be7b-7ac558791cd4 => generated 257 bytes in 19 msecs (HTTP/1.1 200) 8 headers in 296 bytes (1 switches on core 0)
2026-06-09 23:35:38.418 7 INFO placement.requestlog [req-e2c34e18-1ec9-4d4a-b715-fc9c40371ce1 req-e954c16d-c47d-484b-a677-0a04953c25ea 978759a9116a425293e5405443e46a26 df347551ee27486e886162979334894a - - 64cb136663874edbac2ca97158871181 64cb136663874edbac2ca97158871181] 199.19.213.180 "GET /resource_providers/05175753-a771-4c1b-a3b3-fe1a0884c217/allocations" status: 200 len: 152 microversion: 1.0 [pid: 7|app: 0|req: 428/857] 199.19.213.180 () {32 vars in 857 bytes} [Tue Jun 9 23:35:38 2026] GET /resource_providers/05175753-a771-4c1b-a3b3-fe1a0884c217/allocations => generated 152 bytes in 30 msecs (HTTP/1.1 200) 6 headers in 224 bytes (1 switches on core 0)
