2026-04-29 02:38:04.084 8 INFO neutron.db.ovn_revision_numbers_db [None req-6fed0df7-6774-4390-ac75-6d2ef954afac 884974d3079548818360007af65a5a87 c9db0e60b08c4db3adf678fd8378d544 - - default default] Successfully bumped revision number for resource 655ca008-18a2-446d-89d6-447525174f9d (type: security_group_rules) to 0
2026-04-29 02:38:04.095 8 INFO neutron.db.ovn_revision_numbers_db [None req-6fed0df7-6774-4390-ac75-6d2ef954afac 884974d3079548818360007af65a5a87 c9db0e60b08c4db3adf678fd8378d544 - - default default] Successfully bumped revision number for resource aa2e56c4-719c-48b3-a37c-e162a7c70393 (type: security_group_rules) to 0
2026-04-29 02:38:04.106 8 INFO neutron.db.ovn_revision_numbers_db [None req-6fed0df7-6774-4390-ac75-6d2ef954afac 884974d3079548818360007af65a5a87 c9db0e60b08c4db3adf678fd8378d544 - - default default] Successfully bumped revision number for resource c9f26554-19bc-4825-a0ac-542f93b0d4ea (type: security_group_rules) to 0
2026-04-29 02:38:04.118 8 INFO neutron.db.ovn_revision_numbers_db [None req-6fed0df7-6774-4390-ac75-6d2ef954afac 884974d3079548818360007af65a5a87 c9db0e60b08c4db3adf678fd8378d544 - - default default] Successfully bumped revision number for resource ea9aff00-5d22-49b4-b6d0-f61b2087a65d (type: security_group_rules) to 0
2026-04-29 02:38:04.161 7 INFO neutron.db.ovn_revision_numbers_db [None req-82f4ec0d-79f3-4806-b056-b0e4926b2e0d 774417fb3dd246c98d6056a16b5cf60f b28475fa1ee64294851a44255fa69e25 - - default default] Successfully bumped revision number for resource b697cc6d-006c-4a3e-980c-00a97dd6d0ac (type: security_groups) to 1
2026-04-29 02:38:04.171 7 INFO neutron.db.ovn_revision_numbers_db [None req-82f4ec0d-79f3-4806-b056-b0e4926b2e0d 774417fb3dd246c98d6056a16b5cf60f b28475fa1ee64294851a44255fa69e25 - - default default] Successfully bumped revision number for resource 0448e666-066a-467d-9ee1-9bddd46957d2 (type: security_group_rules) to 0
2026-04-29 02:38:04.181 7 INFO neutron.db.ovn_revision_numbers_db [None req-82f4ec0d-79f3-4806-b056-b0e4926b2e0d 774417fb3dd246c98d6056a16b5cf60f b28475fa1ee64294851a44255fa69e25 - - default default] Successfully bumped revision number for resource 3b321aea-b115-48a7-9935-fd307fabacb9 (type: security_group_rules) to 0
2026-04-29 02:38:04.200 8 INFO neutron.db.segments_db [None req-6fed0df7-6774-4390-ac75-6d2ef954afac 884974d3079548818360007af65a5a87 c9db0e60b08c4db3adf678fd8378d544 - - default default] Added segment dbe873f0-b89c-43a1-8b0a-9c63d985dd9c of type geneve for network 91e8d30c-ba6e-47c7-97da-27a1adadad4f
2026-04-29 02:38:04.201 7 INFO neutron.db.ovn_revision_numbers_db [None req-82f4ec0d-79f3-4806-b056-b0e4926b2e0d 774417fb3dd246c98d6056a16b5cf60f b28475fa1ee64294851a44255fa69e25 - - default default] Successfully bumped revision number for resource 7f79358f-858f-4627-9c2b-f8433c1b146d (type: security_group_rules) to 0
2026-04-29 02:38:04.224 7 INFO neutron.db.ovn_revision_numbers_db [None req-82f4ec0d-79f3-4806-b056-b0e4926b2e0d 774417fb3dd246c98d6056a16b5cf60f b28475fa1ee64294851a44255fa69e25 - - default default] Successfully bumped revision number for resource f5708315-fbff-43fd-8782-3b026625e54a (type: security_group_rules) to 0 [pid: 7|app: 0|req: 831/1689] 10.0.0.88 () {32 vars in 773 bytes} [Wed Apr 29 02:38:03 2026] GET /v2.0/security-groups?tenant_id=4936aaa9bf2b4ff18756b1e23d43b875&name=default => generated 2925 bytes in 290 msecs (HTTP/1.1 200) 4 headers in 158 bytes (1 switches on core 0)
2026-04-29 02:38:04.318 8 INFO neutron.db.ovn_revision_numbers_db [None req-6fed0df7-6774-4390-ac75-6d2ef954afac 884974d3079548818360007af65a5a87 c9db0e60b08c4db3adf678fd8378d544 - - default default] Successfully bumped revision number for resource 91e8d30c-ba6e-47c7-97da-27a1adadad4f (type: networks) to 1 [pid: 7|app: 0|req: 832/1690] 10.0.0.88 () {32 vars in 672 bytes} [Wed Apr 29 02:38:04 2026] GET /v2.0/security-group-rules => generated 3560 bytes in 75 msecs (HTTP/1.1 200) 4 headers in 158 bytes (1 switches on core 0)
2026-04-29 02:38:04.501 8 WARNING neutron.scheduler.dhcp_agent_scheduler [None req-6fed0df7-6774-4390-ac75-6d2ef954afac 884974d3079548818360007af65a5a87 c9db0e60b08c4db3adf678fd8378d544 - - default default] No more DHCP agents
2026-04-29 02:38:04.503 8 WARNING neutron.api.rpc.agentnotifiers.dhcp_rpc_agent_api [None req-6fed0df7-6774-4390-ac75-6d2ef954afac 884974d3079548818360007af65a5a87 c9db0e60b08c4db3adf678fd8378d544 - - default default] Unable to schedule network 91e8d30c-ba6e-47c7-97da-27a1adadad4f: no agents available; will retry on subsequent port and subnet creation events.
2026-04-29 02:38:04.565 8 INFO neutron.plugins.ml2.drivers.ovn.mech_driver.mech_driver [None req-e27f6819-2376-48aa-983e-89e3e4d0d29d - - - - - -] OVN reports status down for port: c72a4d64-7a5a-4e13-8ba5-970b0f83510e
2026-04-29 02:38:04.642 8 INFO neutron.db.ovn_revision_numbers_db [None req-6fed0df7-6774-4390-ac75-6d2ef954afac 884974d3079548818360007af65a5a87 c9db0e60b08c4db3adf678fd8378d544 - - default default] Successfully bumped revision number for resource c72a4d64-7a5a-4e13-8ba5-970b0f83510e (type: ports) to 1 [pid: 8|app: 0|req: 859/1691] 10.0.0.88 () {34 vars in 669 bytes} [Wed Apr 29 02:38:03 2026] POST /v2.0/networks => generated 666 bytes in 1012 msecs (HTTP/1.1 201) 4 headers in 162 bytes (1 switches on core 0)
2026-04-29 02:38:04.722 7 INFO neutron.db.ovn_revision_numbers_db [None req-52c319cb-6e74-42d5-a8c1-3616067ae1f7 774417fb3dd246c98d6056a16b5cf60f b28475fa1ee64294851a44255fa69e25 - - default default] Successfully bumped revision number for resource 065f8660-b617-4ec1-89f1-758d8779fbcf (type: security_groups) to 1
2026-04-29 02:38:04.734 7 INFO neutron.db.ovn_revision_numbers_db [None req-52c319cb-6e74-42d5-a8c1-3616067ae1f7 774417fb3dd246c98d6056a16b5cf60f b28475fa1ee64294851a44255fa69e25 - - default default] Successfully bumped revision number for resource 4a5f5bc5-a3fc-4187-a93c-a5ad6a260098 (type: security_group_rules) to 0
2026-04-29 02:38:04.745 7 INFO neutron.db.ovn_revision_numbers_db [None req-52c319cb-6e74-42d5-a8c1-3616067ae1f7 774417fb3dd246c98d6056a16b5cf60f b28475fa1ee64294851a44255fa69e25 - - default default] Successfully bumped revision number for resource d43d275b-497a-4f2d-961e-d78667a00a58 (type: security_group_rules) to 0
2026-04-29 02:38:04.755 7 INFO neutron.db.ovn_revision_numbers_db [None req-52c319cb-6e74-42d5-a8c1-3616067ae1f7 774417fb3dd246c98d6056a16b5cf60f b28475fa1ee64294851a44255fa69e25 - - default default] Successfully bumped revision number for resource ef58ed29-8924-49bf-b5ea-c383c77639e0 (type: security_group_rules) to 0
2026-04-29 02:38:04.767 7 INFO neutron.db.ovn_revision_numbers_db [None req-52c319cb-6e74-42d5-a8c1-3616067ae1f7 774417fb3dd246c98d6056a16b5cf60f b28475fa1ee64294851a44255fa69e25 - - default default] Successfully bumped revision number for resource f9af076c-6b17-43e1-aee4-b308fa1e1563 (type: security_group_rules) to 0 [pid: 7|app: 0|req: 833/1692] 10.0.0.88 () {32 vars in 773 bytes} [Wed Apr 29 02:38:04 2026] GET /v2.0/security-groups?tenant_id=91ea5aa818c1400b9981ba7b9d9004b0&name=default => generated 2925 bytes in 446 msecs (HTTP/1.1 200) 4 headers in 158 bytes (1 switches on core 0) [pid: 7|app: 0|req: 834/1693] 10.0.0.88 () {32 vars in 739 bytes} [Wed Apr 29 02:38:04 2026] DELETE /v2.0/security-groups/de27b771-9b7a-4550-bf3c-febb80ce61c7 => generated 0 bytes in 159 msecs (HTTP/1.1 204) 2 headers in 112 bytes (1 switches on core 0) [pid: 8|app: 0|req: 860/1694] 10.0.0.88 () {32 vars in 739 bytes} [Wed Apr 29 02:38:04 2026] DELETE /v2.0/security-groups/b697cc6d-006c-4a3e-980c-00a97dd6d0ac => generated 0 bytes in 389 msecs (HTTP/1.1 204) 2 headers in 112 bytes (1 switches on core 0) [pid: 8|app: 0|req: 861/1695] 10.0.0.88 () {32 vars in 662 bytes} [Wed Apr 29 02:38:05 2026] GET /v2.0/security-groups => generated 2925 bytes in 50 msecs (HTTP/1.1 200) 4 headers in 158 bytes (1 switches on core 0) [pid: 7|app: 0|req: 835/1696] 10.0.0.88 () {32 vars in 739 bytes} [Wed Apr 29 02:38:04 2026] DELETE /v2.0/security-groups/065f8660-b617-4ec1-89f1-758d8779fbcf => generated 0 bytes in 188 msecs (HTTP/1.1 204) 2 headers in 112 bytes (1 switches on core 0) [pid: 8|app: 0|req: 862/1697] 10.0.0.88 () {32 vars in 662 bytes} [Wed Apr 29 02:38:05 2026] GET /v2.0/security-groups => generated 2925 bytes in 36 msecs (HTTP/1.1 200) 4 headers in 158 bytes (1 switches on core 0)
2026-04-29 02:38:05.326 7 WARNING neutron.scheduler.dhcp_agent_scheduler [None req-4974202b-7727-4d22-b106-35d08cedcab0 884974d3079548818360007af65a5a87 c9db0e60b08c4db3adf678fd8378d544 - - default default] No more DHCP agents
2026-04-29 02:38:05.329 7 WARNING neutron.api.rpc.agentnotifiers.dhcp_rpc_agent_api [None req-4974202b-7727-4d22-b106-35d08cedcab0 884974d3079548818360007af65a5a87 c9db0e60b08c4db3adf678fd8378d544 - - default default] Unable to schedule network 91e8d30c-ba6e-47c7-97da-27a1adadad4f: no agents available; will retry on subsequent port and subnet creation events.
2026-04-29 02:38:05.353 7 INFO neutron.db.ovn_revision_numbers_db [None req-4974202b-7727-4d22-b106-35d08cedcab0 884974d3079548818360007af65a5a87 c9db0e60b08c4db3adf678fd8378d544 - - default default] Successfully bumped revision number for resource 58a7996b-838d-4817-990a-42c09da86a74 (type: subnets) to 0 [pid: 7|app: 0|req: 836/1698] 10.0.0.88 () {34 vars in 668 bytes} [Wed Apr 29 02:38:05 2026] POST /v2.0/subnets => generated 673 bytes in 209 msecs (HTTP/1.1 201) 4 headers in 162 bytes (1 switches on core 0)
2026-04-29 02:38:05.458 8 INFO neutron.db.ovn_revision_numbers_db [None req-10fa159a-7e2b-4c94-9a3a-6ac21aae692d 774417fb3dd246c98d6056a16b5cf60f b28475fa1ee64294851a44255fa69e25 - - default default] Successfully bumped revision number for resource 9d4850c5-e8b5-4fa6-babf-e97f915a4eb2 (type: security_groups) to 1
2026-04-29 02:38:05.474 8 INFO neutron.db.ovn_revision_numbers_db [None req-10fa159a-7e2b-4c94-9a3a-6ac21aae692d 774417fb3dd246c98d6056a16b5cf60f b28475fa1ee64294851a44255fa69e25 - - default default] Successfully bumped revision number for resource 19a83c35-274a-4d79-a43b-3e6f95aa6924 (type: security_group_rules) to 0
2026-04-29 02:38:05.493 8 INFO neutron.db.ovn_revision_numbers_db [None req-10fa159a-7e2b-4c94-9a3a-6ac21aae692d 774417fb3dd246c98d6056a16b5cf60f b28475fa1ee64294851a44255fa69e25 - - default default] Successfully bumped revision number for resource 451406e3-536e-4e3b-80a3-27e5f8b79460 (type: security_group_rules) to 0
2026-04-29 02:38:05.531 7 INFO neutron.db.segments_db [None req-00093be2-7090-4e79-bcb5-6636b97746ed 884974d3079548818360007af65a5a87 c9db0e60b08c4db3adf678fd8378d544 - - default default] Added segment 8eac39c1-da07-4567-a511-5b9570204b87 of type geneve for network 45bb61ef-b446-464a-a5cb-4bf0b57afe65
2026-04-29 02:38:05.531 8 INFO neutron.db.ovn_revision_numbers_db [None req-10fa159a-7e2b-4c94-9a3a-6ac21aae692d 774417fb3dd246c98d6056a16b5cf60f b28475fa1ee64294851a44255fa69e25 - - default default] Successfully bumped revision number for resource 57b3f48a-50ec-4606-b5e7-02de5ebdd625 (type: security_group_rules) to 0
2026-04-29 02:38:05.545 8 INFO neutron.db.ovn_revision_numbers_db [None req-10fa159a-7e2b-4c94-9a3a-6ac21aae692d 774417fb3dd246c98d6056a16b5cf60f b28475fa1ee64294851a44255fa69e25 - - default default] Successfully bumped revision number for resource f8d85c6d-1b61-4094-91bb-e32d8fedf013 (type: security_group_rules) to 0 [pid: 8|app: 0|req: 863/1699] 10.0.0.88 () {32 vars in 773 bytes} [Wed Apr 29 02:38:05 2026] GET /v2.0/security-groups?tenant_id=7dca141c7c8a41e7a549f847d8d74101&name=default => generated 2925 bytes in 310 msecs (HTTP/1.1 200) 4 headers in 158 bytes (1 switches on core 0)
2026-04-29 02:38:05.656 7 INFO neutron.db.ovn_revision_numbers_db [None req-00093be2-7090-4e79-bcb5-6636b97746ed 884974d3079548818360007af65a5a87 c9db0e60b08c4db3adf678fd8378d544 - - default default] Successfully bumped revision number for resource 45bb61ef-b446-464a-a5cb-4bf0b57afe65 (type: networks) to 1
2026-04-29 02:38:05.822 7 WARNING neutron.scheduler.dhcp_agent_scheduler [None req-00093be2-7090-4e79-bcb5-6636b97746ed 884974d3079548818360007af65a5a87 c9db0e60b08c4db3adf678fd8378d544 - - default default] No more DHCP agents
2026-04-29 02:38:05.823 7 WARNING neutron.api.rpc.agentnotifiers.dhcp_rpc_agent_api [None req-00093be2-7090-4e79-bcb5-6636b97746ed 884974d3079548818360007af65a5a87 c9db0e60b08c4db3adf678fd8378d544 - - default default] Unable to schedule network 45bb61ef-b446-464a-a5cb-4bf0b57afe65: no agents available; will retry on subsequent port and subnet creation events. [pid: 8|app: 0|req: 864/1700] 10.0.0.88 () {32 vars in 739 bytes} [Wed Apr 29 02:38:05 2026] DELETE /v2.0/security-groups/9d4850c5-e8b5-4fa6-babf-e97f915a4eb2 => generated 0 bytes in 231 msecs (HTTP/1.1 204) 2 headers in 112 bytes (1 switches on core 0)
2026-04-29 02:38:05.890 8 INFO neutron.plugins.ml2.drivers.ovn.mech_driver.mech_driver [None req-e27f6819-2376-48aa-983e-89e3e4d0d29d - - - - - -] OVN reports status down for port: d2471fdc-0199-462c-9c66-9366a11afc49
2026-04-29 02:38:05.916 7 INFO neutron.db.ovn_revision_numbers_db [None req-00093be2-7090-4e79-bcb5-6636b97746ed 884974d3079548818360007af65a5a87 c9db0e60b08c4db3adf678fd8378d544 - - default default] Successfully bumped revision number for resource d2471fdc-0199-462c-9c66-9366a11afc49 (type: ports) to 1 [pid: 7|app: 0|req: 837/1701] 10.0.0.88 () {34 vars in 669 bytes} [Wed Apr 29 02:38:05 2026] POST /v2.0/networks => generated 666 bytes in 562 msecs (HTTP/1.1 201) 4 headers in 162 bytes (1 switches on core 0) [pid: 8|app: 0|req: 865/1702] 10.0.0.88 () {32 vars in 773 bytes} [Wed Apr 29 02:38:05 2026] GET /v2.0/security-groups?tenant_id=cbaeb4395b7b44fe8a72d055baa85238&name=default => generated 2925 bytes in 188 msecs (HTTP/1.1 200) 4 headers in 158 bytes (1 switches on core 0)
2026-04-29 02:38:06.085 7 INFO neutron.db.ovn_revision_numbers_db [None req-4aacadad-27da-4525-92ae-70fd336a8bf1 884974d3079548818360007af65a5a87 c9db0e60b08c4db3adf678fd8378d544 - - default default] Successfully bumped revision number for resource 45bb61ef-b446-464a-a5cb-4bf0b57afe65 (type: networks) to 2 [pid: 7|app: 0|req: 838/1703] 10.0.0.88 () {34 vars in 742 bytes} [Wed Apr 29 02:38:05 2026] PUT /v2.0/networks/45bb61ef-b446-464a-a5cb-4bf0b57afe65 => generated 636 bytes in 146 msecs (HTTP/1.1 200) 4 headers in 157 bytes (1 switches on core 0)
2026-04-29 02:38:06.295 7 WARNING neutron.scheduler.dhcp_agent_scheduler [None req-9f7425b9-37e5-49b4-a57d-a8ef9f977d18 884974d3079548818360007af65a5a87 c9db0e60b08c4db3adf678fd8378d544 - - default default] No more DHCP agents
2026-04-29 02:38:06.296 7 WARNING neutron.api.rpc.agentnotifiers.dhcp_rpc_agent_api [None req-9f7425b9-37e5-49b4-a57d-a8ef9f977d18 884974d3079548818360007af65a5a87 c9db0e60b08c4db3adf678fd8378d544 - - default default] Unable to schedule network 45bb61ef-b446-464a-a5cb-4bf0b57afe65: no agents available; will retry on subsequent port and subnet creation events. [pid: 8|app: 0|req: 866/1704] 10.0.0.88 () {32 vars in 739 bytes} [Wed Apr 29 02:38:06 2026] DELETE /v2.0/security-groups/191afbe5-c037-4f68-b336-6c369ad7a543 => generated 0 bytes in 285 msecs (HTTP/1.1 204) 2 headers in 112 bytes (1 switches on core 0)
2026-04-29 02:38:06.323 7 INFO neutron.db.ovn_revision_numbers_db [None req-9f7425b9-37e5-49b4-a57d-a8ef9f977d18 884974d3079548818360007af65a5a87 c9db0e60b08c4db3adf678fd8378d544 - - default default] Successfully bumped revision number for resource 22ee188a-22b6-45de-977b-31e9f3301a9c (type: subnets) to 0 [pid: 7|app: 0|req: 839/1705] 10.0.0.88 () {34 vars in 668 bytes} [Wed Apr 29 02:38:06 2026] POST /v2.0/subnets => generated 646 bytes in 241 msecs (HTTP/1.1 201) 4 headers in 162 bytes (1 switches on core 0)
2026-04-29 02:38:06.944 8 INFO neutron.db.ovn_revision_numbers_db [None req-1ed14056-591a-4a77-829d-109fc2f98745 - - - - - -] Successfully bumped revision number for resource d2471fdc-0199-462c-9c66-9366a11afc49 (type: ports) to 2
2026-04-29 02:38:06.988 8 INFO neutron.db.ovn_revision_numbers_db [None req-1ed14056-591a-4a77-829d-109fc2f98745 - - - - - -] Successfully bumped revision number for resource 22ee188a-22b6-45de-977b-31e9f3301a9c (type: subnets) to 1 [pid: 8|app: 0|req: 867/1706] 10.0.0.88 () {34 vars in 740 bytes} [Wed Apr 29 02:38:06 2026] PUT /v2.0/subnets/22ee188a-22b6-45de-977b-31e9f3301a9c => generated 656 bytes in 647 msecs (HTTP/1.1 200) 4 headers in 157 bytes (1 switches on core 0)
2026-04-29 02:38:07.162 7 INFO neutron_taas.services.taas.taas_plugin [None req-09a0025c-0da0-4322-b120-0e34d4502749 884974d3079548818360007af65a5a87 c9db0e60b08c4db3adf678fd8378d544 - - default default] TaaS: Handle Delete Port: d2471fdc-0199-462c-9c66-9366a11afc49
2026-04-29 02:38:07.164 7 INFO neutron_taas.services.taas.tap_mirror_plugin [None req-09a0025c-0da0-4322-b120-0e34d4502749 884974d3079548818360007af65a5a87 c9db0e60b08c4db3adf678fd8378d544 - - default default] Tap Mirror: Handle Delete Port: d2471fdc-0199-462c-9c66-9366a11afc49
2026-04-29 02:38:07.440 7 INFO neutron.services.segments.plugin [-] Segment 8eac39c1-da07-4567-a511-5b9570204b87 resource provider aggregate not found
2026-04-29 02:38:07.449 7 INFO neutron.services.segments.plugin [-] Segment 8eac39c1-da07-4567-a511-5b9570204b87 resource provider aggregate not found
2026-04-29 02:38:07.459 7 INFO neutron.services.segments.plugin [-] Segment 8eac39c1-da07-4567-a511-5b9570204b87 resource provider not found; error: Placement Client Error (4xx): {"errors": [{"status": 404, "title": "Not Found", "detail": "The resource could not be found.\n\n No resource provider with uuid 8eac39c1-da07-4567-a511-5b9570204b87 found for delete ", "request_id": "req-6c7d3d0d-3d9c-48c5-b8f7-c43b67a79abf"}]}
2026-04-29 02:38:07.466 7 INFO neutron.services.segments.plugin [-] Segment 8eac39c1-da07-4567-a511-5b9570204b87 resource provider not found; error: Placement Client Error (4xx): {"errors": [{"status": 404, "title": "Not Found", "detail": "The resource could not be found.\n\n No resource provider with uuid 8eac39c1-da07-4567-a511-5b9570204b87 found for delete ", "request_id": "req-f0d79e9b-bb4a-4f9a-86a1-76a96cc89c7f"}]} [pid: 7|app: 0|req: 840/1707] 10.0.0.88 () {32 vars in 725 bytes} [Wed Apr 29 02:38:07 2026] DELETE /v2.0/networks/45bb61ef-b446-464a-a5cb-4bf0b57afe65 => generated 0 bytes in 472 msecs (HTTP/1.1 204) 3 headers in 131 bytes (1 switches on core 0)
2026-04-29 02:38:07.502 8 INFO neutron.pecan_wsgi.hooks.translation [None req-be854a35-8284-4ba2-946e-8a3cb230039d 884974d3079548818360007af65a5a87 c9db0e60b08c4db3adf678fd8378d544 - - default default] DELETE failed (client error): The resource could not be found. [pid: 8|app: 0|req: 868/1708] 10.0.0.88 () {32 vars in 725 bytes} [Wed Apr 29 02:38:07 2026] DELETE /v2.0/networks/45bb61ef-b446-464a-a5cb-4bf0b57afe65 => generated 138 bytes in 15 msecs (HTTP/1.1 404) 4 headers in 164 bytes (1 switches on core 0) [pid: 7|app: 0|req: 841/1709] 10.0.0.88 () {32 vars in 693 bytes} [Wed Apr 29 02:38:07 2026] GET /v2.0/networks?router%3Aexternal=True => generated 689 bytes in 50 msecs (HTTP/1.1 200) 4 headers in 157 bytes (1 switches on core 0) [pid: 8|app: 0|req: 869/1710] 10.0.0.88 () {32 vars in 741 bytes} [Wed Apr 29 02:38:07 2026] GET /v2.0/subnets?network_id=bde7b33f-4a7b-401d-b083-c45379f9439c => generated 649 bytes in 37 msecs (HTTP/1.1 200) 4 headers in 157 bytes (1 switches on core 0) [pid: 8|app: 0|req: 870/1711] 10.0.0.88 () {32 vars in 652 bytes} [Wed Apr 29 02:38:07 2026] GET /v2.0/extensions => generated 20541 bytes in 8 msecs (HTTP/1.1 200) 4 headers in 159 bytes (1 switches on core 0) [pid: 8|app: 0|req: 871/1712] 10.0.0.88 () {32 vars in 648 bytes} [Wed Apr 29 02:38:07 2026] GET /v2.0/networks => generated 1388 bytes in 77 msecs (HTTP/1.1 200) 4 headers in 158 bytes (1 switches on core 0) [pid: 8|app: 0|req: 872/1713] 10.0.0.88 () {32 vars in 646 bytes} [Wed Apr 29 02:38:07 2026] GET /v2.0/subnets => generated 1312 bytes in 50 msecs (HTTP/1.1 200) 4 headers in 158 bytes (1 switches on core 0) [pid: 8|app: 0|req: 873/1714] 10.0.0.88 () {32 vars in 722 bytes} [Wed Apr 29 02:38:07 2026] GET /v2.0/networks/91e8d30c-ba6e-47c7-97da-27a1adadad4f => generated 710 bytes in 34 msecs (HTTP/1.1 200) 4 headers in 157 bytes (1 switches on core 0) [pid: 8|app: 0|req: 874/1715] 10.0.0.88 () {32 vars in 720 bytes} [Wed Apr 29 02:38:07 2026] GET /v2.0/subnets/58a7996b-838d-4817-990a-42c09da86a74 => generated 673 bytes in 31 msecs (HTTP/1.1 200) 4 headers in 157 bytes (1 switches on core 0)
2026-04-29 02:38:07.854 7 INFO neutron.db.ovn_revision_numbers_db [None req-7a66f0d5-068b-43dd-a5b7-492bbaea59ee 28f984e3a13e43d79df1870b8803c912 6b204930739142aa95b790311c32aa59 - - default default] Successfully bumped revision number for resource 92267590-7897-47ef-b3dd-bd0e7ab61425 (type: security_groups) to 1
2026-04-29 02:38:07.860 8 INFO neutron.pecan_wsgi.hooks.translation [None req-df48ba1d-4939-4f36-9b04-ae308d0deb71 884974d3079548818360007af65a5a87 c9db0e60b08c4db3adf678fd8378d544 - - default default] DELETE failed (client error): The resource could not be found. [pid: 8|app: 0|req: 875/1716] 10.0.0.88 () {32 vars in 723 bytes} [Wed Apr 29 02:38:07 2026] DELETE /v2.0/subnets/22ee188a-22b6-45de-977b-31e9f3301a9c => generated 136 bytes in 17 msecs (HTTP/1.1 404) 4 headers in 164 bytes (1 switches on core 0)
2026-04-29 02:38:07.869 7 INFO neutron.db.ovn_revision_numbers_db [None req-7a66f0d5-068b-43dd-a5b7-492bbaea59ee 28f984e3a13e43d79df1870b8803c912 6b204930739142aa95b790311c32aa59 - - default default] Successfully bumped revision number for resource 2efb99f6-9889-4467-a41b-4fd7180ff924 (type: security_group_rules) to 0
2026-04-29 02:38:07.874 8 INFO neutron.pecan_wsgi.hooks.translation [None req-37e8b036-46a5-4878-9006-bffc512f6668 884974d3079548818360007af65a5a87 c9db0e60b08c4db3adf678fd8378d544 - - default default] DELETE failed (client error): The resource could not be found. [pid: 8|app: 0|req: 876/1717] 10.0.0.88 () {32 vars in 725 bytes} [Wed Apr 29 02:38:07 2026] DELETE /v2.0/networks/45bb61ef-b446-464a-a5cb-4bf0b57afe65 => generated 138 bytes in 10 msecs (HTTP/1.1 404) 4 headers in 164 bytes (1 switches on core 0)
2026-04-29 02:38:07.881 7 INFO neutron.db.ovn_revision_numbers_db [None req-7a66f0d5-068b-43dd-a5b7-492bbaea59ee 28f984e3a13e43d79df1870b8803c912 6b204930739142aa95b790311c32aa59 - - default default] Successfully bumped revision number for resource 47023d9e-1252-4b21-8255-1bcca690af2b (type: security_group_rules) to 0
2026-04-29 02:38:07.895 7 INFO neutron.db.ovn_revision_numbers_db [None req-7a66f0d5-068b-43dd-a5b7-492bbaea59ee 28f984e3a13e43d79df1870b8803c912 6b204930739142aa95b790311c32aa59 - - default default] Successfully bumped revision number for resource 657964b2-fc2f-40cb-9cad-584a145c61c2 (type: security_group_rules) to 0
2026-04-29 02:38:07.906 7 INFO neutron.db.ovn_revision_numbers_db [None req-7a66f0d5-068b-43dd-a5b7-492bbaea59ee 28f984e3a13e43d79df1870b8803c912 6b204930739142aa95b790311c32aa59 - - default default] Successfully bumped revision number for resource 79ea043e-cdba-4ab1-85e4-7505d44c40b5 (type: security_group_rules) to 0
2026-04-29 02:38:07.974 7 INFO neutron.db.segments_db [None req-7a66f0d5-068b-43dd-a5b7-492bbaea59ee 28f984e3a13e43d79df1870b8803c912 6b204930739142aa95b790311c32aa59 - - default default] Added segment 4c83790e-2b7e-4501-96b2-1f06025c57e2 of type geneve for network 3c411e8f-9a1e-4293-a6e1-411dbab09e55 [pid: 8|app: 0|req: 877/1718] 10.0.0.88 () {32 vars in 723 bytes} [Wed Apr 29 02:38:07 2026] DELETE /v2.0/subnets/58a7996b-838d-4817-990a-42c09da86a74 => generated 0 bytes in 165 msecs (HTTP/1.1 204) 3 headers in 131 bytes (1 switches on core 0)
2026-04-29 02:38:08.095 7 INFO neutron.db.ovn_revision_numbers_db [None req-7a66f0d5-068b-43dd-a5b7-492bbaea59ee 28f984e3a13e43d79df1870b8803c912 6b204930739142aa95b790311c32aa59 - - default default] Successfully bumped revision number for resource 3c411e8f-9a1e-4293-a6e1-411dbab09e55 (type: networks) to 1
2026-04-29 02:38:08.200 8 INFO neutron_taas.services.taas.taas_plugin [None req-ab7127b0-2b9a-4058-b152-ae8fda66809b 884974d3079548818360007af65a5a87 c9db0e60b08c4db3adf678fd8378d544 - - default default] TaaS: Handle Delete Port: c72a4d64-7a5a-4e13-8ba5-970b0f83510e
2026-04-29 02:38:08.204 8 INFO neutron_taas.services.taas.tap_mirror_plugin [None req-ab7127b0-2b9a-4058-b152-ae8fda66809b 884974d3079548818360007af65a5a87 c9db0e60b08c4db3adf678fd8378d544 - - default default] Tap Mirror: Handle Delete Port: c72a4d64-7a5a-4e13-8ba5-970b0f83510e
2026-04-29 02:38:08.244 7 WARNING neutron.scheduler.dhcp_agent_scheduler [None req-7a66f0d5-068b-43dd-a5b7-492bbaea59ee 28f984e3a13e43d79df1870b8803c912 6b204930739142aa95b790311c32aa59 - - default default] No more DHCP agents
2026-04-29 02:38:08.245 7 WARNING neutron.api.rpc.agentnotifiers.dhcp_rpc_agent_api [None req-7a66f0d5-068b-43dd-a5b7-492bbaea59ee 28f984e3a13e43d79df1870b8803c912 6b204930739142aa95b790311c32aa59 - - default default] Unable to schedule network 3c411e8f-9a1e-4293-a6e1-411dbab09e55: no agents available; will retry on subsequent port and subnet creation events.
2026-04-29 02:38:08.312 8 INFO neutron.plugins.ml2.drivers.ovn.mech_driver.mech_driver [None req-e27f6819-2376-48aa-983e-89e3e4d0d29d - - - - - -] OVN reports status down for port: d265de74-4653-4331-bb46-d78b4b592095
2026-04-29 02:38:08.315 7 INFO neutron.db.ovn_revision_numbers_db [None req-7a66f0d5-068b-43dd-a5b7-492bbaea59ee 28f984e3a13e43d79df1870b8803c912 6b204930739142aa95b790311c32aa59 - - default default] Successfully bumped revision number for resource d265de74-4653-4331-bb46-d78b4b592095 (type: ports) to 1 [pid: 7|app: 0|req: 842/1719] 10.0.0.88 () {34 vars in 669 bytes} [Wed Apr 29 02:38:07 2026] POST /v2.0/networks => generated 669 bytes in 769 msecs (HTTP/1.1 201) 4 headers in 162 bytes (1 switches on core 0)
2026-04-29 02:38:08.456 8 INFO neutron.services.segments.plugin [-] Segment dbe873f0-b89c-43a1-8b0a-9c63d985dd9c resource provider aggregate not found
2026-04-29 02:38:08.461 8 INFO neutron.services.segments.plugin [-] Segment dbe873f0-b89c-43a1-8b0a-9c63d985dd9c resource provider aggregate not found
2026-04-29 02:38:08.482 8 INFO neutron.services.segments.plugin [-] Segment dbe873f0-b89c-43a1-8b0a-9c63d985dd9c resource provider not found; error: Placement Client Error (4xx): {"errors": [{"status": 404, "title": "Not Found", "detail": "The resource could not be found.\n\n No resource provider with uuid dbe873f0-b89c-43a1-8b0a-9c63d985dd9c found for delete ", "request_id": "req-f635a406-99d6-4812-a663-98873dd59a11"}]}
2026-04-29 02:38:08.485 8 INFO neutron.services.segments.plugin [-] Segment dbe873f0-b89c-43a1-8b0a-9c63d985dd9c resource provider not found; error: Placement Client Error (4xx): {"errors": [{"status": 404, "title": "Not Found", "detail": "The resource could not be found.\n\n No resource provider with uuid dbe873f0-b89c-43a1-8b0a-9c63d985dd9c found for delete ", "request_id": "req-179b3645-1446-4ba4-b85f-a7abcc8cd78c"}]} [pid: 8|app: 0|req: 878/1720] 10.0.0.88 () {32 vars in 725 bytes} [Wed Apr 29 02:38:08 2026] DELETE /v2.0/networks/91e8d30c-ba6e-47c7-97da-27a1adadad4f => generated 0 bytes in 462 msecs (HTTP/1.1 204) 3 headers in 131 bytes (1 switches on core 0)
2026-04-29 02:38:08.681 7 WARNING neutron.scheduler.dhcp_agent_scheduler [None req-e2d6dd24-ef05-4f43-9618-e2c96fa0b874 146a039f20504e6895b72ceb78301a31 9738bbcb2dad4a78b1f663f47414ba5c - - default default] No more DHCP agents
2026-04-29 02:38:08.682 7 WARNING neutron.api.rpc.agentnotifiers.dhcp_rpc_agent_api [None req-e2d6dd24-ef05-4f43-9618-e2c96fa0b874 146a039f20504e6895b72ceb78301a31 9738bbcb2dad4a78b1f663f47414ba5c - - default default] Unable to schedule network bde7b33f-4a7b-401d-b083-c45379f9439c: no agents available; will retry on subsequent port and subnet creation events.
2026-04-29 02:38:08.699 8 WARNING neutron.scheduler.dhcp_agent_scheduler [None req-dc98f129-9c39-4f02-8d5c-d176ec3c6578 28f984e3a13e43d79df1870b8803c912 6b204930739142aa95b790311c32aa59 - - default default] No more DHCP agents
2026-04-29 02:38:08.701 8 WARNING neutron.api.rpc.agentnotifiers.dhcp_rpc_agent_api [None req-dc98f129-9c39-4f02-8d5c-d176ec3c6578 28f984e3a13e43d79df1870b8803c912 6b204930739142aa95b790311c32aa59 - - default default] Unable to schedule network 3c411e8f-9a1e-4293-a6e1-411dbab09e55: no agents available; will retry on subsequent port and subnet creation events.
2026-04-29 02:38:08.724 8 INFO neutron.db.ovn_revision_numbers_db [None req-dc98f129-9c39-4f02-8d5c-d176ec3c6578 28f984e3a13e43d79df1870b8803c912 6b204930739142aa95b790311c32aa59 - - default default] Successfully bumped revision number for resource 80e2b578-a337-4150-ab42-13d3ee551a7f (type: subnets) to 0 [pid: 8|app: 0|req: 879/1721] 10.0.0.88 () {34 vars in 668 bytes} [Wed Apr 29 02:38:08 2026] POST /v2.0/subnets => generated 627 bytes in 242 msecs (HTTP/1.1 201) 4 headers in 162 bytes (1 switches on core 0) [pid: 7|app: 0|req: 843/1722] 10.0.0.88 () {34 vars in 675 bytes} [Wed Apr 29 02:38:08 2026] POST /v2.0/floatingips => generated 552 bytes in 601 msecs (HTTP/1.1 201) 4 headers in 162 bytes (1 switches on core 0) [pid: 7|app: 0|req: 844/1723] 10.0.0.88 () {34 vars in 758 bytes} [Wed Apr 29 02:38:08 2026] PUT /v2.0/floatingips/a5f73acd-f781-4a25-990f-5feca157eb3c/tags => generated 25 bytes in 61 msecs (HTTP/1.1 200) 4 headers in 156 bytes (1 switches on core 0)
2026-04-29 02:38:09.115 8 WARNING neutron.scheduler.dhcp_agent_scheduler [None req-36452ab0-a117-4970-9620-80e549f5958c 28f984e3a13e43d79df1870b8803c912 6b204930739142aa95b790311c32aa59 - - default default] No more DHCP agents
2026-04-29 02:38:09.117 8 WARNING neutron.api.rpc.agentnotifiers.dhcp_rpc_agent_api [None req-36452ab0-a117-4970-9620-80e549f5958c 28f984e3a13e43d79df1870b8803c912 6b204930739142aa95b790311c32aa59 - - default default] Unable to schedule network bde7b33f-4a7b-401d-b083-c45379f9439c: no agents available; will retry on subsequent port and subnet creation events. [pid: 7|app: 0|req: 845/1724] 10.0.0.88 () {32 vars in 773 bytes} [Wed Apr 29 02:38:09 2026] GET /v2.0/security-groups?tenant_id=c9db0e60b08c4db3adf678fd8378d544&name=default => generated 2925 bytes in 112 msecs (HTTP/1.1 200) 4 headers in 158 bytes (1 switches on core 0) [pid: 7|app: 0|req: 846/1725] 10.0.0.88 () {32 vars in 738 bytes} [Wed Apr 29 02:38:09 2026] GET /v2.0/floatingips/a5f73acd-f781-4a25-990f-5feca157eb3c/tags => generated 25 bytes in 42 msecs (HTTP/1.1 200) 4 headers in 156 bytes (1 switches on core 0)
2026-04-29 02:38:09.219 8 INFO neutron.plugins.ml2.drivers.ovn.mech_driver.mech_driver [None req-e27f6819-2376-48aa-983e-89e3e4d0d29d - - - - - -] OVN reports status down for port: bafb5680-5612-4537-a918-44ff3fee0754
2026-04-29 02:38:09.270 8 INFO neutron.db.ovn_revision_numbers_db [None req-36452ab0-a117-4970-9620-80e549f5958c 28f984e3a13e43d79df1870b8803c912 6b204930739142aa95b790311c32aa59 - - default default] Successfully bumped revision number for resource bafb5680-5612-4537-a918-44ff3fee0754 (type: ports) to 1 [pid: 7|app: 0|req: 847/1726] 10.0.0.88 () {32 vars in 739 bytes} [Wed Apr 29 02:38:09 2026] DELETE /v2.0/security-groups/7db7ca98-5cff-40a8-881e-185d2ddfc283 => generated 0 bytes in 216 msecs (HTTP/1.1 204) 2 headers in 112 bytes (1 switches on core 0) [pid: 7|app: 0|req: 848/1727] 10.0.0.88 () {34 vars in 769 bytes} [Wed Apr 29 02:38:09 2026] PUT /v2.0/floatingips/a5f73acd-f781-4a25-990f-5feca157eb3c/tags/green => generated 4 bytes in 66 msecs (HTTP/1.1 201) 4 headers in 160 bytes (1 switches on core 0) [pid: 7|app: 0|req: 849/1728] 10.0.0.88 () {32 vars in 738 bytes} [Wed Apr 29 02:38:09 2026] GET /v2.0/floatingips/a5f73acd-f781-4a25-990f-5feca157eb3c/tags => generated 34 bytes in 34 msecs (HTTP/1.1 200) 4 headers in 156 bytes (1 switches on core 0) [pid: 7|app: 0|req: 850/1729] 10.0.0.88 () {34 vars in 765 bytes} [Wed Apr 29 02:38:09 2026] PUT /v2.0/floatingips/a5f73acd-f781-4a25-990f-5feca157eb3c/tags/red => generated 4 bytes in 49 msecs (HTTP/1.1 201) 4 headers in 160 bytes (1 switches on core 0) [pid: 7|app: 0|req: 851/1730] 10.0.0.88 () {32 vars in 738 bytes} [Wed Apr 29 02:38:09 2026] GET /v2.0/floatingips/a5f73acd-f781-4a25-990f-5feca157eb3c/tags => generated 34 bytes in 41 msecs (HTTP/1.1 200) 4 headers in 156 bytes (1 switches on core 0) [pid: 7|app: 0|req: 852/1731] 10.0.0.88 () {34 vars in 787 bytes} [Wed Apr 29 02:38:09 2026] PUT /v2.0/floatingips/a5f73acd-f781-4a25-990f-5feca157eb3c/tags/black.or.white => generated 4 bytes in 66 msecs (HTTP/1.1 201) 4 headers in 160 bytes (1 switches on core 0) [pid: 7|app: 0|req: 853/1732] 10.0.0.88 () {32 vars in 738 bytes} [Wed Apr 29 02:38:09 2026] GET /v2.0/floatingips/a5f73acd-f781-4a25-990f-5feca157eb3c/tags => generated 52 bytes in 39 msecs (HTTP/1.1 200) 4 headers in 156 bytes (1 switches on core 0) [pid: 7|app: 0|req: 854/1733] 10.0.0.88 () {34 vars in 758 bytes} [Wed Apr 29 02:38:09 2026] PUT /v2.0/floatingips/a5f73acd-f781-4a25-990f-5feca157eb3c/tags => generated 37 bytes in 58 msecs (HTTP/1.1 200) 4 headers in 156 bytes (1 switches on core 0) [pid: 7|app: 0|req: 855/1734] 10.0.0.88 () {32 vars in 738 bytes} [Wed Apr 29 02:38:09 2026] GET /v2.0/floatingips/a5f73acd-f781-4a25-990f-5feca157eb3c/tags => generated 37 bytes in 43 msecs (HTTP/1.1 200) 4 headers in 156 bytes (1 switches on core 0) [pid: 7|app: 0|req: 856/1735] 10.0.0.88 () {32 vars in 746 bytes} [Wed Apr 29 02:38:09 2026] GET /v2.0/floatingips/a5f73acd-f781-4a25-990f-5feca157eb3c/tags/red => generated 0 bytes in 46 msecs (HTTP/1.1 204) 2 headers in 112 bytes (1 switches on core 0)
2026-04-29 02:38:09.906 8 INFO neutron.plugins.ml2.drivers.ovn.mech_driver.ovsdb.commands [None req-27ba18e2-d01e-4bbc-b878-5a65f5998a15 - - - - - -] Schedule LRP lrp-bafb5680-5612-4537-a918-44ff3fee0754 on gateway 9446ce27-c901-446b-b12c-92e7358343b7 with priority 1
2026-04-29 02:38:09.919 7 INFO neutron.api.v2.resource [None req-46afa2c3-a09f-4911-b6bd-2d10db7beb6a 146a039f20504e6895b72ceb78301a31 9738bbcb2dad4a78b1f663f47414ba5c - - default default] show failed (client error): The resource could not be found. [pid: 7|app: 0|req: 857/1736] 10.0.0.88 () {32 vars in 750 bytes} [Wed Apr 29 02:38:09 2026] GET /v2.0/floatingips/a5f73acd-f781-4a25-990f-5feca157eb3c/tags/green => generated 99 bytes in 50 msecs (HTTP/1.1 404) 4 headers in 163 bytes (1 switches on core 0)
2026-04-29 02:38:09.949 8 INFO neutron.plugins.ml2.drivers.ovn.mech_driver.mech_driver [None req-e27f6819-2376-48aa-983e-89e3e4d0d29d - - - - - -] OVN reports status up for port: bafb5680-5612-4537-a918-44ff3fee0754
2026-04-29 02:38:09.970 8 INFO neutron.plugins.ml2.plugin [None req-e27f6819-2376-48aa-983e-89e3e4d0d29d - - - - - -] Attempt 1 to provision port bafb5680-5612-4537-a918-44ff3fee0754
2026-04-29 02:38:09.997 8 INFO neutron.db.ovn_revision_numbers_db [None req-36452ab0-a117-4970-9620-80e549f5958c 28f984e3a13e43d79df1870b8803c912 6b204930739142aa95b790311c32aa59 - - default default] Successfully bumped revision number for resource bafb5680-5612-4537-a918-44ff3fee0754 (type: router_ports) to 1 [pid: 7|app: 0|req: 858/1737] 10.0.0.88 () {32 vars in 749 bytes} [Wed Apr 29 02:38:09 2026] DELETE /v2.0/floatingips/a5f73acd-f781-4a25-990f-5feca157eb3c/tags/red => generated 0 bytes in 73 msecs (HTTP/1.1 204) 2 headers in 112 bytes (1 switches on core 0) [pid: 7|app: 0|req: 859/1738] 10.0.0.88 () {32 vars in 738 bytes} [Wed Apr 29 02:38:10 2026] GET /v2.0/floatingips/a5f73acd-f781-4a25-990f-5feca157eb3c/tags => generated 30 bytes in 48 msecs (HTTP/1.1 200) 4 headers in 156 bytes (1 switches on core 0)
2026-04-29 02:38:10.090 8 INFO neutron.db.ovn_revision_numbers_db [None req-36452ab0-a117-4970-9620-80e549f5958c 28f984e3a13e43d79df1870b8803c912 6b204930739142aa95b790311c32aa59 - - default default] Successfully bumped revision number for resource 331b3eac-cc74-4d29-b931-484e8be4dbba (type: routers) to 2
2026-04-29 02:38:10.096 7 INFO neutron.api.v2.resource [None req-d092a365-f1d5-4526-9303-a02ac67fd2d0 146a039f20504e6895b72ceb78301a31 9738bbcb2dad4a78b1f663f47414ba5c - - default default] delete failed (client error): The resource could not be found. [pid: 7|app: 0|req: 860/1739] 10.0.0.88 () {32 vars in 753 bytes} [Wed Apr 29 02:38:10 2026] DELETE /v2.0/floatingips/a5f73acd-f781-4a25-990f-5feca157eb3c/tags/green => generated 99 bytes in 39 msecs (HTTP/1.1 404) 4 headers in 163 bytes (1 switches on core 0) [pid: 8|app: 0|req: 880/1740] 10.0.0.88 () {34 vars in 668 bytes} [Wed Apr 29 02:38:08 2026] POST /v2.0/routers => generated 955 bytes in 1360 msecs (HTTP/1.1 201) 4 headers in 162 bytes (1 switches on core 0) [pid: 7|app: 0|req: 861/1741] 10.0.0.88 () {32 vars in 741 bytes} [Wed Apr 29 02:38:10 2026] DELETE /v2.0/floatingips/a5f73acd-f781-4a25-990f-5feca157eb3c/tags => generated 0 bytes in 58 msecs (HTTP/1.1 204) 2 headers in 112 bytes (1 switches on core 0) [pid: 7|app: 0|req: 862/1742] 10.0.0.88 () {32 vars in 738 bytes} [Wed Apr 29 02:38:10 2026] GET /v2.0/floatingips/a5f73acd-f781-4a25-990f-5feca157eb3c/tags => generated 12 bytes in 38 msecs (HTTP/1.1 200) 4 headers in 156 bytes (1 switches on core 0)
2026-04-29 02:38:10.302 7 INFO neutron_taas.services.taas.taas_plugin [None req-6d8378ab-483c-45fb-9348-971687d89939 146a039f20504e6895b72ceb78301a31 9738bbcb2dad4a78b1f663f47414ba5c - - default default] TaaS: Handle Delete Port: 7e706a24-53ed-415c-8b4a-1a4dd7a11dc7
2026-04-29 02:38:10.305 7 INFO neutron_taas.services.taas.tap_mirror_plugin [None req-6d8378ab-483c-45fb-9348-971687d89939 146a039f20504e6895b72ceb78301a31 9738bbcb2dad4a78b1f663f47414ba5c - - default default] Tap Mirror: Handle Delete Port: 7e706a24-53ed-415c-8b4a-1a4dd7a11dc7 [pid: 7|app: 0|req: 863/1743] 10.0.0.88 () {32 vars in 731 bytes} [Wed Apr 29 02:38:10 2026] DELETE /v2.0/floatingips/a5f73acd-f781-4a25-990f-5feca157eb3c => generated 0 bytes in 232 msecs (HTTP/1.1 204) 2 headers in 112 bytes (1 switches on core 0)
2026-04-29 02:38:10.604 8 WARNING neutron.scheduler.dhcp_agent_scheduler [None req-a4ba7c67-30fa-4b37-acab-0f0386716e10 28f984e3a13e43d79df1870b8803c912 6b204930739142aa95b790311c32aa59 - - default default] No more DHCP agents
2026-04-29 02:38:10.605 8 WARNING neutron.api.rpc.agentnotifiers.dhcp_rpc_agent_api [None req-a4ba7c67-30fa-4b37-acab-0f0386716e10 28f984e3a13e43d79df1870b8803c912 6b204930739142aa95b790311c32aa59 - - default default] Unable to schedule network 3c411e8f-9a1e-4293-a6e1-411dbab09e55: no agents available; will retry on subsequent port and subnet creation events.
2026-04-29 02:38:10.757 8 INFO neutron.db.ovn_revision_numbers_db [None req-a4ba7c67-30fa-4b37-acab-0f0386716e10 28f984e3a13e43d79df1870b8803c912 6b204930739142aa95b790311c32aa59 - - default default] Successfully bumped revision number for resource 8db22805-1594-4e1d-bf43-096bae55c055 (type: ports) to 1
2026-04-29 02:38:10.821 7 INFO neutron.db.ovn_revision_numbers_db [None req-4b8c4948-4d75-4d98-a7fd-11dd77ab3bb7 774417fb3dd246c98d6056a16b5cf60f b28475fa1ee64294851a44255fa69e25 - - default default] Successfully bumped revision number for resource b8e2e91f-4c2a-48fd-8264-7125eccc56ef (type: security_groups) to 1
2026-04-29 02:38:10.832 7 INFO neutron.db.ovn_revision_numbers_db [None req-4b8c4948-4d75-4d98-a7fd-11dd77ab3bb7 774417fb3dd246c98d6056a16b5cf60f b28475fa1ee64294851a44255fa69e25 - - default default] Successfully bumped revision number for resource 26f0fc56-1329-4df6-b9c6-dd1de02b76e0 (type: security_group_rules) to 0
2026-04-29 02:38:10.847 7 INFO neutron.db.ovn_revision_numbers_db [None req-4b8c4948-4d75-4d98-a7fd-11dd77ab3bb7 774417fb3dd246c98d6056a16b5cf60f b28475fa1ee64294851a44255fa69e25 - - default default] Successfully bumped revision number for resource 7d80aeda-1b27-442f-a944-060348a2df38 (type: security_group_rules) to 0
2026-04-29 02:38:10.858 7 INFO neutron.db.ovn_revision_numbers_db [None req-4b8c4948-4d75-4d98-a7fd-11dd77ab3bb7 774417fb3dd246c98d6056a16b5cf60f b28475fa1ee64294851a44255fa69e25 - - default default] Successfully bumped revision number for resource e2a59a3e-425b-427d-92f3-e7340569c4e9 (type: security_group_rules) to 0
2026-04-29 02:38:10.873 7 INFO neutron.db.ovn_revision_numbers_db [None req-4b8c4948-4d75-4d98-a7fd-11dd77ab3bb7 774417fb3dd246c98d6056a16b5cf60f b28475fa1ee64294851a44255fa69e25 - - default default] Successfully bumped revision number for resource f47d31c5-1550-40d3-a61a-bf97cf6d2eb6 (type: security_group_rules) to 0 [pid: 7|app: 0|req: 864/1744] 10.0.0.88 () {32 vars in 773 bytes} [Wed Apr 29 02:38:10 2026] GET /v2.0/security-groups?tenant_id=684fd3b0d29547f3b94d22942a43682a&name=default => generated 2925 bytes in 441 msecs (HTTP/1.1 200) 4 headers in 158 bytes (1 switches on core 0) [pid: 7|app: 0|req: 865/1745] 10.0.0.88 () {32 vars in 739 bytes} [Wed Apr 29 02:38:10 2026] DELETE /v2.0/security-groups/b8e2e91f-4c2a-48fd-8264-7125eccc56ef => generated 0 bytes in 246 msecs (HTTP/1.1 204) 2 headers in 112 bytes (1 switches on core 0)
2026-04-29 02:38:11.471 7 INFO neutron.db.ovn_revision_numbers_db [None req-6692765f-5359-40bd-a662-8211d3b21281 774417fb3dd246c98d6056a16b5cf60f b28475fa1ee64294851a44255fa69e25 - - default default] Successfully bumped revision number for resource 5d8fc977-0952-4b45-bfd3-beb51d59fa86 (type: security_groups) to 1
2026-04-29 02:38:11.475 8 WARNING neutron.scheduler.dhcp_agent_scheduler [None req-a4ba7c67-30fa-4b37-acab-0f0386716e10 28f984e3a13e43d79df1870b8803c912 6b204930739142aa95b790311c32aa59 - - default default] No more DHCP agents
2026-04-29 02:38:11.476 8 WARNING neutron.api.rpc.agentnotifiers.dhcp_rpc_agent_api [None req-a4ba7c67-30fa-4b37-acab-0f0386716e10 28f984e3a13e43d79df1870b8803c912 6b204930739142aa95b790311c32aa59 - - default default] Unable to schedule network 3c411e8f-9a1e-4293-a6e1-411dbab09e55: no agents available; will retry on subsequent port and subnet creation events.
2026-04-29 02:38:11.482 7 INFO neutron.db.ovn_revision_numbers_db [None req-6692765f-5359-40bd-a662-8211d3b21281 774417fb3dd246c98d6056a16b5cf60f b28475fa1ee64294851a44255fa69e25 - - default default] Successfully bumped revision number for resource 2af01204-ece0-4d83-8e3d-49b5c65304d8 (type: security_group_rules) to 0
2026-04-29 02:38:11.492 7 INFO neutron.db.ovn_revision_numbers_db [None req-6692765f-5359-40bd-a662-8211d3b21281 774417fb3dd246c98d6056a16b5cf60f b28475fa1ee64294851a44255fa69e25 - - default default] Successfully bumped revision number for resource 8c4570fc-222c-4327-9901-d5e020755751 (type: security_group_rules) to 0
2026-04-29 02:38:11.503 7 INFO neutron.db.ovn_revision_numbers_db [None req-6692765f-5359-40bd-a662-8211d3b21281 774417fb3dd246c98d6056a16b5cf60f b28475fa1ee64294851a44255fa69e25 - - default default] Successfully bumped revision number for resource cf34945a-acfb-419b-be88-ad9d821c8cf2 (type: security_group_rules) to 0
2026-04-29 02:38:11.514 7 INFO neutron.db.ovn_revision_numbers_db [None req-6692765f-5359-40bd-a662-8211d3b21281 774417fb3dd246c98d6056a16b5cf60f b28475fa1ee64294851a44255fa69e25 - - default default] Successfully bumped revision number for resource f5c2eecd-8031-45ba-b7e1-e9c6e5404b66 (type: security_group_rules) to 0 [pid: 7|app: 0|req: 866/1746] 10.0.0.88 () {32 vars in 773 bytes} [Wed Apr 29 02:38:11 2026] GET /v2.0/security-groups?tenant_id=ba205c46c8244e2e952b8d12ce34623b&name=default => generated 2925 bytes in 388 msecs (HTTP/1.1 200) 4 headers in 158 bytes (1 switches on core 0) [pid: 7|app: 0|req: 867/1747] 10.0.0.88 () {34 vars in 676 bytes} [Wed Apr 29 02:38:11 2026] POST /v2.0/subnetpools => generated 549 bytes in 173 msecs (HTTP/1.1 201) 4 headers in 162 bytes (1 switches on core 0)
2026-04-29 02:38:11.872 7 INFO neutron.db.ovn_revision_numbers_db [None req-d924fa78-05fc-41a0-ab5f-3bd3a1e73763 774417fb3dd246c98d6056a16b5cf60f b28475fa1ee64294851a44255fa69e25 - - default default] Successfully bumped revision number for resource 24e43122-0819-46e1-a637-e9e4afde44c2 (type: security_groups) to 1
2026-04-29 02:38:11.883 7 INFO neutron.db.ovn_revision_numbers_db [None req-d924fa78-05fc-41a0-ab5f-3bd3a1e73763 774417fb3dd246c98d6056a16b5cf60f b28475fa1ee64294851a44255fa69e25 - - default default] Successfully bumped revision number for resource 84da543d-bca8-4949-8170-15b501ccd8de (type: security_group_rules) to 0
2026-04-29 02:38:11.885 8 INFO neutron.db.ovn_revision_numbers_db [None req-a4ba7c67-30fa-4b37-acab-0f0386716e10 28f984e3a13e43d79df1870b8803c912 6b204930739142aa95b790311c32aa59 - - default default] Successfully bumped revision number for resource 8db22805-1594-4e1d-bf43-096bae55c055 (type: router_ports) to 1 [pid: 8|app: 0|req: 881/1748] 10.0.0.88 () {34 vars in 782 bytes} [Wed Apr 29 02:38:10 2026] PUT /v2.0/routers/331b3eac-cc74-4d29-b931-484e8be4dbba/add_router_interface => generated 309 bytes in 1769 msecs (HTTP/1.1 200) 4 headers in 157 bytes (1 switches on core 0)
2026-04-29 02:38:11.896 7 INFO neutron.db.ovn_revision_numbers_db [None req-d924fa78-05fc-41a0-ab5f-3bd3a1e73763 774417fb3dd246c98d6056a16b5cf60f b28475fa1ee64294851a44255fa69e25 - - default default] Successfully bumped revision number for resource c303a878-08d8-459c-95ad-e63c6bdb3ee0 (type: security_group_rules) to 0
2026-04-29 02:38:11.907 7 INFO neutron.db.ovn_revision_numbers_db [None req-d924fa78-05fc-41a0-ab5f-3bd3a1e73763 774417fb3dd246c98d6056a16b5cf60f b28475fa1ee64294851a44255fa69e25 - - default default] Successfully bumped revision number for resource d6493660-51bb-41f6-ad6e-7465456b316f (type: security_group_rules) to 0
2026-04-29 02:38:11.918 7 INFO neutron.db.ovn_revision_numbers_db [None req-d924fa78-05fc-41a0-ab5f-3bd3a1e73763 774417fb3dd246c98d6056a16b5cf60f b28475fa1ee64294851a44255fa69e25 - - default default] Successfully bumped revision number for resource efe9252c-c5f9-40ad-8d8d-f04815ac78e2 (type: security_group_rules) to 0 [pid: 7|app: 0|req: 868/1749] 10.0.0.88 () {32 vars in 773 bytes} [Wed Apr 29 02:38:11 2026] GET /v2.0/security-groups?tenant_id=ebc94bf6af5241a18ce9cbd0e80ae093&name=default => generated 2925 bytes in 231 msecs (HTTP/1.1 200) 4 headers in 158 bytes (1 switches on core 0) [pid: 7|app: 0|req: 869/1750] 10.0.0.88 () {32 vars in 728 bytes} [Wed Apr 29 02:38:11 2026] GET /v2.0/subnetpools/f72b757e-1fea-4f85-909f-f7549e21d2cf => generated 549 bytes in 17 msecs (HTTP/1.1 200) 4 headers in 157 bytes (1 switches on core 0) [pid: 8|app: 0|req: 882/1751] 10.0.0.88 () {32 vars in 739 bytes} [Wed Apr 29 02:38:11 2026] DELETE /v2.0/security-groups/5d8fc977-0952-4b45-bfd3-beb51d59fa86 => generated 0 bytes in 204 msecs (HTTP/1.1 204) 2 headers in 112 bytes (1 switches on core 0)
2026-04-29 02:38:12.276 7 WARNING neutron.scheduler.dhcp_agent_scheduler [None req-22c89c82-d2c0-42e2-99d2-2d6c496ab93f 28f984e3a13e43d79df1870b8803c912 6b204930739142aa95b790311c32aa59 - - default default] No more DHCP agents
2026-04-29 02:38:12.281 7 WARNING neutron.api.rpc.agentnotifiers.dhcp_rpc_agent_api [None req-22c89c82-d2c0-42e2-99d2-2d6c496ab93f 28f984e3a13e43d79df1870b8803c912 6b204930739142aa95b790311c32aa59 - - default default] Unable to schedule network 3c411e8f-9a1e-4293-a6e1-411dbab09e55: no agents available; will retry on subsequent port and subnet creation events. [pid: 8|app: 0|req: 883/1752] 10.0.0.88 () {32 vars in 739 bytes} [Wed Apr 29 02:38:12 2026] DELETE /v2.0/security-groups/24e43122-0819-46e1-a637-e9e4afde44c2 => generated 0 bytes in 211 msecs (HTTP/1.1 204) 2 headers in 112 bytes (1 switches on core 0) [pid: 8|app: 0|req: 884/1753] 10.0.0.88 () {34 vars in 748 bytes} [Wed Apr 29 02:38:12 2026] PUT /v2.0/subnetpools/f72b757e-1fea-4f85-909f-f7549e21d2cf => generated 501 bytes in 82 msecs (HTTP/1.1 200) 4 headers in 157 bytes (1 switches on core 0)
2026-04-29 02:38:12.426 7 INFO neutron.db.ovn_revision_numbers_db [None req-22c89c82-d2c0-42e2-99d2-2d6c496ab93f 28f984e3a13e43d79df1870b8803c912 6b204930739142aa95b790311c32aa59 - - default default] Successfully bumped revision number for resource b2592f99-66f7-44d2-86f3-160e4967556c (type: ports) to 1 [pid: 7|app: 0|req: 870/1754] 10.0.0.88 () {34 vars in 664 bytes} [Wed Apr 29 02:38:11 2026] POST /v2.0/ports => generated 954 bytes in 515 msecs (HTTP/1.1 201) 4 headers in 162 bytes (1 switches on core 0) /var/lib/openstack/lib/python3.12/site-packages/pycadf/identifier.py:70: UserWarning: Invalid uuid: neutron. To ensure interoperability, identifiers should be a valid uuid. warnings.warn(('Invalid uuid: %s. To ensure interoperability, ' [pid: 7|app: 0|req: 871/1755] 10.0.0.88 () {32 vars in 731 bytes} [Wed Apr 29 02:38:12 2026] DELETE /v2.0/subnetpools/f72b757e-1fea-4f85-909f-f7549e21d2cf => generated 0 bytes in 52 msecs (HTTP/1.1 204) 2 headers in 112 bytes (1 switches on core 0)
2026-04-29 02:38:12.568 8 INFO neutron.db.ovn_revision_numbers_db [None req-264ac101-b21e-4ff2-90d4-8208bf94e208 774417fb3dd246c98d6056a16b5cf60f b28475fa1ee64294851a44255fa69e25 - - default default] Successfully bumped revision number for resource 0280057c-970e-4f92-a0a1-8039fef59c6f (type: security_groups) to 1
2026-04-29 02:38:12.585 8 INFO neutron.db.ovn_revision_numbers_db [None req-264ac101-b21e-4ff2-90d4-8208bf94e208 774417fb3dd246c98d6056a16b5cf60f b28475fa1ee64294851a44255fa69e25 - - default default] Successfully bumped revision number for resource 1a61f2f2-ce1d-45be-bfca-5e8a0ad98928 (type: security_group_rules) to 0
2026-04-29 02:38:12.601 8 INFO neutron.db.ovn_revision_numbers_db [None req-264ac101-b21e-4ff2-90d4-8208bf94e208 774417fb3dd246c98d6056a16b5cf60f b28475fa1ee64294851a44255fa69e25 - - default default] Successfully bumped revision number for resource 1f8e7750-cc22-4f30-af3b-b226b637abbb (type: security_group_rules) to 0
2026-04-29 02:38:12.612 8 INFO neutron.db.ovn_revision_numbers_db [None req-264ac101-b21e-4ff2-90d4-8208bf94e208 774417fb3dd246c98d6056a16b5cf60f b28475fa1ee64294851a44255fa69e25 - - default default] Successfully bumped revision number for resource c5c8c2fe-e4c2-404f-ac56-89bc6dda72ac (type: security_group_rules) to 0
