2026-04-29 02:03:40.064 8 INFO neutron.api.extensions [None req-75e5a550-b9d4-4dab-995e-6c928d47e3fe - - - - - -] Loaded extension: floating-ip-port-forwarding-detail
2026-04-29 02:03:40.064 7 INFO neutron.quota.resource_registry [None req-af55fb08-84e4-4f42-a7f0-796d036e3854 - - - - - -] Creating instance of CountableResource for resource:ipsec_site_connection
2026-04-29 02:03:40.064 8 INFO neutron.api.extensions [None req-75e5a550-b9d4-4dab-995e-6c928d47e3fe - - - - - -] Extension floating-ip-port-forwarding-port-ranges not supported by any of loaded plugins
2026-04-29 02:03:40.064 7 INFO neutron.quota.resource_registry [None req-af55fb08-84e4-4f42-a7f0-796d036e3854 - - - - - -] Creating instance of CountableResource for resource:ipsecpolicy
2026-04-29 02:03:40.064 7 WARNING neutron.quota.resource_registry [None req-af55fb08-84e4-4f42-a7f0-796d036e3854 - - - - - -] ipsecpolicy is already registered
2026-04-29 02:03:40.065 7 INFO neutron.quota.resource_registry [None req-af55fb08-84e4-4f42-a7f0-796d036e3854 - - - - - -] Creating instance of CountableResource for resource:ikepolicy
2026-04-29 02:03:40.065 7 WARNING neutron.quota.resource_registry [None req-af55fb08-84e4-4f42-a7f0-796d036e3854 - - - - - -] ikepolicy is already registered
2026-04-29 02:03:40.065 8 INFO neutron.api.extensions [None req-75e5a550-b9d4-4dab-995e-6c928d47e3fe - - - - - -] Loaded extension: fip-port-details
2026-04-29 02:03:40.066 8 INFO neutron.api.extensions [None req-75e5a550-b9d4-4dab-995e-6c928d47e3fe - - - - - -] Loaded extension: flavors
2026-04-29 02:03:40.067 8 INFO neutron.api.extensions [None req-75e5a550-b9d4-4dab-995e-6c928d47e3fe - - - - - -] Extension floating-ip-port-forwarding not supported by any of loaded plugins
2026-04-29 02:03:40.068 8 INFO neutron.api.extensions [None req-75e5a550-b9d4-4dab-995e-6c928d47e3fe - - - - - -] Loaded extension: floatingip-pools
2026-04-29 02:03:40.069 8 INFO neutron.api.extensions [None req-75e5a550-b9d4-4dab-995e-6c928d47e3fe - - - - - -] Loaded extension: ip_allocation
2026-04-29 02:03:40.069 8 INFO neutron.api.extensions [None req-75e5a550-b9d4-4dab-995e-6c928d47e3fe - - - - - -] Extension ip-substring-filtering not supported by any of loaded plugins
2026-04-29 02:03:40.070 8 INFO neutron.api.extensions [None req-75e5a550-b9d4-4dab-995e-6c928d47e3fe - - - - - -] Loaded extension: l2_adjacency
2026-04-29 02:03:40.070 7 INFO neutron.quota.resource_registry [None req-af55fb08-84e4-4f42-a7f0-796d036e3854 - - - - - -] Creating instance of TrackedResource for resource:router
2026-04-29 02:03:40.070 7 WARNING neutron.quota.resource_registry [None req-af55fb08-84e4-4f42-a7f0-796d036e3854 - - - - - -] router is already registered
2026-04-29 02:03:40.070 7 INFO neutron.quota.resource_registry [None req-af55fb08-84e4-4f42-a7f0-796d036e3854 - - - - - -] Creating instance of TrackedResource for resource:floatingip
2026-04-29 02:03:40.070 7 WARNING neutron.quota.resource_registry [None req-af55fb08-84e4-4f42-a7f0-796d036e3854 - - - - - -] floatingip is already registered
2026-04-29 02:03:40.071 8 INFO neutron.api.extensions [None req-75e5a550-b9d4-4dab-995e-6c928d47e3fe - - - - - -] Loaded extension: router
2026-04-29 02:03:40.073 8 INFO neutron.api.extensions [None req-75e5a550-b9d4-4dab-995e-6c928d47e3fe - - - - - -] Extension l3-conntrack-helper not supported by any of loaded plugins
2026-04-29 02:03:40.073 8 INFO neutron.api.extensions [None req-75e5a550-b9d4-4dab-995e-6c928d47e3fe - - - - - -] Loaded extension: enable-default-route-bfd
2026-04-29 02:03:40.074 8 INFO neutron.api.extensions [None req-75e5a550-b9d4-4dab-995e-6c928d47e3fe - - - - - -] Loaded extension: enable-default-route-ecmp
2026-04-29 02:03:40.075 8 INFO neutron.api.extensions [None req-75e5a550-b9d4-4dab-995e-6c928d47e3fe - - - - - -] Loaded extension: ext-gw-mode
2026-04-29 02:03:40.075 7 INFO neutron.quota.resource_registry [None req-af55fb08-84e4-4f42-a7f0-796d036e3854 - - - - - -] Creating instance of CountableResource for resource:rbac_policy
2026-04-29 02:03:40.075 8 INFO neutron.api.extensions [None req-75e5a550-b9d4-4dab-995e-6c928d47e3fe - - - - - -] Loaded extension: l3-ha
2026-04-29 02:03:40.075 7 WARNING neutron.quota.resource_registry [None req-af55fb08-84e4-4f42-a7f0-796d036e3854 - - - - - -] rbac_policy is already registered
2026-04-29 02:03:40.076 8 INFO neutron.api.extensions [None req-75e5a550-b9d4-4dab-995e-6c928d47e3fe - - - - - -] Extension l3-ext-ndp-proxy not supported by any of loaded plugins
2026-04-29 02:03:40.076 7 INFO neutron.quota.resource_registry [None req-af55fb08-84e4-4f42-a7f0-796d036e3854 - - - - - -] Creating instance of TrackedResource for resource:security_group
2026-04-29 02:03:40.076 7 WARNING neutron.quota.resource_registry [None req-af55fb08-84e4-4f42-a7f0-796d036e3854 - - - - - -] security_group is already registered
2026-04-29 02:03:40.076 7 INFO neutron.quota.resource_registry [None req-af55fb08-84e4-4f42-a7f0-796d036e3854 - - - - - -] Creating instance of TrackedResource for resource:security_group_rule
2026-04-29 02:03:40.077 7 WARNING neutron.quota.resource_registry [None req-af55fb08-84e4-4f42-a7f0-796d036e3854 - - - - - -] security_group_rule is already registered
2026-04-29 02:03:40.078 7 INFO neutron.quota.resource_registry [None req-af55fb08-84e4-4f42-a7f0-796d036e3854 - - - - - -] Creating instance of TrackedResource for resource:subnetpool
2026-04-29 02:03:40.076 8 INFO neutron.api.extensions [None req-75e5a550-b9d4-4dab-995e-6c928d47e3fe - - - - - -] Loaded extension: external-gateway-multihoming
2026-04-29 02:03:40.078 7 WARNING neutron.quota.resource_registry [None req-af55fb08-84e4-4f42-a7f0-796d036e3854 - - - - - -] subnetpool is already registered
2026-04-29 02:03:40.078 8 INFO neutron.api.extensions [None req-75e5a550-b9d4-4dab-995e-6c928d47e3fe - - - - - -] Loaded extension: l3-flavors
2026-04-29 02:03:40.079 7 INFO neutron.quota.resource_registry [None req-af55fb08-84e4-4f42-a7f0-796d036e3854 - - - - - -] Creating instance of CountableResource for resource:trunk
2026-04-29 02:03:40.079 7 WARNING neutron.quota.resource_registry [None req-af55fb08-84e4-4f42-a7f0-796d036e3854 - - - - - -] trunk is already registered
2026-04-29 02:03:40.079 7 INFO neutron.quota.resource_registry [None req-af55fb08-84e4-4f42-a7f0-796d036e3854 - - - - - -] Creating instance of CountableResource for resource:ikepolicy
2026-04-29 02:03:40.079 7 WARNING neutron.quota.resource_registry [None req-af55fb08-84e4-4f42-a7f0-796d036e3854 - - - - - -] ikepolicy is already registered
2026-04-29 02:03:40.079 8 INFO neutron.api.extensions [None req-75e5a550-b9d4-4dab-995e-6c928d47e3fe - - - - - -] Extension l3-ndp-proxy not supported by any of loaded plugins
2026-04-29 02:03:40.080 8 INFO neutron.api.extensions [None req-75e5a550-b9d4-4dab-995e-6c928d47e3fe - - - - - -] Extension l3-port-ip-change-not-allowed not supported by any of loaded plugins
2026-04-29 02:03:40.080 7 INFO neutron.quota.resource_registry [None req-af55fb08-84e4-4f42-a7f0-796d036e3854 - - - - - -] Creating instance of CountableResource for resource:ipsecpolicy
2026-04-29 02:03:40.081 7 WARNING neutron.quota.resource_registry [None req-af55fb08-84e4-4f42-a7f0-796d036e3854 - - - - - -] ipsecpolicy is already registered
2026-04-29 02:03:40.081 7 INFO neutron.quota.resource_registry [None req-af55fb08-84e4-4f42-a7f0-796d036e3854 - - - - - -] Creating instance of CountableResource for resource:endpoint_group
2026-04-29 02:03:40.081 7 WARNING neutron.quota.resource_registry [None req-af55fb08-84e4-4f42-a7f0-796d036e3854 - - - - - -] endpoint_group is already registered
2026-04-29 02:03:40.082 7 INFO neutron.quota.resource_registry [None req-af55fb08-84e4-4f42-a7f0-796d036e3854 - - - - - -] Creating instance of CountableResource for resource:vpnservice
2026-04-29 02:03:40.082 7 WARNING neutron.quota.resource_registry [None req-af55fb08-84e4-4f42-a7f0-796d036e3854 - - - - - -] vpnservice is already registered
2026-04-29 02:03:40.082 8 INFO neutron.api.extensions [None req-75e5a550-b9d4-4dab-995e-6c928d47e3fe - - - - - -] Extension l3_agent_scheduler not supported by any of loaded plugins
2026-04-29 02:03:40.082 7 INFO neutron.quota.resource_registry [None req-af55fb08-84e4-4f42-a7f0-796d036e3854 - - - - - -] Creating instance of CountableResource for resource:ipsec_site_connection
2026-04-29 02:03:40.082 7 WARNING neutron.quota.resource_registry [None req-af55fb08-84e4-4f42-a7f0-796d036e3854 - - - - - -] ipsec_site_connection is already registered
2026-04-29 02:03:40.083 7 INFO neutron.quota.resource_registry [None req-af55fb08-84e4-4f42-a7f0-796d036e3854 - - - - - -] Creating instance of CountableResource for resource:ipsecpolicy
2026-04-29 02:03:40.083 7 WARNING neutron.quota.resource_registry [None req-af55fb08-84e4-4f42-a7f0-796d036e3854 - - - - - -] ipsecpolicy is already registered
2026-04-29 02:03:40.083 7 INFO neutron.quota.resource_registry [None req-af55fb08-84e4-4f42-a7f0-796d036e3854 - - - - - -] Creating instance of CountableResource for resource:ikepolicy
2026-04-29 02:03:40.083 8 INFO neutron.api.extensions [None req-75e5a550-b9d4-4dab-995e-6c928d47e3fe - - - - - -] Extension local_ip not supported by any of loaded plugins
2026-04-29 02:03:40.083 7 WARNING neutron.quota.resource_registry [None req-af55fb08-84e4-4f42-a7f0-796d036e3854 - - - - - -] ikepolicy is already registered
2026-04-29 02:03:40.084 8 INFO neutron.api.extensions [None req-75e5a550-b9d4-4dab-995e-6c928d47e3fe - - - - - -] Loaded extension: logging
2026-04-29 02:03:40.085 8 INFO neutron.api.extensions [None req-75e5a550-b9d4-4dab-995e-6c928d47e3fe - - - - - -] Extension metering not supported by any of loaded plugins
2026-04-29 02:03:40.086 8 INFO neutron.api.extensions [None req-75e5a550-b9d4-4dab-995e-6c928d47e3fe - - - - - -] Extension metering_source_and_destination_fields not supported by any of loaded plugins
2026-04-29 02:03:40.087 8 INFO neutron.api.extensions [None req-75e5a550-b9d4-4dab-995e-6c928d47e3fe - - - - - -] Loaded extension: multi-provider
2026-04-29 02:03:40.087 8 INFO neutron.api.extensions [None req-75e5a550-b9d4-4dab-995e-6c928d47e3fe - - - - - -] Loaded extension: net-mtu
2026-04-29 02:03:40.088 8 INFO neutron.api.extensions [None req-75e5a550-b9d4-4dab-995e-6c928d47e3fe - - - - - -] Loaded extension: net-mtu-writable
2026-04-29 02:03:40.088 8 INFO neutron.api.extensions [None req-75e5a550-b9d4-4dab-995e-6c928d47e3fe - - - - - -] Loaded extension: network_availability_zone
2026-04-29 02:03:40.089 8 INFO neutron.api.extensions [None req-75e5a550-b9d4-4dab-995e-6c928d47e3fe - - - - - -] Extension network_ha not supported by any of loaded plugins
2026-04-29 02:03:40.089 8 INFO neutron.api.extensions [None req-75e5a550-b9d4-4dab-995e-6c928d47e3fe - - - - - -] Loaded extension: network-ip-availability
2026-04-29 02:03:40.090 8 INFO neutron.api.extensions [None req-75e5a550-b9d4-4dab-995e-6c928d47e3fe - - - - - -] Extension network-segment-range not supported by any of loaded plugins
2026-04-29 02:03:40.091 8 INFO neutron.api.extensions [None req-75e5a550-b9d4-4dab-995e-6c928d47e3fe - - - - - -] Loaded extension: pagination
2026-04-29 02:03:40.091 8 INFO neutron.api.extensions [None req-75e5a550-b9d4-4dab-995e-6c928d47e3fe - - - - - -] Loaded extension: port-device-profile
2026-04-29 02:03:40.092 8 INFO neutron.api.extensions [None req-75e5a550-b9d4-4dab-995e-6c928d47e3fe - - - - - -] Extension port-hardware-offload-type not supported by any of loaded plugins
2026-04-29 02:03:40.092 8 INFO neutron.api.extensions [None req-75e5a550-b9d4-4dab-995e-6c928d47e3fe - - - - - -] Extension port-hint-ovs-tx-steering not supported by any of loaded plugins
2026-04-29 02:03:40.093 8 INFO neutron.api.extensions [None req-75e5a550-b9d4-4dab-995e-6c928d47e3fe - - - - - -] Extension port-hints not supported by any of loaded plugins
2026-04-29 02:03:40.093 8 INFO neutron.api.extensions [None req-75e5a550-b9d4-4dab-995e-6c928d47e3fe - - - - - -] Extension port-mac-override not supported by any of loaded plugins
2026-04-29 02:03:40.094 8 INFO neutron.api.extensions [None req-75e5a550-b9d4-4dab-995e-6c928d47e3fe - - - - - -] Loaded extension: port-mac-address-regenerate
2026-04-29 02:03:40.094 8 INFO neutron.api.extensions [None req-75e5a550-b9d4-4dab-995e-6c928d47e3fe - - - - - -] Loaded extension: port-numa-affinity-policy
2026-04-29 02:03:40.095 8 INFO neutron.api.extensions [None req-75e5a550-b9d4-4dab-995e-6c928d47e3fe - - - - - -] Loaded extension: port-numa-affinity-policy-socket
2026-04-29 02:03:40.095 8 INFO neutron.api.extensions [None req-75e5a550-b9d4-4dab-995e-6c928d47e3fe - - - - - -] Loaded extension: port-resource-request
2026-04-29 02:03:40.096 8 INFO neutron.api.extensions [None req-75e5a550-b9d4-4dab-995e-6c928d47e3fe - - - - - -] Loaded extension: port-resource-request-groups
2026-04-29 02:03:40.096 8 INFO neutron.api.extensions [None req-75e5a550-b9d4-4dab-995e-6c928d47e3fe - - - - - -] Extension port-trusted-vif not supported by any of loaded plugins
2026-04-29 02:03:40.097 8 INFO neutron.api.extensions [None req-75e5a550-b9d4-4dab-995e-6c928d47e3fe - - - - - -] Loaded extension: binding
2026-04-29 02:03:40.097 8 INFO neutron.api.extensions [None req-75e5a550-b9d4-4dab-995e-6c928d47e3fe - - - - - -] Loaded extension: binding-extended
2026-04-29 02:03:40.098 8 INFO neutron.api.extensions [None req-75e5a550-b9d4-4dab-995e-6c928d47e3fe - - - - - -] Loaded extension: port-security
2026-04-29 02:03:40.098 8 INFO neutron.api.extensions [None req-75e5a550-b9d4-4dab-995e-6c928d47e3fe - - - - - -] Loaded extension: project-id
2026-04-29 02:03:40.099 8 INFO neutron.api.extensions [None req-75e5a550-b9d4-4dab-995e-6c928d47e3fe - - - - - -] Loaded extension: provider
2026-04-29 02:03:40.099 8 INFO neutron.api.extensions [None req-75e5a550-b9d4-4dab-995e-6c928d47e3fe - - - - - -] Loaded extension: qinq
2026-04-29 02:03:40.102 8 INFO neutron.api.extensions [None req-75e5a550-b9d4-4dab-995e-6c928d47e3fe - - - - - -] Loaded extension: qos
2026-04-29 02:03:40.102 8 INFO neutron.api.extensions [None req-75e5a550-b9d4-4dab-995e-6c928d47e3fe - - - - - -] Loaded extension: qos-bw-limit-direction
2026-04-29 02:03:40.103 8 INFO neutron.api.extensions [None req-75e5a550-b9d4-4dab-995e-6c928d47e3fe - - - - - -] Loaded extension: qos-bw-minimum-ingress
2026-04-29 02:03:40.103 8 INFO neutron.api.extensions [None req-75e5a550-b9d4-4dab-995e-6c928d47e3fe - - - - - -] Loaded extension: qos-default
2026-04-29 02:03:40.104 8 INFO neutron.api.extensions [None req-75e5a550-b9d4-4dab-995e-6c928d47e3fe - - - - - -] Loaded extension: qos-fip
2026-04-29 02:03:40.105 8 INFO neutron.api.extensions [None req-75e5a550-b9d4-4dab-995e-6c928d47e3fe - - - - - -] Extension qos-fip-network-policy not supported by any of loaded plugins
2026-04-29 02:03:40.105 8 INFO neutron.api.extensions [None req-75e5a550-b9d4-4dab-995e-6c928d47e3fe - - - - - -] Loaded extension: qos-gateway-ip
2026-04-29 02:03:40.106 8 INFO neutron.api.extensions [None req-75e5a550-b9d4-4dab-995e-6c928d47e3fe - - - - - -] Loaded extension: qos-port-network-policy
2026-04-29 02:03:40.113 8 INFO neutron.api.extensions [None req-75e5a550-b9d4-4dab-995e-6c928d47e3fe - - - - - -] Loaded extension: qos-pps-minimum
2026-04-29 02:03:40.114 8 INFO neutron.api.extensions [None req-75e5a550-b9d4-4dab-995e-6c928d47e3fe - - - - - -] Loaded extension: qos-pps-minimum-rule-alias
2026-04-29 02:03:40.116 8 INFO neutron.api.extensions [None req-75e5a550-b9d4-4dab-995e-6c928d47e3fe - - - - - -] Loaded extension: qos-pps
2026-04-29 02:03:40.117 8 INFO neutron.api.extensions [None req-75e5a550-b9d4-4dab-995e-6c928d47e3fe - - - - - -] Loaded extension: qos-rule-type-details
2026-04-29 02:03:40.118 8 INFO neutron.api.extensions [None req-75e5a550-b9d4-4dab-995e-6c928d47e3fe - - - - - -] Loaded extension: qos-rule-type-filter
2026-04-29 02:03:40.119 8 INFO neutron.api.extensions [None req-75e5a550-b9d4-4dab-995e-6c928d47e3fe - - - - - -] Loaded extension: qos-rules-alias
2026-04-29 02:03:40.119 8 INFO neutron.api.extensions [None req-75e5a550-b9d4-4dab-995e-6c928d47e3fe - - - - - -] Loaded extension: quota-check-limit
2026-04-29 02:03:40.121 8 INFO neutron.api.extensions [None req-75e5a550-b9d4-4dab-995e-6c928d47e3fe - - - - - -] Loaded extension: quota-check-limit-default
2026-04-29 02:03:40.121 7 WARNING keystonemiddleware._common.config [None req-af55fb08-84e4-4f42-a7f0-796d036e3854 - - - - - -] The option "audit_map_file" is not known to keystonemiddleware
2026-04-29 02:03:40.124 8 INFO neutron.api.extensions [None req-75e5a550-b9d4-4dab-995e-6c928d47e3fe - - - - - -] Loaded extension: quotas
2026-04-29 02:03:40.125 8 INFO neutron.api.extensions [None req-75e5a550-b9d4-4dab-995e-6c928d47e3fe - - - - - -] Loaded extension: quota_details
2026-04-29 02:03:40.127 8 INFO neutron.api.extensions [None req-75e5a550-b9d4-4dab-995e-6c928d47e3fe - - - - - -] Loaded extension: rbac-policies
2026-04-29 02:03:40.127 8 INFO neutron.api.extensions [None req-75e5a550-b9d4-4dab-995e-6c928d47e3fe - - - - - -] Extension rbac-address-group not supported by any of loaded plugins
2026-04-29 02:03:40.128 8 INFO neutron.api.extensions [None req-75e5a550-b9d4-4dab-995e-6c928d47e3fe - - - - - -] Loaded extension: rbac-address-scope
2026-04-29 02:03:40.128 8 INFO neutron.api.extensions [None req-75e5a550-b9d4-4dab-995e-6c928d47e3fe - - - - - -] Loaded extension: rbac-security-groups
2026-04-29 02:03:40.129 8 INFO neutron.api.extensions [None req-75e5a550-b9d4-4dab-995e-6c928d47e3fe - - - - - -] Extension rbac-subnetpool not supported by any of loaded plugins
2026-04-29 02:03:40.129 7 WARNING oslo_config.cfg [None req-af55fb08-84e4-4f42-a7f0-796d036e3854 - - - - - -] Deprecated: Option "auth_uri" from group "keystone_authtoken" is deprecated. Use option "www_authenticate_uri" from group "keystone_authtoken".
2026-04-29 02:03:40.129 8 INFO neutron.api.extensions [None req-75e5a550-b9d4-4dab-995e-6c928d47e3fe - - - - - -] Loaded extension: revision-if-match
2026-04-29 02:03:40.130 8 INFO neutron.api.extensions [None req-75e5a550-b9d4-4dab-995e-6c928d47e3fe - - - - - -] Loaded extension: standard-attr-revisions
2026-04-29 02:03:40.131 8 INFO neutron.api.extensions [None req-75e5a550-b9d4-4dab-995e-6c928d47e3fe - - - - - -] Loaded extension: router_availability_zone
2026-04-29 02:03:40.131 8 INFO neutron.api.extensions [None req-75e5a550-b9d4-4dab-995e-6c928d47e3fe - - - - - -] Extension router-service-type not supported by any of loaded plugins
2026-04-29 02:03:40.133 8 INFO neutron.api.extensions [None req-75e5a550-b9d4-4dab-995e-6c928d47e3fe - - - - - -] Loaded extension: security-groups-default-rules
2026-04-29 02:03:40.134 8 INFO neutron.api.extensions [None req-75e5a550-b9d4-4dab-995e-6c928d47e3fe - - - - - -] Loaded extension: security-groups-normalized-cidr
2026-04-29 02:03:40.134 8 INFO neutron.api.extensions [None req-75e5a550-b9d4-4dab-995e-6c928d47e3fe - - - - - -] Extension port-security-groups-filtering not supported by any of loaded plugins
2026-04-29 02:03:40.135 8 INFO neutron.api.extensions [None req-75e5a550-b9d4-4dab-995e-6c928d47e3fe - - - - - -] Loaded extension: security-groups-remote-address-group
2026-04-29 02:03:40.135 8 INFO neutron.api.extensions [None req-75e5a550-b9d4-4dab-995e-6c928d47e3fe - - - - - -] Loaded extension: security-groups-rules-belongs-to-default-sg
2026-04-29 02:03:40.136 8 INFO neutron.api.extensions [None req-75e5a550-b9d4-4dab-995e-6c928d47e3fe - - - - - -] Loaded extension: security-groups-shared-filtering
2026-04-29 02:03:40.141 8 INFO neutron.api.extensions [None req-75e5a550-b9d4-4dab-995e-6c928d47e3fe - - - - - -] Loaded extension: security-group
2026-04-29 02:03:40.142 8 INFO neutron.api.extensions [None req-75e5a550-b9d4-4dab-995e-6c928d47e3fe - - - - - -] Loaded extension: segment
2026-04-29 02:03:40.142 8 INFO neutron.api.extensions [None req-75e5a550-b9d4-4dab-995e-6c928d47e3fe - - - - - -] Loaded extension: segments-peer-subnet-host-routes
2026-04-29 02:03:40.143 8 INFO neutron.api.extensions [None req-75e5a550-b9d4-4dab-995e-6c928d47e3fe - - - - - -] Loaded extension: service-type
2026-04-29 02:03:40.143 8 INFO neutron.api.extensions [None req-75e5a550-b9d4-4dab-995e-6c928d47e3fe - - - - - -] Loaded extension: sorting
2026-04-29 02:03:40.144 8 INFO neutron.api.extensions [None req-75e5a550-b9d4-4dab-995e-6c928d47e3fe - - - - - -] Loaded extension: standard-attr-segment
2026-04-29 02:03:40.145 8 INFO neutron.api.extensions [None req-75e5a550-b9d4-4dab-995e-6c928d47e3fe - - - - - -] Loaded extension: standard-attr-description
2026-04-29 02:03:40.145 8 INFO neutron.api.extensions [None req-75e5a550-b9d4-4dab-995e-6c928d47e3fe - - - - - -] Loaded extension: stateful-security-group
2026-04-29 02:03:40.146 8 WARNING neutron.api.extensions [None req-75e5a550-b9d4-4dab-995e-6c928d47e3fe - - - - - -] Did not find expected name "Stdattrs_common" in /var/lib/openstack/lib/python3.12/site-packages/neutron/extensions/stdattrs_common.py
2026-04-29 02:03:40.147 8 INFO neutron.api.extensions [None req-75e5a550-b9d4-4dab-995e-6c928d47e3fe - - - - - -] Loaded extension: subnet-dns-publish-fixed-ip
2026-04-29 02:03:40.147 8 INFO neutron.api.extensions [None req-75e5a550-b9d4-4dab-995e-6c928d47e3fe - - - - - -] Loaded extension: subnet-external-network
2026-04-29 02:03:40.148 8 INFO neutron.api.extensions [None req-75e5a550-b9d4-4dab-995e-6c928d47e3fe - - - - - -] Extension subnet_onboard not supported by any of loaded plugins
2026-04-29 02:03:40.149 8 INFO neutron.api.extensions [None req-75e5a550-b9d4-4dab-995e-6c928d47e3fe - - - - - -] Loaded extension: subnet-segmentid-writable
2026-04-29 02:03:40.150 8 INFO neutron.api.extensions [None req-75e5a550-b9d4-4dab-995e-6c928d47e3fe - - - - - -] Loaded extension: subnet-service-types
2026-04-29 02:03:40.150 8 INFO neutron.api.extensions [None req-75e5a550-b9d4-4dab-995e-6c928d47e3fe - - - - - -] Loaded extension: subnet_allocation
2026-04-29 02:03:40.151 8 INFO neutron.api.extensions [None req-75e5a550-b9d4-4dab-995e-6c928d47e3fe - - - - - -] Loaded extension: subnetpool-prefix-ops
2026-04-29 02:03:40.151 7 WARNING neutron.plugins.ml2.drivers.ovn.mech_driver.mech_driver [None req-af55fb08-84e4-4f42-a7f0-796d036e3854 - - - - - -] uWSGI must provide a start time using the configuration parameter "start-time %t" in the configuration file
2026-04-29 02:03:40.152 8 INFO neutron.api.extensions [None req-75e5a550-b9d4-4dab-995e-6c928d47e3fe - - - - - -] Loaded extension: tag-creation
2026-04-29 02:03:40.152 8 INFO neutron.api.extensions [None req-75e5a550-b9d4-4dab-995e-6c928d47e3fe - - - - - -] Extension tag-ports-during-bulk-creation not supported by any of loaded plugins
2026-04-29 02:03:40.159 8 INFO neutron.api.extensions [None req-75e5a550-b9d4-4dab-995e-6c928d47e3fe - - - - - -] Loaded extension: standard-attr-tag
2026-04-29 02:03:40.160 8 INFO neutron.api.extensions [None req-75e5a550-b9d4-4dab-995e-6c928d47e3fe - - - - - -] Loaded extension: standard-attr-timestamp
2026-04-29 02:03:40.160 8 INFO neutron.api.extensions [None req-75e5a550-b9d4-4dab-995e-6c928d47e3fe - - - - - -] Loaded extension: trunk
2026-04-29 02:03:40.161 8 INFO neutron.api.extensions [None req-75e5a550-b9d4-4dab-995e-6c928d47e3fe - - - - - -] Loaded extension: trunk-details
2026-04-29 02:03:40.161 8 INFO neutron.api.extensions [None req-75e5a550-b9d4-4dab-995e-6c928d47e3fe - - - - - -] Extension uplink-status-propagation not supported by any of loaded plugins
2026-04-29 02:03:40.163 8 INFO neutron.api.extensions [None req-75e5a550-b9d4-4dab-995e-6c928d47e3fe - - - - - -] Extension uplink-status-propagation-updatable not supported by any of loaded plugins
2026-04-29 02:03:40.164 8 INFO neutron.api.extensions [None req-75e5a550-b9d4-4dab-995e-6c928d47e3fe - - - - - -] Loaded extension: vlan-transparent
2026-04-29 02:03:40.166 8 INFO neutron.api.extensions [None req-75e5a550-b9d4-4dab-995e-6c928d47e3fe - - - - - -] Loaded extension: vpn-aes-ctr
2026-04-29 02:03:40.166 7 INFO neutron.db.ovn_hash_ring_db [None req-af55fb08-84e4-4f42-a7f0-796d036e3854 - - - - - -] Nodes from host "neutron-server-55b6c9f6c4-r9dz4" and group "mechanism_driver" removed from the Hash Ring created at
2026-04-29 02:03:40+00:00
2026-04-29 02:03:40.168 8 INFO neutron.api.extensions [None req-75e5a550-b9d4-4dab-995e-6c928d47e3fe - - - - - -] Loaded extension: vpn-agent-scheduler
2026-04-29 02:03:40.168 8 INFO neutron.api.extensions [None req-75e5a550-b9d4-4dab-995e-6c928d47e3fe - - - - - -] Loaded extension: vpn-endpoint-groups
2026-04-29 02:03:40.169 8 INFO neutron.api.extensions [None req-75e5a550-b9d4-4dab-995e-6c928d47e3fe - - - - - -] Loaded extension: vpn-flavors
2026-04-29 02:03:40.169 7 INFO neutron.db.ovn_hash_ring_db [None req-af55fb08-84e4-4f42-a7f0-796d036e3854 - - - - - -] Node 866cfe4359105d159c35d798ca4ecffe from host "neutron-server-55b6c9f6c4-r9dz4" and group "mechanism_driver" added to the Hash Ring
2026-04-29 02:03:40.172 8 INFO neutron.api.extensions [None req-75e5a550-b9d4-4dab-995e-6c928d47e3fe - - - - - -] Loaded extension: vpnaas
2026-04-29 02:03:40.174 8 INFO neutron.api.extensions [None req-75e5a550-b9d4-4dab-995e-6c928d47e3fe - - - - - -] Loaded extension: taas
2026-04-29 02:03:40.176 8 INFO neutron.api.extensions [None req-75e5a550-b9d4-4dab-995e-6c928d47e3fe - - - - - -] Loaded extension: tap-mirror
2026-04-29 02:03:40.177 8 INFO neutron.api.extensions [None req-75e5a550-b9d4-4dab-995e-6c928d47e3fe - - - - - -] Loaded extension: taas-vlan-filter
2026-04-29 02:03:40.179 7 INFO neutron.plugins.ml2.drivers.ovn.mech_driver.mech_driver [None req-af55fb08-84e4-4f42-a7f0-796d036e3854 - - - - - -] Hash Ring probing thread for node 866cfe4359105d159c35d798ca4ecffe has started
2026-04-29 02:03:40.180 7 INFO neutron.plugins.ml2.drivers.ovn.mech_driver.ovsdb.impl_idl_ovn [None req-af55fb08-84e4-4f42-a7f0-796d036e3854 - - - - - -] Getting OvsdbNbOvnIdl for WorkerService with retry
2026-04-29 02:03:40.182 8 INFO neutron.quota.resource_registry [None req-75e5a550-b9d4-4dab-995e-6c928d47e3fe - - - - - -] Creating instance of TrackedResource for resource:network
2026-04-29 02:03:40.183 8 INFO neutron.quota.resource_registry [None req-75e5a550-b9d4-4dab-995e-6c928d47e3fe - - - - - -] Creating instance of TrackedResource for resource:subnet
2026-04-29 02:03:40.184 8 INFO neutron.quota.resource_registry [None req-75e5a550-b9d4-4dab-995e-6c928d47e3fe - - - - - -] Creating instance of TrackedResource for resource:subnetpool
2026-04-29 02:03:40.184 8 INFO neutron.quota.resource_registry [None req-75e5a550-b9d4-4dab-995e-6c928d47e3fe - - - - - -] Creating instance of TrackedResource for resource:port
2026-04-29 02:03:40.190 8 INFO neutron.quota.resource_registry [None req-75e5a550-b9d4-4dab-995e-6c928d47e3fe - - - - - -] Creating instance of TrackedResource for resource:router
2026-04-29 02:03:40.191 8 INFO neutron.quota.resource_registry [None req-75e5a550-b9d4-4dab-995e-6c928d47e3fe - - - - - -] Creating instance of TrackedResource for resource:floatingip
2026-04-29 02:03:40.198 8 INFO neutron.quota.resource_registry [None req-75e5a550-b9d4-4dab-995e-6c928d47e3fe - - - - - -] Creating instance of CountableResource for resource:rbac_policy
2026-04-29 02:03:40.198 8 INFO neutron.quota.resource_registry [None req-75e5a550-b9d4-4dab-995e-6c928d47e3fe - - - - - -] Creating instance of TrackedResource for resource:security_group
2026-04-29 02:03:40.199 8 INFO neutron.quota.resource_registry [None req-75e5a550-b9d4-4dab-995e-6c928d47e3fe - - - - - -] Creating instance of TrackedResource for resource:security_group_rule
2026-04-29 02:03:40.200 8 INFO neutron.quota.resource_registry [None req-75e5a550-b9d4-4dab-995e-6c928d47e3fe - - - - - -] Creating instance of TrackedResource for resource:subnetpool
2026-04-29 02:03:40.200 8 WARNING neutron.quota.resource_registry [None req-75e5a550-b9d4-4dab-995e-6c928d47e3fe - - - - - -] subnetpool is already registered
2026-04-29 02:03:40.200 8 INFO neutron.quota.resource_registry [None req-75e5a550-b9d4-4dab-995e-6c928d47e3fe - - - - - -] Creating instance of CountableResource for resource:trunk
2026-04-29 02:03:40.201 8 INFO neutron.quota.resource_registry [None req-75e5a550-b9d4-4dab-995e-6c928d47e3fe - - - - - -] Creating instance of CountableResource for resource:ikepolicy
2026-04-29 02:03:40.201 8 INFO neutron.quota.resource_registry [None req-75e5a550-b9d4-4dab-995e-6c928d47e3fe - - - - - -] Creating instance of CountableResource for resource:ipsecpolicy
2026-04-29 02:03:40.202 8 INFO neutron.quota.resource_registry [None req-75e5a550-b9d4-4dab-995e-6c928d47e3fe - - - - - -] Creating instance of CountableResource for resource:endpoint_group
2026-04-29 02:03:40.202 8 INFO neutron.quota.resource_registry [None req-75e5a550-b9d4-4dab-995e-6c928d47e3fe - - - - - -] Creating instance of CountableResource for resource:vpnservice
2026-04-29 02:03:40.202 8 INFO neutron.quota.resource_registry [None req-75e5a550-b9d4-4dab-995e-6c928d47e3fe - - - - - -] Creating instance of CountableResource for resource:ipsec_site_connection
2026-04-29 02:03:40.203 8 INFO neutron.quota.resource_registry [None req-75e5a550-b9d4-4dab-995e-6c928d47e3fe - - - - - -] Creating instance of CountableResource for resource:ipsecpolicy
2026-04-29 02:03:40.203 8 WARNING neutron.quota.resource_registry [None req-75e5a550-b9d4-4dab-995e-6c928d47e3fe - - - - - -] ipsecpolicy is already registered
2026-04-29 02:03:40.203 8 INFO neutron.quota.resource_registry [None req-75e5a550-b9d4-4dab-995e-6c928d47e3fe - - - - - -] Creating instance of CountableResource for resource:ikepolicy
2026-04-29 02:03:40.203 8 WARNING neutron.quota.resource_registry [None req-75e5a550-b9d4-4dab-995e-6c928d47e3fe - - - - - -] ikepolicy is already registered
2026-04-29 02:03:40.208 8 INFO neutron.quota.resource_registry [None req-75e5a550-b9d4-4dab-995e-6c928d47e3fe - - - - - -] Creating instance of TrackedResource for resource:router
2026-04-29 02:03:40.208 8 WARNING neutron.quota.resource_registry [None req-75e5a550-b9d4-4dab-995e-6c928d47e3fe - - - - - -] router is already registered
2026-04-29 02:03:40.208 8 INFO neutron.quota.resource_registry [None req-75e5a550-b9d4-4dab-995e-6c928d47e3fe - - - - - -] Creating instance of TrackedResource for resource:floatingip
2026-04-29 02:03:40.209 8 WARNING neutron.quota.resource_registry [None req-75e5a550-b9d4-4dab-995e-6c928d47e3fe - - - - - -] floatingip is already registered
2026-04-29 02:03:40.212 8 INFO neutron.quota.resource_registry [None req-75e5a550-b9d4-4dab-995e-6c928d47e3fe - - - - - -] Creating instance of CountableResource for resource:rbac_policy
2026-04-29 02:03:40.212 7 INFO ovsdbapp.backend.ovs_idl.vlog [None req-af55fb08-84e4-4f42-a7f0-796d036e3854 - - - - - -] tcp:10.102.122.110:6641: connecting...
2026-04-29 02:03:40.213 8 WARNING neutron.quota.resource_registry [None req-75e5a550-b9d4-4dab-995e-6c928d47e3fe - - - - - -] rbac_policy is already registered
2026-04-29 02:03:40.213 7 INFO ovsdbapp.backend.ovs_idl.vlog [None req-af55fb08-84e4-4f42-a7f0-796d036e3854 - - - - - -] tcp:10.102.122.110:6641: connected
2026-04-29 02:03:40.213 8 INFO neutron.quota.resource_registry [None req-75e5a550-b9d4-4dab-995e-6c928d47e3fe - - - - - -] Creating instance of TrackedResource for resource:security_group
2026-04-29 02:03:40.213 8 WARNING neutron.quota.resource_registry [None req-75e5a550-b9d4-4dab-995e-6c928d47e3fe - - - - - -] security_group is already registered
2026-04-29 02:03:40.214 8 INFO neutron.quota.resource_registry [None req-75e5a550-b9d4-4dab-995e-6c928d47e3fe - - - - - -] Creating instance of TrackedResource for resource:security_group_rule
2026-04-29 02:03:40.214 8 WARNING neutron.quota.resource_registry [None req-75e5a550-b9d4-4dab-995e-6c928d47e3fe - - - - - -] security_group_rule is already registered
2026-04-29 02:03:40.214 8 INFO neutron.quota.resource_registry [None req-75e5a550-b9d4-4dab-995e-6c928d47e3fe - - - - - -] Creating instance of TrackedResource for resource:subnetpool
2026-04-29 02:03:40.215 8 WARNING neutron.quota.resource_registry [None req-75e5a550-b9d4-4dab-995e-6c928d47e3fe - - - - - -] subnetpool is already registered
2026-04-29 02:03:40.215 8 INFO neutron.quota.resource_registry [None req-75e5a550-b9d4-4dab-995e-6c928d47e3fe - - - - - -] Creating instance of CountableResource for resource:trunk
2026-04-29 02:03:40.215 8 WARNING neutron.quota.resource_registry [None req-75e5a550-b9d4-4dab-995e-6c928d47e3fe - - - - - -] trunk is already registered
2026-04-29 02:03:40.216 8 INFO neutron.quota.resource_registry [None req-75e5a550-b9d4-4dab-995e-6c928d47e3fe - - - - - -] Creating instance of CountableResource for resource:ikepolicy
2026-04-29 02:03:40.216 8 WARNING neutron.quota.resource_registry [None req-75e5a550-b9d4-4dab-995e-6c928d47e3fe - - - - - -] ikepolicy is already registered
2026-04-29 02:03:40.217 8 INFO neutron.quota.resource_registry [None req-75e5a550-b9d4-4dab-995e-6c928d47e3fe - - - - - -] Creating instance of CountableResource for resource:ipsecpolicy
2026-04-29 02:03:40.217 8 WARNING neutron.quota.resource_registry [None req-75e5a550-b9d4-4dab-995e-6c928d47e3fe - - - - - -] ipsecpolicy is already registered
2026-04-29 02:03:40.217 8 INFO neutron.quota.resource_registry [None req-75e5a550-b9d4-4dab-995e-6c928d47e3fe - - - - - -] Creating instance of CountableResource for resource:endpoint_group
2026-04-29 02:03:40.217 8 WARNING neutron.quota.resource_registry [None req-75e5a550-b9d4-4dab-995e-6c928d47e3fe - - - - - -] endpoint_group is already registered
2026-04-29 02:03:40.218 8 INFO neutron.quota.resource_registry [None req-75e5a550-b9d4-4dab-995e-6c928d47e3fe - - - - - -] Creating instance of CountableResource for resource:vpnservice
2026-04-29 02:03:40.218 8 WARNING neutron.quota.resource_registry [None req-75e5a550-b9d4-4dab-995e-6c928d47e3fe - - - - - -] vpnservice is already registered
2026-04-29 02:03:40.218 8 INFO neutron.quota.resource_registry [None req-75e5a550-b9d4-4dab-995e-6c928d47e3fe - - - - - -] Creating instance of CountableResource for resource:ipsec_site_connection
2026-04-29 02:03:40.218 8 WARNING neutron.quota.resource_registry [None req-75e5a550-b9d4-4dab-995e-6c928d47e3fe - - - - - -] ipsec_site_connection is already registered
2026-04-29 02:03:40.219 8 INFO neutron.quota.resource_registry [None req-75e5a550-b9d4-4dab-995e-6c928d47e3fe - - - - - -] Creating instance of CountableResource for resource:ipsecpolicy
2026-04-29 02:03:40.219 8 WARNING neutron.quota.resource_registry [None req-75e5a550-b9d4-4dab-995e-6c928d47e3fe - - - - - -] ipsecpolicy is already registered
2026-04-29 02:03:40.219 8 INFO neutron.quota.resource_registry [None req-75e5a550-b9d4-4dab-995e-6c928d47e3fe - - - - - -] Creating instance of CountableResource for resource:ikepolicy
2026-04-29 02:03:40.219 8 WARNING neutron.quota.resource_registry [None req-75e5a550-b9d4-4dab-995e-6c928d47e3fe - - - - - -] ikepolicy is already registered
2026-04-29 02:03:40.256 8 WARNING keystonemiddleware._common.config [None req-75e5a550-b9d4-4dab-995e-6c928d47e3fe - - - - - -] The option "audit_map_file" is not known to keystonemiddleware
2026-04-29 02:03:40.262 8 WARNING oslo_config.cfg [None req-75e5a550-b9d4-4dab-995e-6c928d47e3fe - - - - - -] Deprecated: Option "auth_uri" from group "keystone_authtoken" is deprecated. Use option "www_authenticate_uri" from group "keystone_authtoken".
2026-04-29 02:03:40.281 8 WARNING neutron.plugins.ml2.drivers.ovn.mech_driver.mech_driver [None req-75e5a550-b9d4-4dab-995e-6c928d47e3fe - - - - - -] uWSGI must provide a start time using the configuration parameter "start-time %t" in the configuration file
2026-04-29 02:03:40.295 8 INFO neutron.db.ovn_hash_ring_db [None req-75e5a550-b9d4-4dab-995e-6c928d47e3fe - - - - - -] Nodes from host "neutron-server-55b6c9f6c4-r9dz4" and group "mechanism_driver" removed from the Hash Ring created at
2026-04-29 02:03:40+00:00
2026-04-29 02:03:40.298 8 INFO neutron.db.ovn_hash_ring_db [None req-75e5a550-b9d4-4dab-995e-6c928d47e3fe - - - - - -] Node fff2c1b9c5b151f79da17ec7a445aeda from host "neutron-server-55b6c9f6c4-r9dz4" and group "mechanism_driver" added to the Hash Ring
2026-04-29 02:03:40.304 8 INFO neutron.plugins.ml2.drivers.ovn.mech_driver.mech_driver [None req-75e5a550-b9d4-4dab-995e-6c928d47e3fe - - - - - -] Hash Ring probing thread for node fff2c1b9c5b151f79da17ec7a445aeda has started
2026-04-29 02:03:40.305 8 INFO neutron.plugins.ml2.drivers.ovn.mech_driver.ovsdb.impl_idl_ovn [None req-75e5a550-b9d4-4dab-995e-6c928d47e3fe - - - - - -] Getting OvsdbNbOvnIdl for WorkerService with retry
2026-04-29 02:03:40.307 7 INFO neutron.plugins.ml2.drivers.ovn.mech_driver.ovsdb.impl_idl_ovn [None req-af55fb08-84e4-4f42-a7f0-796d036e3854 - - - - - -] Getting OvsdbSbOvnIdl for WorkerService with retry
2026-04-29 02:03:40.331 7 INFO ovsdbapp.backend.ovs_idl.vlog [None req-af55fb08-84e4-4f42-a7f0-796d036e3854 - - - - - -] tcp:10.111.164.221:6642: connecting...
2026-04-29 02:03:40.331 7 INFO ovsdbapp.backend.ovs_idl.vlog [None req-af55fb08-84e4-4f42-a7f0-796d036e3854 - - - - - -] tcp:10.111.164.221:6642: connected
2026-04-29 02:03:40.334 8 INFO ovsdbapp.backend.ovs_idl.vlog [None req-75e5a550-b9d4-4dab-995e-6c928d47e3fe - - - - - -] tcp:10.102.122.110:6641: connecting...
2026-04-29 02:03:40.334 8 INFO ovsdbapp.backend.ovs_idl.vlog [None req-75e5a550-b9d4-4dab-995e-6c928d47e3fe - - - - - -] tcp:10.102.122.110:6641: connected
2026-04-29 02:03:40.367 7 INFO neutron.plugins.ml2.drivers.ovn.mech_driver.mech_driver [None req-af55fb08-84e4-4f42-a7f0-796d036e3854 - - - - - -] WorkerService process has finished the post initialization
2026-04-29 02:03:40.368 8 INFO neutron.plugins.ml2.drivers.ovn.mech_driver.ovsdb.impl_idl_ovn [None req-75e5a550-b9d4-4dab-995e-6c928d47e3fe - - - - - -] Getting OvsdbSbOvnIdl for WorkerService with retry
2026-04-29 02:03:40.368 7 INFO neutron.plugins.ml2.drivers.ovn.mech_driver.ovsdb.extensions.qos [-] Starting OVNClientQosExtension
2026-04-29 02:03:40.369 7 INFO neutron.plugins.ml2.drivers.ovn.mech_driver.ovsdb.extensions.placement [-] Starting OVNClientPlacementExtension
2026-04-29 02:03:40.390 7 INFO ovsdbapp.backend.ovs_idl.vlog [None req-af55fb08-84e4-4f42-a7f0-796d036e3854 - - - - - -] tcp:10.102.122.110:6641: connecting...
2026-04-29 02:03:40.390 7 INFO ovsdbapp.backend.ovs_idl.vlog [None req-af55fb08-84e4-4f42-a7f0-796d036e3854 - - - - - -] tcp:10.102.122.110:6641: connected
2026-04-29 02:03:40.390 8 INFO ovsdbapp.backend.ovs_idl.vlog [None req-75e5a550-b9d4-4dab-995e-6c928d47e3fe - - - - - -] tcp:10.111.164.221:6642: connecting...
2026-04-29 02:03:40.391 8 INFO ovsdbapp.backend.ovs_idl.vlog [None req-75e5a550-b9d4-4dab-995e-6c928d47e3fe - - - - - -] tcp:10.111.164.221:6642: connected
2026-04-29 02:03:40.421 8 INFO neutron.plugins.ml2.drivers.ovn.mech_driver.mech_driver [None req-75e5a550-b9d4-4dab-995e-6c928d47e3fe - - - - - -] WorkerService process has finished the post initialization
2026-04-29 02:03:40.428 7 INFO ovsdbapp.backend.ovs_idl.vlog [None req-af55fb08-84e4-4f42-a7f0-796d036e3854 - - - - - -] tcp:10.102.122.110:6641: connecting...
2026-04-29 02:03:40.428 7 INFO ovsdbapp.backend.ovs_idl.vlog [None req-af55fb08-84e4-4f42-a7f0-796d036e3854 - - - - - -] tcp:10.102.122.110:6641: connected
2026-04-29 02:03:40.439 8 INFO ovsdbapp.backend.ovs_idl.vlog [None req-75e5a550-b9d4-4dab-995e-6c928d47e3fe - - - - - -] tcp:10.102.122.110:6641: connecting...
2026-04-29 02:03:40.439 8 INFO ovsdbapp.backend.ovs_idl.vlog [None req-75e5a550-b9d4-4dab-995e-6c928d47e3fe - - - - - -] tcp:10.102.122.110:6641: connected WSGI app 0 (mountpoint='') ready in 10 seconds on interpreter 0x7f3a84f99668 pid: 7 (default app)
2026-04-29 02:03:40.484 8 INFO ovsdbapp.backend.ovs_idl.vlog [None req-75e5a550-b9d4-4dab-995e-6c928d47e3fe - - - - - -] tcp:10.102.122.110:6641: connecting...
2026-04-29 02:03:40.484 8 INFO ovsdbapp.backend.ovs_idl.vlog [None req-75e5a550-b9d4-4dab-995e-6c928d47e3fe - - - - - -] tcp:10.102.122.110:6641: connected WSGI app 0 (mountpoint='') ready in 10 seconds on interpreter 0x7f3a84f99668 pid: 8 (default app) /var/lib/openstack/lib/python3.12/site-packages/pycadf/identifier.py:70: UserWarning: Invalid uuid: unknown. To ensure interoperability, identifiers should be a valid uuid. warnings.warn(('Invalid uuid: %s. To ensure interoperability, '
2026-04-29 02:03:41.936 7 INFO neutron.pecan_wsgi.hooks.translation [None req-fd5bcfb4-ab21-4340-8d88-91045609ffec 774417fb3dd246c98d6056a16b5cf60f b28475fa1ee64294851a44255fa69e25 - - default default] GET failed (client error): The resource could not be found. [pid: 7|app: 0|req: 3/3] 199.204.45.30 () {44 vars in 923 bytes} [Wed Apr 29 02:03:41 2026] GET /v2.0/networks/public => generated 108 bytes in 787 msecs (HTTP/1.1 404) 4 headers in 164 bytes (1 switches on core 0) /var/lib/openstack/lib/python3.12/site-packages/pycadf/identifier.py:70: UserWarning: Invalid uuid: unknown. To ensure interoperability, identifiers should be a valid uuid. warnings.warn(('Invalid uuid: %s. To ensure interoperability, ' [pid: 8|app: 0|req: 1/4] 199.204.45.30 () {44 vars in 945 bytes} [Wed Apr 29 02:03:41 2026] GET /v2.0/networks?name=public => generated 15 bytes in 395 msecs (HTTP/1.1 200) 4 headers in 156 bytes (1 switches on core 0)
2026-04-29 02:03:42.688 7 INFO neutron.db.ovn_revision_numbers_db [None req-9f7bf0cd-ad8c-4ef8-a406-741158f2381a 774417fb3dd246c98d6056a16b5cf60f b28475fa1ee64294851a44255fa69e25 - - default default] Successfully bumped revision number for resource c02ad873-06de-4eea-8930-03732c9fdb8c (type: security_groups) to 1
2026-04-29 02:03:42.702 7 INFO neutron.db.ovn_revision_numbers_db [None req-9f7bf0cd-ad8c-4ef8-a406-741158f2381a 774417fb3dd246c98d6056a16b5cf60f b28475fa1ee64294851a44255fa69e25 - - default default] Successfully bumped revision number for resource 05689ce0-1d87-42ad-8cd1-60f59bd75b4f (type: security_group_rules) to 0
2026-04-29 02:03:42.714 7 INFO neutron.db.ovn_revision_numbers_db [None req-9f7bf0cd-ad8c-4ef8-a406-741158f2381a 774417fb3dd246c98d6056a16b5cf60f b28475fa1ee64294851a44255fa69e25 - - default default] Successfully bumped revision number for resource 16ed9c75-f72b-461d-b15f-68c4b8a798a5 (type: security_group_rules) to 0
2026-04-29 02:03:42.725 7 INFO neutron.db.ovn_revision_numbers_db [None req-9f7bf0cd-ad8c-4ef8-a406-741158f2381a 774417fb3dd246c98d6056a16b5cf60f b28475fa1ee64294851a44255fa69e25 - - default default] Successfully bumped revision number for resource b0f7b6b6-4dd7-4f05-adec-9d765c5385d5 (type: security_group_rules) to 0
2026-04-29 02:03:42.736 7 INFO neutron.db.ovn_revision_numbers_db [None req-9f7bf0cd-ad8c-4ef8-a406-741158f2381a 774417fb3dd246c98d6056a16b5cf60f b28475fa1ee64294851a44255fa69e25 - - default default] Successfully bumped revision number for resource b5b0a678-c6a7-496e-b8e6-51fa44076f36 (type: security_group_rules) to 0
2026-04-29 02:03:42.823 7 WARNING neutron.services.revisions.revision_plugin [None req-9f7bf0cd-ad8c-4ef8-a406-741158f2381a 774417fb3dd246c98d6056a16b5cf60f b28475fa1ee64294851a44255fa69e25 - - default default] Could not find related network for resource to bump revision.
2026-04-29 02:03:42.850 7 INFO neutron.db.segments_db [None req-9f7bf0cd-ad8c-4ef8-a406-741158f2381a 774417fb3dd246c98d6056a16b5cf60f b28475fa1ee64294851a44255fa69e25 - - default default] Added segment 5002a985-9639-4381-95b6-ef93d0463b1f of type flat for network bde7b33f-4a7b-401d-b083-c45379f9439c
2026-04-29 02:03:42.976 7 INFO neutron.plugins.ml2.drivers.ovn.mech_driver.mech_driver [-] OVN reports status down for port: provnet-5002a985-9639-4381-95b6-ef93d0463b1f
2026-04-29 02:03:42.977 8 INFO neutron.plugins.ml2.drivers.ovn.mech_driver.mech_driver [-] OVN reports status down for port: provnet-5002a985-9639-4381-95b6-ef93d0463b1f
2026-04-29 02:03:43.038 7 INFO neutron.db.ovn_revision_numbers_db [None req-9f7bf0cd-ad8c-4ef8-a406-741158f2381a 774417fb3dd246c98d6056a16b5cf60f b28475fa1ee64294851a44255fa69e25 - - default default] Successfully bumped revision number for resource bde7b33f-4a7b-401d-b083-c45379f9439c (type: networks) to 1
2026-04-29 02:03:43.289 7 WARNING neutron.scheduler.dhcp_agent_scheduler [None req-9f7bf0cd-ad8c-4ef8-a406-741158f2381a 774417fb3dd246c98d6056a16b5cf60f b28475fa1ee64294851a44255fa69e25 - - default default] No more DHCP agents
2026-04-29 02:03:43.290 7 WARNING neutron.api.rpc.agentnotifiers.dhcp_rpc_agent_api [None req-9f7bf0cd-ad8c-4ef8-a406-741158f2381a 774417fb3dd246c98d6056a16b5cf60f b28475fa1ee64294851a44255fa69e25 - - default default] Unable to schedule network bde7b33f-4a7b-401d-b083-c45379f9439c: no agents available; will retry on subsequent port and subnet creation events.
2026-04-29 02:03:43.589 7 INFO neutron.plugins.ml2.drivers.ovn.mech_driver.mech_driver [None req-31ae99d1-d056-48d6-9240-2537a85e223e - - - - - -] OVN reports status down for port: c2e1fb60-4e8c-432d-831d-1bbd35c15a65
2026-04-29 02:03:43.590 8 INFO neutron.plugins.ml2.drivers.ovn.mech_driver.mech_driver [None req-bb60f4a7-a249-4616-bfad-bd16ad2669de - - - - - -] OVN reports status down for port: c2e1fb60-4e8c-432d-831d-1bbd35c15a65
2026-04-29 02:03:43.677 7 INFO neutron.db.ovn_revision_numbers_db [None req-9f7bf0cd-ad8c-4ef8-a406-741158f2381a 774417fb3dd246c98d6056a16b5cf60f b28475fa1ee64294851a44255fa69e25 - - default default] Successfully bumped revision number for resource c2e1fb60-4e8c-432d-831d-1bbd35c15a65 (type: ports) to 1
2026-04-29 02:03:43.685 8 INFO neutron.plugins.ml2.drivers.ovn.mech_driver.ovsdb.extensions.qos [None req-bb60f4a7-a249-4616-bfad-bd16ad2669de - - - - - -] Starting OVNClientQosExtension
2026-04-29 02:03:43.685 8 INFO neutron.plugins.ml2.drivers.ovn.mech_driver.ovsdb.extensions.placement [None req-bb60f4a7-a249-4616-bfad-bd16ad2669de - - - - - -] Starting OVNClientPlacementExtension [pid: 7|app: 0|req: 4/6] 199.204.45.30 () {48 vars in 963 bytes} [Wed Apr 29 02:03:42 2026] POST /v2.0/networks => generated 744 bytes in 1400 msecs (HTTP/1.1 201) 4 headers in 162 bytes (1 switches on core 0)
2026-04-29 02:03:45.141 8 INFO neutron.pecan_wsgi.hooks.translation [None req-a2e247d3-15a7-43aa-b59f-4ef79b41bb60 774417fb3dd246c98d6056a16b5cf60f b28475fa1ee64294851a44255fa69e25 - - default default] GET failed (client error): The resource could not be found. [pid: 8|app: 0|req: 3/7] 199.204.45.30 () {44 vars in 923 bytes} [Wed Apr 29 02:03:44 2026] GET /v2.0/networks/public => generated 108 bytes in 364 msecs (HTTP/1.1 404) 4 headers in 164 bytes (1 switches on core 0) [pid: 7|app: 0|req: 5/8] 199.204.45.30 () {44 vars in 945 bytes} [Wed Apr 29 02:03:45 2026] GET /v2.0/networks?name=public => generated 753 bytes in 43 msecs (HTTP/1.1 200) 4 headers in 157 bytes (1 switches on core 0)
2026-04-29 02:03:45.224 8 INFO neutron.pecan_wsgi.hooks.translation [None req-e2477e85-712f-40b6-87c8-bddfd6463ea7 774417fb3dd246c98d6056a16b5cf60f b28475fa1ee64294851a44255fa69e25 - - default default] GET failed (client error): The resource could not be found. [pid: 8|app: 0|req: 4/9] 199.204.45.30 () {44 vars in 1030 bytes} [Wed Apr 29 02:03:45 2026] GET /v2.0/subnets/public-subnet?network_id=bde7b33f-4a7b-401d-b083-c45379f9439c => generated 113 bytes in 26 msecs (HTTP/1.1 404) 4 headers in 164 bytes (1 switches on core 0) [pid: 7|app: 0|req: 6/10] 199.204.45.30 () {44 vars in 1053 bytes} [Wed Apr 29 02:03:45 2026] GET /v2.0/subnets?name=public-subnet&network_id=bde7b33f-4a7b-401d-b083-c45379f9439c => generated 14 bytes in 24 msecs (HTTP/1.1 200) 4 headers in 156 bytes (1 switches on core 0)
2026-04-29 02:03:45.660 8 WARNING neutron.scheduler.dhcp_agent_scheduler [None req-d48629cc-aeff-4f70-96c6-87f606b6d67e 774417fb3dd246c98d6056a16b5cf60f b28475fa1ee64294851a44255fa69e25 - - default default] No more DHCP agents
2026-04-29 02:03:45.662 8 WARNING neutron.api.rpc.agentnotifiers.dhcp_rpc_agent_api [None req-d48629cc-aeff-4f70-96c6-87f606b6d67e 774417fb3dd246c98d6056a16b5cf60f b28475fa1ee64294851a44255fa69e25 - - default default] Unable to schedule network bde7b33f-4a7b-401d-b083-c45379f9439c: no agents available; will retry on subsequent port and subnet creation events.
2026-04-29 02:03:46.460 8 INFO neutron.db.ovn_revision_numbers_db [None req-b838be9c-876d-4f1f-9482-4564c5723828 - - - - - -] Successfully bumped revision number for resource c2e1fb60-4e8c-432d-831d-1bbd35c15a65 (type: ports) to 2
2026-04-29 02:03:46.495 8 INFO neutron.db.ovn_revision_numbers_db [None req-b838be9c-876d-4f1f-9482-4564c5723828 - - - - - -] Successfully bumped revision number for resource 6a054baa-490f-472c-95d8-2bb62914ddd2 (type: subnets) to 0 [pid: 8|app: 0|req: 5/11] 199.204.45.30 () {48 vars in 961 bytes} [Wed Apr 29 02:03:45 2026] POST /v2.0/subnets => generated 664 bytes in 1252 msecs (HTTP/1.1 201) 4 headers in 162 bytes (1 switches on core 0)
2026-04-29 02:08:36.558 8 INFO neutron.pecan_wsgi.hooks.translation [None req-cad9bb1f-473a-4b50-84f6-39c522ccd5d9 774417fb3dd246c98d6056a16b5cf60f b28475fa1ee64294851a44255fa69e25 - - default default] GET failed (client error): The resource could not be found. [pid: 8|app: 0|req: 23/47] 199.204.45.30 () {44 vars in 933 bytes} [Wed Apr 29 02:08:36 2026] GET /v2.0/networks/lb-mgmt-net => generated 113 bytes in 112 msecs (HTTP/1.1 404) 4 headers in 164 bytes (1 switches on core 0) [pid: 7|app: 0|req: 25/48] 199.204.45.30 () {44 vars in 955 bytes} [Wed Apr 29 02:08:36 2026] GET /v2.0/networks?name=lb-mgmt-net => generated 15 bytes in 17 msecs (HTTP/1.1 200) 4 headers in 156 bytes (1 switches on core 0)
2026-04-29 02:08:36.677 8 INFO neutron.db.segments_db [None req-8127789b-911e-48c8-9917-2b626ffa507b 774417fb3dd246c98d6056a16b5cf60f b28475fa1ee64294851a44255fa69e25 - - default default] Added segment 5e137e52-b0e4-4e73-84a1-9af4ac298ce2 of type geneve for network 692f6f40-2edd-4f42-a23b-b459863714de
