2026-04-29 02:38:35.096 8 INFO neutron.db.ovn_revision_numbers_db [None req-112ecb56-2c91-4878-afd1-4b91b2c5857f 774417fb3dd246c98d6056a16b5cf60f b28475fa1ee64294851a44255fa69e25 - - default default] Successfully bumped revision number for resource c3e4aaf7-9b58-4bc5-a5be-2b870d8c46d3 (type: security_group_rules) to 0 [pid: 7|app: 0|req: 932/1912] 10.0.0.79 () {34 vars in 989 bytes} [Wed Apr 29 02:38:35 2026] GET /v2.0/ports?device_id=85030ae5-a3e4-4d88-b98b-20bceea33384 => generated 12 bytes in 23 msecs (HTTP/1.1 200) 4 headers in 156 bytes (1 switches on core 0)
2026-04-29 02:38:35.114 8 INFO neutron.db.ovn_revision_numbers_db [None req-112ecb56-2c91-4878-afd1-4b91b2c5857f 774417fb3dd246c98d6056a16b5cf60f b28475fa1ee64294851a44255fa69e25 - - default default] Successfully bumped revision number for resource e054e906-6d4d-4b83-89c9-43c34794e434 (type: security_group_rules) to 0
2026-04-29 02:38:35.131 8 INFO neutron.db.ovn_revision_numbers_db [None req-112ecb56-2c91-4878-afd1-4b91b2c5857f 774417fb3dd246c98d6056a16b5cf60f b28475fa1ee64294851a44255fa69e25 - - default default] Successfully bumped revision number for resource fb86b2c0-7205-40ce-bd0f-3715ea025fd1 (type: security_group_rules) to 0 [pid: 8|app: 0|req: 981/1913] 10.0.0.88 () {32 vars in 773 bytes} [Wed Apr 29 02:38:34 2026] GET /v2.0/security-groups?tenant_id=34bee18993814f4f9a57b363ae463259&name=default => generated 2925 bytes in 303 msecs (HTTP/1.1 200) 4 headers in 158 bytes (1 switches on core 0) [pid: 7|app: 0|req: 933/1914] 10.0.0.88 () {32 vars in 739 bytes} [Wed Apr 29 02:38:35 2026] DELETE /v2.0/security-groups/224fca91-7db5-4efc-9ff4-609c98020bf3 => generated 0 bytes in 230 msecs (HTTP/1.1 204) 2 headers in 112 bytes (1 switches on core 0)
2026-04-29 02:38:35.673 8 INFO neutron.db.ovn_revision_numbers_db [None req-204205e4-265c-43ce-b65c-97fb66a8f7d6 774417fb3dd246c98d6056a16b5cf60f b28475fa1ee64294851a44255fa69e25 - - default default] Successfully bumped revision number for resource 545d2c7a-3a86-4da9-bb64-88b33a39b4ca (type: security_groups) to 1
2026-04-29 02:38:35.684 8 INFO neutron.db.ovn_revision_numbers_db [None req-204205e4-265c-43ce-b65c-97fb66a8f7d6 774417fb3dd246c98d6056a16b5cf60f b28475fa1ee64294851a44255fa69e25 - - default default] Successfully bumped revision number for resource 066c1182-f414-4df3-b660-9d05e97ee52a (type: security_group_rules) to 0
2026-04-29 02:38:35.695 8 INFO neutron.db.ovn_revision_numbers_db [None req-204205e4-265c-43ce-b65c-97fb66a8f7d6 774417fb3dd246c98d6056a16b5cf60f b28475fa1ee64294851a44255fa69e25 - - default default] Successfully bumped revision number for resource 1217defb-c9d3-4327-86fc-d0119da80220 (type: security_group_rules) to 0
2026-04-29 02:38:35.707 8 INFO neutron.db.ovn_revision_numbers_db [None req-204205e4-265c-43ce-b65c-97fb66a8f7d6 774417fb3dd246c98d6056a16b5cf60f b28475fa1ee64294851a44255fa69e25 - - default default] Successfully bumped revision number for resource 6816abd0-f483-4097-89b3-9386857ff1cb (type: security_group_rules) to 0
2026-04-29 02:38:35.717 8 INFO neutron.db.ovn_revision_numbers_db [None req-204205e4-265c-43ce-b65c-97fb66a8f7d6 774417fb3dd246c98d6056a16b5cf60f b28475fa1ee64294851a44255fa69e25 - - default default] Successfully bumped revision number for resource e87b177d-b306-4048-bc88-56e9c8bade01 (type: security_group_rules) to 0 [pid: 8|app: 0|req: 982/1915] 10.0.0.88 () {32 vars in 773 bytes} [Wed Apr 29 02:38:35 2026] GET /v2.0/security-groups?tenant_id=3a3a60d960d24bb0bac32f6ccc91ec5c&name=default => generated 2925 bytes in 198 msecs (HTTP/1.1 200) 4 headers in 158 bytes (1 switches on core 0)
2026-04-29 02:38:35.883 7 INFO neutron.db.ovn_revision_numbers_db [None req-188d79cf-41ae-4a94-a268-e7c871b164b4 7aa62a67ffa54b66997f536d9d6262e3 5a6a261d2bc2418d9d5dd25297eac3cd - - default default] Successfully bumped revision number for resource bad9a72a-b804-4748-98dc-e5871cb3bf6b (type: security_groups) to 1
2026-04-29 02:38:35.900 7 INFO neutron.db.ovn_revision_numbers_db [None req-188d79cf-41ae-4a94-a268-e7c871b164b4 7aa62a67ffa54b66997f536d9d6262e3 5a6a261d2bc2418d9d5dd25297eac3cd - - default default] Successfully bumped revision number for resource 2b116d2a-3933-4f98-b8f0-8b310e636d72 (type: security_group_rules) to 0
2026-04-29 02:38:35.915 7 INFO neutron.db.ovn_revision_numbers_db [None req-188d79cf-41ae-4a94-a268-e7c871b164b4 7aa62a67ffa54b66997f536d9d6262e3 5a6a261d2bc2418d9d5dd25297eac3cd - - default default] Successfully bumped revision number for resource 3c688e4f-b8aa-4c0a-8ccc-cd21679a267b (type: security_group_rules) to 0
2026-04-29 02:38:35.932 7 INFO neutron.db.ovn_revision_numbers_db [None req-188d79cf-41ae-4a94-a268-e7c871b164b4 7aa62a67ffa54b66997f536d9d6262e3 5a6a261d2bc2418d9d5dd25297eac3cd - - default default] Successfully bumped revision number for resource 6cfd6c8e-d2ea-42bd-8b79-612d8774a4aa (type: security_group_rules) to 0
2026-04-29 02:38:35.951 7 INFO neutron.db.ovn_revision_numbers_db [None req-188d79cf-41ae-4a94-a268-e7c871b164b4 7aa62a67ffa54b66997f536d9d6262e3 5a6a261d2bc2418d9d5dd25297eac3cd - - default default] Successfully bumped revision number for resource 7b484e60-ba9f-4f67-a9e8-918657de4f27 (type: security_group_rules) to 0 [pid: 8|app: 0|req: 983/1916] 10.0.0.88 () {32 vars in 739 bytes} [Wed Apr 29 02:38:35 2026] DELETE /v2.0/security-groups/545d2c7a-3a86-4da9-bb64-88b33a39b4ca => generated 0 bytes in 247 msecs (HTTP/1.1 204) 2 headers in 112 bytes (1 switches on core 0)
2026-04-29 02:38:36.040 7 INFO neutron.db.segments_db [None req-188d79cf-41ae-4a94-a268-e7c871b164b4 7aa62a67ffa54b66997f536d9d6262e3 5a6a261d2bc2418d9d5dd25297eac3cd - - default default] Added segment 6c091af9-686f-40a0-85cb-a4709d053ff8 of type geneve for network be78d230-f331-451c-84d4-51d5279d4ad4
2026-04-29 02:38:36.103 7 WARNING neutron.plugins.ml2.drivers.ovn.mech_driver.ovsdb.ovn_client [None req-fd1b56d1-9ee8-4385-9856-b1226efe8ac1 - - - - - -] No hosting information found for port 922f4bd6-d143-462e-a49c-41d56edbdb6b: RuntimeError: No hosting information found for port 922f4bd6-d143-462e-a49c-41d56edbdb6b [pid: 8|app: 0|req: 984/1917] 10.0.0.79 () {34 vars in 989 bytes} [Wed Apr 29 02:38:36 2026] GET /v2.0/ports?device_id=85030ae5-a3e4-4d88-b98b-20bceea33384 => generated 12 bytes in 34 msecs (HTTP/1.1 200) 4 headers in 156 bytes (1 switches on core 0)
2026-04-29 02:38:36.236 7 INFO neutron.db.ovn_revision_numbers_db [None req-188d79cf-41ae-4a94-a268-e7c871b164b4 7aa62a67ffa54b66997f536d9d6262e3 5a6a261d2bc2418d9d5dd25297eac3cd - - default default] Successfully bumped revision number for resource be78d230-f331-451c-84d4-51d5279d4ad4 (type: networks) to 1
2026-04-29 02:38:36.277 7 INFO neutron.db.ovn_revision_numbers_db [None req-fd1b56d1-9ee8-4385-9856-b1226efe8ac1 - - - - - -] Successfully bumped revision number for resource 922f4bd6-d143-462e-a49c-41d56edbdb6b (type: router_ports) to 2
2026-04-29 02:38:36.413 7 WARNING neutron.scheduler.dhcp_agent_scheduler [None req-188d79cf-41ae-4a94-a268-e7c871b164b4 7aa62a67ffa54b66997f536d9d6262e3 5a6a261d2bc2418d9d5dd25297eac3cd - - default default] No more DHCP agents
2026-04-29 02:38:36.415 7 WARNING neutron.api.rpc.agentnotifiers.dhcp_rpc_agent_api [None req-188d79cf-41ae-4a94-a268-e7c871b164b4 7aa62a67ffa54b66997f536d9d6262e3 5a6a261d2bc2418d9d5dd25297eac3cd - - default default] Unable to schedule network be78d230-f331-451c-84d4-51d5279d4ad4: no agents available; will retry on subsequent port and subnet creation events.
2026-04-29 02:38:36.466 7 INFO neutron.plugins.ml2.drivers.ovn.mech_driver.mech_driver [None req-fd1b56d1-9ee8-4385-9856-b1226efe8ac1 - - - - - -] OVN reports status down for port: 90bd7194-6276-411f-b3e4-677a82f3c679
2026-04-29 02:38:36.520 7 INFO neutron.db.ovn_revision_numbers_db [None req-188d79cf-41ae-4a94-a268-e7c871b164b4 7aa62a67ffa54b66997f536d9d6262e3 5a6a261d2bc2418d9d5dd25297eac3cd - - default default] Successfully bumped revision number for resource 90bd7194-6276-411f-b3e4-677a82f3c679 (type: ports) to 1 [pid: 7|app: 0|req: 934/1918] 10.0.0.88 () {34 vars in 669 bytes} [Wed Apr 29 02:38:35 2026] POST /v2.0/networks => generated 668 bytes in 987 msecs (HTTP/1.1 201) 4 headers in 162 bytes (1 switches on core 0)
2026-04-29 02:38:36.789 8 WARNING neutron.scheduler.dhcp_agent_scheduler [None req-f69db22d-7bd5-4b25-abc2-c0abc4648691 7aa62a67ffa54b66997f536d9d6262e3 5a6a261d2bc2418d9d5dd25297eac3cd - - default default] No more DHCP agents
2026-04-29 02:38:36.790 8 WARNING neutron.api.rpc.agentnotifiers.dhcp_rpc_agent_api [None req-f69db22d-7bd5-4b25-abc2-c0abc4648691 7aa62a67ffa54b66997f536d9d6262e3 5a6a261d2bc2418d9d5dd25297eac3cd - - default default] Unable to schedule network be78d230-f331-451c-84d4-51d5279d4ad4: no agents available; will retry on subsequent port and subnet creation events.
2026-04-29 02:38:36.849 7 INFO neutron.plugins.ml2.drivers.ovn.mech_driver.mech_driver [None req-fd1b56d1-9ee8-4385-9856-b1226efe8ac1 - - - - - -] OVN reports status down for port: 10474b02-a2f0-42c1-aeb1-2cedd7dd3c37
2026-04-29 02:38:36.888 8 INFO neutron.db.ovn_revision_numbers_db [None req-f69db22d-7bd5-4b25-abc2-c0abc4648691 7aa62a67ffa54b66997f536d9d6262e3 5a6a261d2bc2418d9d5dd25297eac3cd - - default default] Successfully bumped revision number for resource 10474b02-a2f0-42c1-aeb1-2cedd7dd3c37 (type: ports) to 1 [pid: 8|app: 0|req: 985/1919] 10.0.0.88 () {34 vars in 664 bytes} [Wed Apr 29 02:38:36 2026] POST /v2.0/ports => generated 778 bytes in 377 msecs (HTTP/1.1 201) 4 headers in 162 bytes (1 switches on core 0)
2026-04-29 02:38:37.046 7 INFO neutron.db.segments_db [None req-9e4b5f28-83a7-47ed-b640-9aed438efd37 7aa62a67ffa54b66997f536d9d6262e3 5a6a261d2bc2418d9d5dd25297eac3cd - - default default] Added segment 140a0ef2-2b8d-4278-8634-b130a84c20e5 of type geneve for network 186ab4a9-2d70-4d1c-9346-93098c32242f
2026-04-29 02:38:37.199 7 INFO neutron.db.ovn_revision_numbers_db [None req-9e4b5f28-83a7-47ed-b640-9aed438efd37 7aa62a67ffa54b66997f536d9d6262e3 5a6a261d2bc2418d9d5dd25297eac3cd - - default default] Successfully bumped revision number for resource 186ab4a9-2d70-4d1c-9346-93098c32242f (type: networks) to 1 /var/lib/openstack/lib/python3.12/site-packages/pycadf/identifier.py:70: UserWarning: Invalid uuid: neutron. To ensure interoperability, identifiers should be a valid uuid. warnings.warn(('Invalid uuid: %s. To ensure interoperability, ' [pid: 8|app: 0|req: 986/1920] 10.0.0.79 () {34 vars in 989 bytes} [Wed Apr 29 02:38:37 2026] GET /v2.0/ports?device_id=85030ae5-a3e4-4d88-b98b-20bceea33384 => generated 12 bytes in 20 msecs (HTTP/1.1 200) 4 headers in 156 bytes (1 switches on core 0)
2026-04-29 02:38:37.379 7 WARNING neutron.scheduler.dhcp_agent_scheduler [None req-9e4b5f28-83a7-47ed-b640-9aed438efd37 7aa62a67ffa54b66997f536d9d6262e3 5a6a261d2bc2418d9d5dd25297eac3cd - - default default] No more DHCP agents
2026-04-29 02:38:37.381 7 WARNING neutron.api.rpc.agentnotifiers.dhcp_rpc_agent_api [None req-9e4b5f28-83a7-47ed-b640-9aed438efd37 7aa62a67ffa54b66997f536d9d6262e3 5a6a261d2bc2418d9d5dd25297eac3cd - - default default] Unable to schedule network 186ab4a9-2d70-4d1c-9346-93098c32242f: no agents available; will retry on subsequent port and subnet creation events.
2026-04-29 02:38:37.462 7 INFO neutron.plugins.ml2.drivers.ovn.mech_driver.mech_driver [None req-fd1b56d1-9ee8-4385-9856-b1226efe8ac1 - - - - - -] OVN reports status down for port: 001c809d-935c-4de7-864b-9c247b6b1764
2026-04-29 02:38:37.555 7 INFO neutron.db.ovn_revision_numbers_db [None req-9e4b5f28-83a7-47ed-b640-9aed438efd37 7aa62a67ffa54b66997f536d9d6262e3 5a6a261d2bc2418d9d5dd25297eac3cd - - default default] Successfully bumped revision number for resource 001c809d-935c-4de7-864b-9c247b6b1764 (type: ports) to 1 [pid: 7|app: 0|req: 935/1921] 10.0.0.88 () {34 vars in 669 bytes} [Wed Apr 29 02:38:36 2026] POST /v2.0/networks => generated 654 bytes in 660 msecs (HTTP/1.1 201) 4 headers in 162 bytes (1 switches on core 0)
2026-04-29 02:38:37.827 8 WARNING neutron.scheduler.dhcp_agent_scheduler [None req-094c0876-18e1-4c03-a4f9-6840da3f3941 7aa62a67ffa54b66997f536d9d6262e3 5a6a261d2bc2418d9d5dd25297eac3cd - - default default] No more DHCP agents
2026-04-29 02:38:37.828 8 WARNING neutron.api.rpc.agentnotifiers.dhcp_rpc_agent_api [None req-094c0876-18e1-4c03-a4f9-6840da3f3941 7aa62a67ffa54b66997f536d9d6262e3 5a6a261d2bc2418d9d5dd25297eac3cd - - default default] Unable to schedule network 186ab4a9-2d70-4d1c-9346-93098c32242f: no agents available; will retry on subsequent port and subnet creation events.
2026-04-29 02:38:37.859 8 INFO neutron.db.ovn_revision_numbers_db [None req-094c0876-18e1-4c03-a4f9-6840da3f3941 7aa62a67ffa54b66997f536d9d6262e3 5a6a261d2bc2418d9d5dd25297eac3cd - - default default] Successfully bumped revision number for resource 3f3ea694-3a67-4a69-843e-065da5d7df53 (type: subnets) to 0 [pid: 8|app: 0|req: 987/1922] 10.0.0.88 () {34 vars in 668 bytes} [Wed Apr 29 02:38:37 2026] POST /v2.0/subnets => generated 646 bytes in 250 msecs (HTTP/1.1 201) 4 headers in 162 bytes (1 switches on core 0)
2026-04-29 02:38:38.219 7 WARNING neutron.scheduler.dhcp_agent_scheduler [None req-fc869264-ec28-4a1b-a5db-ede4e68af0fc 7aa62a67ffa54b66997f536d9d6262e3 5a6a261d2bc2418d9d5dd25297eac3cd - - default default] No more DHCP agents
2026-04-29 02:38:38.221 7 WARNING neutron.api.rpc.agentnotifiers.dhcp_rpc_agent_api [None req-fc869264-ec28-4a1b-a5db-ede4e68af0fc 7aa62a67ffa54b66997f536d9d6262e3 5a6a261d2bc2418d9d5dd25297eac3cd - - default default] Unable to schedule network 186ab4a9-2d70-4d1c-9346-93098c32242f: no agents available; will retry on subsequent port and subnet creation events.
2026-04-29 02:38:38.294 8 INFO neutron.plugins.ml2.drivers.ovn.mech_driver.mech_driver [None req-37274d60-c01c-4d56-a44c-2ca2ed3d262f - - - - - -] OVN reports status down for port: 9180efda-80cb-4ad7-bb69-35578aec32d5
2026-04-29 02:38:38.316 7 INFO neutron.db.ovn_revision_numbers_db [None req-fc869264-ec28-4a1b-a5db-ede4e68af0fc 7aa62a67ffa54b66997f536d9d6262e3 5a6a261d2bc2418d9d5dd25297eac3cd - - default default] Successfully bumped revision number for resource 9180efda-80cb-4ad7-bb69-35578aec32d5 (type: ports) to 1 [pid: 7|app: 0|req: 936/1923] 10.0.0.88 () {34 vars in 664 bytes} [Wed Apr 29 02:38:37 2026] POST /v2.0/ports => generated 966 bytes in 506 msecs (HTTP/1.1 201) 4 headers in 162 bytes (1 switches on core 0) [pid: 8|app: 0|req: 988/1924] 10.0.0.79 () {34 vars in 989 bytes} [Wed Apr 29 02:38:38 2026] GET /v2.0/ports?device_id=85030ae5-a3e4-4d88-b98b-20bceea33384 => generated 12 bytes in 35 msecs (HTTP/1.1 200) 4 headers in 156 bytes (1 switches on core 0) /var/lib/openstack/lib/python3.12/site-packages/pycadf/identifier.py:70: UserWarning: Invalid uuid: neutron. To ensure interoperability, identifiers should be a valid uuid. warnings.warn(('Invalid uuid: %s. To ensure interoperability, '
2026-04-29 02:38:38.524 7 INFO neutron_taas.services.taas.taas_plugin [None req-841f9c6f-9b61-4e9c-881c-f63d712a8254 7aa62a67ffa54b66997f536d9d6262e3 5a6a261d2bc2418d9d5dd25297eac3cd - - default default] TaaS: Handle Delete Port: 9180efda-80cb-4ad7-bb69-35578aec32d5
2026-04-29 02:38:38.527 7 INFO neutron_taas.services.taas.tap_mirror_plugin [None req-841f9c6f-9b61-4e9c-881c-f63d712a8254 7aa62a67ffa54b66997f536d9d6262e3 5a6a261d2bc2418d9d5dd25297eac3cd - - default default] Tap Mirror: Handle Delete Port: 9180efda-80cb-4ad7-bb69-35578aec32d5 [pid: 7|app: 0|req: 937/1925] 10.0.0.88 () {32 vars in 719 bytes} [Wed Apr 29 02:38:38 2026] DELETE /v2.0/ports/9180efda-80cb-4ad7-bb69-35578aec32d5 => generated 0 bytes in 273 msecs (HTTP/1.1 204) 3 headers in 131 bytes (1 switches on core 0)
2026-04-29 02:38:38.686 7 INFO neutron.pecan_wsgi.hooks.translation [None req-52324093-eb7f-4edd-a668-8139fbc46b3e 7aa62a67ffa54b66997f536d9d6262e3 5a6a261d2bc2418d9d5dd25297eac3cd - - default default] DELETE failed (client error): The resource could not be found. [pid: 7|app: 0|req: 938/1926] 10.0.0.88 () {32 vars in 719 bytes} [Wed Apr 29 02:38:38 2026] DELETE /v2.0/ports/9180efda-80cb-4ad7-bb69-35578aec32d5 => generated 132 bytes in 21 msecs (HTTP/1.1 404) 4 headers in 164 bytes (1 switches on core 0)
2026-04-29 02:38:38.720 7 INFO neutron.pecan_wsgi.hooks.translation [None req-28727dcb-5ae5-415b-9367-532f32cfbaa0 7aa62a67ffa54b66997f536d9d6262e3 5a6a261d2bc2418d9d5dd25297eac3cd - - default default] GET failed (client error): The resource could not be found. [pid: 7|app: 0|req: 939/1927] 10.0.0.88 () {32 vars in 716 bytes} [Wed Apr 29 02:38:38 2026] GET /v2.0/ports/9180efda-80cb-4ad7-bb69-35578aec32d5 => generated 132 bytes in 24 msecs (HTTP/1.1 404) 4 headers in 164 bytes (1 switches on core 0)
2026-04-29 02:38:38.761 8 INFO neutron.db.ovn_revision_numbers_db [None req-e71e88aa-06a5-4f27-b1fb-272c35fbbedd 9d05e69ce6834dffb9d44c88b920f3e8 2e87f6b0889c4f36ae92e6c05a3f83fa - - default default] Successfully bumped revision number for resource 43af1647-ed3e-4d47-946e-415febaa796b (type: security_groups) to 1
2026-04-29 02:38:38.778 8 INFO neutron.db.ovn_revision_numbers_db [None req-e71e88aa-06a5-4f27-b1fb-272c35fbbedd 9d05e69ce6834dffb9d44c88b920f3e8 2e87f6b0889c4f36ae92e6c05a3f83fa - - default default] Successfully bumped revision number for resource 1376b953-e4f5-4902-b681-00cf71a953a5 (type: security_group_rules) to 0
2026-04-29 02:38:38.794 8 INFO neutron.db.ovn_revision_numbers_db [None req-e71e88aa-06a5-4f27-b1fb-272c35fbbedd 9d05e69ce6834dffb9d44c88b920f3e8 2e87f6b0889c4f36ae92e6c05a3f83fa - - default default] Successfully bumped revision number for resource 493d157a-4faa-49a1-854b-34c016763d04 (type: security_group_rules) to 0
2026-04-29 02:38:38.806 8 INFO neutron.db.ovn_revision_numbers_db [None req-e71e88aa-06a5-4f27-b1fb-272c35fbbedd 9d05e69ce6834dffb9d44c88b920f3e8 2e87f6b0889c4f36ae92e6c05a3f83fa - - default default] Successfully bumped revision number for resource c6ecdfb7-1eec-4023-bc91-1757bd28e60e (type: security_group_rules) to 0
2026-04-29 02:38:38.822 8 INFO neutron.db.ovn_revision_numbers_db [None req-e71e88aa-06a5-4f27-b1fb-272c35fbbedd 9d05e69ce6834dffb9d44c88b920f3e8 2e87f6b0889c4f36ae92e6c05a3f83fa - - default default] Successfully bumped revision number for resource cd235613-4879-4c3e-baf4-398b7aa03929 (type: security_group_rules) to 0 [pid: 7|app: 0|req: 940/1928] 10.0.0.88 () {32 vars in 723 bytes} [Wed Apr 29 02:38:38 2026] DELETE /v2.0/subnets/3f3ea694-3a67-4a69-843e-065da5d7df53 => generated 0 bytes in 180 msecs (HTTP/1.1 204) 3 headers in 131 bytes (1 switches on core 0)
2026-04-29 02:38:38.974 8 INFO neutron.db.ovn_revision_numbers_db [None req-e71e88aa-06a5-4f27-b1fb-272c35fbbedd 9d05e69ce6834dffb9d44c88b920f3e8 2e87f6b0889c4f36ae92e6c05a3f83fa - - default default] Successfully bumped revision number for resource 452e0539-06f7-462d-afdc-3ec7d9b43337 (type: security_groups) to 1
2026-04-29 02:38:38.992 8 INFO neutron.db.ovn_revision_numbers_db [None req-e71e88aa-06a5-4f27-b1fb-272c35fbbedd 9d05e69ce6834dffb9d44c88b920f3e8 2e87f6b0889c4f36ae92e6c05a3f83fa - - default default] Successfully bumped revision number for resource 5ac2d636-ad2a-49e0-90e2-e1c87bab0aff (type: security_group_rules) to 0
2026-04-29 02:38:39.004 8 INFO neutron.db.ovn_revision_numbers_db [None req-e71e88aa-06a5-4f27-b1fb-272c35fbbedd 9d05e69ce6834dffb9d44c88b920f3e8 2e87f6b0889c4f36ae92e6c05a3f83fa - - default default] Successfully bumped revision number for resource ad7d0eac-6291-4e5f-92d9-6c8ca5abae24 (type: security_group_rules) to 0
2026-04-29 02:38:39.040 7 INFO neutron_taas.services.taas.taas_plugin [None req-9ddf9f88-1ebd-42a6-9905-25dfba9c7717 7aa62a67ffa54b66997f536d9d6262e3 5a6a261d2bc2418d9d5dd25297eac3cd - - default default] TaaS: Handle Delete Port: 001c809d-935c-4de7-864b-9c247b6b1764
2026-04-29 02:38:39.042 7 INFO neutron_taas.services.taas.tap_mirror_plugin [None req-9ddf9f88-1ebd-42a6-9905-25dfba9c7717 7aa62a67ffa54b66997f536d9d6262e3 5a6a261d2bc2418d9d5dd25297eac3cd - - default default] Tap Mirror: Handle Delete Port: 001c809d-935c-4de7-864b-9c247b6b1764 [pid: 8|app: 0|req: 989/1929] 10.0.0.88 () {34 vars in 683 bytes} [Wed Apr 29 02:38:38 2026] POST /v2.0/security-groups => generated 1601 bytes in 619 msecs (HTTP/1.1 201) 4 headers in 163 bytes (1 switches on core 0) [pid: 8|app: 0|req: 990/1930] 10.0.0.88 () {34 vars in 766 bytes} [Wed Apr 29 02:38:39 2026] PUT /v2.0/security-groups/452e0539-06f7-462d-afdc-3ec7d9b43337/tags => generated 25 bytes in 54 msecs (HTTP/1.1 200) 4 headers in 156 bytes (1 switches on core 0) [pid: 8|app: 0|req: 991/1931] 10.0.0.88 () {32 vars in 746 bytes} [Wed Apr 29 02:38:39 2026] GET /v2.0/security-groups/452e0539-06f7-462d-afdc-3ec7d9b43337/tags => generated 25 bytes in 36 msecs (HTTP/1.1 200) 4 headers in 156 bytes (1 switches on core 0) [pid: 8|app: 0|req: 992/1932] 10.0.0.88 () {34 vars in 777 bytes} [Wed Apr 29 02:38:39 2026] PUT /v2.0/security-groups/452e0539-06f7-462d-afdc-3ec7d9b43337/tags/green => generated 4 bytes in 50 msecs (HTTP/1.1 201) 4 headers in 160 bytes (1 switches on core 0)
2026-04-29 02:38:39.224 7 INFO neutron.services.segments.plugin [-] Segment 140a0ef2-2b8d-4278-8634-b130a84c20e5 resource provider aggregate not found
2026-04-29 02:38:39.231 7 INFO neutron.services.segments.plugin [-] Segment 140a0ef2-2b8d-4278-8634-b130a84c20e5 resource provider aggregate not found
2026-04-29 02:38:39.248 7 INFO neutron.services.segments.plugin [-] Segment 140a0ef2-2b8d-4278-8634-b130a84c20e5 resource provider not found; error: Placement Client Error (4xx): {"errors": [{"status": 404, "title": "Not Found", "detail": "The resource could not be found.\n\n No resource provider with uuid 140a0ef2-2b8d-4278-8634-b130a84c20e5 found for delete ", "request_id": "req-04bfe480-a0db-41cc-9a5d-cceec6d71952"}]}
2026-04-29 02:38:39.249 7 INFO neutron.services.segments.plugin [-] Segment 140a0ef2-2b8d-4278-8634-b130a84c20e5 resource provider not found; error: Placement Client Error (4xx): {"errors": [{"status": 404, "title": "Not Found", "detail": "The resource could not be found.\n\n No resource provider with uuid 140a0ef2-2b8d-4278-8634-b130a84c20e5 found for delete ", "request_id": "req-23dc3dd9-1084-4bb3-aac7-d9d34327fd9a"}]} [pid: 8|app: 0|req: 993/1933] 199.204.45.30 () {34 vars in 985 bytes} [Wed Apr 29 02:38:39 2026] GET /v2.0/networks?id=35d3572d-e3cf-4ea1-b2af-807e2783c5fb => generated 710 bytes in 51 msecs (HTTP/1.1 200) 4 headers in 157 bytes (1 switches on core 0) [pid: 7|app: 0|req: 941/1934] 10.0.0.88 () {32 vars in 725 bytes} [Wed Apr 29 02:38:38 2026] DELETE /v2.0/networks/186ab4a9-2d70-4d1c-9346-93098c32242f => generated 0 bytes in 363 msecs (HTTP/1.1 204) 3 headers in 131 bytes (1 switches on core 0) [pid: 8|app: 0|req: 994/1935] 10.0.0.88 () {32 vars in 746 bytes} [Wed Apr 29 02:38:39 2026] GET /v2.0/security-groups/452e0539-06f7-462d-afdc-3ec7d9b43337/tags => generated 34 bytes in 29 msecs (HTTP/1.1 200) 4 headers in 156 bytes (1 switches on core 0)
2026-04-29 02:38:39.384 8 INFO neutron.db.segments_db [None req-c32fd405-10c7-4a32-be07-2668de5f5aab 7aa62a67ffa54b66997f536d9d6262e3 5a6a261d2bc2418d9d5dd25297eac3cd - - default default] Added segment 02288988-b39f-4299-afd0-a4fabef5a881 of type geneve for network 5ffbc6f8-1890-4211-814b-9b64ce589a7a
2026-04-29 02:38:39.491 8 INFO neutron.db.ovn_revision_numbers_db [None req-c32fd405-10c7-4a32-be07-2668de5f5aab 7aa62a67ffa54b66997f536d9d6262e3 5a6a261d2bc2418d9d5dd25297eac3cd - - default default] Successfully bumped revision number for resource 5ffbc6f8-1890-4211-814b-9b64ce589a7a (type: networks) to 1
2026-04-29 02:38:39.574 7 WARNING neutron.scheduler.dhcp_agent_scheduler [req-05fcb664-6448-433b-9ab8-7647b0a86de6 req-09e243f3-bc53-4ff6-96f4-05c057f9c659 f0412dc591bb498982eb440eb03ff5d0 4b182d3635c0454c9070e3e5d0006afc - - default default] No more DHCP agents
2026-04-29 02:38:39.576 7 WARNING neutron.api.rpc.agentnotifiers.dhcp_rpc_agent_api [req-05fcb664-6448-433b-9ab8-7647b0a86de6 req-09e243f3-bc53-4ff6-96f4-05c057f9c659 f0412dc591bb498982eb440eb03ff5d0 4b182d3635c0454c9070e3e5d0006afc - - default default] Unable to schedule network 35d3572d-e3cf-4ea1-b2af-807e2783c5fb: no agents available; will retry on subsequent port and subnet creation events.
2026-04-29 02:38:39.667 8 WARNING neutron.scheduler.dhcp_agent_scheduler [None req-c32fd405-10c7-4a32-be07-2668de5f5aab 7aa62a67ffa54b66997f536d9d6262e3 5a6a261d2bc2418d9d5dd25297eac3cd - - default default] No more DHCP agents
2026-04-29 02:38:39.668 8 WARNING neutron.api.rpc.agentnotifiers.dhcp_rpc_agent_api [None req-c32fd405-10c7-4a32-be07-2668de5f5aab 7aa62a67ffa54b66997f536d9d6262e3 5a6a261d2bc2418d9d5dd25297eac3cd - - default default] Unable to schedule network 5ffbc6f8-1890-4211-814b-9b64ce589a7a: no agents available; will retry on subsequent port and subnet creation events.
2026-04-29 02:38:39.721 8 INFO neutron.plugins.ml2.drivers.ovn.mech_driver.mech_driver [None req-37274d60-c01c-4d56-a44c-2ca2ed3d262f - - - - - -] OVN reports status down for port: 19c4121a-b4aa-4ec7-a193-d136ffa9d377
2026-04-29 02:38:39.727 7 INFO neutron.db.ovn_revision_numbers_db [req-05fcb664-6448-433b-9ab8-7647b0a86de6 req-09e243f3-bc53-4ff6-96f4-05c057f9c659 f0412dc591bb498982eb440eb03ff5d0 4b182d3635c0454c9070e3e5d0006afc - - default default] Successfully bumped revision number for resource 19c4121a-b4aa-4ec7-a193-d136ffa9d377 (type: ports) to 1 [pid: 7|app: 0|req: 942/1936] 199.204.45.30 () {38 vars in 954 bytes} [Wed Apr 29 02:38:39 2026] POST /v2.0/ports => generated 954 bytes in 533 msecs (HTTP/1.1 201) 4 headers in 162 bytes (1 switches on core 0) /var/lib/openstack/lib/python3.12/site-packages/pycadf/identifier.py:70: UserWarning: Invalid uuid: neutron. To ensure interoperability, identifiers should be a valid uuid. warnings.warn(('Invalid uuid: %s. To ensure interoperability, '
2026-04-29 02:38:39.852 8 INFO neutron.db.ovn_revision_numbers_db [None req-c32fd405-10c7-4a32-be07-2668de5f5aab 7aa62a67ffa54b66997f536d9d6262e3 5a6a261d2bc2418d9d5dd25297eac3cd - - default default] Successfully bumped revision number for resource 91828d39-5c59-4565-95fc-0c2497f405d9 (type: ports) to 1
2026-04-29 02:38:39.856 8 INFO neutron.plugins.ml2.drivers.ovn.mech_driver.mech_driver [None req-37274d60-c01c-4d56-a44c-2ca2ed3d262f - - - - - -] OVN reports status down for port: 91828d39-5c59-4565-95fc-0c2497f405d9 [pid: 7|app: 0|req: 943/1937] 10.0.0.88 () {34 vars in 773 bytes} [Wed Apr 29 02:38:39 2026] PUT /v2.0/security-groups/452e0539-06f7-462d-afdc-3ec7d9b43337/tags/red => generated 4 bytes in 59 msecs (HTTP/1.1 201) 4 headers in 160 bytes (1 switches on core 0) [pid: 8|app: 0|req: 995/1938] 10.0.0.88 () {34 vars in 669 bytes} [Wed Apr 29 02:38:39 2026] POST /v2.0/networks => generated 655 bytes in 607 msecs (HTTP/1.1 201) 4 headers in 162 bytes (1 switches on core 0) [pid: 7|app: 0|req: 944/1939] 10.0.0.79 () {34 vars in 989 bytes} [Wed Apr 29 02:38:39 2026] GET /v2.0/ports?device_id=85030ae5-a3e4-4d88-b98b-20bceea33384 => generated 957 bytes in 34 msecs (HTTP/1.1 200) 4 headers in 157 bytes (1 switches on core 0) [pid: 7|app: 0|req: 945/1940] 10.0.0.88 () {32 vars in 746 bytes} [Wed Apr 29 02:38:39 2026] GET /v2.0/security-groups/452e0539-06f7-462d-afdc-3ec7d9b43337/tags => generated 34 bytes in 24 msecs (HTTP/1.1 200) 4 headers in 156 bytes (1 switches on core 0)
2026-04-29 02:38:40.062 7 WARNING neutron.scheduler.dhcp_agent_scheduler [None req-5814925a-bac1-4be3-8592-0336797f4e19 7aa62a67ffa54b66997f536d9d6262e3 5a6a261d2bc2418d9d5dd25297eac3cd - - default default] No more DHCP agents
2026-04-29 02:38:40.063 7 WARNING neutron.api.rpc.agentnotifiers.dhcp_rpc_agent_api [None req-5814925a-bac1-4be3-8592-0336797f4e19 7aa62a67ffa54b66997f536d9d6262e3 5a6a261d2bc2418d9d5dd25297eac3cd - - default default] Unable to schedule network 5ffbc6f8-1890-4211-814b-9b64ce589a7a: no agents available; will retry on subsequent port and subnet creation events.
2026-04-29 02:38:40.090 7 INFO neutron.db.ovn_revision_numbers_db [None req-5814925a-bac1-4be3-8592-0336797f4e19 7aa62a67ffa54b66997f536d9d6262e3 5a6a261d2bc2418d9d5dd25297eac3cd - - default default] Successfully bumped revision number for resource c43887d7-d4ef-48b2-82d1-e952f24757e0 (type: subnets) to 0 [pid: 7|app: 0|req: 946/1941] 10.0.0.88 () {34 vars in 668 bytes} [Wed Apr 29 02:38:39 2026] POST /v2.0/subnets => generated 646 bytes in 170 msecs (HTTP/1.1 201) 4 headers in 162 bytes (1 switches on core 0) [pid: 7|app: 0|req: 947/1942] 10.0.0.79 () {34 vars in 1039 bytes} [Wed Apr 29 02:38:40 2026] GET /v2.0/security-groups?id=df6313d8-c3f5-4135-9807-feef14d112a4&fields=id&fields=name => generated 88 bytes in 21 msecs (HTTP/1.1 200) 4 headers in 156 bytes (1 switches on core 0) [pid: 7|app: 0|req: 948/1943] 10.0.0.88 () {34 vars in 795 bytes} [Wed Apr 29 02:38:40 2026] PUT /v2.0/security-groups/452e0539-06f7-462d-afdc-3ec7d9b43337/tags/black.or.white => generated 4 bytes in 41 msecs (HTTP/1.1 201) 4 headers in 160 bytes (1 switches on core 0)
2026-04-29 02:38:40.290 8 INFO neutron.db.ovn_revision_numbers_db [req-05fcb664-6448-433b-9ab8-7647b0a86de6 req-7a106cf3-1dd5-4170-9074-55983a144e81 b3f2135766404517954d472e387a07e9 05a47dcb82c24e29a7d348f5ff4c0bd5 - - 5dec5d848f664210a616d3778762ce83 5dec5d848f664210a616d3778762ce83] Successfully bumped revision number for resource 19c4121a-b4aa-4ec7-a193-d136ffa9d377 (type: ports) to 2
2026-04-29 02:38:40.414 7 INFO neutron.db.ovn_revision_numbers_db [None req-1fa36711-e45a-481d-98f5-41f2d8056666 820b9f5606934510bc8dde2b6f17b9a3 9180611939b849e98e80f54195d28757 - - default default] Successfully bumped revision number for resource 98f00e9e-e547-47e6-b4ed-2c837f8da6fc (type: security_groups) to 1
2026-04-29 02:38:40.426 7 INFO neutron.db.ovn_revision_numbers_db [None req-1fa36711-e45a-481d-98f5-41f2d8056666 820b9f5606934510bc8dde2b6f17b9a3 9180611939b849e98e80f54195d28757 - - default default] Successfully bumped revision number for resource 0cda86fa-c985-4e71-9d39-d9a723ba8219 (type: security_group_rules) to 0
2026-04-29 02:38:40.436 7 INFO neutron.db.ovn_revision_numbers_db [None req-1fa36711-e45a-481d-98f5-41f2d8056666 820b9f5606934510bc8dde2b6f17b9a3 9180611939b849e98e80f54195d28757 - - default default] Successfully bumped revision number for resource 250e0da1-55dc-4b7e-a57b-e50cd0e8f2e0 (type: security_group_rules) to 0
2026-04-29 02:38:40.447 7 INFO neutron.db.ovn_revision_numbers_db [None req-1fa36711-e45a-481d-98f5-41f2d8056666 820b9f5606934510bc8dde2b6f17b9a3 9180611939b849e98e80f54195d28757 - - default default] Successfully bumped revision number for resource 7cf4b1a6-c650-44e5-846a-48f0f65fe70d (type: security_group_rules) to 0
2026-04-29 02:38:40.459 7 INFO neutron.db.ovn_revision_numbers_db [None req-1fa36711-e45a-481d-98f5-41f2d8056666 820b9f5606934510bc8dde2b6f17b9a3 9180611939b849e98e80f54195d28757 - - default default] Successfully bumped revision number for resource eb8fbc90-58d3-4c52-beba-20d5a132eab3 (type: security_group_rules) to 0
2026-04-29 02:38:40.514 8 INFO neutron.db.ovn_revision_numbers_db [req-05fcb664-6448-433b-9ab8-7647b0a86de6 req-7a106cf3-1dd5-4170-9074-55983a144e81 b3f2135766404517954d472e387a07e9 05a47dcb82c24e29a7d348f5ff4c0bd5 - - 5dec5d848f664210a616d3778762ce83 5dec5d848f664210a616d3778762ce83] Successfully bumped revision number for resource 19c4121a-b4aa-4ec7-a193-d136ffa9d377 (type: ports) to 4
2026-04-29 02:38:40.530 7 INFO neutron.db.segments_db [None req-1fa36711-e45a-481d-98f5-41f2d8056666 820b9f5606934510bc8dde2b6f17b9a3 9180611939b849e98e80f54195d28757 - - default default] Added segment 76d29398-0e41-4dbc-b9b5-7c3a6da3bd2d of type geneve for network f964fbc4-e083-41fc-85c3-90f4c338ff48 [pid: 8|app: 0|req: 996/1944] 199.204.45.30 () {38 vars in 1027 bytes} [Wed Apr 29 02:38:39 2026] PUT /v2.0/ports/19c4121a-b4aa-4ec7-a193-d136ffa9d377 => generated 1204 bytes in 641 msecs (HTTP/1.1 200) 4 headers in 158 bytes (1 switches on core 0) /var/lib/openstack/lib/python3.12/site-packages/pycadf/identifier.py:70: UserWarning: Invalid uuid: neutron. To ensure interoperability, identifiers should be a valid uuid. warnings.warn(('Invalid uuid: %s. To ensure interoperability, '
2026-04-29 02:38:40.575 8 INFO neutron.notifiers.nova [-] Nova event matching ['req-c13c4362-c26a-4cd1-8e5d-a3917bd52f8a'] response: {'name': 'network-changed', 'server_uuid': '85030ae5-a3e4-4d88-b98b-20bceea33384', 'tag': '19c4121a-b4aa-4ec7-a193-d136ffa9d377', 'status': 'completed', 'code': 200}
2026-04-29 02:38:40.644 7 INFO neutron.db.ovn_revision_numbers_db [None req-1fa36711-e45a-481d-98f5-41f2d8056666 820b9f5606934510bc8dde2b6f17b9a3 9180611939b849e98e80f54195d28757 - - default default] Successfully bumped revision number for resource f964fbc4-e083-41fc-85c3-90f4c338ff48 (type: networks) to 1
2026-04-29 02:38:40.792 7 WARNING neutron.scheduler.dhcp_agent_scheduler [None req-1fa36711-e45a-481d-98f5-41f2d8056666 820b9f5606934510bc8dde2b6f17b9a3 9180611939b849e98e80f54195d28757 - - default default] No more DHCP agents
2026-04-29 02:38:40.793 7 WARNING neutron.api.rpc.agentnotifiers.dhcp_rpc_agent_api [None req-1fa36711-e45a-481d-98f5-41f2d8056666 820b9f5606934510bc8dde2b6f17b9a3 9180611939b849e98e80f54195d28757 - - default default] Unable to schedule network f964fbc4-e083-41fc-85c3-90f4c338ff48: no agents available; will retry on subsequent port and subnet creation events.
2026-04-29 02:38:40.799 8 WARNING neutron.scheduler.dhcp_agent_scheduler [None req-1efea596-6c66-4905-a5b8-d13c3a667bfa 7aa62a67ffa54b66997f536d9d6262e3 5a6a261d2bc2418d9d5dd25297eac3cd - - default default] No more DHCP agents
2026-04-29 02:38:40.800 8 WARNING neutron.api.rpc.agentnotifiers.dhcp_rpc_agent_api [None req-1efea596-6c66-4905-a5b8-d13c3a667bfa 7aa62a67ffa54b66997f536d9d6262e3 5a6a261d2bc2418d9d5dd25297eac3cd - - default default] Unable to schedule network 5ffbc6f8-1890-4211-814b-9b64ce589a7a: no agents available; will retry on subsequent port and subnet creation events.
2026-04-29 02:38:40.849 7 INFO neutron.plugins.ml2.drivers.ovn.mech_driver.mech_driver [None req-fd1b56d1-9ee8-4385-9856-b1226efe8ac1 - - - - - -] OVN reports status down for port: e9b0a0af-c4bd-49ca-8ae7-013688c16224
2026-04-29 02:38:40.894 8 INFO neutron.plugins.ml2.drivers.ovn.mech_driver.mech_driver [None req-37274d60-c01c-4d56-a44c-2ca2ed3d262f - - - - - -] OVN reports status down for port: f60061f3-0107-4ee4-89d0-23ddb144a68a
2026-04-29 02:38:40.942 7 INFO neutron.db.ovn_revision_numbers_db [None req-1fa36711-e45a-481d-98f5-41f2d8056666 820b9f5606934510bc8dde2b6f17b9a3 9180611939b849e98e80f54195d28757 - - default default] Successfully bumped revision number for resource e9b0a0af-c4bd-49ca-8ae7-013688c16224 (type: ports) to 1
2026-04-29 02:38:40.952 8 INFO neutron.db.ovn_revision_numbers_db [None req-1efea596-6c66-4905-a5b8-d13c3a667bfa 7aa62a67ffa54b66997f536d9d6262e3 5a6a261d2bc2418d9d5dd25297eac3cd - - default default] Successfully bumped revision number for resource f60061f3-0107-4ee4-89d0-23ddb144a68a (type: ports) to 1 [pid: 7|app: 0|req: 949/1945] 10.0.0.88 () {34 vars in 669 bytes} [Wed Apr 29 02:38:40 2026] POST /v2.0/networks => generated 650 bytes in 828 msecs (HTTP/1.1 201) 4 headers in 162 bytes (1 switches on core 0) [pid: 7|app: 0|req: 950/1946] 10.0.0.88 () {32 vars in 746 bytes} [Wed Apr 29 02:38:40 2026] GET /v2.0/security-groups/452e0539-06f7-462d-afdc-3ec7d9b43337/tags => generated 52 bytes in 31 msecs (HTTP/1.1 200) 4 headers in 156 bytes (1 switches on core 0) [pid: 8|app: 0|req: 997/1947] 10.0.0.88 () {34 vars in 664 bytes} [Wed Apr 29 02:38:40 2026] POST /v2.0/ports => generated 924 bytes in 504 msecs (HTTP/1.1 201) 4 headers in 162 bytes (1 switches on core 0) [pid: 8|app: 0|req: 998/1948] 10.0.0.88 () {34 vars in 766 bytes} [Wed Apr 29 02:38:41 2026] PUT /v2.0/security-groups/452e0539-06f7-462d-afdc-3ec7d9b43337/tags => generated 37 bytes in 44 msecs (HTTP/1.1 200) 4 headers in 156 bytes (1 switches on core 0)
2026-04-29 02:38:41.127 7 INFO neutron.db.segments_db [None req-990f6889-3708-4dfd-81d2-f4695e437e16 820b9f5606934510bc8dde2b6f17b9a3 9180611939b849e98e80f54195d28757 - - default default] Added segment 63aa46d0-9d72-4f40-b6c3-9d5a9da19430 of type geneve for network 73c77063-dc03-4b95-9800-f48ca3df7330
2026-04-29 02:38:41.206 8 INFO neutron_taas.services.taas.taas_plugin [None req-8aa5e915-ea2a-4e87-a4e0-a8ebe1f85a40 7aa62a67ffa54b66997f536d9d6262e3 5a6a261d2bc2418d9d5dd25297eac3cd - - default default] TaaS: Handle Delete Port: f60061f3-0107-4ee4-89d0-23ddb144a68a
2026-04-29 02:38:41.210 8 INFO neutron_taas.services.taas.tap_mirror_plugin [None req-8aa5e915-ea2a-4e87-a4e0-a8ebe1f85a40 7aa62a67ffa54b66997f536d9d6262e3 5a6a261d2bc2418d9d5dd25297eac3cd - - default default] Tap Mirror: Handle Delete Port: f60061f3-0107-4ee4-89d0-23ddb144a68a
2026-04-29 02:38:41.247 7 INFO neutron.db.ovn_revision_numbers_db [None req-990f6889-3708-4dfd-81d2-f4695e437e16 820b9f5606934510bc8dde2b6f17b9a3 9180611939b849e98e80f54195d28757 - - default default] Successfully bumped revision number for resource 73c77063-dc03-4b95-9800-f48ca3df7330 (type: networks) to 1 [pid: 8|app: 0|req: 999/1949] 10.0.0.88 () {32 vars in 719 bytes} [Wed Apr 29 02:38:41 2026] DELETE /v2.0/ports/f60061f3-0107-4ee4-89d0-23ddb144a68a => generated 0 bytes in 256 msecs (HTTP/1.1 204) 3 headers in 131 bytes (1 switches on core 0) [pid: 8|app: 0|req: 1000/1950] 199.204.45.30 () {34 vars in 1079 bytes} [Wed Apr 29 02:38:41 2026] GET /v2.0/ports?tenant_id=4b182d3635c0454c9070e3e5d0006afc&device_id=85030ae5-a3e4-4d88-b98b-20bceea33384 => generated 1207 bytes in 38 msecs (HTTP/1.1 200) 4 headers in 158 bytes (1 switches on core 0) [pid: 8|app: 0|req: 1001/1951] 10.0.0.88 () {32 vars in 746 bytes} [Wed Apr 29 02:38:41 2026] GET /v2.0/security-groups/452e0539-06f7-462d-afdc-3ec7d9b43337/tags => generated 37 bytes in 27 msecs (HTTP/1.1 200) 4 headers in 156 bytes (1 switches on core 0)
2026-04-29 02:38:41.424 7 WARNING neutron.scheduler.dhcp_agent_scheduler [None req-990f6889-3708-4dfd-81d2-f4695e437e16 820b9f5606934510bc8dde2b6f17b9a3 9180611939b849e98e80f54195d28757 - - default default] No more DHCP agents
2026-04-29 02:38:41.425 7 WARNING neutron.api.rpc.agentnotifiers.dhcp_rpc_agent_api [None req-990f6889-3708-4dfd-81d2-f4695e437e16 820b9f5606934510bc8dde2b6f17b9a3 9180611939b849e98e80f54195d28757 - - default default] Unable to schedule network 73c77063-dc03-4b95-9800-f48ca3df7330: no agents available; will retry on subsequent port and subnet creation events.
2026-04-29 02:38:41.469 7 INFO neutron.plugins.ml2.drivers.ovn.mech_driver.mech_driver [None req-fd1b56d1-9ee8-4385-9856-b1226efe8ac1 - - - - - -] OVN reports status down for port: 42dcdb1e-74f6-408f-a3fa-727cb8a76c85 [pid: 8|app: 0|req: 1002/1952] 10.0.0.79 () {34 vars in 989 bytes} [Wed Apr 29 02:38:41 2026] GET /v2.0/ports?device_id=85030ae5-a3e4-4d88-b98b-20bceea33384 => generated 969 bytes in 97 msecs (HTTP/1.1 200) 4 headers in 157 bytes (1 switches on core 0)
2026-04-29 02:38:41.517 8 INFO neutron.pecan_wsgi.hooks.translation [None req-dd7e907d-cede-48d1-a047-0d7469abdbe4 7aa62a67ffa54b66997f536d9d6262e3 5a6a261d2bc2418d9d5dd25297eac3cd - - default default] GET failed (client error): The resource could not be found. [pid: 8|app: 0|req: 1003/1953] 10.0.0.88 () {32 vars in 716 bytes} [Wed Apr 29 02:38:41 2026] GET /v2.0/ports/f60061f3-0107-4ee4-89d0-23ddb144a68a => generated 132 bytes in 13 msecs (HTTP/1.1 404) 4 headers in 164 bytes (1 switches on core 0)
2026-04-29 02:38:41.522 7 INFO neutron.db.ovn_revision_numbers_db [None req-990f6889-3708-4dfd-81d2-f4695e437e16 820b9f5606934510bc8dde2b6f17b9a3 9180611939b849e98e80f54195d28757 - - default default] Successfully bumped revision number for resource 42dcdb1e-74f6-408f-a3fa-727cb8a76c85 (type: ports) to 1 [pid: 8|app: 0|req: 1004/1954] 199.204.45.30 () {34 vars in 1017 bytes} [Wed Apr 29 02:38:41 2026] GET /v2.0/networks?tenant_id=4b182d3635c0454c9070e3e5d0006afc&shared=False => generated 809 bytes in 42 msecs (HTTP/1.1 200) 4 headers in 157 bytes (1 switches on core 0) [pid: 7|app: 0|req: 951/1955] 10.0.0.88 () {34 vars in 669 bytes} [Wed Apr 29 02:38:41 2026] POST /v2.0/networks => generated 651 bytes in 553 msecs (HTTP/1.1 201) 4 headers in 162 bytes (1 switches on core 0) [pid: 8|app: 0|req: 1005/1956] 10.0.0.88 () {32 vars in 754 bytes} [Wed Apr 29 02:38:41 2026] GET /v2.0/security-groups/452e0539-06f7-462d-afdc-3ec7d9b43337/tags/red => generated 0 bytes in 27 msecs (HTTP/1.1 204) 2 headers in 112 bytes (1 switches on core 0) [pid: 7|app: 0|req: 952/1957] 10.0.0.79 () {34 vars in 1039 bytes} [Wed Apr 29 02:38:41 2026] GET /v2.0/security-groups?id=df6313d8-c3f5-4135-9807-feef14d112a4&fields=id&fields=name => generated 88 bytes in 28 msecs (HTTP/1.1 200) 4 headers in 156 bytes (1 switches on core 0) [pid: 7|app: 0|req: 953/1958] 199.204.45.30 () {34 vars in 929 bytes} [Wed Apr 29 02:38:41 2026] GET /v2.0/networks?shared=True => generated 791 bytes in 45 msecs (HTTP/1.1 200) 4 headers in 157 bytes (1 switches on core 0) [pid: 8|app: 0|req: 1006/1959] 10.0.0.88 () {32 vars in 723 bytes} [Wed Apr 29 02:38:41 2026] DELETE /v2.0/subnets/c43887d7-d4ef-48b2-82d1-e952f24757e0 => generated 0 bytes in 137 msecs (HTTP/1.1 204) 3 headers in 131 bytes (1 switches on core 0)
2026-04-29 02:38:41.748 7 INFO neutron.db.segments_db [None req-02553329-2b58-430b-8f41-840910611d9c 820b9f5606934510bc8dde2b6f17b9a3 9180611939b849e98e80f54195d28757 - - default default] Added segment 13fbb623-7f39-498e-b638-5f551d300c17 of type geneve for network cb7ef720-b70c-4663-8395-0f6b6c655b3b
2026-04-29 02:38:41.758 8 INFO neutron.api.v2.resource [None req-e11254b5-9171-467a-9e17-19854d058870 9d05e69ce6834dffb9d44c88b920f3e8 2e87f6b0889c4f36ae92e6c05a3f83fa - - default default] show failed (client error): The resource could not be found. [pid: 8|app: 0|req: 1007/1960] 10.0.0.88 () {32 vars in 758 bytes} [Wed Apr 29 02:38:41 2026] GET /v2.0/security-groups/452e0539-06f7-462d-afdc-3ec7d9b43337/tags/green => generated 99 bytes in 32 msecs (HTTP/1.1 404) 4 headers in 163 bytes (1 switches on core 0)
2026-04-29 02:38:41.848 7 INFO neutron.db.ovn_revision_numbers_db [None req-02553329-2b58-430b-8f41-840910611d9c 820b9f5606934510bc8dde2b6f17b9a3 9180611939b849e98e80f54195d28757 - - default default] Successfully bumped revision number for resource cb7ef720-b70c-4663-8395-0f6b6c655b3b (type: networks) to 1
2026-04-29 02:38:41.861 8 INFO neutron_taas.services.taas.taas_plugin [None req-848bbf69-c600-4622-8a1c-fe2acc303e92 7aa62a67ffa54b66997f536d9d6262e3 5a6a261d2bc2418d9d5dd25297eac3cd - - default default] TaaS: Handle Delete Port: 91828d39-5c59-4565-95fc-0c2497f405d9
2026-04-29 02:38:41.864 8 INFO neutron_taas.services.taas.tap_mirror_plugin [None req-848bbf69-c600-4622-8a1c-fe2acc303e92 7aa62a67ffa54b66997f536d9d6262e3 5a6a261d2bc2418d9d5dd25297eac3cd - - default default] Tap Mirror: Handle Delete Port: 91828d39-5c59-4565-95fc-0c2497f405d9
2026-04-29 02:38:42.021 7 WARNING neutron.scheduler.dhcp_agent_scheduler [None req-02553329-2b58-430b-8f41-840910611d9c 820b9f5606934510bc8dde2b6f17b9a3 9180611939b849e98e80f54195d28757 - - default default] No more DHCP agents
2026-04-29 02:38:42.022 7 WARNING neutron.api.rpc.agentnotifiers.dhcp_rpc_agent_api [None req-02553329-2b58-430b-8f41-840910611d9c 820b9f5606934510bc8dde2b6f17b9a3 9180611939b849e98e80f54195d28757 - - default default] Unable to schedule network cb7ef720-b70c-4663-8395-0f6b6c655b3b: no agents available; will retry on subsequent port and subnet creation events.
2026-04-29 02:38:42.048 8 INFO neutron.services.segments.plugin [-] Segment 02288988-b39f-4299-afd0-a4fabef5a881 resource provider aggregate not found
2026-04-29 02:38:42.056 8 INFO neutron.services.segments.plugin [-] Segment 02288988-b39f-4299-afd0-a4fabef5a881 resource provider aggregate not found
2026-04-29 02:38:42.073 7 INFO neutron.plugins.ml2.drivers.ovn.mech_driver.mech_driver [None req-fd1b56d1-9ee8-4385-9856-b1226efe8ac1 - - - - - -] OVN reports status down for port: d5c53d27-4e9a-483e-bffd-fcda8c67da49
2026-04-29 02:38:42.074 8 INFO neutron.services.segments.plugin [-] Segment 02288988-b39f-4299-afd0-a4fabef5a881 resource provider not found; error: Placement Client Error (4xx): {"errors": [{"status": 404, "title": "Not Found", "detail": "The resource could not be found.\n\n No resource provider with uuid 02288988-b39f-4299-afd0-a4fabef5a881 found for delete ", "request_id": "req-7265cccb-3b48-4287-a62d-18919fc39122"}]}
2026-04-29 02:38:42.088 8 INFO neutron.services.segments.plugin [-] Segment 02288988-b39f-4299-afd0-a4fabef5a881 resource provider not found; error: Placement Client Error (4xx): {"errors": [{"status": 404, "title": "Not Found", "detail": "The resource could not be found.\n\n No resource provider with uuid 02288988-b39f-4299-afd0-a4fabef5a881 found for delete ", "request_id": "req-a40ce2fe-667f-4cb8-ac81-7d24fc9e24a0"}]} [pid: 8|app: 0|req: 1008/1961] 10.0.0.88 () {32 vars in 725 bytes} [Wed Apr 29 02:38:41 2026] DELETE /v2.0/networks/5ffbc6f8-1890-4211-814b-9b64ce589a7a => generated 0 bytes in 351 msecs (HTTP/1.1 204) 3 headers in 131 bytes (1 switches on core 0)
2026-04-29 02:38:42.150 7 INFO neutron.db.ovn_revision_numbers_db [None req-02553329-2b58-430b-8f41-840910611d9c 820b9f5606934510bc8dde2b6f17b9a3 9180611939b849e98e80f54195d28757 - - default default] Successfully bumped revision number for resource d5c53d27-4e9a-483e-bffd-fcda8c67da49 (type: ports) to 1 [pid: 8|app: 0|req: 1009/1962] 10.0.0.88 () {32 vars in 757 bytes} [Wed Apr 29 02:38:42 2026] DELETE /v2.0/security-groups/452e0539-06f7-462d-afdc-3ec7d9b43337/tags/red => generated 0 bytes in 43 msecs (HTTP/1.1 204) 2 headers in 112 bytes (1 switches on core 0) [pid: 7|app: 0|req: 954/1963] 10.0.0.88 () {34 vars in 669 bytes} [Wed Apr 29 02:38:41 2026] POST /v2.0/networks => generated 651 bytes in 551 msecs (HTTP/1.1 201) 4 headers in 162 bytes (1 switches on core 0) [pid: 7|app: 0|req: 955/1964] 10.0.0.88 () {32 vars in 746 bytes} [Wed Apr 29 02:38:42 2026] GET /v2.0/security-groups/452e0539-06f7-462d-afdc-3ec7d9b43337/tags => generated 30 bytes in 36 msecs (HTTP/1.1 200) 4 headers in 156 bytes (1 switches on core 0)
2026-04-29 02:38:42.323 7 INFO neutron.db.segments_db [None req-7ffd587e-8afe-40b7-96ec-94bc611681f7 820b9f5606934510bc8dde2b6f17b9a3 9180611939b849e98e80f54195d28757 - - default default] Added segment f50d9426-7329-41b4-96c1-b0a0bb80a3fd of type geneve for network 61449b8a-a847-4284-b973-bfec01409582
2026-04-29 02:38:42.371 8 WARNING neutron.scheduler.dhcp_agent_scheduler [None req-abe0af0f-618e-4a70-a5e5-f972b8f902cd 7aa62a67ffa54b66997f536d9d6262e3 5a6a261d2bc2418d9d5dd25297eac3cd - - default default] No more DHCP agents
2026-04-29 02:38:42.372 8 WARNING neutron.api.rpc.agentnotifiers.dhcp_rpc_agent_api [None req-abe0af0f-618e-4a70-a5e5-f972b8f902cd 7aa62a67ffa54b66997f536d9d6262e3 5a6a261d2bc2418d9d5dd25297eac3cd - - default default] Unable to schedule network be78d230-f331-451c-84d4-51d5279d4ad4: no agents available; will retry on subsequent port and subnet creation events.
2026-04-29 02:38:42.430 7 INFO neutron.plugins.ml2.drivers.ovn.mech_driver.mech_driver [None req-fd1b56d1-9ee8-4385-9856-b1226efe8ac1 - - - - - -] OVN reports status down for port: 88e503ec-0f52-4a86-9345-c0bf084a14b9
2026-04-29 02:38:42.464 8 INFO neutron.db.ovn_revision_numbers_db [None req-abe0af0f-618e-4a70-a5e5-f972b8f902cd 7aa62a67ffa54b66997f536d9d6262e3 5a6a261d2bc2418d9d5dd25297eac3cd - - default default] Successfully bumped revision number for resource 88e503ec-0f52-4a86-9345-c0bf084a14b9 (type: ports) to 1
2026-04-29 02:38:42.469 7 INFO neutron.db.ovn_revision_numbers_db [None req-7ffd587e-8afe-40b7-96ec-94bc611681f7 820b9f5606934510bc8dde2b6f17b9a3 9180611939b849e98e80f54195d28757 - - default default] Successfully bumped revision number for resource 61449b8a-a847-4284-b973-bfec01409582 (type: networks) to 1 [pid: 8|app: 0|req: 1010/1965] 10.0.0.88 () {34 vars in 664 bytes} [Wed Apr 29 02:38:42 2026] POST /v2.0/ports => generated 779 bytes in 374 msecs (HTTP/1.1 201) 4 headers in 162 bytes (1 switches on core 0) /var/lib/openstack/lib/python3.12/site-packages/pycadf/identifier.py:70: UserWarning: Invalid uuid: neutron. To ensure interoperability, identifiers should be a valid uuid. warnings.warn(('Invalid uuid: %s. To ensure interoperability, '
2026-04-29 02:38:42.599 8 INFO neutron.api.v2.resource [None req-b65e6203-7fd1-4e98-93c5-e440cdd49a4b 9d05e69ce6834dffb9d44c88b920f3e8 2e87f6b0889c4f36ae92e6c05a3f83fa - - default default] delete failed (client error): The resource could not be found. [pid: 8|app: 0|req: 1011/1966] 10.0.0.88 () {32 vars in 761 bytes} [Wed Apr 29 02:38:42 2026] DELETE /v2.0/security-groups/452e0539-06f7-462d-afdc-3ec7d9b43337/tags/green => generated 99 bytes in 72 msecs (HTTP/1.1 404) 4 headers in 163 bytes (1 switches on core 0)
2026-04-29 02:38:42.674 7 WARNING neutron.scheduler.dhcp_agent_scheduler [None req-7ffd587e-8afe-40b7-96ec-94bc611681f7 820b9f5606934510bc8dde2b6f17b9a3 9180611939b849e98e80f54195d28757 - - default default] No more DHCP agents
2026-04-29 02:38:42.676 7 WARNING neutron.api.rpc.agentnotifiers.dhcp_rpc_agent_api [None req-7ffd587e-8afe-40b7-96ec-94bc611681f7 820b9f5606934510bc8dde2b6f17b9a3 9180611939b849e98e80f54195d28757 - - default default] Unable to schedule network 61449b8a-a847-4284-b973-bfec01409582: no agents available; will retry on subsequent port and subnet creation events.
2026-04-29 02:38:42.735 8 INFO neutron.plugins.ml2.drivers.ovn.mech_driver.mech_driver [None req-37274d60-c01c-4d56-a44c-2ca2ed3d262f - - - - - -] OVN reports status down for port: 1d8c8e3f-86ad-41d6-a030-0a2a2325aef0
