2026-04-29 02:44:29.819 8 INFO neutron.notifiers.nova [-] Nova event matching ['req-fe605361-747f-4aa3-a008-3db2cf684d64'] response: {'name': 'network-changed', 'server_uuid': '246d470e-9320-4480-b3d9-67d9e00e64a1', 'tag': '7383019d-19ec-4c85-ac16-45452b0557b5', 'status': 'completed', 'code': 200} /var/lib/openstack/lib/python3.12/site-packages/pycadf/identifier.py:70: UserWarning: Invalid uuid: neutron. To ensure interoperability, identifiers should be a valid uuid. warnings.warn(('Invalid uuid: %s. To ensure interoperability, ' [pid: 8|app: 0|req: 1848/3625] 10.0.0.79 () {34 vars in 989 bytes} [Wed Apr 29 02:44:29 2026] GET /v2.0/ports?device_id=246d470e-9320-4480-b3d9-67d9e00e64a1 => generated 1200 bytes in 76 msecs (HTTP/1.1 200) 4 headers in 158 bytes (1 switches on core 0) [pid: 7|app: 0|req: 1778/3626] 10.0.0.79 () {34 vars in 1039 bytes} [Wed Apr 29 02:44:30 2026] GET /v2.0/security-groups?id=ebe5a837-b509-4122-9532-af939b609db0&fields=id&fields=name => generated 110 bytes in 34 msecs (HTTP/1.1 200) 4 headers in 157 bytes (1 switches on core 0) [pid: 8|app: 0|req: 1849/3627] 199.204.45.30 () {34 vars in 1079 bytes} [Wed Apr 29 02:44:30 2026] GET /v2.0/ports?tenant_id=92cd30872a2b488795815ae4acf772da&device_id=246d470e-9320-4480-b3d9-67d9e00e64a1 => generated 1438 bytes in 39 msecs (HTTP/1.1 200) 4 headers in 158 bytes (1 switches on core 0) [pid: 7|app: 0|req: 1779/3628] 199.204.45.30 () {34 vars in 985 bytes} [Wed Apr 29 02:44:30 2026] GET /v2.0/networks?id=55ca1969-7ced-4e73-92ea-ddb8d871c3d2 => generated 841 bytes in 46 msecs (HTTP/1.1 200) 4 headers in 157 bytes (1 switches on core 0) [pid: 8|app: 0|req: 1850/3629] 199.204.45.30 () {34 vars in 1057 bytes} [Wed Apr 29 02:44:30 2026] GET /v2.0/floatingips?fixed_ip_address=10.2.1.194&port_id=7383019d-19ec-4c85-ac16-45452b0557b5 => generated 19 bytes in 26 msecs (HTTP/1.1 200) 4 headers in 156 bytes (1 switches on core 0) [pid: 7|app: 0|req: 1780/3630] 199.204.45.30 () {34 vars in 1103 bytes} [Wed Apr 29 02:44:30 2026] GET /v2.0/floatingips?fixed_ip_address=fd7b%3Af9f7%3Afff%3A4eca%3A%3A393&port_id=7383019d-19ec-4c85-ac16-45452b0557b5 => generated 19 bytes in 21 msecs (HTTP/1.1 200) 4 headers in 156 bytes (1 switches on core 0) [pid: 8|app: 0|req: 1851/3631] 199.204.45.30 () {34 vars in 1063 bytes} [Wed Apr 29 02:44:30 2026] GET /v2.0/subnets?id=68825eae-745e-4b0b-a850-fb4403a97637&id=bc5e1b49-e2f0-4776-aa7f-afd6604eb96e => generated 1410 bytes in 32 msecs (HTTP/1.1 200) 4 headers in 158 bytes (1 switches on core 0) [pid: 7|app: 0|req: 1781/3632] 199.204.45.30 () {34 vars in 1051 bytes} [Wed Apr 29 02:44:30 2026] GET /v2.0/ports?network_id=55ca1969-7ced-4e73-92ea-ddb8d871c3d2&device_owner=network%3Adhcp => generated 12 bytes in 20 msecs (HTTP/1.1 200) 4 headers in 156 bytes (1 switches on core 0) [pid: 8|app: 0|req: 1852/3633] 199.204.45.30 () {34 vars in 1051 bytes} [Wed Apr 29 02:44:30 2026] GET /v2.0/ports?network_id=55ca1969-7ced-4e73-92ea-ddb8d871c3d2&device_owner=network%3Adhcp => generated 12 bytes in 26 msecs (HTTP/1.1 200) 4 headers in 156 bytes (1 switches on core 0) [pid: 7|app: 0|req: 1782/3634] 199.204.45.30 () {34 vars in 1011 bytes} [Wed Apr 29 02:44:30 2026] GET /v2.0/networks/55ca1969-7ced-4e73-92ea-ddb8d871c3d2?fields=segments => generated 14 bytes in 39 msecs (HTTP/1.1 200) 4 headers in 156 bytes (1 switches on core 0) [pid: 8|app: 0|req: 1853/3635] 199.204.45.30 () {34 vars in 1111 bytes} [Wed Apr 29 02:44:30 2026] GET /v2.0/networks/55ca1969-7ced-4e73-92ea-ddb8d871c3d2?fields=provider%3Aphysical_network&fields=provider%3Anetwork_type => generated 79 bytes in 45 msecs (HTTP/1.1 200) 4 headers in 156 bytes (1 switches on core 0)
2026-04-29 02:44:31.010 7 INFO neutron.plugins.ml2.drivers.ovn.mech_driver.mech_driver [None req-3e5555f6-c293-42b7-93ac-2535e6044ba7 - - - - - -] OVN reports status down for port: 7383019d-19ec-4c85-ac16-45452b0557b5
2026-04-29 02:44:31.134 7 INFO neutron.notifiers.nova [-] Nova event matching ['req-5c5d26e2-7027-4e8d-9eac-4c6bc6bc947f'] response: {'server_uuid': '246d470e-9320-4480-b3d9-67d9e00e64a1', 'name': 'network-vif-unplugged', 'status': 'completed', 'tag': '7383019d-19ec-4c85-ac16-45452b0557b5', 'code': 200}
2026-04-29 02:44:31.242 7 INFO neutron.db.ovn_revision_numbers_db [None req-3e5555f6-c293-42b7-93ac-2535e6044ba7 - - - - - -] Successfully bumped revision number for resource 7383019d-19ec-4c85-ac16-45452b0557b5 (type: ports) to 6 /var/lib/openstack/lib/python3.12/site-packages/pycadf/identifier.py:70: UserWarning: Invalid uuid: neutron. To ensure interoperability, identifiers should be a valid uuid. warnings.warn(('Invalid uuid: %s. To ensure interoperability, ' [pid: 7|app: 0|req: 1783/3636] 199.204.45.30 () {34 vars in 993 bytes} [Wed Apr 29 02:44:32 2026] GET /v2.0/ports?device_id=246d470e-9320-4480-b3d9-67d9e00e64a1 => generated 1198 bytes in 85 msecs (HTTP/1.1 200) 4 headers in 158 bytes (1 switches on core 0)
2026-04-29 02:44:32.400 8 INFO neutron_taas.services.taas.taas_plugin [req-8a3a1dcc-4d5c-495c-8712-6cf9c130375c req-eaafca9d-eeed-4fda-a16c-e6a8e06a1daa a54003e4b80a48939c4159a59e230467 92cd30872a2b488795815ae4acf772da - - default default] TaaS: Handle Delete Port: 7383019d-19ec-4c85-ac16-45452b0557b5
2026-04-29 02:44:32.404 8 INFO neutron_taas.services.taas.tap_mirror_plugin [req-8a3a1dcc-4d5c-495c-8712-6cf9c130375c req-eaafca9d-eeed-4fda-a16c-e6a8e06a1daa a54003e4b80a48939c4159a59e230467 92cd30872a2b488795815ae4acf772da - - default default] Tap Mirror: Handle Delete Port: 7383019d-19ec-4c85-ac16-45452b0557b5 [pid: 8|app: 0|req: 1854/3637] 199.204.45.30 () {36 vars in 996 bytes} [Wed Apr 29 02:44:32 2026] DELETE /v2.0/ports/7383019d-19ec-4c85-ac16-45452b0557b5 => generated 0 bytes in 273 msecs (HTTP/1.1 204) 3 headers in 131 bytes (1 switches on core 0)
2026-04-29 02:44:32.591 8 INFO neutron.notifiers.nova [-] Nova event matching ['req-c356667a-84e5-426a-b839-50e5ca706c34'] response: {'server_uuid': '246d470e-9320-4480-b3d9-67d9e00e64a1', 'name': 'network-vif-deleted', 'tag': '7383019d-19ec-4c85-ac16-45452b0557b5', 'status': 'completed', 'code': 200}
2026-04-29 02:44:33.169 7 INFO neutron.notifiers.nova [-] Nova event matching ['req-8b79f656-8dfa-4205-b57f-a0d28b599a67'] response: {'server_uuid': '246d470e-9320-4480-b3d9-67d9e00e64a1', 'name': 'network-vif-unplugged', 'status': 'completed', 'tag': '7383019d-19ec-4c85-ac16-45452b0557b5', 'code': 200} [pid: 7|app: 0|req: 1784/3638] 10.0.0.79 () {34 vars in 989 bytes} [Wed Apr 29 02:44:35 2026] GET /v2.0/ports?device_id=246d470e-9320-4480-b3d9-67d9e00e64a1 => generated 12 bytes in 22 msecs (HTTP/1.1 200) 4 headers in 156 bytes (1 switches on core 0) [pid: 8|app: 0|req: 1855/3639] 10.0.0.88 () {32 vars in 749 bytes} [Wed Apr 29 02:44:40 2026] DELETE /v2.0/security-group-rules/b8a087b7-f46c-446d-93f6-d62a677b906e => generated 0 bytes in 167 msecs (HTTP/1.1 204) 2 headers in 112 bytes (1 switches on core 0)
2026-04-29 02:44:40.407 7 INFO neutron.api.v2.resource [None req-ddc8ebb0-5f2e-44e1-ba51-4a4dfb84ef6c a54003e4b80a48939c4159a59e230467 92cd30872a2b488795815ae4acf772da - - default default] show failed (client error): The resource could not be found. [pid: 7|app: 0|req: 1785/3640] 10.0.0.88 () {32 vars in 746 bytes} [Wed Apr 29 02:44:40 2026] GET /v2.0/security-group-rules/b8a087b7-f46c-446d-93f6-d62a677b906e => generated 155 bytes in 12 msecs (HTTP/1.1 404) 4 headers in 164 bytes (1 switches on core 0) [pid: 8|app: 0|req: 1856/3641] 10.0.0.88 () {32 vars in 749 bytes} [Wed Apr 29 02:44:40 2026] DELETE /v2.0/security-group-rules/ce1b39a6-6197-4e56-afe1-2a963324450e => generated 0 bytes in 138 msecs (HTTP/1.1 204) 2 headers in 112 bytes (1 switches on core 0)
2026-04-29 02:44:40.567 7 INFO neutron.api.v2.resource [None req-75b74958-fe37-4c53-88a4-8a88e9a96d2d a54003e4b80a48939c4159a59e230467 92cd30872a2b488795815ae4acf772da - - default default] show failed (client error): The resource could not be found. [pid: 7|app: 0|req: 1786/3642] 10.0.0.88 () {32 vars in 746 bytes} [Wed Apr 29 02:44:40 2026] GET /v2.0/security-group-rules/ce1b39a6-6197-4e56-afe1-2a963324450e => generated 155 bytes in 13 msecs (HTTP/1.1 404) 4 headers in 164 bytes (1 switches on core 0) [pid: 8|app: 0|req: 1857/3643] 10.0.0.88 () {32 vars in 749 bytes} [Wed Apr 29 02:44:40 2026] DELETE /v2.0/security-group-rules/0426ec9a-55da-4ad2-8351-a0dd21e6f00d => generated 0 bytes in 137 msecs (HTTP/1.1 204) 2 headers in 112 bytes (1 switches on core 0)
2026-04-29 02:44:40.728 7 INFO neutron.api.v2.resource [None req-7fd0043d-fd4c-42d8-97cc-bcfb7cb3366b a54003e4b80a48939c4159a59e230467 92cd30872a2b488795815ae4acf772da - - default default] show failed (client error): The resource could not be found. [pid: 7|app: 0|req: 1787/3644] 10.0.0.88 () {32 vars in 746 bytes} [Wed Apr 29 02:44:40 2026] GET /v2.0/security-group-rules/0426ec9a-55da-4ad2-8351-a0dd21e6f00d => generated 155 bytes in 16 msecs (HTTP/1.1 404) 4 headers in 164 bytes (1 switches on core 0) [pid: 8|app: 0|req: 1858/3645] 10.0.0.88 () {32 vars in 749 bytes} [Wed Apr 29 02:44:40 2026] DELETE /v2.0/security-group-rules/a0a0874f-8092-4469-b8de-802c61777370 => generated 0 bytes in 126 msecs (HTTP/1.1 204) 2 headers in 112 bytes (1 switches on core 0)
2026-04-29 02:44:40.874 7 INFO neutron.api.v2.resource [None req-6d4272a2-7255-4cca-900c-39ce5b8fc8db a54003e4b80a48939c4159a59e230467 92cd30872a2b488795815ae4acf772da - - default default] show failed (client error): The resource could not be found. [pid: 7|app: 0|req: 1788/3646] 10.0.0.88 () {32 vars in 746 bytes} [Wed Apr 29 02:44:40 2026] GET /v2.0/security-group-rules/a0a0874f-8092-4469-b8de-802c61777370 => generated 155 bytes in 10 msecs (HTTP/1.1 404) 4 headers in 164 bytes (1 switches on core 0) [pid: 8|app: 0|req: 1859/3647] 10.0.0.88 () {32 vars in 749 bytes} [Wed Apr 29 02:44:40 2026] DELETE /v2.0/security-group-rules/292656f7-4a55-4431-b262-8a93589147dd => generated 0 bytes in 124 msecs (HTTP/1.1 204) 2 headers in 112 bytes (1 switches on core 0)
2026-04-29 02:44:41.020 7 INFO neutron.api.v2.resource [None req-3d7b7910-a691-44a8-8ee6-79e482de4547 a54003e4b80a48939c4159a59e230467 92cd30872a2b488795815ae4acf772da - - default default] show failed (client error): The resource could not be found. [pid: 7|app: 0|req: 1789/3648] 10.0.0.88 () {32 vars in 746 bytes} [Wed Apr 29 02:44:41 2026] GET /v2.0/security-group-rules/292656f7-4a55-4431-b262-8a93589147dd => generated 155 bytes in 11 msecs (HTTP/1.1 404) 4 headers in 164 bytes (1 switches on core 0) [pid: 8|app: 0|req: 1860/3649] 10.0.0.88 () {32 vars in 749 bytes} [Wed Apr 29 02:44:41 2026] DELETE /v2.0/security-group-rules/9ec96031-2b70-412f-9617-99f2d24a2f07 => generated 0 bytes in 128 msecs (HTTP/1.1 204) 2 headers in 112 bytes (1 switches on core 0)
2026-04-29 02:44:41.171 7 INFO neutron.api.v2.resource [None req-2fdbb0ff-62fb-4018-81cb-5f9d10c075f9 a54003e4b80a48939c4159a59e230467 92cd30872a2b488795815ae4acf772da - - default default] show failed (client error): The resource could not be found. [pid: 7|app: 0|req: 1790/3650] 10.0.0.88 () {32 vars in 746 bytes} [Wed Apr 29 02:44:41 2026] GET /v2.0/security-group-rules/9ec96031-2b70-412f-9617-99f2d24a2f07 => generated 155 bytes in 14 msecs (HTTP/1.1 404) 4 headers in 164 bytes (1 switches on core 0) [pid: 8|app: 0|req: 1861/3651] 10.0.0.88 () {32 vars in 749 bytes} [Wed Apr 29 02:44:41 2026] DELETE /v2.0/security-group-rules/608ee641-7f99-4d7a-9250-4b138b8e2649 => generated 0 bytes in 134 msecs (HTTP/1.1 204) 2 headers in 112 bytes (1 switches on core 0)
2026-04-29 02:44:41.327 7 INFO neutron.api.v2.resource [None req-4bb33e19-26d7-4613-a818-8de29629e15a a54003e4b80a48939c4159a59e230467 92cd30872a2b488795815ae4acf772da - - default default] show failed (client error): The resource could not be found. [pid: 7|app: 0|req: 1791/3652] 10.0.0.88 () {32 vars in 746 bytes} [Wed Apr 29 02:44:41 2026] GET /v2.0/security-group-rules/608ee641-7f99-4d7a-9250-4b138b8e2649 => generated 155 bytes in 12 msecs (HTTP/1.1 404) 4 headers in 164 bytes (1 switches on core 0) [pid: 8|app: 0|req: 1862/3653] 10.0.0.88 () {32 vars in 749 bytes} [Wed Apr 29 02:44:41 2026] DELETE /v2.0/security-group-rules/55edccac-9762-418c-ba2c-15934b81f5b5 => generated 0 bytes in 127 msecs (HTTP/1.1 204) 2 headers in 112 bytes (1 switches on core 0)
2026-04-29 02:44:41.473 7 INFO neutron.api.v2.resource [None req-18ba6343-0ed2-45ba-807a-f57ff7064480 a54003e4b80a48939c4159a59e230467 92cd30872a2b488795815ae4acf772da - - default default] show failed (client error): The resource could not be found. [pid: 7|app: 0|req: 1792/3654] 10.0.0.88 () {32 vars in 746 bytes} [Wed Apr 29 02:44:41 2026] GET /v2.0/security-group-rules/55edccac-9762-418c-ba2c-15934b81f5b5 => generated 155 bytes in 13 msecs (HTTP/1.1 404) 4 headers in 164 bytes (1 switches on core 0) [pid: 8|app: 0|req: 1863/3655] 10.0.0.88 () {32 vars in 749 bytes} [Wed Apr 29 02:44:41 2026] DELETE /v2.0/security-group-rules/6206f002-cb1a-49ba-8e2c-99f1a94d30e5 => generated 0 bytes in 126 msecs (HTTP/1.1 204) 2 headers in 112 bytes (1 switches on core 0)
2026-04-29 02:44:41.620 7 INFO neutron.api.v2.resource [None req-b0919c58-c490-4ae2-bcd1-fb296d9bb8b2 a54003e4b80a48939c4159a59e230467 92cd30872a2b488795815ae4acf772da - - default default] show failed (client error): The resource could not be found. [pid: 7|app: 0|req: 1793/3656] 10.0.0.88 () {32 vars in 746 bytes} [Wed Apr 29 02:44:41 2026] GET /v2.0/security-group-rules/6206f002-cb1a-49ba-8e2c-99f1a94d30e5 => generated 155 bytes in 13 msecs (HTTP/1.1 404) 4 headers in 164 bytes (1 switches on core 0) [pid: 8|app: 0|req: 1864/3657] 10.0.0.88 () {32 vars in 749 bytes} [Wed Apr 29 02:44:41 2026] DELETE /v2.0/security-group-rules/da5f1307-0021-4429-8f89-1fe7b69c6330 => generated 0 bytes in 121 msecs (HTTP/1.1 204) 2 headers in 112 bytes (1 switches on core 0)
2026-04-29 02:44:41.765 7 INFO neutron.api.v2.resource [None req-e1cbff68-2537-4c1c-86ab-de2620d82b2b a54003e4b80a48939c4159a59e230467 92cd30872a2b488795815ae4acf772da - - default default] show failed (client error): The resource could not be found. [pid: 7|app: 0|req: 1794/3658] 10.0.0.88 () {32 vars in 746 bytes} [Wed Apr 29 02:44:41 2026] GET /v2.0/security-group-rules/da5f1307-0021-4429-8f89-1fe7b69c6330 => generated 155 bytes in 12 msecs (HTTP/1.1 404) 4 headers in 164 bytes (1 switches on core 0) [pid: 8|app: 0|req: 1865/3659] 10.0.0.88 () {32 vars in 749 bytes} [Wed Apr 29 02:44:41 2026] DELETE /v2.0/security-group-rules/1a021134-ec26-4343-b804-87b4cff28f7f => generated 0 bytes in 105 msecs (HTTP/1.1 204) 2 headers in 112 bytes (1 switches on core 0)
2026-04-29 02:44:41.888 7 INFO neutron.api.v2.resource [None req-9996aeb2-0c02-4bac-bec4-98380169e847 a54003e4b80a48939c4159a59e230467 92cd30872a2b488795815ae4acf772da - - default default] show failed (client error): The resource could not be found. [pid: 7|app: 0|req: 1795/3660] 10.0.0.88 () {32 vars in 746 bytes} [Wed Apr 29 02:44:41 2026] GET /v2.0/security-group-rules/1a021134-ec26-4343-b804-87b4cff28f7f => generated 155 bytes in 11 msecs (HTTP/1.1 404) 4 headers in 164 bytes (1 switches on core 0) [pid: 8|app: 0|req: 1866/3661] 10.0.0.88 () {32 vars in 739 bytes} [Wed Apr 29 02:44:41 2026] DELETE /v2.0/security-groups/ebe5a837-b509-4122-9532-af939b609db0 => generated 0 bytes in 119 msecs (HTTP/1.1 204) 2 headers in 112 bytes (1 switches on core 0)
2026-04-29 02:44:42.030 7 INFO neutron.api.v2.resource [None req-e741c8be-5d5b-4178-9292-9a9896d14766 a54003e4b80a48939c4159a59e230467 92cd30872a2b488795815ae4acf772da - - default default] show failed (client error): The resource could not be found. [pid: 7|app: 0|req: 1796/3662] 10.0.0.88 () {32 vars in 736 bytes} [Wed Apr 29 02:44:42 2026] GET /v2.0/security-groups/ebe5a837-b509-4122-9532-af939b609db0 => generated 146 bytes in 14 msecs (HTTP/1.1 404) 4 headers in 164 bytes (1 switches on core 0)
2026-04-29 02:44:42.374 8 INFO neutron_taas.services.taas.taas_plugin [None req-f54cf771-da15-4ee8-a516-ba959b558c24 a54003e4b80a48939c4159a59e230467 92cd30872a2b488795815ae4acf772da - - default default] TaaS: Handle Delete Port: f6206425-a8d0-45dc-978f-7712afb38396
2026-04-29 02:44:42.378 8 INFO neutron_taas.services.taas.tap_mirror_plugin [None req-f54cf771-da15-4ee8-a516-ba959b558c24 a54003e4b80a48939c4159a59e230467 92cd30872a2b488795815ae4acf772da - - default default] Tap Mirror: Handle Delete Port: f6206425-a8d0-45dc-978f-7712afb38396 [pid: 8|app: 0|req: 1867/3663] 10.0.0.88 () {34 vars in 788 bytes} [Wed Apr 29 02:44:42 2026] PUT /v2.0/routers/01355c92-1a85-4ab8-9a02-bfc6bb0106d5/remove_router_interface => generated 309 bytes in 859 msecs (HTTP/1.1 200) 4 headers in 157 bytes (1 switches on core 0)
2026-04-29 02:44:43.031 7 INFO neutron.api.v2.resource [None req-e633d4ef-d15b-4553-8bf2-0aa46b311f1e a54003e4b80a48939c4159a59e230467 92cd30872a2b488795815ae4acf772da - - default default] remove_router_interface failed (client error): The resource could not be found. [pid: 7|app: 0|req: 1797/3664] 10.0.0.88 () {34 vars in 788 bytes} [Wed Apr 29 02:44:42 2026] PUT /v2.0/routers/01355c92-1a85-4ab8-9a02-bfc6bb0106d5/remove_router_interface => generated 198 bytes in 89 msecs (HTTP/1.1 404) 4 headers in 164 bytes (1 switches on core 0) /var/lib/openstack/lib/python3.12/site-packages/pycadf/identifier.py:70: UserWarning: Invalid uuid: neutron. To ensure interoperability, identifiers should be a valid uuid. warnings.warn(('Invalid uuid: %s. To ensure interoperability, '
2026-04-29 02:44:43.351 8 INFO neutron_taas.services.taas.taas_plugin [None req-85f5a86d-8dc0-4070-a3ca-e7041dedac66 a54003e4b80a48939c4159a59e230467 92cd30872a2b488795815ae4acf772da - - default default] TaaS: Handle Delete Port: c896d497-7a01-455b-a91b-74fb263f2a30
2026-04-29 02:44:43.355 8 INFO neutron_taas.services.taas.tap_mirror_plugin [None req-85f5a86d-8dc0-4070-a3ca-e7041dedac66 a54003e4b80a48939c4159a59e230467 92cd30872a2b488795815ae4acf772da - - default default] Tap Mirror: Handle Delete Port: c896d497-7a01-455b-a91b-74fb263f2a30 [pid: 8|app: 0|req: 1868/3667] 10.0.0.88 () {34 vars in 788 bytes} [Wed Apr 29 02:44:43 2026] PUT /v2.0/routers/01355c92-1a85-4ab8-9a02-bfc6bb0106d5/remove_router_interface => generated 309 bytes in 814 msecs (HTTP/1.1 200) 4 headers in 157 bytes (1 switches on core 0)
2026-04-29 02:44:43.967 7 INFO neutron.api.v2.resource [None req-503cf0df-7367-4383-8980-7ed1a84d1203 a54003e4b80a48939c4159a59e230467 92cd30872a2b488795815ae4acf772da - - default default] remove_router_interface failed (client error): The resource could not be found. [pid: 7|app: 0|req: 1800/3668] 10.0.0.88 () {34 vars in 788 bytes} [Wed Apr 29 02:44:43 2026] PUT /v2.0/routers/01355c92-1a85-4ab8-9a02-bfc6bb0106d5/remove_router_interface => generated 198 bytes in 111 msecs (HTTP/1.1 404) 4 headers in 164 bytes (1 switches on core 0) /var/lib/openstack/lib/python3.12/site-packages/pycadf/identifier.py:70: UserWarning: Invalid uuid: neutron. To ensure interoperability, identifiers should be a valid uuid. warnings.warn(('Invalid uuid: %s. To ensure interoperability, '
2026-04-29 02:44:44.281 8 INFO neutron_taas.services.taas.taas_plugin [None req-ded53701-cadf-41cd-9f4c-2ca59a2a7639 a54003e4b80a48939c4159a59e230467 92cd30872a2b488795815ae4acf772da - - default default] TaaS: Handle Delete Port: 11fc79cd-87df-4bae-ad4e-6734a49b7b42
2026-04-29 02:44:44.285 8 INFO neutron_taas.services.taas.tap_mirror_plugin [None req-ded53701-cadf-41cd-9f4c-2ca59a2a7639 a54003e4b80a48939c4159a59e230467 92cd30872a2b488795815ae4acf772da - - default default] Tap Mirror: Handle Delete Port: 11fc79cd-87df-4bae-ad4e-6734a49b7b42 [pid: 8|app: 0|req: 1869/3669] 10.0.0.88 () {34 vars in 788 bytes} [Wed Apr 29 02:44:43 2026] PUT /v2.0/routers/01355c92-1a85-4ab8-9a02-bfc6bb0106d5/remove_router_interface => generated 309 bytes in 795 msecs (HTTP/1.1 200) 4 headers in 157 bytes (1 switches on core 0)
2026-04-29 02:44:44.862 7 INFO neutron.api.v2.resource [None req-4e0936c8-7bf0-42e8-b45e-23af7ffc4089 a54003e4b80a48939c4159a59e230467 92cd30872a2b488795815ae4acf772da - - default default] remove_router_interface failed (client error): The resource could not be found. [pid: 7|app: 0|req: 1801/3670] 10.0.0.88 () {34 vars in 788 bytes} [Wed Apr 29 02:44:44 2026] PUT /v2.0/routers/01355c92-1a85-4ab8-9a02-bfc6bb0106d5/remove_router_interface => generated 198 bytes in 91 msecs (HTTP/1.1 404) 4 headers in 164 bytes (1 switches on core 0) /var/lib/openstack/lib/python3.12/site-packages/pycadf/identifier.py:70: UserWarning: Invalid uuid: neutron. To ensure interoperability, identifiers should be a valid uuid. warnings.warn(('Invalid uuid: %s. To ensure interoperability, '
2026-04-29 02:44:45.188 8 INFO neutron_taas.services.taas.taas_plugin [None req-f20597a9-b842-4b30-806b-c8f1b0c63d51 a54003e4b80a48939c4159a59e230467 92cd30872a2b488795815ae4acf772da - - default default] TaaS: Handle Delete Port: bba2e1c7-92d3-4178-aa29-94e475cd6d1b
2026-04-29 02:44:45.192 8 INFO neutron_taas.services.taas.tap_mirror_plugin [None req-f20597a9-b842-4b30-806b-c8f1b0c63d51 a54003e4b80a48939c4159a59e230467 92cd30872a2b488795815ae4acf772da - - default default] Tap Mirror: Handle Delete Port: bba2e1c7-92d3-4178-aa29-94e475cd6d1b [pid: 8|app: 0|req: 1870/3671] 10.0.0.88 () {32 vars in 723 bytes} [Wed Apr 29 02:44:44 2026] DELETE /v2.0/routers/01355c92-1a85-4ab8-9a02-bfc6bb0106d5 => generated 0 bytes in 1231 msecs (HTTP/1.1 204) 2 headers in 112 bytes (1 switches on core 0)
2026-04-29 02:44:46.129 7 INFO neutron.api.v2.resource [None req-b6200a88-4844-4a5e-95f6-70b0159e64d1 a54003e4b80a48939c4159a59e230467 92cd30872a2b488795815ae4acf772da - - default default] show failed (client error): The resource could not be found. [pid: 7|app: 0|req: 1802/3672] 10.0.0.88 () {32 vars in 720 bytes} [Wed Apr 29 02:44:46 2026] GET /v2.0/routers/01355c92-1a85-4ab8-9a02-bfc6bb0106d5 => generated 135 bytes in 24 msecs (HTTP/1.1 404) 4 headers in 164 bytes (1 switches on core 0) [pid: 8|app: 0|req: 1871/3673] 10.0.0.88 () {32 vars in 723 bytes} [Wed Apr 29 02:44:46 2026] DELETE /v2.0/subnets/ff723164-f031-4634-9957-509dd65f4e3e => generated 0 bytes in 133 msecs (HTTP/1.1 204) 3 headers in 131 bytes (1 switches on core 0)
2026-04-29 02:44:46.287 7 INFO neutron.pecan_wsgi.hooks.translation [None req-002a183d-1440-4305-98da-b9eb02dcecfd a54003e4b80a48939c4159a59e230467 92cd30872a2b488795815ae4acf772da - - default default] GET failed (client error): The resource could not be found. [pid: 7|app: 0|req: 1803/3674] 10.0.0.88 () {32 vars in 720 bytes} [Wed Apr 29 02:44:46 2026] GET /v2.0/subnets/ff723164-f031-4634-9957-509dd65f4e3e => generated 136 bytes in 17 msecs (HTTP/1.1 404) 4 headers in 164 bytes (1 switches on core 0) [pid: 8|app: 0|req: 1872/3675] 10.0.0.88 () {32 vars in 723 bytes} [Wed Apr 29 02:44:46 2026] DELETE /v2.0/subnets/cdfcf0e1-d1cb-47b7-9c0a-35f7e1e5b297 => generated 0 bytes in 146 msecs (HTTP/1.1 204) 3 headers in 131 bytes (1 switches on core 0)
2026-04-29 02:44:46.457 7 INFO neutron.pecan_wsgi.hooks.translation [None req-3189b9c6-0bd5-493e-ab0d-b803af6000f6 a54003e4b80a48939c4159a59e230467 92cd30872a2b488795815ae4acf772da - - default default] GET failed (client error): The resource could not be found. [pid: 7|app: 0|req: 1804/3676] 10.0.0.88 () {32 vars in 720 bytes} [Wed Apr 29 02:44:46 2026] GET /v2.0/subnets/cdfcf0e1-d1cb-47b7-9c0a-35f7e1e5b297 => generated 136 bytes in 15 msecs (HTTP/1.1 404) 4 headers in 164 bytes (1 switches on core 0)
2026-04-29 02:44:46.569 8 INFO neutron_taas.services.taas.taas_plugin [None req-c5ec1eaf-a64e-4196-b645-016f38e638f5 a54003e4b80a48939c4159a59e230467 92cd30872a2b488795815ae4acf772da - - default default] TaaS: Handle Delete Port: e6ec7ba2-6f48-4b20-92a5-79270ddc3c06
2026-04-29 02:44:46.571 8 INFO neutron_taas.services.taas.tap_mirror_plugin [None req-c5ec1eaf-a64e-4196-b645-016f38e638f5 a54003e4b80a48939c4159a59e230467 92cd30872a2b488795815ae4acf772da - - default default] Tap Mirror: Handle Delete Port: e6ec7ba2-6f48-4b20-92a5-79270ddc3c06
2026-04-29 02:44:46.751 8 INFO neutron.services.segments.plugin [-] Segment 446bcd63-74f1-4b3b-b63e-0e80695275d3 resource provider aggregate not found
2026-04-29 02:44:46.753 8 INFO neutron.services.segments.plugin [-] Segment 446bcd63-74f1-4b3b-b63e-0e80695275d3 resource provider aggregate not found
2026-04-29 02:44:46.766 8 INFO neutron.services.segments.plugin [-] Segment 446bcd63-74f1-4b3b-b63e-0e80695275d3 resource provider not found; error: Placement Client Error (4xx): {"errors": [{"status": 404, "title": "Not Found", "detail": "The resource could not be found.\n\n No resource provider with uuid 446bcd63-74f1-4b3b-b63e-0e80695275d3 found for delete ", "request_id": "req-80f9eddd-e6c3-4ef9-9586-242736d1cca1"}]}
2026-04-29 02:44:46.776 8 INFO neutron.services.segments.plugin [-] Segment 446bcd63-74f1-4b3b-b63e-0e80695275d3 resource provider not found; error: Placement Client Error (4xx): {"errors": [{"status": 404, "title": "Not Found", "detail": "The resource could not be found.\n\n No resource provider with uuid 446bcd63-74f1-4b3b-b63e-0e80695275d3 found for delete ", "request_id": "req-52e815f6-2c16-41ea-b85f-a01f63dd0d6f"}]} [pid: 8|app: 0|req: 1873/3677] 10.0.0.88 () {32 vars in 725 bytes} [Wed Apr 29 02:44:46 2026] DELETE /v2.0/networks/4f1a88f9-479b-4381-8999-515c0c1e9058 => generated 0 bytes in 339 msecs (HTTP/1.1 204) 3 headers in 131 bytes (1 switches on core 0)
2026-04-29 02:44:46.817 7 INFO neutron.pecan_wsgi.hooks.translation [None req-272dea29-d327-4817-8e2c-b42e947425c5 a54003e4b80a48939c4159a59e230467 92cd30872a2b488795815ae4acf772da - - default default] GET failed (client error): The resource could not be found. [pid: 7|app: 0|req: 1805/3678] 10.0.0.88 () {32 vars in 722 bytes} [Wed Apr 29 02:44:46 2026] GET /v2.0/networks/4f1a88f9-479b-4381-8999-515c0c1e9058 => generated 138 bytes in 13 msecs (HTTP/1.1 404) 4 headers in 164 bytes (1 switches on core 0) [pid: 8|app: 0|req: 1874/3679] 10.0.0.88 () {32 vars in 723 bytes} [Wed Apr 29 02:44:46 2026] DELETE /v2.0/subnets/68825eae-745e-4b0b-a850-fb4403a97637 => generated 0 bytes in 129 msecs (HTTP/1.1 204) 3 headers in 131 bytes (1 switches on core 0)
2026-04-29 02:44:46.974 7 INFO neutron.pecan_wsgi.hooks.translation [None req-17e8b687-26c5-41c4-9432-1d5c665fcce6 a54003e4b80a48939c4159a59e230467 92cd30872a2b488795815ae4acf772da - - default default] GET failed (client error): The resource could not be found. [pid: 7|app: 0|req: 1806/3680] 10.0.0.88 () {32 vars in 720 bytes} [Wed Apr 29 02:44:46 2026] GET /v2.0/subnets/68825eae-745e-4b0b-a850-fb4403a97637 => generated 136 bytes in 16 msecs (HTTP/1.1 404) 4 headers in 164 bytes (1 switches on core 0) [pid: 8|app: 0|req: 1875/3681] 10.0.0.88 () {32 vars in 723 bytes} [Wed Apr 29 02:44:46 2026] DELETE /v2.0/subnets/bc5e1b49-e2f0-4776-aa7f-afd6604eb96e => generated 0 bytes in 177 msecs (HTTP/1.1 204) 3 headers in 131 bytes (1 switches on core 0)
2026-04-29 02:44:47.177 7 INFO neutron.pecan_wsgi.hooks.translation [None req-012a11e6-a97f-4f62-a9e5-1cd48dde4af0 a54003e4b80a48939c4159a59e230467 92cd30872a2b488795815ae4acf772da - - default default] GET failed (client error): The resource could not be found. [pid: 7|app: 0|req: 1807/3682] 10.0.0.88 () {32 vars in 720 bytes} [Wed Apr 29 02:44:47 2026] GET /v2.0/subnets/bc5e1b49-e2f0-4776-aa7f-afd6604eb96e => generated 136 bytes in 18 msecs (HTTP/1.1 404) 4 headers in 164 bytes (1 switches on core 0)
2026-04-29 02:44:47.302 8 INFO neutron_taas.services.taas.taas_plugin [None req-a89b047a-afb8-4cf3-8cd5-edd54d3d847c a54003e4b80a48939c4159a59e230467 92cd30872a2b488795815ae4acf772da - - default default] TaaS: Handle Delete Port: 9776ea89-56b7-4a79-9970-a7f968b500e0
2026-04-29 02:44:47.305 8 INFO neutron_taas.services.taas.tap_mirror_plugin [None req-a89b047a-afb8-4cf3-8cd5-edd54d3d847c a54003e4b80a48939c4159a59e230467 92cd30872a2b488795815ae4acf772da - - default default] Tap Mirror: Handle Delete Port: 9776ea89-56b7-4a79-9970-a7f968b500e0 [pid: 8|app: 0|req: 1876/3683] 10.0.0.88 () {32 vars in 725 bytes} [Wed Apr 29 02:44:47 2026] DELETE /v2.0/networks/55ca1969-7ced-4e73-92ea-ddb8d871c3d2 => generated 0 bytes in 371 msecs (HTTP/1.1 204) 3 headers in 131 bytes (1 switches on core 0)
2026-04-29 02:44:47.574 7 INFO neutron.pecan_wsgi.hooks.translation [None req-c2ae27a6-2b59-46b6-96fd-c7cb5cbeede5 a54003e4b80a48939c4159a59e230467 92cd30872a2b488795815ae4acf772da - - default default] GET failed (client error): The resource could not be found. [pid: 7|app: 0|req: 1808/3684] 10.0.0.88 () {32 vars in 722 bytes} [Wed Apr 29 02:44:47 2026] GET /v2.0/networks/55ca1969-7ced-4e73-92ea-ddb8d871c3d2 => generated 138 bytes in 16 msecs (HTTP/1.1 404) 4 headers in 164 bytes (1 switches on core 0) [pid: 8|app: 0|req: 1877/3685] 10.0.0.88 () {32 vars in 723 bytes} [Wed Apr 29 02:44:47 2026] DELETE /v2.0/subnets/ff27f42f-edcf-4517-8faf-1b75c7af9086 => generated 0 bytes in 126 msecs (HTTP/1.1 204) 3 headers in 131 bytes (1 switches on core 0)
2026-04-29 02:44:47.729 7 INFO neutron.pecan_wsgi.hooks.translation [None req-16f1ccc0-b1ad-4d16-9d48-3313f2dd3979 a54003e4b80a48939c4159a59e230467 92cd30872a2b488795815ae4acf772da - - default default] GET failed (client error): The resource could not be found. [pid: 7|app: 0|req: 1809/3686] 10.0.0.88 () {32 vars in 720 bytes} [Wed Apr 29 02:44:47 2026] GET /v2.0/subnets/ff27f42f-edcf-4517-8faf-1b75c7af9086 => generated 136 bytes in 19 msecs (HTTP/1.1 404) 4 headers in 164 bytes (1 switches on core 0) [pid: 8|app: 0|req: 1878/3687] 10.0.0.88 () {32 vars in 723 bytes} [Wed Apr 29 02:44:47 2026] DELETE /v2.0/subnets/d048a5bd-14ef-431e-bfc7-d08e33130c0e => generated 0 bytes in 167 msecs (HTTP/1.1 204) 3 headers in 131 bytes (1 switches on core 0)
2026-04-29 02:44:47.920 7 INFO neutron.pecan_wsgi.hooks.translation [None req-9baf33fc-559f-4c7d-8cfd-dedab6ea4ec3 a54003e4b80a48939c4159a59e230467 92cd30872a2b488795815ae4acf772da - - default default] GET failed (client error): The resource could not be found. [pid: 7|app: 0|req: 1810/3688] 10.0.0.88 () {32 vars in 720 bytes} [Wed Apr 29 02:44:47 2026] GET /v2.0/subnets/d048a5bd-14ef-431e-bfc7-d08e33130c0e => generated 136 bytes in 15 msecs (HTTP/1.1 404) 4 headers in 164 bytes (1 switches on core 0)
2026-04-29 02:44:48.036 8 INFO neutron_taas.services.taas.taas_plugin [None req-ec97781c-4cfb-4cb7-a4c6-cc4057870f8d a54003e4b80a48939c4159a59e230467 92cd30872a2b488795815ae4acf772da - - default default] TaaS: Handle Delete Port: ecfdcd4d-f510-4947-a038-65ecbdd7f894
2026-04-29 02:44:48.039 8 INFO neutron_taas.services.taas.tap_mirror_plugin [None req-ec97781c-4cfb-4cb7-a4c6-cc4057870f8d a54003e4b80a48939c4159a59e230467 92cd30872a2b488795815ae4acf772da - - default default] Tap Mirror: Handle Delete Port: ecfdcd4d-f510-4947-a038-65ecbdd7f894 [pid: 8|app: 0|req: 1879/3689] 10.0.0.88 () {32 vars in 725 bytes} [Wed Apr 29 02:44:47 2026] DELETE /v2.0/networks/3f3ece2f-0f23-4fbf-825b-28d5f6d2a419 => generated 0 bytes in 323 msecs (HTTP/1.1 204) 3 headers in 131 bytes (1 switches on core 0)
2026-04-29 02:44:48.265 7 INFO neutron.pecan_wsgi.hooks.translation [None req-0a70faef-0758-46e0-878c-1324f780f058 a54003e4b80a48939c4159a59e230467 92cd30872a2b488795815ae4acf772da - - default default] GET failed (client error): The resource could not be found. [pid: 7|app: 0|req: 1811/3690] 10.0.0.88 () {32 vars in 722 bytes} [Wed Apr 29 02:44:48 2026] GET /v2.0/networks/3f3ece2f-0f23-4fbf-825b-28d5f6d2a419 => generated 138 bytes in 14 msecs (HTTP/1.1 404) 4 headers in 164 bytes (1 switches on core 0)
2026-04-29 02:44:48.787 8 INFO neutron.services.segments.plugin [-] Segment 8c9da8fe-df5e-4e5a-96d2-c1de7e29e23c resource provider aggregate not found
2026-04-29 02:44:48.796 8 INFO neutron.services.segments.plugin [-] Segment 8c9da8fe-df5e-4e5a-96d2-c1de7e29e23c resource provider aggregate not found
2026-04-29 02:44:48.802 8 INFO neutron.services.segments.plugin [-] Segment 8c9da8fe-df5e-4e5a-96d2-c1de7e29e23c resource provider not found; error: Placement Client Error (4xx): {"errors": [{"status": 404, "title": "Not Found", "detail": "The resource could not be found.\n\n No resource provider with uuid 8c9da8fe-df5e-4e5a-96d2-c1de7e29e23c found for delete ", "request_id": "req-9658840a-759a-449b-ba62-346b9656eff2"}]}
2026-04-29 02:44:48.810 8 INFO neutron.services.segments.plugin [-] Segment 8c9da8fe-df5e-4e5a-96d2-c1de7e29e23c resource provider not found; error: Placement Client Error (4xx): {"errors": [{"status": 404, "title": "Not Found", "detail": "The resource could not be found.\n\n No resource provider with uuid 8c9da8fe-df5e-4e5a-96d2-c1de7e29e23c found for delete ", "request_id": "req-722e7fc7-fd89-403f-953e-789b5f37f2bf"}]}
2026-04-29 02:44:48.815 8 INFO neutron.services.segments.plugin [-] Segment c4e9649a-460a-46f2-b318-fb725bd85c87 resource provider aggregate not found
2026-04-29 02:44:48.830 8 INFO neutron.services.segments.plugin [-] Segment c4e9649a-460a-46f2-b318-fb725bd85c87 resource provider aggregate not found
2026-04-29 02:44:48.831 8 INFO neutron.services.segments.plugin [-] Segment c4e9649a-460a-46f2-b318-fb725bd85c87 resource provider not found; error: Placement Client Error (4xx): {"errors": [{"status": 404, "title": "Not Found", "detail": "The resource could not be found.\n\n No resource provider with uuid c4e9649a-460a-46f2-b318-fb725bd85c87 found for delete ", "request_id": "req-6c7c84f0-11e8-4813-a999-4d6027fb2e23"}]}
2026-04-29 02:44:48.845 8 INFO neutron.services.segments.plugin [-] Segment c4e9649a-460a-46f2-b318-fb725bd85c87 resource provider not found; error: Placement Client Error (4xx): {"errors": [{"status": 404, "title": "Not Found", "detail": "The resource could not be found.\n\n No resource provider with uuid c4e9649a-460a-46f2-b318-fb725bd85c87 found for delete ", "request_id": "req-7bebefd3-01f5-4f6b-9ced-b8773f8dd400"}]}
2026-04-29 02:44:50.422 8 INFO neutron.db.ovn_revision_numbers_db [None req-541e1622-0468-41cb-96ed-f4ba71adc184 774417fb3dd246c98d6056a16b5cf60f b28475fa1ee64294851a44255fa69e25 - - default default] Successfully bumped revision number for resource 04e70f1a-7e56-4314-a3cc-62e2d1201246 (type: security_groups) to 1
2026-04-29 02:44:50.432 8 INFO neutron.db.ovn_revision_numbers_db [None req-541e1622-0468-41cb-96ed-f4ba71adc184 774417fb3dd246c98d6056a16b5cf60f b28475fa1ee64294851a44255fa69e25 - - default default] Successfully bumped revision number for resource 65d9f0e3-24c1-4c85-8c66-4d1ab4d9a795 (type: security_group_rules) to 0
2026-04-29 02:44:50.445 8 INFO neutron.db.ovn_revision_numbers_db [None req-541e1622-0468-41cb-96ed-f4ba71adc184 774417fb3dd246c98d6056a16b5cf60f b28475fa1ee64294851a44255fa69e25 - - default default] Successfully bumped revision number for resource 9c63d73e-b5c7-41f6-9bf5-dedcb343b5c5 (type: security_group_rules) to 0
2026-04-29 02:44:50.458 8 INFO neutron.db.ovn_revision_numbers_db [None req-541e1622-0468-41cb-96ed-f4ba71adc184 774417fb3dd246c98d6056a16b5cf60f b28475fa1ee64294851a44255fa69e25 - - default default] Successfully bumped revision number for resource b80f67c8-8830-46d4-baa8-07cc14ec7b19 (type: security_group_rules) to 0
2026-04-29 02:44:50.472 8 INFO neutron.db.ovn_revision_numbers_db [None req-541e1622-0468-41cb-96ed-f4ba71adc184 774417fb3dd246c98d6056a16b5cf60f b28475fa1ee64294851a44255fa69e25 - - default default] Successfully bumped revision number for resource d43aa22a-4778-4a69-9714-d1701a7bf8ac (type: security_group_rules) to 0 [pid: 8|app: 0|req: 1880/3691] 10.0.0.88 () {32 vars in 773 bytes} [Wed Apr 29 02:44:50 2026] GET /v2.0/security-groups?tenant_id=65d40ebf5d7148919cf9ec944324bc97&name=default => generated 2929 bytes in 370 msecs (HTTP/1.1 200) 4 headers in 158 bytes (1 switches on core 0) [pid: 7|app: 0|req: 1812/3692] 10.0.0.88 () {32 vars in 739 bytes} [Wed Apr 29 02:44:50 2026] DELETE /v2.0/security-groups/04e70f1a-7e56-4314-a3cc-62e2d1201246 => generated 0 bytes in 237 msecs (HTTP/1.1 204) 2 headers in 112 bytes (1 switches on core 0)
2026-04-29 02:44:50.965 8 INFO neutron.db.ovn_revision_numbers_db [None req-5c7a5375-f501-49b6-bf16-67f3d38e9d40 774417fb3dd246c98d6056a16b5cf60f b28475fa1ee64294851a44255fa69e25 - - default default] Successfully bumped revision number for resource c4c1bb5b-53a2-4649-8bf7-3251d9688db3 (type: security_groups) to 1
2026-04-29 02:44:50.975 8 INFO neutron.db.ovn_revision_numbers_db [None req-5c7a5375-f501-49b6-bf16-67f3d38e9d40 774417fb3dd246c98d6056a16b5cf60f b28475fa1ee64294851a44255fa69e25 - - default default] Successfully bumped revision number for resource 2eb12082-4ba2-4b3c-8d41-c0c4eba70afb (type: security_group_rules) to 0
2026-04-29 02:44:50.986 8 INFO neutron.db.ovn_revision_numbers_db [None req-5c7a5375-f501-49b6-bf16-67f3d38e9d40 774417fb3dd246c98d6056a16b5cf60f b28475fa1ee64294851a44255fa69e25 - - default default] Successfully bumped revision number for resource 4048afd4-a8d4-4e25-b9b2-684ff4a01383 (type: security_group_rules) to 0
2026-04-29 02:44:50.996 8 INFO neutron.db.ovn_revision_numbers_db [None req-5c7a5375-f501-49b6-bf16-67f3d38e9d40 774417fb3dd246c98d6056a16b5cf60f b28475fa1ee64294851a44255fa69e25 - - default default] Successfully bumped revision number for resource 6e642611-829f-4ae5-8696-9f8161349fbe (type: security_group_rules) to 0
2026-04-29 02:44:51.008 8 INFO neutron.db.ovn_revision_numbers_db [None req-5c7a5375-f501-49b6-bf16-67f3d38e9d40 774417fb3dd246c98d6056a16b5cf60f b28475fa1ee64294851a44255fa69e25 - - default default] Successfully bumped revision number for resource e0180f6b-a237-4133-a367-e8f322bd785a (type: security_group_rules) to 0 [pid: 8|app: 0|req: 1881/3693] 10.0.0.88 () {32 vars in 773 bytes} [Wed Apr 29 02:44:50 2026] GET /v2.0/security-groups?tenant_id=12603fba0b6643c9b36648afccce78fe&name=default => generated 2929 bytes in 215 msecs (HTTP/1.1 200) 4 headers in 158 bytes (1 switches on core 0) [pid: 7|app: 0|req: 1813/3694] 10.0.0.88 () {32 vars in 739 bytes} [Wed Apr 29 02:44:51 2026] DELETE /v2.0/security-groups/c4c1bb5b-53a2-4649-8bf7-3251d9688db3 => generated 0 bytes in 224 msecs (HTTP/1.1 204) 2 headers in 112 bytes (1 switches on core 0)
2026-04-29 02:44:51.559 8 INFO neutron.db.ovn_revision_numbers_db [None req-18f53e06-ddda-447e-bb91-7be5e3b2bf9b 774417fb3dd246c98d6056a16b5cf60f b28475fa1ee64294851a44255fa69e25 - - default default] Successfully bumped revision number for resource 6fb175ca-4103-4cef-a10c-ee7085bb4875 (type: security_groups) to 1
2026-04-29 02:44:51.574 8 INFO neutron.db.ovn_revision_numbers_db [None req-18f53e06-ddda-447e-bb91-7be5e3b2bf9b 774417fb3dd246c98d6056a16b5cf60f b28475fa1ee64294851a44255fa69e25 - - default default] Successfully bumped revision number for resource 1df52974-69e7-4fbf-a014-730a70902cce (type: security_group_rules) to 0
2026-04-29 02:44:51.588 8 INFO neutron.db.ovn_revision_numbers_db [None req-18f53e06-ddda-447e-bb91-7be5e3b2bf9b 774417fb3dd246c98d6056a16b5cf60f b28475fa1ee64294851a44255fa69e25 - - default default] Successfully bumped revision number for resource 74854cd9-addf-47c3-b263-3e62795d4022 (type: security_group_rules) to 0
2026-04-29 02:44:51.600 8 INFO neutron.db.ovn_revision_numbers_db [None req-18f53e06-ddda-447e-bb91-7be5e3b2bf9b 774417fb3dd246c98d6056a16b5cf60f b28475fa1ee64294851a44255fa69e25 - - default default] Successfully bumped revision number for resource bdd88482-322f-4507-be67-665ab3549772 (type: security_group_rules) to 0
2026-04-29 02:44:51.611 8 INFO neutron.db.ovn_revision_numbers_db [None req-18f53e06-ddda-447e-bb91-7be5e3b2bf9b 774417fb3dd246c98d6056a16b5cf60f b28475fa1ee64294851a44255fa69e25 - - default default] Successfully bumped revision number for resource f960990b-be28-4955-8344-29f032928645 (type: security_group_rules) to 0 [pid: 8|app: 0|req: 1882/3695] 10.0.0.88 () {32 vars in 773 bytes} [Wed Apr 29 02:44:51 2026] GET /v2.0/security-groups?tenant_id=fa71576e99e44209b84b748dff03ba7a&name=default => generated 2929 bytes in 234 msecs (HTTP/1.1 200) 4 headers in 158 bytes (1 switches on core 0) [pid: 7|app: 0|req: 1814/3696] 10.0.0.88 () {32 vars in 739 bytes} [Wed Apr 29 02:44:51 2026] DELETE /v2.0/security-groups/6fb175ca-4103-4cef-a10c-ee7085bb4875 => generated 0 bytes in 223 msecs (HTTP/1.1 204) 2 headers in 112 bytes (1 switches on core 0)
2026-04-29 02:44:52.157 8 INFO neutron.db.ovn_revision_numbers_db [None req-583e7261-3a78-45fe-b31d-d00963099bb7 774417fb3dd246c98d6056a16b5cf60f b28475fa1ee64294851a44255fa69e25 - - default default] Successfully bumped revision number for resource 5b70a886-d8e9-46d1-a6e2-f9e0e22d0724 (type: security_groups) to 1
2026-04-29 02:44:52.170 8 INFO neutron.db.ovn_revision_numbers_db [None req-583e7261-3a78-45fe-b31d-d00963099bb7 774417fb3dd246c98d6056a16b5cf60f b28475fa1ee64294851a44255fa69e25 - - default default] Successfully bumped revision number for resource 1ce39e44-43cc-4867-a0d3-e812163bd075 (type: security_group_rules) to 0
2026-04-29 02:44:52.181 8 INFO neutron.db.ovn_revision_numbers_db [None req-583e7261-3a78-45fe-b31d-d00963099bb7 774417fb3dd246c98d6056a16b5cf60f b28475fa1ee64294851a44255fa69e25 - - default default] Successfully bumped revision number for resource 6e9918de-e631-4822-ba24-f3f5cb2ead1f (type: security_group_rules) to 0
2026-04-29 02:44:52.192 8 INFO neutron.db.ovn_revision_numbers_db [None req-583e7261-3a78-45fe-b31d-d00963099bb7 774417fb3dd246c98d6056a16b5cf60f b28475fa1ee64294851a44255fa69e25 - - default default] Successfully bumped revision number for resource 76bc9df2-d923-484d-92a2-8ee59c4d6eb0 (type: security_group_rules) to 0
2026-04-29 02:44:52.208 8 INFO neutron.db.ovn_revision_numbers_db [None req-583e7261-3a78-45fe-b31d-d00963099bb7 774417fb3dd246c98d6056a16b5cf60f b28475fa1ee64294851a44255fa69e25 - - default default] Successfully bumped revision number for resource aabd4dba-6ac2-4372-8f2f-15fcca746628 (type: security_group_rules) to 0 [pid: 8|app: 0|req: 1883/3697] 10.0.0.88 () {32 vars in 773 bytes} [Wed Apr 29 02:44:52 2026] GET /v2.0/security-groups?tenant_id=e2a68c73eb94499fbb8878e2e971860b&name=default => generated 2929 bytes in 237 msecs (HTTP/1.1 200) 4 headers in 158 bytes (1 switches on core 0) [pid: 7|app: 0|req: 1815/3698] 10.0.0.88 () {32 vars in 739 bytes} [Wed Apr 29 02:44:52 2026] DELETE /v2.0/security-groups/5b70a886-d8e9-46d1-a6e2-f9e0e22d0724 => generated 0 bytes in 247 msecs (HTTP/1.1 204) 2 headers in 112 bytes (1 switches on core 0)
2026-04-29 02:44:52.862 8 INFO neutron.db.ovn_revision_numbers_db [None req-81c50127-bee0-40a5-99fd-e03172f9105d 774417fb3dd246c98d6056a16b5cf60f b28475fa1ee64294851a44255fa69e25 - - default default] Successfully bumped revision number for resource a7603da3-0b11-4848-b36b-a5142e4d658a (type: security_groups) to 1
2026-04-29 02:44:52.8