2026-04-29 02:38:53.107 8 INFO neutron.db.ovn_revision_numbers_db [None req-88a5f988-f4c4-40e4-9aec-e22fb60aab56 55f360d0fb9544449f9726e66905a0d1 f62811563bb34818a605af35c2a57770 - - default default] Successfully bumped revision number for resource 34b97dca-5ff3-4cb8-8e21-27969761b7fe (type: security_groups) to 1
2026-04-29 02:38:53.121 8 INFO neutron.db.ovn_revision_numbers_db [None req-88a5f988-f4c4-40e4-9aec-e22fb60aab56 55f360d0fb9544449f9726e66905a0d1 f62811563bb34818a605af35c2a57770 - - default default] Successfully bumped revision number for resource 16eb3802-11c9-49ec-aaa9-d04f2af26f8a (type: security_group_rules) to 0
2026-04-29 02:38:53.137 8 INFO neutron.db.ovn_revision_numbers_db [None req-88a5f988-f4c4-40e4-9aec-e22fb60aab56 55f360d0fb9544449f9726e66905a0d1 f62811563bb34818a605af35c2a57770 - - default default] Successfully bumped revision number for resource 19342305-6d1b-44d4-8fd4-62aaeac16d19 (type: security_group_rules) to 0
2026-04-29 02:38:53.149 8 INFO neutron.db.ovn_revision_numbers_db [None req-88a5f988-f4c4-40e4-9aec-e22fb60aab56 55f360d0fb9544449f9726e66905a0d1 f62811563bb34818a605af35c2a57770 - - default default] Successfully bumped revision number for resource 1ea273c3-86b6-4d6a-ab7e-1054946604c2 (type: security_group_rules) to 0
2026-04-29 02:38:53.162 8 INFO neutron.db.ovn_revision_numbers_db [None req-88a5f988-f4c4-40e4-9aec-e22fb60aab56 55f360d0fb9544449f9726e66905a0d1 f62811563bb34818a605af35c2a57770 - - default default] Successfully bumped revision number for resource f49dfc0a-20de-45f7-9ed5-aee688f1fdc8 (type: security_group_rules) to 0
2026-04-29 02:38:53.236 8 INFO neutron.db.segments_db [None req-88a5f988-f4c4-40e4-9aec-e22fb60aab56 55f360d0fb9544449f9726e66905a0d1 f62811563bb34818a605af35c2a57770 - - default default] Added segment f601560b-95b1-41c3-ac8f-5e91bbc7ba3d of type geneve for network d86573e0-52f1-4e5f-98bd-c3e667c19f90
2026-04-29 02:38:53.357 8 INFO neutron.db.ovn_revision_numbers_db [None req-88a5f988-f4c4-40e4-9aec-e22fb60aab56 55f360d0fb9544449f9726e66905a0d1 f62811563bb34818a605af35c2a57770 - - default default] Successfully bumped revision number for resource d86573e0-52f1-4e5f-98bd-c3e667c19f90 (type: networks) to 1
2026-04-29 02:38:53.537 7 WARNING neutron.scheduler.dhcp_agent_scheduler [None req-9d590a21-b91e-4ad3-bae6-e945fb655d26 8c6adc070b654686a31a215618e31978 73282fa329c64d0b80e4eff6ef1b11e7 - - default default] No more DHCP agents
2026-04-29 02:38:53.538 7 WARNING neutron.api.rpc.agentnotifiers.dhcp_rpc_agent_api [None req-9d590a21-b91e-4ad3-bae6-e945fb655d26 8c6adc070b654686a31a215618e31978 73282fa329c64d0b80e4eff6ef1b11e7 - - default default] Unable to schedule network f4560cf3-6705-4439-82a3-b80ed7af87b3: no agents available; will retry on subsequent port and subnet creation events.
2026-04-29 02:38:53.573 8 WARNING neutron.scheduler.dhcp_agent_scheduler [None req-88a5f988-f4c4-40e4-9aec-e22fb60aab56 55f360d0fb9544449f9726e66905a0d1 f62811563bb34818a605af35c2a57770 - - default default] No more DHCP agents
2026-04-29 02:38:53.574 8 WARNING neutron.api.rpc.agentnotifiers.dhcp_rpc_agent_api [None req-88a5f988-f4c4-40e4-9aec-e22fb60aab56 55f360d0fb9544449f9726e66905a0d1 f62811563bb34818a605af35c2a57770 - - default default] Unable to schedule network d86573e0-52f1-4e5f-98bd-c3e667c19f90: no agents available; will retry on subsequent port and subnet creation events.
2026-04-29 02:38:53.670 8 INFO neutron.db.ovn_revision_numbers_db [None req-88a5f988-f4c4-40e4-9aec-e22fb60aab56 55f360d0fb9544449f9726e66905a0d1 f62811563bb34818a605af35c2a57770 - - default default] Successfully bumped revision number for resource 87bcd972-c089-4cc3-947f-6f9c420dc280 (type: ports) to 1 [pid: 8|app: 0|req: 1050/2041] 10.0.0.88 () {34 vars in 670 bytes} [Wed Apr 29 02:38:52 2026] POST /v2.0/networks => generated 652 bytes in 884 msecs (HTTP/1.1 201) 4 headers in 162 bytes (1 switches on core 0)
2026-04-29 02:38:53.897 7 INFO neutron.db.ovn_revision_numbers_db [None req-9d590a21-b91e-4ad3-bae6-e945fb655d26 8c6adc070b654686a31a215618e31978 73282fa329c64d0b80e4eff6ef1b11e7 - - default default] Successfully bumped revision number for resource db6c1310-8b3a-49f8-a062-1e5bee578fcb (type: router_ports) to 1 [pid: 7|app: 0|req: 992/2042] 10.0.0.88 () {34 vars in 782 bytes} [Wed Apr 29 02:38:52 2026] PUT /v2.0/routers/5eb8796f-d97b-44a9-bd6f-16457e13989f/add_router_interface => generated 309 bytes in 1766 msecs (HTTP/1.1 200) 4 headers in 157 bytes (1 switches on core 0)
2026-04-29 02:38:53.938 8 INFO neutron.db.ovn_revision_numbers_db [None req-ee776503-e2cb-4c61-a189-88acbb6ec34b 13993215d689409a9cbd77db2e5e8be1 f2fd4d656e594ccb89a725df9df8fe26 - - default default] Successfully bumped revision number for resource 95a66f3c-ea0d-4e38-9498-3b5b2dc1cb99 (type: security_groups) to 1 [pid: 7|app: 0|req: 993/2043] 199.204.45.30 () {34 vars in 993 bytes} [Wed Apr 29 02:38:53 2026] GET /v2.0/ports?device_id=85030ae5-a3e4-4d88-b98b-20bceea33384 => generated 969 bytes in 39 msecs (HTTP/1.1 200) 4 headers in 157 bytes (1 switches on core 0)
2026-04-29 02:38:53.951 8 INFO neutron.db.ovn_revision_numbers_db [None req-ee776503-e2cb-4c61-a189-88acbb6ec34b 13993215d689409a9cbd77db2e5e8be1 f2fd4d656e594ccb89a725df9df8fe26 - - default default] Successfully bumped revision number for resource 9637b240-081f-4bfb-9275-8de77a43d402 (type: security_group_rules) to 0
2026-04-29 02:38:53.962 8 INFO neutron.db.ovn_revision_numbers_db [None req-ee776503-e2cb-4c61-a189-88acbb6ec34b 13993215d689409a9cbd77db2e5e8be1 f2fd4d656e594ccb89a725df9df8fe26 - - default default] Successfully bumped revision number for resource a98d12e0-4942-4452-bec1-82377f5d1607 (type: security_group_rules) to 0
2026-04-29 02:38:53.974 8 INFO neutron.db.ovn_revision_numbers_db [None req-ee776503-e2cb-4c61-a189-88acbb6ec34b 13993215d689409a9cbd77db2e5e8be1 f2fd4d656e594ccb89a725df9df8fe26 - - default default] Successfully bumped revision number for resource db17754e-b31b-4d33-8009-a758b1484889 (type: security_group_rules) to 0 [pid: 7|app: 0|req: 994/2044] 10.0.0.79 () {34 vars in 989 bytes} [Wed Apr 29 02:38:53 2026] GET /v2.0/ports?device_id=85030ae5-a3e4-4d88-b98b-20bceea33384 => generated 969 bytes in 41 msecs (HTTP/1.1 200) 4 headers in 157 bytes (1 switches on core 0)
2026-04-29 02:38:53.986 8 INFO neutron.db.ovn_revision_numbers_db [None req-ee776503-e2cb-4c61-a189-88acbb6ec34b 13993215d689409a9cbd77db2e5e8be1 f2fd4d656e594ccb89a725df9df8fe26 - - default default] Successfully bumped revision number for resource e2c3a408-7b01-4ee5-8766-72f77b8f347f (type: security_group_rules) to 0
2026-04-29 02:38:54.061 8 INFO neutron.db.segments_db [None req-ee776503-e2cb-4c61-a189-88acbb6ec34b 13993215d689409a9cbd77db2e5e8be1 f2fd4d656e594ccb89a725df9df8fe26 - - default default] Added segment 02978d72-99e9-42b7-9a7d-2f87e2ae5226 of type geneve for network bd617e89-c55c-409f-b302-790198033ce7
2026-04-29 02:38:54.136 8 INFO neutron.notifiers.nova [-] Nova event matching ['req-2554728e-8865-4e0d-8b71-99e22e315554'] response: {'server_uuid': '85030ae5-a3e4-4d88-b98b-20bceea33384', 'name': 'network-vif-unplugged', 'status': 'completed', 'tag': '19c4121a-b4aa-4ec7-a193-d136ffa9d377', 'code': 200}
2026-04-29 02:38:54.169 8 INFO neutron.db.ovn_revision_numbers_db [None req-ee776503-e2cb-4c61-a189-88acbb6ec34b 13993215d689409a9cbd77db2e5e8be1 f2fd4d656e594ccb89a725df9df8fe26 - - default default] Successfully bumped revision number for resource bd617e89-c55c-409f-b302-790198033ce7 (type: networks) to 1
2026-04-29 02:38:54.335 8 WARNING neutron.scheduler.dhcp_agent_scheduler [None req-ee776503-e2cb-4c61-a189-88acbb6ec34b 13993215d689409a9cbd77db2e5e8be1 f2fd4d656e594ccb89a725df9df8fe26 - - default default] No more DHCP agents
2026-04-29 02:38:54.337 8 WARNING neutron.api.rpc.agentnotifiers.dhcp_rpc_agent_api [None req-ee776503-e2cb-4c61-a189-88acbb6ec34b 13993215d689409a9cbd77db2e5e8be1 f2fd4d656e594ccb89a725df9df8fe26 - - default default] Unable to schedule network bd617e89-c55c-409f-b302-790198033ce7: no agents available; will retry on subsequent port and subnet creation events.
2026-04-29 02:38:54.367 7 WARNING neutron.scheduler.dhcp_agent_scheduler [None req-367011d1-554f-43cf-986b-809921c38d58 55f360d0fb9544449f9726e66905a0d1 f62811563bb34818a605af35c2a57770 - - default default] No more DHCP agents
2026-04-29 02:38:54.369 7 WARNING neutron.api.rpc.agentnotifiers.dhcp_rpc_agent_api [None req-367011d1-554f-43cf-986b-809921c38d58 55f360d0fb9544449f9726e66905a0d1 f62811563bb34818a605af35c2a57770 - - default default] Unable to schedule network bde7b33f-4a7b-401d-b083-c45379f9439c: no agents available; will retry on subsequent port and subnet creation events.
2026-04-29 02:38:54.404 7 INFO neutron.plugins.ml2.drivers.ovn.mech_driver.mech_driver [None req-fd1b56d1-9ee8-4385-9856-b1226efe8ac1 - - - - - -] OVN reports status down for port: a44951a7-8f02-4bf0-8d5d-084180342342
2026-04-29 02:38:54.423 8 INFO neutron.db.ovn_revision_numbers_db [None req-ee776503-e2cb-4c61-a189-88acbb6ec34b 13993215d689409a9cbd77db2e5e8be1 f2fd4d656e594ccb89a725df9df8fe26 - - default default] Successfully bumped revision number for resource a44951a7-8f02-4bf0-8d5d-084180342342 (type: ports) to 1 [pid: 8|app: 0|req: 1051/2045] 10.0.0.88 () {34 vars in 669 bytes} [Wed Apr 29 02:38:53 2026] POST /v2.0/networks => generated 651 bytes in 750 msecs (HTTP/1.1 201) 4 headers in 162 bytes (1 switches on core 0)
2026-04-29 02:38:54.560 7 INFO neutron.db.ovn_revision_numbers_db [None req-367011d1-554f-43cf-986b-809921c38d58 55f360d0fb9544449f9726e66905a0d1 f62811563bb34818a605af35c2a57770 - - default default] Successfully bumped revision number for resource 3a4d7fd6-30ef-4c1d-a4fe-80ca02ad7d0b (type: ports) to 1
2026-04-29 02:38:55.101 7 INFO neutron.plugins.ml2.drivers.ovn.mech_driver.ovsdb.commands [None req-467f7a4a-af13-48c1-961b-d4ee6270d08f - - - - - -] Schedule LRP lrp-3a4d7fd6-30ef-4c1d-a4fe-80ca02ad7d0b on gateway 9446ce27-c901-446b-b12c-92e7358343b7 with priority 1
2026-04-29 02:38:55.156 7 INFO neutron.db.ovn_revision_numbers_db [None req-367011d1-554f-43cf-986b-809921c38d58 55f360d0fb9544449f9726e66905a0d1 f62811563bb34818a605af35c2a57770 - - default default] Successfully bumped revision number for resource 3a4d7fd6-30ef-4c1d-a4fe-80ca02ad7d0b (type: router_ports) to 1
2026-04-29 02:38:55.220 7 INFO neutron.db.ovn_revision_numbers_db [None req-367011d1-554f-43cf-986b-809921c38d58 55f360d0fb9544449f9726e66905a0d1 f62811563bb34818a605af35c2a57770 - - default default] Successfully bumped revision number for resource 3f5b3dac-2297-4126-a391-c5d7bd254028 (type: routers) to 2
2026-04-29 02:38:55.223 8 INFO neutron.plugins.ml2.drivers.ovn.mech_driver.ovsdb.ovsdb_monitor [None req-727f15fb-bacd-4f45-b439-a479c2d4b5bb - - - - - -] Router 3f5b3dac-2297-4126-a391-c5d7bd254028 is bound to host instance [pid: 7|app: 0|req: 995/2046] 10.0.0.88 () {34 vars in 668 bytes} [Wed Apr 29 02:38:53 2026] POST /v2.0/routers => generated 954 bytes in 1256 msecs (HTTP/1.1 201) 4 headers in 162 bytes (1 switches on core 0)
2026-04-29 02:38:55.246 8 WARNING neutron.scheduler.dhcp_agent_scheduler [None req-8bc47655-2d22-4f7c-9d82-23aaade840ba - - - - - -] No more DHCP agents
2026-04-29 02:38:55.251 8 WARNING neutron.api.rpc.agentnotifiers.dhcp_rpc_agent_api [None req-8bc47655-2d22-4f7c-9d82-23aaade840ba - - - - - -] Unable to schedule network bde7b33f-4a7b-401d-b083-c45379f9439c: no agents available; will retry on subsequent port and subnet creation events.
2026-04-29 02:38:55.408 7 INFO neutron_taas.services.taas.taas_plugin [req-f7fce870-d9e7-4e4b-a75b-d54f3d8158ba req-650c4c4a-666b-43c2-9d4d-8e25de1d782e f0412dc591bb498982eb440eb03ff5d0 4b182d3635c0454c9070e3e5d0006afc - - default default] TaaS: Handle Delete Port: 19c4121a-b4aa-4ec7-a193-d136ffa9d377
2026-04-29 02:38:55.411 7 INFO neutron_taas.services.taas.tap_mirror_plugin [req-f7fce870-d9e7-4e4b-a75b-d54f3d8158ba req-650c4c4a-666b-43c2-9d4d-8e25de1d782e f0412dc591bb498982eb440eb03ff5d0 4b182d3635c0454c9070e3e5d0006afc - - default default] Tap Mirror: Handle Delete Port: 19c4121a-b4aa-4ec7-a193-d136ffa9d377 [pid: 7|app: 0|req: 996/2047] 199.204.45.30 () {36 vars in 996 bytes} [Wed Apr 29 02:38:55 2026] DELETE /v2.0/ports/19c4121a-b4aa-4ec7-a193-d136ffa9d377 => generated 0 bytes in 318 msecs (HTTP/1.1 204) 3 headers in 131 bytes (1 switches on core 0)
2026-04-29 02:38:55.596 8 INFO neutron.db.ovn_revision_numbers_db [None req-8bc47655-2d22-4f7c-9d82-23aaade840ba - - - - - -] Successfully bumped revision number for resource b84d7e12-b58f-4b11-8c16-48164d613845 (type: ports) to 1 [pid: 7|app: 0|req: 997/2048] 10.0.0.79 () {34 vars in 1039 bytes} [Wed Apr 29 02:38:55 2026] GET /v2.0/security-groups?id=df6313d8-c3f5-4135-9807-feef14d112a4&fields=id&fields=name => generated 88 bytes in 47 msecs (HTTP/1.1 200) 4 headers in 156 bytes (1 switches on core 0)
2026-04-29 02:38:55.609 7 INFO neutron.notifiers.nova [-] Nova event matching ['req-0d3ac33c-6719-48c3-897a-f9a54da9c7e1'] response: {'server_uuid': '85030ae5-a3e4-4d88-b98b-20bceea33384', 'name': 'network-vif-deleted', 'tag': '19c4121a-b4aa-4ec7-a193-d136ffa9d377', 'status': 'completed', 'code': 200}
2026-04-29 02:38:55.825 7 WARNING neutron.scheduler.dhcp_agent_scheduler [None req-0d3c36cf-92c9-44d4-a815-b5d6a8855429 13993215d689409a9cbd77db2e5e8be1 f2fd4d656e594ccb89a725df9df8fe26 - - default default] No more DHCP agents
2026-04-29 02:38:55.827 7 WARNING neutron.api.rpc.agentnotifiers.dhcp_rpc_agent_api [None req-0d3c36cf-92c9-44d4-a815-b5d6a8855429 13993215d689409a9cbd77db2e5e8be1 f2fd4d656e594ccb89a725df9df8fe26 - - default default] Unable to schedule network bd617e89-c55c-409f-b302-790198033ce7: no agents available; will retry on subsequent port and subnet creation events.
2026-04-29 02:38:55.918 7 INFO neutron.db.ovn_revision_numbers_db [None req-0d3c36cf-92c9-44d4-a815-b5d6a8855429 13993215d689409a9cbd77db2e5e8be1 f2fd4d656e594ccb89a725df9df8fe26 - - default default] Successfully bumped revision number for resource 11bfa4fb-c65b-43e7-af42-74538f1cc0db (type: ports) to 1 [pid: 7|app: 0|req: 998/2049] 10.0.0.88 () {34 vars in 663 bytes} [Wed Apr 29 02:38:55 2026] POST /v2.0/ports => generated 743 bytes in 372 msecs (HTTP/1.1 201) 4 headers in 162 bytes (1 switches on core 0) /var/lib/openstack/lib/python3.12/site-packages/pycadf/identifier.py:70: UserWarning: Invalid uuid: neutron. To ensure interoperability, identifiers should be a valid uuid. warnings.warn(('Invalid uuid: %s. To ensure interoperability, ' [pid: 7|app: 0|req: 999/2050] 10.0.0.88 () {32 vars in 775 bytes} [Wed Apr 29 02:38:55 2026] GET /v2.0/subnets?project_id=f62811563bb34818a605af35c2a57770&cidr=10.100.0.0%2F28 => generated 14 bytes in 65 msecs (HTTP/1.1 200) 4 headers in 156 bytes (1 switches on core 0)
2026-04-29 02:38:56.055 8 INFO neutron.db.ovn_revision_numbers_db [None req-8bc47655-2d22-4f7c-9d82-23aaade840ba - - - - - -] Successfully bumped revision number for resource b84d7e12-b58f-4b11-8c16-48164d613845 (type: ports) to 3
2026-04-29 02:38:56.124 8 INFO neutron.db.segments_db [None req-8bc47655-2d22-4f7c-9d82-23aaade840ba - - - - - -] Added segment 483c932f-8baf-41bf-b76f-b64d61ab9aa7 of type geneve for network 33222ece-e4e8-4ed9-8ff0-43edd4608b7a
2026-04-29 02:38:56.135 7 INFO neutron.db.segments_db [None req-39f318f2-39c0-451b-a2ae-f8d73e3713ee 13993215d689409a9cbd77db2e5e8be1 f2fd4d656e594ccb89a725df9df8fe26 - - default default] Added segment fe200f76-673b-453a-b18b-7b1ccf38ef9a of type geneve for network cd185be3-1b37-4fd7-b625-fcdbe0e3bfee
2026-04-29 02:38:56.254 7 INFO neutron.db.ovn_revision_numbers_db [None req-39f318f2-39c0-451b-a2ae-f8d73e3713ee 13993215d689409a9cbd77db2e5e8be1 f2fd4d656e594ccb89a725df9df8fe26 - - default default] Successfully bumped revision number for resource cd185be3-1b37-4fd7-b625-fcdbe0e3bfee (type: networks) to 1
2026-04-29 02:38:56.294 8 INFO neutron.db.ovn_revision_numbers_db [None req-06090a0e-6045-45b0-a1d4-467abda8f19b - - - - - -] Successfully bumped revision number for resource 33222ece-e4e8-4ed9-8ff0-43edd4608b7a (type: networks) to 1
2026-04-29 02:38:56.422 7 WARNING neutron.scheduler.dhcp_agent_scheduler [None req-39f318f2-39c0-451b-a2ae-f8d73e3713ee 13993215d689409a9cbd77db2e5e8be1 f2fd4d656e594ccb89a725df9df8fe26 - - default default] No more DHCP agents
2026-04-29 02:38:56.423 7 WARNING neutron.api.rpc.agentnotifiers.dhcp_rpc_agent_api [None req-39f318f2-39c0-451b-a2ae-f8d73e3713ee 13993215d689409a9cbd77db2e5e8be1 f2fd4d656e594ccb89a725df9df8fe26 - - default default] Unable to schedule network cd185be3-1b37-4fd7-b625-fcdbe0e3bfee: no agents available; will retry on subsequent port and subnet creation events.
2026-04-29 02:38:56.472 7 INFO neutron.plugins.ml2.drivers.ovn.mech_driver.mech_driver [None req-fd1b56d1-9ee8-4385-9856-b1226efe8ac1 - - - - - -] OVN reports status down for port: 98de5fbc-0bcb-4290-a886-340bf0533c69
2026-04-29 02:38:56.522 8 WARNING neutron.scheduler.dhcp_agent_scheduler [None req-06090a0e-6045-45b0-a1d4-467abda8f19b - - - - - -] No more DHCP agents
2026-04-29 02:38:56.527 8 WARNING neutron.api.rpc.agentnotifiers.dhcp_rpc_agent_api [None req-06090a0e-6045-45b0-a1d4-467abda8f19b - - - - - -] Unable to schedule network 33222ece-e4e8-4ed9-8ff0-43edd4608b7a: no agents available; will retry on subsequent port and subnet creation events.
2026-04-29 02:38:56.533 7 INFO neutron.db.ovn_revision_numbers_db [None req-39f318f2-39c0-451b-a2ae-f8d73e3713ee 13993215d689409a9cbd77db2e5e8be1 f2fd4d656e594ccb89a725df9df8fe26 - - default default] Successfully bumped revision number for resource 98de5fbc-0bcb-4290-a886-340bf0533c69 (type: ports) to 1 [pid: 7|app: 0|req: 1000/2051] 10.0.0.88 () {34 vars in 669 bytes} [Wed Apr 29 02:38:56 2026] POST /v2.0/networks => generated 650 bytes in 539 msecs (HTTP/1.1 201) 4 headers in 162 bytes (1 switches on core 0)
2026-04-29 02:38:56.634 7 INFO neutron.plugins.ml2.drivers.ovn.mech_driver.mech_driver [None req-fd1b56d1-9ee8-4385-9856-b1226efe8ac1 - - - - - -] OVN reports status down for port: 99d77fd9-4fde-4f8f-9b02-551041ba2cd3
2026-04-29 02:38:56.663 8 INFO neutron.db.ovn_revision_numbers_db [None req-06090a0e-6045-45b0-a1d4-467abda8f19b - - - - - -] Successfully bumped revision number for resource 99d77fd9-4fde-4f8f-9b02-551041ba2cd3 (type: ports) to 1 [pid: 7|app: 0|req: 1001/2052] 10.0.0.88 () {32 vars in 693 bytes} [Wed Apr 29 02:38:56 2026] GET /v2.0/networks?router%3Aexternal=True => generated 791 bytes in 108 msecs (HTTP/1.1 200) 4 headers in 157 bytes (1 switches on core 0)
2026-04-29 02:38:56.747 8 INFO neutron.db.ovn_revision_numbers_db [None req-a16a8439-6d80-4251-a1eb-1987b243db45 - - - - - -] Successfully bumped revision number for resource 3a4d7fd6-30ef-4c1d-a4fe-80ca02ad7d0b (type: ports) to 4
2026-04-29 02:38:56.892 8 WARNING neutron.scheduler.dhcp_agent_scheduler [None req-06090a0e-6045-45b0-a1d4-467abda8f19b - - - - - -] No more DHCP agents
2026-04-29 02:38:56.894 8 WARNING neutron.api.rpc.agentnotifiers.dhcp_rpc_agent_api [None req-06090a0e-6045-45b0-a1d4-467abda8f19b - - - - - -] Unable to schedule network 33222ece-e4e8-4ed9-8ff0-43edd4608b7a: no agents available; will retry on subsequent port and subnet creation events.
2026-04-29 02:38:56.933 8 INFO neutron.db.ovn_revision_numbers_db [None req-06090a0e-6045-45b0-a1d4-467abda8f19b - - - - - -] Successfully bumped revision number for resource 2d07b8af-e31e-4ccf-95e7-9727f57ca413 (type: subnets) to 0
2026-04-29 02:38:56.938 7 WARNING neutron.scheduler.dhcp_agent_scheduler [None req-e8d2f0d1-df00-4d05-b8b1-247cf4317ed1 13993215d689409a9cbd77db2e5e8be1 f2fd4d656e594ccb89a725df9df8fe26 - - default default] No more DHCP agents
2026-04-29 02:38:56.940 7 WARNING neutron.api.rpc.agentnotifiers.dhcp_rpc_agent_api [None req-e8d2f0d1-df00-4d05-b8b1-247cf4317ed1 13993215d689409a9cbd77db2e5e8be1 f2fd4d656e594ccb89a725df9df8fe26 - - default default] Unable to schedule network cd185be3-1b37-4fd7-b625-fcdbe0e3bfee: no agents available; will retry on subsequent port and subnet creation events.
2026-04-29 02:38:57.042 7 INFO neutron.db.ovn_revision_numbers_db [None req-e8d2f0d1-df00-4d05-b8b1-247cf4317ed1 13993215d689409a9cbd77db2e5e8be1 f2fd4d656e594ccb89a725df9df8fe26 - - default default] Successfully bumped revision number for resource f62e7ecb-45d9-4d4d-aa3a-dccd6fb72763 (type: ports) to 1 [pid: 7|app: 0|req: 1002/2053] 10.0.0.88 () {34 vars in 663 bytes} [Wed Apr 29 02:38:56 2026] POST /v2.0/ports => generated 743 bytes in 397 msecs (HTTP/1.1 201) 4 headers in 162 bytes (1 switches on core 0) /var/lib/openstack/lib/python3.12/site-packages/pycadf/identifier.py:70: UserWarning: Invalid uuid: neutron. To ensure interoperability, identifiers should be a valid uuid. warnings.warn(('Invalid uuid: %s. To ensure interoperability, ' [pid: 7|app: 0|req: 1003/2054] 10.0.0.79 () {34 vars in 989 bytes} [Wed Apr 29 02:38:57 2026] GET /v2.0/ports?device_id=85030ae5-a3e4-4d88-b98b-20bceea33384 => generated 12 bytes in 17 msecs (HTTP/1.1 200) 4 headers in 156 bytes (1 switches on core 0) [pid: 7|app: 0|req: 1004/2055] 10.0.0.88 () {32 vars in 783 bytes} [Wed Apr 29 02:38:57 2026] GET /v2.0/subnets?network_id=bde7b33f-4a7b-401d-b083-c45379f9439c&cidr=10.100.0.0%2F28 => generated 14 bytes in 19 msecs (HTTP/1.1 200) 4 headers in 156 bytes (1 switches on core 0)
2026-04-29 02:38:57.215 7 INFO neutron.db.segments_db [None req-9b7542b6-d262-4a97-aae0-37151ebeba80 13993215d689409a9cbd77db2e5e8be1 f2fd4d656e594ccb89a725df9df8fe26 - - default default] Added segment 59e70ee8-8d23-447d-8ca7-497a1e2e59c3 of type geneve for network 245b0229-041f-41ef-86f4-99abab2886a2
2026-04-29 02:38:57.335 7 INFO neutron.db.ovn_revision_numbers_db [None req-9b7542b6-d262-4a97-aae0-37151ebeba80 13993215d689409a9cbd77db2e5e8be1 f2fd4d656e594ccb89a725df9df8fe26 - - default default] Successfully bumped revision number for resource 245b0229-041f-41ef-86f4-99abab2886a2 (type: networks) to 1
2026-04-29 02:38:57.493 7 WARNING neutron.scheduler.dhcp_agent_scheduler [None req-9b7542b6-d262-4a97-aae0-37151ebeba80 13993215d689409a9cbd77db2e5e8be1 f2fd4d656e594ccb89a725df9df8fe26 - - default default] No more DHCP agents
2026-04-29 02:38:57.494 7 WARNING neutron.api.rpc.agentnotifiers.dhcp_rpc_agent_api [None req-9b7542b6-d262-4a97-aae0-37151ebeba80 13993215d689409a9cbd77db2e5e8be1 f2fd4d656e594ccb89a725df9df8fe26 - - default default] Unable to schedule network 245b0229-041f-41ef-86f4-99abab2886a2: no agents available; will retry on subsequent port and subnet creation events.
2026-04-29 02:38:57.575 7 INFO neutron.plugins.ml2.drivers.ovn.mech_driver.mech_driver [None req-fd1b56d1-9ee8-4385-9856-b1226efe8ac1 - - - - - -] OVN reports status down for port: bc07c753-1ce4-4c2b-94c7-f719378e5d21
2026-04-29 02:38:57.641 7 INFO neutron.db.ovn_revision_numbers_db [None req-9b7542b6-d262-4a97-aae0-37151ebeba80 13993215d689409a9cbd77db2e5e8be1 f2fd4d656e594ccb89a725df9df8fe26 - - default default] Successfully bumped revision number for resource bc07c753-1ce4-4c2b-94c7-f719378e5d21 (type: ports) to 1 [pid: 7|app: 0|req: 1005/2056] 10.0.0.88 () {34 vars in 669 bytes} [Wed Apr 29 02:38:57 2026] POST /v2.0/networks => generated 650 bytes in 549 msecs (HTTP/1.1 201) 4 headers in 162 bytes (1 switches on core 0)
2026-04-29 02:38:57.814 8 WARNING neutron.plugins.ml2.drivers.ovn.mech_driver.ovsdb.ovn_client [None req-46f5eb09-6e60-4146-af60-6460143d94ab - - - - - -] No hosting information found for port 2527f527-f347-4c54-8e3b-673ef43f985b: RuntimeError: No hosting information found for port 2527f527-f347-4c54-8e3b-673ef43f985b
2026-04-29 02:38:57.815 8 INFO neutron.plugins.ml2.drivers.ovn.mech_driver.mech_driver [None req-46f5eb09-6e60-4146-af60-6460143d94ab - - - - - -] OVN reports status down for port: db6c1310-8b3a-49f8-a062-1e5bee578fcb
2026-04-29 02:38:57.867 7 WARNING neutron.scheduler.dhcp_agent_scheduler [None req-8d22eb59-76ab-4718-a60e-153be9ca7f98 55f360d0fb9544449f9726e66905a0d1 f62811563bb34818a605af35c2a57770 - - default default] No more DHCP agents
2026-04-29 02:38:57.868 7 WARNING neutron.api.rpc.agentnotifiers.dhcp_rpc_agent_api [None req-8d22eb59-76ab-4718-a60e-153be9ca7f98 55f360d0fb9544449f9726e66905a0d1 f62811563bb34818a605af35c2a57770 - - default default] Unable to schedule network d86573e0-52f1-4e5f-98bd-c3e667c19f90: no agents available; will retry on subsequent port and subnet creation events.
2026-04-29 02:38:58.015 8 INFO neutron.db.ovn_revision_numbers_db [None req-a16a8439-6d80-4251-a1eb-1987b243db45 - - - - - -] Successfully bumped revision number for resource 3a4d7fd6-30ef-4c1d-a4fe-80ca02ad7d0b (type: ports) to 5
2026-04-29 02:38:58.024 8 WARNING neutron.plugins.ml2.drivers.ovn.mech_driver.ovsdb.ovn_client [None req-46f5eb09-6e60-4146-af60-6460143d94ab - - - - - -] Logical_Switch_Port %s host information not removed, the port state is up
2026-04-29 02:38:58.024 8 INFO neutron.plugins.ml2.drivers.ovn.mech_driver.mech_driver [None req-46f5eb09-6e60-4146-af60-6460143d94ab - - - - - -] OVN reports status up for port: db6c1310-8b3a-49f8-a062-1e5bee578fcb
2026-04-29 02:38:58.060 8 INFO neutron.plugins.ml2.plugin [None req-46f5eb09-6e60-4146-af60-6460143d94ab - - - - - -] Attempt 1 to provision port db6c1310-8b3a-49f8-a062-1e5bee578fcb
2026-04-29 02:38:58.334 7 INFO neutron.db.ovn_revision_numbers_db [None req-49c1494d-0ebb-496c-b92c-85c65dc37bdb - - - - - -] Successfully bumped revision number for resource 87bcd972-c089-4cc3-947f-6f9c420dc280 (type: ports) to 2
2026-04-29 02:38:58.377 7 INFO neutron.db.ovn_revision_numbers_db [None req-49c1494d-0ebb-496c-b92c-85c65dc37bdb - - - - - -] Successfully bumped revision number for resource 069ffebd-6e54-4d2a-b345-f95523e4a698 (type: subnets) to 0
2026-04-29 02:38:58.382 8 WARNING neutron.scheduler.dhcp_agent_scheduler [None req-06090a0e-6045-45b0-a1d4-467abda8f19b - - - - - -] No more DHCP agents
2026-04-29 02:38:58.386 8 WARNING neutron.api.rpc.agentnotifiers.dhcp_rpc_agent_api [None req-06090a0e-6045-45b0-a1d4-467abda8f19b - - - - - -] Unable to schedule network 33222ece-e4e8-4ed9-8ff0-43edd4608b7a: no agents available; will retry on subsequent port and subnet creation events. [pid: 7|app: 0|req: 1006/2057] 10.0.0.88 () {34 vars in 668 bytes} [Wed Apr 29 02:38:57 2026] POST /v2.0/subnets => generated 657 bytes in 713 msecs (HTTP/1.1 201) 4 headers in 162 bytes (1 switches on core 0)
2026-04-29 02:38:58.620 8 INFO neutron.db.ovn_revision_numbers_db [None req-06090a0e-6045-45b0-a1d4-467abda8f19b - - - - - -] Successfully bumped revision number for resource a2d15a66-4ba5-4435-8a0f-046cf3260e10 (type: ports) to 1
2026-04-29 02:38:58.637 7 WARNING neutron.scheduler.dhcp_agent_scheduler [None req-7bc2d639-08f4-4e9a-bf93-b5f55631f7d0 13993215d689409a9cbd77db2e5e8be1 f2fd4d656e594ccb89a725df9df8fe26 - - default default] No more DHCP agents
2026-04-29 02:38:58.638 7 WARNING neutron.api.rpc.agentnotifiers.dhcp_rpc_agent_api [None req-7bc2d639-08f4-4e9a-bf93-b5f55631f7d0 13993215d689409a9cbd77db2e5e8be1 f2fd4d656e594ccb89a725df9df8fe26 - - default default] Unable to schedule network 245b0229-041f-41ef-86f4-99abab2886a2: no agents available; will retry on subsequent port and subnet creation events.
2026-04-29 02:38:58.719 7 INFO neutron.db.ovn_revision_numbers_db [None req-7bc2d639-08f4-4e9a-bf93-b5f55631f7d0 13993215d689409a9cbd77db2e5e8be1 f2fd4d656e594ccb89a725df9df8fe26 - - default default] Successfully bumped revision number for resource 9265cb82-04ec-4f4f-b7df-6566deeef346 (type: ports) to 1 [pid: 7|app: 0|req: 1007/2058] 10.0.0.88 () {34 vars in 663 bytes} [Wed Apr 29 02:38:58 2026] POST /v2.0/ports => generated 743 bytes in 383 msecs (HTTP/1.1 201) 4 headers in 162 bytes (1 switches on core 0) /var/lib/openstack/lib/python3.12/site-packages/pycadf/identifier.py:70: UserWarning: Invalid uuid: neutron. To ensure interoperability, identifiers should be a valid uuid. warnings.warn(('Invalid uuid: %s. To ensure interoperability, ' [pid: 7|app: 0|req: 1008/2059] 10.0.0.79 () {34 vars in 989 bytes} [Wed Apr 29 02:38:58 2026] GET /v2.0/ports?device_id=85030ae5-a3e4-4d88-b98b-20bceea33384 => generated 12 bytes in 23 msecs (HTTP/1.1 200) 4 headers in 156 bytes (1 switches on core 0)
2026-04-29 02:38:59.013 8 INFO neutron.db.ovn_revision_numbers_db [None req-46f5eb09-6e60-4146-af60-6460143d94ab - - - - - -] Successfully bumped revision number for resource db6c1310-8b3a-49f8-a062-1e5bee578fcb (type: ports) to 2
2026-04-29 02:38:59.310 7 WARNING neutron.scheduler.dhcp_agent_scheduler [None req-b00f98a1-101d-4b30-8341-209768119e9e 55f360d0fb9544449f9726e66905a0d1 f62811563bb34818a605af35c2a57770 - - default default] No more DHCP agents
2026-04-29 02:38:59.312 7 WARNING neutron.api.rpc.agentnotifiers.dhcp_rpc_agent_api [None req-b00f98a1-101d-4b30-8341-209768119e9e 55f360d0fb9544449f9726e66905a0d1 f62811563bb34818a605af35c2a57770 - - default default] Unable to schedule network d86573e0-52f1-4e5f-98bd-c3e667c19f90: no agents available; will retry on subsequent port and subnet creation events.
2026-04-29 02:38:59.457 7 INFO neutron.db.ovn_revision_numbers_db [None req-b00f98a1-101d-4b30-8341-209768119e9e 55f360d0fb9544449f9726e66905a0d1 f62811563bb34818a605af35c2a57770 - - default default] Successfully bumped revision number for resource ac43e62b-c6f2-4de4-9ea3-6cfed519c56d (type: ports) to 1
2026-04-29 02:38:59.692 8 WARNING neutron.scheduler.dhcp_agent_scheduler [None req-06090a0e-6045-45b0-a1d4-467abda8f19b - - - - - -] No more DHCP agents
2026-04-29 02:38:59.693 8 WARNING neutron.api.rpc.agentnotifiers.dhcp_rpc_agent_api [None req-06090a0e-6045-45b0-a1d4-467abda8f19b - - - - - -] Unable to schedule network 33222ece-e4e8-4ed9-8ff0-43edd4608b7a: no agents available; will retry on subsequent port and subnet creation events.
2026-04-29 02:39:00.231 8 INFO neutron.db.ovn_revision_numbers_db [None req-06090a0e-6045-45b0-a1d4-467abda8f19b - - - - - -] Successfully bumped revision number for resource a2d15a66-4ba5-4435-8a0f-046cf3260e10 (type: router_ports) to 1
2026-04-29 02:39:00.246 7 WARNING neutron.scheduler.dhcp_agent_scheduler [None req-b00f98a1-101d-4b30-8341-209768119e9e 55f360d0fb9544449f9726e66905a0d1 f62811563bb34818a605af35c2a57770 - - default default] No more DHCP agents
2026-04-29 02:39:00.248 7 WARNING neutron.api.rpc.agentnotifiers.dhcp_rpc_agent_api [None req-b00f98a1-101d-4b30-8341-209768119e9e 55f360d0fb9544449f9726e66905a0d1 f62811563bb34818a605af35c2a57770 - - default default] Unable to schedule network d86573e0-52f1-4e5f-98bd-c3e667c19f90: no agents available; will retry on subsequent port and subnet creation events.
2026-04-29 02:39:00.437 8 WARNING neutron.scheduler.dhcp_agent_scheduler [None req-06090a0e-6045-45b0-a1d4-467abda8f19b - - - - - -] No more DHCP agents
2026-04-29 02:39:00.438 8 WARNING neutron.api.rpc.agentnotifiers.dhcp_rpc_agent_api [None req-06090a0e-6045-45b0-a1d4-467abda8f19b - - - - - -] Unable to schedule network 33222ece-e4e8-4ed9-8ff0-43edd4608b7a: no agents available; will retry on subsequent port and subnet creation events.
2026-04-29 02:39:00.570 8 INFO neutron.db.ovn_revision_numbers_db [None req-06090a0e-6045-45b0-a1d4-467abda8f19b - - - - - -] Successfully bumped revision number for resource a0843af9-b771-4fec-a272-ebc4bfea246b (type: ports) to 1
2026-04-29 02:39:00.643 7 INFO neutron.db.ovn_revision_numbers_db [None req-b00f98a1-101d-4b30-8341-209768119e9e 55f360d0fb9544449f9726e66905a0d1 f62811563bb34818a605af35c2a57770 - - default default] Successfully bumped revision number for resource ac43e62b-c6f2-4de4-9ea3-6cfed519c56d (type: router_ports) to 1 [pid: 7|app: 0|req: 1009/2060] 10.0.0.88 () {34 vars in 782 bytes} [Wed Apr 29 02:38:58 2026] PUT /v2.0/routers/3f5b3dac-2297-4126-a391-c5d7bd254028/add_router_interface => generated 309 bytes in 1847 msecs (HTTP/1.1 200) 4 headers in 157 bytes (1 switches on core 0)
2026-04-29 02:39:00.746 7 INFO neutron.db.segments_db [None req-0ba128c6-a37f-4add-9d4d-9b7303bbcebb 13993215d689409a9cbd77db2e5e8be1 f2fd4d656e594ccb89a725df9df8fe26 - - default default] Added segment 039ce20e-b79b-4f39-a841-c2c68d0fd404 of type geneve for network 352f0ac6-e961-4515-9945-ea42b51fca6c
2026-04-29 02:39:00.867 7 INFO neutron.db.ovn_revision_numbers_db [None req-0ba128c6-a37f-4add-9d4d-9b7303bbcebb 13993215d689409a9cbd77db2e5e8be1 f2fd4d656e594ccb89a725df9df8fe26 - - default default] Successfully bumped revision number for resource 352f0ac6-e961-4515-9945-ea42b51fca6c (type: networks) to 1
2026-04-29 02:39:00.923 8 INFO neutron.db.ovn_revision_numbers_db [None req-06090a0e-6045-45b0-a1d4-467abda8f19b - - - - - -] Successfully bumped revision number for resource a0843af9-b771-4fec-a272-ebc4bfea246b (type: ports) to 3
2026-04-29 02:39:01.044 7 WARNING neutron.scheduler.dhcp_agent_scheduler [None req-0ba128c6-a37f-4add-9d4d-9b7303bbcebb 13993215d689409a9cbd77db2e5e8be1 f2fd4d656e594ccb89a725df9df8fe26 - - default default] No more DHCP agents
2026-04-29 02:39:01.046 7 WARNING neutron.api.rpc.agentnotifiers.dhcp_rpc_agent_api [None req-0ba128c6-a37f-4add-9d4d-9b7303bbcebb 13993215d689409a9cbd77db2e5e8be1 f2fd4d656e594ccb89a725df9df8fe26 - - default default] Unable to schedule network 352f0ac6-e961-4515-9945-ea42b51fca6c: no agents available; will retry on subsequent port and subnet creation events.
2026-04-29 02:39:01.132 7 INFO neutron.db.ovn_revision_numbers_db [None req-0ba128c6-a37f-4add-9d4d-9b7303bbcebb 13993215d689409a9cbd77db2e5e8be1 f2fd4d656e594ccb89a725df9df8fe26 - - default default] Successfully bumped revision number for resource 919904ed-8cd8-4e50-84c0-111b20fc524a (type: ports) to 1 [pid: 7|app: 0|req: 1012/2063] 10.0.0.88 () {34 vars in 669 bytes} [Wed Apr 29 02:39:00 2026] POST /v2.0/networks => generated 651 bytes in 505 msecs (HTTP/1.1 201) 4 headers in 162 bytes (1 switches on core 0) [pid: 8|app: 0|req: 1052/2064] 10.0.0.88 () {34 vars in 684 bytes} [Wed Apr 29 02:38:54 2026] POST /v2.0/vpn/vpnservices => generated 457 bytes in 6757 msecs (HTTP/1.1 201) 4 headers in 162 bytes (1 switches on core 0) [pid: 7|app: 0|req: 1013/2065] 10.0.0.88 () {32 vars in 648 bytes} [Wed Apr 29 02:39:01 2026] GET /v2.0/networks => generated 8363 bytes in 87 msecs (HTTP/1.1 200) 4 headers in 158 bytes (1 switches on core 0)
2026-04-29 02:39:01.463 7 WARNING neutron.scheduler.dhcp_agent_scheduler [None req-c54a1d88-90d1-419e-bc4b-274cc35e8f2a 13993215d689409a9cbd77db2e5e8be1 f2fd4d656e594ccb89a725df9df8fe26 - - default default] No more DHCP agents
2026-04-29 02:39:01.464 7 WARNING neutron.api.rpc.agentnotifiers.dhcp_rpc_agent_api [None req-c54a1d88-90d1-419e-bc4b-274cc35e8f2a 13993215d689409a9cbd77db2e5e8be1 f2fd4d656e594ccb89a725df9df8fe26 - - default default] Unable to schedule network 352f0ac6-e961-4515-9945-ea42b51fca6c: no agents available; will retry on subsequent port and subnet creation events.
2026-04-29 02:39:01.487 8 INFO neutron_taas.services.taas.taas_plugin [None req-39d4f295-746f-4936-97ee-bdde48f9edf3 774417fb3dd246c98d6056a16b5cf60f b28475fa1ee64294851a44255fa69e25 - - default default] TaaS: Handle Delete Port: 922f4bd6-d143-462e-a49c-41d56edbdb6b
2026-04-29 02:39:01.490 8 INFO neutron_taas.services.taas.tap_mirror_plugin [None req-39d4f295-746f-4936-97ee-bdde48f9edf3 774417fb3dd246c98d6056a16b5cf60f b28475fa1ee64294851a44255fa69e25 - - default default] Tap Mirror: Handle Delete Port: 922f4bd6-d143-462e-a49c-41d56edbdb6b
2026-04-29 02:39:01.581 7 INFO neutron.db.ovn_revision_numbers_db [None req-c54a1d88-90d1-419e-bc4b-274cc35e8f2a 13993215d689409a9cbd77db2e5e8be1 f2fd4d656e594ccb89a725df9df8fe26 - - default default] Successfully bumped revision number for resource 4c521ba6-b9d0-4f66-9e3e-22181923bba2 (type: ports) to 1 [pid: 7|app: 0|req: 1014/2066] 10.0.0.88 () {34 vars in 663 bytes} [Wed Apr 29 02:39:01 2026] POST /v2.0/ports => generated 743 bytes in 385 msecs (HTTP/1.1 201) 4 headers in 162 bytes (1 switches on core 0) /var/lib/openstack/lib/python3.12/site-packages/pycadf/identifier.py:70: UserWarning: Invalid uuid: neutron. To ensure interoperability, identifiers should be a valid uuid. warnings.warn(('Invalid uuid: %s. To ensure interoperability, ' [pid: 7|app: 0|req: 1015/2067] 10.0.0.88 () {34 vars in 684 bytes} [Wed Apr 29 02:39:01 2026] POST /v2.0/vpn/vpnservices => generated 423 bytes in 471 msecs (HTTP/1.1 201) 4 headers in 162 bytes (1 switches on core 0) [pid: 7|app: 0|req: 1016/2068] 10.0.0.88 () {32 vars in 646 bytes} [Wed Apr 29 02:39:02 2026] GET /v2.0/subnets => generated 3978 bytes in 41 msecs (HTTP/1.1 200) 4 headers in 158 bytes (1 switches on core 0) [pid: 8|app: 0|req: 1053/2069] 10.0.0.88 () {34 vars in 788 bytes} [Wed Apr 29 02:39:01 2026] PUT /v2.0/routers/9bcb666c-4116-40f6-acf0-06b8a69796e0/remove_router_interface => generated 309 bytes in 960 msecs (HTTP/1.1 200) 4 headers in 157 bytes (1 switches on core 0) /var/lib/openstack/lib/python3.12/site-packages/pycadf/identifier.py:70: UserWarning: Invalid uuid: neutron. To ensure interoperability, identifiers should be a valid uuid. warnings.warn(('Invalid uuid: %s. To ensure interoperability, ' [pid: 8|app: 0|req: 1054/2070] 10.0.0.88 () {34 vars in 683 bytes} [Wed Apr 29 02:39:02 2026] POST /v2.0/vpn/ikepolicies => generated 403 bytes in 48 msecs (HTTP/1.1 201) 4 headers in 162 bytes (1 switches on core 0)
2026-04-29 02:39:02.240 7 INFO neutron.db.segments_db [None req-7cf72bd5-dd12-461b-bbde-903ff24fdbf9 13993215d689409a9cbd77db2e5e8be1 f2fd4d656e594ccb89a725df9df8fe26 - - default default] Added segment c08b0775-cc20-40c0-9ed3-dcba5de2b277 of type geneve for network f3feb65a-d5e8-441e-8031-51dd83120155 [pid: 8|app: 0|req: 1055/2071] 10.0.0.88 () {32 vars in 646 bytes} [Wed Apr 29 02:39:02 2026] GET /v2.0/routers => generated 2880 bytes in 78 msecs (HTTP/1.1 200) 4 headers in 158 bytes (1 switches on core 0)
2026-04-29 02:39:02.361 7 INFO neutron.db.ovn_revision_numbers_db [None req-7cf72bd5-dd12-461b-bbde-903ff24fdbf9 13993215d689409a9cbd77db2e5e8be1 f2fd4d656e594ccb89a725df9df8fe26 - - default default] Successfully bumped revision number for resource f3feb65a-d5e8-441e-8031-51dd83120155 (type: networks) to 1
2026-04-29 02:39:02.527 7 WARNING neutron.scheduler.dhcp_agent_scheduler [None req-7cf72bd5-dd12-461b-bbde-903ff24fdbf9 13993215d689409a9cbd77db2e5e8be1 f2fd4d656e594ccb89a725df9df8fe26 - - default default] No more DHCP agents
2026-04-29 02:39:02.530 7 WARNING neutron.api.rpc.agentnotifiers.dhcp_rpc_agent_api [None req-7cf72bd5-dd12-461b-bbde-903ff24fdbf9 13993215d689409a9cbd77db2e5e8be1 f2fd4d656e594ccb89a725df9df8fe26 - - default default] Unable to schedule network f3feb65a-d5e8-441e-8031-51dd83120155: no agents available; will retry on subsequent port and subnet creation events.
2026-04-29 02:39:02.600 7 INFO neutron.plugins.ml2.drivers.ovn.mech_driver.mech_driver [None req-fd1b56d1-9ee8-4385-9856-b1226efe8ac1 - - - - - -] OVN reports status down for port: 6e72c0f6-f95c-47da-91c6-091b9a81e8bf
2026-04-29 02:39:02.640 8 INFO neutron_taas.services.taas.taas_plugin [None req-27fbe7a6-2226-49be-a42c-7d4602d5fc0f 774417fb3dd246c98d6056a16b5cf60f b28475fa1ee64294851a44255fa69e25 - - default default] TaaS: Handle Delete Port: 652575ee-2ee8-4503-9e6c-19bad4d998e5
2026-04-29 02:39:02.643 8 INFO neutron_taas.services.taas.tap_mirror_plugin [None req-27fbe7a6-2226-49be-a42c-7d4602d5fc0f 774417fb3dd246c98d6056a16b5cf60f b28475fa1ee64294851a44255fa69e25 - - default default] Tap Mirror: Handle Delete Port: 652575ee-2ee8-4503-9e6c-19bad4d998e5
2026-04-29 02:39:02.660 7 INFO neutron.db.ovn_revision_numbers_db [None req-7cf72bd5-dd12-461b-bbde-903ff24fdbf9 13993215d689409a9cbd77db2e5e8be1 f2fd4d656e594ccb89a725df9df8fe26 - - default default] Successfully bumped revision number for resource 6e72c0f6-f95c-47da-91c6-091b9a81e8bf (type: ports) to 1 [pid: 7|app: 0|req: 1017/2072] 10.0.0.88 () {34 vars in 669 bytes} [Wed Apr 29 02:39:02 2026] POST /v2.0/networks => generated 651 bytes in 559 msecs (HTTP/1.1 201) 4 headers in 162 bytes (1 switches on core 0) [pid: 7|app: 0|req: 1018/2073] 10.0.0.88 () {34 vars in 687 bytes} [Wed Apr 29 02:39:02 2026] POST /v2.0/vpn/ipsecpolicies => generated 413 bytes in 63 msecs (HTTP/1.1 201) 4 headers in 162 bytes (1 switches on core 0)
2026-04-29 02:39:02.879 7 INFO neutron.db.ovn_revision_numbers_db [None req-9eb7fd99-40c3-4139-8347-ea2d023b8442 55f360d0fb9544449f9726e66905a0d1 f62811563bb34818a605af35c2a57770 - - default default] Successfully bumped revision number for resource 34a0fc90-7ecd-4339-9e62-15f926c48c9b (type: security_groups) to 1
2026-04-29 02:39:02.890 7 INFO neutron.db.ovn_revision_numbers_db [None req-9eb7fd99-40c3-4139-8347-ea2d023b8442 55f360d0fb9544449f9726e66905a0d1 f62811563bb34818a605af35c2a57770 - - default default] Successfully bumped revision number for resource 43e70349-f6c0-4fe3-b0b8-24587e6d2fc3 (type: security_group_rules) to 0
2026-04-29 02:39:02.902 7 INFO neutron.db.ovn_revision_numbers_db [None req-9eb7fd99-40c3-4139-8347-ea2d023b8442 55f360d0fb9544449f9726e66905a0d1 f62811563bb34818a605af35c2a57770 - - default default] Successfully bumped revision number for resource b2e79f18-1e51-4920-be9f-67be72a10f36 (type: security_group_rules) to 0 [pid: 7|app: 0|req: 1019/2074] 10.0.0.88 () {34 vars in 684 bytes} [Wed Apr 29 02:39:02 2026] POST /v2.0/security-groups => generated 1673 bytes in 169 msecs (HTTP/1.1 201) 4 headers in 163 bytes (1 switches on core 0) [pid: 8|app: 0|req: 1056/2075] 10.0.0.88 () {32 vars in 723 bytes} [Wed Apr 29 02:39:02 2026] DELETE /v2.0/routers/9bcb666c-4116-40f6-acf0-06b8a69796e0 => generated 0 bytes in 756 msecs (HTTP/1.1 204) 2 headers in 112 bytes (1 switches on core 0) [pid: 8|app: 0|req: 1057/2076] 10.0.0.88 () {34 vars in 692 bytes} [Wed Apr 29 02:39:03 2026] POST /v2.0/vpn/endpoint-groups => generated 328 bytes in 63 msecs (HTTP/1.1 201) 4 headers in 162 bytes (1 switches on core 0)
2026-04-29 02:39:03.176 7 WARNING neutron.scheduler.dhcp_agent_scheduler [None req-cccb331c-e52f-46cd-af41-1b38b1023599 13993215d689409a9cbd77db2e5e8be1 f2fd4d656e594ccb89a725df9df8fe26 - - default default] No more DHCP agents
2026-04-29 02:39:03.177 7 WARNING neutron.api.rpc.agentnotifiers.dhcp_rpc_agent_api [None req-cccb331c-e52f-46cd-af41-1b38b1023599 13993215d689409a9cbd77db2e5e8be1 f2fd4d656e594ccb89a725df9df8fe26 - - default default] Unable to schedule network f3feb65a-d5e8-441e-8031-51dd83120155: no agents available; will retry on subsequent port and subnet creation events.
2026-04-29 02:39:03.270 8 INFO neutron.db.ovn_revision_numbers_db [None req-037c195a-e72d-4162-853c-48a46f51d6b9 55f360d0fb9544449f9726e66905a0d1 f62811563bb34818a605af35c2a57770 - - default default] Successfully bumped revision number for resource c0ba848e-bc49-4fef-8de0-d2400a2d87aa (type: security_group_rules) to 0
2026-04-29 02:39:03.272 7 INFO neutron.db.ovn_revision_numbers_db [None req-cccb331c-e52f-46cd-af41-1b38b1023599 13993215d689409a9cbd77db2e5e8be1 f2fd4d656e594ccb89a725df9df8fe26 - - default default] Successfully bumped revision number for resource 5e66d764-e1c4-4b76-a55d-a7cebe4857a5 (type: ports) to 1 [pid: 8|app: 0|req: 1058/2077] 10.0.0.88 () {34 vars in 694 bytes} [Wed Apr 29 02:39:03 2026] POST /v2.0/security-group-rules => generated 597 bytes in 191 msecs (HTTP/1.1 201) 4 headers in 162 bytes (1 switches on core 0) [pid: 7|app: 0|req: 1020/2078] 10.0.0.88 () {34 vars in 663 bytes} [Wed Apr 29 02:39:02 2026] POST /v2.0/ports => generated 743 bytes in 386 msecs (HTTP/1.1 201) 4 headers in 162 bytes (1 switches on core 0) /var/lib/openstack/lib/python3.12/site-packages/pycadf/identifier.py:70: UserWarning: Invalid uuid: neutron. To ensure interoperability, identifiers should be a valid uuid. warnings.warn(('Invalid uuid: %s. To ensure interoperability, ' [pid: 7|app: 0|req: 1021/2079] 10.0.0.88 () {34 vars in 692 bytes} [Wed Apr 29 02:39:03 2026] POST /v2.0/vpn/endpoint-groups => generated 319 bytes in 48 msecs (HTTP/1.1 201) 4 headers in 162 bytes (1 switches on core 0) [pid: 8|app: 0|req: 1059/2080] 10.0.0.88 () {32 vars in 723 bytes} [Wed Apr 29 02:39:03 2026] DELETE /v2.0/subnets/950783ab-f867-430d-b3b4-9bfa42c0f8af => generated 0 bytes in 173 msecs (HTTP/1.1 204) 3 headers in 131 bytes (1 switches on core 0)
2026-04-29 02:39:03.485 7 INFO neutron.db.ovn_revision_numbers_db [None req-7d0b7aea-bb1d-4b94-9884-95ee960164f5 55f360d0fb9544449f9726e66905a0d1 f62811563bb34818a605af35c2a57770 - - default default] Successfully bumped revision number for resource 5a2b088c-2a15-49d0-a22f-b5cc2d1503a0 (type: security_group_rules) to 0 [pid: 7|app: 0|req: 1022/2081] 10.0.0.88 () {34 vars in 694 bytes} [Wed Apr 29 02:39:03 2026] POST /v2.0/security-group-rules => generated 596 bytes in 153 msecs (HTTP/1.1 201) 4 headers in 162 bytes (1 switches on core 0) [pid: 8|app: 0|req: 1060/2082] 10.0.0.88 () {34 vars in 746 bytes} [Wed Apr 29 02:39:03 2026] PUT /v2.0/ports/11bfa4fb-c65b-43e7-af42-74538f1cc0db/tags => generated 17 bytes in 73 msecs (HTTP/1.1 200) 4 headers in 156 bytes (1 switches on core 0) /var/lib/openstack/lib/python3.12/site-packages/pycadf/identifier.py:70: UserWarning: Invalid uuid: neutron. To ensure interoperability, identifiers should be a valid uuid. warnings.warn(('Invalid uuid: %s. To ensure interoperability, '
2026-04-29 02:39:03.666 8 INFO neutron_taas.services.taas.taas_plugin [None req-20b6e0a1-bfd9-43da-a76f-33ace7773c6c 774417fb3dd246c98d6056a16b5cf60f b28475fa1ee64294851a44255fa69e25 - - default default] TaaS: Handle Delete Port: 45a9cbc8-412f-4cab-bb51-73669f03de5c
2026-04-29 02:39:03.669 8 INFO neutron_taas.services.taas.tap_mirror_plugin [None req-20b6e0a1-bfd9-43da-a76f-33ace7773c6c 774417fb3dd246c98d6056a16b5cf60f b28475fa1ee64294851a44255fa69e25 - - default default] Tap Mirror: Handle Delete Port: 45a9cbc8-412f-4cab-bb51-73669f03de5c
2026-04-29 02:39:03.856 8 INFO neutron.services.segments.plugin [-] Segment e26522e6-3ce7-412e-b09f-2a383b7104fe resource provider aggregate not found
2026-04-29 02:39:03.861 8 INFO neutron.services.segments.plugin [-] Segment e26522e6-3ce7-412e-b09f-2a383b7104fe resource provider aggregate not found
2026-04-29 02:39:03.874 8 INFO neutron.services.segments.plugin [-] Segment e26522e6-3ce7-412e-b09f-2a383b7104fe resource provider not found; error: Placement Client Error (4xx): {"errors": [{"status": 404, "title": "Not Found", "detail": "The resource could not be found.\n\n No resource provider with uuid e26522e6-3ce7-412e-b09f-2a383b7104fe found for delete ", "request_id": "req-9f1800ba-5d68-4f44-8505-ee5b1de72ef9"}]}
2026-04-29 02:39:03.881 8 INFO neutron.services.segments.plugin [-] Segment e26522e6-3ce7-412e-b09f-2a383b7104fe resource provider not found; error: Placement Client Error (4xx): {"errors": [{"status": 404, "title": "Not Found", "detail": "The resource could not be found.\n\n No resource provider with uuid e26522e6-3ce7-412e-b09f-2a383b7104fe found for delete ", "request_id": "req-9fece89c-636c-4db8-a209-b5d6713657fa"}]} [pid: 8|app: 0|req: 1061/2083] 10.0.0.88 () {32 vars in 725 bytes} [Wed Apr 29 02:39:03 2026] DELETE /v2.0/networks/35d3572d-e3cf-4ea1-b2af-807e2783c5fb => generated 0 bytes in 351 msecs (HTTP/1.1 204) 3 headers in 131 bytes (1 switches on core 0)
2026-04-29 02:39:03.959 8 WARNING neutron.plugins.ml2.drivers.ovn.mech_driver.ovsdb.ovn_client [None req-e5e5396f-332a-46a7-8feb-1c2eb28d4014 - - - - - -] No hosting information found for port db6c1310-8b3a-49f8-a062-1e5bee578fcb: RuntimeError: No hosting information found for port db6c1310-8b3a-49f8-a062-1e5bee578fcb
2026-04-29 02:39:03.960 8 INFO neutron.plugins.ml2.drivers.ovn.mech_driver.mech_driver [None req-e5e5396f-332a-46a7-8feb-1c2eb28d4014 - - - - - -] OVN reports status down for port: 87bcd972-c089-4cc3-947f-6f9c420dc280
2026-04-29 02:39:04.142 8 INFO neutron.db.ovn_revision_numbers_db [None req-93ba76a9-8f34-4830-ad6d-4559a3a13469 55f360d0fb9544449f9726e66905a0d1 f62811563bb34818a605af35c2a57770 - - default default] Successfully bumped revision number for resource 45183f48-7a84-416f-b88f-995db6e6b5df (type: security_group_rules) to 0 [pid: 8|app: 0|req: 1062/2084] 10.0.0.88 () {34 vars in 694 bytes} [Wed Apr 29 02:39:03 2026] POST /v2.0/security-group-rules => generated 602 bytes in 310 msecs (HTTP/1.1 201) 4 headers in 162 bytes (1 switches on core 0)
2026-04-29 02:39:04.220 7 INFO neutron.db.ovn_revision_numbers_db [None req-8627f43e-fc72-4804-a849-53672701c6d9 8c6adc070b654686a31a215618e31978 73282fa329c64d0b80e4eff6ef1b11e7 - - default default] Successfully bumped revision number for resource 5eb8796f-d97b-44a9-bd6f-16457e13989f (type: routers) to 5 [pid: 7|app: 0|req: 1023/2085] 10.0.0.88 () {34 vars in 706 bytes} [Wed Apr 29 02:39:03 2026] POST /v2.0/vpn/ipsec-site-connections => generated 802 bytes in 726 msecs (HTTP/1.1 201) 4 headers in 162 bytes (1 switches on core 0)
2026-04-29 02:39:04.270 8 INFO neutron.db.ovn_revision_numbers_db [None req-e5e5396f-332a-46a7-8feb-1c2eb28d4014 - - - - - -] Successfully bumped revision number for resource db6c1310-8b3a-49f8-a062-1e5bee578fcb (type: router_ports) to 2
