2026-05-09 02:52:44.181 8 INFO placement.requestlog [None req-429717cf-8d85-4e4d-b8c3-bea65db35e7a 5f49ca220dca400ba4e66756a1fe554c 0832299ff2cb46cb947b1842de2af760 - - e91e53e0daa844caa087904c56f16ff6 e91e53e0daa844caa087904c56f16ff6] 10.0.0.213 "DELETE /resource_providers/f6d29f58-3877-4cc3-b647-adfa0c4a7283" status: 404 len: 246 microversion: 1.1 [pid: 8|app: 0|req: 477/943] 10.0.0.213 () {34 vars in 816 bytes} [Sat May 9 02:52:44 2026] DELETE /resource_providers/f6d29f58-3877-4cc3-b647-adfa0c4a7283 => generated 246 bytes in 6 msecs (HTTP/1.1 404) 6 headers in 231 bytes (1 switches on core 0)
2026-05-09 02:52:44.183 7 INFO placement.requestlog [None req-12928755-9a14-49b6-a694-59ae96d9a33d 5f49ca220dca400ba4e66756a1fe554c 0832299ff2cb46cb947b1842de2af760 - - e91e53e0daa844caa087904c56f16ff6 e91e53e0daa844caa087904c56f16ff6] 10.0.0.213 "DELETE /resource_providers/f6d29f58-3877-4cc3-b647-adfa0c4a7283" status: 404 len: 246 microversion: 1.1 [pid: 7|app: 0|req: 467/944] 10.0.0.213 () {34 vars in 816 bytes} [Sat May 9 02:52:44 2026] DELETE /resource_providers/f6d29f58-3877-4cc3-b647-adfa0c4a7283 => generated 246 bytes in 10 msecs (HTTP/1.1 404) 6 headers in 231 bytes (1 switches on core 0)
2026-05-09 02:52:44.536 8 INFO placement.requestlog [req-f69c9b7c-885d-40bb-b036-1545b3d21827 req-af9dec2f-79fb-4712-877e-ba4dbcf445e4 da2a94fd3a4d44ec976a822e89832f88 0832299ff2cb46cb947b1842de2af760 - - e91e53e0daa844caa087904c56f16ff6 e91e53e0daa844caa087904c56f16ff6] 199.204.45.35 "GET /allocations/adb66712-a8d9-4ff6-864c-7a7353194c8c" status: 200 len: 258 microversion: 1.28 [pid: 8|app: 0|req: 478/945] 199.204.45.35 () {34 vars in 862 bytes} [Sat May 9 02:52:44 2026] GET /allocations/adb66712-a8d9-4ff6-864c-7a7353194c8c => generated 258 bytes in 13 msecs (HTTP/1.1 200) 8 headers in 296 bytes (1 switches on core 0)
2026-05-09 02:52:45.587 7 INFO placement.requestlog [req-f69c9b7c-885d-40bb-b036-1545b3d21827 req-a159a540-9060-47f1-9ee0-7273e683c35e da2a94fd3a4d44ec976a822e89832f88 0832299ff2cb46cb947b1842de2af760 - - e91e53e0daa844caa087904c56f16ff6 e91e53e0daa844caa087904c56f16ff6] 199.204.45.35 "GET /resource_providers/c3fc5b55-950a-4e95-80eb-55dbc9f4086f/allocations" status: 200 len: 253 microversion: 1.0 [pid: 7|app: 0|req: 468/946] 199.204.45.35 () {32 vars in 856 bytes} [Sat May 9 02:52:45 2026] GET /resource_providers/c3fc5b55-950a-4e95-80eb-55dbc9f4086f/allocations => generated 253 bytes in 23 msecs (HTTP/1.1 200) 6 headers in 224 bytes (1 switches on core 0)
2026-05-09 02:52:45.609 8 INFO placement.requestlog [req-f69c9b7c-885d-40bb-b036-1545b3d21827 req-65c9e651-d6bd-4fe4-9279-15f75f5207a4 da2a94fd3a4d44ec976a822e89832f88 0832299ff2cb46cb947b1842de2af760 - - e91e53e0daa844caa087904c56f16ff6 e91e53e0daa844caa087904c56f16ff6] 199.204.45.35 "GET /allocations/adb66712-a8d9-4ff6-864c-7a7353194c8c" status: 200 len: 258 microversion: 1.28 [pid: 8|app: 0|req: 479/947] 199.204.45.35 () {34 vars in 862 bytes} [Sat May 9 02:52:45 2026] GET /allocations/adb66712-a8d9-4ff6-864c-7a7353194c8c => generated 258 bytes in 16 msecs (HTTP/1.1 200) 8 headers in 296 bytes (1 switches on core 0)
2026-05-09 02:52:45.659 7 INFO placement.requestlog [req-f69c9b7c-885d-40bb-b036-1545b3d21827 req-633435e3-7877-4068-a78c-8ec809e2a37f da2a94fd3a4d44ec976a822e89832f88 0832299ff2cb46cb947b1842de2af760 - - e91e53e0daa844caa087904c56f16ff6 e91e53e0daa844caa087904c56f16ff6] 199.204.45.35 "GET /allocations/9644ce1a-1b7c-4b17-ac82-29ee168d049b" status: 200 len: 258 microversion: 1.28 [pid: 7|app: 0|req: 469/948] 199.204.45.35 () {34 vars in 862 bytes} [Sat May 9 02:52:45 2026] GET /allocations/9644ce1a-1b7c-4b17-ac82-29ee168d049b => generated 258 bytes in 43 msecs (HTTP/1.1 200) 8 headers in 296 bytes (1 switches on core 0)
2026-05-09 02:52:47.203 8 INFO placement.requestlog [req-1044bec9-86e5-4b42-82c4-d0a9488810ea req-9e60b6b3-1917-4daf-91b4-a3c196c75b2a da2a94fd3a4d44ec976a822e89832f88 0832299ff2cb46cb947b1842de2af760 - - e91e53e0daa844caa087904c56f16ff6 e91e53e0daa844caa087904c56f16ff6] 10.0.0.190 "GET /allocation_candidates?limit=1000&resources=DISK_GB%3A1%2CMEMORY_MB%3A512%2CVCPU%3A1&root_required=%21COMPUTE_STATUS_DISABLED" status: 200 len: 2643 microversion: 1.36 [pid: 8|app: 0|req: 480/949] 10.0.0.190 () {34 vars in 1012 bytes} [Sat May 9 02:52:47 2026] GET /allocation_candidates?limit=1000&resources=DISK_GB%3A1%2CMEMORY_MB%3A512%2CVCPU%3A1&root_required=%21COMPUTE_STATUS_DISABLED => generated 2643 bytes in 38 msecs (HTTP/1.1 200) 8 headers in 297 bytes (1 switches on core 0)
2026-05-09 02:52:47.232 7 INFO placement.requestlog [req-1044bec9-86e5-4b42-82c4-d0a9488810ea req-58702267-e85e-458f-9957-5420ea51bcd9 da2a94fd3a4d44ec976a822e89832f88 0832299ff2cb46cb947b1842de2af760 - - e91e53e0daa844caa087904c56f16ff6 e91e53e0daa844caa087904c56f16ff6] 10.0.0.190 "GET /allocations/c6ec1060-3aa4-46b8-bd3a-36c3b2606a84" status: 200 len: 19 microversion: 1.28 [pid: 7|app: 0|req: 470/950] 10.0.0.190 () {34 vars in 861 bytes} [Sat May 9 02:52:47 2026] GET /allocations/c6ec1060-3aa4-46b8-bd3a-36c3b2606a84 => generated 19 bytes in 11 msecs (HTTP/1.1 200) 8 headers in 295 bytes (1 switches on core 0)
2026-05-09 02:52:47.281 8 INFO placement.requestlog [req-1044bec9-86e5-4b42-82c4-d0a9488810ea req-664153c9-f506-4aae-9030-c78a9342b042 da2a94fd3a4d44ec976a822e89832f88 0832299ff2cb46cb947b1842de2af760 - - e91e53e0daa844caa087904c56f16ff6 e91e53e0daa844caa087904c56f16ff6] 10.0.0.190 "PUT /allocations/c6ec1060-3aa4-46b8-bd3a-36c3b2606a84" status: 204 len: 0 microversion: 1.36 [pid: 8|app: 0|req: 481/951] 10.0.0.190 () {38 vars in 914 bytes} [Sat May 9 02:52:47 2026] PUT /allocations/c6ec1060-3aa4-46b8-bd3a-36c3b2606a84 => generated 0 bytes in 43 msecs (HTTP/1.1 204) 5 headers in 199 bytes (1 switches on core 0)
2026-05-09 02:52:48.828 7 INFO placement.requestlog [req-1044bec9-86e5-4b42-82c4-d0a9488810ea req-23e71625-4575-4349-ae79-12c9e8468d09 da2a94fd3a4d44ec976a822e89832f88 0832299ff2cb46cb947b1842de2af760 - - e91e53e0daa844caa087904c56f16ff6 e91e53e0daa844caa087904c56f16ff6] 199.204.45.35 "GET /allocations/c6ec1060-3aa4-46b8-bd3a-36c3b2606a84" status: 200 len: 258 microversion: 1.28 [pid: 7|app: 0|req: 471/952] 199.204.45.35 () {34 vars in 862 bytes} [Sat May 9 02:52:48 2026] GET /allocations/c6ec1060-3aa4-46b8-bd3a-36c3b2606a84 => generated 258 bytes in 9 msecs (HTTP/1.1 200) 8 headers in 296 bytes (1 switches on core 0)
2026-05-09 02:52:49.867 8 INFO placement.requestlog [req-1044bec9-86e5-4b42-82c4-d0a9488810ea req-dbf4eb34-5e6c-4f77-8fd0-03d01255d0d2 da2a94fd3a4d44ec976a822e89832f88 0832299ff2cb46cb947b1842de2af760 - - e91e53e0daa844caa087904c56f16ff6 e91e53e0daa844caa087904c56f16ff6] 199.204.45.35 "GET /resource_providers/c3fc5b55-950a-4e95-80eb-55dbc9f4086f/allocations" status: 200 len: 353 microversion: 1.0 [pid: 8|app: 0|req: 482/953] 199.204.45.35 () {32 vars in 856 bytes} [Sat May 9 02:52:49 2026] GET /resource_providers/c3fc5b55-950a-4e95-80eb-55dbc9f4086f/allocations => generated 353 bytes in 18 msecs (HTTP/1.1 200) 6 headers in 224 bytes (1 switches on core 0)
2026-05-09 02:52:49.887 7 INFO placement.requestlog [req-1044bec9-86e5-4b42-82c4-d0a9488810ea req-e09717b9-06e4-4f3a-b26a-6819ae1a00ae da2a94fd3a4d44ec976a822e89832f88 0832299ff2cb46cb947b1842de2af760 - - e91e53e0daa844caa087904c56f16ff6 e91e53e0daa844caa087904c56f16ff6] 199.204.45.35 "GET /allocations/c6ec1060-3aa4-46b8-bd3a-36c3b2606a84" status: 200 len: 258 microversion: 1.28 [pid: 7|app: 0|req: 472/954] 199.204.45.35 () {34 vars in 862 bytes} [Sat May 9 02:52:49 2026] GET /allocations/c6ec1060-3aa4-46b8-bd3a-36c3b2606a84 => generated 258 bytes in 17 msecs (HTTP/1.1 200) 8 headers in 296 bytes (1 switches on core 0)
2026-05-09 02:52:49.901 8 INFO placement.requestlog [req-1044bec9-86e5-4b42-82c4-d0a9488810ea req-9762c6ba-b053-4c66-9cc9-eacc40a37f76 da2a94fd3a4d44ec976a822e89832f88 0832299ff2cb46cb947b1842de2af760 - - e91e53e0daa844caa087904c56f16ff6 e91e53e0daa844caa087904c56f16ff6] 199.204.45.35 "GET /allocations/adb66712-a8d9-4ff6-864c-7a7353194c8c" status: 200 len: 258 microversion: 1.28 [pid: 8|app: 0|req: 483/955] 199.204.45.35 () {34 vars in 862 bytes} [Sat May 9 02:52:49 2026] GET /allocations/adb66712-a8d9-4ff6-864c-7a7353194c8c => generated 258 bytes in 8 msecs (HTTP/1.1 200) 8 headers in 296 bytes (1 switches on core 0)
2026-05-09 02:52:49.918 7 INFO placement.requestlog [req-1044bec9-86e5-4b42-82c4-d0a9488810ea req-b50bd963-01c9-419f-9f18-dedb6557f3b2 da2a94fd3a4d44ec976a822e89832f88 0832299ff2cb46cb947b1842de2af760 - - e91e53e0daa844caa087904c56f16ff6 e91e53e0daa844caa087904c56f16ff6] 199.204.45.35 "GET /allocations/9644ce1a-1b7c-4b17-ac82-29ee168d049b" status: 200 len: 258 microversion: 1.28 [pid: 7|app: 0|req: 473/956] 199.204.45.35 () {34 vars in 862 bytes} [Sat May 9 02:52:49 2026] GET /allocations/9644ce1a-1b7c-4b17-ac82-29ee168d049b => generated 258 bytes in 12 msecs (HTTP/1.1 200) 8 headers in 296 bytes (1 switches on core 0)
2026-05-09 02:52:52.653 8 INFO placement.requestlog [None req-3d49700d-9c85-4ec1-83c5-975b0be1811e - - - - - -] 10.0.0.225 "GET /" status: 200 len: 136 microversion: 1.0
2026-05-09 02:52:52.655 7 INFO placement.requestlog [None req-404c2117-c7b9-4591-aedc-b0805a3c4f1a - - - - - -] 10.0.0.225 "GET /" status: 200 len: 136 microversion: 1.0
2026-05-09 02:52:54.702 8 INFO placement.requestlog [None req-3f685e67-9e09-448a-9be0-11d5f4a108e8 5f49ca220dca400ba4e66756a1fe554c 0832299ff2cb46cb947b1842de2af760 - - e91e53e0daa844caa087904c56f16ff6 e91e53e0daa844caa087904c56f16ff6] 10.0.0.213 "GET /resource_providers/ca7e931c-2cbf-4f73-ad63-47ddbac8a51f/aggregates" status: 404 len: 235 microversion: 1.1 [pid: 8|app: 0|req: 485/959] 10.0.0.213 () {32 vars in 816 bytes} [Sat May 9 02:52:54 2026] GET /resource_providers/ca7e931c-2cbf-4f73-ad63-47ddbac8a51f/aggregates => generated 235 bytes in 25 msecs (HTTP/1.1 404) 5 headers in 202 bytes (1 switches on core 0)
2026-05-09 02:52:54.705 7 INFO placement.requestlog [None req-d0aee6f7-91a4-4a74-ade8-c25fcf4ce005 5f49ca220dca400ba4e66756a1fe554c 0832299ff2cb46cb947b1842de2af760 - - e91e53e0daa844caa087904c56f16ff6 e91e53e0daa844caa087904c56f16ff6] 10.0.0.213 "GET /resource_providers/ca7e931c-2cbf-4f73-ad63-47ddbac8a51f/aggregates" status: 404 len: 235 microversion: 1.1 [pid: 7|app: 0|req: 475/960] 10.0.0.213 () {32 vars in 816 bytes} [Sat May 9 02:52:54 2026] GET /resource_providers/ca7e931c-2cbf-4f73-ad63-47ddbac8a51f/aggregates => generated 235 bytes in 23 msecs (HTTP/1.1 404) 5 headers in 202 bytes (1 switches on core 0)
2026-05-09 02:52:54.719 8 INFO placement.requestlog [None req-31edc685-663c-427b-8624-d7d0394ef7cb 5f49ca220dca400ba4e66756a1fe554c 0832299ff2cb46cb947b1842de2af760 - - e91e53e0daa844caa087904c56f16ff6 e91e53e0daa844caa087904c56f16ff6] 10.0.0.213 "DELETE /resource_providers/ca7e931c-2cbf-4f73-ad63-47ddbac8a51f" status: 404 len: 246 microversion: 1.1 [pid: 8|app: 0|req: 486/961] 10.0.0.213 () {34 vars in 816 bytes} [Sat May 9 02:52:54 2026] DELETE /resource_providers/ca7e931c-2cbf-4f73-ad63-47ddbac8a51f => generated 246 bytes in 9 msecs (HTTP/1.1 404) 6 headers in 231 bytes (1 switches on core 0)
2026-05-09 02:52:54.721 7 INFO placement.requestlog [None req-e44b656b-927b-442a-8c74-a92041997c2c 5f49ca220dca400ba4e66756a1fe554c 0832299ff2cb46cb947b1842de2af760 - - e91e53e0daa844caa087904c56f16ff6 e91e53e0daa844caa087904c56f16ff6] 10.0.0.213 "DELETE /resource_providers/ca7e931c-2cbf-4f73-ad63-47ddbac8a51f" status: 404 len: 246 microversion: 1.1 [pid: 7|app: 0|req: 476/962] 10.0.0.213 () {34 vars in 816 bytes} [Sat May 9 02:52:54 2026] DELETE /resource_providers/ca7e931c-2cbf-4f73-ad63-47ddbac8a51f => generated 246 bytes in 8 msecs (HTTP/1.1 404) 6 headers in 231 bytes (1 switches on core 0)
2026-05-09 02:52:56.835 8 INFO placement.requestlog [None req-be4fc89b-e89d-4ee0-937a-188b43f55e4c 5f49ca220dca400ba4e66756a1fe554c 0832299ff2cb46cb947b1842de2af760 - - e91e53e0daa844caa087904c56f16ff6 e91e53e0daa844caa087904c56f16ff6] 10.0.0.213 "GET /resource_providers/419f4f4b-52a1-4b6b-bcfe-32b7b44e0a5d/aggregates" status: 404 len: 235 microversion: 1.1 [pid: 8|app: 0|req: 487/963] 10.0.0.213 () {32 vars in 816 bytes} [Sat May 9 02:52:56 2026] GET /resource_providers/419f4f4b-52a1-4b6b-bcfe-32b7b44e0a5d/aggregates => generated 235 bytes in 9 msecs (HTTP/1.1 404) 5 headers in 202 bytes (1 switches on core 0)
2026-05-09 02:52:56.838 7 INFO placement.requestlog [None req-3853305a-d365-4fea-89e6-7a57a03ee403 5f49ca220dca400ba4e66756a1fe554c 0832299ff2cb46cb947b1842de2af760 - - e91e53e0daa844caa087904c56f16ff6 e91e53e0daa844caa087904c56f16ff6] 10.0.0.213 "GET /resource_providers/419f4f4b-52a1-4b6b-bcfe-32b7b44e0a5d/aggregates" status: 404 len: 235 microversion: 1.1 [pid: 7|app: 0|req: 477/964] 10.0.0.213 () {32 vars in 816 bytes} [Sat May 9 02:52:56 2026] GET /resource_providers/419f4f4b-52a1-4b6b-bcfe-32b7b44e0a5d/aggregates => generated 235 bytes in 11 msecs (HTTP/1.1 404) 5 headers in 202 bytes (1 switches on core 0)
2026-05-09 02:52:56.862 7 INFO placement.requestlog [None req-b011b503-d783-4103-a58b-1ab6a3eee744 5f49ca220dca400ba4e66756a1fe554c 0832299ff2cb46cb947b1842de2af760 - - e91e53e0daa844caa087904c56f16ff6 e91e53e0daa844caa087904c56f16ff6] 10.0.0.213 "DELETE /resource_providers/419f4f4b-52a1-4b6b-bcfe-32b7b44e0a5d" status: 404 len: 246 microversion: 1.1 [pid: 7|app: 0|req: 478/965] 10.0.0.213 () {34 vars in 816 bytes} [Sat May 9 02:52:56 2026] DELETE /resource_providers/419f4f4b-52a1-4b6b-bcfe-32b7b44e0a5d => generated 246 bytes in 7 msecs (HTTP/1.1 404) 6 headers in 231 bytes (1 switches on core 0)
2026-05-09 02:52:56.865 8 INFO placement.requestlog [None req-d32d4641-9e5b-4406-89b1-ff2bab9ab3eb 5f49ca220dca400ba4e66756a1fe554c 0832299ff2cb46cb947b1842de2af760 - - e91e53e0daa844caa087904c56f16ff6 e91e53e0daa844caa087904c56f16ff6] 10.0.0.213 "DELETE /resource_providers/419f4f4b-52a1-4b6b-bcfe-32b7b44e0a5d" status: 404 len: 246 microversion: 1.1 [pid: 8|app: 0|req: 488/966] 10.0.0.213 () {34 vars in 816 bytes} [Sat May 9 02:52:56 2026] DELETE /resource_providers/419f4f4b-52a1-4b6b-bcfe-32b7b44e0a5d => generated 246 bytes in 11 msecs (HTTP/1.1 404) 6 headers in 231 bytes (1 switches on core 0)
2026-05-09 02:52:57.189 7 INFO placement.requestlog [None req-1716721a-65c4-469d-b9a9-6fd2652ad6e7 5f49ca220dca400ba4e66756a1fe554c 0832299ff2cb46cb947b1842de2af760 - - e91e53e0daa844caa087904c56f16ff6 e91e53e0daa844caa087904c56f16ff6] 10.0.0.213 "GET /resource_providers/58a4282e-2e18-49b2-895b-b2a31579eeed/aggregates" status: 404 len: 235 microversion: 1.1 [pid: 7|app: 0|req: 479/967] 10.0.0.213 () {32 vars in 816 bytes} [Sat May 9 02:52:57 2026] GET /resource_providers/58a4282e-2e18-49b2-895b-b2a31579eeed/aggregates => generated 235 bytes in 15 msecs (HTTP/1.1 404) 5 headers in 202 bytes (1 switches on core 0)
2026-05-09 02:52:57.204 8 INFO placement.requestlog [None req-f8292276-cf9b-46a4-9ab7-6445637b72d0 5f49ca220dca400ba4e66756a1fe554c 0832299ff2cb46cb947b1842de2af760 - - e91e53e0daa844caa087904c56f16ff6 e91e53e0daa844caa087904c56f16ff6] 10.0.0.213 "GET /resource_providers/58a4282e-2e18-49b2-895b-b2a31579eeed/aggregates" status: 404 len: 235 microversion: 1.1 [pid: 8|app: 0|req: 489/968] 10.0.0.213 () {32 vars in 816 bytes} [Sat May 9 02:52:57 2026] GET /resource_providers/58a4282e-2e18-49b2-895b-b2a31579eeed/aggregates => generated 235 bytes in 17 msecs (HTTP/1.1 404) 5 headers in 202 bytes (1 switches on core 0)
2026-05-09 02:52:57.226 7 INFO placement.requestlog [None req-42298759-2833-49e9-b70a-daa5d0949afd 5f49ca220dca400ba4e66756a1fe554c 0832299ff2cb46cb947b1842de2af760 - - e91e53e0daa844caa087904c56f16ff6 e91e53e0daa844caa087904c56f16ff6] 10.0.0.213 "DELETE /resource_providers/58a4282e-2e18-49b2-895b-b2a31579eeed" status: 404 len: 246 microversion: 1.1 [pid: 7|app: 0|req: 480/969] 10.0.0.213 () {34 vars in 816 bytes} [Sat May 9 02:52:57 2026] DELETE /resource_providers/58a4282e-2e18-49b2-895b-b2a31579eeed => generated 246 bytes in 19 msecs (HTTP/1.1 404) 6 headers in 231 bytes (1 switches on core 0)
2026-05-09 02:52:57.243 8 INFO placement.requestlog [None req-34e6e5a5-895b-41c2-b602-c751b2cc2177 5f49ca220dca400ba4e66756a1fe554c 0832299ff2cb46cb947b1842de2af760 - - e91e53e0daa844caa087904c56f16ff6 e91e53e0daa844caa087904c56f16ff6] 10.0.0.213 "DELETE /resource_providers/58a4282e-2e18-49b2-895b-b2a31579eeed" status: 404 len: 246 microversion: 1.1 [pid: 8|app: 0|req: 490/970] 10.0.0.213 () {34 vars in 816 bytes} [Sat May 9 02:52:57 2026] DELETE /resource_providers/58a4282e-2e18-49b2-895b-b2a31579eeed => generated 246 bytes in 15 msecs (HTTP/1.1 404) 6 headers in 231 bytes (1 switches on core 0)
2026-05-09 02:52:57.264 7 INFO placement.requestlog [None req-f62cd1c8-c51e-4979-b254-6f883093561d 5f49ca220dca400ba4e66756a1fe554c 0832299ff2cb46cb947b1842de2af760 - - e91e53e0daa844caa087904c56f16ff6 e91e53e0daa844caa087904c56f16ff6] 10.0.0.213 "GET /resource_providers/87264b79-62d5-4c21-b8d6-301f8742f91e/aggregates" status: 404 len: 235 microversion: 1.1 [pid: 7|app: 0|req: 481/971] 10.0.0.213 () {32 vars in 816 bytes} [Sat May 9 02:52:57 2026] GET /resource_providers/87264b79-62d5-4c21-b8d6-301f8742f91e/aggregates => generated 235 bytes in 6 msecs (HTTP/1.1 404) 5 headers in 202 bytes (1 switches on core 0)
2026-05-09 02:52:57.273 8 INFO placement.requestlog [None req-e0aea7fa-a95a-44e3-9034-ead43ad1e699 5f49ca220dca400ba4e66756a1fe554c 0832299ff2cb46cb947b1842de2af760 - - e91e53e0daa844caa087904c56f16ff6 e91e53e0daa844caa087904c56f16ff6] 10.0.0.213 "GET /resource_providers/87264b79-62d5-4c21-b8d6-301f8742f91e/aggregates" status: 404 len: 235 microversion: 1.1 [pid: 8|app: 0|req: 491/972] 10.0.0.213 () {32 vars in 816 bytes} [Sat May 9 02:52:57 2026] GET /resource_providers/87264b79-62d5-4c21-b8d6-301f8742f91e/aggregates => generated 235 bytes in 12 msecs (HTTP/1.1 404) 5 headers in 202 bytes (1 switches on core 0)
2026-05-09 02:52:57.286 7 INFO placement.requestlog [None req-72b28522-8558-493c-a4ac-93cbb20907c6 5f49ca220dca400ba4e66756a1fe554c 0832299ff2cb46cb947b1842de2af760 - - e91e53e0daa844caa087904c56f16ff6 e91e53e0daa844caa087904c56f16ff6] 10.0.0.213 "DELETE /resource_providers/87264b79-62d5-4c21-b8d6-301f8742f91e" status: 404 len: 246 microversion: 1.1 [pid: 7|app: 0|req: 482/973] 10.0.0.213 () {34 vars in 816 bytes} [Sat May 9 02:52:57 2026] DELETE /resource_providers/87264b79-62d5-4c21-b8d6-301f8742f91e => generated 246 bytes in 11 msecs (HTTP/1.1 404) 6 headers in 231 bytes (1 switches on core 0)
2026-05-09 02:52:57.299 8 INFO placement.requestlog [None req-db70e747-a5a8-4b13-8eb1-8469665fd15a 5f49ca220dca400ba4e66756a1fe554c 0832299ff2cb46cb947b1842de2af760 - - e91e53e0daa844caa087904c56f16ff6 e91e53e0daa844caa087904c56f16ff6] 10.0.0.213 "DELETE /resource_providers/87264b79-62d5-4c21-b8d6-301f8742f91e" status: 404 len: 246 microversion: 1.1 [pid: 8|app: 0|req: 492/974] 10.0.0.213 () {34 vars in 816 bytes} [Sat May 9 02:52:57 2026] DELETE /resource_providers/87264b79-62d5-4c21-b8d6-301f8742f91e => generated 246 bytes in 9 msecs (HTTP/1.1 404) 6 headers in 231 bytes (1 switches on core 0)
2026-05-09 02:52:57.307 7 INFO placement.requestlog [None req-93c51726-4a22-48f9-a04b-0ef24f7c3653 5f49ca220dca400ba4e66756a1fe554c 0832299ff2cb46cb947b1842de2af760 - - e91e53e0daa844caa087904c56f16ff6 e91e53e0daa844caa087904c56f16ff6] 10.0.0.213 "GET /resource_providers/cfa07cba-fa63-4849-8369-2534c3a1bd4c/aggregates" status: 404 len: 235 microversion: 1.1 [pid: 7|app: 0|req: 483/975] 10.0.0.213 () {32 vars in 816 bytes} [Sat May 9 02:52:57 2026] GET /resource_providers/cfa07cba-fa63-4849-8369-2534c3a1bd4c/aggregates => generated 235 bytes in 9 msecs (HTTP/1.1 404) 5 headers in 202 bytes (1 switches on core 0)
2026-05-09 02:52:57.325 7 INFO placement.requestlog [None req-4c295faa-afbf-4907-b78d-8636798c4a45 5f49ca220dca400ba4e66756a1fe554c 0832299ff2cb46cb947b1842de2af760 - - e91e53e0daa844caa087904c56f16ff6 e91e53e0daa844caa087904c56f16ff6] 10.0.0.213 "DELETE /resource_providers/cfa07cba-fa63-4849-8369-2534c3a1bd4c" status: 404 len: 246 microversion: 1.1 [pid: 7|app: 0|req: 484/976] 10.0.0.213 () {34 vars in 816 bytes} [Sat May 9 02:52:57 2026] DELETE /resource_providers/cfa07cba-fa63-4849-8369-2534c3a1bd4c => generated 246 bytes in 6 msecs (HTTP/1.1 404) 6 headers in 231 bytes (1 switches on core 0)
2026-05-09 02:52:57.331 8 INFO placement.requestlog [None req-cbded0be-49bf-46d0-8f2f-1c8ff9bd8ed8 5f49ca220dca400ba4e66756a1fe554c 0832299ff2cb46cb947b1842de2af760 - - e91e53e0daa844caa087904c56f16ff6 e91e53e0daa844caa087904c56f16ff6] 10.0.0.213 "GET /resource_providers/cfa07cba-fa63-4849-8369-2534c3a1bd4c/aggregates" status: 404 len: 235 microversion: 1.1 [pid: 8|app: 0|req: 493/977] 10.0.0.213 () {32 vars in 816 bytes} [Sat May 9 02:52:57 2026] GET /resource_providers/cfa07cba-fa63-4849-8369-2534c3a1bd4c/aggregates => generated 235 bytes in 14 msecs (HTTP/1.1 404) 5 headers in 202 bytes (1 switches on core 0)
2026-05-09 02:52:57.349 7 INFO placement.requestlog [None req-30908fd9-efaf-42e2-8476-98da1f77f859 5f49ca220dca400ba4e66756a1fe554c 0832299ff2cb46cb947b1842de2af760 - - e91e53e0daa844caa087904c56f16ff6 e91e53e0daa844caa087904c56f16ff6] 10.0.0.213 "DELETE /resource_providers/cfa07cba-fa63-4849-8369-2534c3a1bd4c" status: 404 len: 246 microversion: 1.1 [pid: 7|app: 0|req: 485/978] 10.0.0.213 () {34 vars in 816 bytes} [Sat May 9 02:52:57 2026] DELETE /resource_providers/cfa07cba-fa63-4849-8369-2534c3a1bd4c => generated 246 bytes in 8 msecs (HTTP/1.1 404) 6 headers in 231 bytes (1 switches on core 0)
2026-05-09 02:52:59.815 7 INFO placement.requestlog [None req-eeb06fa2-d6ce-4688-a69e-2fce3ac2f244 5f49ca220dca400ba4e66756a1fe554c 0832299ff2cb46cb947b1842de2af760 - - e91e53e0daa844caa087904c56f16ff6 e91e53e0daa844caa087904c56f16ff6] 10.0.0.213 "GET /resource_providers/7645a5fb-1c96-4cb9-a121-01db0968ff86/aggregates" status: 404 len: 235 microversion: 1.1
2026-05-09 02:52:59.816 8 INFO placement.requestlog [None req-7d268d56-d4c8-4597-bf2c-1983521db293 5f49ca220dca400ba4e66756a1fe554c 0832299ff2cb46cb947b1842de2af760 - - e91e53e0daa844caa087904c56f16ff6 e91e53e0daa844caa087904c56f16ff6] 10.0.0.213 "GET /resource_providers/7645a5fb-1c96-4cb9-a121-01db0968ff86/aggregates" status: 404 len: 235 microversion: 1.1 [pid: 7|app: 0|req: 486/979] 10.0.0.213 () {32 vars in 816 bytes} [Sat May 9 02:52:59 2026] GET /resource_providers/7645a5fb-1c96-4cb9-a121-01db0968ff86/aggregates => generated 235 bytes in 9 msecs (HTTP/1.1 404) 5 headers in 202 bytes (1 switches on core 0) [pid: 8|app: 0|req: 494/980] 10.0.0.213 () {32 vars in 816 bytes} [Sat May 9 02:52:59 2026] GET /resource_providers/7645a5fb-1c96-4cb9-a121-01db0968ff86/aggregates => generated 235 bytes in 11 msecs (HTTP/1.1 404) 5 headers in 202 bytes (1 switches on core 0)
2026-05-09 02:52:59.834 7 INFO placement.requestlog [None req-2fb04957-0d3a-489a-a5cb-243887f012ce 5f49ca220dca400ba4e66756a1fe554c 0832299ff2cb46cb947b1842de2af760 - - e91e53e0daa844caa087904c56f16ff6 e91e53e0daa844caa087904c56f16ff6] 10.0.0.213 "DELETE /resource_providers/7645a5fb-1c96-4cb9-a121-01db0968ff86" status: 404 len: 246 microversion: 1.1 [pid: 7|app: 0|req: 487/981] 10.0.0.213 () {34 vars in 816 bytes} [Sat May 9 02:52:59 2026] DELETE /resource_providers/7645a5fb-1c96-4cb9-a121-01db0968ff86 => generated 246 bytes in 8 msecs (HTTP/1.1 404) 6 headers in 231 bytes (1 switches on core 0)
2026-05-09 02:52:59.850 8 INFO placement.requestlog [None req-2e3d439a-6ed9-4434-9574-1a48dbbb3128 5f49ca220dca400ba4e66756a1fe554c 0832299ff2cb46cb947b1842de2af760 - - e91e53e0daa844caa087904c56f16ff6 e91e53e0daa844caa087904c56f16ff6] 10.0.0.213 "DELETE /resource_providers/7645a5fb-1c96-4cb9-a121-01db0968ff86" status: 404 len: 246 microversion: 1.1 [pid: 8|app: 0|req: 495/982] 10.0.0.213 () {34 vars in 816 bytes} [Sat May 9 02:52:59 2026] DELETE /resource_providers/7645a5fb-1c96-4cb9-a121-01db0968ff86 => generated 246 bytes in 18 msecs (HTTP/1.1 404) 6 headers in 231 bytes (1 switches on core 0)
2026-05-09 02:53:01.406 7 INFO placement.requestlog [req-025c1b4d-2279-4000-92d2-c96be1b1010a req-472e3c85-f549-4428-b7a0-37df3323744d da2a94fd3a4d44ec976a822e89832f88 0832299ff2cb46cb947b1842de2af760 - - e91e53e0daa844caa087904c56f16ff6 e91e53e0daa844caa087904c56f16ff6] 10.0.0.190 "GET /allocation_candidates?limit=1000&resources=DISK_GB%3A1%2CMEMORY_MB%3A512%2CVCPU%3A1&root_required=%21COMPUTE_STATUS_DISABLED" status: 200 len: 2643 microversion: 1.36 [pid: 7|app: 0|req: 488/983] 10.0.0.190 () {34 vars in 1012 bytes} [Sat May 9 02:53:01 2026] GET /allocation_candidates?limit=1000&resources=DISK_GB%3A1%2CMEMORY_MB%3A512%2CVCPU%3A1&root_required=%21COMPUTE_STATUS_DISABLED => generated 2643 bytes in 49 msecs (HTTP/1.1 200) 8 headers in 297 bytes (1 switches on core 0)
2026-05-09 02:53:01.453 8 INFO placement.requestlog [req-025c1b4d-2279-4000-92d2-c96be1b1010a req-8ab5e116-9d31-4a3d-9dec-c40311a86b12 da2a94fd3a4d44ec976a822e89832f88 0832299ff2cb46cb947b1842de2af760 - - e91e53e0daa844caa087904c56f16ff6 e91e53e0daa844caa087904c56f16ff6] 10.0.0.190 "GET /allocations/ff1425ef-63dd-422d-a365-f1029ab87b73" status: 200 len: 19 microversion: 1.28 [pid: 8|app: 0|req: 496/984] 10.0.0.190 () {34 vars in 861 bytes} [Sat May 9 02:53:01 2026] GET /allocations/ff1425ef-63dd-422d-a365-f1029ab87b73 => generated 19 bytes in 18 msecs (HTTP/1.1 200) 8 headers in 295 bytes (1 switches on core 0)
2026-05-09 02:53:01.537 7 INFO placement.requestlog [req-025c1b4d-2279-4000-92d2-c96be1b1010a req-a532cba6-92c9-43a8-a1b2-2a3894137c29 da2a94fd3a4d44ec976a822e89832f88 0832299ff2cb46cb947b1842de2af760 - - e91e53e0daa844caa087904c56f16ff6 e91e53e0daa844caa087904c56f16ff6] 10.0.0.190 "PUT /allocations/ff1425ef-63dd-422d-a365-f1029ab87b73" status: 204 len: 0 microversion: 1.36 [pid: 7|app: 0|req: 489/985] 10.0.0.190 () {38 vars in 914 bytes} [Sat May 9 02:53:01 2026] PUT /allocations/ff1425ef-63dd-422d-a365-f1029ab87b73 => generated 0 bytes in 76 msecs (HTTP/1.1 204) 5 headers in 199 bytes (1 switches on core 0)
2026-05-09 02:53:01.858 8 INFO placement.requestlog [None req-07455a91-ef62-4bca-a5ac-4689639c7928 5f49ca220dca400ba4e66756a1fe554c 0832299ff2cb46cb947b1842de2af760 - - e91e53e0daa844caa087904c56f16ff6 e91e53e0daa844caa087904c56f16ff6] 10.0.0.213 "GET /resource_providers/d3df531b-f135-4179-95f0-a554444c28eb/aggregates" status: 404 len: 235 microversion: 1.1 [pid: 8|app: 0|req: 497/986] 10.0.0.213 () {32 vars in 816 bytes} [Sat May 9 02:53:01 2026] GET /resource_providers/d3df531b-f135-4179-95f0-a554444c28eb/aggregates => generated 235 bytes in 17 msecs (HTTP/1.1 404) 5 headers in 202 bytes (1 switches on core 0)
2026-05-09 02:53:01.878 7 INFO placement.requestlog [None req-e2a55e3f-1f82-4ef1-a016-2a9c33f70d33 5f49ca220dca400ba4e66756a1fe554c 0832299ff2cb46cb947b1842de2af760 - - e91e53e0daa844caa087904c56f16ff6 e91e53e0daa844caa087904c56f16ff6] 10.0.0.213 "GET /resource_providers/d3df531b-f135-4179-95f0-a554444c28eb/aggregates" status: 404 len: 235 microversion: 1.1 [pid: 7|app: 0|req: 490/987] 10.0.0.213 () {32 vars in 816 bytes} [Sat May 9 02:53:01 2026] GET /resource_providers/d3df531b-f135-4179-95f0-a554444c28eb/aggregates => generated 235 bytes in 16 msecs (HTTP/1.1 404) 5 headers in 202 bytes (1 switches on core 0)
2026-05-09 02:53:01.881 8 INFO placement.requestlog [None req-fede0c1c-68a9-44c3-ab44-aeae8d1a97c3 5f49ca220dca400ba4e66756a1fe554c 0832299ff2cb46cb947b1842de2af760 - - e91e53e0daa844caa087904c56f16ff6 e91e53e0daa844caa087904c56f16ff6] 10.0.0.213 "DELETE /resource_providers/d3df531b-f135-4179-95f0-a554444c28eb" status: 404 len: 246 microversion: 1.1 [pid: 8|app: 0|req: 498/988] 10.0.0.213 () {34 vars in 816 bytes} [Sat May 9 02:53:01 2026] DELETE /resource_providers/d3df531b-f135-4179-95f0-a554444c28eb => generated 246 bytes in 12 msecs (HTTP/1.1 404) 6 headers in 231 bytes (1 switches on core 0)
2026-05-09 02:53:01.907 7 INFO placement.requestlog [None req-41e572d3-632e-4b74-b17c-15f5cabbd73c 5f49ca220dca400ba4e66756a1fe554c 0832299ff2cb46cb947b1842de2af760 - - e91e53e0daa844caa087904c56f16ff6 e91e53e0daa844caa087904c56f16ff6] 10.0.0.213 "DELETE /resource_providers/d3df531b-f135-4179-95f0-a554444c28eb" status: 404 len: 246 microversion: 1.1 [pid: 7|app: 0|req: 491/989] 10.0.0.213 () {34 vars in 816 bytes} [Sat May 9 02:53:01 2026] DELETE /resource_providers/d3df531b-f135-4179-95f0-a554444c28eb => generated 246 bytes in 11 msecs (HTTP/1.1 404) 6 headers in 231 bytes (1 switches on core 0)
2026-05-09 02:53:01.917 8 INFO placement.requestlog [None req-927d828e-027c-4f5e-8ed4-30cf2addc11e 5f49ca220dca400ba4e66756a1fe554c 0832299ff2cb46cb947b1842de2af760 - - e91e53e0daa844caa087904c56f16ff6 e91e53e0daa844caa087904c56f16ff6] 10.0.0.213 "GET /resource_providers/f709f152-e136-4778-8099-fc18d5b72df6/aggregates" status: 404 len: 235 microversion: 1.1 [pid: 8|app: 0|req: 499/990] 10.0.0.213 () {32 vars in 816 bytes} [Sat May 9 02:53:01 2026] GET /resource_providers/f709f152-e136-4778-8099-fc18d5b72df6/aggregates => generated 235 bytes in 18 msecs (HTTP/1.1 404) 5 headers in 202 bytes (1 switches on core 0)
2026-05-09 02:53:01.940 7 INFO placement.requestlog [None req-9c6e927e-7e8f-44fd-b412-99eef4dcac67 5f49ca220dca400ba4e66756a1fe554c 0832299ff2cb46cb947b1842de2af760 - - e91e53e0daa844caa087904c56f16ff6 e91e53e0daa844caa087904c56f16ff6] 10.0.0.213 "GET /resource_providers/f709f152-e136-4778-8099-fc18d5b72df6/aggregates" status: 404 len: 235 microversion: 1.1 [pid: 7|app: 0|req: 492/991] 10.0.0.213 () {32 vars in 816 bytes} [Sat May 9 02:53:01 2026] GET /resource_providers/f709f152-e136-4778-8099-fc18d5b72df6/aggregates => generated 235 bytes in 22 msecs (HTTP/1.1 404) 5 headers in 202 bytes (1 switches on core 0)
2026-05-09 02:53:01.948 8 INFO placement.requestlog [None req-c3190bc1-ecc1-490b-8f75-6f3bcc13241d 5f49ca220dca400ba4e66756a1fe554c 0832299ff2cb46cb947b1842de2af760 - - e91e53e0daa844caa087904c56f16ff6 e91e53e0daa844caa087904c56f16ff6] 10.0.0.213 "DELETE /resource_providers/f709f152-e136-4778-8099-fc18d5b72df6" status: 404 len: 246 microversion: 1.1 [pid: 8|app: 0|req: 500/992] 10.0.0.213 () {34 vars in 816 bytes} [Sat May 9 02:53:01 2026] DELETE /resource_providers/f709f152-e136-4778-8099-fc18d5b72df6 => generated 246 bytes in 17 msecs (HTTP/1.1 404) 6 headers in 231 bytes (1 switches on core 0)
2026-05-09 02:53:01.956 7 INFO placement.requestlog [None req-ef02fbca-b3e9-4db3-bde9-770cfde09b2a 5f49ca220dca400ba4e66756a1fe554c 0832299ff2cb46cb947b1842de2af760 - - e91e53e0daa844caa087904c56f16ff6 e91e53e0daa844caa087904c56f16ff6] 10.0.0.213 "DELETE /resource_providers/f709f152-e136-4778-8099-fc18d5b72df6" status: 404 len: 246 microversion: 1.1 [pid: 7|app: 0|req: 493/993] 10.0.0.213 () {34 vars in 816 bytes} [Sat May 9 02:53:01 2026] DELETE /resource_providers/f709f152-e136-4778-8099-fc18d5b72df6 => generated 246 bytes in 8 msecs (HTTP/1.1 404) 6 headers in 231 bytes (1 switches on core 0)
2026-05-09 02:53:01.970 7 INFO placement.requestlog [None req-c22e6ef0-f2e3-487f-970e-b5170cb9dcfe 5f49ca220dca400ba4e66756a1fe554c 0832299ff2cb46cb947b1842de2af760 - - e91e53e0daa844caa087904c56f16ff6 e91e53e0daa844caa087904c56f16ff6] 10.0.0.213 "GET /resource_providers/92ded552-1f75-4663-a603-8b4c47799456/aggregates" status: 404 len: 235 microversion: 1.1 [pid: 7|app: 0|req: 494/994] 10.0.0.213 () {32 vars in 816 bytes} [Sat May 9 02:53:01 2026] GET /resource_providers/92ded552-1f75-4663-a603-8b4c47799456/aggregates => generated 235 bytes in 7 msecs (HTTP/1.1 404) 5 headers in 202 bytes (1 switches on core 0)
2026-05-09 02:53:01.974 8 INFO placement.requestlog [None req-47f427c6-ddef-4fd3-b8d4-1d3a4ee7bce4 5f49ca220dca400ba4e66756a1fe554c 0832299ff2cb46cb947b1842de2af760 - - e91e53e0daa844caa087904c56f16ff6 e91e53e0daa844caa087904c56f16ff6] 10.0.0.213 "GET /resource_providers/92ded552-1f75-4663-a603-8b4c47799456/aggregates" status: 404 len: 235 microversion: 1.1 [pid: 8|app: 0|req: 501/995] 10.0.0.213 () {32 vars in 816 bytes} [Sat May 9 02:53:01 2026] GET /resource_providers/92ded552-1f75-4663-a603-8b4c47799456/aggregates => generated 235 bytes in 18 msecs (HTTP/1.1 404) 5 headers in 202 bytes (1 switches on core 0)
2026-05-09 02:53:01.991 7 INFO placement.requestlog [None req-e27a5d75-8bcf-4a95-a361-b84d16a2bd28 5f49ca220dca400ba4e66756a1fe554c 0832299ff2cb46cb947b1842de2af760 - - e91e53e0daa844caa087904c56f16ff6 e91e53e0daa844caa087904c56f16ff6] 10.0.0.213 "DELETE /resource_providers/92ded552-1f75-4663-a603-8b4c47799456" status: 404 len: 246 microversion: 1.1 [pid: 7|app: 0|req: 495/996] 10.0.0.213 () {34 vars in 816 bytes} [Sat May 9 02:53:01 2026] DELETE /resource_providers/92ded552-1f75-4663-a603-8b4c47799456 => generated 246 bytes in 8 msecs (HTTP/1.1 404) 6 headers in 231 bytes (1 switches on core 0)
2026-05-09 02:53:02.018 8 INFO placement.requestlog [None req-1e7eb1d1-53e3-4230-b6e0-43a14f35461e 5f49ca220dca400ba4e66756a1fe554c 0832299ff2cb46cb947b1842de2af760 - - e91e53e0daa844caa087904c56f16ff6 e91e53e0daa844caa087904c56f16ff6] 10.0.0.213 "DELETE /resource_providers/92ded552-1f75-4663-a603-8b4c47799456" status: 404 len: 246 microversion: 1.1 [pid: 8|app: 0|req: 502/997] 10.0.0.213 () {34 vars in 816 bytes} [Sat May 9 02:53:01 2026] DELETE /resource_providers/92ded552-1f75-4663-a603-8b4c47799456 => generated 246 bytes in 32 msecs (HTTP/1.1 404) 6 headers in 231 bytes (1 switches on core 0)
2026-05-09 02:53:02.262 7 INFO placement.requestlog [None req-8dd9a126-c76d-4752-8bba-83f7894f796e 5f49ca220dca400ba4e66756a1fe554c 0832299ff2cb46cb947b1842de2af760 - - e91e53e0daa844caa087904c56f16ff6 e91e53e0daa844caa087904c56f16ff6] 10.0.0.213 "GET /resource_providers/efbf8c00-9d87-4ad1-8f1d-40ea7c860879/aggregates" status: 404 len: 235 microversion: 1.1
2026-05-09 02:53:02.263 8 INFO placement.requestlog [None req-798c3a16-8a4e-41c0-b6dc-af2140840ad4 5f49ca220dca400ba4e66756a1fe554c 0832299ff2cb46cb947b1842de2af760 - - e91e53e0daa844caa087904c56f16ff6 e91e53e0daa844caa087904c56f16ff6] 10.0.0.213 "GET /resource_providers/efbf8c00-9d87-4ad1-8f1d-40ea7c860879/aggregates" status: 404 len: 235 microversion: 1.1 [pid: 7|app: 0|req: 496/998] 10.0.0.213 () {32 vars in 816 bytes} [Sat May 9 02:53:02 2026] GET /resource_providers/efbf8c00-9d87-4ad1-8f1d-40ea7c860879/aggregates => generated 235 bytes in 14 msecs (HTTP/1.1 404) 5 headers in 202 bytes (1 switches on core 0) [pid: 8|app: 0|req: 503/999] 10.0.0.213 () {32 vars in 816 bytes} [Sat May 9 02:53:02 2026] GET /resource_providers/efbf8c00-9d87-4ad1-8f1d-40ea7c860879/aggregates => generated 235 bytes in 13 msecs (HTTP/1.1 404) 5 headers in 202 bytes (1 switches on core 0)
2026-05-09 02:53:02.287 7 INFO placement.requestlog [None req-dbdfa253-5f98-4c80-879c-7255789b679a 5f49ca220dca400ba4e66756a1fe554c 0832299ff2cb46cb947b1842de2af760 - - e91e53e0daa844caa087904c56f16ff6 e91e53e0daa844caa087904c56f16ff6] 10.0.0.213 "DELETE /resource_providers/efbf8c00-9d87-4ad1-8f1d-40ea7c860879" status: 404 len: 246 microversion: 1.1 [pid: 7|app: 0|req: 497/1000] 10.0.0.213 () {34 vars in 816 bytes} [Sat May 9 02:53:02 2026] DELETE /resource_providers/efbf8c00-9d87-4ad1-8f1d-40ea7c860879 => generated 246 bytes in 10 msecs (HTTP/1.1 404) 6 headers in 231 bytes (1 switches on core 0)
2026-05-09 02:53:02.289 8 INFO placement.requestlog [None req-b5c33ea9-ca43-45c2-8974-3576aba8425a 5f49ca220dca400ba4e66756a1fe554c 0832299ff2cb46cb947b1842de2af760 - - e91e53e0daa844caa087904c56f16ff6 e91e53e0daa844caa087904c56f16ff6] 10.0.0.213 "DELETE /resource_providers/efbf8c00-9d87-4ad1-8f1d-40ea7c860879" status: 404 len: 246 microversion: 1.1 [pid: 8|app: 0|req: 504/1001] 10.0.0.213 () {34 vars in 816 bytes} [Sat May 9 02:53:02 2026] DELETE /resource_providers/efbf8c00-9d87-4ad1-8f1d-40ea7c860879 => generated 246 bytes in 9 msecs (HTTP/1.1 404) 6 headers in 231 bytes (1 switches on core 0)
2026-05-09 02:53:02.653 7 INFO placement.requestlog [None req-c924ba2d-adea-4afd-8bf5-f4014e40d724 - - - - - -] 10.0.0.225 "GET /" status: 200 len: 136 microversion: 1.0
2026-05-09 02:53:02.653 8 INFO placement.requestlog [None req-69a16fab-8679-48ef-97e1-3ad398d40732 - - - - - -] 10.0.0.225 "GET /" status: 200 len: 136 microversion: 1.0
2026-05-09 02:53:03.074 7 INFO placement.requestlog [req-025c1b4d-2279-4000-92d2-c96be1b1010a req-7bc74aa4-7078-4025-bffb-4f0770ae013d da2a94fd3a4d44ec976a822e89832f88 0832299ff2cb46cb947b1842de2af760 - - e91e53e0daa844caa087904c56f16ff6 e91e53e0daa844caa087904c56f16ff6] 199.204.45.35 "GET /allocations/ff1425ef-63dd-422d-a365-f1029ab87b73" status: 200 len: 258 microversion: 1.28 [pid: 7|app: 0|req: 499/1004] 199.204.45.35 () {34 vars in 862 bytes} [Sat May 9 02:53:03 2026] GET /allocations/ff1425ef-63dd-422d-a365-f1029ab87b73 => generated 258 bytes in 21 msecs (HTTP/1.1 200) 8 headers in 296 bytes (1 switches on core 0)
2026-05-09 02:53:04.115 8 INFO placement.requestlog [req-025c1b4d-2279-4000-92d2-c96be1b1010a req-18e94cb8-9540-4518-9edd-88fdefc1ce87 da2a94fd3a4d44ec976a822e89832f88 0832299ff2cb46cb947b1842de2af760 - - e91e53e0daa844caa087904c56f16ff6 e91e53e0daa844caa087904c56f16ff6] 199.204.45.35 "GET /resource_providers/c3fc5b55-950a-4e95-80eb-55dbc9f4086f/allocations" status: 200 len: 453 microversion: 1.0 [pid: 8|app: 0|req: 506/1005] 199.204.45.35 () {32 vars in 856 bytes} [Sat May 9 02:53:04 2026] GET /resource_providers/c3fc5b55-950a-4e95-80eb-55dbc9f4086f/allocations => generated 453 bytes in 16 msecs (HTTP/1.1 200) 6 headers in 224 bytes (1 switches on core 0)
2026-05-09 02:53:04.141 7 INFO placement.requestlog [req-025c1b4d-2279-4000-92d2-c96be1b1010a req-541924b7-ceb2-4e70-abf3-d250f3ef1cfe da2a94fd3a4d44ec976a822e89832f88 0832299ff2cb46cb947b1842de2af760 - - e91e53e0daa844caa087904c56f16ff6 e91e53e0daa844caa087904c56f16ff6] 199.204.45.35 "GET /allocations/c6ec1060-3aa4-46b8-bd3a-36c3b2606a84" status: 200 len: 258 microversion: 1.28 [pid: 7|app: 0|req: 500/1006] 199.204.45.35 () {34 vars in 862 bytes} [Sat May 9 02:53:04 2026] GET /allocations/c6ec1060-3aa4-46b8-bd3a-36c3b2606a84 => generated 258 bytes in 13 msecs (HTTP/1.1 200) 8 headers in 296 bytes (1 switches on core 0)
2026-05-09 02:53:04.157 8 INFO placement.requestlog [req-025c1b4d-2279-4000-92d2-c96be1b1010a req-cfa4293e-60dd-4f92-94da-55260d0022c4 da2a94fd3a4d44ec976a822e89832f88 0832299ff2cb46cb947b1842de2af760 - - e91e53e0daa844caa087904c56f16ff6 e91e53e0daa844caa087904c56f16ff6] 199.204.45.35 "GET /allocations/adb66712-a8d9-4ff6-864c-7a7353194c8c" status: 200 len: 258 microversion: 1.28 [pid: 8|app: 0|req: 507/1007] 199.204.45.35 () {34 vars in 862 bytes} [Sat May 9 02:53:04 2026] GET /allocations/adb66712-a8d9-4ff6-864c-7a7353194c8c => generated 258 bytes in 12 msecs (HTTP/1.1 200) 8 headers in 296 bytes (1 switches on core 0)
2026-05-09 02:53:04.175 7 INFO placement.requestlog [req-025c1b4d-2279-4000-92d2-c96be1b1010a req-1c797051-0680-4b87-9482-7e0328b8bb15 da2a94fd3a4d44ec976a822e89832f88 0832299ff2cb46cb947b1842de2af760 - - e91e53e0daa844caa087904c56f16ff6 e91e53e0daa844caa087904c56f16ff6] 199.204.45.35 "GET /allocations/ff1425ef-63dd-422d-a365-f1029ab87b73" status: 200 len: 258 microversion: 1.28 [pid: 7|app: 0|req: 501/1008] 199.204.45.35 () {34 vars in 862 bytes} [Sat May 9 02:53:04 2026] GET /allocations/ff1425ef-63dd-422d-a365-f1029ab87b73 => generated 258 bytes in 13 msecs (HTTP/1.1 200) 8 headers in 296 bytes (1 switches on core 0)
2026-05-09 02:53:04.192 8 INFO placement.requestlog [req-025c1b4d-2279-4000-92d2-c96be1b1010a req-b6923911-5225-4514-867f-127b604915ff da2a94fd3a4d44ec976a822e89832f88 0832299ff2cb46cb947b1842de2af760 - - e91e53e0daa844caa087904c56f16ff6 e91e53e0daa844caa087904c56f16ff6] 199.204.45.35 "GET /allocations/9644ce1a-1b7c-4b17-ac82-29ee168d049b" status: 200 len: 258 microversion: 1.28 [pid: 8|app: 0|req: 508/1009] 199.204.45.35 () {34 vars in 862 bytes} [Sat May 9 02:53:04 2026] GET /allocations/9644ce1a-1b7c-4b17-ac82-29ee168d049b => generated 258 bytes in 11 msecs (HTTP/1.1 200) 8 headers in 296 bytes (1 switches on core 0)
2026-05-09 02:53:11.632 7 INFO placement.requestlog [None req-a03511c2-77f5-437d-b8e0-26c6a492d9d2 5f49ca220dca400ba4e66756a1fe554c 0832299ff2cb46cb947b1842de2af760 - - e91e53e0daa844caa087904c56f16ff6 e91e53e0daa844caa087904c56f16ff6] 10.0.0.213 "GET /resource_providers/b2df8889-1239-4660-8429-0cba6f91608f/aggregates" status: 404 len: 235 microversion: 1.1 [pid: 7|app: 0|req: 502/1010] 10.0.0.213 () {32 vars in 816 bytes} [Sat May 9 02:53:11 2026] GET /resource_providers/b2df8889-1239-4660-8429-0cba6f91608f/aggregates => generated 235 bytes in 13 msecs (HTTP/1.1 404) 5 headers in 202 bytes (1 switches on core 0)
2026-05-09 02:53:11.636 8 INFO placement.requestlog [None req-a334c06f-c9bb-49bf-9fcc-6a3f272749fe 5f49ca220dca400ba4e66756a1fe554c 0832299ff2cb46cb947b1842de2af760 - - e91e53e0daa844caa087904c56f16ff6 e91e53e0daa844caa087904c56f16ff6] 10.0.0.213 "GET /resource_providers/b2df8889-1239-4660-8429-0cba6f91608f/aggregates" status: 404 len: 235 microversion: 1.1 [pid: 8|app: 0|req: 509/1011] 10.0.0.213 () {32 vars in 816 bytes} [Sat May 9 02:53:11 2026] GET /resource_providers/b2df8889-1239-4660-8429-0cba6f91608f/aggregates => generated 235 bytes in 13 msecs (HTTP/1.1 404) 5 headers in 202 bytes (1 switches on core 0)
2026-05-09 02:53:11.655 7 INFO placement.requestlog [None req-844fa521-b121-48e5-a066-7b86ecc8e353 5f49ca220dca400ba4e66756a1fe554c 0832299ff2cb46cb947b1842de2af760 - - e91e53e0daa844caa087904c56f16ff6 e91e53e0daa844caa087904c56f16ff6] 10.0.0.213 "DELETE /resource_providers/b2df8889-1239-4660-8429-0cba6f91608f" status: 404 len: 246 microversion: 1.1 [pid: 7|app: 0|req: 503/1012] 10.0.0.213 () {34 vars in 816 bytes} [Sat May 9 02:53:11 2026] DELETE /resource_providers/b2df8889-1239-4660-8429-0cba6f91608f => generated 246 bytes in 10 msecs (HTTP/1.1 404) 6 headers in 231 bytes (1 switches on core 0)
2026-05-09 02:53:11.662 8 INFO placement.requestlog [None req-b76f914d-a53d-4e13-bb48-d59d4ec22b94 5f49ca220dca400ba4e66756a1fe554c 0832299ff2cb46cb947b1842de2af760 - - e91e53e0daa844caa087904c56f16ff6 e91e53e0daa844caa087904c56f16ff6] 10.0.0.213 "DELETE /resource_providers/b2df8889-1239-4660-8429-0cba6f91608f" status: 404 len: 246 microversion: 1.1 [pid: 8|app: 0|req: 510/1013] 10.0.0.213 () {34 vars in 816 bytes} [Sat May 9 02:53:11 2026] DELETE /resource_providers/b2df8889-1239-4660-8429-0cba6f91608f => generated 246 bytes in 11 msecs (HTTP/1.1 404) 6 headers in 231 bytes (1 switches on core 0)
2026-05-09 02:53:12.653 7 INFO placement.requestlog [None req-5ca90120-f158-4a40-95b7-73aed9a60f4e - - - - - -] 10.0.0.225 "GET /" status: 200 len: 136 microversion: 1.0
2026-05-09 02:53:12.656 8 INFO placement.requestlog [None req-04932e33-c21b-438b-859d-3205f6a2daa4 - - - - - -] 10.0.0.225 "GET /" status: 200 len: 136 microversion: 1.0
2026-05-09 02:53:18.218 7 INFO placement.requestlog [req-a91a40a3-b906-4ac8-b43c-fd8b1de24bea req-9eb08a9f-2dfa-4ae3-97ac-22686b1b1ca8 da2a94fd3a4d44ec976a822e89832f88 0832299ff2cb46cb947b1842de2af760 - - e91e53e0daa844caa087904c56f16ff6 e91e53e0daa844caa087904c56f16ff6] 199.204.45.35 "GET /resource_providers/c3fc5b55-950a-4e95-80eb-55dbc9f4086f/allocations" status: 200 len: 453 microversion: 1.0 [pid: 7|app: 0|req: 505/1016] 199.204.45.35 () {32 vars in 856 bytes} [Sat May 9 02:53:18 2026] GET /resource_providers/c3fc5b55-950a-4e95-80eb-55dbc9f4086f/allocations => generated 453 bytes in 21 msecs (HTTP/1.1 200) 6 headers in 224 bytes (1 switches on core 0)
2026-05-09 02:53:18.241 8 INFO placement.requestlog [req-a91a40a3-b906-4ac8-b43c-fd8b1de24bea req-bc078773-40d3-4e04-a43a-125eb1113b9b da2a94fd3a4d44ec976a822e89832f88 0832299ff2cb46cb947b1842de2af760 - - e91e53e0daa844caa087904c56f16ff6 e91e53e0daa844caa087904c56f16ff6] 199.204.45.35 "GET /allocations/c6ec1060-3aa4-46b8-bd3a-36c3b2606a84" status: 200 len: 258 microversion: 1.28 [pid: 8|app: 0|req: 512/1017] 199.204.45.35 () {34 vars in 862 bytes} [Sat May 9 02:53:18 2026] GET /allocations/c6ec1060-3aa4-46b8-bd3a-36c3b2606a84 => generated 258 bytes in 18 msecs (HTTP/1.1 200) 8 headers in 296 bytes (1 switches on core 0)
2026-05-09 02:53:18.256 7 INFO placement.requestlog [req-a91a40a3-b906-4ac8-b43c-fd8b1de24bea req-55d55755-e60b-4e6e-a827-333128c69b19 da2a94fd3a4d44ec976a822e89832f88 0832299ff2cb46cb947b1842de2af760 - - e91e53e0daa844caa087904c56f16ff6 e91e53e0daa844caa087904c56f16ff6] 199.204.45.35 "GET /allocations/adb66712-a8d9-4ff6-864c-7a7353194c8c" status: 200 len: 258 microversion: 1.28 [pid: 7|app: 0|req: 506/1018] 199.204.45.35 () {34 vars in 862 bytes} [Sat May 9 02:53:18 2026] GET /allocations/adb66712-a8d9-4ff6-864c-7a7353194c8c => generated 258 bytes in 11 msecs (HTTP/1.1 200) 8 headers in 296 bytes (1 switches on core 0)
2026-05-09 02:53:18.274 8 INFO placement.requestlog [req-a91a40a3-b906-4ac8-b43c-fd8b1de24bea req-eff47f43-e1f8-4031-84e8-55567d1cbff7 da2a94fd3a4d44ec976a822e89832f88 0832299ff2cb46cb947b1842de2af760 - - e91e53e0daa844caa087904c56f16ff6 e91e53e0daa844caa087904c56f16ff6] 199.204.45.35 "GET /allocations/ff1425ef-63dd-422d-a365-f1029ab87b73" status: 200 len: 258 microversion: 1.28 [pid: 8|app: 0|req: 513/1019] 199.204.45.35 () {34 vars in 862 bytes} [Sat May 9 02:53:18 2026] GET /allocations/ff1425ef-63dd-422d-a365-f1029ab87b73 => generated 258 bytes in 10 msecs (HTTP/1.1 200) 8 headers in 296 bytes (1 switches on core 0)
2026-05-09 02:53:18.292 7 INFO placement.requestlog [req-a91a40a3-b906-4ac8-b43c-fd8b1de24bea req-ffe7146d-c798-4782-84ce-ce1e8e04ab25 da2a94fd3a4d44ec976a822e89832f88 0832299ff2cb46cb947b1842de2af760 - - e91e53e0daa844caa087904c56f16ff6 e91e53e0daa844caa087904c56f16ff6] 199.204.45.35 "GET /allocations/9644ce1a-1b7c-4b17-ac82-29ee168d049b" status: 200 len: 258 microversion: 1.28 [pid: 7|app: 0|req: 507/1020] 199.204.45.35 () {34 vars in 862 bytes} [Sat May 9 02:53:18 2026] GET /allocations/9644ce1a-1b7c-4b17-ac82-29ee168d049b => generated 258 bytes in 14 msecs (HTTP/1.1 200) 8 headers in 296 bytes (1 switches on core 0)
2026-05-09 02:53:19.347 8 INFO placement.requestlog [req-a91a40a3-b906-4ac8-b43c-fd8b1de24bea req-19eac85b-b18a-4093-b136-36180ad2acb7 da2a94fd3a4d44ec976a822e89832f88 0832299ff2cb46cb947b1842de2af760 - - e91e53e0daa844caa087904c56f16ff6 e91e53e0daa844caa087904c56f16ff6] 199.204.45.35 "DELETE /allocations/c6ec1060-3aa4-46b8-bd3a-36c3b2606a84" status: 204 len: 0 microversion: 1.0 [pid: 8|app: 0|req: 514/1021] 199.204.45.35 () {34 vars in 840 bytes} [Sat May 9 02:53:19 2026] DELETE /allocations/c6ec1060-3aa4-46b8-bd3a-36c3b2606a84 => generated 0 bytes in 22 msecs (HTTP/1.1 204) 5 headers in 198 bytes (1 switches on core 0)
2026-05-09 02:53:22.653 8 INFO placement.requestlog [None req-ccdfa3ed-1d28-4d02-8845-49332c69a3fc - - - - - -] 10.0.0.225 "GET /" status: 200 len: 136 microversion: 1.0
2026-05-09 02:53:22.655 7 INFO placement.requestlog [None req-38428656-d59c-4a88-80f7-3dd00e3242d6 - - - - - -] 10.0.0.225 "GET /" status: 200 len: 136 microversion: 1.0
2026-05-09 02:53:26.024 8 INFO placement.requestlog [req-53f5b13f-cf3b-493d-b769-dc3df2ce832a req-3e5ff996-a1e2-468d-90cc-5b905b217314 da2a94fd3a4d44ec976a822e89832f88 0832299ff2cb46cb947b1842de2af760 - - e91e53e0daa844caa087904c56f16ff6 e91e53e0daa844caa087904c56f16ff6] 199.204.45.35 "GET /resource_providers/c3fc5b55-950a-4e95-80eb-55dbc9f4086f/allocations" status: 200 len: 353 microversion: 1.0 [pid: 8|app: 0|req: 516/1024] 199.204.45.35 () {32 vars in 856 bytes} [Sat May 9 02:53:26 2026] GET /resource_providers/c3fc5b55-950a-4e95-80eb-55dbc9f4086f/allocations => generated 353 bytes in 15 msecs (HTTP/1.1 200) 6 headers in 224 bytes (1 switches on core 0)
2026-05-09 02:53:26.046 7 INFO placement.requestlog [req-53f5b13f-cf3b-493d-b769-dc3df2ce832a req-94e866c3-dfa1-45aa-b333-a79892238cd5 da2a94fd3a4d44ec976a822e89832f88 0832299ff2cb46cb947b1842de2af760 - - e91e53e0daa844caa087904c56f16ff6 e91e53e0daa844caa087904c56f16ff6] 199.204.45.35 "GET /allocations/adb66712-a8d9-4ff6-864c-7a7353194c8c" status: 200 len: 258 microversion: 1.28 [pid: 7|app: 0|req: 509/1025] 199.204.45.35 () {34 vars in 862 bytes} [Sat May 9 02:53:26 2026] GET /allocations/adb66712-a8d9-4ff6-864c-7a7353194c8c => generated 258 bytes in 18 msecs (HTTP/1.1 200) 8 headers in 296 bytes (1 switches on core 0)
2026-05-09 02:53:26.064 8 INFO placement.requestlog [req-53f5b13f-cf3b-493d-b769-dc3df2ce832a req-4301ad76-c657-42f6-a4a6-20305fb10112 da2a94fd3a4d44ec976a822e89832f88 0832299ff2cb46cb947b1842de2af760 - - e91e53e0daa844caa087904c56f16ff6 e91e53e0daa844caa087904c56f16ff6] 199.204.45.35 "GET /allocations/ff1425ef-63dd-422d-a365-f1029ab87b73" status: 200 len: 258 microversion: 1.28 [pid: 8|app: 0|req: 517/1026] 199.204.45.35 () {34 vars in 862 bytes} [Sat May 9 02:53:26 2026] GET /allocations/ff1425ef-63dd-422d-a365-f1029ab87b73 => generated 258 bytes in 15 msecs (HTTP/1.1 200) 8 headers in 296 bytes (1 switches on core 0)
2026-05-09 02:53:26.084 7 INFO placement.requestlog [req-53f5b13f-cf3b-493d-b769-dc3df2ce832a req-aec0958a-b4cb-439b-bdcf-44dfb594f89a da2a94fd3a4d44ec976a822e89832f88 0832299ff2cb46cb947b1842de2af760 - - e91e53e0daa844caa087904c56f16ff6 e91e53e0daa844caa087904c56f16ff6] 199.204.45.35 "GET /allocations/9644ce1a-1b7c-4b17-ac82-29ee168d049b" status: 200 len: 258 microversion: 1.28 [pid: 7|app: 0|req: 510/1027] 199.204.45.35 () {34 vars in 862 bytes} [Sat May 9 02:53:26 2026] GET /allocations/9644ce1a-1b7c-4b17-ac82-29ee168d049b => generated 258 bytes in 15 msecs (HTTP/1.1 200) 8 headers in 296 bytes (1 switches on core 0)
