2026-05-11 02:05:46.914 9 INFO neutron.db.ovn_revision_numbers_db [None req-b5cdb392-4ebf-44df-a8e2-61435c99748d 68dfaded7f114828bc762a62846a3ccf 12ed02e8e0f5488ba3263ea8f3a37c50 - - default default] Successfully bumped revision number for resource aefe1e5f-ae44-455e-a133-542c9dabc147 (type: security_groups) to 1
2026-05-11 02:05:46.916 9 WARNING neutron.scheduler.dhcp_agent_scheduler [None req-d66c0ed6-9326-4edb-9983-299d89f0c2d3 68dfaded7f114828bc762a62846a3ccf 12ed02e8e0f5488ba3263ea8f3a37c50 - - default default] No more DHCP agents
2026-05-11 02:05:46.920 9 WARNING neutron.api.rpc.agentnotifiers.dhcp_rpc_agent_api [None req-d66c0ed6-9326-4edb-9983-299d89f0c2d3 68dfaded7f114828bc762a62846a3ccf 12ed02e8e0f5488ba3263ea8f3a37c50 - - default default] Unable to schedule network c9b732d3-b032-4359-acc9-7bea4e8cc746: no agents available; will retry on subsequent port and subnet creation events.
2026-05-11 02:05:46.949 9 INFO neutron.wsgi [None req-b5cdb392-4ebf-44df-a8e2-61435c99748d 68dfaded7f114828bc762a62846a3ccf 12ed02e8e0f5488ba3263ea8f3a37c50 - - default default] 10.0.0.187 "GET /v2.0/security-groups?tenant_id=a298390cf9894a1db44cb4a961241a53&name=default HTTP/1.1" status: 200 len: 2996 time: 0.1889892
2026-05-11 02:05:47.112 10 INFO neutron.wsgi [None req-10c6d0e6-cfb4-4e7d-ae71-ec901e81e915 7a5a98393529492ba890fdfafe052b3e 48a449718b4f466287d8f44234d5213c - - - -] 10.0.0.187 "DELETE /v2.0/routers/97805499-5a01-4298-9ff6-5e8733c25b7f HTTP/1.1" status: 204 len: 168 time: 0.3436210
2026-05-11 02:05:47.154 10 INFO neutron.db.ovn_revision_numbers_db [None req-6af25f7f-2184-4321-9318-db8febe037e8 7b45719beafd4f93a9129b3b9f7020aa c7103268e5d14c7d9d04c92f20117857 - - - -] Successfully bumped revision number for resource e0dbb6a4-e385-4257-ac34-1b4516947a2c (type: ports) to 2
2026-05-11 02:05:47.195 10 INFO neutron.db.ovn_revision_numbers_db [None req-6af25f7f-2184-4321-9318-db8febe037e8 7b45719beafd4f93a9129b3b9f7020aa c7103268e5d14c7d9d04c92f20117857 - - - -] Successfully bumped revision number for resource 8de5a842-052c-4604-a84b-b1b1ef6c0dc1 (type: subnets) to 0
2026-05-11 02:05:47.226 10 INFO neutron.wsgi [None req-6af25f7f-2184-4321-9318-db8febe037e8 7b45719beafd4f93a9129b3b9f7020aa c7103268e5d14c7d9d04c92f20117857 - - - -] 10.0.0.187 "POST /v2.0/subnets HTTP/1.1" status: 201 len: 801 time: 1.3857532
2026-05-11 02:05:47.444 9 INFO neutron.db.ovn_revision_numbers_db [None req-d66c0ed6-9326-4edb-9983-299d89f0c2d3 68dfaded7f114828bc762a62846a3ccf 12ed02e8e0f5488ba3263ea8f3a37c50 - - default default] Successfully bumped revision number for resource 0d94b462-ea2c-4806-8260-f1cbef584230 (type: ports) to 1
2026-05-11 02:05:47.572 9 INFO neutron.wsgi [None req-933f9369-04bf-4aa9-a7e0-6f4652934d62 68dfaded7f114828bc762a62846a3ccf 12ed02e8e0f5488ba3263ea8f3a37c50 - - - -] 10.0.0.187 "DELETE /v2.0/security-groups/aefe1e5f-ae44-455e-a133-542c9dabc147 HTTP/1.1" status: 204 len: 168 time: 0.6168165
2026-05-11 02:05:47.673 10 INFO neutron.db.ovn_revision_numbers_db [None req-0a3a03fc-5e2f-4243-8b93-b69b9a98df38 - - - - - -] Successfully bumped revision number for resource f67e0389-cd63-43a9-9242-72f3e0fc72f0 (type: ports) to 1
2026-05-11 02:05:47.687 10 INFO neutron.wsgi [None req-7965e82f-aa51-491e-aa8f-9d6badb8bd21 7a5a98393529492ba890fdfafe052b3e 48a449718b4f466287d8f44234d5213c - - - -] 10.0.0.187 "DELETE /v2.0/subnets/248bd2ea-9c3b-433d-a8cc-e54348b5e5af HTTP/1.1" status: 204 len: 168 time: 0.5671177
2026-05-11 02:05:47.929 9 INFO neutron.db.ovn_revision_numbers_db [None req-d66c0ed6-9326-4edb-9983-299d89f0c2d3 68dfaded7f114828bc762a62846a3ccf 12ed02e8e0f5488ba3263ea8f3a37c50 - - default default] Successfully bumped revision number for resource 0d94b462-ea2c-4806-8260-f1cbef584230 (type: router_ports) to 2
2026-05-11 02:05:47.939 9 INFO neutron.wsgi [None req-ecfbbd2f-ebdd-4933-bd54-a636305df623 7a5a98393529492ba890fdfafe052b3e 48a449718b4f466287d8f44234d5213c - - - -] 10.0.0.187 "DELETE /v2.0/subnets/5d78440b-6e9b-42c9-83a6-03dc351e4498 HTTP/1.1" status: 204 len: 168 time: 0.2447448
2026-05-11 02:05:47.978 10 WARNING neutron.scheduler.dhcp_agent_scheduler [None req-e9824428-3ce2-48a8-9afa-655e6e81a2c5 7b45719beafd4f93a9129b3b9f7020aa c7103268e5d14c7d9d04c92f20117857 - - - -] No more DHCP agents
2026-05-11 02:05:47.982 10 WARNING neutron.api.rpc.agentnotifiers.dhcp_rpc_agent_api [None req-e9824428-3ce2-48a8-9afa-655e6e81a2c5 7b45719beafd4f93a9129b3b9f7020aa c7103268e5d14c7d9d04c92f20117857 - - - -] Unable to schedule network 803dd5dd-4a4e-4f88-8957-88a1de1851ff: no agents available; will retry on subsequent port and subnet creation events.
2026-05-11 02:05:48.056 9 INFO neutron.db.ovn_revision_numbers_db [None req-d66c0ed6-9326-4edb-9983-299d89f0c2d3 68dfaded7f114828bc762a62846a3ccf 12ed02e8e0f5488ba3263ea8f3a37c50 - - default default] Successfully bumped revision number for resource 0d94b462-ea2c-4806-8260-f1cbef584230 (type: ports) to 2
2026-05-11 02:05:48.109 10 INFO neutron.db.ovn_revision_numbers_db [None req-0a3a03fc-5e2f-4243-8b93-b69b9a98df38 - - - - - -] Successfully bumped revision number for resource f67e0389-cd63-43a9-9242-72f3e0fc72f0 (type: router_ports) to 3
2026-05-11 02:05:48.120 9 WARNING neutron.scheduler.dhcp_agent_scheduler [None req-d66c0ed6-9326-4edb-9983-299d89f0c2d3 68dfaded7f114828bc762a62846a3ccf 12ed02e8e0f5488ba3263ea8f3a37c50 - - default default] No more DHCP agents
2026-05-11 02:05:48.121 9 WARNING neutron.api.rpc.agentnotifiers.dhcp_rpc_agent_api [None req-d66c0ed6-9326-4edb-9983-299d89f0c2d3 68dfaded7f114828bc762a62846a3ccf 12ed02e8e0f5488ba3263ea8f3a37c50 - - default default] Unable to schedule network c9b732d3-b032-4359-acc9-7bea4e8cc746: no agents available; will retry on subsequent port and subnet creation events.
2026-05-11 02:05:48.251 10 INFO neutron.db.ovn_revision_numbers_db [None req-e9824428-3ce2-48a8-9afa-655e6e81a2c5 7b45719beafd4f93a9129b3b9f7020aa c7103268e5d14c7d9d04c92f20117857 - - - -] Successfully bumped revision number for resource 71ef1044-1822-4405-8ec9-8a437c4760b1 (type: ports) to 1
2026-05-11 02:05:48.305 10 INFO neutron.wsgi [None req-e9824428-3ce2-48a8-9afa-655e6e81a2c5 7b45719beafd4f93a9129b3b9f7020aa c7103268e5d14c7d9d04c92f20117857 - - - -] 10.0.0.187 "POST /v2.0/ports HTTP/1.1" status: 201 len: 1110 time: 1.0682702
2026-05-11 02:05:48.413 10 INFO neutron.db.ovn_revision_numbers_db [None req-0a3a03fc-5e2f-4243-8b93-b69b9a98df38 - - - - - -] Successfully bumped revision number for resource f67e0389-cd63-43a9-9242-72f3e0fc72f0 (type: ports) to 2
2026-05-11 02:05:48.482 10 INFO neutron.services.segments.plugin [-] Segment facd0f80-2e4d-41c5-9509-0220baa43f0b resource provider aggregate not found
2026-05-11 02:05:48.491 10 INFO neutron.services.segments.plugin [-] Segment facd0f80-2e4d-41c5-9509-0220baa43f0b resource provider aggregate not found
2026-05-11 02:05:48.514 10 INFO neutron.services.segments.plugin [-] Segment facd0f80-2e4d-41c5-9509-0220baa43f0b resource provider not found; error: Placement Client Error (4xx): {"errors": [{"status": 404, "title": "Not Found", "detail": "The resource could not be found.\n\n No resource provider with uuid facd0f80-2e4d-41c5-9509-0220baa43f0b found for delete ", "request_id": "req-38b1743b-e934-4a53-95f6-fd30a924ee8d"}]}
2026-05-11 02:05:48.524 10 INFO neutron.services.segments.plugin [-] Segment facd0f80-2e4d-41c5-9509-0220baa43f0b resource provider not found; error: Placement Client Error (4xx): {"errors": [{"status": 404, "title": "Not Found", "detail": "The resource could not be found.\n\n No resource provider with uuid facd0f80-2e4d-41c5-9509-0220baa43f0b found for delete ", "request_id": "req-1b743107-bcc6-437f-8cb3-7370a09dd64b"}]}
2026-05-11 02:05:48.536 9 INFO neutron.db.ovn_revision_numbers_db [None req-d66c0ed6-9326-4edb-9983-299d89f0c2d3 68dfaded7f114828bc762a62846a3ccf 12ed02e8e0f5488ba3263ea8f3a37c50 - - - -] Successfully bumped revision number for resource 0d94b462-ea2c-4806-8260-f1cbef584230 (type: router_ports) to 2
2026-05-11 02:05:48.540 9 INFO neutron.wsgi [None req-d66c0ed6-9326-4edb-9983-299d89f0c2d3 68dfaded7f114828bc762a62846a3ccf 12ed02e8e0f5488ba3263ea8f3a37c50 - - - -] 10.0.0.187 "PUT /v2.0/routers/2600e162-b6be-4672-b2ca-60369dcc0a30/add_router_interface HTTP/1.1" status: 200 len: 503 time: 2.0799985
2026-05-11 02:05:48.597 10 INFO neutron.wsgi [None req-c561bea0-c112-4cb4-a58c-7fa3e7cdf010 7a5a98393529492ba890fdfafe052b3e 48a449718b4f466287d8f44234d5213c - - - -] 10.0.0.187 "DELETE /v2.0/networks/8e7795cd-74f7-4e66-a1d6-0b81a5390989 HTTP/1.1" status: 204 len: 168 time: 0.6513362
2026-05-11 02:05:48.795 10 INFO neutron.db.ovn_revision_numbers_db [None req-0a3a03fc-5e2f-4243-8b93-b69b9a98df38 - - - - - -] Successfully bumped revision number for resource f67e0389-cd63-43a9-9242-72f3e0fc72f0 (type: ports) to 4
2026-05-11 02:05:48.835 10 INFO neutron.wsgi [None req-44f56a94-5481-4663-a277-64ea03b08419 7b45719beafd4f93a9129b3b9f7020aa c7103268e5d14c7d9d04c92f20117857 - - - -] 10.0.0.187 "DELETE /v2.0/ports/71ef1044-1822-4405-8ec9-8a437c4760b1 HTTP/1.1" status: 204 len: 168 time: 0.5247676
2026-05-11 02:05:48.863 10 INFO neutron.pecan_wsgi.hooks.translation [None req-0575cc31-28c9-4a09-9a83-c003f22dbe5c 7b45719beafd4f93a9129b3b9f7020aa c7103268e5d14c7d9d04c92f20117857 - - default default] GET failed (client error): The resource could not be found.
2026-05-11 02:05:48.865 10 INFO neutron.wsgi [None req-0575cc31-28c9-4a09-9a83-c003f22dbe5c 7b45719beafd4f93a9129b3b9f7020aa c7103268e5d14c7d9d04c92f20117857 - - default default] 10.0.0.187 "GET /v2.0/ports/71ef1044-1822-4405-8ec9-8a437c4760b1 HTTP/1.1" status: 404 len: 333 time: 0.0230963
2026-05-11 02:05:48.952 9 INFO neutron.services.segments.plugin [-] Segment f699b410-9098-485c-b5af-df371db4200e resource provider aggregate not found
2026-05-11 02:05:48.957 9 INFO neutron.services.segments.plugin [-] Segment f699b410-9098-485c-b5af-df371db4200e resource provider aggregate not found
2026-05-11 02:05:48.980 9 INFO neutron.services.segments.plugin [-] Segment f699b410-9098-485c-b5af-df371db4200e resource provider not found; error: Placement Client Error (4xx): {"errors": [{"status": 404, "title": "Not Found", "detail": "The resource could not be found.\n\n No resource provider with uuid f699b410-9098-485c-b5af-df371db4200e found for delete ", "request_id": "req-d03348fc-90ee-4ca4-8427-8c3bbebf3cd0"}]}
2026-05-11 02:05:48.981 9 INFO neutron.services.segments.plugin [-] Segment f699b410-9098-485c-b5af-df371db4200e resource provider not found; error: Placement Client Error (4xx): {"errors": [{"status": 404, "title": "Not Found", "detail": "The resource could not be found.\n\n No resource provider with uuid f699b410-9098-485c-b5af-df371db4200e found for delete ", "request_id": "req-0c0e2ae5-87d9-4e62-b157-caf0c1c92be8"}]}
2026-05-11 02:05:48.989 9 INFO neutron.wsgi [None req-e78c884d-ab43-4187-87ec-f6ddd5d86bca 7a5a98393529492ba890fdfafe052b3e 48a449718b4f466287d8f44234d5213c - - - -] 10.0.0.187 "DELETE /v2.0/networks/54e881ca-0094-43fe-bbce-48bf8a2081b3 HTTP/1.1" status: 204 len: 168 time: 0.3840959
2026-05-11 02:05:49.080 9 INFO neutron.db.segments_db [None req-e110152d-71b2-4640-8e4d-573c4b1efe15 7a5a98393529492ba890fdfafe052b3e 48a449718b4f466287d8f44234d5213c - - - -] Added segment 7a200a9f-d38d-4841-a81d-5b640af885e9 of type geneve for network 37bc9f73-879a-4e24-aea5-0f5a4f0e2bcb
2026-05-11 02:05:49.114 10 INFO neutron.db.ovn_revision_numbers_db [None req-0a3a03fc-5e2f-4243-8b93-b69b9a98df38 - - - - - -] Successfully bumped revision number for resource f67e0389-cd63-43a9-9242-72f3e0fc72f0 (type: router_ports) to 4
2026-05-11 02:05:49.177 10 INFO neutron.wsgi [None req-b392b4e9-aba2-43f6-bb6c-df3a0ac0419a 7b45719beafd4f93a9129b3b9f7020aa c7103268e5d14c7d9d04c92f20117857 - - - -] 10.0.0.187 "DELETE /v2.0/subnets/8de5a842-052c-4604-a84b-b1b1ef6c0dc1 HTTP/1.1" status: 204 len: 168 time: 0.3069954
2026-05-11 02:05:49.245 9 INFO neutron.db.ovn_revision_numbers_db [None req-e110152d-71b2-4640-8e4d-573c4b1efe15 7a5a98393529492ba890fdfafe052b3e 48a449718b4f466287d8f44234d5213c - - - -] Successfully bumped revision number for resource 37bc9f73-879a-4e24-aea5-0f5a4f0e2bcb (type: networks) to 1
2026-05-11 02:05:49.416 10 INFO neutron.db.ovn_revision_numbers_db [None req-8ead0cf7-4725-42c3-867f-58509a9f43ca d38c95e0d1c147c89480807443264d2f 2d14431bfd0146399536ab26bd69aa58 - - - -] Successfully bumped revision number for resource 7303705d-871a-4194-9c4f-0faae2a2b42a (type: security_groups) to 1
2026-05-11 02:05:49.440 10 INFO neutron.wsgi [None req-8ead0cf7-4725-42c3-867f-58509a9f43ca d38c95e0d1c147c89480807443264d2f 2d14431bfd0146399536ab26bd69aa58 - - - -] 10.0.0.187 "POST /v2.0/security-groups HTTP/1.1" status: 201 len: 1796 time: 0.1652293
2026-05-11 02:05:49.462 9 WARNING neutron.scheduler.dhcp_agent_scheduler [None req-e110152d-71b2-4640-8e4d-573c4b1efe15 7a5a98393529492ba890fdfafe052b3e 48a449718b4f466287d8f44234d5213c - - - -] No more DHCP agents
2026-05-11 02:05:49.464 9 WARNING neutron.api.rpc.agentnotifiers.dhcp_rpc_agent_api [None req-e110152d-71b2-4640-8e4d-573c4b1efe15 7a5a98393529492ba890fdfafe052b3e 48a449718b4f466287d8f44234d5213c - - - -] Unable to schedule network 37bc9f73-879a-4e24-aea5-0f5a4f0e2bcb: no agents available; will retry on subsequent port and subnet creation events.
2026-05-11 02:05:49.534 9 INFO neutron.db.ovn_revision_numbers_db [None req-e110152d-71b2-4640-8e4d-573c4b1efe15 7a5a98393529492ba890fdfafe052b3e 48a449718b4f466287d8f44234d5213c - - - -] Successfully bumped revision number for resource 1bde02c7-1ec0-4d56-8f21-9995e952a40b (type: ports) to 1
2026-05-11 02:05:49.560 9 INFO neutron.wsgi [None req-e110152d-71b2-4640-8e4d-573c4b1efe15 7a5a98393529492ba890fdfafe052b3e 48a449718b4f466287d8f44234d5213c - - - -] 10.0.0.187 "POST /v2.0/networks HTTP/1.1" status: 201 len: 833 time: 0.5592203
2026-05-11 02:05:49.583 9 INFO neutron.db.ovn_revision_numbers_db [None req-c2f25e79-4776-4a8c-86d4-c8ab7589f518 d38c95e0d1c147c89480807443264d2f 2d14431bfd0146399536ab26bd69aa58 - - - -] Successfully bumped revision number for resource d5444ab3-4dd5-431b-83ec-09a8a714d523 (type: security_group_rules) to 0
2026-05-11 02:05:49.585 10 INFO neutron.wsgi [None req-1c22d1c6-5073-4dce-a44b-280792d04946 7b45719beafd4f93a9129b3b9f7020aa c7103268e5d14c7d9d04c92f20117857 - - - -] 10.0.0.187 "DELETE /v2.0/networks/803dd5dd-4a4e-4f88-8957-88a1de1851ff HTTP/1.1" status: 204 len: 168 time: 0.3966510
2026-05-11 02:05:49.608 9 INFO neutron.wsgi [None req-c2f25e79-4776-4a8c-86d4-c8ab7589f518 d38c95e0d1c147c89480807443264d2f 2d14431bfd0146399536ab26bd69aa58 - - - -] 10.0.0.187 "POST /v2.0/security-group-rules HTTP/1.1" status: 201 len: 764 time: 0.1597381
2026-05-11 02:05:49.720 9 INFO neutron.db.ovn_revision_numbers_db [None req-4987a1e5-670f-4585-a042-eb14147e3bde d38c95e0d1c147c89480807443264d2f 2d14431bfd0146399536ab26bd69aa58 - - - -] Successfully bumped revision number for resource 71d9edbf-2fa1-4605-a69e-7d35936841ab (type: security_group_rules) to 0
2026-05-11 02:05:49.747 9 INFO neutron.wsgi [None req-4987a1e5-670f-4585-a042-eb14147e3bde d38c95e0d1c147c89480807443264d2f 2d14431bfd0146399536ab26bd69aa58 - - - -] 10.0.0.187 "POST /v2.0/security-group-rules HTTP/1.1" status: 201 len: 769 time: 0.1336284
2026-05-11 02:05:50.020 9 WARNING neutron.scheduler.dhcp_agent_scheduler [None req-b9f88740-a016-4607-8d5c-d9f87d125f17 d38c95e0d1c147c89480807443264d2f 2d14431bfd0146399536ab26bd69aa58 - - - -] No more DHCP agents
2026-05-11 02:05:50.023 9 WARNING neutron.api.rpc.agentnotifiers.dhcp_rpc_agent_api [None req-b9f88740-a016-4607-8d5c-d9f87d125f17 d38c95e0d1c147c89480807443264d2f 2d14431bfd0146399536ab26bd69aa58 - - - -] Unable to schedule network 39fcdedb-ef8a-4d06-a9b1-15213436b075: no agents available; will retry on subsequent port and subnet creation events.
2026-05-11 02:05:50.201 9 INFO neutron.db.ovn_revision_numbers_db [None req-77d2120a-a00c-4216-a92b-4d8492d376d6 68dfaded7f114828bc762a62846a3ccf 12ed02e8e0f5488ba3263ea8f3a37c50 - - default default] Successfully bumped revision number for resource 5c83911f-6775-4110-99fc-df1a0795fb8f (type: security_groups) to 1
2026-05-11 02:05:50.232 9 INFO neutron.wsgi [None req-77d2120a-a00c-4216-a92b-4d8492d376d6 68dfaded7f114828bc762a62846a3ccf 12ed02e8e0f5488ba3263ea8f3a37c50 - - default default] 10.0.0.187 "GET /v2.0/security-groups?tenant_id=3a560228003d450aad9ffc618c664526&name=default HTTP/1.1" status: 200 len: 2996 time: 0.3032656
2026-05-11 02:05:50.318 10 WARNING neutron.scheduler.dhcp_agent_scheduler [None req-85a204af-3b04-487a-a369-90538f2970df 7b45719beafd4f93a9129b3b9f7020aa c7103268e5d14c7d9d04c92f20117857 - - - -] No more DHCP agents
2026-05-11 02:05:50.321 10 WARNING neutron.api.rpc.agentnotifiers.dhcp_rpc_agent_api [None req-85a204af-3b04-487a-a369-90538f2970df 7b45719beafd4f93a9129b3b9f7020aa c7103268e5d14c7d9d04c92f20117857 - - - -] Unable to schedule network 13717e3a-ca82-4d6f-897d-c18b483e5559: no agents available; will retry on subsequent port and subnet creation events.
2026-05-11 02:05:50.342 10 WARNING neutron.scheduler.dhcp_agent_scheduler [None req-cfad80b7-0fce-42ad-9af4-62fcab41dd93 7a5a98393529492ba890fdfafe052b3e 48a449718b4f466287d8f44234d5213c - - - -] No more DHCP agents
2026-05-11 02:05:50.347 10 WARNING neutron.api.rpc.agentnotifiers.dhcp_rpc_agent_api [None req-cfad80b7-0fce-42ad-9af4-62fcab41dd93 7a5a98393529492ba890fdfafe052b3e 48a449718b4f466287d8f44234d5213c - - - -] Unable to schedule network 37bc9f73-879a-4e24-aea5-0f5a4f0e2bcb: no agents available; will retry on subsequent port and subnet creation events.
2026-05-11 02:05:50.374 9 INFO neutron.db.ovn_revision_numbers_db [None req-b9f88740-a016-4607-8d5c-d9f87d125f17 d38c95e0d1c147c89480807443264d2f 2d14431bfd0146399536ab26bd69aa58 - - - -] Successfully bumped revision number for resource fe125820-a771-43bc-95bb-972a9cd3f2c6 (type: floatingips) to 0
2026-05-11 02:05:50.376 10 INFO neutron.db.ovn_revision_numbers_db [None req-cfad80b7-0fce-42ad-9af4-62fcab41dd93 7a5a98393529492ba890fdfafe052b3e 48a449718b4f466287d8f44234d5213c - - - -] Successfully bumped revision number for resource ff1e2d2b-fc07-43b2-8d8a-806a36fe0589 (type: subnets) to 0
2026-05-11 02:05:50.393 10 INFO neutron.wsgi [None req-cfad80b7-0fce-42ad-9af4-62fcab41dd93 7a5a98393529492ba890fdfafe052b3e 48a449718b4f466287d8f44234d5213c - - - -] 10.0.0.187 "POST /v2.0/subnets HTTP/1.1" status: 201 len: 821 time: 0.8262227
2026-05-11 02:05:50.394 10 INFO neutron.db.ovn_revision_numbers_db [None req-85a204af-3b04-487a-a369-90538f2970df 7b45719beafd4f93a9129b3b9f7020aa c7103268e5d14c7d9d04c92f20117857 - - - -] Successfully bumped revision number for resource 5c98b402-aa60-44d3-ae50-de38b4e17c90 (type: ports) to 1
2026-05-11 02:05:50.397 9 INFO neutron.wsgi [None req-b9f88740-a016-4607-8d5c-d9f87d125f17 d38c95e0d1c147c89480807443264d2f 2d14431bfd0146399536ab26bd69aa58 - - - -] 10.0.0.187 "POST /v2.0/floatingips HTTP/1.1" status: 201 len: 751 time: 0.6464427
2026-05-11 02:05:50.422 10 INFO neutron.wsgi [None req-85a204af-3b04-487a-a369-90538f2970df 7b45719beafd4f93a9129b3b9f7020aa c7103268e5d14c7d9d04c92f20117857 - - - -] 10.0.0.187 "POST /v2.0/ports HTTP/1.1" status: 201 len: 974 time: 0.8260098 /var/lib/openstack/lib/python3.10/site-packages/pycadf/identifier.py:71: UserWarning: Invalid uuid: neutron. To ensure interoperability, identifiers should be a valid uuid. warnings.warn(('Invalid uuid: %s. To ensure interoperability, '
2026-05-11 02:05:50.526 9 WARNING neutron.plugins.ml2.drivers.ovn.mech_driver.ovsdb.ovn_client [None req-ec5ae705-1539-416b-bc6e-d2d369a55702 - - - - - -] No port found with ID 23d28689-a5f0-4480-a2ac-a7483e1edd95: RuntimeError: No port found with ID 23d28689-a5f0-4480-a2ac-a7483e1edd95
2026-05-11 02:05:50.526 9 INFO neutron.plugins.ml2.drivers.ovn.mech_driver.mech_driver [None req-ec5ae705-1539-416b-bc6e-d2d369a55702 - - - - - -] OVN reports status up for port: 0d94b462-ea2c-4806-8260-f1cbef584230
2026-05-11 02:05:50.541 10 INFO neutron.services.segments.plugin [-] Segment ef357b58-8373-4fb8-a10f-5760dbc813df resource provider aggregate not found
2026-05-11 02:05:50.548 10 INFO neutron.services.segments.plugin [-] Segment ef357b58-8373-4fb8-a10f-5760dbc813df resource provider aggregate not found
2026-05-11 02:05:50.548 9 INFO neutron.plugins.ml2.plugin [None req-ec5ae705-1539-416b-bc6e-d2d369a55702 - - - - - -] Attempt 1 to provision port 0d94b462-ea2c-4806-8260-f1cbef584230
2026-05-11 02:05:50.553 9 INFO neutron.wsgi [None req-8a7ea7e7-cda3-47a8-bd2d-b9fa09a8c8d0 68dfaded7f114828bc762a62846a3ccf 12ed02e8e0f5488ba3263ea8f3a37c50 - - - -] 10.0.0.187 "DELETE /v2.0/security-groups/5c83911f-6775-4110-99fc-df1a0795fb8f HTTP/1.1" status: 204 len: 168 time: 0.3147297
2026-05-11 02:05:50.569 10 INFO neutron.services.segments.plugin [-] Segment ef357b58-8373-4fb8-a10f-5760dbc813df resource provider not found; error: Placement Client Error (4xx): {"errors": [{"status": 404, "title": "Not Found", "detail": "The resource could not be found.\n\n No resource provider with uuid ef357b58-8373-4fb8-a10f-5760dbc813df found for delete ", "request_id": "req-13fcff7a-92d6-4658-9ef8-bfad2a2e5626"}]}
2026-05-11 02:05:50.570 10 INFO neutron.services.segments.plugin [-] Segment ef357b58-8373-4fb8-a10f-5760dbc813df resource provider not found; error: Placement Client Error (4xx): {"errors": [{"status": 404, "title": "Not Found", "detail": "The resource could not be found.\n\n No resource provider with uuid ef357b58-8373-4fb8-a10f-5760dbc813df found for delete ", "request_id": "req-e9270456-d764-4e01-aabe-27d284dcb6fc"}]}
2026-05-11 02:05:50.622 9 INFO neutron.db.ovn_revision_numbers_db [None req-1b52dd61-2b0d-45df-8b65-ccf87531cdb4 7a5a98393529492ba890fdfafe052b3e 48a449718b4f466287d8f44234d5213c - - - -] Successfully bumped revision number for resource ea6460b7-f70d-430a-a082-11ac30089282 (type: routers) to 1
2026-05-11 02:05:50.644 9 INFO neutron.wsgi [None req-1b52dd61-2b0d-45df-8b65-ccf87531cdb4 7a5a98393529492ba890fdfafe052b3e 48a449718b4f466287d8f44234d5213c - - - -] 10.0.0.187 "POST /v2.0/routers HTTP/1.1" status: 201 len: 690 time: 0.2417345 /var/lib/openstack/lib/python3.10/site-packages/pycadf/identifier.py:71: UserWarning: Invalid uuid: neutron. To ensure interoperability, identifiers should be a valid uuid. warnings.warn(('Invalid uuid: %s. To ensure interoperability, '
2026-05-11 02:05:50.683 10 INFO neutron.db.ovn_revision_numbers_db [None req-6b109d86-ec4e-489d-99d4-2c0606de9280 7b45719beafd4f93a9129b3b9f7020aa c7103268e5d14c7d9d04c92f20117857 - - - -] Successfully bumped revision number for resource 5c98b402-aa60-44d3-ae50-de38b4e17c90 (type: ports) to 2
2026-05-11 02:05:50.693 10 INFO neutron.wsgi [None req-6b109d86-ec4e-489d-99d4-2c0606de9280 7b45719beafd4f93a9129b3b9f7020aa c7103268e5d14c7d9d04c92f20117857 - - - -] 10.0.0.187 "PUT /v2.0/ports/5c98b402-aa60-44d3-ae50-de38b4e17c90 HTTP/1.1" status: 200 len: 946 time: 0.2651806
2026-05-11 02:05:50.814 9 INFO neutron.db.ovn_revision_numbers_db [None req-ec5ae705-1539-416b-bc6e-d2d369a55702 - - - - - -] Successfully bumped revision number for resource 0d94b462-ea2c-4806-8260-f1cbef584230 (type: ports) to 3
2026-05-11 02:05:50.954 10 INFO neutron.wsgi [req-7522011d-0129-47ce-9dbb-a191a9ff196d req-0380143f-177a-47e5-835d-313d11bdb75d d38c95e0d1c147c89480807443264d2f 2d14431bfd0146399536ab26bd69aa58 - - default default] 10.0.0.181 "GET /v2.0/security-groups?name=tempest-securitygroup--171163844&fields=id&tenant_id=2d14431bfd0146399536ab26bd69aa58 HTTP/1.1" status: 200 len: 267 time: 0.0665686
2026-05-11 02:05:50.961 9 INFO neutron.db.ovn_revision_numbers_db [None req-ec5ae705-1539-416b-bc6e-d2d369a55702 - - - - - -] Successfully bumped revision number for resource 0d94b462-ea2c-4806-8260-f1cbef584230 (type: router_ports) to 3
2026-05-11 02:05:51.064 10 INFO neutron.wsgi [req-7522011d-0129-47ce-9dbb-a191a9ff196d req-de97845f-9253-4de0-94f6-d81df5d2eac0 d38c95e0d1c147c89480807443264d2f 2d14431bfd0146399536ab26bd69aa58 - - default default] 10.0.0.181 "GET /v2.0/networks?id=c9b732d3-b032-4359-acc9-7bea4e8cc746 HTTP/1.1" status: 200 len: 868 time: 0.1021149
2026-05-11 02:05:51.085 10 INFO neutron.wsgi [None req-470597ab-11eb-4c8b-930e-b8260b73d79b 7b45719beafd4f93a9129b3b9f7020aa c7103268e5d14c7d9d04c92f20117857 - - - -] 10.0.0.187 "DELETE /v2.0/ports/5c98b402-aa60-44d3-ae50-de38b4e17c90 HTTP/1.1" status: 204 len: 168 time: 0.3867583
2026-05-11 02:05:51.093 10 INFO neutron.wsgi [req-7522011d-0129-47ce-9dbb-a191a9ff196d req-be864470-c969-43d8-b628-7c49db3d5947 d38c95e0d1c147c89480807443264d2f 2d14431bfd0146399536ab26bd69aa58 - - default default] 10.0.0.181 "GET /v2.0/quotas/2d14431bfd0146399536ab26bd69aa58 HTTP/1.1" status: 200 len: 386 time: 0.0184624 /var/lib/openstack/lib/python3.10/site-packages/pycadf/identifier.py:71: UserWarning: Invalid uuid: neutron. To ensure interoperability, identifiers should be a valid uuid. warnings.warn(('Invalid uuid: %s. To ensure interoperability, '
2026-05-11 02:05:51.150 10 WARNING neutron.scheduler.dhcp_agent_scheduler [None req-cdfe6d0e-c38f-4a9b-bc4f-8ad41704aecb 7a5a98393529492ba890fdfafe052b3e 48a449718b4f466287d8f44234d5213c - - - -] No more DHCP agents
2026-05-11 02:05:51.155 10 WARNING neutron.api.rpc.agentnotifiers.dhcp_rpc_agent_api [None req-cdfe6d0e-c38f-4a9b-bc4f-8ad41704aecb 7a5a98393529492ba890fdfafe052b3e 48a449718b4f466287d8f44234d5213c - - - -] Unable to schedule network 37bc9f73-879a-4e24-aea5-0f5a4f0e2bcb: no agents available; will retry on subsequent port and subnet creation events.
2026-05-11 02:05:51.221 10 INFO neutron.wsgi [None req-9e63eb1c-3685-44ba-a8fa-e4e3d5773fc8 7b45719beafd4f93a9129b3b9f7020aa c7103268e5d14c7d9d04c92f20117857 - - default default] 10.0.0.187 "GET /v2.0/ports HTTP/1.1" status: 200 len: 1729 time: 0.1305912
2026-05-11 02:05:51.239 10 INFO neutron.wsgi [req-7522011d-0129-47ce-9dbb-a191a9ff196d req-2017b0ac-6a79-4aa8-bb8e-b12ee43e07e2 d38c95e0d1c147c89480807443264d2f 2d14431bfd0146399536ab26bd69aa58 - - default default] 10.0.0.181 "GET /v2.0/ports?tenant_id=2d14431bfd0146399536ab26bd69aa58&fields=id HTTP/1.1" status: 200 len: 302 time: 0.1394019
2026-05-11 02:05:51.251 9 INFO neutron.pecan_wsgi.hooks.translation [None req-f4ae66d2-7597-4002-935e-40c3c3fba8a2 7b45719beafd4f93a9129b3b9f7020aa c7103268e5d14c7d9d04c92f20117857 - - default default] GET failed (client error): The resource could not be found.
2026-05-11 02:05:51.253 9 INFO neutron.wsgi [None req-f4ae66d2-7597-4002-935e-40c3c3fba8a2 7b45719beafd4f93a9129b3b9f7020aa c7103268e5d14c7d9d04c92f20117857 - - default default] 10.0.0.187 "GET /v2.0/ports/5c98b402-aa60-44d3-ae50-de38b4e17c90 HTTP/1.1" status: 404 len: 333 time: 0.0227449 /var/lib/openstack/lib/python3.10/site-packages/pycadf/identifier.py:71: UserWarning: Invalid uuid: neutron. To ensure interoperability, identifiers should be a valid uuid. warnings.warn(('Invalid uuid: %s. To ensure interoperability, '
2026-05-11 02:05:51.305 10 INFO neutron.db.ovn_revision_numbers_db [None req-cdfe6d0e-c38f-4a9b-bc4f-8ad41704aecb 7a5a98393529492ba890fdfafe052b3e 48a449718b4f466287d8f44234d5213c - - - -] Successfully bumped revision number for resource 86765c74-30dd-45a5-9d59-5b8e6af3d15e (type: ports) to 1
2026-05-11 02:05:51.315 10 INFO neutron.wsgi [req-7522011d-0129-47ce-9dbb-a191a9ff196d req-564b144f-5f4d-4c5c-871b-ce471daed2b2 0d27b22d66f6447fb8900ae6e1468edd 79e045f3e1b94937a780f8721eb0a9f6 - - 3bcd83d7c92d4917a84366fa4c2389d7 3bcd83d7c92d4917a84366fa4c2389d7] 10.0.0.181 "GET /v2.0/networks/c9b732d3-b032-4359-acc9-7bea4e8cc746?fields=segments HTTP/1.1" status: 200 len: 212 time: 0.0601585
2026-05-11 02:05:51.333 10 INFO neutron.wsgi [None req-cdfe6d0e-c38f-4a9b-bc4f-8ad41704aecb 7a5a98393529492ba890fdfafe052b3e 48a449718b4f466287d8f44234d5213c - - - -] 10.0.0.187 "POST /v2.0/ports HTTP/1.1" status: 201 len: 1162 time: 0.6825175
2026-05-11 02:05:51.360 9 INFO neutron.wsgi [None req-4de57383-b183-4159-9afa-3a8ec993c32d 7b45719beafd4f93a9129b3b9f7020aa c7103268e5d14c7d9d04c92f20117857 - - default default] 10.0.0.187 "GET /v2.0/ports HTTP/1.1" status: 200 len: 1729 time: 0.1007619
2026-05-11 02:05:51.396 9 INFO neutron.wsgi [None req-4170e082-7999-4eba-852a-6fd93ebe4097 7b45719beafd4f93a9129b3b9f7020aa c7103268e5d14c7d9d04c92f20117857 - - default default] 10.0.0.187 "GET /v2.0/ports/f3a5ae5c-7c41-4d4c-b285-daf12e425d2b HTTP/1.1" status: 200 len: 969 time: 0.0307786
2026-05-11 02:05:51.419 9 INFO neutron.pecan_wsgi.hooks.translation [None req-7a6886c0-b015-4a0e-b203-e758040f8598 7b45719beafd4f93a9129b3b9f7020aa c7103268e5d14c7d9d04c92f20117857 - - - -] DELETE failed (client error): The resource could not be found.
2026-05-11 02:05:51.421 10 INFO neutron.wsgi [req-7522011d-0129-47ce-9dbb-a191a9ff196d req-da8cb912-7c0a-41fc-9830-8043029e950b 0d27b22d66f6447fb8900ae6e1468edd 79e045f3e1b94937a780f8721eb0a9f6 - - 3bcd83d7c92d4917a84366fa4c2389d7 3bcd83d7c92d4917a84366fa4c2389d7] 10.0.0.181 "GET /v2.0/networks/c9b732d3-b032-4359-acc9-7bea4e8cc746?fields=provider%3Aphysical_network&fields=provider%3Anetwork_type HTTP/1.1" status: 200 len: 277 time: 0.0963948
2026-05-11 02:05:51.421 9 INFO neutron.wsgi [None req-7a6886c0-b015-4a0e-b203-e758040f8598 7b45719beafd4f93a9129b3b9f7020aa c7103268e5d14c7d9d04c92f20117857 - - - -] 10.0.0.187 "DELETE /v2.0/ports/71ef1044-1822-4405-8ec9-8a437c4760b1 HTTP/1.1" status: 404 len: 333 time: 0.0181813
2026-05-11 02:05:51.442 9 INFO neutron.pecan_wsgi.hooks.translation [None req-940bf4a6-1341-47b3-a3d3-edc67a69c1d9 7b45719beafd4f93a9129b3b9f7020aa c7103268e5d14c7d9d04c92f20117857 - - - -] DELETE failed (client error): The resource could not be found.
2026-05-11 02:05:51.444 9 INFO neutron.wsgi [None req-940bf4a6-1341-47b3-a3d3-edc67a69c1d9 7b45719beafd4f93a9129b3b9f7020aa c7103268e5d14c7d9d04c92f20117857 - - - -] 10.0.0.187 "DELETE /v2.0/subnets/8de5a842-052c-4604-a84b-b1b1ef6c0dc1 HTTP/1.1" status: 404 len: 337 time: 0.0186617
2026-05-11 02:05:51.466 9 INFO neutron.pecan_wsgi.hooks.translation [None req-b2641d65-875a-462c-b854-fd8e38bd62e9 7b45719beafd4f93a9129b3b9f7020aa c7103268e5d14c7d9d04c92f20117857 - - - -] DELETE failed (client error): The resource could not be found.
2026-05-11 02:05:51.468 9 INFO neutron.wsgi [None req-b2641d65-875a-462c-b854-fd8e38bd62e9 7b45719beafd4f93a9129b3b9f7020aa c7103268e5d14c7d9d04c92f20117857 - - - -] 10.0.0.187 "DELETE /v2.0/subnets/467209aa-3dfe-4722-ac0b-65400819f5fa HTTP/1.1" status: 404 len: 337 time: 0.0193040
2026-05-11 02:05:51.581 10 INFO neutron.wsgi [req-5d59d7a6-6e4a-4163-9e9a-0f7cb2be63c9 req-4cfb0590-b39a-49a8-b1e8-029709d641a2 d38c95e0d1c147c89480807443264d2f 2d14431bfd0146399536ab26bd69aa58 - - default default] 10.0.0.181 "GET /v2.0/ports?device_id=555d98fa-3ea2-4686-aaa4-cf54da20c4b8 HTTP/1.1" status: 200 len: 210 time: 0.0310333
2026-05-11 02:05:51.746 9 INFO neutron.wsgi [None req-64cac103-2a41-40bd-965f-29b68f0f9f5a 7b45719beafd4f93a9129b3b9f7020aa c7103268e5d14c7d9d04c92f20117857 - - - -] 10.0.0.187 "DELETE /v2.0/ports/f3a5ae5c-7c41-4d4c-b285-daf12e425d2b HTTP/1.1" status: 204 len: 168 time: 0.2740023
2026-05-11 02:05:51.755 10 INFO neutron.plugins.ml2.drivers.ovn.mech_driver.mech_driver [None req-4236fa92-3bba-42d1-8e7f-dfd6b36acf4d - - - - - -] OVN reports status up for port: 86765c74-30dd-45a5-9d59-5b8e6af3d15e
2026-05-11 02:05:51.762 10 INFO neutron.plugins.ml2.plugin [None req-4236fa92-3bba-42d1-8e7f-dfd6b36acf4d - - - - - -] Attempt 1 to provision port 86765c74-30dd-45a5-9d59-5b8e6af3d15e
2026-05-11 02:05:51.764 10 INFO neutron.db.ovn_revision_numbers_db [None req-58a51e54-fd32-4166-8a90-87f07d973fc7 7a5a98393529492ba890fdfafe052b3e 48a449718b4f466287d8f44234d5213c - - default default] Successfully bumped revision number for resource 86765c74-30dd-45a5-9d59-5b8e6af3d15e (type: router_ports) to 2
2026-05-11 02:05:51.932 10 INFO neutron.db.ovn_revision_numbers_db [None req-58a51e54-fd32-4166-8a90-87f07d973fc7 7a5a98393529492ba890fdfafe052b3e 48a449718b4f466287d8f44234d5213c - - default default] Successfully bumped revision number for resource 86765c74-30dd-45a5-9d59-5b8e6af3d15e (type: ports) to 2
2026-05-11 02:05:52.103 10 INFO neutron.db.ovn_revision_numbers_db [None req-4236fa92-3bba-42d1-8e7f-dfd6b36acf4d - - - - - -] Successfully bumped revision number for resource 86765c74-30dd-45a5-9d59-5b8e6af3d15e (type: ports) to 3
2026-05-11 02:05:52.132 9 INFO neutron.services.segments.plugin [-] Segment 0de3ff2c-c156-4fc1-8cd7-baf3e4f4051e resource provider aggregate not found
2026-05-11 02:05:52.151 9 INFO neutron.services.segments.plugin [-] Segment 0de3ff2c-c156-4fc1-8cd7-baf3e4f4051e resource provider not found; error: Placement Client Error (4xx): {"errors": [{"status": 404, "title": "Not Found", "detail": "The resource could not be found.\n\n No resource provider with uuid 0de3ff2c-c156-4fc1-8cd7-baf3e4f4051e found for delete ", "request_id": "req-28776e12-5dc6-405a-a04c-e41730163b91"}]}
2026-05-11 02:05:52.152 9 INFO neutron.services.segments.plugin [-] Segment 0de3ff2c-c156-4fc1-8cd7-baf3e4f4051e resource provider aggregate not found
2026-05-11 02:05:52.200 9 INFO neutron.wsgi [None req-392de84d-c616-4419-97c5-3ac46453a69f 7b45719beafd4f93a9129b3b9f7020aa c7103268e5d14c7d9d04c92f20117857 - - - -] 10.0.0.187 "DELETE /v2.0/networks/13717e3a-ca82-4d6f-897d-c18b483e5559 HTTP/1.1" status: 204 len: 168 time: 0.4459798
2026-05-11 02:05:52.249 9 INFO neutron.services.segments.plugin [-] Segment 0de3ff2c-c156-4fc1-8cd7-baf3e4f4051e resource provider not found; error: Placement Client Error (4xx): {"errors": [{"status": 404, "title": "Not Found", "detail": "The resource could not be found.\n\n No resource provider with uuid 0de3ff2c-c156-4fc1-8cd7-baf3e4f4051e found for delete ", "request_id": "req-c661c0f0-8e7a-49f9-b94a-98b9d06e3e2b"}]} /var/lib/openstack/lib/python3.10/site-packages/pycadf/identifier.py:71: UserWarning: Invalid uuid: neutron. To ensure interoperability, identifiers should be a valid uuid. warnings.warn(('Invalid uuid: %s. To ensure interoperability, '
2026-05-11 02:05:52.601 9 INFO neutron.db.ovn_revision_numbers_db [None req-c2717651-c57d-470d-ab1b-00e80cac7cc5 68dfaded7f114828bc762a62846a3ccf 12ed02e8e0f5488ba3263ea8f3a37c50 - - - -] Successfully bumped revision number for resource 28e5e46f-79c0-4a03-8795-093c94c9128e (type: security_groups) to 1
2026-05-11 02:05:52.661 9 INFO neutron.db.segments_db [None req-c2717651-c57d-470d-ab1b-00e80cac7cc5 68dfaded7f114828bc762a62846a3ccf 12ed02e8e0f5488ba3263ea8f3a37c50 - - - -] Added segment 9b4f9a9d-ea7a-41e7-9aea-42bc25cbad1b of type geneve for network c85be272-d927-442f-a6d8-d35ca84da2f8
2026-05-11 02:05:52.712 10 INFO neutron.wsgi [req-dbeaaa49-c231-4cae-a4fb-75b96e3329f4 req-6268d96a-7a22-4c8e-ac24-1b0abfe77e8b d38c95e0d1c147c89480807443264d2f 2d14431bfd0146399536ab26bd69aa58 - - default default] 10.0.0.181 "GET /v2.0/ports?device_id=555d98fa-3ea2-4686-aaa4-cf54da20c4b8 HTTP/1.1" status: 200 len: 210 time: 0.0437517
2026-05-11 02:05:52.712 10 INFO neutron.db.ovn_revision_numbers_db [None req-4236fa92-3bba-42d1-8e7f-dfd6b36acf4d - - - - - -] Successfully bumped revision number for resource 86765c74-30dd-45a5-9d59-5b8e6af3d15e (type: router_ports) to 3
2026-05-11 02:05:52.774 10 INFO neutron.wsgi [req-7522011d-0129-47ce-9dbb-a191a9ff196d req-1e086d41-e2b4-4021-ae8d-15020954a52a d38c95e0d1c147c89480807443264d2f 2d14431bfd0146399536ab26bd69aa58 - - default default] 199.204.45.250 "GET /v2.0/networks?id=c9b732d3-b032-4359-acc9-7bea4e8cc746 HTTP/1.1" status: 200 len: 868 time: 0.5064802
2026-05-11 02:05:52.830 10 INFO neutron.wsgi [req-7522011d-0129-47ce-9dbb-a191a9ff196d req-6499ca66-b73c-4e4c-a06b-12ad0e3f74cf d38c95e0d1c147c89480807443264d2f 2d14431bfd0146399536ab26bd69aa58 - - default default] 199.204.45.250 "GET /v2.0/security-groups?fields=id&fields=name&tenant_id=2d14431bfd0146399536ab26bd69aa58 HTTP/1.1" status: 200 len: 379 time: 0.0488937 /var/lib/openstack/lib/python3.10/site-packages/pycadf/identifier.py:71: UserWarning: Invalid uuid: neutron. To ensure interoperability, identifiers should be a valid uuid. warnings.warn(('Invalid uuid: %s. To ensure interoperability, '
2026-05-11 02:05:53.001 10 INFO neutron.wsgi [None req-6c8d020d-14e4-4d62-9533-8b726a531a83 68dfaded7f114828bc762a62846a3ccf 12ed02e8e0f5488ba3263ea8f3a37c50 - - default default] 10.0.0.187 "GET /v2.0/security-groups?tenant_id=c7103268e5d14c7d9d04c92f20117857&name=default HTTP/1.1" status: 200 len: 2996 time: 0.2553008
2026-05-11 02:05:53.114 10 INFO neutron.db.ovn_revision_numbers_db [None req-58a51e54-fd32-4166-8a90-87f07d973fc7 7a5a98393529492ba890fdfafe052b3e 48a449718b4f466287d8f44234d5213c - - default default] Successfully bumped revision number for resource 86765c74-30dd-45a5-9d59-5b8e6af3d15e (type: ports) to 4
2026-05-11 02:05:53.118 9 INFO neutron.db.ovn_revision_numbers_db [None req-c2717651-c57d-470d-ab1b-00e80cac7cc5 68dfaded7f114828bc762a62846a3ccf 12ed02e8e0f5488ba3263ea8f3a37c50 - - - -] Successfully bumped revision number for resource c85be272-d927-442f-a6d8-d35ca84da2f8 (type: networks) to 1
2026-05-11 02:05:53.221 10 WARNING neutron.scheduler.dhcp_agent_scheduler [None req-58a51e54-fd32-4166-8a90-87f07d973fc7 7a5a98393529492ba890fdfafe052b3e 48a449718b4f466287d8f44234d5213c - - default default] No more DHCP agents
2026-05-11 02:05:53.225 10 WARNING neutron.api.rpc.agentnotifiers.dhcp_rpc_agent_api [None req-58a51e54-fd32-4166-8a90-87f07d973fc7 7a5a98393529492ba890fdfafe052b3e 48a449718b4f466287d8f44234d5213c - - default default] Unable to schedule network 37bc9f73-879a-4e24-aea5-0f5a4f0e2bcb: no agents available; will retry on subsequent port and subnet creation events.
2026-05-11 02:05:53.314 9 INFO neutron.wsgi [None req-8dbdd634-cc1a-4794-bc5a-242a26e44ec4 68dfaded7f114828bc762a62846a3ccf 12ed02e8e0f5488ba3263ea8f3a37c50 - - - -] 10.0.0.187 "DELETE /v2.0/security-groups/defdb342-f6f3-44b4-b1a3-6aaff9c67714 HTTP/1.1" status: 204 len: 168 time: 0.3054652
2026-05-11 02:05:53.323 9 WARNING neutron.scheduler.dhcp_agent_scheduler [None req-c2717651-c57d-470d-ab1b-00e80cac7cc5 68dfaded7f114828bc762a62846a3ccf 12ed02e8e0f5488ba3263ea8f3a37c50 - - - -] No more DHCP agents
2026-05-11 02:05:53.324 10 WARNING neutron.scheduler.dhcp_agent_scheduler [None req-5c60e054-0800-4fad-b7f4-9291535c0dda d38c95e0d1c147c89480807443264d2f 2d14431bfd0146399536ab26bd69aa58 - - - -] No more DHCP agents
2026-05-11 02:05:53.326 9 WARNING neutron.api.rpc.agentnotifiers.dhcp_rpc_agent_api [None req-c2717651-c57d-470d-ab1b-00e80cac7cc5 68dfaded7f114828bc762a62846a3ccf 12ed02e8e0f5488ba3263ea8f3a37c50 - - - -] Unable to schedule network c85be272-d927-442f-a6d8-d35ca84da2f8: no agents available; will retry on subsequent port and subnet creation events.
2026-05-11 02:05:53.335 10 WARNING neutron.api.rpc.agentnotifiers.dhcp_rpc_agent_api [None req-5c60e054-0800-4fad-b7f4-9291535c0dda d38c95e0d1c147c89480807443264d2f 2d14431bfd0146399536ab26bd69aa58 - - - -] Unable to schedule network c9b732d3-b032-4359-acc9-7bea4e8cc746: no agents available; will retry on subsequent port and subnet creation events.
2026-05-11 02:05:53.420 9 INFO neutron.db.ovn_revision_numbers_db [None req-c2717651-c57d-470d-ab1b-00e80cac7cc5 68dfaded7f114828bc762a62846a3ccf 12ed02e8e0f5488ba3263ea8f3a37c50 - - - -] Successfully bumped revision number for resource 08637385-9815-4d00-a280-af5e91e42a1c (type: ports) to 1
2026-05-11 02:05:53.447 10 INFO neutron.db.ovn_revision_numbers_db [None req-58a51e54-fd32-4166-8a90-87f07d973fc7 7a5a98393529492ba890fdfafe052b3e 48a449718b4f466287d8f44234d5213c - - - -] Successfully bumped revision number for resource 86765c74-30dd-45a5-9d59-5b8e6af3d15e (type: router_ports) to 4
2026-05-11 02:05:53.449 10 INFO neutron.wsgi [None req-58a51e54-fd32-4166-8a90-87f07d973fc7 7a5a98393529492ba890fdfafe052b3e 48a449718b4f466287d8f44234d5213c - - - -] 10.0.0.187 "PUT /v2.0/routers/ea6460b7-f70d-430a-a082-11ac30089282/add_router_interface HTTP/1.1" status: 200 len: 503 time: 2.1071672
2026-05-11 02:05:53.462 9 INFO neutron.wsgi [None req-c2717651-c57d-470d-ab1b-00e80cac7cc5 68dfaded7f114828bc762a62846a3ccf 12ed02e8e0f5488ba3263ea8f3a37c50 - - - -] 10.0.0.187 "POST /v2.0/networks HTTP/1.1" status: 201 len: 943 time: 1.2325814 /var/lib/openstack/lib/python3.10/site-packages/pycadf/identifier.py:71: UserWarning: Invalid uuid: neutron. To ensure interoperability, identifiers should be a valid uuid. warnings.warn(('Invalid uuid: %s. To ensure interoperability, '
2026-05-11 02:05:53.515 10 INFO neutron.db.ovn_revision_numbers_db [None req-5c60e054-0800-4fad-b7f4-9291535c0dda d38c95e0d1c147c89480807443264d2f 2d14431bfd0146399536ab26bd69aa58 - - - -] Successfully bumped revision number for resource 9b876c83-2232-442f-9763-815d291ee7a3 (type: ports) to 1
2026-05-11 02:05:53.562 10 INFO neutron.wsgi [None req-5c60e054-0800-4fad-b7f4-9291535c0dda d38c95e0d1c147c89480807443264d2f 2d14431bfd0146399536ab26bd69aa58 - - - -] 199.204.45.250 "POST /v2.0/ports HTTP/1.1" status: 201 len: 1158 time: 0.7275841
2026-05-11 02:05:53.567 9 INFO neutron.wsgi [None req-6ccb81c9-5ae5-48f7-92c7-01fe56dcd0eb 7a5a98393529492ba890fdfafe052b3e 48a449718b4f466287d8f44234d5213c - - default default] 10.0.0.187 "GET /v2.0/ports/86765c74-30dd-45a5-9d59-5b8e6af3d15e HTTP/1.1" status: 200 len: 1220 time: 0.1120780
2026-05-11 02:05:53.732 10 WARNING neutron.scheduler.dhcp_agent_scheduler [None req-4c85637e-12f4-431e-ae30-f05d5c5c4764 68dfaded7f114828bc762a62846a3ccf 12ed02e8e0f5488ba3263ea8f3a37c50 - - - -] No more DHCP agents
2026-05-11 02:05:53.747 10 WARNING neutron.api.rpc.agentnotifiers.dhcp_rpc_agent_api [None req-4c85637e-12f4-431e-ae30-f05d5c5c4764 68dfaded7f114828bc762a62846a3ccf 12ed02e8e0f5488ba3263ea8f3a37c50 - - - -] Unable to schedule network c85be272-d927-442f-a6d8-d35ca84da2f8: no agents available; will retry on subsequent port and subnet creation events.
2026-05-11 02:05:53.853 10 INFO neutron.wsgi [req-6bcdc0b2-ebf2-4fb0-b2e2-1dff50ecabd9 req-2151addf-2121-4172-90eb-855963290943 d38c95e0d1c147c89480807443264d2f 2d14431bfd0146399536ab26bd69aa58 - - default default] 10.0.0.181 "GET /v2.0/ports?device_id=555d98fa-3ea2-4686-aaa4-cf54da20c4b8 HTTP/1.1" status: 200 len: 1156 time: 0.0560095
2026-05-11 02:05:53.944 10 INFO neutron.wsgi [req-6bcdc0b2-ebf2-4fb0-b2e2-1dff50ecabd9 req-0d93d184-d636-4894-883b-78e03f0f0b4b d38c95e0d1c147c89480807443264d2f 2d14431bfd0146399536ab26bd69aa58 - - default default] 10.0.0.181 "GET /v2.0/security-groups?id=7303705d-871a-4194-9c4f-0faae2a2b42a&fields=id&fields=name HTTP/1.1" status: 200 len: 312 time: 0.0692873
2026-05-11 02:05:54.082 10 INFO neutron.db.ovn_revision_numbers_db [None req-5ffed66e-3ed1-4def-86d3-4339aa3e7812 0d27b22d66f6447fb8900ae6e1468edd 79e045f3e1b94937a780f8721eb0a9f6 - - - -] Successfully bumped revision number for resource 9b876c83-2232-442f-9763-815d291ee7a3 (type: ports) to 2
2026-05-11 02:05:54.272 9 INFO neutron.wsgi [None req-7aea97fd-16b0-4c64-a288-1977c9542565 7a5a98393529492ba890fdfafe052b3e 48a449718b4f466287d8f44234d5213c - - - -] 10.0.0.187 "PUT /v2.0/routers/ea6460b7-f70d-430a-a082-11ac30089282/remove_router_interface HTTP/1.1" status: 200 len: 503 time: 0.6970696 /var/lib/openstack/lib/python3.10/site-packages/pycadf/identifier.py:71: UserWarning: Invalid uuid: neutron. To ensure interoperability, identifiers should be a valid uuid. warnings.warn(('Invalid uuid: %s. To ensure interoperability, '
2026-05-11 02:05:54.314 10 INFO neutron.db.ovn_revision_numbers_db [None req-5ffed66e-3ed1-4def-86d3-4339aa3e7812 0d27b22d66f6447fb8900ae6e1468edd 79e045f3e1b94937a780f8721eb0a9f6 - - - -] Successfully bumped revision number for resource 9b876c83-2232-442f-9763-815d291ee7a3 (type: ports) to 2
2026-05-11 02:05:54.325 10 INFO neutron.db.ovn_revision_numbers_db [None req-4c85637e-12f4-431e-ae30-f05d5c5c4764 68dfaded7f114828bc762a62846a3ccf 12ed02e8e0f5488ba3263ea8f3a37c50 - - - -] Successfully bumped revision number for resource 08637385-9815-4d00-a280-af5e91e42a1c (type: ports) to 2
2026-05-11 02:05:54.329 10 INFO neutron.wsgi [None req-5ffed66e-3ed1-4def-86d3-4339aa3e7812 0d27b22d66f6447fb8900ae6e1468edd 79e045f3e1b94937a780f8721eb0a9f6 - - - -] 199.204.45.250 "PUT /v2.0/ports/9b876c83-2232-442f-9763-815d291ee7a3 HTTP/1.1" status: 200 len: 1328 time: 0.7555301
2026-05-11 02:05:54.348 10 INFO neutron.db.ovn_revision_numbers_db [None req-4c85637e-12f4-431e-ae30-f05d5c5c4764 68dfaded7f114828bc762a62846a3ccf 12ed02e8e0f5488ba3263ea8f3a37c50 - - - -] Successfully bumped revision number for resource 7c9413ee-c81e-4b61-9e1e-25429b93fe1b (type: subnets) to 0
2026-05-11 02:05:54.359 9 INFO neutron.api.v2.resource [None req-329f7f0a-94d1-459d-bc58-9bfce1b7b182 7a5a98393529492ba890fdfafe052b3e 48a449718b4f466287d8f44234d5213c - - default default] remove_router_interface failed (client error): The resource could not be found.
2026-05-11 02:05:54.361 10 INFO neutron.wsgi [None req-4c85637e-12f4-431e-ae30-f05d5c5c4764 68dfaded7f114828bc762a62846a3ccf 12ed02e8e0f5488ba3263ea8f3a37c50 - - - -] 10.0.0.187 "POST /v2.0/subnets HTTP/1.1" status: 201 len: 863 time: 0.8880072
2026-05-11 02:05:54.364 9 INFO neutron.wsgi [None req-329f7f0a-94d1-459d-bc58-9bfce1b7b182 7a5a98393529492ba890fdfafe052b3e 48a449718b4f466287d8f44234d5213c - - default default] 10.0.0.187 "PUT /v2.0/routers/ea6460b7-f70d-430a-a082-11ac30089282/remove_router_interface HTTP/1.1" status: 404 len: 398 time: 0.0858283 /var/lib/openstack/lib/python3.10/site-packages/pycadf/identifier.py:71: UserWarning: Invalid uuid: neutron. To ensure interoperability, identifiers should be a valid uuid. warnings.warn(('Invalid uuid: %s. To ensure interoperability, '
2026-05-11 02:05:54.373 10 INFO neutron.notifiers.nova [-] Nova event matching ['req-9bcf2db0-b846-4498-ae41-6de9255d6a8f'] response: {'name': 'network-changed', 'server_uuid': '555d98fa-3ea2-4686-aaa4-cf54da20c4b8', 'tag': '9b876c83-2232-442f-9763-815d291ee7a3', 'status': 'completed', 'code': 200}
2026-05-11 02:05:54.394 9 INFO neutron.wsgi [None req-ce91da93-7849-45d2-b229-0ee34a7f3d4f 7a5a98393529492ba890fdfafe052b3e 48a449718b4f466287d8f44234d5213c - - default default] 10.0.0.187 "GET /v2.0/ports?device_id=ea6460b7-f70d-430a-a082-11ac30089282 HTTP/1.1" status: 200 len: 205 time: 0.0254285
2026-05-11 02:05:54.473 10 INFO neutron.wsgi [req-7522011d-0129-47ce-9dbb-a191a9ff196d req-ef73283a-5456-42ba-9fff-460cbed1eba7 0d27b22d66f6447fb8900ae6e1468edd 79e045f3e1b94937a780f8721eb0a9f6 - - 3bcd83d7c92d4917a84366fa4c2389d7 3bcd83d7c92d4917a84366fa4c2389d7] 199.204.45.250 "GET /v2.0/ports?tenant_id=2d14431bfd0146399536ab26bd69aa58&device_id=555d98fa-3ea2-4686-aaa4-cf54da20c4b8 HTTP/1.1" status: 200 len: 1359 time: 0.0903313
2026-05-11 02:05:54.524 10 INFO neutron.wsgi [req-7522011d-0129-47ce-9dbb-a191a9ff196d req-5a89bcbd-16ab-4c38-b83a-10e8f379b88e 0d27b22d66f6447fb8900ae6e1468edd 79e045f3e1b94937a780f8721eb0a9f6 - - 3bcd83d7c92d4917a84366fa4c2389d7 3bcd83d7c92d4917a84366fa4c2389d7] 199.204.45.250 "GET /v2.0/floatingips?fixed_ip_address=10.100.0.5&port_id=9b876c83-2232-442f-9763-815d291ee7a3 HTTP/1.1" status: 200 len: 217 time: 0.0457821
2026-05-11 02:05:54.989 10 INFO neutron.wsgi [req-7522011d-0129-47ce-9dbb-a191a9ff196d req-1ffa0110-bf56-4a22-9721-b6382290f315 0d27b22d66f6447fb8900ae6e1468edd 79e045f3e1b94937a780f8721eb0a9f6 - - 3bcd83d7c92d4917a84366fa4c2389d7 3bcd83d7c92d4917a84366fa4c2389d7] 199.204.45.250 "GET /v2.0/subnets?id=3679eecd-85d6-4a80-8716-c2a44c2323ce HTTP/1.1" status: 200 len: 862 time: 0.4510138
2026-05-11 02:05:55.046 10 INFO neutron.wsgi [req-7522011d-0129-47ce-9dbb-a191a9ff196d req-d863ce7e-3d21-49f8-ba06-a827e10be0fe 0d27b22d66f6447fb8900ae6e1468edd 79e045f3e1b94937a780f8721eb0a9f6 - - 3bcd83d7c92d4917a84366fa4c2389d7 3bcd83d7c92d4917a84366fa4c2389d7] 199.204.45.250 "GET /v2.0/ports?network_id=c9b732d3-b032-4359-acc9-7bea4e8cc746&device_owner=network%3Adhcp HTTP/1.1" status: 200 len: 210 time: 0.0490041
2026-05-11 02:05:55.117 10 INFO neutron.wsgi [req-3ef91d9f-007b-4750-8101-61b026fa6f60 req-54495d69-30e5-46d5-994b-fa0c0a056221 d38c95e0d1c147c89480807443264d2f 2d14431bfd0146399536ab26bd69aa58 - - default default] 10.0.0.181 "GET /v2.0/ports?device_id=555d98fa-3ea2-4686-aaa4-cf54da20c4b8 HTTP/1.1" status: 200 len: 1168 time: 0.1023576
2026-05-11 02:05:55.190 10 INFO neutron.wsgi [None req-c470968b-3581-456e-acfd-5b1acc09faed 7a5a98393529492ba890fdfafe052b3e 48a449718b4f466287d8f44234d5213c - - - -] 10.0.0.187 "DELETE /v2.0/routers/ea6460b7-f70d-430a-a082-11ac30089282 HTTP/1.1" status: 204 len: 168 time: 0.7801809
2026-05-11 02:05:55.196 10 INFO neutron.wsgi [req-7522011d-0129-47ce-9dbb-a191a9ff196d req-1e904e2a-6b88-4410-b34c-10cba6e5f259 0d27b22d66f6447fb8900ae6e1468edd 79e045f3e1b94937a780f8721eb0a9f6 - - 3bcd83d7c92d4917a84366fa4c2389d7 3bcd83d7c92d4917a84366fa4c2389d7] 199.204.45.250 "GET /v2.0/networks/c9b732d3-b032-4359-acc9-7bea4e8cc746?fields=segments HTTP/1.1" status: 200 len: 212 time: 0.1391559
2026-05-11 02:05:55.220 10 INFO neutron.wsgi [req-3ef91d9f-007b-4750-8101-61b026fa6f60 req-a9f80b6f-193e-4083-8469-75f1917dc3e4 d38c95e0d1c147c89480807443264d2f 2d14431bfd0146399536ab26bd69aa58 - - default default] 10.0.0.181 "GET /v2.0/security-groups?id=7303705d-871a-4194-9c4f-0faae2a2b42a&fields=id&fields=name HTTP/1.1" status: 200 len: 312 time: 0.0834606
2026-05-11 02:05:55.286 10 INFO neutron.wsgi [req-7522011d-0129-47ce-9dbb-a191a9ff196d req-71d90622-9103-4626-9891-cea7f9fe6517 0d27b22d66f6447fb8900ae6e1468edd 79e045f3e1b94937a780f8721eb0a9f6 - - 3bcd83d7c92d4917a84366fa4c2389d7 3bcd83d7c92d4917a84366fa4c2389d7] 199.204.45.250 "GET /v2.0/networks/c9b732d3-b032-4359-acc9-7bea4e8cc746?fields=provider%3Aphysical_network&fields=provider%3Anetwork_type HTTP/1.1" status: 200 len: 277 time: 0.0799241
