2026-05-11 02:05:22.404 9 INFO neutron.wsgi [None req-d820e9e5-3001-4ca1-bbea-2a45b2659850 68dfaded7f114828bc762a62846a3ccf 12ed02e8e0f5488ba3263ea8f3a37c50 - - - -] 10.0.0.187 "DELETE /v2.0/security-groups/6ec79b4e-466b-4233-b68d-d2b6e2ea6a1d HTTP/1.1" status: 204 len: 168 time: 0.2786307
2026-05-11 02:05:22.579 9 INFO neutron.services.segments.plugin [-] Segment 1674e248-4908-4b1d-92c2-b30b829ce3f4 resource provider aggregate not found
2026-05-11 02:05:22.585 9 INFO neutron.services.segments.plugin [-] Segment 1674e248-4908-4b1d-92c2-b30b829ce3f4 resource provider aggregate not found
2026-05-11 02:05:22.601 9 INFO neutron.services.segments.plugin [-] Segment 1674e248-4908-4b1d-92c2-b30b829ce3f4 resource provider not found; error: Placement Client Error (4xx): {"errors": [{"status": 404, "title": "Not Found", "detail": "The resource could not be found.\n\n No resource provider with uuid 1674e248-4908-4b1d-92c2-b30b829ce3f4 found for delete ", "request_id": "req-914ca312-c2de-4f08-bec9-9e037c14f4be"}]}
2026-05-11 02:05:22.611 9 INFO neutron.services.segments.plugin [-] Segment 1674e248-4908-4b1d-92c2-b30b829ce3f4 resource provider not found; error: Placement Client Error (4xx): {"errors": [{"status": 404, "title": "Not Found", "detail": "The resource could not be found.\n\n No resource provider with uuid 1674e248-4908-4b1d-92c2-b30b829ce3f4 found for delete ", "request_id": "req-d21bf4c7-8ff8-491a-9bc7-805dc997fb12"}]}
2026-05-11 02:05:22.633 9 INFO neutron.wsgi [None req-473eeeaf-e2e6-4f63-8e8e-aa48cc1dc089 be896cdda1b0428999694cdadbe4f4c5 96d2ced460ed4ea4ad3c39b5ee7bfdfd - - - -] 10.0.0.187 "DELETE /v2.0/networks/5e7f1b01-23d6-4106-9e9a-1edc8e338e6f HTTP/1.1" status: 204 len: 168 time: 0.4182079
2026-05-11 02:05:22.672 9 INFO neutron.db.ovn_revision_numbers_db [None req-f50bb23a-0476-45a2-a177-38ec5271e786 68dfaded7f114828bc762a62846a3ccf 12ed02e8e0f5488ba3263ea8f3a37c50 - - default default] Successfully bumped revision number for resource 39682fc4-bb0a-45eb-ae15-4a5023e9355f (type: security_groups) to 1
2026-05-11 02:05:22.699 9 INFO neutron.wsgi [None req-f50bb23a-0476-45a2-a177-38ec5271e786 68dfaded7f114828bc762a62846a3ccf 12ed02e8e0f5488ba3263ea8f3a37c50 - - default default] 10.0.0.187 "GET /v2.0/security-groups?tenant_id=79844766ff1f46ce95b212d30f4d7335&name=default HTTP/1.1" status: 200 len: 2996 time: 0.1632998
2026-05-11 02:05:22.728 10 INFO neutron.wsgi [None req-ba3be015-13c1-4aba-b677-960245af52b3 be896cdda1b0428999694cdadbe4f4c5 96d2ced460ed4ea4ad3c39b5ee7bfdfd - - default default] 10.0.0.187 "GET /v2.0/networks HTTP/1.1" status: 200 len: 845 time: 0.0884390
2026-05-11 02:05:22.829 10 INFO neutron.db.segments_db [None req-172df5a5-070c-4d44-9d4d-c574bf3d2f87 be896cdda1b0428999694cdadbe4f4c5 96d2ced460ed4ea4ad3c39b5ee7bfdfd - - - -] Added segment ddba26fa-4676-4fe8-9f82-f6f4e243ec7b of type geneve for network 1fe7b749-af10-4252-96c4-a1b9b0254290
2026-05-11 02:05:22.922 9 INFO neutron.wsgi [None req-872e3d12-5364-4ba0-a6c4-748f5addb639 68dfaded7f114828bc762a62846a3ccf 12ed02e8e0f5488ba3263ea8f3a37c50 - - - -] 10.0.0.187 "DELETE /v2.0/security-groups/39682fc4-bb0a-45eb-ae15-4a5023e9355f HTTP/1.1" status: 204 len: 168 time: 0.2122633
2026-05-11 02:05:22.968 10 INFO neutron.db.ovn_revision_numbers_db [None req-172df5a5-070c-4d44-9d4d-c574bf3d2f87 be896cdda1b0428999694cdadbe4f4c5 96d2ced460ed4ea4ad3c39b5ee7bfdfd - - - -] Successfully bumped revision number for resource 1fe7b749-af10-4252-96c4-a1b9b0254290 (type: networks) to 1
2026-05-11 02:05:23.158 10 WARNING neutron.scheduler.dhcp_agent_scheduler [None req-172df5a5-070c-4d44-9d4d-c574bf3d2f87 be896cdda1b0428999694cdadbe4f4c5 96d2ced460ed4ea4ad3c39b5ee7bfdfd - - - -] No more DHCP agents
2026-05-11 02:05:23.160 10 WARNING neutron.api.rpc.agentnotifiers.dhcp_rpc_agent_api [None req-172df5a5-070c-4d44-9d4d-c574bf3d2f87 be896cdda1b0428999694cdadbe4f4c5 96d2ced460ed4ea4ad3c39b5ee7bfdfd - - - -] Unable to schedule network 1fe7b749-af10-4252-96c4-a1b9b0254290: no agents available; will retry on subsequent port and subnet creation events.
2026-05-11 02:05:23.561 10 INFO neutron.db.ovn_revision_numbers_db [None req-172df5a5-070c-4d44-9d4d-c574bf3d2f87 be896cdda1b0428999694cdadbe4f4c5 96d2ced460ed4ea4ad3c39b5ee7bfdfd - - - -] Successfully bumped revision number for resource b00ea169-6e01-4d05-bfcb-1a5c2d65e58c (type: ports) to 1
2026-05-11 02:05:23.587 10 INFO neutron.wsgi [None req-172df5a5-070c-4d44-9d4d-c574bf3d2f87 be896cdda1b0428999694cdadbe4f4c5 96d2ced460ed4ea4ad3c39b5ee7bfdfd - - - -] 10.0.0.187 "POST /v2.0/networks HTTP/1.1" status: 201 len: 849 time: 0.8462045
2026-05-11 02:05:23.670 10 INFO neutron.db.segments_db [None req-1c894288-088f-4494-8ddb-effc56c911b9 be896cdda1b0428999694cdadbe4f4c5 96d2ced460ed4ea4ad3c39b5ee7bfdfd - - - -] Added segment d0144710-36ed-4133-970d-625e49acc7e5 of type geneve for network f62cb45c-38a9-4c80-85b0-2e661da72fd7
2026-05-11 02:05:23.791 10 INFO neutron.db.ovn_revision_numbers_db [None req-1c894288-088f-4494-8ddb-effc56c911b9 be896cdda1b0428999694cdadbe4f4c5 96d2ced460ed4ea4ad3c39b5ee7bfdfd - - - -] Successfully bumped revision number for resource f62cb45c-38a9-4c80-85b0-2e661da72fd7 (type: networks) to 1
2026-05-11 02:05:23.987 10 WARNING neutron.scheduler.dhcp_agent_scheduler [None req-1c894288-088f-4494-8ddb-effc56c911b9 be896cdda1b0428999694cdadbe4f4c5 96d2ced460ed4ea4ad3c39b5ee7bfdfd - - - -] No more DHCP agents
2026-05-11 02:05:23.990 10 WARNING neutron.api.rpc.agentnotifiers.dhcp_rpc_agent_api [None req-1c894288-088f-4494-8ddb-effc56c911b9 be896cdda1b0428999694cdadbe4f4c5 96d2ced460ed4ea4ad3c39b5ee7bfdfd - - - -] Unable to schedule network f62cb45c-38a9-4c80-85b0-2e661da72fd7: no agents available; will retry on subsequent port and subnet creation events.
2026-05-11 02:05:24.052 10 INFO neutron.db.ovn_revision_numbers_db [None req-1c894288-088f-4494-8ddb-effc56c911b9 be896cdda1b0428999694cdadbe4f4c5 96d2ced460ed4ea4ad3c39b5ee7bfdfd - - - -] Successfully bumped revision number for resource 83ac8834-1581-4c0e-856d-ae05cc33e524 (type: ports) to 1
2026-05-11 02:05:24.083 10 INFO neutron.wsgi [None req-1c894288-088f-4494-8ddb-effc56c911b9 be896cdda1b0428999694cdadbe4f4c5 96d2ced460ed4ea4ad3c39b5ee7bfdfd - - - -] 10.0.0.187 "POST /v2.0/networks HTTP/1.1" status: 201 len: 848 time: 0.4899132
2026-05-11 02:05:24.557 9 WARNING neutron.scheduler.dhcp_agent_scheduler [None req-664cce84-0242-43c2-a7bc-9c4605decc79 be896cdda1b0428999694cdadbe4f4c5 96d2ced460ed4ea4ad3c39b5ee7bfdfd - - - -] No more DHCP agents
2026-05-11 02:05:24.560 9 WARNING neutron.api.rpc.agentnotifiers.dhcp_rpc_agent_api [None req-664cce84-0242-43c2-a7bc-9c4605decc79 be896cdda1b0428999694cdadbe4f4c5 96d2ced460ed4ea4ad3c39b5ee7bfdfd - - - -] Unable to schedule network 1fe7b749-af10-4252-96c4-a1b9b0254290: no agents available; will retry on subsequent port and subnet creation events.
2026-05-11 02:05:24.632 9 INFO neutron.db.ovn_revision_numbers_db [None req-664cce84-0242-43c2-a7bc-9c4605decc79 be896cdda1b0428999694cdadbe4f4c5 96d2ced460ed4ea4ad3c39b5ee7bfdfd - - - -] Successfully bumped revision number for resource f0864287-95fb-44ef-ab3d-6b4ae6830f8b (type: ports) to 1
2026-05-11 02:05:24.670 9 WARNING neutron.scheduler.dhcp_agent_scheduler [None req-664cce84-0242-43c2-a7bc-9c4605decc79 be896cdda1b0428999694cdadbe4f4c5 96d2ced460ed4ea4ad3c39b5ee7bfdfd - - - -] No more DHCP agents
2026-05-11 02:05:24.673 9 WARNING neutron.api.rpc.agentnotifiers.dhcp_rpc_agent_api [None req-664cce84-0242-43c2-a7bc-9c4605decc79 be896cdda1b0428999694cdadbe4f4c5 96d2ced460ed4ea4ad3c39b5ee7bfdfd - - - -] Unable to schedule network f62cb45c-38a9-4c80-85b0-2e661da72fd7: no agents available; will retry on subsequent port and subnet creation events.
2026-05-11 02:05:24.751 9 INFO neutron.db.ovn_revision_numbers_db [None req-664cce84-0242-43c2-a7bc-9c4605decc79 be896cdda1b0428999694cdadbe4f4c5 96d2ced460ed4ea4ad3c39b5ee7bfdfd - - - -] Successfully bumped revision number for resource 095dff26-bc92-4020-a0d2-ebcd34aba194 (type: ports) to 1 /var/lib/openstack/lib/python3.10/site-packages/pycadf/identifier.py:71: UserWarning: Invalid uuid: neutron. To ensure interoperability, identifiers should be a valid uuid. warnings.warn(('Invalid uuid: %s. To ensure interoperability, '
2026-05-11 02:05:24.781 9 INFO neutron.wsgi [None req-664cce84-0242-43c2-a7bc-9c4605decc79 be896cdda1b0428999694cdadbe4f4c5 96d2ced460ed4ea4ad3c39b5ee7bfdfd - - - -] 10.0.0.187 "POST /v2.0/ports HTTP/1.1" status: 201 len: 1706 time: 0.6854730
2026-05-11 02:05:24.860 9 INFO neutron.db.ovn_revision_numbers_db [None req-84e018f5-4b45-4d63-8cba-844056692f4f 68dfaded7f114828bc762a62846a3ccf 12ed02e8e0f5488ba3263ea8f3a37c50 - - default default] Successfully bumped revision number for resource 25c19128-7a43-498d-80ca-4147580b1d5d (type: security_groups) to 1
2026-05-11 02:05:24.881 9 INFO neutron.wsgi [None req-84e018f5-4b45-4d63-8cba-844056692f4f 68dfaded7f114828bc762a62846a3ccf 12ed02e8e0f5488ba3263ea8f3a37c50 - - default default] 10.0.0.187 "GET /v2.0/security-groups?tenant_id=040cd2ac51364ff2b551e57e8e9769a6&name=default HTTP/1.1" status: 200 len: 2996 time: 0.3672791
2026-05-11 02:05:24.926 10 INFO neutron.wsgi [None req-3ccd2ce3-d13b-4eb3-a48f-9d253a465226 be896cdda1b0428999694cdadbe4f4c5 96d2ced460ed4ea4ad3c39b5ee7bfdfd - - default default] 10.0.0.187 "GET /v2.0/ports HTTP/1.1" status: 200 len: 3213 time: 0.1397662
2026-05-11 02:05:25.055 9 INFO neutron.wsgi [None req-98b35418-e968-4187-8602-7ada21b01aeb 68dfaded7f114828bc762a62846a3ccf 12ed02e8e0f5488ba3263ea8f3a37c50 - - - -] 10.0.0.187 "DELETE /v2.0/security-groups/25c19128-7a43-498d-80ca-4147580b1d5d HTTP/1.1" status: 204 len: 168 time: 0.1684513
2026-05-11 02:05:25.205 10 INFO neutron.wsgi [None req-3cd7d592-0888-4232-9a8a-faed3df82e19 be896cdda1b0428999694cdadbe4f4c5 96d2ced460ed4ea4ad3c39b5ee7bfdfd - - - -] 10.0.0.187 "DELETE /v2.0/ports/f0864287-95fb-44ef-ab3d-6b4ae6830f8b HTTP/1.1" status: 204 len: 168 time: 0.2729549
2026-05-11 02:05:25.287 10 INFO neutron.db.ovn_revision_numbers_db [None req-45191357-18e2-4d39-906b-22eb38741789 68dfaded7f114828bc762a62846a3ccf 12ed02e8e0f5488ba3263ea8f3a37c50 - - default default] Successfully bumped revision number for resource f1f34136-a23d-470c-8835-0825d5509411 (type: security_groups) to 1
2026-05-11 02:05:25.309 10 INFO neutron.wsgi [None req-45191357-18e2-4d39-906b-22eb38741789 68dfaded7f114828bc762a62846a3ccf 12ed02e8e0f5488ba3263ea8f3a37c50 - - default default] 10.0.0.187 "GET /v2.0/security-groups?tenant_id=deac9f1b6e9f4346b48efd426a7e53c5&name=default HTTP/1.1" status: 200 len: 2996 time: 0.1399696
2026-05-11 02:05:25.493 10 INFO neutron.wsgi [None req-b0574c70-f399-494f-bd32-6a985e41ca82 68dfaded7f114828bc762a62846a3ccf 12ed02e8e0f5488ba3263ea8f3a37c50 - - - -] 10.0.0.187 "DELETE /v2.0/security-groups/f1f34136-a23d-470c-8835-0825d5509411 HTTP/1.1" status: 204 len: 168 time: 0.1787505
2026-05-11 02:05:25.495 9 INFO neutron.wsgi [None req-97d21e0a-7fce-4e48-a511-6f650139656f be896cdda1b0428999694cdadbe4f4c5 96d2ced460ed4ea4ad3c39b5ee7bfdfd - - - -] 10.0.0.187 "DELETE /v2.0/ports/095dff26-bc92-4020-a0d2-ebcd34aba194 HTTP/1.1" status: 204 len: 168 time: 0.2847614
2026-05-11 02:05:25.534 10 INFO neutron.wsgi [None req-5ce49990-8210-47ce-9853-3b9ee74bc519 be896cdda1b0428999694cdadbe4f4c5 96d2ced460ed4ea4ad3c39b5ee7bfdfd - - default default] 10.0.0.187 "GET /v2.0/ports HTTP/1.1" status: 200 len: 1718 time: 0.0340497
2026-05-11 02:05:25.623 10 INFO neutron.db.segments_db [None req-f5523f51-2986-41b5-8a34-89d2a398a096 be896cdda1b0428999694cdadbe4f4c5 96d2ced460ed4ea4ad3c39b5ee7bfdfd - - - -] Added segment 75c69384-dfe2-4472-8703-1f444e9ec172 of type geneve for network 9f47bc2f-04a3-419c-80e2-f447d62995ab
2026-05-11 02:05:25.747 10 INFO neutron.db.ovn_revision_numbers_db [None req-f5523f51-2986-41b5-8a34-89d2a398a096 be896cdda1b0428999694cdadbe4f4c5 96d2ced460ed4ea4ad3c39b5ee7bfdfd - - - -] Successfully bumped revision number for resource 9f47bc2f-04a3-419c-80e2-f447d62995ab (type: networks) to 1
2026-05-11 02:05:25.757 9 WARNING neutron.plugins.ml2.drivers.ovn.mech_driver.ovsdb.ovn_client [None req-ec5ae705-1539-416b-bc6e-d2d369a55702 - - - - - -] No hosting information found for port dee646e3-1878-4803-a519-91eac148cfd6: RuntimeError: No hosting information found for port dee646e3-1878-4803-a519-91eac148cfd6
2026-05-11 02:05:25.949 10 WARNING neutron.scheduler.dhcp_agent_scheduler [None req-f5523f51-2986-41b5-8a34-89d2a398a096 be896cdda1b0428999694cdadbe4f4c5 96d2ced460ed4ea4ad3c39b5ee7bfdfd - - - -] No more DHCP agents
2026-05-11 02:05:25.952 10 WARNING neutron.api.rpc.agentnotifiers.dhcp_rpc_agent_api [None req-f5523f51-2986-41b5-8a34-89d2a398a096 be896cdda1b0428999694cdadbe4f4c5 96d2ced460ed4ea4ad3c39b5ee7bfdfd - - - -] Unable to schedule network 9f47bc2f-04a3-419c-80e2-f447d62995ab: no agents available; will retry on subsequent port and subnet creation events.
2026-05-11 02:05:26.023 10 INFO neutron.db.ovn_revision_numbers_db [None req-f5523f51-2986-41b5-8a34-89d2a398a096 be896cdda1b0428999694cdadbe4f4c5 96d2ced460ed4ea4ad3c39b5ee7bfdfd - - - -] Successfully bumped revision number for resource 321a37c2-6692-4f9b-8a86-7718ba9e0ac0 (type: ports) to 1
2026-05-11 02:05:26.046 10 INFO neutron.wsgi [None req-f5523f51-2986-41b5-8a34-89d2a398a096 be896cdda1b0428999694cdadbe4f4c5 96d2ced460ed4ea4ad3c39b5ee7bfdfd - - - -] 10.0.0.187 "POST /v2.0/networks HTTP/1.1" status: 201 len: 849 time: 0.5015700
2026-05-11 02:05:26.133 10 INFO neutron.db.segments_db [None req-56d36ba2-b705-4223-82e1-17b2961ea7de be896cdda1b0428999694cdadbe4f4c5 96d2ced460ed4ea4ad3c39b5ee7bfdfd - - - -] Added segment d3f00ac0-1e83-40ea-bab5-cb62d6088fb3 of type geneve for network 46046ef0-892a-44d9-8be7-b36aa392c947
2026-05-11 02:05:26.253 10 INFO neutron.db.ovn_revision_numbers_db [None req-56d36ba2-b705-4223-82e1-17b2961ea7de be896cdda1b0428999694cdadbe4f4c5 96d2ced460ed4ea4ad3c39b5ee7bfdfd - - - -] Successfully bumped revision number for resource 46046ef0-892a-44d9-8be7-b36aa392c947 (type: networks) to 1
2026-05-11 02:05:26.436 10 WARNING neutron.scheduler.dhcp_agent_scheduler [None req-56d36ba2-b705-4223-82e1-17b2961ea7de be896cdda1b0428999694cdadbe4f4c5 96d2ced460ed4ea4ad3c39b5ee7bfdfd - - - -] No more DHCP agents
2026-05-11 02:05:26.437 10 WARNING neutron.api.rpc.agentnotifiers.dhcp_rpc_agent_api [None req-56d36ba2-b705-4223-82e1-17b2961ea7de be896cdda1b0428999694cdadbe4f4c5 96d2ced460ed4ea4ad3c39b5ee7bfdfd - - - -] Unable to schedule network 46046ef0-892a-44d9-8be7-b36aa392c947: no agents available; will retry on subsequent port and subnet creation events.
2026-05-11 02:05:26.444 9 INFO neutron.wsgi [-] 10.0.0.175 "GET / HTTP/1.1" status: 200 len: 246 time: 0.0031250
2026-05-11 02:05:26.447 9 INFO neutron.wsgi [-] 10.0.0.175 "GET / HTTP/1.1" status: 200 len: 246 time: 0.0016415
2026-05-11 02:05:26.499 10 INFO neutron.db.ovn_revision_numbers_db [None req-56d36ba2-b705-4223-82e1-17b2961ea7de be896cdda1b0428999694cdadbe4f4c5 96d2ced460ed4ea4ad3c39b5ee7bfdfd - - - -] Successfully bumped revision number for resource 18a9a72b-98c4-4054-ba46-38d0fd7fa3ed (type: ports) to 1
2026-05-11 02:05:26.518 10 INFO neutron.wsgi [None req-56d36ba2-b705-4223-82e1-17b2961ea7de be896cdda1b0428999694cdadbe4f4c5 96d2ced460ed4ea4ad3c39b5ee7bfdfd - - - -] 10.0.0.187 "POST /v2.0/networks HTTP/1.1" status: 201 len: 849 time: 0.4635978
2026-05-11 02:05:26.852 10 INFO neutron.wsgi [req-909e167f-0dd7-4558-b478-bd1a52853006 req-3d386521-57d6-42a8-889a-11b711f4639f baccf99b90364b459adb1b42b6e8da9c 3472b15ef0be486cb46ee715db9f1941 - - default default] 10.0.0.181 "GET /v2.0/security-groups?name=tempest-securitygroup--1522658648&fields=id&tenant_id=3472b15ef0be486cb46ee715db9f1941 HTTP/1.1" status: 200 len: 267 time: 0.0332627
2026-05-11 02:05:26.944 10 INFO neutron.wsgi [req-909e167f-0dd7-4558-b478-bd1a52853006 req-f06718e2-28e3-4786-99dd-a00829dadf67 baccf99b90364b459adb1b42b6e8da9c 3472b15ef0be486cb46ee715db9f1941 - - default default] 10.0.0.181 "GET /v2.0/networks?id=dc795473-6131-40f3-9666-4c5602bed6dd HTTP/1.1" status: 200 len: 879 time: 0.0776560
2026-05-11 02:05:26.971 10 INFO neutron.wsgi [req-909e167f-0dd7-4558-b478-bd1a52853006 req-52c1c06a-81b2-4ac9-ade2-7f8535f4609d baccf99b90364b459adb1b42b6e8da9c 3472b15ef0be486cb46ee715db9f1941 - - default default] 10.0.0.181 "GET /v2.0/quotas/3472b15ef0be486cb46ee715db9f1941 HTTP/1.1" status: 200 len: 386 time: 0.0147521
2026-05-11 02:05:27.074 10 INFO neutron.wsgi [req-909e167f-0dd7-4558-b478-bd1a52853006 req-1e59e14b-37e8-4a49-a1db-fa1d170bbada baccf99b90364b459adb1b42b6e8da9c 3472b15ef0be486cb46ee715db9f1941 - - default default] 10.0.0.181 "GET /v2.0/ports?tenant_id=3472b15ef0be486cb46ee715db9f1941&fields=id HTTP/1.1" status: 200 len: 302 time: 0.0955999
2026-05-11 02:05:27.094 10 WARNING neutron.scheduler.dhcp_agent_scheduler [None req-2dc97ff6-0695-400e-b9ab-ce32c7dd5999 be896cdda1b0428999694cdadbe4f4c5 96d2ced460ed4ea4ad3c39b5ee7bfdfd - - - -] No more DHCP agents
2026-05-11 02:05:27.100 10 WARNING neutron.api.rpc.agentnotifiers.dhcp_rpc_agent_api [None req-2dc97ff6-0695-400e-b9ab-ce32c7dd5999 be896cdda1b0428999694cdadbe4f4c5 96d2ced460ed4ea4ad3c39b5ee7bfdfd - - - -] Unable to schedule network 9f47bc2f-04a3-419c-80e2-f447d62995ab: no agents available; will retry on subsequent port and subnet creation events.
2026-05-11 02:05:27.166 10 INFO neutron.wsgi [req-909e167f-0dd7-4558-b478-bd1a52853006 req-d61f1c2b-83a4-4bfe-95cc-2fc662ec6b41 0d27b22d66f6447fb8900ae6e1468edd 79e045f3e1b94937a780f8721eb0a9f6 - - 3bcd83d7c92d4917a84366fa4c2389d7 3bcd83d7c92d4917a84366fa4c2389d7] 10.0.0.181 "GET /v2.0/networks/dc795473-6131-40f3-9666-4c5602bed6dd?fields=segments HTTP/1.1" status: 200 len: 212 time: 0.0771101
2026-05-11 02:05:27.246 10 INFO neutron.wsgi [req-909e167f-0dd7-4558-b478-bd1a52853006 req-1fa1e821-1097-4c82-a9ab-825c9c7fac86 0d27b22d66f6447fb8900ae6e1468edd 79e045f3e1b94937a780f8721eb0a9f6 - - 3bcd83d7c92d4917a84366fa4c2389d7 3bcd83d7c92d4917a84366fa4c2389d7] 10.0.0.181 "GET /v2.0/networks/dc795473-6131-40f3-9666-4c5602bed6dd?fields=provider%3Aphysical_network&fields=provider%3Anetwork_type HTTP/1.1" status: 200 len: 277 time: 0.0728269
2026-05-11 02:05:27.544 10 INFO neutron.wsgi [req-005b69cf-b622-4a2f-9337-da5e89be41be req-43847899-3d5c-477b-81be-a1a204a9c222 baccf99b90364b459adb1b42b6e8da9c 3472b15ef0be486cb46ee715db9f1941 - - default default] 10.0.0.181 "GET /v2.0/ports?device_id=80a4cae8-ae8a-42df-a615-b8b99d3b75cc HTTP/1.1" status: 200 len: 210 time: 0.0225611
2026-05-11 02:05:27.587 10 INFO neutron.db.ovn_revision_numbers_db [None req-2dc97ff6-0695-400e-b9ab-ce32c7dd5999 be896cdda1b0428999694cdadbe4f4c5 96d2ced460ed4ea4ad3c39b5ee7bfdfd - - - -] Successfully bumped revision number for resource 321a37c2-6692-4f9b-8a86-7718ba9e0ac0 (type: ports) to 2
2026-05-11 02:05:27.610 10 INFO neutron.db.ovn_revision_numbers_db [None req-2dc97ff6-0695-400e-b9ab-ce32c7dd5999 be896cdda1b0428999694cdadbe4f4c5 96d2ced460ed4ea4ad3c39b5ee7bfdfd - - - -] Successfully bumped revision number for resource f3cc62e9-76b4-4510-a5c5-abf0e1838f78 (type: subnets) to 0
2026-05-11 02:05:27.637 10 WARNING neutron.scheduler.dhcp_agent_scheduler [None req-2dc97ff6-0695-400e-b9ab-ce32c7dd5999 be896cdda1b0428999694cdadbe4f4c5 96d2ced460ed4ea4ad3c39b5ee7bfdfd - - - -] No more DHCP agents
2026-05-11 02:05:27.639 10 WARNING neutron.api.rpc.agentnotifiers.dhcp_rpc_agent_api [None req-2dc97ff6-0695-400e-b9ab-ce32c7dd5999 be896cdda1b0428999694cdadbe4f4c5 96d2ced460ed4ea4ad3c39b5ee7bfdfd - - - -] Unable to schedule network 46046ef0-892a-44d9-8be7-b36aa392c947: no agents available; will retry on subsequent port and subnet creation events.
2026-05-11 02:05:27.869 9 INFO neutron.db.ovn_revision_numbers_db [None req-9ef86be4-6c1d-49b3-9bc4-b1f87d074193 68dfaded7f114828bc762a62846a3ccf 12ed02e8e0f5488ba3263ea8f3a37c50 - - default default] Successfully bumped revision number for resource 6f53cb3b-b90b-40c4-b524-3790014855f4 (type: security_groups) to 1
2026-05-11 02:05:27.892 9 INFO neutron.wsgi [None req-9ef86be4-6c1d-49b3-9bc4-b1f87d074193 68dfaded7f114828bc762a62846a3ccf 12ed02e8e0f5488ba3263ea8f3a37c50 - - default default] 10.0.0.187 "GET /v2.0/security-groups?tenant_id=b60c1c3302824a4fa405461a3379085e&name=default HTTP/1.1" status: 200 len: 2996 time: 0.2934709
2026-05-11 02:05:28.096 10 INFO neutron.db.ovn_revision_numbers_db [None req-2dc97ff6-0695-400e-b9ab-ce32c7dd5999 be896cdda1b0428999694cdadbe4f4c5 96d2ced460ed4ea4ad3c39b5ee7bfdfd - - - -] Successfully bumped revision number for resource 18a9a72b-98c4-4054-ba46-38d0fd7fa3ed (type: ports) to 2
2026-05-11 02:05:28.110 10 INFO neutron.db.ovn_revision_numbers_db [None req-2dc97ff6-0695-400e-b9ab-ce32c7dd5999 be896cdda1b0428999694cdadbe4f4c5 96d2ced460ed4ea4ad3c39b5ee7bfdfd - - - -] Successfully bumped revision number for resource b4efa201-002d-41bd-be5d-4d8440594102 (type: subnets) to 0
2026-05-11 02:05:28.124 9 INFO neutron.wsgi [None req-df03e129-3e2d-48b4-9433-7e4b0860248a 68dfaded7f114828bc762a62846a3ccf 12ed02e8e0f5488ba3263ea8f3a37c50 - - - -] 10.0.0.187 "DELETE /v2.0/security-groups/6f53cb3b-b90b-40c4-b524-3790014855f4 HTTP/1.1" status: 204 len: 168 time: 0.2279568
2026-05-11 02:05:28.132 10 INFO neutron.wsgi [None req-2dc97ff6-0695-400e-b9ab-ce32c7dd5999 be896cdda1b0428999694cdadbe4f4c5 96d2ced460ed4ea4ad3c39b5ee7bfdfd - - - -] 10.0.0.187 "POST /v2.0/subnets HTTP/1.1" status: 201 len: 1425 time: 1.5812116
2026-05-11 02:05:28.197 10 INFO neutron.wsgi [None req-afcf857e-6d87-4148-8e9f-3e81bfa1fc46 be896cdda1b0428999694cdadbe4f4c5 96d2ced460ed4ea4ad3c39b5ee7bfdfd - - default default] 10.0.0.187 "GET /v2.0/subnets HTTP/1.1" status: 200 len: 2033 time: 0.0602741
2026-05-11 02:05:28.411 10 INFO neutron.wsgi [None req-822e1c4c-3a1b-4820-94fa-464a00c9a391 be896cdda1b0428999694cdadbe4f4c5 96d2ced460ed4ea4ad3c39b5ee7bfdfd - - - -] 10.0.0.187 "DELETE /v2.0/subnets/f3cc62e9-76b4-4510-a5c5-abf0e1838f78 HTTP/1.1" status: 204 len: 168 time: 0.2081118
2026-05-11 02:05:28.527 9 INFO neutron.wsgi [req-909e167f-0dd7-4558-b478-bd1a52853006 req-349769b2-067c-415d-9fe3-90230dc3902a baccf99b90364b459adb1b42b6e8da9c 3472b15ef0be486cb46ee715db9f1941 - - default default] 199.204.45.250 "GET /v2.0/networks?id=dc795473-6131-40f3-9666-4c5602bed6dd HTTP/1.1" status: 200 len: 879 time: 0.3687007
2026-05-11 02:05:28.583 9 INFO neutron.wsgi [req-909e167f-0dd7-4558-b478-bd1a52853006 req-699ea7b8-6bb9-4ba5-b33f-432eb694b7a6 baccf99b90364b459adb1b42b6e8da9c 3472b15ef0be486cb46ee715db9f1941 - - default default] 199.204.45.250 "GET /v2.0/security-groups?fields=id&fields=name&tenant_id=3472b15ef0be486cb46ee715db9f1941 HTTP/1.1" status: 200 len: 380 time: 0.0472040
2026-05-11 02:05:28.612 10 INFO neutron.wsgi [None req-893d7025-74e0-4024-af96-e8ea7890eab9 be896cdda1b0428999694cdadbe4f4c5 96d2ced460ed4ea4ad3c39b5ee7bfdfd - - - -] 10.0.0.187 "DELETE /v2.0/subnets/b4efa201-002d-41bd-be5d-4d8440594102 HTTP/1.1" status: 204 len: 168 time: 0.1937954
2026-05-11 02:05:28.659 10 INFO neutron.wsgi [req-b3920eb5-a671-404d-a829-3713147dfe8f req-a57d61fa-8684-4aaa-b307-30a60a77d7e9 baccf99b90364b459adb1b42b6e8da9c 3472b15ef0be486cb46ee715db9f1941 - - default default] 10.0.0.181 "GET /v2.0/ports?device_id=80a4cae8-ae8a-42df-a615-b8b99d3b75cc HTTP/1.1" status: 200 len: 210 time: 0.0334930
2026-05-11 02:05:28.669 10 INFO neutron.wsgi [None req-a1446324-7c4e-4e10-88da-e8088f86a095 be896cdda1b0428999694cdadbe4f4c5 96d2ced460ed4ea4ad3c39b5ee7bfdfd - - default default] 10.0.0.187 "GET /v2.0/subnets HTTP/1.1" status: 200 len: 820 time: 0.0493431
2026-05-11 02:05:28.899 9 WARNING neutron.scheduler.dhcp_agent_scheduler [None req-3bfa6478-4990-456b-bf69-c3169e37540a baccf99b90364b459adb1b42b6e8da9c 3472b15ef0be486cb46ee715db9f1941 - - - -] No more DHCP agents
2026-05-11 02:05:28.902 9 WARNING neutron.api.rpc.agentnotifiers.dhcp_rpc_agent_api [None req-3bfa6478-4990-456b-bf69-c3169e37540a baccf99b90364b459adb1b42b6e8da9c 3472b15ef0be486cb46ee715db9f1941 - - - -] Unable to schedule network dc795473-6131-40f3-9666-4c5602bed6dd: no agents available; will retry on subsequent port and subnet creation events.
2026-05-11 02:05:29.046 9 INFO neutron.db.ovn_revision_numbers_db [None req-3bfa6478-4990-456b-bf69-c3169e37540a baccf99b90364b459adb1b42b6e8da9c 3472b15ef0be486cb46ee715db9f1941 - - - -] Successfully bumped revision number for resource 8b0953c9-9482-4ee9-8688-ec70de3cf62e (type: ports) to 1
2026-05-11 02:05:29.067 9 INFO neutron.wsgi [None req-3bfa6478-4990-456b-bf69-c3169e37540a baccf99b90364b459adb1b42b6e8da9c 3472b15ef0be486cb46ee715db9f1941 - - - -] 199.204.45.250 "POST /v2.0/ports HTTP/1.1" status: 201 len: 1158 time: 0.4805501 /var/lib/openstack/lib/python3.10/site-packages/pycadf/identifier.py:71: UserWarning: Invalid uuid: neutron. To ensure interoperability, identifiers should be a valid uuid. warnings.warn(('Invalid uuid: %s. To ensure interoperability, '
2026-05-11 02:05:29.361 10 INFO neutron.services.segments.plugin [-] Segment d3f00ac0-1e83-40ea-bab5-cb62d6088fb3 resource provider aggregate not found
2026-05-11 02:05:29.366 10 INFO neutron.services.segments.plugin [-] Segment d3f00ac0-1e83-40ea-bab5-cb62d6088fb3 resource provider aggregate not found
2026-05-11 02:05:29.382 10 INFO neutron.services.segments.plugin [-] Segment d3f00ac0-1e83-40ea-bab5-cb62d6088fb3 resource provider not found; error: Placement Client Error (4xx): {"errors": [{"status": 404, "title": "Not Found", "detail": "The resource could not be found.\n\n No resource provider with uuid d3f00ac0-1e83-40ea-bab5-cb62d6088fb3 found for delete ", "request_id": "req-2a347274-dbea-49f1-aa60-4535ec5cb04b"}]}
2026-05-11 02:05:29.398 10 INFO neutron.services.segments.plugin [-] Segment d3f00ac0-1e83-40ea-bab5-cb62d6088fb3 resource provider not found; error: Placement Client Error (4xx): {"errors": [{"status": 404, "title": "Not Found", "detail": "The resource could not be found.\n\n No resource provider with uuid d3f00ac0-1e83-40ea-bab5-cb62d6088fb3 found for delete ", "request_id": "req-8ae35932-5454-43e2-9f84-45c23edb5f84"}]}
2026-05-11 02:05:29.419 10 INFO neutron.wsgi [None req-e317e4b4-c245-4051-a1f9-6ae6dbe573b3 be896cdda1b0428999694cdadbe4f4c5 96d2ced460ed4ea4ad3c39b5ee7bfdfd - - - -] 10.0.0.187 "DELETE /v2.0/networks/46046ef0-892a-44d9-8be7-b36aa392c947 HTTP/1.1" status: 204 len: 168 time: 0.7439494 /var/lib/openstack/lib/python3.10/site-packages/pycadf/identifier.py:71: UserWarning: Invalid uuid: neutron. To ensure interoperability, identifiers should be a valid uuid. warnings.warn(('Invalid uuid: %s. To ensure interoperability, '
2026-05-11 02:05:29.493 9 INFO neutron.db.ovn_revision_numbers_db [None req-e44dbd83-c10c-4115-8912-1d205e95285f 0d27b22d66f6447fb8900ae6e1468edd 79e045f3e1b94937a780f8721eb0a9f6 - - - -] Successfully bumped revision number for resource 8b0953c9-9482-4ee9-8688-ec70de3cf62e (type: ports) to 2
2026-05-11 02:05:29.655 9 INFO neutron.db.ovn_revision_numbers_db [None req-3c56c272-64cd-40e0-a8a8-3fc77729d536 68dfaded7f114828bc762a62846a3ccf 12ed02e8e0f5488ba3263ea8f3a37c50 - - default default] Successfully bumped revision number for resource 2fe8341d-393e-44e1-8e5e-56b480cebabc (type: security_groups) to 1
2026-05-11 02:05:29.697 9 INFO neutron.wsgi [None req-3c56c272-64cd-40e0-a8a8-3fc77729d536 68dfaded7f114828bc762a62846a3ccf 12ed02e8e0f5488ba3263ea8f3a37c50 - - default default] 10.0.0.187 "GET /v2.0/security-groups?tenant_id=cc6bef3b70814a388cadd8ccbbd22f76&name=default HTTP/1.1" status: 200 len: 2996 time: 0.4184601
2026-05-11 02:05:29.760 9 INFO neutron.db.ovn_revision_numbers_db [None req-e44dbd83-c10c-4115-8912-1d205e95285f 0d27b22d66f6447fb8900ae6e1468edd 79e045f3e1b94937a780f8721eb0a9f6 - - - -] Successfully bumped revision number for resource 8b0953c9-9482-4ee9-8688-ec70de3cf62e (type: ports) to 2
2026-05-11 02:05:29.776 10 INFO neutron.wsgi [req-b5ce2913-631b-4d09-a601-cc2c956bae93 req-5a7b340c-518e-4090-920c-ad56539071ef baccf99b90364b459adb1b42b6e8da9c 3472b15ef0be486cb46ee715db9f1941 - - default default] 10.0.0.181 "GET /v2.0/ports?device_id=80a4cae8-ae8a-42df-a615-b8b99d3b75cc HTTP/1.1" status: 200 len: 1168 time: 0.0508406
2026-05-11 02:05:29.793 9 INFO neutron.wsgi [None req-e44dbd83-c10c-4115-8912-1d205e95285f 0d27b22d66f6447fb8900ae6e1468edd 79e045f3e1b94937a780f8721eb0a9f6 - - - -] 199.204.45.250 "PUT /v2.0/ports/8b0953c9-9482-4ee9-8688-ec70de3cf62e HTTP/1.1" status: 200 len: 1328 time: 0.7173820
2026-05-11 02:05:29.822 10 INFO neutron.wsgi [req-b5ce2913-631b-4d09-a601-cc2c956bae93 req-effef413-b365-4006-90fb-173694ddf8d1 baccf99b90364b459adb1b42b6e8da9c 3472b15ef0be486cb46ee715db9f1941 - - default default] 10.0.0.181 "GET /v2.0/security-groups?id=1328caf4-dbdd-4c2c-bff3-a50bd55d2f2a&fields=id&fields=name HTTP/1.1" status: 200 len: 313 time: 0.0404923
2026-05-11 02:05:29.880 9 INFO neutron.services.segments.plugin [-] Segment 75c69384-dfe2-4472-8703-1f444e9ec172 resource provider aggregate not found
2026-05-11 02:05:29.885 9 INFO neutron.services.segments.plugin [-] Segment 75c69384-dfe2-4472-8703-1f444e9ec172 resource provider aggregate not found
2026-05-11 02:05:29.891 9 INFO neutron.notifiers.nova [-] Nova event matching ['req-bcae4727-d7f3-486e-9f85-bdce5d229bc1'] response: {'name': 'network-changed', 'server_uuid': '80a4cae8-ae8a-42df-a615-b8b99d3b75cc', 'tag': '8b0953c9-9482-4ee9-8688-ec70de3cf62e', 'status': 'completed', 'code': 200}
2026-05-11 02:05:29.906 9 INFO neutron.services.segments.plugin [-] Segment 75c69384-dfe2-4472-8703-1f444e9ec172 resource provider not found; error: Placement Client Error (4xx): {"errors": [{"status": 404, "title": "Not Found", "detail": "The resource could not be found.\n\n No resource provider with uuid 75c69384-dfe2-4472-8703-1f444e9ec172 found for delete ", "request_id": "req-35745edb-71dc-4bf8-9f3f-cc3e73fbef9f"}]}
2026-05-11 02:05:29.910 9 INFO neutron.services.segments.plugin [-] Segment 75c69384-dfe2-4472-8703-1f444e9ec172 resource provider not found; error: Placement Client Error (4xx): {"errors": [{"status": 404, "title": "Not Found", "detail": "The resource could not be found.\n\n No resource provider with uuid 75c69384-dfe2-4472-8703-1f444e9ec172 found for delete ", "request_id": "req-ece3d46d-1474-452f-ac56-beb5d0c99d8c"}]}
2026-05-11 02:05:29.928 9 INFO neutron.wsgi [None req-456db205-0e7f-4872-8f8b-1d28a3f2ffb5 be896cdda1b0428999694cdadbe4f4c5 96d2ced460ed4ea4ad3c39b5ee7bfdfd - - - -] 10.0.0.187 "DELETE /v2.0/networks/9f47bc2f-04a3-419c-80e2-f447d62995ab HTTP/1.1" status: 204 len: 168 time: 0.5032623
2026-05-11 02:05:29.934 10 INFO neutron.wsgi [None req-32d18d79-5b7f-48b9-8d05-fe3d18d8a795 68dfaded7f114828bc762a62846a3ccf 12ed02e8e0f5488ba3263ea8f3a37c50 - - - -] 10.0.0.187 "DELETE /v2.0/security-groups/2fe8341d-393e-44e1-8e5e-56b480cebabc HTTP/1.1" status: 204 len: 168 time: 0.2312427 /var/lib/openstack/lib/python3.10/site-packages/pycadf/identifier.py:71: UserWarning: Invalid uuid: neutron. To ensure interoperability, identifiers should be a valid uuid. warnings.warn(('Invalid uuid: %s. To ensure interoperability, '
2026-05-11 02:05:30.038 9 INFO neutron.wsgi [req-909e167f-0dd7-4558-b478-bd1a52853006 req-79d4982c-7b22-4274-973a-cf0acc33a092 0d27b22d66f6447fb8900ae6e1468edd 79e045f3e1b94937a780f8721eb0a9f6 - - 3bcd83d7c92d4917a84366fa4c2389d7 3bcd83d7c92d4917a84366fa4c2389d7] 199.204.45.250 "GET /v2.0/ports?tenant_id=3472b15ef0be486cb46ee715db9f1941&device_id=80a4cae8-ae8a-42df-a615-b8b99d3b75cc HTTP/1.1" status: 200 len: 1359 time: 0.0305846
2026-05-11 02:05:30.068 9 INFO neutron.wsgi [req-909e167f-0dd7-4558-b478-bd1a52853006 req-539a94d4-931b-43dc-bd36-726086b608fd 0d27b22d66f6447fb8900ae6e1468edd 79e045f3e1b94937a780f8721eb0a9f6 - - 3bcd83d7c92d4917a84366fa4c2389d7 3bcd83d7c92d4917a84366fa4c2389d7] 199.204.45.250 "GET /v2.0/floatingips?fixed_ip_address=10.100.0.7&port_id=8b0953c9-9482-4ee9-8688-ec70de3cf62e HTTP/1.1" status: 200 len: 217 time: 0.0251219
2026-05-11 02:05:30.101 9 INFO neutron.wsgi [req-909e167f-0dd7-4558-b478-bd1a52853006 req-d795dcca-5e44-43d6-9800-e53cf6ad8650 0d27b22d66f6447fb8900ae6e1468edd 79e045f3e1b94937a780f8721eb0a9f6 - - 3bcd83d7c92d4917a84366fa4c2389d7 3bcd83d7c92d4917a84366fa4c2389d7] 199.204.45.250 "GET /v2.0/subnets?id=0957f4f1-a306-46dc-b7f9-c1dcb84da6ac HTTP/1.1" status: 200 len: 873 time: 0.0275807
2026-05-11 02:05:30.131 9 INFO neutron.wsgi [req-909e167f-0dd7-4558-b478-bd1a52853006 req-36a7e5e6-f2a4-4b38-a507-5b52b5dd9df8 0d27b22d66f6447fb8900ae6e1468edd 79e045f3e1b94937a780f8721eb0a9f6 - - 3bcd83d7c92d4917a84366fa4c2389d7 3bcd83d7c92d4917a84366fa4c2389d7] 199.204.45.250 "GET /v2.0/ports?network_id=dc795473-6131-40f3-9666-4c5602bed6dd&device_owner=network%3Adhcp HTTP/1.1" status: 200 len: 210 time: 0.0235009
2026-05-11 02:05:30.192 9 INFO neutron.wsgi [req-909e167f-0dd7-4558-b478-bd1a52853006 req-ccf594e7-7fcf-4be4-8004-f4160872fbed 0d27b22d66f6447fb8900ae6e1468edd 79e045f3e1b94937a780f8721eb0a9f6 - - 3bcd83d7c92d4917a84366fa4c2389d7 3bcd83d7c92d4917a84366fa4c2389d7] 199.204.45.250 "GET /v2.0/networks/dc795473-6131-40f3-9666-4c5602bed6dd?fields=segments HTTP/1.1" status: 200 len: 212 time: 0.0544469
2026-05-11 02:05:30.263 9 INFO neutron.wsgi [req-909e167f-0dd7-4558-b478-bd1a52853006 req-a4c99868-d7e5-47d8-9409-e5b4386014ce 0d27b22d66f6447fb8900ae6e1468edd 79e045f3e1b94937a780f8721eb0a9f6 - - 3bcd83d7c92d4917a84366fa4c2389d7 3bcd83d7c92d4917a84366fa4c2389d7] 199.204.45.250 "GET /v2.0/networks/dc795473-6131-40f3-9666-4c5602bed6dd?fields=provider%3Aphysical_network&fields=provider%3Anetwork_type HTTP/1.1" status: 200 len: 277 time: 0.0641110
2026-05-11 02:05:30.264 9 INFO neutron.db.ovn_revision_numbers_db [None req-5a207804-3dad-4875-b0d3-d694076ec2a8 68dfaded7f114828bc762a62846a3ccf 12ed02e8e0f5488ba3263ea8f3a37c50 - - default default] Successfully bumped revision number for resource 27d41a2a-2bc4-462a-962b-d36a92ae6c56 (type: security_groups) to 1
2026-05-11 02:05:30.286 9 INFO neutron.wsgi [None req-5a207804-3dad-4875-b0d3-d694076ec2a8 68dfaded7f114828bc762a62846a3ccf 12ed02e8e0f5488ba3263ea8f3a37c50 - - default default] 10.0.0.187 "GET /v2.0/security-groups?tenant_id=6cd111b75de04e958072da1be44ebf4c&name=default HTTP/1.1" status: 200 len: 2996 time: 0.1613634
2026-05-11 02:05:30.300 10 INFO neutron.wsgi [None req-506b9fda-740f-43d4-af95-52e5a18443b6 be896cdda1b0428999694cdadbe4f4c5 96d2ced460ed4ea4ad3c39b5ee7bfdfd - - - -] 10.0.0.187 "DELETE /v2.0/networks/f62cb45c-38a9-4c80-85b0-2e661da72fd7 HTTP/1.1" status: 204 len: 168 time: 0.3646090
2026-05-11 02:05:30.369 9 INFO neutron.wsgi [req-8b9a44d5-3306-4110-9191-da10edf3c24d req-574edfce-19fc-45e1-afa3-6fd936ef06dd 0d27b22d66f6447fb8900ae6e1468edd 79e045f3e1b94937a780f8721eb0a9f6 - - 3bcd83d7c92d4917a84366fa4c2389d7 3bcd83d7c92d4917a84366fa4c2389d7] 199.204.45.250 "GET /v2.0/ports?tenant_id=3472b15ef0be486cb46ee715db9f1941&device_id=80a4cae8-ae8a-42df-a615-b8b99d3b75cc HTTP/1.1" status: 200 len: 1359 time: 0.0586350
2026-05-11 02:05:30.449 9 INFO neutron.wsgi [req-8b9a44d5-3306-4110-9191-da10edf3c24d req-b3ac77d2-efec-4089-8ceb-d485bed23239 0d27b22d66f6447fb8900ae6e1468edd 79e045f3e1b94937a780f8721eb0a9f6 - - 3bcd83d7c92d4917a84366fa4c2389d7 3bcd83d7c92d4917a84366fa4c2389d7] 199.204.45.250 "GET /v2.0/networks?id=dc795473-6131-40f3-9666-4c5602bed6dd HTTP/1.1" status: 200 len: 978 time: 0.0619330
2026-05-11 02:05:30.488 9 INFO neutron.wsgi [req-8b9a44d5-3306-4110-9191-da10edf3c24d req-47d2b251-4b9a-487f-b240-3e62e54c5394 0d27b22d66f6447fb8900ae6e1468edd 79e045f3e1b94937a780f8721eb0a9f6 - - 3bcd83d7c92d4917a84366fa4c2389d7 3bcd83d7c92d4917a84366fa4c2389d7] 199.204.45.250 "GET /v2.0/floatingips?fixed_ip_address=10.100.0.7&port_id=8b0953c9-9482-4ee9-8688-ec70de3cf62e HTTP/1.1" status: 200 len: 217 time: 0.0299006
2026-05-11 02:05:30.518 9 INFO neutron.wsgi [req-8b9a44d5-3306-4110-9191-da10edf3c24d req-70790dd9-bbff-47b3-9f91-d7811c34c826 0d27b22d66f6447fb8900ae6e1468edd 79e045f3e1b94937a780f8721eb0a9f6 - - 3bcd83d7c92d4917a84366fa4c2389d7 3bcd83d7c92d4917a84366fa4c2389d7] 199.204.45.250 "GET /v2.0/subnets?id=0957f4f1-a306-46dc-b7f9-c1dcb84da6ac HTTP/1.1" status: 200 len: 873 time: 0.0251021
2026-05-11 02:05:30.545 9 INFO neutron.wsgi [req-8b9a44d5-3306-4110-9191-da10edf3c24d req-cc760a8a-c5f5-4435-8983-ed8c92881bb8 0d27b22d66f6447fb8900ae6e1468edd 79e045f3e1b94937a780f8721eb0a9f6 - - 3bcd83d7c92d4917a84366fa4c2389d7 3bcd83d7c92d4917a84366fa4c2389d7] 199.204.45.250 "GET /v2.0/ports?network_id=dc795473-6131-40f3-9666-4c5602bed6dd&device_owner=network%3Adhcp HTTP/1.1" status: 200 len: 210 time: 0.0211332
2026-05-11 02:05:30.572 9 INFO neutron.wsgi [None req-0338be3a-d83a-4bd0-997b-44eb96f73d78 68dfaded7f114828bc762a62846a3ccf 12ed02e8e0f5488ba3263ea8f3a37c50 - - - -] 10.0.0.187 "DELETE /v2.0/security-groups/27d41a2a-2bc4-462a-962b-d36a92ae6c56 HTTP/1.1" status: 204 len: 168 time: 0.2770586
2026-05-11 02:05:30.614 9 INFO neutron.wsgi [req-8b9a44d5-3306-4110-9191-da10edf3c24d req-b79a2c95-63ee-4042-add8-c9d3eb279596 0d27b22d66f6447fb8900ae6e1468edd 79e045f3e1b94937a780f8721eb0a9f6 - - 3bcd83d7c92d4917a84366fa4c2389d7 3bcd83d7c92d4917a84366fa4c2389d7] 199.204.45.250 "GET /v2.0/networks/dc795473-6131-40f3-9666-4c5602bed6dd?fields=segments HTTP/1.1" status: 200 len: 212 time: 0.0626779
2026-05-11 02:05:30.674 9 INFO neutron.wsgi [req-8b9a44d5-3306-4110-9191-da10edf3c24d req-3d3eb1be-0689-412a-8139-925e49c4a566 0d27b22d66f6447fb8900ae6e1468edd 79e045f3e1b94937a780f8721eb0a9f6 - - 3bcd83d7c92d4917a84366fa4c2389d7 3bcd83d7c92d4917a84366fa4c2389d7] 199.204.45.250 "GET /v2.0/networks/dc795473-6131-40f3-9666-4c5602bed6dd?fields=provider%3Aphysical_network&fields=provider%3Anetwork_type HTTP/1.1" status: 200 len: 277 time: 0.0528734
2026-05-11 02:05:30.760 10 INFO neutron.wsgi [None req-e8c1f816-53e6-483d-87f4-a142111c4328 be896cdda1b0428999694cdadbe4f4c5 96d2ced460ed4ea4ad3c39b5ee7bfdfd - - - -] 10.0.0.187 "DELETE /v2.0/networks/1fe7b749-af10-4252-96c4-a1b9b0254290 HTTP/1.1" status: 204 len: 168 time: 0.4514256
2026-05-11 02:05:30.800 10 INFO neutron.db.ovn_revision_numbers_db [None req-36c9fcdd-09bf-4486-b1b8-e3ff3b656599 68dfaded7f114828bc762a62846a3ccf 12ed02e8e0f5488ba3263ea8f3a37c50 - - default default] Successfully bumped revision number for resource 07f598ed-9d22-4405-b3f2-e4e8e3c069b3 (type: security_groups) to 1
2026-05-11 02:05:30.825 10 INFO neutron.wsgi [None req-36c9fcdd-09bf-4486-b1b8-e3ff3b656599 68dfaded7f114828bc762a62846a3ccf 12ed02e8e0f5488ba3263ea8f3a37c50 - - default default] 10.0.0.187 "GET /v2.0/security-groups?tenant_id=1045a7649b1940d1bd528d25b56196b7&name=default HTTP/1.1" status: 200 len: 2996 time: 0.3215282
2026-05-11 02:05:30.949 10 INFO neutron.wsgi [req-287161cf-4ae4-4c7c-8e68-a13aa1617329 req-a2950206-62f4-471e-95cd-e86046d114e5 baccf99b90364b459adb1b42b6e8da9c 3472b15ef0be486cb46ee715db9f1941 - - default default] 10.0.0.181 "GET /v2.0/ports?device_id=80a4cae8-ae8a-42df-a615-b8b99d3b75cc HTTP/1.1" status: 200 len: 1168 time: 0.0467272
2026-05-11 02:05:31.015 10 INFO neutron.wsgi [req-287161cf-4ae4-4c7c-8e68-a13aa1617329 req-602f16de-80f7-4e6f-bdfd-0c638008e319 baccf99b90364b459adb1b42b6e8da9c 3472b15ef0be486cb46ee715db9f1941 - - default default] 10.0.0.181 "GET /v2.0/security-groups?id=1328caf4-dbdd-4c2c-bff3-a50bd55d2f2a&fields=id&fields=name HTTP/1.1" status: 200 len: 313 time: 0.0515487
2026-05-11 02:05:31.104 10 INFO neutron.wsgi [None req-ff56260b-898d-4db8-a2e8-c8e32c699586 68dfaded7f114828bc762a62846a3ccf 12ed02e8e0f5488ba3263ea8f3a37c50 - - - -] 10.0.0.187 "DELETE /v2.0/security-groups/07f598ed-9d22-4405-b3f2-e4e8e3c069b3 HTTP/1.1" status: 204 len: 168 time: 0.2729833
2026-05-11 02:05:31.410 10 INFO neutron.services.segments.plugin [-] Segment d0144710-36ed-4133-970d-625e49acc7e5 resource provider aggregate not found
2026-05-11 02:05:31.419 10 INFO neutron.services.segments.plugin [-] Segment d0144710-36ed-4133-970d-625e49acc7e5 resource provider aggregate not found
2026-05-11 02:05:31.429 10 INFO neutron.services.segments.plugin [-] Segment d0144710-36ed-4133-970d-625e49acc7e5 resource provider not found; error: Placement Client Error (4xx): {"errors": [{"status": 404, "title": "Not Found", "detail": "The resource could not be found.\n\n No resource provider with uuid d0144710-36ed-4133-970d-625e49acc7e5 found for delete ", "request_id": "req-8fb88f75-f77f-4d51-8f4b-5aa6dbc14238"}]}
2026-05-11 02:05:31.450 10 INFO neutron.services.segments.plugin [-] Segment d0144710-36ed-4133-970d-625e49acc7e5 resource provider not found; error: Placement Client Error (4xx): {"errors": [{"status": 404, "title": "Not Found", "detail": "The resource could not be found.\n\n No resource provider with uuid d0144710-36ed-4133-970d-625e49acc7e5 found for delete ", "request_id": "req-b6e266ee-d8af-4290-acfd-ecd2b94655b7"}]}
2026-05-11 02:05:31.486 10 INFO neutron.services.segments.plugin [-] Segment ddba26fa-4676-4fe8-9f82-f6f4e243ec7b resource provider aggregate not found
2026-05-11 02:05:31.499 9 INFO neutron.plugins.ml2.drivers.ovn.mech_driver.mech_driver [None req-ec5ae705-1539-416b-bc6e-d2d369a55702 - - - - - -] OVN reports status up for port: 8b0953c9-9482-4ee9-8688-ec70de3cf62e
2026-05-11 02:05:31.507 10 INFO neutron.services.segments.plugin [-] Segment ddba26fa-4676-4fe8-9f82-f6f4e243ec7b resource provider aggregate not found
2026-05-11 02:05:31.516 10 INFO neutron.services.segments.plugin [-] Segment ddba26fa-4676-4fe8-9f82-f6f4e243ec7b resource provider not found; error: Placement Client Error (4xx): {"errors": [{"status": 404, "title": "Not Found", "detail": "The resource could not be found.\n\n No resource provider with uuid ddba26fa-4676-4fe8-9f82-f6f4e243ec7b found for delete ", "request_id": "req-c96e1611-a67c-4583-b057-d3f602005656"}]}
2026-05-11 02:05:31.531 9 INFO neutron.plugins.ml2.plugin [None req-ec5ae705-1539-416b-bc6e-d2d369a55702 - - - - - -] Attempt 1 to provision port 8b0953c9-9482-4ee9-8688-ec70de3cf62e
2026-05-11 02:05:31.533 10 INFO neutron.services.segments.plugin [-] Segment ddba26fa-4676-4fe8-9f82-f6f4e243ec7b resource provider not found; error: Placement Client Error (4xx): {"errors": [{"status": 404, "title": "Not Found", "detail": "The resource could not be found.\n\n No resource provider with uuid ddba26fa-4676-4fe8-9f82-f6f4e243ec7b found for delete ", "request_id": "req-f6d9bca5-19c8-46a7-9e42-88a5b97441fe"}]}
2026-05-11 02:05:31.609 9 INFO neutron.wsgi [None req-d7e95673-8f81-407c-b1e2-d3f74ad1be0f 68dfaded7f114828bc762a62846a3ccf 12ed02e8e0f5488ba3263ea8f3a37c50 - - default default] 10.0.0.187 "GET /v2.0/security-groups?tenant_id=96d2ced460ed4ea4ad3c39b5ee7bfdfd&name=default HTTP/1.1" status: 200 len: 2996 time: 0.3870897
2026-05-11 02:05:31.839 9 INFO neutron.db.ovn_revision_numbers_db [None req-ec5ae705-1539-416b-bc6e-d2d369a55702 - - - - - -] Successfully bumped revision number for resource 8b0953c9-9482-4ee9-8688-ec70de3cf62e (type: ports) to 4
2026-05-11 02:05:31.890 9 INFO neutron.wsgi [None req-0dd09b20-2b34-4218-8151-8dd64df66f2b 68dfaded7f114828bc762a62846a3ccf 12ed02e8e0f5488ba3263ea8f3a37c50 - - - -] 10.0.0.187 "DELETE /v2.0/security-groups/e863fd35-1a2c-430e-a95e-e13478e75219 HTTP/1.1" status: 204 len: 168 time: 0.2765598
2026-05-11 02:05:31.931 9 INFO neutron.notifiers.nova [-] Nova event matching ['req-0903e9f4-1429-4df4-88e9-12e16f7fe78f'] response: {'server_uuid': '80a4cae8-ae8a-42df-a615-b8b99d3b75cc', 'name': 'network-vif-plugged', 'status': 'completed', 'tag': '8b0953c9-9482-4ee9-8688-ec70de3cf62e', 'code': 200}
2026-05-11 02:05:31.931 9 INFO neutron.notifiers.nova [-] Nova event matching ['req-0903e9f4-1429-4df4-88e9-12e16f7fe78f'] response: {'server_uuid': '80a4cae8-ae8a-42df-a615-b8b99d3b75cc', 'name': 'network-vif-plugged', 'status': 'completed', 'tag': '8b0953c9-9482-4ee9-8688-ec70de3cf62e', 'code': 200}
2026-05-11 02:05:32.204 10 INFO neutron.wsgi [req-b3add94a-8995-4f80-bbd6-6f1d3d9e7d74 req-0d18294c-e456-44ff-997a-deb229437c61 baccf99b90364b459adb1b42b6e8da9c 3472b15ef0be486cb46ee715db9f1941 - - default default] 10.0.0.181 "GET /v2.0/ports?device_id=80a4cae8-ae8a-42df-a615-b8b99d3b75cc HTTP/1.1" status: 200 len: 1170 time: 0.1182253
2026-05-11 02:05:32.259 10 INFO neutron.wsgi [req-b3add94a-8995-4f80-bbd6-6f1d3d9e7d74 req-663e590e-4c6d-47f0-8e0d-04075432a545 baccf99b90364b459adb1b42b6e8da9c 3472b15ef0be486cb46ee715db9f1941 - - default default] 10.0.0.181 "GET /v2.0/security-groups?id=1328caf4-dbdd-4c2c-bff3-a50bd55d2f2a&fields=id&fields=name HTTP/1.1" status: 200 len: 313 time: 0.0467970 /var/lib/openstack/lib/python3.10/site-packages/pycadf/identifier.py:71: UserWarning: Invalid uuid: neutron. To ensure interoperability, identifiers should be a valid uuid. warnings.warn(('Invalid uuid: %s. To ensure interoperability, '
2026-05-11 02:05:33.172 9 INFO neutron.wsgi [None req-900d6b1a-de47-4a9f-8740-12a918cdd711 c1f4106b83034860933248c76be26bd9 44d09ea4d9fc467986239da51a05cbb8 - - default default] 10.0.0.187 "GET /v2.0/extensions HTTP/1.1" status: 200 len: 16520 time: 0.3171666
2026-05-11 02:05:33.181 9 INFO neutron.wsgi [None req-7efec86a-899b-40f2-84b0-1916b87fef6e c1f4106b83034860933248c76be26bd9 44d09ea4d9fc467986239da51a05cbb8 - - default default] 10.0.0.187 "GET /v2.0/extensions/address-group HTTP/1.1" status: 200 len: 353 time: 0.0035114
2026-05-11 02:05:33.189 9 INFO neutron.wsgi [None req-00a1860e-0674-4b62-b016-47e92dcabba7 c1f4106b83034860933248c76be26bd9 44d09ea4d9fc467986239da51a05cbb8 - - default default] 10.0.0.187 "GET /v2.0/extensions/address-scope HTTP/1.1" status: 200 len: 357 time: 0.0050886
2026-05-11 02:05:33.198 9 INFO neutron.wsgi [None req-4e3f8484-2692-4868-8def-bb1f826c3cdb c1f4106b83034860933248c76be26bd9 44d09ea4d9fc467986239da51a05cbb8 - - default default] 10.0.0.187 "GET /v2.0/extensions/agent HTTP/1.1" status: 200 len: 347 time: 0.0055881
2026-05-11 02:05:33.207 9 INFO neutron.wsgi [None req-6f1356aa-cf93-410d-b639-ee42fb9f5d8a c1f4106b83034860933248c76be26bd9 44d09ea4d9fc467986239da51a05cbb8 - - default default] 10.0.0.187 "GET /v2.0/extensions/allowed-address-pairs HTTP/1.1" status: 200 len: 378 time: 0.0040765
2026-05-11 02:05:33.214 9 INFO neutron.wsgi [None req-297bda74-7878-4ded-acb7-2c1ea261112e c1f4106b83034860933248c76be26bd9 44d09ea4d9fc467986239da51a05cbb8 - - default default] 10.0.0.187 "GET /v2.0/extensions/auto-allocated-topology HTTP/1.1" status: 200 len: 394 time: 0.0040367
2026-05-11 02:05:33.222 9 INFO neutron.wsgi [None req-04cd5fe4-adcf-4432-9067-c69659362789 c1f4106b83034860933248c76be26bd9 44d09ea4d9fc467986239da51a05cbb8 - - default default] 10.0.0.187 "GET /v2.0/extensions/availability_zone HTTP/1.1" status: 200 len: 372 time: 0.0041673
2026-05-11 02:05:33.236 9 INFO neutron.wsgi [None req-c32a17e0-fa8c-4572-9f6a-70719bbef4ee c1f4106b83034860933248c76be26bd9 44d09ea4d9fc467986239da51a05cbb8 - - default default] 10.0.0.187 "GET /v2.0/extensions/default-subnetpools HTTP/1.1" status: 200 len: 405 time: 0.0074863
2026-05-11 02:05:33.244 9 INFO neutron.wsgi [None req-4228b993-c066-4215-9f36-04271b9a9d6d c1f4106b83034860933248c76be26bd9 44d09ea4d9fc467986239da51a05cbb8 - - default default] 10.0.0.187 "GET /v2.0/extensions/dhcp_agent_scheduler HTTP/1.1" status: 200 len: 381 time: 0.0043199
2026-05-11 02:05:33.252 9 INFO neutron.wsgi [None req-62aad788-a705-4fa4-9ac6-e00f95928697 c1f4106b83034860933248c76be26bd9 44d09ea4d9fc467986239da51a05cbb8 - - default default] 10.0.0.187 "GET /v2.0/extensions/dns-integration HTTP/1.1" status: 200 len: 366 time: 0.0040870
2026-05-11 02:05:33.260 9 INFO neutron.wsgi [None req-4d86ba0f-4785-4380-bd4a-b5c9a7349012 c1f4106b83034860933248c76be26bd9 44d09ea4d9fc467986239da51a05cbb8 - - default default] 10.0.0.187 "GET /v2.0/extensions/dns-domain-ports HTTP/1.1" status: 200 len: 399 time: 0.0040057
2026-05-11 02:05:33.271 9 INFO neutron.wsgi [None req-eade8cef-07cc-43c5-a17f-2b97cafb8184 c1f4106b83034860933248c76be26bd9 44d09ea4d9fc467986239da51a05cbb8 - - default default] 10.0.0.187 "GET /v2.0/extensions/dns-integration-domain-keywords HTTP/1.1" status: 200 len: 477 time: 0.0046613
2026-05-11 02:05:33.281 9 INFO neutron.wsgi [None req-34b16655-5839-4d6f-a2bf-7271e675fad6 c1f4106b83034860933248c76be26bd9 44d09ea4d9fc467986239da51a05cbb8 - - default default] 10.0.0.187 "GET /v2.0/extensions/external-net HTTP/1.1" status: 200 len: 394 time: 0.0041654
2026-05-11 02:05:33.291 9 INFO neutron.wsgi [None req-feebcc7d-2931-4204-87d3-c9ff9dc02bf4 c1f4106b83034860933248c76be26bd9 44d09ea4d9fc467986239da51a05cbb8 - - default default] 10.0.0.187 "GET /v2.0/extensions/extra_dhcp_opt HTTP/1.1" status: 200 len: 498 time: 0.0040259
2026-05-11 02:05:33.305 9 INFO neutron.wsgi [None req-601a6291-32c7-47f4-86d8-733fa58dbfe0 c1f4106b83034860933248c76be26bd9 44d09ea4d9fc467986239da51a05cbb8 - - default default] 10.0.0.187 "GET /v2.0/extensions/extraroute HTTP/1.1" status: 200 len: 375 time: 0.0065696
2026-05-11 02:05:33.319 9 INFO neutron.wsgi [None req-67a05365-9c37-46eb-9574-b59c16cdc703 c1f4106b83034860933248c76be26bd9 44d09ea4d9fc467986239da51a05cbb8 - - default default] 10.0.0.187 "GET /v2.0/extensions/filter-validation HTTP/1.1" status: 200 len: 392 time: 0.0043726
2026-05-11 02:05:33.333 9 INFO neutron.wsgi [None req-72d91bf9-12ce-418f-bdb7-82c6d508149a c1f4106b83034860933248c76be26bd9 44d09ea4d9fc467986239da51a05cbb8 - - default default] 10.0.0.187 "GET /v2.0/extensions/floating-ip-port-forwarding-detail HTTP/1.1" status: 200 len: 465 time: 0.0067494
2026-05-11 02:05:33.341 9 INFO neutron.wsgi [None req-6b26289f-8d17-40ef-8c97-dfaf60b5ca24 c1f4106b83034860933248c76be26bd9 44d09ea4d9fc467986239da51a05cbb8 - - default default] 10.0.0.187 "GET /v2.0/extensions/fip-port-details HTTP/1.1" status: 200 len: 406 time: 0.0028839
2026-05-11 02:05:33.350 9 INFO neutron.wsgi [None req-d25397ee-be4d-4afd-8bb0-c473ea861158 c1f4106b83034860933248c76be26bd9 44d09ea4d9fc467986239da51a05cbb8 - - default default] 10.0.0.187 "GET /v2.0/extensions/flavors HTTP/1.1" status: 200 len: 387 time: 0.0039773
