2026-05-11 02:05:55.363 10 INFO neutron.wsgi [req-3f72d891-c1e3-4e61-be55-17e741ec287a req-89dc9988-8a43-4c81-a100-02ada94c07b1 0d27b22d66f6447fb8900ae6e1468edd 79e045f3e1b94937a780f8721eb0a9f6 - - 3bcd83d7c92d4917a84366fa4c2389d7 3bcd83d7c92d4917a84366fa4c2389d7] 199.204.45.250 "GET /v2.0/ports?tenant_id=2d14431bfd0146399536ab26bd69aa58&device_id=555d98fa-3ea2-4686-aaa4-cf54da20c4b8 HTTP/1.1" status: 200 len: 1359 time: 0.0397568
2026-05-11 02:05:55.402 9 INFO neutron.wsgi [None req-4b472bba-7c83-49a5-a4f7-b432a0abc08c 7a5a98393529492ba890fdfafe052b3e 48a449718b4f466287d8f44234d5213c - - - -] 10.0.0.187 "DELETE /v2.0/subnets/ff1e2d2b-fc07-43b2-8d8a-806a36fe0589 HTTP/1.1" status: 204 len: 168 time: 0.2055795
2026-05-11 02:05:55.469 10 INFO neutron.wsgi [req-3f72d891-c1e3-4e61-be55-17e741ec287a req-99546920-dacd-48fb-abf4-6b661c37cac1 0d27b22d66f6447fb8900ae6e1468edd 79e045f3e1b94937a780f8721eb0a9f6 - - 3bcd83d7c92d4917a84366fa4c2389d7 3bcd83d7c92d4917a84366fa4c2389d7] 199.204.45.250 "GET /v2.0/networks?id=c9b732d3-b032-4359-acc9-7bea4e8cc746 HTTP/1.1" status: 200 len: 967 time: 0.0941069
2026-05-11 02:05:55.503 10 INFO neutron.wsgi [req-3f72d891-c1e3-4e61-be55-17e741ec287a req-e7672dc4-da49-4fe4-ab78-620a8ffb688e 0d27b22d66f6447fb8900ae6e1468edd 79e045f3e1b94937a780f8721eb0a9f6 - - 3bcd83d7c92d4917a84366fa4c2389d7 3bcd83d7c92d4917a84366fa4c2389d7] 199.204.45.250 "GET /v2.0/floatingips?fixed_ip_address=10.100.0.5&port_id=9b876c83-2232-442f-9763-815d291ee7a3 HTTP/1.1" status: 200 len: 217 time: 0.0257807
2026-05-11 02:05:55.571 10 WARNING neutron.scheduler.dhcp_agent_scheduler [None req-1fc9c5ca-3b53-41d3-8adf-197c468c48b2 68dfaded7f114828bc762a62846a3ccf 12ed02e8e0f5488ba3263ea8f3a37c50 - - - -] No more DHCP agents
2026-05-11 02:05:55.576 10 WARNING neutron.api.rpc.agentnotifiers.dhcp_rpc_agent_api [None req-1fc9c5ca-3b53-41d3-8adf-197c468c48b2 68dfaded7f114828bc762a62846a3ccf 12ed02e8e0f5488ba3263ea8f3a37c50 - - - -] Unable to schedule network 39fcdedb-ef8a-4d06-a9b1-15213436b075: no agents available; will retry on subsequent port and subnet creation events.
2026-05-11 02:05:55.581 10 INFO neutron.wsgi [req-3f72d891-c1e3-4e61-be55-17e741ec287a req-a3a3a0a9-ddad-48ec-a7b5-30629ca4d3f0 0d27b22d66f6447fb8900ae6e1468edd 79e045f3e1b94937a780f8721eb0a9f6 - - 3bcd83d7c92d4917a84366fa4c2389d7 3bcd83d7c92d4917a84366fa4c2389d7] 199.204.45.250 "GET /v2.0/subnets?id=3679eecd-85d6-4a80-8716-c2a44c2323ce HTTP/1.1" status: 200 len: 862 time: 0.0697627
2026-05-11 02:05:55.629 10 INFO neutron.wsgi [req-3f72d891-c1e3-4e61-be55-17e741ec287a req-a6e0d75a-08f4-4671-ba3c-a18ac77cf058 0d27b22d66f6447fb8900ae6e1468edd 79e045f3e1b94937a780f8721eb0a9f6 - - 3bcd83d7c92d4917a84366fa4c2389d7 3bcd83d7c92d4917a84366fa4c2389d7] 199.204.45.250 "GET /v2.0/ports?network_id=c9b732d3-b032-4359-acc9-7bea4e8cc746&device_owner=network%3Adhcp HTTP/1.1" status: 200 len: 210 time: 0.0324123
2026-05-11 02:05:55.764 10 INFO neutron.wsgi [req-3f72d891-c1e3-4e61-be55-17e741ec287a req-3ff7c76d-08e3-4bfa-a08a-9d45c9af4141 0d27b22d66f6447fb8900ae6e1468edd 79e045f3e1b94937a780f8721eb0a9f6 - - 3bcd83d7c92d4917a84366fa4c2389d7 3bcd83d7c92d4917a84366fa4c2389d7] 199.204.45.250 "GET /v2.0/networks/c9b732d3-b032-4359-acc9-7bea4e8cc746?fields=segments HTTP/1.1" status: 200 len: 212 time: 0.1252577
2026-05-11 02:05:55.841 10 INFO neutron.db.ovn_revision_numbers_db [None req-1fc9c5ca-3b53-41d3-8adf-197c468c48b2 68dfaded7f114828bc762a62846a3ccf 12ed02e8e0f5488ba3263ea8f3a37c50 - - - -] Successfully bumped revision number for resource e71ade74-7572-407e-9f2d-9635c3b5a203 (type: ports) to 1
2026-05-11 02:05:55.848 10 INFO neutron.wsgi [req-3f72d891-c1e3-4e61-be55-17e741ec287a req-c4b7e7e1-eb4d-4d21-924d-b9c40e471db2 0d27b22d66f6447fb8900ae6e1468edd 79e045f3e1b94937a780f8721eb0a9f6 - - 3bcd83d7c92d4917a84366fa4c2389d7 3bcd83d7c92d4917a84366fa4c2389d7] 199.204.45.250 "GET /v2.0/networks/c9b732d3-b032-4359-acc9-7bea4e8cc746?fields=provider%3Aphysical_network&fields=provider%3Anetwork_type HTTP/1.1" status: 200 len: 277 time: 0.0766675
2026-05-11 02:05:55.854 9 INFO neutron.services.segments.plugin [-] Segment 7a200a9f-d38d-4841-a81d-5b640af885e9 resource provider aggregate not found
2026-05-11 02:05:55.859 9 INFO neutron.services.segments.plugin [-] Segment 7a200a9f-d38d-4841-a81d-5b640af885e9 resource provider aggregate not found
2026-05-11 02:05:55.885 9 INFO neutron.services.segments.plugin [-] Segment 7a200a9f-d38d-4841-a81d-5b640af885e9 resource provider not found; error: Placement Client Error (4xx): {"errors": [{"status": 404, "title": "Not Found", "detail": "The resource could not be found.\n\n No resource provider with uuid 7a200a9f-d38d-4841-a81d-5b640af885e9 found for delete ", "request_id": "req-cb4acc1e-426e-42cd-8f4c-3f9aec24ef3f"}]}
2026-05-11 02:05:55.897 9 INFO neutron.wsgi [None req-b13d0a27-0c5e-4441-a189-7947a4256d50 7a5a98393529492ba890fdfafe052b3e 48a449718b4f466287d8f44234d5213c - - - -] 10.0.0.187 "DELETE /v2.0/networks/37bc9f73-879a-4e24-aea5-0f5a4f0e2bcb HTTP/1.1" status: 204 len: 168 time: 0.4882286
2026-05-11 02:05:55.900 9 INFO neutron.services.segments.plugin [-] Segment 7a200a9f-d38d-4841-a81d-5b640af885e9 resource provider not found; error: Placement Client Error (4xx): {"errors": [{"status": 404, "title": "Not Found", "detail": "The resource could not be found.\n\n No resource provider with uuid 7a200a9f-d38d-4841-a81d-5b640af885e9 found for delete ", "request_id": "req-77ab7fa2-14cc-4c97-8f38-4cb3fa5d5448"}]}
2026-05-11 02:05:55.993 9 INFO neutron.db.segments_db [None req-cda98ead-ac11-4807-a1a2-7a3517bd83a2 7a5a98393529492ba890fdfafe052b3e 48a449718b4f466287d8f44234d5213c - - - -] Added segment ae73f917-71e0-46c0-b0d9-7c19714eea58 of type geneve for network e28e8e2b-a4e6-4e69-b7ce-03393213dacd
2026-05-11 02:05:56.136 9 INFO neutron.db.ovn_revision_numbers_db [None req-cda98ead-ac11-4807-a1a2-7a3517bd83a2 7a5a98393529492ba890fdfafe052b3e 48a449718b4f466287d8f44234d5213c - - - -] Successfully bumped revision number for resource e28e8e2b-a4e6-4e69-b7ce-03393213dacd (type: networks) to 1
2026-05-11 02:05:56.148 9 WARNING neutron.plugins.ml2.drivers.ovn.mech_driver.ovsdb.ovn_client [None req-ec5ae705-1539-416b-bc6e-d2d369a55702 - - - - - -] No hosting information found for port 0d94b462-ea2c-4806-8260-f1cbef584230: RuntimeError: No hosting information found for port 0d94b462-ea2c-4806-8260-f1cbef584230
2026-05-11 02:05:56.338 9 WARNING neutron.scheduler.dhcp_agent_scheduler [None req-cda98ead-ac11-4807-a1a2-7a3517bd83a2 7a5a98393529492ba890fdfafe052b3e 48a449718b4f466287d8f44234d5213c - - - -] No more DHCP agents
2026-05-11 02:05:56.340 9 WARNING neutron.api.rpc.agentnotifiers.dhcp_rpc_agent_api [None req-cda98ead-ac11-4807-a1a2-7a3517bd83a2 7a5a98393529492ba890fdfafe052b3e 48a449718b4f466287d8f44234d5213c - - - -] Unable to schedule network e28e8e2b-a4e6-4e69-b7ce-03393213dacd: no agents available; will retry on subsequent port and subnet creation events.
2026-05-11 02:05:56.410 10 INFO neutron.wsgi [req-cec8cdf7-d83e-4077-86e3-959df830d261 req-d52984b1-3b64-409b-9e31-07893a020f3d d38c95e0d1c147c89480807443264d2f 2d14431bfd0146399536ab26bd69aa58 - - default default] 10.0.0.181 "GET /v2.0/ports?device_id=555d98fa-3ea2-4686-aaa4-cf54da20c4b8 HTTP/1.1" status: 200 len: 1168 time: 0.1097097
2026-05-11 02:05:56.418 9 INFO neutron.db.ovn_revision_numbers_db [None req-cda98ead-ac11-4807-a1a2-7a3517bd83a2 7a5a98393529492ba890fdfafe052b3e 48a449718b4f466287d8f44234d5213c - - - -] Successfully bumped revision number for resource 8bcaf3e2-e54b-4c6f-8b5c-01631476e84e (type: ports) to 1
2026-05-11 02:05:56.441 9 INFO neutron.wsgi [-] 10.0.0.175 "GET / HTTP/1.1" status: 200 len: 246 time: 0.0021307
2026-05-11 02:05:56.444 9 INFO neutron.wsgi [-] 10.0.0.175 "GET / HTTP/1.1" status: 200 len: 246 time: 0.0016470
2026-05-11 02:05:56.448 9 INFO neutron.wsgi [None req-cda98ead-ac11-4807-a1a2-7a3517bd83a2 7a5a98393529492ba890fdfafe052b3e 48a449718b4f466287d8f44234d5213c - - - -] 10.0.0.187 "POST /v2.0/networks HTTP/1.1" status: 201 len: 832 time: 0.5406036
2026-05-11 02:05:56.457 10 INFO neutron.wsgi [req-cec8cdf7-d83e-4077-86e3-959df830d261 req-f1ec674a-869b-41b6-beff-4bdb08a80c39 d38c95e0d1c147c89480807443264d2f 2d14431bfd0146399536ab26bd69aa58 - - default default] 10.0.0.181 "GET /v2.0/security-groups?id=7303705d-871a-4194-9c4f-0faae2a2b42a&fields=id&fields=name HTTP/1.1" status: 200 len: 312 time: 0.0318294
2026-05-11 02:05:56.545 10 INFO neutron.plugins.ml2.drivers.ovn.mech_driver.ovsdb.ovsdb_monitor [None req-0a3a03fc-5e2f-4243-8b93-b69b9a98df38 - - - - - -] Router 01b3ba4b-ad47-4f02-8360-c10a5503e99e is bound to host instance
2026-05-11 02:05:56.547 10 INFO neutron.db.ovn_revision_numbers_db [None req-1fc9c5ca-3b53-41d3-8adf-197c468c48b2 68dfaded7f114828bc762a62846a3ccf 12ed02e8e0f5488ba3263ea8f3a37c50 - - - -] Successfully bumped revision number for resource e71ade74-7572-407e-9f2d-9635c3b5a203 (type: router_ports) to 1
2026-05-11 02:05:56.639 10 INFO neutron.db.ovn_revision_numbers_db [None req-1fc9c5ca-3b53-41d3-8adf-197c468c48b2 68dfaded7f114828bc762a62846a3ccf 12ed02e8e0f5488ba3263ea8f3a37c50 - - - -] Successfully bumped revision number for resource 01b3ba4b-ad47-4f02-8360-c10a5503e99e (type: routers) to 3
2026-05-11 02:05:56.671 10 INFO neutron.wsgi [None req-1fc9c5ca-3b53-41d3-8adf-197c468c48b2 68dfaded7f114828bc762a62846a3ccf 12ed02e8e0f5488ba3263ea8f3a37c50 - - - -] 10.0.0.187 "POST /v2.0/routers HTTP/1.1" status: 201 len: 874 time: 2.3055210
2026-05-11 02:05:56.752 9 WARNING neutron.scheduler.dhcp_agent_scheduler [None req-d88801d4-116e-43f4-8575-2f972aab6c62 7a5a98393529492ba890fdfafe052b3e 48a449718b4f466287d8f44234d5213c - - - -] No more DHCP agents
2026-05-11 02:05:56.753 9 WARNING neutron.api.rpc.agentnotifiers.dhcp_rpc_agent_api [None req-d88801d4-116e-43f4-8575-2f972aab6c62 7a5a98393529492ba890fdfafe052b3e 48a449718b4f466287d8f44234d5213c - - - -] Unable to schedule network e28e8e2b-a4e6-4e69-b7ce-03393213dacd: no agents available; will retry on subsequent port and subnet creation events.
2026-05-11 02:05:56.779 9 INFO neutron.db.ovn_revision_numbers_db [None req-d88801d4-116e-43f4-8575-2f972aab6c62 7a5a98393529492ba890fdfafe052b3e 48a449718b4f466287d8f44234d5213c - - - -] Successfully bumped revision number for resource 484be7bb-6859-4429-a804-7a932c1552f2 (type: subnets) to 0
2026-05-11 02:05:56.797 9 INFO neutron.wsgi [None req-d88801d4-116e-43f4-8575-2f972aab6c62 7a5a98393529492ba890fdfafe052b3e 48a449718b4f466287d8f44234d5213c - - - -] 10.0.0.187 "POST /v2.0/subnets HTTP/1.1" status: 201 len: 821 time: 0.3417990
2026-05-11 02:05:56.989 9 INFO neutron.db.ovn_revision_numbers_db [None req-3ff30ccf-9515-4914-8a5f-108f944902d9 7a5a98393529492ba890fdfafe052b3e 48a449718b4f466287d8f44234d5213c - - - -] Successfully bumped revision number for resource f7ab9b30-0574-4790-a3b2-9ea9e1f1138f (type: routers) to 1
2026-05-11 02:05:57.005 9 INFO neutron.wsgi [None req-3ff30ccf-9515-4914-8a5f-108f944902d9 7a5a98393529492ba890fdfafe052b3e 48a449718b4f466287d8f44234d5213c - - - -] 10.0.0.187 "POST /v2.0/routers HTTP/1.1" status: 201 len: 690 time: 0.2037716
2026-05-11 02:05:57.433 9 WARNING neutron.scheduler.dhcp_agent_scheduler [None req-f7e8da54-4808-435b-87e2-d12b52faa6d8 7a5a98393529492ba890fdfafe052b3e 48a449718b4f466287d8f44234d5213c - - default default] No more DHCP agents
2026-05-11 02:05:57.436 9 WARNING neutron.api.rpc.agentnotifiers.dhcp_rpc_agent_api [None req-f7e8da54-4808-435b-87e2-d12b52faa6d8 7a5a98393529492ba890fdfafe052b3e 48a449718b4f466287d8f44234d5213c - - default default] Unable to schedule network e28e8e2b-a4e6-4e69-b7ce-03393213dacd: no agents available; will retry on subsequent port and subnet creation events.
2026-05-11 02:05:57.488 10 INFO neutron.db.ovn_revision_numbers_db [None req-0a3a03fc-5e2f-4243-8b93-b69b9a98df38 - - - - - -] Successfully bumped revision number for resource e71ade74-7572-407e-9f2d-9635c3b5a203 (type: ports) to 1
2026-05-11 02:05:57.521 10 WARNING neutron.scheduler.dhcp_agent_scheduler [None req-fb9ddb67-baf9-44c4-8ea8-d60e69150e05 68dfaded7f114828bc762a62846a3ccf 12ed02e8e0f5488ba3263ea8f3a37c50 - - default default] No more DHCP agents
2026-05-11 02:05:57.526 10 WARNING neutron.api.rpc.agentnotifiers.dhcp_rpc_agent_api [None req-fb9ddb67-baf9-44c4-8ea8-d60e69150e05 68dfaded7f114828bc762a62846a3ccf 12ed02e8e0f5488ba3263ea8f3a37c50 - - default default] Unable to schedule network c85be272-d927-442f-a6d8-d35ca84da2f8: no agents available; will retry on subsequent port and subnet creation events.
2026-05-11 02:05:57.587 10 INFO neutron.wsgi [req-75a7e3aa-2dd9-46a2-a33f-60d6fb43d80f req-aca993d8-12a1-470f-8db5-603772acad8c d38c95e0d1c147c89480807443264d2f 2d14431bfd0146399536ab26bd69aa58 - - default default] 10.0.0.181 "GET /v2.0/ports?device_id=555d98fa-3ea2-4686-aaa4-cf54da20c4b8 HTTP/1.1" status: 200 len: 1168 time: 0.0627666
2026-05-11 02:05:57.655 10 INFO neutron.wsgi [req-75a7e3aa-2dd9-46a2-a33f-60d6fb43d80f req-77d41c29-d8ad-4dd7-acb9-2df014af38f3 d38c95e0d1c147c89480807443264d2f 2d14431bfd0146399536ab26bd69aa58 - - default default] 10.0.0.181 "GET /v2.0/security-groups?id=7303705d-871a-4194-9c4f-0faae2a2b42a&fields=id&fields=name HTTP/1.1" status: 200 len: 312 time: 0.0594103
2026-05-11 02:05:57.763 10 INFO neutron.db.ovn_revision_numbers_db [None req-fb9ddb67-baf9-44c4-8ea8-d60e69150e05 68dfaded7f114828bc762a62846a3ccf 12ed02e8e0f5488ba3263ea8f3a37c50 - - default default] Successfully bumped revision number for resource 05c1410a-0002-4783-8c2e-9494745035ae (type: ports) to 1
2026-05-11 02:05:57.835 10 INFO neutron.db.ovn_revision_numbers_db [None req-0a3a03fc-5e2f-4243-8b93-b69b9a98df38 - - - - - -] Successfully bumped revision number for resource e71ade74-7572-407e-9f2d-9635c3b5a203 (type: router_ports) to 3
2026-05-11 02:05:57.894 9 INFO neutron.db.ovn_revision_numbers_db [None req-f7e8da54-4808-435b-87e2-d12b52faa6d8 7a5a98393529492ba890fdfafe052b3e 48a449718b4f466287d8f44234d5213c - - default default] Successfully bumped revision number for resource 752395ec-da36-4ac5-b7e7-a4ae6dc44eb5 (type: ports) to 1
2026-05-11 02:05:58.003 10 INFO neutron.db.ovn_revision_numbers_db [None req-0a3a03fc-5e2f-4243-8b93-b69b9a98df38 - - - - - -] Successfully bumped revision number for resource e71ade74-7572-407e-9f2d-9635c3b5a203 (type: ports) to 2
2026-05-11 02:05:58.188 10 WARNING neutron.plugins.ml2.drivers.ovn.mech_driver.ovsdb.ovn_client [None req-4236fa92-3bba-42d1-8e7f-dfd6b36acf4d - - - - - -] No port found with ID 86765c74-30dd-45a5-9d59-5b8e6af3d15e: RuntimeError: No port found with ID 86765c74-30dd-45a5-9d59-5b8e6af3d15e
2026-05-11 02:05:58.189 10 INFO neutron.plugins.ml2.drivers.ovn.mech_driver.mech_driver [None req-4236fa92-3bba-42d1-8e7f-dfd6b36acf4d - - - - - -] OVN reports status up for port: 9b876c83-2232-442f-9763-815d291ee7a3
2026-05-11 02:05:58.229 10 INFO neutron.plugins.ml2.plugin [None req-4236fa92-3bba-42d1-8e7f-dfd6b36acf4d - - - - - -] Attempt 1 to provision port 9b876c83-2232-442f-9763-815d291ee7a3
2026-05-11 02:05:58.293 9 INFO neutron.plugins.ml2.drivers.ovn.mech_driver.mech_driver [None req-ec5ae705-1539-416b-bc6e-d2d369a55702 - - - - - -] OVN reports status up for port: 752395ec-da36-4ac5-b7e7-a4ae6dc44eb5
2026-05-11 02:05:58.304 9 INFO neutron.plugins.ml2.plugin [None req-ec5ae705-1539-416b-bc6e-d2d369a55702 - - - - - -] Attempt 1 to provision port 752395ec-da36-4ac5-b7e7-a4ae6dc44eb5
2026-05-11 02:05:58.322 9 INFO neutron.db.ovn_revision_numbers_db [None req-f7e8da54-4808-435b-87e2-d12b52faa6d8 7a5a98393529492ba890fdfafe052b3e 48a449718b4f466287d8f44234d5213c - - default default] Successfully bumped revision number for resource 752395ec-da36-4ac5-b7e7-a4ae6dc44eb5 (type: router_ports) to 2
2026-05-11 02:05:58.371 10 INFO neutron.db.ovn_revision_numbers_db [None req-fb9ddb67-baf9-44c4-8ea8-d60e69150e05 68dfaded7f114828bc762a62846a3ccf 12ed02e8e0f5488ba3263ea8f3a37c50 - - default default] Successfully bumped revision number for resource 05c1410a-0002-4783-8c2e-9494745035ae (type: router_ports) to 2
2026-05-11 02:05:58.435 10 INFO neutron.notifiers.nova [-] Nova event matching ['req-be65b7f1-0137-4acf-b290-c1cec6bf98ae'] response: {'server_uuid': '555d98fa-3ea2-4686-aaa4-cf54da20c4b8', 'name': 'network-vif-plugged', 'status': 'completed', 'tag': '9b876c83-2232-442f-9763-815d291ee7a3', 'code': 200}
2026-05-11 02:05:58.439 10 INFO neutron.db.ovn_revision_numbers_db [None req-0a3a03fc-5e2f-4243-8b93-b69b9a98df38 - - - - - -] Successfully bumped revision number for resource e71ade74-7572-407e-9f2d-9635c3b5a203 (type: ports) to 4
2026-05-11 02:05:58.455 9 INFO neutron.db.ovn_revision_numbers_db [None req-f7e8da54-4808-435b-87e2-d12b52faa6d8 7a5a98393529492ba890fdfafe052b3e 48a449718b4f466287d8f44234d5213c - - default default] Successfully bumped revision number for resource 752395ec-da36-4ac5-b7e7-a4ae6dc44eb5 (type: ports) to 2
2026-05-11 02:05:58.567 9 WARNING neutron.scheduler.dhcp_agent_scheduler [None req-f7e8da54-4808-435b-87e2-d12b52faa6d8 7a5a98393529492ba890fdfafe052b3e 48a449718b4f466287d8f44234d5213c - - default default] No more DHCP agents
2026-05-11 02:05:58.569 9 WARNING neutron.api.rpc.agentnotifiers.dhcp_rpc_agent_api [None req-f7e8da54-4808-435b-87e2-d12b52faa6d8 7a5a98393529492ba890fdfafe052b3e 48a449718b4f466287d8f44234d5213c - - default default] Unable to schedule network e28e8e2b-a4e6-4e69-b7ce-03393213dacd: no agents available; will retry on subsequent port and subnet creation events.
2026-05-11 02:05:58.677 9 INFO neutron.db.ovn_revision_numbers_db [None req-ec5ae705-1539-416b-bc6e-d2d369a55702 - - - - - -] Successfully bumped revision number for resource 752395ec-da36-4ac5-b7e7-a4ae6dc44eb5 (type: ports) to 3
2026-05-11 02:05:58.806 9 INFO neutron.db.ovn_revision_numbers_db [None req-f7e8da54-4808-435b-87e2-d12b52faa6d8 7a5a98393529492ba890fdfafe052b3e 48a449718b4f466287d8f44234d5213c - - - -] Successfully bumped revision number for resource 752395ec-da36-4ac5-b7e7-a4ae6dc44eb5 (type: router_ports) to 3
2026-05-11 02:05:58.808 9 INFO neutron.wsgi [None req-f7e8da54-4808-435b-87e2-d12b52faa6d8 7a5a98393529492ba890fdfafe052b3e 48a449718b4f466287d8f44234d5213c - - - -] 10.0.0.187 "PUT /v2.0/routers/f7ab9b30-0574-4790-a3b2-9ea9e1f1138f/add_router_interface HTTP/1.1" status: 200 len: 503 time: 1.7982125
2026-05-11 02:05:58.843 9 INFO neutron.wsgi [None req-288c6588-4ed8-426b-9bb4-1d49bd10001e 7a5a98393529492ba890fdfafe052b3e 48a449718b4f466287d8f44234d5213c - - default default] 10.0.0.187 "GET /v2.0/ports/752395ec-da36-4ac5-b7e7-a4ae6dc44eb5 HTTP/1.1" status: 200 len: 1141 time: 0.0291853
2026-05-11 02:05:58.881 9 INFO neutron.wsgi [None req-c13bf5ce-ceaf-4e40-8e98-6502d01092ee 7a5a98393529492ba890fdfafe052b3e 48a449718b4f466287d8f44234d5213c - - default default] 10.0.0.187 "GET /v2.0/ports/752395ec-da36-4ac5-b7e7-a4ae6dc44eb5 HTTP/1.1" status: 200 len: 1141 time: 0.0324490
2026-05-11 02:05:59.077 10 INFO neutron.db.ovn_revision_numbers_db [None req-fb9ddb67-baf9-44c4-8ea8-d60e69150e05 68dfaded7f114828bc762a62846a3ccf 12ed02e8e0f5488ba3263ea8f3a37c50 - - default default] Successfully bumped revision number for resource 05c1410a-0002-4783-8c2e-9494745035ae (type: ports) to 2
2026-05-11 02:05:59.103 10 INFO neutron.wsgi [req-7b5356d9-9149-45c4-bae9-7740c8cf789e req-c63546bd-7cee-4808-a314-156e13004ae8 d38c95e0d1c147c89480807443264d2f 2d14431bfd0146399536ab26bd69aa58 - - default default] 10.0.0.181 "GET /v2.0/ports?device_id=555d98fa-3ea2-4686-aaa4-cf54da20c4b8 HTTP/1.1" status: 200 len: 1170 time: 0.3734443
2026-05-11 02:05:59.120 10 INFO neutron.db.ovn_revision_numbers_db [None req-4236fa92-3bba-42d1-8e7f-dfd6b36acf4d - - - - - -] Successfully bumped revision number for resource 9b876c83-2232-442f-9763-815d291ee7a3 (type: ports) to 4
2026-05-11 02:05:59.213 10 INFO neutron.wsgi [req-7b5356d9-9149-45c4-bae9-7740c8cf789e req-73c65d06-edc4-48ea-bbb2-8a97be1a0850 d38c95e0d1c147c89480807443264d2f 2d14431bfd0146399536ab26bd69aa58 - - default default] 10.0.0.181 "GET /v2.0/security-groups?id=7303705d-871a-4194-9c4f-0faae2a2b42a&fields=id&fields=name HTTP/1.1" status: 200 len: 312 time: 0.0951383
2026-05-11 02:05:59.229 10 INFO neutron.plugins.ml2.drivers.ovn.mech_driver.mech_driver [None req-4236fa92-3bba-42d1-8e7f-dfd6b36acf4d - - - - - -] OVN reports status up for port: e71ade74-7572-407e-9f2d-9635c3b5a203
2026-05-11 02:05:59.234 10 WARNING neutron.scheduler.dhcp_agent_scheduler [None req-fb9ddb67-baf9-44c4-8ea8-d60e69150e05 68dfaded7f114828bc762a62846a3ccf 12ed02e8e0f5488ba3263ea8f3a37c50 - - default default] No more DHCP agents
2026-05-11 02:05:59.237 10 WARNING neutron.api.rpc.agentnotifiers.dhcp_rpc_agent_api [None req-fb9ddb67-baf9-44c4-8ea8-d60e69150e05 68dfaded7f114828bc762a62846a3ccf 12ed02e8e0f5488ba3263ea8f3a37c50 - - default default] Unable to schedule network c85be272-d927-442f-a6d8-d35ca84da2f8: no agents available; will retry on subsequent port and subnet creation events.
2026-05-11 02:05:59.241 10 INFO neutron.db.ovn_revision_numbers_db [None req-0a3a03fc-5e2f-4243-8b93-b69b9a98df38 - - - - - -] Successfully bumped revision number for resource e71ade74-7572-407e-9f2d-9635c3b5a203 (type: router_ports) to 4
2026-05-11 02:05:59.262 10 INFO neutron.plugins.ml2.plugin [None req-4236fa92-3bba-42d1-8e7f-dfd6b36acf4d - - - - - -] Attempt 1 to provision port e71ade74-7572-407e-9f2d-9635c3b5a203 /var/lib/openstack/lib/python3.10/site-packages/pycadf/identifier.py:71: UserWarning: Invalid uuid: neutron. To ensure interoperability, identifiers should be a valid uuid. warnings.warn(('Invalid uuid: %s. To ensure interoperability, '
2026-05-11 02:05:59.357 10 INFO neutron.wsgi [req-5fb30a6c-0886-4248-a72b-adfdf2fb2b84 req-d5c9dd99-94db-4dda-b573-e34afd5abfa5 d38c95e0d1c147c89480807443264d2f 2d14431bfd0146399536ab26bd69aa58 - - default default] 10.0.0.181 "GET /v2.0/ports?device_id=555d98fa-3ea2-4686-aaa4-cf54da20c4b8 HTTP/1.1" status: 200 len: 1170 time: 0.0640709
2026-05-11 02:05:59.422 10 INFO neutron.plugins.ml2.drivers.ovn.mech_driver.mech_driver [None req-4236fa92-3bba-42d1-8e7f-dfd6b36acf4d - - - - - -] OVN reports status up for port: 05c1410a-0002-4783-8c2e-9494745035ae
2026-05-11 02:05:59.442 10 INFO neutron.plugins.ml2.plugin [None req-4236fa92-3bba-42d1-8e7f-dfd6b36acf4d - - - - - -] Attempt 1 to provision port 05c1410a-0002-4783-8c2e-9494745035ae
2026-05-11 02:05:59.577 9 INFO neutron.wsgi [None req-f6ce02b4-2d45-4ba5-b5b1-161897b87c31 7a5a98393529492ba890fdfafe052b3e 48a449718b4f466287d8f44234d5213c - - - -] 10.0.0.187 "PUT /v2.0/routers/f7ab9b30-0574-4790-a3b2-9ea9e1f1138f/remove_router_interface HTTP/1.1" status: 200 len: 503 time: 0.6856267
2026-05-11 02:05:59.624 10 INFO neutron.wsgi [None req-c56cf873-1b01-4508-bce2-a16e8f260f10 7a5a98393529492ba890fdfafe052b3e 48a449718b4f466287d8f44234d5213c - - default default] 10.0.0.187 "GET /v2.0/ports?device_id=f7ab9b30-0574-4790-a3b2-9ea9e1f1138f HTTP/1.1" status: 200 len: 205 time: 0.0399926
2026-05-11 02:05:59.702 9 INFO neutron.db.l3_db [None req-e7bdfa36-80ed-4618-8595-7cf6b02175ae d38c95e0d1c147c89480807443264d2f 2d14431bfd0146399536ab26bd69aa58 - - - -] Floating IP fe125820-a771-43bc-95bb-972a9cd3f2c6 associated. External IP: 10.96.250.209, port: 9b876c83-2232-442f-9763-815d291ee7a3.
2026-05-11 02:05:59.862 9 INFO neutron.db.ovn_revision_numbers_db [None req-e7bdfa36-80ed-4618-8595-7cf6b02175ae d38c95e0d1c147c89480807443264d2f 2d14431bfd0146399536ab26bd69aa58 - - - -] Successfully bumped revision number for resource fe125820-a771-43bc-95bb-972a9cd3f2c6 (type: floatingips) to 1
2026-05-11 02:05:59.933 10 INFO neutron.db.ovn_revision_numbers_db [None req-4236fa92-3bba-42d1-8e7f-dfd6b36acf4d - - - - - -] Successfully bumped revision number for resource 05c1410a-0002-4783-8c2e-9494745035ae (type: ports) to 3
2026-05-11 02:05:59.967 9 INFO neutron.db.ovn_revision_numbers_db [None req-e7bdfa36-80ed-4618-8595-7cf6b02175ae d38c95e0d1c147c89480807443264d2f 2d14431bfd0146399536ab26bd69aa58 - - - -] Successfully bumped revision number for resource fe125820-a771-43bc-95bb-972a9cd3f2c6 (type: floatingips) to 2
2026-05-11 02:05:59.970 10 INFO neutron.wsgi [None req-65195cc3-7721-4b3f-9dfa-0ae89d32a2c3 7a5a98393529492ba890fdfafe052b3e 48a449718b4f466287d8f44234d5213c - - - -] 10.0.0.187 "DELETE /v2.0/routers/f7ab9b30-0574-4790-a3b2-9ea9e1f1138f HTTP/1.1" status: 204 len: 168 time: 0.3387160 /var/lib/openstack/lib/python3.10/site-packages/pycadf/identifier.py:71: UserWarning: Invalid uuid: neutron. To ensure interoperability, identifiers should be a valid uuid. warnings.warn(('Invalid uuid: %s. To ensure interoperability, '
2026-05-11 02:06:00.010 9 INFO neutron.wsgi [None req-e7bdfa36-80ed-4618-8595-7cf6b02175ae d38c95e0d1c147c89480807443264d2f 2d14431bfd0146399536ab26bd69aa58 - - - -] 10.0.0.187 "PUT /v2.0/floatingips/fe125820-a771-43bc-95bb-972a9cd3f2c6 HTTP/1.1" status: 200 len: 1049 time: 0.6403840
2026-05-11 02:06:00.066 9 INFO neutron.notifiers.nova [-] Nova event matching ['req-1855f63d-82b1-4e93-bfc0-b61efb189a0e'] response: {'name': 'network-changed', 'server_uuid': '555d98fa-3ea2-4686-aaa4-cf54da20c4b8', 'tag': '9b876c83-2232-442f-9763-815d291ee7a3', 'status': 'completed', 'code': 200}
2026-05-11 02:06:00.098 10 INFO neutron.db.ovn_revision_numbers_db [None req-fb9ddb67-baf9-44c4-8ea8-d60e69150e05 68dfaded7f114828bc762a62846a3ccf 12ed02e8e0f5488ba3263ea8f3a37c50 - - - -] Successfully bumped revision number for resource 05c1410a-0002-4783-8c2e-9494745035ae (type: router_ports) to 2
2026-05-11 02:06:00.100 10 INFO neutron.wsgi [None req-fb9ddb67-baf9-44c4-8ea8-d60e69150e05 68dfaded7f114828bc762a62846a3ccf 12ed02e8e0f5488ba3263ea8f3a37c50 - - - -] 10.0.0.187 "PUT /v2.0/routers/01b3ba4b-ad47-4f02-8360-c10a5503e99e/add_router_interface HTTP/1.1" status: 200 len: 503 time: 3.4224927
2026-05-11 02:06:00.112 10 INFO neutron.wsgi [req-610851e4-db4d-45f7-9058-dee8433deb51 req-179cc0fe-9ff1-4943-b3b4-4c991c3e466a d38c95e0d1c147c89480807443264d2f 2d14431bfd0146399536ab26bd69aa58 - - default default] 10.0.0.181 "GET /v2.0/ports?device_id=555d98fa-3ea2-4686-aaa4-cf54da20c4b8 HTTP/1.1" status: 200 len: 1170 time: 0.0503025
2026-05-11 02:06:00.131 10 INFO neutron.db.ovn_revision_numbers_db [None req-4236fa92-3bba-42d1-8e7f-dfd6b36acf4d - - - - - -] Successfully bumped revision number for resource 05c1410a-0002-4783-8c2e-9494745035ae (type: router_ports) to 3
2026-05-11 02:06:00.153 10 INFO neutron.wsgi [req-416352ae-ba90-4218-a606-7ef4cc168a06 req-5ca006e7-41d9-41eb-909c-7cd98e4f7dd6 0d27b22d66f6447fb8900ae6e1468edd 79e045f3e1b94937a780f8721eb0a9f6 - - 3bcd83d7c92d4917a84366fa4c2389d7 3bcd83d7c92d4917a84366fa4c2389d7] 199.204.45.250 "GET /v2.0/ports?tenant_id=2d14431bfd0146399536ab26bd69aa58&device_id=555d98fa-3ea2-4686-aaa4-cf54da20c4b8 HTTP/1.1" status: 200 len: 1361 time: 0.0573387
2026-05-11 02:06:00.195 10 INFO neutron.wsgi [req-610851e4-db4d-45f7-9058-dee8433deb51 req-ac36dddb-8d8c-472f-82ff-e5e6c416c808 d38c95e0d1c147c89480807443264d2f 2d14431bfd0146399536ab26bd69aa58 - - default default] 10.0.0.181 "GET /v2.0/security-groups?id=7303705d-871a-4194-9c4f-0faae2a2b42a&fields=id&fields=name HTTP/1.1" status: 200 len: 312 time: 0.0722110
2026-05-11 02:06:00.204 9 INFO neutron.wsgi [None req-52d6a210-505b-4e78-b02a-d4ce97ced943 7a5a98393529492ba890fdfafe052b3e 48a449718b4f466287d8f44234d5213c - - - -] 10.0.0.187 "DELETE /v2.0/subnets/484be7bb-6859-4429-a804-7a932c1552f2 HTTP/1.1" status: 204 len: 168 time: 0.2269032
2026-05-11 02:06:00.243 10 INFO neutron.wsgi [req-416352ae-ba90-4218-a606-7ef4cc168a06 req-83dafdd9-5373-443a-9e00-5ea5249f7646 0d27b22d66f6447fb8900ae6e1468edd 79e045f3e1b94937a780f8721eb0a9f6 - - 3bcd83d7c92d4917a84366fa4c2389d7 3bcd83d7c92d4917a84366fa4c2389d7] 199.204.45.250 "GET /v2.0/networks?id=c9b732d3-b032-4359-acc9-7bea4e8cc746 HTTP/1.1" status: 200 len: 967 time: 0.0825577
2026-05-11 02:06:00.320 10 INFO neutron.wsgi [req-416352ae-ba90-4218-a606-7ef4cc168a06 req-63d064b4-d892-4a9d-a5f6-11cb9f452c2d 0d27b22d66f6447fb8900ae6e1468edd 79e045f3e1b94937a780f8721eb0a9f6 - - 3bcd83d7c92d4917a84366fa4c2389d7 3bcd83d7c92d4917a84366fa4c2389d7] 199.204.45.250 "GET /v2.0/floatingips?fixed_ip_address=10.100.0.5&port_id=9b876c83-2232-442f-9763-815d291ee7a3 HTTP/1.1" status: 200 len: 1059 time: 0.0710742
2026-05-11 02:06:00.372 10 INFO neutron.wsgi [req-416352ae-ba90-4218-a606-7ef4cc168a06 req-40bf9703-c6f9-4cc7-bffc-1a349fb376fb 0d27b22d66f6447fb8900ae6e1468edd 79e045f3e1b94937a780f8721eb0a9f6 - - 3bcd83d7c92d4917a84366fa4c2389d7 3bcd83d7c92d4917a84366fa4c2389d7] 199.204.45.250 "GET /v2.0/subnets?id=3679eecd-85d6-4a80-8716-c2a44c2323ce HTTP/1.1" status: 200 len: 862 time: 0.0461679
2026-05-11 02:06:00.409 10 INFO neutron.wsgi [req-416352ae-ba90-4218-a606-7ef4cc168a06 req-f8d10b0f-5b01-442f-841d-144a769ac397 0d27b22d66f6447fb8900ae6e1468edd 79e045f3e1b94937a780f8721eb0a9f6 - - 3bcd83d7c92d4917a84366fa4c2389d7 3bcd83d7c92d4917a84366fa4c2389d7] 199.204.45.250 "GET /v2.0/ports?network_id=c9b732d3-b032-4359-acc9-7bea4e8cc746&device_owner=network%3Adhcp HTTP/1.1" status: 200 len: 210 time: 0.0308521
2026-05-11 02:06:00.481 10 INFO neutron.notifiers.nova [-] Nova event matching ['req-2fd3ff4d-d132-4206-b4ff-3e16ab09521f'] response: {'server_uuid': '555d98fa-3ea2-4686-aaa4-cf54da20c4b8', 'name': 'network-vif-plugged', 'status': 'completed', 'tag': '9b876c83-2232-442f-9763-815d291ee7a3', 'code': 200}
2026-05-11 02:06:00.537 10 INFO neutron.wsgi [req-f68fc88b-adfd-4eda-8c39-35767a4b2c57 req-aac065d9-ba31-4ae6-9e1b-1504bc4c447c d38c95e0d1c147c89480807443264d2f 2d14431bfd0146399536ab26bd69aa58 - - default default] 10.0.0.181 "GET /v2.0/ports?device_id=555d98fa-3ea2-4686-aaa4-cf54da20c4b8 HTTP/1.1" status: 200 len: 1170 time: 0.0582232
2026-05-11 02:06:00.542 10 INFO neutron.wsgi [req-416352ae-ba90-4218-a606-7ef4cc168a06 req-ee1ab545-34b5-4ddc-a64f-240c0401b29e 0d27b22d66f6447fb8900ae6e1468edd 79e045f3e1b94937a780f8721eb0a9f6 - - 3bcd83d7c92d4917a84366fa4c2389d7 3bcd83d7c92d4917a84366fa4c2389d7] 199.204.45.250 "GET /v2.0/networks/c9b732d3-b032-4359-acc9-7bea4e8cc746?fields=segments HTTP/1.1" status: 200 len: 212 time: 0.1269090
2026-05-11 02:06:00.598 10 INFO neutron.wsgi [req-f68fc88b-adfd-4eda-8c39-35767a4b2c57 req-69ce6ff4-f3b1-423d-80aa-59dd7ce116aa d38c95e0d1c147c89480807443264d2f 2d14431bfd0146399536ab26bd69aa58 - - default default] 10.0.0.181 "GET /v2.0/security-groups?id=7303705d-871a-4194-9c4f-0faae2a2b42a&fields=id&fields=name HTTP/1.1" status: 200 len: 312 time: 0.0536697
2026-05-11 02:06:00.611 10 INFO neutron.wsgi [req-416352ae-ba90-4218-a606-7ef4cc168a06 req-688a319e-e932-4222-8168-4f0271b6fcfe 0d27b22d66f6447fb8900ae6e1468edd 79e045f3e1b94937a780f8721eb0a9f6 - - 3bcd83d7c92d4917a84366fa4c2389d7 3bcd83d7c92d4917a84366fa4c2389d7] 199.204.45.250 "GET /v2.0/networks/c9b732d3-b032-4359-acc9-7bea4e8cc746?fields=provider%3Aphysical_network&fields=provider%3Anetwork_type HTTP/1.1" status: 200 len: 277 time: 0.0602632
2026-05-11 02:06:00.649 9 INFO neutron.services.segments.plugin [-] Segment ae73f917-71e0-46c0-b0d9-7c19714eea58 resource provider aggregate not found
2026-05-11 02:06:00.685 9 INFO neutron.services.segments.plugin [-] Segment ae73f917-71e0-46c0-b0d9-7c19714eea58 resource provider aggregate not found
2026-05-11 02:06:00.692 9 INFO neutron.services.segments.plugin [-] Segment ae73f917-71e0-46c0-b0d9-7c19714eea58 resource provider not found; error: Placement Client Error (4xx): {"errors": [{"status": 404, "title": "Not Found", "detail": "The resource could not be found.\n\n No resource provider with uuid ae73f917-71e0-46c0-b0d9-7c19714eea58 found for delete ", "request_id": "req-30200e95-5444-4900-949b-9b945b11902a"}]}
2026-05-11 02:06:00.708 9 INFO neutron.services.segments.plugin [-] Segment ae73f917-71e0-46c0-b0d9-7c19714eea58 resource provider not found; error: Placement Client Error (4xx): {"errors": [{"status": 404, "title": "Not Found", "detail": "The resource could not be found.\n\n No resource provider with uuid ae73f917-71e0-46c0-b0d9-7c19714eea58 found for delete ", "request_id": "req-79b5d6d8-c490-4919-a2bc-5b9df8240a34"}]}
2026-05-11 02:06:00.731 9 INFO neutron.wsgi [None req-c084f533-b2eb-4ee1-99d0-1abb664e423e 7a5a98393529492ba890fdfafe052b3e 48a449718b4f466287d8f44234d5213c - - - -] 10.0.0.187 "DELETE /v2.0/networks/e28e8e2b-a4e6-4e69-b7ce-03393213dacd HTTP/1.1" status: 204 len: 168 time: 0.5203245
2026-05-11 02:06:00.821 10 INFO neutron.wsgi [req-03a0f7d0-e2b0-4686-8911-6f4249efd736 req-e98989dc-c5ae-4276-b40b-9c534a6b8e71 d38c95e0d1c147c89480807443264d2f 2d14431bfd0146399536ab26bd69aa58 - - default default] 199.204.45.250 "GET /v2.0/ports?device_id=555d98fa-3ea2-4686-aaa4-cf54da20c4b8 HTTP/1.1" status: 200 len: 1170 time: 0.0417583
2026-05-11 02:06:01.504 10 INFO neutron.db.l3_db [None req-10b709ce-36c6-4e7f-9e11-f4a4e4132e64 d38c95e0d1c147c89480807443264d2f 2d14431bfd0146399536ab26bd69aa58 - - - -] Floating IP fe125820-a771-43bc-95bb-972a9cd3f2c6 disassociated. External IP: 10.96.250.209, port: 9b876c83-2232-442f-9763-815d291ee7a3.
2026-05-11 02:06:01.598 9 WARNING neutron.scheduler.dhcp_agent_scheduler [None req-f7a13ce0-b301-4363-8748-68a59c3b3c06 7a5a98393529492ba890fdfafe052b3e 48a449718b4f466287d8f44234d5213c - - - -] No more DHCP agents
2026-05-11 02:06:01.602 9 WARNING neutron.api.rpc.agentnotifiers.dhcp_rpc_agent_api [None req-f7a13ce0-b301-4363-8748-68a59c3b3c06 7a5a98393529492ba890fdfafe052b3e 48a449718b4f466287d8f44234d5213c - - - -] Unable to schedule network 39fcdedb-ef8a-4d06-a9b1-15213436b075: no agents available; will retry on subsequent port and subnet creation events.
2026-05-11 02:06:01.688 10 INFO neutron.wsgi [req-a1f7e3df-b55c-46e3-823e-721fb9803dfd req-5684e174-9b72-4f5c-aaa4-fae16ea4e33d d38c95e0d1c147c89480807443264d2f 2d14431bfd0146399536ab26bd69aa58 - - default default] 10.0.0.181 "GET /v2.0/ports?device_id=555d98fa-3ea2-4686-aaa4-cf54da20c4b8 HTTP/1.1" status: 200 len: 210 time: 0.0232539
2026-05-11 02:06:01.700 10 INFO neutron.wsgi [None req-10b709ce-36c6-4e7f-9e11-f4a4e4132e64 d38c95e0d1c147c89480807443264d2f 2d14431bfd0146399536ab26bd69aa58 - - - -] 199.204.45.250 "DELETE /v2.0/ports/9b876c83-2232-442f-9763-815d291ee7a3 HTTP/1.1" status: 204 len: 173 time: 0.8727806
2026-05-11 02:06:01.784 9 INFO neutron.db.ovn_revision_numbers_db [None req-f7a13ce0-b301-4363-8748-68a59c3b3c06 7a5a98393529492ba890fdfafe052b3e 48a449718b4f466287d8f44234d5213c - - - -] Successfully bumped revision number for resource 49fac775-16b1-4963-abd0-8e2ce23e01b4 (type: ports) to 1
2026-05-11 02:06:02.318 10 INFO neutron.wsgi [req-691517e3-5cf6-464b-9787-da9b5b3e5ae4 req-426a73f9-1dea-4620-9e6d-641668dfb063 3520fc46b4774bbf8854185f91ed08fc af3f46d4eb3844c696b8bb06cdec46a2 - - default default] 10.0.0.181 "GET /v2.0/networks?id=c85be272-d927-442f-a6d8-d35ca84da2f8 HTTP/1.1" status: 200 len: 872 time: 0.0905824
2026-05-11 02:06:02.340 10 INFO neutron.wsgi [req-691517e3-5cf6-464b-9787-da9b5b3e5ae4 req-ec61b47e-1f3f-4028-86fd-785f87fad0ab 3520fc46b4774bbf8854185f91ed08fc af3f46d4eb3844c696b8bb06cdec46a2 - - default default] 10.0.0.181 "GET /v2.0/quotas/af3f46d4eb3844c696b8bb06cdec46a2 HTTP/1.1" status: 200 len: 386 time: 0.0141382
2026-05-11 02:06:02.372 9 INFO neutron.db.ovn_revision_numbers_db [None req-f7a13ce0-b301-4363-8748-68a59c3b3c06 7a5a98393529492ba890fdfafe052b3e 48a449718b4f466287d8f44234d5213c - - - -] Successfully bumped revision number for resource 49fac775-16b1-4963-abd0-8e2ce23e01b4 (type: router_ports) to 1
2026-05-11 02:06:02.438 9 INFO neutron.db.ovn_revision_numbers_db [None req-f7a13ce0-b301-4363-8748-68a59c3b3c06 7a5a98393529492ba890fdfafe052b3e 48a449718b4f466287d8f44234d5213c - - - -] Successfully bumped revision number for resource 57e47d58-1a5f-42ef-a808-dd3cd4e39840 (type: routers) to 3
2026-05-11 02:06:02.452 9 INFO neutron.wsgi [None req-f7a13ce0-b301-4363-8748-68a59c3b3c06 7a5a98393529492ba890fdfafe052b3e 48a449718b4f466287d8f44234d5213c - - - -] 10.0.0.187 "POST /v2.0/routers HTTP/1.1" status: 201 len: 872 time: 1.7074633
2026-05-11 02:06:02.461 10 INFO neutron.wsgi [req-691517e3-5cf6-464b-9787-da9b5b3e5ae4 req-d2d153b5-bc6d-4715-b8a8-df06476aae3a 3520fc46b4774bbf8854185f91ed08fc af3f46d4eb3844c696b8bb06cdec46a2 - - default default] 10.0.0.181 "GET /v2.0/ports?tenant_id=af3f46d4eb3844c696b8bb06cdec46a2&fields=id HTTP/1.1" status: 200 len: 302 time: 0.1136727
2026-05-11 02:06:02.519 10 INFO neutron.notifiers.nova [-] Nova event matching ['req-092fc531-415e-4c30-aacf-b124dc34c551'] response: {'server_uuid': '555d98fa-3ea2-4686-aaa4-cf54da20c4b8', 'name': 'network-vif-deleted', 'tag': '9b876c83-2232-442f-9763-815d291ee7a3', 'status': 'completed', 'code': 200}
2026-05-11 02:06:02.524 9 INFO neutron.wsgi [None req-8e9a6020-6464-4925-b817-ac710e16853e 7a5a98393529492ba890fdfafe052b3e 48a449718b4f466287d8f44234d5213c - - default default] 10.0.0.187 "GET /v2.0/routers/57e47d58-1a5f-42ef-a808-dd3cd4e39840 HTTP/1.1" status: 200 len: 873 time: 0.0665536
2026-05-11 02:06:02.532 10 INFO neutron.wsgi [req-691517e3-5cf6-464b-9787-da9b5b3e5ae4 req-4531aa76-7d39-44dc-ac0e-ebfeb3d4d12a 0d27b22d66f6447fb8900ae6e1468edd 79e045f3e1b94937a780f8721eb0a9f6 - - 3bcd83d7c92d4917a84366fa4c2389d7 3bcd83d7c92d4917a84366fa4c2389d7] 10.0.0.181 "GET /v2.0/networks/c85be272-d927-442f-a6d8-d35ca84da2f8?fields=segments HTTP/1.1" status: 200 len: 212 time: 0.0616808
2026-05-11 02:06:02.597 10 INFO neutron.wsgi [req-691517e3-5cf6-464b-9787-da9b5b3e5ae4 req-f50916f0-400b-4141-a643-8d29d5839b5d 0d27b22d66f6447fb8900ae6e1468edd 79e045f3e1b94937a780f8721eb0a9f6 - - 3bcd83d7c92d4917a84366fa4c2389d7 3bcd83d7c92d4917a84366fa4c2389d7] 10.0.0.181 "GET /v2.0/networks/c85be272-d927-442f-a6d8-d35ca84da2f8?fields=provider%3Aphysical_network&fields=provider%3Anetwork_type HTTP/1.1" status: 200 len: 277 time: 0.0606658
2026-05-11 02:06:02.627 9 INFO neutron.wsgi [None req-9cf6da5b-d939-48b1-acd1-5099c0aa2c00 7a5a98393529492ba890fdfafe052b3e 48a449718b4f466287d8f44234d5213c - - default default] 10.0.0.187 "GET /v2.0/routers HTTP/1.1" status: 200 len: 876 time: 0.0990307
2026-05-11 02:06:02.740 10 INFO neutron.wsgi [req-68815443-0cc8-4657-a5be-6da96ae48cb0 req-1de24283-8711-4238-ace0-2f805a69ab1d 3520fc46b4774bbf8854185f91ed08fc af3f46d4eb3844c696b8bb06cdec46a2 - - default default] 10.0.0.181 "GET /v2.0/ports?device_id=6957a591-5907-4246-ba42-6229645f15d1 HTTP/1.1" status: 200 len: 210 time: 0.0268743
2026-05-11 02:06:02.915 10 INFO neutron.wsgi [None req-e56b22b2-c1ae-46d8-af48-239c2e0c12b0 d38c95e0d1c147c89480807443264d2f 2d14431bfd0146399536ab26bd69aa58 - - - -] 10.0.0.187 "DELETE /v2.0/security-groups/7303705d-871a-4194-9c4f-0faae2a2b42a HTTP/1.1" status: 204 len: 168 time: 0.1397028
2026-05-11 02:06:02.931 10 INFO neutron.api.v2.resource [None req-ece154b4-bcec-4a7f-b146-5055810bc79b d38c95e0d1c147c89480807443264d2f 2d14431bfd0146399536ab26bd69aa58 - - default default] show failed (client error): The resource could not be found.
2026-05-11 02:06:02.932 10 INFO neutron.wsgi [None req-ece154b4-bcec-4a7f-b146-5055810bc79b d38c95e0d1c147c89480807443264d2f 2d14431bfd0146399536ab26bd69aa58 - - default default] 10.0.0.187 "GET /v2.0/security-groups/7303705d-871a-4194-9c4f-0faae2a2b42a HTTP/1.1" status: 404 len: 347 time: 0.0114923
2026-05-11 02:06:03.050 9 INFO neutron.db.ovn_revision_numbers_db [None req-64dbe37a-3434-4d9d-9333-8fa36435c827 7a5a98393529492ba890fdfafe052b3e 48a449718b4f466287d8f44234d5213c - - - -] Successfully bumped revision number for resource 57e47d58-1a5f-42ef-a808-dd3cd4e39840 (type: routers) to 4
2026-05-11 02:06:03.055 9 INFO neutron.wsgi [None req-64dbe37a-3434-4d9d-9333-8fa36435c827 7a5a98393529492ba890fdfafe052b3e 48a449718b4f466287d8f44234d5213c - - - -] 10.0.0.187 "PUT /v2.0/routers/57e47d58-1a5f-42ef-a808-dd3cd4e39840 HTTP/1.1" status: 200 len: 880 time: 0.4226182
2026-05-11 02:06:03.132 9 INFO neutron.wsgi [None req-544708d5-3234-4b1b-8fe2-6c0af878e0ba 7a5a98393529492ba890fdfafe052b3e 48a449718b4f466287d8f44234d5213c - - default default] 10.0.0.187 "GET /v2.0/routers/57e47d58-1a5f-42ef-a808-dd3cd4e39840 HTTP/1.1" status: 200 len: 880 time: 0.0719650
2026-05-11 02:06:03.161 10 INFO neutron.wsgi [None req-17630b3f-5d34-479c-813c-3ee1437dc240 7a5a98393529492ba890fdfafe052b3e 48a449718b4f466287d8f44234d5213c - - default default] 10.0.0.187 "GET /v2.0/ports?device_id=57e47d58-1a5f-42ef-a808-dd3cd4e39840 HTTP/1.1" status: 200 len: 205 time: 0.0229673
2026-05-11 02:06:03.299 10 INFO neutron.wsgi [None req-57ffe9b7-b44a-4388-ac5d-ee15dbec3a34 d38c95e0d1c147c89480807443264d2f 2d14431bfd0146399536ab26bd69aa58 - - - -] 10.0.0.187 "DELETE /v2.0/floatingips/fe125820-a771-43bc-95bb-972a9cd3f2c6 HTTP/1.1" status: 204 len: 168 time: 0.3623981
2026-05-11 02:06:03.499 10 INFO neutron.wsgi [req-691517e3-5cf6-464b-9787-da9b5b3e5ae4 req-36960c21-c141-487d-8d3b-b74cb9bc8811 3520fc46b4774bbf8854185f91ed08fc af3f46d4eb3844c696b8bb06cdec46a2 - - default default] 199.204.45.250 "GET /v2.0/networks?id=c85be272-d927-442f-a6d8-d35ca84da2f8 HTTP/1.1" status: 200 len: 872 time: 0.0855954
2026-05-11 02:06:03.865 10 INFO neutron.wsgi [req-46c8c784-cd5e-4d7e-b2f9-a6a7e022d2e6 req-2631933b-3bce-43ce-af40-1d36cbad6ee9 3520fc46b4774bbf8854185f91ed08fc af3f46d4eb3844c696b8bb06cdec46a2 - - default default] 10.0.0.181 "GET /v2.0/ports?device_id=6957a591-5907-4246-ba42-6229645f15d1 HTTP/1.1" status: 200 len: 210 time: 0.0500014
2026-05-11 02:06:04.003 10 WARNING neutron.scheduler.dhcp_agent_scheduler [None req-42082c40-463e-483d-8d35-916645c53ee0 3520fc46b4774bbf8854185f91ed08fc af3f46d4eb3844c696b8bb06cdec46a2 - - - -] No more DHCP agents
2026-05-11 02:06:04.006 10 WARNING neutron.api.rpc.agentnotifiers.dhcp_rpc_agent_api [None req-42082c40-463e-483d-8d35-916645c53ee0 3520fc46b4774bbf8854185f91ed08fc af3f46d4eb3844c696b8bb06cdec46a2 - - - -] Unable to schedule network c85be272-d927-442f-a6d8-d35ca84da2f8: no agents available; will retry on subsequent port and subnet creation events.
2026-05-11 02:06:04.104 9 INFO neutron.wsgi [None req-1d3ece47-565c-443c-b4f3-b6770d091d60 7a5a98393529492ba890fdfafe052b3e 48a449718b4f466287d8f44234d5213c - - - -] 10.0.0.187 "DELETE /v2.0/routers/57e47d58-1a5f-42ef-a808-dd3cd4e39840 HTTP/1.1" status: 204 len: 168 time: 0.9369030
2026-05-11 02:06:04.134 9 INFO neutron.wsgi [None req-66615862-cc22-4a65-b8a4-e8bc981db171 7a5a98393529492ba890fdfafe052b3e 48a449718b4f466287d8f44234d5213c - - default default] 10.0.0.187 "GET /v2.0/ports?device_id=57e47d58-1a5f-42ef-a808-dd3cd4e39840 HTTP/1.1" status: 200 len: 205 time: 0.0215180
2026-05-11 02:06:04.162 9 INFO neutron.api.v2.resource [None req-b992cabf-0b91-4174-8e84-38da25b1aae1 7a5a98393529492ba890fdfafe052b3e 48a449718b4f466287d8f44234d5213c - - - -] delete failed (client error): The resource could not be found.
2026-05-11 02:06:04.163 9 INFO neutron.wsgi [None req-b992cabf-0b91-4174-8e84-38da25b1aae1 7a5a98393529492ba890fdfafe052b3e 48a449718b4f466287d8f44234d5213c - - - -] 10.0.0.187 "DELETE /v2.0/routers/57e47d58-1a5f-42ef-a808-dd3cd4e39840 HTTP/1.1" status: 404 len: 336 time: 0.0251479
2026-05-11 02:06:04.190 9 INFO neutron.wsgi [None req-75b1a5df-ed89-41be-8417-e247c45deb41 7a5a98393529492ba890fdfafe052b3e 48a449718b4f466287d8f44234d5213c - - default default] 10.0.0.187 "GET /v2.0/ports?device_id=f7ab9b30-0574-4790-a3b2-9ea9e1f1138f HTTP/1.1" status: 200 len: 205 time: 0.0228424
2026-05-11 02:06:04.222 9 INFO neutron.api.v2.resource [None req-cd3d041d-b605-442c-9775-9f06c33a3b9b 7a5a98393529492ba890fdfafe052b3e 48a449718b4f466287d8f44234d5213c - - - -] delete failed (client error): The resource could not be found.
2026-05-11 02:06:04.223 9 INFO neutron.wsgi [None req-cd3d041d-b605-442c-9775-9f06c33a3b9b 7a5a98393529492ba890fdfafe052b3e 48a449718b4f466287d8f44234d5213c - - - -] 10.0.0.187 "DELETE /v2.0/routers/f7ab9b30-0574-4790-a3b2-9ea9e1f1138f HTTP/1.1" status: 404 len: 336 time: 0.0284123
2026-05-11 02:06:04.228 10 INFO neutron.db.ovn_revision_numbers_db [None req-42082c40-463e-483d-8d35-916645c53ee0 3520fc46b4774bbf8854185f91ed08fc af3f46d4eb3844c696b8bb06cdec46a2 - - - -] Successfully bumped revision number for resource 4231b9a6-0ad9-463a-b828-6abcab82bb20 (type: ports) to 1
2026-05-11 02:06:04.245 9 INFO neutron.pecan_wsgi.hooks.translation [None req-606580d9-00ac-4126-9a5c-b8281a4f6e8b 7a5a98393529492ba890fdfafe052b3e 48a449718b4f466287d8f44234d5213c - - - -] DELETE failed (client error): The resource could not be found.
2026-05-11 02:06:04.247 9 INFO neutron.wsgi [None req-606580d9-00ac-4126-9a5c-b8281a4f6e8b 7a5a98393529492ba890fdfafe052b3e 48a449718b4f466287d8f44234d5213c - - - -] 10.0.0.187 "DELETE /v2.0/subnets/484be7bb-6859-4429-a804-7a932c1552f2 HTTP/1.1" status: 404 len: 337 time: 0.0186713
2026-05-11 02:06:04.260 10 INFO neutron.wsgi [None req-42082c40-463e-483d-8d35-916645c53ee0 3520fc46b4774bbf8854185f91ed08fc af3f46d4eb3844c696b8bb06cdec46a2 - - - -] 199.204.45.250 "POST /v2.0/ports HTTP/1.1" status: 201 len: 1158 time: 0.7447593
2026-05-11 02:06:04.269 9 INFO neutron.wsgi [None req-c387ce4c-a063-430c-9d83-d5e1cfea0fe3 7a5a98393529492ba890fdfafe052b3e 48a449718b4f466287d8f44234d5213c - - default default] 10.0.0.187 "GET /v2.0/ports?device_id=ea6460b7-f70d-430a-a082-11ac30089282 HTTP/1.1" status: 200 len: 205 time: 0.0185461 /var/lib/openstack/lib/python3.10/site-packages/pycadf/identifier.py:71: UserWarning: Invalid uuid: neutron. To ensure interoperability, identifiers should be a valid uuid. warnings.warn(('Invalid uuid: %s. To ensure interoperability, '
2026-05-11 02:06:04.299 9 INFO neutron.api.v2.resource [None req-9e48fb95-f921-4f3f-9e31-da5fb8cd8836 7a5a98393529492ba890fdfafe052b3e 48a449718b4f466287d8f44234d5213c - - - -] delete failed (client error): The resource could not be found.
2026-05-11 02:06:04.300 9 INFO neutron.wsgi [None req-9e48fb95-f921-4f3f-9e31-da5fb8cd8836 7a5a98393529492ba890fdfafe052b3e 48a449718b4f466287d8f44234d5213c - - - -] 10.0.0.187 "DELETE /v2.0/routers/ea6460b7-f70d-430a-a082-11ac30089282 HTTP/1.1" status: 404 len: 336 time: 0.0266552
2026-05-11 02:06:04.320 9 INFO neutron.pecan_wsgi.hooks.translation [None req-9544f160-a2d6-42c6-ba50-10a1485df0bd 7a5a98393529492ba890fdfafe052b3e 48a449718b4f466287d8f44234d5213c - - - -] DELETE failed (client error): The resource could not be found.
2026-05-11 02:06:04.321 9 INFO neutron.wsgi [None req-9544f160-a2d6-42c6-ba50-10a1485df0bd 7a5a98393529492ba890fdfafe052b3e 48a449718b4f466287d8f44234d5213c - - - -] 10.0.0.187 "DELETE /v2.0/subnets/ff1e2d2b-fc07-43b2-8d8a-806a36fe0589 HTTP/1.1" status: 404 len: 337 time: 0.0185025
2026-05-11 02:06:04.345 9 INFO neutron.wsgi [None req-7587e99c-099f-4c2a-82b0-e9847ae1a120 7a5a98393529492ba890fdfafe052b3e 48a449718b4f466287d8f44234d5213c - - default default] 10.0.0.187 "GET /v2.0/ports?device_id=97805499-5a01-4298-9ff6-5e8733c25b7f HTTP/1.1" status: 200 len: 205 time: 0.0181940
2026-05-11 02:06:04.375 9 INFO neutron.api.v2.resource [None req-2de18abf-190c-43d6-9511-828482cdf895 7a5a98393529492ba890fdfafe052b3e 48a449718b4f466287d8f44234d5213c - - - -] delete failed (client error): The resource could not be found.
2026-05-11 02:06:04.376 9 INFO neutron.wsgi [None req-2de18abf-190c-43d6-9511-828482cdf895 7a5a98393529492ba890fdfafe052b3e 48a449718b4f466287d8f44234d5213c - - - -] 10.0.0.187 "DELETE /v2.0/routers/97805499-5a01-4298-9ff6-5e8733c25b7f HTTP/1.1" status: 404 len: 336 time: 0.0259163
2026-05-11 02:06:04.395 9 INFO neutron.pecan_wsgi.hooks.translation [None req-dcf2c4b6-83c9-4dd8-854e-f2fcd20c5689 7a5a98393529492ba890fdfafe052b3e 48a449718b4f466287d8f44234d5213c - - - -] DELETE failed (client error): The resource could not be found.
2026-05-11 02:06:04.397 9 INFO neutron.wsgi [None req-dcf2c4b6-83c9-4dd8-854e-f2fcd20c5689 7a5a98393529492ba890fdfafe052b3e 48a449718b4f466287d8f44234d5213c - - - -] 10.0.0.187 "DELETE /v2.0/subnets/248bd2ea-9c3b-433d-a8cc-e54348b5e5af HTTP/1.1" status: 404 len: 337 time: 0.0167842
2026-05-11 02:06:04.416 9 INFO neutron.pecan_wsgi.hooks.translation [None req-5a78582f-c496-4803-8a3e-a706964364ce 7a5a98393529492ba890fdfafe052b3e 48a449718b4f466287d8f44234d5213c - - - -] DELETE failed (client error): The resource could not be found.
2026-05-11 02:06:04.418 9 INFO neutron.wsgi [None req-5a78582f-c496-4803-8a3e-a706964364ce 7a5a98393529492ba890fdfafe052b3e 48a449718b4f466287d8f44234d5213c - - - -] 10.0.0.187 "DELETE /v2.0/subnets/5d78440b-6e9b-42c9-83a6-03dc351e4498 HTTP/1.1" status: 404 len: 337 time: 0.0171258
2026-05-11 02:06:04.674 9 WARNING neutron.plugins.ml2.drivers.ovn.mech_driver.ovsdb.ovn_client [None req-ec5ae705-1539-416b-bc6e-d2d369a55702 - - - - - -] No port found with ID 752395ec-da36-4ac5-b7e7-a4ae6dc44eb5: RuntimeError: No port found with ID 752395ec-da36-4ac5-b7e7-a4ae6dc44eb5
2026-05-11 02:06:05.034 10 WARNING neutron.plugins.ml2.drivers.ovn.mech_driver.ovsdb.ovn_client [None req-4236fa92-3bba-42d1-8e7f-dfd6b36acf4d - - - - - -] No hosting information found for port 05c1410a-0002-4783-8c2e-9494745035ae: RuntimeError: No hosting information found for port 05c1410a-0002-4783-8c2e-9494745035ae
2026-05-11 02:06:05.072 10 INFO neutron.plugins.ml2.drivers.ovn.mech_driver.mech_driver [None req-4236fa92-3bba-42d1-8e7f-dfd6b36acf4d - - - - - -] OVN reports status down for port: 9b876c83-2232-442f-9763-815d291ee7a3
2026-05-11 02:06:05.079 10 INFO neutron.wsgi [req-527fb9ad-1844-4549-a93a-316858b94f89 req-e4db0817-cde4-4cbd-be8e-018a2894abaa 3520fc46b4774bbf8854185f91ed08fc af3f46d4eb3844c696b8bb06cdec46a2 - - default default] 10.0.0.181 "GET /v2.0/ports?device_id=6957a591-5907-4246-ba42-6229645f15d1 HTTP/1.1" status: 200 len: 1156 time: 0.0981960 /var/lib/openstack/lib/python3.10/site-packages/pycadf/identifier.py:71: UserWarning: Invalid uuid: neutron. To ensure interoperability, identifiers should be a valid uuid. warnings.warn(('Invalid uuid: %s. To ensure interoperability, '
