2026-05-11 02:01:17.998 10 INFO neutron.wsgi [None req-fefae550-f842-49ce-a8fc-2a0101eefe7d 68dfaded7f114828bc762a62846a3ccf 12ed02e8e0f5488ba3263ea8f3a37c50 - - default default] 10.0.0.109 "GET /v2.0/networks HTTP/1.1" status: 200 len: 2350 time: 0.0639846
2026-05-11 02:01:18.057 10 INFO neutron.wsgi [None req-c125d174-c726-46e8-909f-485baf9db8a0 68dfaded7f114828bc762a62846a3ccf 12ed02e8e0f5488ba3263ea8f3a37c50 - - default default] 10.0.0.109 "GET /v2.0/security-groups HTTP/1.1" status: 200 len: 16803 time: 0.0573938
2026-05-11 02:01:18.185 10 INFO neutron.wsgi [None req-4d4131ee-85b4-4375-b41d-5b6b8f015712 68dfaded7f114828bc762a62846a3ccf 12ed02e8e0f5488ba3263ea8f3a37c50 - - default default] 10.0.0.109 "GET /v2.0/subnets HTTP/1.1" status: 200 len: 1437 time: 0.1208758
2026-05-11 02:01:18.196 10 INFO neutron.wsgi [None req-1cdd0c37-d4e0-41f6-92f9-9cf45b4168af 68dfaded7f114828bc762a62846a3ccf 12ed02e8e0f5488ba3263ea8f3a37c50 - - default default] 10.0.0.109 "GET /v2.0/network-ip-availabilities HTTP/1.1" status: 200 len: 1280 time: 0.0098758
2026-05-11 02:01:18.223 10 INFO neutron.wsgi [None req-0343e457-83a7-4926-8a10-ffdee1481888 68dfaded7f114828bc762a62846a3ccf 12ed02e8e0f5488ba3263ea8f3a37c50 - - default default] 10.0.0.109 "GET /v2.0/subnets HTTP/1.1" status: 200 len: 1437 time: 0.0258563
2026-05-11 02:01:18.234 10 INFO neutron.wsgi [None req-e01bf971-783c-45f3-9371-eb0f265b98dc 68dfaded7f114828bc762a62846a3ccf 12ed02e8e0f5488ba3263ea8f3a37c50 - - default default] 10.0.0.109 "GET /v2.0/subnetpools HTTP/1.1" status: 200 len: 193 time: 0.0096409
2026-05-11 02:01:18.257 10 INFO neutron.wsgi [None req-b914ca4a-780d-4fc9-b316-572edc4de1d3 68dfaded7f114828bc762a62846a3ccf 12ed02e8e0f5488ba3263ea8f3a37c50 - - default default] 10.0.0.109 "GET /v2.0/floatingips HTTP/1.1" status: 200 len: 193 time: 0.0218177
2026-05-11 02:01:18.283 10 INFO neutron.wsgi [None req-7ae4c5a4-237d-455f-9207-2707bfcf5da8 68dfaded7f114828bc762a62846a3ccf 12ed02e8e0f5488ba3263ea8f3a37c50 - - default default] 10.0.0.109 "GET /v2.0/ports HTTP/1.1" status: 200 len: 5255 time: 0.0260410
2026-05-11 02:01:18.297 10 INFO neutron.wsgi [None req-9827a79b-04fb-4059-8213-554e19dc7111 68dfaded7f114828bc762a62846a3ccf 12ed02e8e0f5488ba3263ea8f3a37c50 - - default default] 10.0.0.109 "GET /v2.0/agents HTTP/1.1" status: 200 len: 997 time: 0.0100610
2026-05-11 02:01:18.896 9 INFO neutron.wsgi [None req-bed544f0-8a75-4afb-a010-fd618a42e09b 68dfaded7f114828bc762a62846a3ccf 12ed02e8e0f5488ba3263ea8f3a37c50 - - default default] 199.204.45.250,10.0.0.175 "GET /v2.0/ports HTTP/1.1" status: 200 len: 5255 time: 0.0910449
2026-05-11 02:01:20.043 9 INFO neutron.wsgi [None req-34ba6bc2-410d-49cb-92c9-f175ee20603b 68dfaded7f114828bc762a62846a3ccf 12ed02e8e0f5488ba3263ea8f3a37c50 - - default default] 199.204.45.250,10.0.0.175 "GET /v2.0/security-groups?tenant_id=12ed02e8e0f5488ba3263ea8f3a37c50 HTTP/1.1" status: 200 len: 10161 time: 0.1989701
2026-05-11 02:01:20.959 9 INFO neutron.wsgi [None req-199a849c-adcc-4f4e-affb-0f9a80cdd5a0 68dfaded7f114828bc762a62846a3ccf 12ed02e8e0f5488ba3263ea8f3a37c50 - - default default] 199.204.45.250,10.0.0.175 "GET /v2.0/security-groups?tenant_id=12ed02e8e0f5488ba3263ea8f3a37c50 HTTP/1.1" status: 200 len: 10161 time: 0.0908329
2026-05-11 02:01:21.790 9 INFO neutron.wsgi [None req-280fd284-be31-4e54-8953-e6b413e25392 68dfaded7f114828bc762a62846a3ccf 12ed02e8e0f5488ba3263ea8f3a37c50 - - default default] 199.204.45.250,10.0.0.175 "GET /v2.0/security-groups?tenant_id=12ed02e8e0f5488ba3263ea8f3a37c50 HTTP/1.1" status: 200 len: 10161 time: 0.0831535
2026-05-11 02:01:26.440 10 INFO neutron.wsgi [-] 10.0.0.175 "GET / HTTP/1.1" status: 200 len: 246 time: 0.0015430
2026-05-11 02:01:26.441 9 INFO neutron.wsgi [-] 10.0.0.175 "GET / HTTP/1.1" status: 200 len: 246 time: 0.0025201
2026-05-11 02:01:33.014 9 INFO neutron.wsgi [None req-fa106070-369f-4616-8100-b0a6fd74d4fb 68dfaded7f114828bc762a62846a3ccf 12ed02e8e0f5488ba3263ea8f3a37c50 - - default default] 199.204.45.250,10.0.0.175 "GET /v2.0/quotas/12ed02e8e0f5488ba3263ea8f3a37c50 HTTP/1.1" status: 200 len: 361 time: 0.0142143
2026-05-11 02:01:41.442 10 INFO neutron.wsgi [-] 10.0.0.175 "GET / HTTP/1.1" status: 200 len: 246 time: 0.0032177
2026-05-11 02:01:41.443 9 INFO neutron.wsgi [-] 10.0.0.175 "GET / HTTP/1.1" status: 200 len: 246 time: 0.0030134
2026-05-11 02:01:56.444 9 INFO neutron.wsgi [-] 10.0.0.175 "GET / HTTP/1.1" status: 200 len: 246 time: 0.0044174
2026-05-11 02:01:56.444 10 INFO neutron.wsgi [-] 10.0.0.175 "GET / HTTP/1.1" status: 200 len: 246 time: 0.0042803
2026-05-11 02:02:11.442 10 INFO neutron.wsgi [-] 10.0.0.175 "GET / HTTP/1.1" status: 200 len: 246 time: 0.0029483
2026-05-11 02:02:11.443 9 INFO neutron.wsgi [-] 10.0.0.175 "GET / HTTP/1.1" status: 200 len: 246 time: 0.0032063
2026-05-11 02:02:17.846 10 INFO neutron.wsgi [None req-82a9b3d6-f166-4511-8df9-2d3802327c30 68dfaded7f114828bc762a62846a3ccf 12ed02e8e0f5488ba3263ea8f3a37c50 - - default default] 10.0.0.109 "GET /v2.0/network-ip-availabilities HTTP/1.1" status: 200 len: 1280 time: 0.0678940
2026-05-11 02:02:17.914 10 INFO neutron.wsgi [None req-a7665d65-3310-40fd-8b7b-e3dfc2cbc9b5 68dfaded7f114828bc762a62846a3ccf 12ed02e8e0f5488ba3263ea8f3a37c50 - - default default] 10.0.0.109 "GET /v2.0/networks HTTP/1.1" status: 200 len: 2350 time: 0.0675168
2026-05-11 02:02:17.942 10 INFO neutron.wsgi [None req-16bd42b0-99e8-44f5-b050-9712974b8b3e 68dfaded7f114828bc762a62846a3ccf 12ed02e8e0f5488ba3263ea8f3a37c50 - - default default] 10.0.0.109 "GET /v2.0/routers HTTP/1.1" status: 200 len: 189 time: 0.0261734
2026-05-11 02:02:17.964 10 INFO neutron.wsgi [None req-d44a2622-b646-4817-8986-4c99cef8e925 68dfaded7f114828bc762a62846a3ccf 12ed02e8e0f5488ba3263ea8f3a37c50 - - default default] 10.0.0.109 "GET /v2.0/agents?binary=ovn-controller HTTP/1.1" status: 200 len: 591 time: 0.0215547
2026-05-11 02:02:17.994 10 INFO neutron.wsgi [None req-30d13bb5-78f7-485a-8819-58a418e4a717 68dfaded7f114828bc762a62846a3ccf 12ed02e8e0f5488ba3263ea8f3a37c50 - - default default] 10.0.0.109 "GET /v2.0/subnets HTTP/1.1" status: 200 len: 1437 time: 0.0284119
2026-05-11 02:02:18.008 10 INFO neutron.wsgi [None req-1274d706-78b8-48b2-941c-60fbb94527ab 68dfaded7f114828bc762a62846a3ccf 12ed02e8e0f5488ba3263ea8f3a37c50 - - default default] 10.0.0.109 "GET /v2.0/subnetpools HTTP/1.1" status: 200 len: 193 time: 0.0118754
2026-05-11 02:02:18.039 10 INFO neutron.wsgi [None req-f04d22a6-7648-45d5-bd19-3a2dbae64c29 68dfaded7f114828bc762a62846a3ccf 12ed02e8e0f5488ba3263ea8f3a37c50 - - default default] 10.0.0.109 "GET /v2.0/floatingips HTTP/1.1" status: 200 len: 193 time: 0.0297930
2026-05-11 02:02:18.068 10 INFO neutron.wsgi [None req-465df0ba-a99c-4f27-ae19-ee408d6bb646 68dfaded7f114828bc762a62846a3ccf 12ed02e8e0f5488ba3263ea8f3a37c50 - - default default] 10.0.0.109 "GET /v2.0/ports HTTP/1.1" status: 200 len: 5255 time: 0.0280340
2026-05-11 02:02:18.083 10 INFO neutron.wsgi [None req-4e7dd7bb-7ad3-4b42-b0ac-8bf57d45888a 68dfaded7f114828bc762a62846a3ccf 12ed02e8e0f5488ba3263ea8f3a37c50 - - default default] 10.0.0.109 "GET /v2.0/agents HTTP/1.1" status: 200 len: 997 time: 0.0102341
2026-05-11 02:02:18.112 10 INFO neutron.wsgi [None req-d6db4718-cbc5-4251-b031-6ee9a6d6620d 68dfaded7f114828bc762a62846a3ccf 12ed02e8e0f5488ba3263ea8f3a37c50 - - default default] 10.0.0.109 "GET /v2.0/subnets HTTP/1.1" status: 200 len: 1437 time: 0.0287502
2026-05-11 02:02:18.164 10 INFO neutron.wsgi [None req-4ee3ef30-1f0a-49f9-8517-c44a36a54541 68dfaded7f114828bc762a62846a3ccf 12ed02e8e0f5488ba3263ea8f3a37c50 - - default default] 10.0.0.109 "GET /v2.0/security-groups HTTP/1.1" status: 200 len: 16803 time: 0.0501931
2026-05-11 02:02:26.442 10 INFO neutron.wsgi [-] 10.0.0.175 "GET / HTTP/1.1" status: 200 len: 246 time: 0.0027087
2026-05-11 02:02:26.443 9 INFO neutron.wsgi [-] 10.0.0.175 "GET / HTTP/1.1" status: 200 len: 246 time: 0.0031614
2026-05-11 02:02:26.949 9 INFO neutron.wsgi [None req-b54f1af9-016d-4489-a26c-5a805b1100b2 68dfaded7f114828bc762a62846a3ccf 12ed02e8e0f5488ba3263ea8f3a37c50 - - default default] 199.204.45.250,10.0.0.175 "GET /v2.0/security-groups?tenant_id=79e045f3e1b94937a780f8721eb0a9f6 HTTP/1.1" status: 200 len: 6838 time: 0.0906203
2026-05-11 02:02:27.889 9 INFO neutron.wsgi [None req-38e341d8-9062-4e54-80d2-2db64c0cc4d6 68dfaded7f114828bc762a62846a3ccf 12ed02e8e0f5488ba3263ea8f3a37c50 - - default default] 199.204.45.250,10.0.0.175 "GET /v2.0/security-groups?tenant_id=79e045f3e1b94937a780f8721eb0a9f6 HTTP/1.1" status: 200 len: 6838 time: 0.0687485
2026-05-11 02:02:28.753 9 INFO neutron.wsgi [None req-97d11c4c-38da-4ce3-a76d-69bb1a6a71fa 68dfaded7f114828bc762a62846a3ccf 12ed02e8e0f5488ba3263ea8f3a37c50 - - default default] 199.204.45.250,10.0.0.175 "GET /v2.0/security-groups?tenant_id=79e045f3e1b94937a780f8721eb0a9f6 HTTP/1.1" status: 200 len: 6838 time: 0.0797698
2026-05-11 02:02:29.619 9 INFO neutron.wsgi [None req-702a0df8-d809-4778-be0d-175d5f437b3c 68dfaded7f114828bc762a62846a3ccf 12ed02e8e0f5488ba3263ea8f3a37c50 - - default default] 199.204.45.250,10.0.0.175 "GET /v2.0/security-groups?tenant_id=79e045f3e1b94937a780f8721eb0a9f6 HTTP/1.1" status: 200 len: 6838 time: 0.0759482
2026-05-11 02:02:30.557 9 INFO neutron.wsgi [None req-183f947e-39c1-4393-b243-2bfb22f64dc7 68dfaded7f114828bc762a62846a3ccf 12ed02e8e0f5488ba3263ea8f3a37c50 - - default default] 199.204.45.250,10.0.0.175 "GET /v2.0/security-groups?tenant_id=79e045f3e1b94937a780f8721eb0a9f6 HTTP/1.1" status: 200 len: 6838 time: 0.0835810
2026-05-11 02:02:37.910 9 INFO neutron.wsgi [None req-4945d00c-9ac6-4bfe-8b55-90c00b76293d 68dfaded7f114828bc762a62846a3ccf 12ed02e8e0f5488ba3263ea8f3a37c50 - - default default] 199.204.45.250,10.0.0.175 "GET /v2.0/quotas/79e045f3e1b94937a780f8721eb0a9f6 HTTP/1.1" status: 200 len: 361 time: 0.0105155
2026-05-11 02:02:41.442 10 INFO neutron.wsgi [-] 10.0.0.175 "GET / HTTP/1.1" status: 200 len: 246 time: 0.0027606
2026-05-11 02:02:41.446 10 INFO neutron.wsgi [-] 10.0.0.175 "GET / HTTP/1.1" status: 200 len: 246 time: 0.0026767
2026-05-11 02:02:56.442 10 INFO neutron.wsgi [-] 10.0.0.175 "GET / HTTP/1.1" status: 200 len: 246 time: 0.0017064
2026-05-11 02:02:56.442 9 INFO neutron.wsgi [-] 10.0.0.175 "GET / HTTP/1.1" status: 200 len: 246 time: 0.0026500
2026-05-11 02:03:11.440 10 INFO neutron.wsgi [-] 10.0.0.175 "GET / HTTP/1.1" status: 200 len: 246 time: 0.0018609
2026-05-11 02:03:11.444 9 INFO neutron.wsgi [-] 10.0.0.175 "GET / HTTP/1.1" status: 200 len: 246 time: 0.0046520
2026-05-11 02:03:17.868 10 INFO neutron.wsgi [None req-8df5770b-384a-495e-826c-bd520db01e9c 68dfaded7f114828bc762a62846a3ccf 12ed02e8e0f5488ba3263ea8f3a37c50 - - default default] 10.0.0.109 "GET /v2.0/floatingips HTTP/1.1" status: 200 len: 193 time: 0.0773716
2026-05-11 02:03:17.903 10 INFO neutron.wsgi [None req-b9ebad20-7245-49c2-8b04-07510ac05456 68dfaded7f114828bc762a62846a3ccf 12ed02e8e0f5488ba3263ea8f3a37c50 - - default default] 10.0.0.109 "GET /v2.0/subnets HTTP/1.1" status: 200 len: 1437 time: 0.0334918
2026-05-11 02:03:17.936 10 INFO neutron.wsgi [None req-a8795341-d050-47ca-b239-ca81f9c15481 68dfaded7f114828bc762a62846a3ccf 12ed02e8e0f5488ba3263ea8f3a37c50 - - default default] 10.0.0.109 "GET /v2.0/agents HTTP/1.1" status: 200 len: 997 time: 0.0320072
2026-05-11 02:03:17.949 10 INFO neutron.wsgi [None req-792c7974-abd5-4536-9efc-ff5f27378950 68dfaded7f114828bc762a62846a3ccf 12ed02e8e0f5488ba3263ea8f3a37c50 - - default default] 10.0.0.109 "GET /v2.0/network-ip-availabilities HTTP/1.1" status: 200 len: 1280 time: 0.0112059
2026-05-11 02:03:17.987 10 INFO neutron.wsgi [None req-b9fbdeff-8a73-4524-9fbe-9c98db987b9e 68dfaded7f114828bc762a62846a3ccf 12ed02e8e0f5488ba3263ea8f3a37c50 - - default default] 10.0.0.109 "GET /v2.0/ports HTTP/1.1" status: 200 len: 5255 time: 0.0370033
2026-05-11 02:03:18.028 10 INFO neutron.wsgi [None req-62264573-a6bf-4df1-b647-9ed94de70770 68dfaded7f114828bc762a62846a3ccf 12ed02e8e0f5488ba3263ea8f3a37c50 - - default default] 10.0.0.109 "GET /v2.0/routers HTTP/1.1" status: 200 len: 189 time: 0.0346432
2026-05-11 02:03:18.036 10 INFO neutron.wsgi [None req-2ebb3cfc-b31a-4062-ab84-158c78b19d05 68dfaded7f114828bc762a62846a3ccf 12ed02e8e0f5488ba3263ea8f3a37c50 - - default default] 10.0.0.109 "GET /v2.0/agents?binary=ovn-controller HTTP/1.1" status: 200 len: 591 time: 0.0081093
2026-05-11 02:03:18.077 10 INFO neutron.wsgi [None req-93d3b7c1-ea7f-44fc-93e3-e4b3385d8fbd 68dfaded7f114828bc762a62846a3ccf 12ed02e8e0f5488ba3263ea8f3a37c50 - - default default] 10.0.0.109 "GET /v2.0/subnets HTTP/1.1" status: 200 len: 1437 time: 0.0391455
2026-05-11 02:03:18.092 10 INFO neutron.wsgi [None req-32a1c355-8792-4f3c-bef5-71f597a25e06 68dfaded7f114828bc762a62846a3ccf 12ed02e8e0f5488ba3263ea8f3a37c50 - - default default] 10.0.0.109 "GET /v2.0/subnetpools HTTP/1.1" status: 200 len: 193 time: 0.0138710
2026-05-11 02:03:18.153 10 INFO neutron.wsgi [None req-bddc9238-7984-4e91-9fd4-603883e706d5 68dfaded7f114828bc762a62846a3ccf 12ed02e8e0f5488ba3263ea8f3a37c50 - - default default] 10.0.0.109 "GET /v2.0/networks HTTP/1.1" status: 200 len: 2350 time: 0.0601447
2026-05-11 02:03:18.214 10 INFO neutron.wsgi [None req-4b8ccf11-e118-4bb3-8289-0b025c8dd8d3 68dfaded7f114828bc762a62846a3ccf 12ed02e8e0f5488ba3263ea8f3a37c50 - - default default] 10.0.0.109 "GET /v2.0/security-groups HTTP/1.1" status: 200 len: 16803 time: 0.0583611
2026-05-11 02:03:26.442 10 INFO neutron.wsgi [-] 10.0.0.175 "GET / HTTP/1.1" status: 200 len: 246 time: 0.0027797
2026-05-11 02:03:26.443 9 INFO neutron.wsgi [-] 10.0.0.175 "GET / HTTP/1.1" status: 200 len: 246 time: 0.0029452
2026-05-11 02:03:33.102 9 INFO neutron.wsgi [None req-ec960354-0533-462f-83a0-c25fb7a6c6d8 68dfaded7f114828bc762a62846a3ccf 12ed02e8e0f5488ba3263ea8f3a37c50 - - default default] 199.204.45.250,10.0.0.175 "GET /v2.0/networks HTTP/1.1" status: 200 len: 2350 time: 0.1019344
2026-05-11 02:03:41.441 10 INFO neutron.wsgi [-] 10.0.0.175 "GET / HTTP/1.1" status: 200 len: 246 time: 0.0017169
2026-05-11 02:03:41.442 9 INFO neutron.wsgi [-] 10.0.0.175 "GET / HTTP/1.1" status: 200 len: 246 time: 0.0027859
2026-05-11 02:03:56.441 9 INFO neutron.wsgi [-] 10.0.0.175 "GET / HTTP/1.1" status: 200 len: 246 time: 0.0019097
2026-05-11 02:03:56.443 9 INFO neutron.wsgi [-] 10.0.0.175 "GET / HTTP/1.1" status: 200 len: 246 time: 0.0012701
2026-05-11 02:04:11.443 9 INFO neutron.wsgi [-] 10.0.0.175 "GET / HTTP/1.1" status: 200 len: 246 time: 0.0036080
2026-05-11 02:04:11.446 9 INFO neutron.wsgi [-] 10.0.0.175 "GET / HTTP/1.1" status: 200 len: 246 time: 0.0019276 /var/lib/openstack/lib/python3.10/site-packages/pycadf/identifier.py:71: UserWarning: Invalid uuid: neutron. To ensure interoperability, identifiers should be a valid uuid. warnings.warn(('Invalid uuid: %s. To ensure interoperability, '
2026-05-11 02:04:12.665 9 INFO neutron.wsgi [None req-42933820-58ed-457a-9f82-1ba35288688e 68dfaded7f114828bc762a62846a3ccf 12ed02e8e0f5488ba3263ea8f3a37c50 - - default default] 10.0.0.187 "GET /v2.0/networks HTTP/1.1" status: 200 len: 2369 time: 0.1778128
2026-05-11 02:04:13.837 9 INFO neutron.wsgi [None req-6385f512-a9d5-4c9a-9364-f8079b0f4a1a 68dfaded7f114828bc762a62846a3ccf 12ed02e8e0f5488ba3263ea8f3a37c50 - - default default] 10.0.0.187 "GET /v2.0/floatingips HTTP/1.1" status: 200 len: 212 time: 0.0349445
2026-05-11 02:04:13.875 9 INFO neutron.wsgi [None req-1f516248-f34a-4394-8ea9-7bdec3c61804 68dfaded7f114828bc762a62846a3ccf 12ed02e8e0f5488ba3263ea8f3a37c50 - - default default] 10.0.0.187 "GET /v2.0/routers HTTP/1.1" status: 200 len: 208 time: 0.0338621
2026-05-11 02:04:13.911 9 INFO neutron.wsgi [None req-d672438a-3774-4c96-b8ce-40336a5d3914 68dfaded7f114828bc762a62846a3ccf 12ed02e8e0f5488ba3263ea8f3a37c50 - - default default] 10.0.0.187 "GET /v2.0/ports HTTP/1.1" status: 200 len: 5274 time: 0.0318127
2026-05-11 02:04:13.944 9 INFO neutron.wsgi [None req-c7ce79fb-594f-4c9b-a8af-c925aa68ed9a 68dfaded7f114828bc762a62846a3ccf 12ed02e8e0f5488ba3263ea8f3a37c50 - - default default] 10.0.0.187 "GET /v2.0/subnets HTTP/1.1" status: 200 len: 1456 time: 0.0270967
2026-05-11 02:04:14.015 9 INFO neutron.wsgi [None req-028e072e-5f22-4ae0-8c2c-dc63fac2428d 68dfaded7f114828bc762a62846a3ccf 12ed02e8e0f5488ba3263ea8f3a37c50 - - default default] 10.0.0.187 "GET /v2.0/networks HTTP/1.1" status: 200 len: 2369 time: 0.0667157
2026-05-11 02:04:14.081 9 INFO neutron.wsgi [None req-0b7ef4e3-3c5b-41f7-bd13-7d4404479094 68dfaded7f114828bc762a62846a3ccf 12ed02e8e0f5488ba3263ea8f3a37c50 - - default default] 10.0.0.187 "GET /v2.0/security-groups HTTP/1.1" status: 200 len: 16822 time: 0.0622022
2026-05-11 02:04:14.104 9 INFO neutron.wsgi [None req-0239afa4-4c86-4a30-9e82-3c29fa7c0d3b 68dfaded7f114828bc762a62846a3ccf 12ed02e8e0f5488ba3263ea8f3a37c50 - - default default] 10.0.0.187 "GET /v2.0/subnetpools HTTP/1.1" status: 200 len: 212 time: 0.0167725
2026-05-11 02:04:17.845 10 INFO neutron.wsgi [None req-eb69e613-843e-494a-9db1-94d7bdd60aa7 68dfaded7f114828bc762a62846a3ccf 12ed02e8e0f5488ba3263ea8f3a37c50 - - default default] 10.0.0.109 "GET /v2.0/network-ip-availabilities HTTP/1.1" status: 200 len: 1280 time: 0.0604956
2026-05-11 02:04:17.909 10 INFO neutron.wsgi [None req-bdcc22df-402e-4450-a4c3-94fbeaddd4cd 68dfaded7f114828bc762a62846a3ccf 12ed02e8e0f5488ba3263ea8f3a37c50 - - default default] 10.0.0.109 "GET /v2.0/networks HTTP/1.1" status: 200 len: 2350 time: 0.0625908
2026-05-11 02:04:17.942 10 INFO neutron.wsgi [None req-41051d51-1be0-48b6-9c66-82cd3ed4a64e 68dfaded7f114828bc762a62846a3ccf 12ed02e8e0f5488ba3263ea8f3a37c50 - - default default] 10.0.0.109 "GET /v2.0/routers HTTP/1.1" status: 200 len: 189 time: 0.0273573
2026-05-11 02:04:17.968 10 INFO neutron.wsgi [None req-37960ff9-252a-4b94-a8d3-cb015f5ef751 68dfaded7f114828bc762a62846a3ccf 12ed02e8e0f5488ba3263ea8f3a37c50 - - default default] 10.0.0.109 "GET /v2.0/agents?binary=ovn-controller HTTP/1.1" status: 200 len: 591 time: 0.0252163
2026-05-11 02:04:17.990 10 INFO neutron.wsgi [None req-091e8778-ae4a-420f-a55d-cf0d3bbbb6ce 68dfaded7f114828bc762a62846a3ccf 12ed02e8e0f5488ba3263ea8f3a37c50 - - default default] 10.0.0.109 "GET /v2.0/floatingips HTTP/1.1" status: 200 len: 193 time: 0.0207431
2026-05-11 02:04:18.022 10 INFO neutron.wsgi [None req-1c9281fa-07e1-46ce-a7d0-daef25ba7f81 68dfaded7f114828bc762a62846a3ccf 12ed02e8e0f5488ba3263ea8f3a37c50 - - default default] 10.0.0.109 "GET /v2.0/subnets HTTP/1.1" status: 200 len: 1437 time: 0.0314054
2026-05-11 02:04:18.037 10 INFO neutron.wsgi [None req-5dbf9eb5-8a7a-42c3-8910-d69be6e735b8 68dfaded7f114828bc762a62846a3ccf 12ed02e8e0f5488ba3263ea8f3a37c50 - - default default] 10.0.0.109 "GET /v2.0/subnetpools HTTP/1.1" status: 200 len: 193 time: 0.0138726
2026-05-11 02:04:18.067 10 INFO neutron.wsgi [None req-c230f5e2-1454-4f88-b83c-02bbbf63a4e2 68dfaded7f114828bc762a62846a3ccf 12ed02e8e0f5488ba3263ea8f3a37c50 - - default default] 10.0.0.109 "GET /v2.0/ports HTTP/1.1" status: 200 len: 5255 time: 0.0285928
2026-05-11 02:04:18.083 10 INFO neutron.wsgi [None req-54cca605-111e-437c-8a20-9ec5caf6aab0 68dfaded7f114828bc762a62846a3ccf 12ed02e8e0f5488ba3263ea8f3a37c50 - - default default] 10.0.0.109 "GET /v2.0/agents HTTP/1.1" status: 200 len: 997 time: 0.0120547
2026-05-11 02:04:18.140 10 INFO neutron.wsgi [None req-2883109e-5d8f-4a0d-9ea6-be862c953187 68dfaded7f114828bc762a62846a3ccf 12ed02e8e0f5488ba3263ea8f3a37c50 - - default default] 10.0.0.109 "GET /v2.0/security-groups HTTP/1.1" status: 200 len: 16803 time: 0.0560799
2026-05-11 02:04:18.192 10 INFO neutron.wsgi [None req-31a9d278-284b-4927-b602-715558316d7a 68dfaded7f114828bc762a62846a3ccf 12ed02e8e0f5488ba3263ea8f3a37c50 - - default default] 10.0.0.109 "GET /v2.0/subnets HTTP/1.1" status: 200 len: 1437 time: 0.0430348
2026-05-11 02:04:25.255 9 INFO neutron.db.ovn_revision_numbers_db [None req-02202230-a151-4f14-ae24-78339c9baf47 68dfaded7f114828bc762a62846a3ccf 12ed02e8e0f5488ba3263ea8f3a37c50 - - - -] Successfully bumped revision number for resource 04664dbc-b203-4075-b6c4-05c7a4a32af3 (type: security_groups) to 1
2026-05-11 02:04:25.324 9 INFO neutron.db.segments_db [None req-02202230-a151-4f14-ae24-78339c9baf47 68dfaded7f114828bc762a62846a3ccf 12ed02e8e0f5488ba3263ea8f3a37c50 - - - -] Added segment d6949f36-cc9c-468a-9a80-967b7a386071 of type geneve for network aafe370c-62a7-4aee-a2b1-8ef21b688c4a
2026-05-11 02:04:25.468 9 INFO neutron.db.ovn_revision_numbers_db [None req-02202230-a151-4f14-ae24-78339c9baf47 68dfaded7f114828bc762a62846a3ccf 12ed02e8e0f5488ba3263ea8f3a37c50 - - - -] Successfully bumped revision number for resource aafe370c-62a7-4aee-a2b1-8ef21b688c4a (type: networks) to 1
2026-05-11 02:04:25.713 9 WARNING neutron.scheduler.dhcp_agent_scheduler [None req-02202230-a151-4f14-ae24-78339c9baf47 68dfaded7f114828bc762a62846a3ccf 12ed02e8e0f5488ba3263ea8f3a37c50 - - - -] No more DHCP agents
2026-05-11 02:04:25.717 9 WARNING neutron.api.rpc.agentnotifiers.dhcp_rpc_agent_api [None req-02202230-a151-4f14-ae24-78339c9baf47 68dfaded7f114828bc762a62846a3ccf 12ed02e8e0f5488ba3263ea8f3a37c50 - - - -] Unable to schedule network aafe370c-62a7-4aee-a2b1-8ef21b688c4a: no agents available; will retry on subsequent port and subnet creation events.
2026-05-11 02:04:25.780 9 INFO neutron.db.ovn_revision_numbers_db [None req-efc5ecd2-1e01-4405-b1b8-f71e5dde4ded 68dfaded7f114828bc762a62846a3ccf 12ed02e8e0f5488ba3263ea8f3a37c50 - - - -] Successfully bumped revision number for resource 2b744b87-d74d-43f1-bc60-6dbe58a910c8 (type: security_groups) to 1
2026-05-11 02:04:25.801 9 INFO neutron.db.ovn_revision_numbers_db [None req-02202230-a151-4f14-ae24-78339c9baf47 68dfaded7f114828bc762a62846a3ccf 12ed02e8e0f5488ba3263ea8f3a37c50 - - - -] Successfully bumped revision number for resource e526215a-903e-42f1-ad68-540964ff1d27 (type: ports) to 1
2026-05-11 02:04:25.817 9 INFO neutron.wsgi [None req-02202230-a151-4f14-ae24-78339c9baf47 68dfaded7f114828bc762a62846a3ccf 12ed02e8e0f5488ba3263ea8f3a37c50 - - - -] 10.0.0.187 "POST /v2.0/networks HTTP/1.1" status: 201 len: 953 time: 0.8556697
2026-05-11 02:04:25.836 9 INFO neutron.db.segments_db [None req-efc5ecd2-1e01-4405-b1b8-f71e5dde4ded 68dfaded7f114828bc762a62846a3ccf 12ed02e8e0f5488ba3263ea8f3a37c50 - - - -] Added segment 7652acb0-db4d-4843-a8a5-353d7e59b91c of type geneve for network b0b30418-1773-468f-8ec7-bb03e56cb42e
2026-05-11 02:04:25.974 9 INFO neutron.db.ovn_revision_numbers_db [None req-efc5ecd2-1e01-4405-b1b8-f71e5dde4ded 68dfaded7f114828bc762a62846a3ccf 12ed02e8e0f5488ba3263ea8f3a37c50 - - - -] Successfully bumped revision number for resource b0b30418-1773-468f-8ec7-bb03e56cb42e (type: networks) to 1
2026-05-11 02:04:26.024 10 WARNING neutron.scheduler.dhcp_agent_scheduler [None req-0e1021d7-7472-4324-8e8b-2a0ff57f74a6 68dfaded7f114828bc762a62846a3ccf 12ed02e8e0f5488ba3263ea8f3a37c50 - - - -] No more DHCP agents
2026-05-11 02:04:26.026 10 WARNING neutron.api.rpc.agentnotifiers.dhcp_rpc_agent_api [None req-0e1021d7-7472-4324-8e8b-2a0ff57f74a6 68dfaded7f114828bc762a62846a3ccf 12ed02e8e0f5488ba3263ea8f3a37c50 - - - -] Unable to schedule network aafe370c-62a7-4aee-a2b1-8ef21b688c4a: no agents available; will retry on subsequent port and subnet creation events.
2026-05-11 02:04:26.149 9 WARNING neutron.scheduler.dhcp_agent_scheduler [None req-efc5ecd2-1e01-4405-b1b8-f71e5dde4ded 68dfaded7f114828bc762a62846a3ccf 12ed02e8e0f5488ba3263ea8f3a37c50 - - - -] No more DHCP agents
2026-05-11 02:04:26.151 9 WARNING neutron.api.rpc.agentnotifiers.dhcp_rpc_agent_api [None req-efc5ecd2-1e01-4405-b1b8-f71e5dde4ded 68dfaded7f114828bc762a62846a3ccf 12ed02e8e0f5488ba3263ea8f3a37c50 - - - -] Unable to schedule network b0b30418-1773-468f-8ec7-bb03e56cb42e: no agents available; will retry on subsequent port and subnet creation events.
2026-05-11 02:04:26.219 9 INFO neutron.db.ovn_revision_numbers_db [None req-efc5ecd2-1e01-4405-b1b8-f71e5dde4ded 68dfaded7f114828bc762a62846a3ccf 12ed02e8e0f5488ba3263ea8f3a37c50 - - - -] Successfully bumped revision number for resource d59f8596-1661-4ecf-8f79-fa6f1431e31a (type: ports) to 1
2026-05-11 02:04:26.247 9 INFO neutron.wsgi [None req-efc5ecd2-1e01-4405-b1b8-f71e5dde4ded 68dfaded7f114828bc762a62846a3ccf 12ed02e8e0f5488ba3263ea8f3a37c50 - - - -] 10.0.0.187 "POST /v2.0/networks HTTP/1.1" status: 201 len: 949 time: 0.8219929
2026-05-11 02:04:26.335 9 INFO neutron.db.ovn_revision_numbers_db [None req-7f515976-e641-4778-9500-aea2fc1a59da 68dfaded7f114828bc762a62846a3ccf 12ed02e8e0f5488ba3263ea8f3a37c50 - - default default] Successfully bumped revision number for resource 4c3e12df-1b90-4ddd-bc09-89554d0e866c (type: security_groups) to 1
2026-05-11 02:04:26.370 9 INFO neutron.wsgi [None req-7f515976-e641-4778-9500-aea2fc1a59da 68dfaded7f114828bc762a62846a3ccf 12ed02e8e0f5488ba3263ea8f3a37c50 - - default default] 10.0.0.187 "GET /v2.0/security-groups?tenant_id=065f1981ae964c65bc258a48a362d00e&name=default HTTP/1.1" status: 200 len: 2992 time: 0.3572168
2026-05-11 02:04:26.449 9 INFO neutron.wsgi [-] 10.0.0.175 "GET / HTTP/1.1" status: 200 len: 246 time: 0.0014575
2026-05-11 02:04:26.450 9 INFO neutron.wsgi [-] 10.0.0.175 "GET / HTTP/1.1" status: 200 len: 246 time: 0.0010307
2026-05-11 02:04:26.467 10 INFO neutron.db.ovn_revision_numbers_db [None req-0e1021d7-7472-4324-8e8b-2a0ff57f74a6 68dfaded7f114828bc762a62846a3ccf 12ed02e8e0f5488ba3263ea8f3a37c50 - - - -] Successfully bumped revision number for resource e526215a-903e-42f1-ad68-540964ff1d27 (type: ports) to 2
2026-05-11 02:04:26.473 9 WARNING neutron.scheduler.dhcp_agent_scheduler [None req-0aaf1513-211b-41a3-9ca9-46fdeb24d81d 68dfaded7f114828bc762a62846a3ccf 12ed02e8e0f5488ba3263ea8f3a37c50 - - - -] No more DHCP agents
2026-05-11 02:04:26.476 9 WARNING neutron.api.rpc.agentnotifiers.dhcp_rpc_agent_api [None req-0aaf1513-211b-41a3-9ca9-46fdeb24d81d 68dfaded7f114828bc762a62846a3ccf 12ed02e8e0f5488ba3263ea8f3a37c50 - - - -] Unable to schedule network b0b30418-1773-468f-8ec7-bb03e56cb42e: no agents available; will retry on subsequent port and subnet creation events.
2026-05-11 02:04:26.483 10 INFO neutron.db.ovn_revision_numbers_db [None req-0e1021d7-7472-4324-8e8b-2a0ff57f74a6 68dfaded7f114828bc762a62846a3ccf 12ed02e8e0f5488ba3263ea8f3a37c50 - - - -] Successfully bumped revision number for resource 4eb2611c-13b3-473a-a8a5-53bdabed3b5d (type: subnets) to 0
2026-05-11 02:04:26.497 10 INFO neutron.wsgi [None req-0e1021d7-7472-4324-8e8b-2a0ff57f74a6 68dfaded7f114828bc762a62846a3ccf 12ed02e8e0f5488ba3263ea8f3a37c50 - - - -] 10.0.0.187 "POST /v2.0/subnets HTTP/1.1" status: 201 len: 873 time: 0.6718729
2026-05-11 02:04:26.710 9 INFO neutron.wsgi [None req-54279bb8-69ae-4560-a1a1-7426c9cadd26 68dfaded7f114828bc762a62846a3ccf 12ed02e8e0f5488ba3263ea8f3a37c50 - - - -] 10.0.0.187 "DELETE /v2.0/security-groups/4c3e12df-1b90-4ddd-bc09-89554d0e866c HTTP/1.1" status: 204 len: 168 time: 0.3297074
2026-05-11 02:04:27.090 9 INFO neutron.db.ovn_revision_numbers_db [None req-0aaf1513-211b-41a3-9ca9-46fdeb24d81d 68dfaded7f114828bc762a62846a3ccf 12ed02e8e0f5488ba3263ea8f3a37c50 - - - -] Successfully bumped revision number for resource d59f8596-1661-4ecf-8f79-fa6f1431e31a (type: ports) to 2
2026-05-11 02:04:27.102 9 INFO neutron.db.ovn_revision_numbers_db [None req-0aaf1513-211b-41a3-9ca9-46fdeb24d81d 68dfaded7f114828bc762a62846a3ccf 12ed02e8e0f5488ba3263ea8f3a37c50 - - - -] Successfully bumped revision number for resource 003c4578-f17a-4356-aaa7-45e388e04da3 (type: subnets) to 0
2026-05-11 02:04:27.105 10 WARNING neutron.scheduler.dhcp_agent_scheduler [None req-64bd8ba6-78de-4a2f-a2dd-bfef35ec8bda 68dfaded7f114828bc762a62846a3ccf 12ed02e8e0f5488ba3263ea8f3a37c50 - - - -] No more DHCP agents
2026-05-11 02:04:27.107 10 WARNING neutron.api.rpc.agentnotifiers.dhcp_rpc_agent_api [None req-64bd8ba6-78de-4a2f-a2dd-bfef35ec8bda 68dfaded7f114828bc762a62846a3ccf 12ed02e8e0f5488ba3263ea8f3a37c50 - - - -] Unable to schedule network 39fcdedb-ef8a-4d06-a9b1-15213436b075: no agents available; will retry on subsequent port and subnet creation events.
2026-05-11 02:04:27.115 9 INFO neutron.wsgi [None req-0aaf1513-211b-41a3-9ca9-46fdeb24d81d 68dfaded7f114828bc762a62846a3ccf 12ed02e8e0f5488ba3263ea8f3a37c50 - - - -] 10.0.0.187 "POST /v2.0/subnets HTTP/1.1" status: 201 len: 869 time: 0.8622825
2026-05-11 02:04:27.211 10 INFO neutron.db.ovn_revision_numbers_db [None req-64bd8ba6-78de-4a2f-a2dd-bfef35ec8bda 68dfaded7f114828bc762a62846a3ccf 12ed02e8e0f5488ba3263ea8f3a37c50 - - - -] Successfully bumped revision number for resource e3ec3b6e-ae7a-4743-a328-5aa12b882877 (type: ports) to 1
2026-05-11 02:04:27.528 10 INFO neutron.plugins.ml2.drivers.ovn.mech_driver.ovsdb.extensions.qos [None req-64bd8ba6-78de-4a2f-a2dd-bfef35ec8bda 68dfaded7f114828bc762a62846a3ccf 12ed02e8e0f5488ba3263ea8f3a37c50 - - - -] Starting OVNClientQosExtension
2026-05-11 02:04:27.653 9 WARNING neutron.scheduler.dhcp_agent_scheduler [None req-7bb332e4-fe99-470c-8c73-03dfb0f89ef6 68dfaded7f114828bc762a62846a3ccf 12ed02e8e0f5488ba3263ea8f3a37c50 - - - -] No more DHCP agents
2026-05-11 02:04:27.657 9 WARNING neutron.api.rpc.agentnotifiers.dhcp_rpc_agent_api [None req-7bb332e4-fe99-470c-8c73-03dfb0f89ef6 68dfaded7f114828bc762a62846a3ccf 12ed02e8e0f5488ba3263ea8f3a37c50 - - - -] Unable to schedule network 39fcdedb-ef8a-4d06-a9b1-15213436b075: no agents available; will retry on subsequent port and subnet creation events.
2026-05-11 02:04:27.794 9 INFO neutron.db.ovn_revision_numbers_db [None req-7bb332e4-fe99-470c-8c73-03dfb0f89ef6 68dfaded7f114828bc762a62846a3ccf 12ed02e8e0f5488ba3263ea8f3a37c50 - - - -] Successfully bumped revision number for resource c41092f3-ddcc-476e-b3a6-0d9408cf6b5b (type: ports) to 1
2026-05-11 02:04:27.926 10 INFO neutron.db.ovn_revision_numbers_db [None req-64bd8ba6-78de-4a2f-a2dd-bfef35ec8bda 68dfaded7f114828bc762a62846a3ccf 12ed02e8e0f5488ba3263ea8f3a37c50 - - - -] Successfully bumped revision number for resource e3ec3b6e-ae7a-4743-a328-5aa12b882877 (type: router_ports) to 1
2026-05-11 02:04:28.000 10 INFO neutron.db.ovn_revision_numbers_db [None req-64bd8ba6-78de-4a2f-a2dd-bfef35ec8bda 68dfaded7f114828bc762a62846a3ccf 12ed02e8e0f5488ba3263ea8f3a37c50 - - - -] Successfully bumped revision number for resource c3256be8-bcab-4d64-92a5-5a921d9c8c66 (type: routers) to 3
2026-05-11 02:04:28.013 10 INFO neutron.wsgi [None req-64bd8ba6-78de-4a2f-a2dd-bfef35ec8bda 68dfaded7f114828bc762a62846a3ccf 12ed02e8e0f5488ba3263ea8f3a37c50 - - - -] 10.0.0.187 "POST /v2.0/routers HTTP/1.1" status: 201 len: 884 time: 1.5081480
2026-05-11 02:04:28.061 9 INFO neutron.plugins.ml2.drivers.ovn.mech_driver.ovsdb.ovsdb_monitor [-] Router c3256be8-bcab-4d64-92a5-5a921d9c8c66 is bound to host instance
2026-05-11 02:04:28.075 9 INFO neutron.plugins.ml2.drivers.ovn.mech_driver.mech_driver [None req-ec5ae705-1539-416b-bc6e-d2d369a55702 - - - - - -] OVN reports status up for port: e3ec3b6e-ae7a-4743-a328-5aa12b882877
2026-05-11 02:04:28.119 9 INFO neutron.plugins.ml2.plugin [None req-ec5ae705-1539-416b-bc6e-d2d369a55702 - - - - - -] Attempt 1 to provision port e3ec3b6e-ae7a-4743-a328-5aa12b882877
2026-05-11 02:04:28.368 9 INFO neutron.plugins.ml2.drivers.ovn.mech_driver.ovsdb.extensions.qos [None req-7bb332e4-fe99-470c-8c73-03dfb0f89ef6 68dfaded7f114828bc762a62846a3ccf 12ed02e8e0f5488ba3263ea8f3a37c50 - - - -] Starting OVNClientQosExtension
2026-05-11 02:04:28.418 10 WARNING neutron.scheduler.dhcp_agent_scheduler [None req-3c084d99-d883-4bb8-be12-dc2e90765434 68dfaded7f114828bc762a62846a3ccf 12ed02e8e0f5488ba3263ea8f3a37c50 - - default default] No more DHCP agents
2026-05-11 02:04:28.419 10 WARNING neutron.api.rpc.agentnotifiers.dhcp_rpc_agent_api [None req-3c084d99-d883-4bb8-be12-dc2e90765434 68dfaded7f114828bc762a62846a3ccf 12ed02e8e0f5488ba3263ea8f3a37c50 - - default default] Unable to schedule network aafe370c-62a7-4aee-a2b1-8ef21b688c4a: no agents available; will retry on subsequent port and subnet creation events.
2026-05-11 02:04:28.532 10 INFO neutron.db.ovn_revision_numbers_db [None req-3c084d99-d883-4bb8-be12-dc2e90765434 68dfaded7f114828bc762a62846a3ccf 12ed02e8e0f5488ba3263ea8f3a37c50 - - default default] Successfully bumped revision number for resource 81a98c23-4a8f-48ff-918d-1bbddd5f6595 (type: ports) to 1
2026-05-11 02:04:28.646 10 INFO neutron.db.ovn_revision_numbers_db [None req-19c97294-56bc-4cc9-8180-6c766178bb17 68dfaded7f114828bc762a62846a3ccf 12ed02e8e0f5488ba3263ea8f3a37c50 - - default default] Successfully bumped revision number for resource 55a43190-8abf-4f89-b7e4-3da6b6315620 (type: security_groups) to 1
2026-05-11 02:04:28.791 10 INFO neutron.wsgi [None req-19c97294-56bc-4cc9-8180-6c766178bb17 68dfaded7f114828bc762a62846a3ccf 12ed02e8e0f5488ba3263ea8f3a37c50 - - default default] 10.0.0.187 "GET /v2.0/security-groups?tenant_id=bccaf9ec897d47768797a77849d77759&name=default HTTP/1.1" status: 200 len: 2992 time: 0.4579504
2026-05-11 02:04:28.941 9 INFO neutron.db.ovn_revision_numbers_db [None req-9e5a32fa-6e9a-4a62-b64c-418f4cc65a67 68dfaded7f114828bc762a62846a3ccf 12ed02e8e0f5488ba3263ea8f3a37c50 - - - -] Successfully bumped revision number for resource 8b930c3a-caa4-4f63-b0ba-c11f3837bbc7 (type: security_groups) to 1
2026-05-11 02:04:29.005 9 INFO neutron.db.segments_db [None req-9e5a32fa-6e9a-4a62-b64c-418f4cc65a67 68dfaded7f114828bc762a62846a3ccf 12ed02e8e0f5488ba3263ea8f3a37c50 - - - -] Added segment d75f2cf0-11a2-44b7-b142-fe3ec19d467e of type geneve for network 4ffe9b31-a64f-4edd-953c-55b55ccffe0a
2026-05-11 02:04:29.030 9 INFO neutron.db.ovn_revision_numbers_db [None req-eeb3305d-3d81-40d7-837c-142e474440bd - - - - - -] Successfully bumped revision number for resource e3ec3b6e-ae7a-4743-a328-5aa12b882877 (type: ports) to 1
2026-05-11 02:04:29.049 9 INFO neutron.db.ovn_revision_numbers_db [None req-7bb332e4-fe99-470c-8c73-03dfb0f89ef6 68dfaded7f114828bc762a62846a3ccf 12ed02e8e0f5488ba3263ea8f3a37c50 - - - -] Successfully bumped revision number for resource c41092f3-ddcc-476e-b3a6-0d9408cf6b5b (type: router_ports) to 1
2026-05-11 02:04:29.087 10 INFO neutron.wsgi [None req-a6ddb620-9455-41ba-af63-eabfef1fb0f4 68dfaded7f114828bc762a62846a3ccf 12ed02e8e0f5488ba3263ea8f3a37c50 - - - -] 10.0.0.187 "DELETE /v2.0/security-groups/55a43190-8abf-4f89-b7e4-3da6b6315620 HTTP/1.1" status: 204 len: 168 time: 0.2816813
2026-05-11 02:04:29.136 10 INFO neutron.db.ovn_revision_numbers_db [None req-3c084d99-d883-4bb8-be12-dc2e90765434 68dfaded7f114828bc762a62846a3ccf 12ed02e8e0f5488ba3263ea8f3a37c50 - - default default] Successfully bumped revision number for resource 81a98c23-4a8f-48ff-918d-1bbddd5f6595 (type: router_ports) to 2
2026-05-11 02:04:29.193 9 INFO neutron.db.ovn_revision_numbers_db [None req-7bb332e4-fe99-470c-8c73-03dfb0f89ef6 68dfaded7f114828bc762a62846a3ccf 12ed02e8e0f5488ba3263ea8f3a37c50 - - - -] Successfully bumped revision number for resource 8e1e96bc-8fd5-4c18-886b-2f64002fc6d9 (type: routers) to 3
2026-05-11 02:04:29.218 9 INFO neutron.db.ovn_revision_numbers_db [None req-9e5a32fa-6e9a-4a62-b64c-418f4cc65a67 68dfaded7f114828bc762a62846a3ccf 12ed02e8e0f5488ba3263ea8f3a37c50 - - - -] Successfully bumped revision number for resource 4ffe9b31-a64f-4edd-953c-55b55ccffe0a (type: networks) to 1
2026-05-11 02:04:29.235 9 INFO neutron.wsgi [None req-7bb332e4-fe99-470c-8c73-03dfb0f89ef6 68dfaded7f114828bc762a62846a3ccf 12ed02e8e0f5488ba3263ea8f3a37c50 - - - -] 10.0.0.187 "POST /v2.0/routers HTTP/1.1" status: 201 len: 880 time: 2.1145856
2026-05-11 02:04:29.259 10 INFO neutron.db.ovn_revision_numbers_db [None req-3c084d99-d883-4bb8-be12-dc2e90765434 68dfaded7f114828bc762a62846a3ccf 12ed02e8e0f5488ba3263ea8f3a37c50 - - default default] Successfully bumped revision number for resource 81a98c23-4a8f-48ff-918d-1bbddd5f6595 (type: ports) to 2
2026-05-11 02:04:29.325 10 WARNING neutron.scheduler.dhcp_agent_scheduler [None req-3c084d99-d883-4bb8-be12-dc2e90765434 68dfaded7f114828bc762a62846a3ccf 12ed02e8e0f5488ba3263ea8f3a37c50 - - default default] No more DHCP agents
2026-05-11 02:04:29.326 10 INFO neutron.db.ovn_revision_numbers_db [None req-ac23557b-6362-4166-bfcd-7691d236e3cb 68dfaded7f114828bc762a62846a3ccf 12ed02e8e0f5488ba3263ea8f3a37c50 - - default default] Successfully bumped revision number for resource b42ab293-8391-489f-a6d1-cafb95276a3e (type: security_groups) to 1
2026-05-11 02:04:29.328 10 WARNING neutron.api.rpc.agentnotifiers.dhcp_rpc_agent_api [None req-3c084d99-d883-4bb8-be12-dc2e90765434 68dfaded7f114828bc762a62846a3ccf 12ed02e8e0f5488ba3263ea8f3a37c50 - - default default] Unable to schedule network aafe370c-62a7-4aee-a2b1-8ef21b688c4a: no agents available; will retry on subsequent port and subnet creation events.
2026-05-11 02:04:29.352 10 INFO neutron.wsgi [None req-ac23557b-6362-4166-bfcd-7691d236e3cb 68dfaded7f114828bc762a62846a3ccf 12ed02e8e0f5488ba3263ea8f3a37c50 - - default default] 10.0.0.187 "GET /v2.0/security-groups?tenant_id=46be5606a1a34407a4759fd5071f9bed&name=default HTTP/1.1" status: 200 len: 2992 time: 0.1302652
2026-05-11 02:04:29.627 10 INFO neutron.wsgi [None req-701a5a37-f555-4391-9e7f-a923ec5925cc 68dfaded7f114828bc762a62846a3ccf 12ed02e8e0f5488ba3263ea8f3a37c50 - - - -] 10.0.0.187 "DELETE /v2.0/security-groups/b42ab293-8391-489f-a6d1-cafb95276a3e HTTP/1.1" status: 204 len: 168 time: 0.2679222
2026-05-11 02:04:29.732 9 WARNING neutron.scheduler.dhcp_agent_scheduler [None req-9e5a32fa-6e9a-4a62-b64c-418f4cc65a67 68dfaded7f114828bc762a62846a3ccf 12ed02e8e0f5488ba3263ea8f3a37c50 - - - -] No more DHCP agents
2026-05-11 02:04:29.735 9 WARNING neutron.api.rpc.agentnotifiers.dhcp_rpc_agent_api [None req-9e5a32fa-6e9a-4a62-b64c-418f4cc65a67 68dfaded7f114828bc762a62846a3ccf 12ed02e8e0f5488ba3263ea8f3a37c50 - - - -] Unable to schedule network 4ffe9b31-a64f-4edd-953c-55b55ccffe0a: no agents available; will retry on subsequent port and subnet creation events.
2026-05-11 02:04:29.789 9 INFO neutron.db.ovn_revision_numbers_db [None req-eeb3305d-3d81-40d7-837c-142e474440bd - - - - - -] Successfully bumped revision number for resource e3ec3b6e-ae7a-4743-a328-5aa12b882877 (type: router_ports) to 3
2026-05-11 02:04:29.830 9 INFO neutron.db.ovn_revision_numbers_db [None req-9e5a32fa-6e9a-4a62-b64c-418f4cc65a67 68dfaded7f114828bc762a62846a3ccf 12ed02e8e0f5488ba3263ea8f3a37c50 - - - -] Successfully bumped revision number for resource 8812d1bc-8da5-4388-8b35-ed1049b2a1e6 (type: ports) to 1
2026-05-11 02:04:29.878 9 INFO neutron.wsgi [None req-9e5a32fa-6e9a-4a62-b64c-418f4cc65a67 68dfaded7f114828bc762a62846a3ccf 12ed02e8e0f5488ba3263ea8f3a37c50 - - - -] 10.0.0.187 "POST /v2.0/networks HTTP/1.1" status: 201 len: 945 time: 1.3866107
2026-05-11 02:04:29.988 9 INFO neutron.db.ovn_revision_numbers_db [None req-eeb3305d-3d81-40d7-837c-142e474440bd - - - - - -] Successfully bumped revision number for resource e3ec3b6e-ae7a-4743-a328-5aa12b882877 (type: ports) to 2
2026-05-11 02:04:30.011 10 INFO neutron.db.ovn_revision_numbers_db [None req-3c084d99-d883-4bb8-be12-dc2e90765434 68dfaded7f114828bc762a62846a3ccf 12ed02e8e0f5488ba3263ea8f3a37c50 - - - -] Successfully bumped revision number for resource 81a98c23-4a8f-48ff-918d-1bbddd5f6595 (type: router_ports) to 2
2026-05-11 02:04:30.014 10 INFO neutron.wsgi [None req-3c084d99-d883-4bb8-be12-dc2e90765434 68dfaded7f114828bc762a62846a3ccf 12ed02e8e0f5488ba3263ea8f3a37c50 - - - -] 10.0.0.187 "PUT /v2.0/routers/c3256be8-bcab-4d64-92a5-5a921d9c8c66/add_router_interface HTTP/1.1" status: 200 len: 503 time: 1.9934554
2026-05-11 02:04:30.141 9 WARNING neutron.scheduler.dhcp_agent_scheduler [None req-cb847620-db59-4636-ad5d-7a23be35b801 68dfaded7f114828bc762a62846a3ccf 12ed02e8e0f5488ba3263ea8f3a37c50 - - default default] No more DHCP agents
2026-05-11 02:04:30.146 9 WARNING neutron.api.rpc.agentnotifiers.dhcp_rpc_agent_api [None req-cb847620-db59-4636-ad5d-7a23be35b801 68dfaded7f114828bc762a62846a3ccf 12ed02e8e0f5488ba3263ea8f3a37c50 - - default default] Unable to schedule network b0b30418-1773-468f-8ec7-bb03e56cb42e: no agents available; will retry on subsequent port and subnet creation events.
2026-05-11 02:04:30.172 9 WARNING neutron.scheduler.dhcp_agent_scheduler [None req-0bba1dae-0641-462d-a070-c2be884de11f 68dfaded7f114828bc762a62846a3ccf 12ed02e8e0f5488ba3263ea8f3a37c50 - - - -] No more DHCP agents
2026-05-11 02:04:30.175 9 WARNING neutron.api.rpc.agentnotifiers.dhcp_rpc_agent_api [None req-0bba1dae-0641-462d-a070-c2be884de11f 68dfaded7f114828bc762a62846a3ccf 12ed02e8e0f5488ba3263ea8f3a37c50 - - - -] Unable to schedule network 4ffe9b31-a64f-4edd-953c-55b55ccffe0a: no agents available; will retry on subsequent port and subnet creation events.
2026-05-11 02:04:30.377 9 INFO neutron.db.ovn_revision_numbers_db [None req-cb847620-db59-4636-ad5d-7a23be35b801 68dfaded7f114828bc762a62846a3ccf 12ed02e8e0f5488ba3263ea8f3a37c50 - - default default] Successfully bumped revision number for resource 9e810c58-c17c-437e-a4b9-916f89dfa7ac (type: ports) to 1
2026-05-11 02:04:30.400 9 INFO neutron.db.ovn_revision_numbers_db [None req-eeb3305d-3d81-40d7-837c-142e474440bd - - - - - -] Successfully bumped revision number for resource e3ec3b6e-ae7a-4743-a328-5aa12b882877 (type: ports) to 4
2026-05-11 02:04:30.716 10 INFO neutron.db.ovn_revision_numbers_db [None req-440394fa-78f4-4ac6-9ae7-2d6d5dfa8f63 926811cf50074fc1999138219d8d61fe ab58c36ddfae4c47a4d82d2bba329054 - - - -] Successfully bumped revision number for resource 8d64d189-ea62-479b-8355-062670eef19d (type: security_groups) to 1
2026-05-11 02:04:30.741 10 INFO neutron.wsgi [None req-440394fa-78f4-4ac6-9ae7-2d6d5dfa8f63 926811cf50074fc1999138219d8d61fe ab58c36ddfae4c47a4d82d2bba329054 - - - -] 10.0.0.187 "POST /v2.0/security-groups HTTP/1.1" status: 201 len: 1794 time: 0.1433392
2026-05-11 02:04:30.856 9 INFO neutron.plugins.ml2.drivers.ovn.mech_driver.mech_driver [None req-ec5ae705-1539-416b-bc6e-d2d369a55702 - - - - - -] OVN reports status up for port: c41092f3-ddcc-476e-b3a6-0d9408cf6b5b
2026-05-11 02:04:30.871 10 INFO neutron.db.ovn_revision_numbers_db [None req-91f8454a-ebc9-4d8c-b5ed-b1d1bf2a304f 926811cf50074fc1999138219d8d61fe ab58c36ddfae4c47a4d82d2bba329054 - - - -] Successfully bumped revision number for resource ea75e5dd-71ed-4cf5-94e9-7bee7be1a665 (type: security_group_rules) to 0
2026-05-11 02:04:30.876 9 INFO neutron.plugins.ml2.plugin [None req-ec5ae705-1539-416b-bc6e-d2d369a55702 - - - - - -] Attempt 1 to provision port c41092f3-ddcc-476e-b3a6-0d9408cf6b5b
2026-05-11 02:04:30.895 10 INFO neutron.wsgi [None req-91f8454a-ebc9-4d8c-b5ed-b1d1bf2a304f 926811cf50074fc1999138219d8d61fe ab58c36ddfae4c47a4d82d2bba329054 - - - -] 10.0.0.187 "POST /v2.0/security-group-rules HTTP/1.1" status: 201 len: 764 time: 0.1476533
2026-05-11 02:04:31.012 10 INFO neutron.db.ovn_revision_numbers_db [None req-87570d4e-a6e2-477e-816c-26fb7f623c90 926811cf50074fc1999138219d8d61fe ab58c36ddfae4c47a4d82d2bba329054 - - - -] Successfully bumped revision number for resource eaffcdb4-5cd2-407b-b292-2452033c0deb (type: security_group_rules) to 0
2026-05-11 02:04:31.029 9 INFO neutron.db.ovn_revision_numbers_db [None req-eeb3305d-3d81-40d7-837c-142e474440bd - - - - - -] Successfully bumped revision number for resource e3ec3b6e-ae7a-4743-a328-5aa12b882877 (type: router_ports) to 4
2026-05-11 02:04:31.046 10 INFO neutron.wsgi [None req-87570d4e-a6e2-477e-816c-26fb7f623c90 926811cf50074fc1999138219d8d61fe ab58c36ddfae4c47a4d82d2bba329054 - - - -] 10.0.0.187 "POST /v2.0/security-group-rules HTTP/1.1" status: 201 len: 769 time: 0.1451912
2026-05-11 02:04:31.072 9 INFO neutron.plugins.ml2.drivers.ovn.mech_driver.ovsdb.ovsdb_monitor [None req-eeb3305d-3d81-40d7-837c-142e474440bd - - - - - -] Router 8e1e96bc-8fd5-4c18-886b-2f64002fc6d9 is bound to host instance
2026-05-11 02:04:31.086 9 INFO neutron.db.ovn_revision_numbers_db [None req-0bba1dae-0641-462d-a070-c2be884de11f 68dfaded7f114828bc762a62846a3ccf 12ed02e8e0f5488ba3263ea8f3a37c50 - - - -] Successfully bumped revision number for resource 8812d1bc-8da5-4388-8b35-ed1049b2a1e6 (type: ports) to 2
2026-05-11 02:04:31.241 9 INFO neutron.db.ovn_revision_numbers_db [None req-0bba1dae-0641-462d-a070-c2be884de11f 68dfaded7f114828bc762a62846a3ccf 12ed02e8e0f5488ba3263ea8f3a37c50 - - - -] Successfully bumped revision number for resource c07063df-0518-464c-9486-020203b5df4c (type: subnets) to 0
2026-05-11 02:04:31.273 9 INFO neutron.wsgi [None req-0bba1dae-0641-462d-a070-c2be884de11f 68dfaded7f114828bc762a62846a3ccf 12ed02e8e0f5488ba3263ea8f3a37c50 - - - -] 10.0.0.187 "POST /v2.0/subnets HTTP/1.1" status: 201 len: 866 time: 1.3897531
2026-05-11 02:04:31.354 9 INFO neutron.db.ovn_revision_numbers_db [None req-cb847620-db59-4636-ad5d-7a23be35b801 68dfaded7f114828bc762a62846a3ccf 12ed02e8e0f5488ba3263ea8f3a37c50 - - default default] Successfully bumped revision number for resource 9e810c58-c17c-437e-a4b9-916f89dfa7ac (type: router_ports) to 2
2026-05-11 02:04:31.385 10 WARNING neutron.scheduler.dhcp_agent_scheduler [None req-a89a3ee8-af1f-4169-8e74-4ab47942df8e 926811cf50074fc1999138219d8d61fe ab58c36ddfae4c47a4d82d2bba329054 - - - -] No more DHCP agents
2026-05-11 02:04:31.400 10 WARNING neutron.api.rpc.agentnotifiers.dhcp_rpc_agent_api [None req-a89a3ee8-af1f-4169-8e74-4ab47942df8e 926811cf50074fc1999138219d8d61fe ab58c36ddfae4c47a4d82d2bba329054 - - - -] Unable to schedule network 39fcdedb-ef8a-4d06-a9b1-15213436b075: no agents available; will retry on subsequent port and subnet creation events.
2026-05-11 02:04:31.550 9 INFO neutron.db.ovn_revision_numbers_db [None req-cb847620-db59-4636-ad5d-7a23be35b801 68dfaded7f114828bc762a62846a3ccf 12ed02e8e0f5488ba3263ea8f3a37c50 - - default default] Successfully bumped revision number for resource 9e810c58-c17c-437e-a4b9-916f89dfa7ac (type: ports) to 2
2026-05-11 02:04:31.640 9 WARNING neutron.scheduler.dhcp_agent_scheduler [None req-cb847620-db59-4636-ad5d-7a23be35b801 68dfaded7f114828bc762a62846a3ccf 12ed02e8e0f5488ba3263ea8f3a37c50 - - default default] No more DHCP agents
2026-05-11 02:04:31.653 9 WARNING neutron.api.rpc.agentnotifiers.dhcp_rpc_agent_api [None req-cb847620-db59-4636-ad5d-7a23be35b801 68dfaded7f114828bc762a62846a3ccf 12ed02e8e0f5488ba3263ea8f3a37c50 - - default default] Unable to schedule network b0b30418-1773-468f-8ec7-bb03e56cb42e: no agents available; will retry on subsequent port and subnet creation events.
2026-05-11 02:04:31.818 9 INFO neutron.db.ovn_revision_numbers_db [None req-eeb3305d-3d81-40d7-837c-142e474440bd - - - - - -] Successfully bumped revision number for resource c41092f3-ddcc-476e-b3a6-0d9408cf6b5b (type: ports) to 1
2026-05-11 02:04:32.001 10 INFO neutron.db.ovn_revision_numbers_db [None req-a89a3ee8-af1f-4169-8e74-4ab47942df8e 926811cf50074fc1999138219d8d61fe ab58c36ddfae4c47a4d82d2bba329054 - - - -] Successfully bumped revision number for resource 358ab01f-a8aa-4c99-895f-51a9e88edbbb (type: floatingips) to 0
2026-05-11 02:04:32.022 10 INFO neutron.wsgi [None req-a89a3ee8-af1f-4169-8e74-4ab47942df8e 926811cf50074fc1999138219d8d61fe ab58c36ddfae4c47a4d82d2bba329054 - - - -] 10.0.0.187 "POST /v2.0/floatingips HTTP/1.1" status: 201 len: 751 time: 0.9695427
2026-05-11 02:04:32.051 10 WARNING neutron.scheduler.dhcp_agent_scheduler [None req-b56ccc1b-0282-4d1d-bef1-05b0339aada0 68dfaded7f114828bc762a62846a3ccf 12ed02e8e0f5488ba3263ea8f3a37c50 - - - -] No more DHCP agents
2026-05-11 02:04:32.052 10 WARNING neutron.api.rpc.agentnotifiers.dhcp_rpc_agent_api [None req-b56ccc1b-0282-4d1d-bef1-05b0339aada0 68dfaded7f114828bc762a62846a3ccf 12ed02e8e0f5488ba3263ea8f3a37c50 - - - -] Unable to schedule network 39fcdedb-ef8a-4d06-a9b1-15213436b075: no agents available; will retry on subsequent port and subnet creation events.
2026-05-11 02:04:32.157 10 INFO neutron.db.ovn_revision_numbers_db [None req-b56ccc1b-0282-4d1d-bef1-05b0339aada0 68dfaded7f114828bc762a62846a3ccf 12ed02e8e0f5488ba3263ea8f3a37c50 - - - -] Successfully bumped revision number for resource 8cc3dd10-7e5e-481c-b44f-aa054c38a93e (type: ports) to 1
2026-05-11 02:04:32.492 9 INFO neutron.db.ovn_revision_numbers_db [None req-eeb3305d-3d81-40d7-837c-142e474440bd - - - - - -] Successfully bumped revision number for resource c41092f3-ddcc-476e-b3a6-0d9408cf6b5b (type: router_ports) to 3
2026-05-11 02:04:32.608 9 INFO neutron.db.ovn_revision_numbers_db [None req-cb847620-db59-4636-ad5d-7a23be35b801 68dfaded7f114828bc762a62846a3ccf 12ed02e8e0f5488ba3263ea8f3a37c50 - - - -] Successfully bumped revision number for resource 9e810c58-c17c-437e-a4b9-916f89dfa7ac (type: router_ports) to 2
2026-05-11 02:04:32.610 9 INFO neutron.wsgi [None req-cb847620-db59-4636-ad5d-7a23be35b801 68dfaded7f114828bc762a62846a3ccf 12ed02e8e0f5488ba3263ea8f3a37c50 - - - -] 10.0.0.187 "PUT /v2.0/routers/8e1e96bc-8fd5-4c18-886b-2f64002fc6d9/add_router_interface HTTP/1.1" status: 200 len: 503 time: 3.3674645
2026-05-11 02:04:32.617 9 INFO neutron.db.ovn_revision_numbers_db [None req-eeb3305d-3d81-40d7-837c-142e474440bd - - - - - -] Successfully bumped revision number for resource c41092f3-ddcc-476e-b3a6-0d9408cf6b5b (type: ports) to 2
2026-05-11 02:04:32.700 10 INFO neutron.plugins.ml2.drivers.ovn.mech_driver.mech_driver [-] OVN reports status up for port: 8cc3dd10-7e5e-481c-b44f-aa054c38a93e
2026-05-11 02:04:32.714 10 INFO neutron.plugins.ml2.drivers.ovn.mech_driver.ovsdb.ovsdb_monitor [-] Router a29259f4-b78f-427e-9c2e-871b9816d536 is bound to host instance
2026-05-11 02:04:32.717 10 INFO neutron.plugins.ml2.plugin [None req-4236fa92-3bba-42d1-8e7f-dfd6b36acf4d - - - - - -] Attempt 1 to provision port 8cc3dd10-7e5e-481c-b44f-aa054c38a93e
2026-05-11 02:04:32.751 10 INFO neutron.db.ovn_revision_numbers_db [None req-b56ccc1b-0282-4d1d-bef1-05b0339aada0 68dfaded7f114828bc762a62846a3ccf 12ed02e8e0f5488ba3263ea8f3a37c50 - - - -] Successfully bumped revision number for resource 8cc3dd10-7e5e-481c-b44f-aa054c38a93e (type: router_ports) to 1
2026-05-11 02:04:32.851 9 INFO neutron.db.ovn_revision_numbers_db [None req-eeb3305d-3d81-40d7-837c-142e474440bd - - - - - -] Successfully bumped revision number for resource c41092f3-ddcc-476e-b3a6-0d9408cf6b5b (type: ports) to 4
