2026-05-11 02:05:02.528 10 INFO neutron.wsgi [req-3c1c3c08-3791-4c15-8976-6a299c229de6 req-729b2a79-fe39-4321-9c16-3658340b6aa8 0d27b22d66f6447fb8900ae6e1468edd 79e045f3e1b94937a780f8721eb0a9f6 - - 3bcd83d7c92d4917a84366fa4c2389d7 3bcd83d7c92d4917a84366fa4c2389d7] 199.204.45.250 "GET /v2.0/ports?tenant_id=ab58c36ddfae4c47a4d82d2bba329054&device_id=d89b4ead-62d7-4894-97e3-59843c65bf4c HTTP/1.1" status: 200 len: 1546 time: 0.0350215
2026-05-11 02:05:02.579 9 INFO neutron.wsgi [None req-3122f035-3d29-4dc4-bde3-7cfcbeae8168 68dfaded7f114828bc762a62846a3ccf 12ed02e8e0f5488ba3263ea8f3a37c50 - - - -] 10.0.0.187 "DELETE /v2.0/security-groups/f94ebbc3-02bb-440d-8aea-5964c0cb7078 HTTP/1.1" status: 204 len: 168 time: 0.2069736
2026-05-11 02:05:02.598 10 INFO neutron.wsgi [req-3c1c3c08-3791-4c15-8976-6a299c229de6 req-37924994-3d21-4ef6-b912-6a378b199644 0d27b22d66f6447fb8900ae6e1468edd 79e045f3e1b94937a780f8721eb0a9f6 - - 3bcd83d7c92d4917a84366fa4c2389d7 3bcd83d7c92d4917a84366fa4c2389d7] 199.204.45.250 "GET /v2.0/networks?id=aafe370c-62a7-4aee-a2b1-8ef21b688c4a HTTP/1.1" status: 200 len: 981 time: 0.0609553
2026-05-11 02:05:02.649 10 INFO neutron.wsgi [req-43489071-51a0-473a-acc4-b73aa16d5d70 req-fc04d5e6-c3e6-4daf-a67d-5077acec14df 328c7c84f1a945a69ef78f9bce6954ca ff82cae3bd69402d9356eaef6cf4695a - - default default] 10.0.0.181 "GET /v2.0/ports?device_id=5192b7a7-ac75-4f39-8fa3-5839feddeb9d HTTP/1.1" status: 200 len: 1168 time: 0.0619180
2026-05-11 02:05:02.670 10 INFO neutron.wsgi [req-3c1c3c08-3791-4c15-8976-6a299c229de6 req-e2b9b762-9248-4a0e-be0f-b2f5812ecb03 0d27b22d66f6447fb8900ae6e1468edd 79e045f3e1b94937a780f8721eb0a9f6 - - 3bcd83d7c92d4917a84366fa4c2389d7 3bcd83d7c92d4917a84366fa4c2389d7] 199.204.45.250 "GET /v2.0/floatingips?fixed_ip_address=10.100.0.10&port_id=09a38ca9-7eb3-41d2-ae6c-cdd9af16f763 HTTP/1.1" status: 200 len: 1060 time: 0.0598979
2026-05-11 02:05:02.714 10 INFO neutron.wsgi [req-3c1c3c08-3791-4c15-8976-6a299c229de6 req-0a0a528f-2909-4c22-99ea-7967fe027842 0d27b22d66f6447fb8900ae6e1468edd 79e045f3e1b94937a780f8721eb0a9f6 - - 3bcd83d7c92d4917a84366fa4c2389d7 3bcd83d7c92d4917a84366fa4c2389d7] 199.204.45.250 "GET /v2.0/floatingips?fixed_ip_address=10.100.0.11&port_id=09a38ca9-7eb3-41d2-ae6c-cdd9af16f763 HTTP/1.1" status: 200 len: 217 time: 0.0347736
2026-05-11 02:05:02.718 10 INFO neutron.wsgi [req-43489071-51a0-473a-acc4-b73aa16d5d70 req-62e58f5d-1c7b-435a-9e48-c16f3d04d545 328c7c84f1a945a69ef78f9bce6954ca ff82cae3bd69402d9356eaef6cf4695a - - default default] 10.0.0.181 "GET /v2.0/security-groups?id=a7d3b843-c3bf-43a8-a0ce-18eadc5314bb&fields=id&fields=name HTTP/1.1" status: 200 len: 313 time: 0.0612299
2026-05-11 02:05:02.752 10 INFO neutron.wsgi [req-3c1c3c08-3791-4c15-8976-6a299c229de6 req-cbd78262-6aac-4732-a652-258dad643c06 0d27b22d66f6447fb8900ae6e1468edd 79e045f3e1b94937a780f8721eb0a9f6 - - 3bcd83d7c92d4917a84366fa4c2389d7 3bcd83d7c92d4917a84366fa4c2389d7] 199.204.45.250 "GET /v2.0/subnets?id=4eb2611c-13b3-473a-a8a5-53bdabed3b5d HTTP/1.1" status: 200 len: 876 time: 0.0329497
2026-05-11 02:05:02.782 10 INFO neutron.wsgi [req-3c1c3c08-3791-4c15-8976-6a299c229de6 req-ab3a984b-2dd7-49e7-b811-2e3f39673365 0d27b22d66f6447fb8900ae6e1468edd 79e045f3e1b94937a780f8721eb0a9f6 - - 3bcd83d7c92d4917a84366fa4c2389d7 3bcd83d7c92d4917a84366fa4c2389d7] 199.204.45.250 "GET /v2.0/ports?network_id=aafe370c-62a7-4aee-a2b1-8ef21b688c4a&device_owner=network%3Adhcp HTTP/1.1" status: 200 len: 210 time: 0.0242233
2026-05-11 02:05:02.840 10 INFO neutron.wsgi [req-3c1c3c08-3791-4c15-8976-6a299c229de6 req-3ef64153-b07e-4759-9fe5-63b4a1f74b2d 0d27b22d66f6447fb8900ae6e1468edd 79e045f3e1b94937a780f8721eb0a9f6 - - 3bcd83d7c92d4917a84366fa4c2389d7 3bcd83d7c92d4917a84366fa4c2389d7] 199.204.45.250 "GET /v2.0/networks/aafe370c-62a7-4aee-a2b1-8ef21b688c4a?fields=segments HTTP/1.1" status: 200 len: 212 time: 0.0538645
2026-05-11 02:05:02.896 10 INFO neutron.wsgi [req-3c1c3c08-3791-4c15-8976-6a299c229de6 req-b012640c-3d42-4f3d-b842-c10fbb2b3ca1 0d27b22d66f6447fb8900ae6e1468edd 79e045f3e1b94937a780f8721eb0a9f6 - - 3bcd83d7c92d4917a84366fa4c2389d7 3bcd83d7c92d4917a84366fa4c2389d7] 199.204.45.250 "GET /v2.0/networks/aafe370c-62a7-4aee-a2b1-8ef21b688c4a?fields=provider%3Aphysical_network&fields=provider%3Anetwork_type HTTP/1.1" status: 200 len: 277 time: 0.0520453
2026-05-11 02:05:03.094 10 INFO neutron.wsgi [req-c3264cbb-2156-43b8-b8e1-16585bff7016 req-64fbeae7-141b-456d-9111-51f26c7d2b47 926811cf50074fc1999138219d8d61fe ab58c36ddfae4c47a4d82d2bba329054 - - default default] 10.0.0.181 "GET /v2.0/ports?device_id=d89b4ead-62d7-4894-97e3-59843c65bf4c HTTP/1.1" status: 200 len: 1356 time: 0.0402000
2026-05-11 02:05:03.137 10 INFO neutron.wsgi [req-c3264cbb-2156-43b8-b8e1-16585bff7016 req-ff3a0a89-11d6-4e30-923c-f8699d5f6e46 926811cf50074fc1999138219d8d61fe ab58c36ddfae4c47a4d82d2bba329054 - - default default] 10.0.0.181 "GET /v2.0/security-groups?id=8d64d189-ea62-479b-8355-062670eef19d&fields=id&fields=name HTTP/1.1" status: 200 len: 312 time: 0.0377748
2026-05-11 02:05:03.188 10 INFO neutron.wsgi [req-50bcdd7e-71f6-4c4e-bd43-3419c893c2b9 req-2830d445-e64c-4c0f-9082-3a27318e95cb 04e64b7657784a7787060d0052ad9cab a2dd0e9add7a4d148cae49426dca675d - - default default] 10.0.0.181 "GET /v2.0/ports?device_id=cdf0c1fa-4083-49dd-be34-5e9e1408bbb5 HTTP/1.1" status: 200 len: 1168 time: 0.0375755
2026-05-11 02:05:03.225 10 INFO neutron.wsgi [req-50bcdd7e-71f6-4c4e-bd43-3419c893c2b9 req-c76e03a9-8cf2-4d08-afae-1871adbd73da 04e64b7657784a7787060d0052ad9cab a2dd0e9add7a4d148cae49426dca675d - - default default] 10.0.0.181 "GET /v2.0/security-groups?id=ac552bc8-7226-4773-89d7-f666e3441575&fields=id&fields=name HTTP/1.1" status: 200 len: 286 time: 0.0303366
2026-05-11 02:05:03.299 10 INFO neutron.wsgi [req-bc73f121-4617-496b-a02b-b494c2b133af req-8cc0e636-150b-4f97-b365-adb1a8a99483 926811cf50074fc1999138219d8d61fe ab58c36ddfae4c47a4d82d2bba329054 - - default default] 199.204.45.250 "GET /v2.0/ports?device_id=d89b4ead-62d7-4894-97e3-59843c65bf4c&device_owner=compute%3Anova&fixed_ips=ip_address%3D10.100.0.11 HTTP/1.1" status: 200 len: 1356 time: 0.0662739
2026-05-11 02:05:03.803 10 INFO neutron.db.ovn_revision_numbers_db [None req-7c4c2423-8737-489c-9647-76fefd248d2c 926811cf50074fc1999138219d8d61fe ab58c36ddfae4c47a4d82d2bba329054 - - - -] Successfully bumped revision number for resource 09a38ca9-7eb3-41d2-ae6c-cdd9af16f763 (type: ports) to 6 /var/lib/openstack/lib/python3.10/site-packages/pycadf/identifier.py:71: UserWarning: Invalid uuid: neutron. To ensure interoperability, identifiers should be a valid uuid. warnings.warn(('Invalid uuid: %s. To ensure interoperability, '
2026-05-11 02:05:03.835 10 INFO neutron.wsgi [None req-7c4c2423-8737-489c-9647-76fefd248d2c 926811cf50074fc1999138219d8d61fe ab58c36ddfae4c47a4d82d2bba329054 - - - -] 199.204.45.250 "PUT /v2.0/ports/09a38ca9-7eb3-41d2-ae6c-cdd9af16f763 HTTP/1.1" status: 200 len: 1171 time: 0.5301023
2026-05-11 02:05:03.870 10 INFO neutron.wsgi [req-976f31f9-9b15-4b0f-8964-2b6d6b6360e3 req-7a4f222a-9507-4dad-bc0f-5abf8e0d68f8 328c7c84f1a945a69ef78f9bce6954ca ff82cae3bd69402d9356eaef6cf4695a - - default default] 10.0.0.181 "GET /v2.0/ports?device_id=5192b7a7-ac75-4f39-8fa3-5839feddeb9d HTTP/1.1" status: 200 len: 1168 time: 0.0577145
2026-05-11 02:05:03.923 10 INFO neutron.wsgi [req-bc73f121-4617-496b-a02b-b494c2b133af req-49946959-45de-49fd-9ed3-79d5453f9d94 0d27b22d66f6447fb8900ae6e1468edd 79e045f3e1b94937a780f8721eb0a9f6 - - 3bcd83d7c92d4917a84366fa4c2389d7 3bcd83d7c92d4917a84366fa4c2389d7] 199.204.45.250 "GET /v2.0/ports?tenant_id=ab58c36ddfae4c47a4d82d2bba329054&device_id=d89b4ead-62d7-4894-97e3-59843c65bf4c HTTP/1.1" status: 200 len: 1365 time: 0.0493510
2026-05-11 02:05:03.926 10 INFO neutron.wsgi [req-976f31f9-9b15-4b0f-8964-2b6d6b6360e3 req-55d8e335-34b3-4a04-9c8c-5b3cadaf7ae8 328c7c84f1a945a69ef78f9bce6954ca ff82cae3bd69402d9356eaef6cf4695a - - default default] 10.0.0.181 "GET /v2.0/security-groups?id=a7d3b843-c3bf-43a8-a0ce-18eadc5314bb&fields=id&fields=name HTTP/1.1" status: 200 len: 313 time: 0.0503767
2026-05-11 02:05:03.983 10 INFO neutron.wsgi [req-bc73f121-4617-496b-a02b-b494c2b133af req-a7fcf05a-4c11-4f41-aa83-89f5142777cc 0d27b22d66f6447fb8900ae6e1468edd 79e045f3e1b94937a780f8721eb0a9f6 - - 3bcd83d7c92d4917a84366fa4c2389d7 3bcd83d7c92d4917a84366fa4c2389d7] 199.204.45.250 "GET /v2.0/networks?id=aafe370c-62a7-4aee-a2b1-8ef21b688c4a HTTP/1.1" status: 200 len: 981 time: 0.0504825
2026-05-11 02:05:04.035 10 INFO neutron.wsgi [req-bc73f121-4617-496b-a02b-b494c2b133af req-febd06f3-79ab-4864-acf5-bc888f62e654 0d27b22d66f6447fb8900ae6e1468edd 79e045f3e1b94937a780f8721eb0a9f6 - - 3bcd83d7c92d4917a84366fa4c2389d7 3bcd83d7c92d4917a84366fa4c2389d7] 199.204.45.250 "GET /v2.0/floatingips?fixed_ip_address=10.100.0.10&port_id=09a38ca9-7eb3-41d2-ae6c-cdd9af16f763 HTTP/1.1" status: 200 len: 1060 time: 0.0440385
2026-05-11 02:05:04.060 10 INFO neutron.notifiers.nova [-] Nova event matching ['req-c92145da-e33e-4428-817d-d8d6a75e04d2'] response: {'name': 'network-changed', 'server_uuid': 'd89b4ead-62d7-4894-97e3-59843c65bf4c', 'tag': '09a38ca9-7eb3-41d2-ae6c-cdd9af16f763', 'status': 'completed', 'code': 200}
2026-05-11 02:05:04.074 10 INFO neutron.wsgi [req-bc73f121-4617-496b-a02b-b494c2b133af req-26e62470-a4bd-4377-9dfa-b2a9dafb6658 0d27b22d66f6447fb8900ae6e1468edd 79e045f3e1b94937a780f8721eb0a9f6 - - 3bcd83d7c92d4917a84366fa4c2389d7 3bcd83d7c92d4917a84366fa4c2389d7] 199.204.45.250 "GET /v2.0/subnets?id=4eb2611c-13b3-473a-a8a5-53bdabed3b5d HTTP/1.1" status: 200 len: 876 time: 0.0328779
2026-05-11 02:05:04.110 10 INFO neutron.wsgi [req-bc73f121-4617-496b-a02b-b494c2b133af req-121723fe-455a-465a-a645-2157866d0107 0d27b22d66f6447fb8900ae6e1468edd 79e045f3e1b94937a780f8721eb0a9f6 - - 3bcd83d7c92d4917a84366fa4c2389d7 3bcd83d7c92d4917a84366fa4c2389d7] 199.204.45.250 "GET /v2.0/ports?network_id=aafe370c-62a7-4aee-a2b1-8ef21b688c4a&device_owner=network%3Adhcp HTTP/1.1" status: 200 len: 210 time: 0.0233488
2026-05-11 02:05:04.179 10 INFO neutron.wsgi [req-bc73f121-4617-496b-a02b-b494c2b133af req-f5f06408-7d69-455c-85b5-9b6b069098e7 0d27b22d66f6447fb8900ae6e1468edd 79e045f3e1b94937a780f8721eb0a9f6 - - 3bcd83d7c92d4917a84366fa4c2389d7 3bcd83d7c92d4917a84366fa4c2389d7] 199.204.45.250 "GET /v2.0/networks/aafe370c-62a7-4aee-a2b1-8ef21b688c4a?fields=segments HTTP/1.1" status: 200 len: 212 time: 0.0611110
2026-05-11 02:05:04.236 10 INFO neutron.wsgi [req-bc73f121-4617-496b-a02b-b494c2b133af req-900044bb-6d6a-4d72-9671-3b0a2164981a 0d27b22d66f6447fb8900ae6e1468edd 79e045f3e1b94937a780f8721eb0a9f6 - - 3bcd83d7c92d4917a84366fa4c2389d7 3bcd83d7c92d4917a84366fa4c2389d7] 199.204.45.250 "GET /v2.0/networks/aafe370c-62a7-4aee-a2b1-8ef21b688c4a?fields=provider%3Aphysical_network&fields=provider%3Anetwork_type HTTP/1.1" status: 200 len: 277 time: 0.0491657
2026-05-11 02:05:04.352 10 INFO neutron.wsgi [req-2e801886-9c61-465d-bb8e-75fe6c5faea6 req-561c3876-6a50-475f-b25b-9e585d147f16 0d27b22d66f6447fb8900ae6e1468edd 79e045f3e1b94937a780f8721eb0a9f6 - - 3bcd83d7c92d4917a84366fa4c2389d7 3bcd83d7c92d4917a84366fa4c2389d7] 199.204.45.250 "GET /v2.0/ports?tenant_id=ab58c36ddfae4c47a4d82d2bba329054&device_id=d89b4ead-62d7-4894-97e3-59843c65bf4c HTTP/1.1" status: 200 len: 1365 time: 0.0681989
2026-05-11 02:05:04.441 10 INFO neutron.wsgi [req-02670a6b-1360-4384-b0be-4e070a166219 req-42b47b82-8da5-48ae-89d1-a921fe902668 04e64b7657784a7787060d0052ad9cab a2dd0e9add7a4d148cae49426dca675d - - default default] 10.0.0.181 "GET /v2.0/ports?device_id=cdf0c1fa-4083-49dd-be34-5e9e1408bbb5 HTTP/1.1" status: 200 len: 1168 time: 0.1444643
2026-05-11 02:05:04.443 10 INFO neutron.wsgi [req-2e801886-9c61-465d-bb8e-75fe6c5faea6 req-53dd9d89-ace5-49ea-b27d-a711b8fb105e 0d27b22d66f6447fb8900ae6e1468edd 79e045f3e1b94937a780f8721eb0a9f6 - - 3bcd83d7c92d4917a84366fa4c2389d7 3bcd83d7c92d4917a84366fa4c2389d7] 199.204.45.250 "GET /v2.0/networks?id=aafe370c-62a7-4aee-a2b1-8ef21b688c4a HTTP/1.1" status: 200 len: 981 time: 0.0828037
2026-05-11 02:05:04.521 10 INFO neutron.plugins.ml2.drivers.ovn.mech_driver.mech_driver [None req-4236fa92-3bba-42d1-8e7f-dfd6b36acf4d - - - - - -] OVN reports status down for port: 09a38ca9-7eb3-41d2-ae6c-cdd9af16f763
2026-05-11 02:05:04.531 10 INFO neutron.wsgi [req-9cb3a4af-3d17-42a4-bb3f-7b82ff0d7030 req-46497072-552b-43dc-9dc9-0d9a0a5fa608 926811cf50074fc1999138219d8d61fe ab58c36ddfae4c47a4d82d2bba329054 - - default default] 10.0.0.181 "GET /v2.0/ports?device_id=d89b4ead-62d7-4894-97e3-59843c65bf4c HTTP/1.1" status: 200 len: 1174 time: 0.0488276
2026-05-11 02:05:04.545 10 INFO neutron.wsgi [req-2e801886-9c61-465d-bb8e-75fe6c5faea6 req-b79f1786-4a9f-48fb-abe9-0ca956359d98 0d27b22d66f6447fb8900ae6e1468edd 79e045f3e1b94937a780f8721eb0a9f6 - - 3bcd83d7c92d4917a84366fa4c2389d7 3bcd83d7c92d4917a84366fa4c2389d7] 199.204.45.250 "GET /v2.0/floatingips?fixed_ip_address=10.100.0.10&port_id=09a38ca9-7eb3-41d2-ae6c-cdd9af16f763 HTTP/1.1" status: 200 len: 1060 time: 0.0931196
2026-05-11 02:05:04.558 10 INFO neutron.wsgi [req-02670a6b-1360-4384-b0be-4e070a166219 req-ed1a112a-8d6a-4d83-88df-519b804e6c12 04e64b7657784a7787060d0052ad9cab a2dd0e9add7a4d148cae49426dca675d - - default default] 10.0.0.181 "GET /v2.0/security-groups?id=ac552bc8-7226-4773-89d7-f666e3441575&fields=id&fields=name HTTP/1.1" status: 200 len: 286 time: 0.0990896
2026-05-11 02:05:04.611 10 INFO neutron.wsgi [req-9cb3a4af-3d17-42a4-bb3f-7b82ff0d7030 req-00ca81ee-b081-4d5d-8e0d-c80a7f74c62a 926811cf50074fc1999138219d8d61fe ab58c36ddfae4c47a4d82d2bba329054 - - default default] 10.0.0.181 "GET /v2.0/security-groups?id=8d64d189-ea62-479b-8355-062670eef19d&fields=id&fields=name HTTP/1.1" status: 200 len: 312 time: 0.0660641
2026-05-11 02:05:04.625 10 INFO neutron.wsgi [req-2e801886-9c61-465d-bb8e-75fe6c5faea6 req-1ad5a866-81c0-41e0-aa35-8cd138bd0336 0d27b22d66f6447fb8900ae6e1468edd 79e045f3e1b94937a780f8721eb0a9f6 - - 3bcd83d7c92d4917a84366fa4c2389d7 3bcd83d7c92d4917a84366fa4c2389d7] 199.204.45.250 "GET /v2.0/subnets?id=4eb2611c-13b3-473a-a8a5-53bdabed3b5d HTTP/1.1" status: 200 len: 876 time: 0.0735612
2026-05-11 02:05:04.668 10 INFO neutron.wsgi [req-2e801886-9c61-465d-bb8e-75fe6c5faea6 req-78690018-d756-4b9d-98cf-99cdcf6d8aad 0d27b22d66f6447fb8900ae6e1468edd 79e045f3e1b94937a780f8721eb0a9f6 - - 3bcd83d7c92d4917a84366fa4c2389d7 3bcd83d7c92d4917a84366fa4c2389d7] 199.204.45.250 "GET /v2.0/ports?network_id=aafe370c-62a7-4aee-a2b1-8ef21b688c4a&device_owner=network%3Adhcp HTTP/1.1" status: 200 len: 210 time: 0.0271385
2026-05-11 02:05:04.872 9 INFO neutron.wsgi [req-e34bf2d3-0444-4277-bb95-57298d2af518 req-bae23e16-0695-453e-a75a-55da01663a60 926811cf50074fc1999138219d8d61fe ab58c36ddfae4c47a4d82d2bba329054 - - default default] 199.204.45.250 "GET /v2.0/ports?device_id=d89b4ead-62d7-4894-97e3-59843c65bf4c HTTP/1.1" status: 200 len: 1172 time: 0.0857046
2026-05-11 02:05:04.960 9 WARNING neutron.plugins.ml2.drivers.ovn.mech_driver.ovsdb.ovn_client [None req-ec5ae705-1539-416b-bc6e-d2d369a55702 - - - - - -] No hosting information found for port 8fe33d53-c1bc-47db-a6e1-21443487db39: RuntimeError: No hosting information found for port 8fe33d53-c1bc-47db-a6e1-21443487db39
2026-05-11 02:05:05.091 9 INFO neutron.plugins.ml2.drivers.ovn.mech_driver.mech_driver [None req-ec5ae705-1539-416b-bc6e-d2d369a55702 - - - - - -] OVN reports status up for port: 6d1c6289-cd49-44ff-84ca-e839e45e454b
2026-05-11 02:05:05.124 9 INFO neutron.plugins.ml2.plugin [None req-ec5ae705-1539-416b-bc6e-d2d369a55702 - - - - - -] Attempt 1 to provision port 6d1c6289-cd49-44ff-84ca-e839e45e454b
2026-05-11 02:05:05.148 10 INFO neutron.wsgi [req-2e801886-9c61-465d-bb8e-75fe6c5faea6 req-efe2c0a6-e0b1-423a-b11b-e262007d452c 0d27b22d66f6447fb8900ae6e1468edd 79e045f3e1b94937a780f8721eb0a9f6 - - 3bcd83d7c92d4917a84366fa4c2389d7 3bcd83d7c92d4917a84366fa4c2389d7] 199.204.45.250 "GET /v2.0/networks/aafe370c-62a7-4aee-a2b1-8ef21b688c4a?fields=segments HTTP/1.1" status: 200 len: 212 time: 0.4679308
2026-05-11 02:05:05.191 10 INFO neutron.db.ovn_revision_numbers_db [None req-10c31851-e75c-43d2-8acf-98f966e62a5f 7d1a4295292b42af8df0232550cad5fb 66f7b58cee20405394bbe80b55f1e032 - - - -] Successfully bumped revision number for resource add395c1-7fc6-462e-9b14-746d779d8b69 (type: security_groups) to 1
2026-05-11 02:05:05.267 10 INFO neutron.wsgi [req-eb559d6d-5761-4a94-aed7-9cf418326e2c req-b0ee7ffc-edfa-4d55-9444-1ff06abe1634 328c7c84f1a945a69ef78f9bce6954ca ff82cae3bd69402d9356eaef6cf4695a - - default default] 10.0.0.181 "GET /v2.0/ports?device_id=5192b7a7-ac75-4f39-8fa3-5839feddeb9d HTTP/1.1" status: 200 len: 1168 time: 0.1644468
2026-05-11 02:05:05.270 10 INFO neutron.wsgi [req-2e801886-9c61-465d-bb8e-75fe6c5faea6 req-eb3d893b-d110-4b0f-a05a-f628d26548ad 0d27b22d66f6447fb8900ae6e1468edd 79e045f3e1b94937a780f8721eb0a9f6 - - 3bcd83d7c92d4917a84366fa4c2389d7 3bcd83d7c92d4917a84366fa4c2389d7] 199.204.45.250 "GET /v2.0/networks/aafe370c-62a7-4aee-a2b1-8ef21b688c4a?fields=provider%3Aphysical_network&fields=provider%3Anetwork_type HTTP/1.1" status: 200 len: 277 time: 0.1138496
2026-05-11 02:05:05.298 10 INFO neutron.db.segments_db [None req-10c31851-e75c-43d2-8acf-98f966e62a5f 7d1a4295292b42af8df0232550cad5fb 66f7b58cee20405394bbe80b55f1e032 - - - -] Added segment b8ddbb36-8722-42cf-98b7-639a903e0883 of type geneve for network 1d79cc1a-5b5a-4ccf-bf6f-9cdcb5a7fd42
2026-05-11 02:05:05.327 9 INFO neutron.notifiers.nova [-] Nova event matching ['req-c0f1f9cb-8b5b-4079-93f8-982f374612ab'] response: {'server_uuid': 'cdf0c1fa-4083-49dd-be34-5e9e1408bbb5', 'name': 'network-vif-plugged', 'status': 'completed', 'tag': '6d1c6289-cd49-44ff-84ca-e839e45e454b', 'code': 200}
2026-05-11 02:05:05.336 10 INFO neutron.wsgi [req-eb559d6d-5761-4a94-aed7-9cf418326e2c req-fd7404c2-cfff-4acd-8b7b-7a4e21115a7f 328c7c84f1a945a69ef78f9bce6954ca ff82cae3bd69402d9356eaef6cf4695a - - default default] 10.0.0.181 "GET /v2.0/security-groups?id=a7d3b843-c3bf-43a8-a0ce-18eadc5314bb&fields=id&fields=name HTTP/1.1" status: 200 len: 313 time: 0.0597003
2026-05-11 02:05:05.403 10 INFO neutron.db.ovn_revision_numbers_db [None req-4236fa92-3bba-42d1-8e7f-dfd6b36acf4d - - - - - -] Successfully bumped revision number for resource 09a38ca9-7eb3-41d2-ae6c-cdd9af16f763 (type: ports) to 7
2026-05-11 02:05:05.442 9 INFO neutron.db.l3_db [None req-e7b0d307-919c-4cf2-b53c-649a510cf74f 926811cf50074fc1999138219d8d61fe ab58c36ddfae4c47a4d82d2bba329054 - - - -] Floating IP 358ab01f-a8aa-4c99-895f-51a9e88edbbb disassociated. External IP: 10.96.250.220, port: 09a38ca9-7eb3-41d2-ae6c-cdd9af16f763.
2026-05-11 02:05:05.493 10 INFO neutron.db.segments_db [None req-10c31851-e75c-43d2-8acf-98f966e62a5f 7d1a4295292b42af8df0232550cad5fb 66f7b58cee20405394bbe80b55f1e032 - - - -] Added segment 327fa0ee-a6da-4aa6-99db-7d7998a58c41 of type geneve for network a5007442-6585-44d2-adb4-40a0e4048a42
2026-05-11 02:05:05.549 9 INFO neutron.db.ovn_revision_numbers_db [None req-ec5ae705-1539-416b-bc6e-d2d369a55702 - - - - - -] Successfully bumped revision number for resource 6d1c6289-cd49-44ff-84ca-e839e45e454b (type: ports) to 4
2026-05-11 02:05:05.622 10 INFO neutron.db.ovn_revision_numbers_db [None req-10c31851-e75c-43d2-8acf-98f966e62a5f 7d1a4295292b42af8df0232550cad5fb 66f7b58cee20405394bbe80b55f1e032 - - - -] Successfully bumped revision number for resource 1d79cc1a-5b5a-4ccf-bf6f-9cdcb5a7fd42 (type: networks) to 1
2026-05-11 02:05:05.641 9 INFO neutron.plugins.ml2.drivers.ovn.mech_driver.mech_driver [None req-ec5ae705-1539-416b-bc6e-d2d369a55702 - - - - - -] OVN reports status up for port: 4ea8b543-e5f9-45bc-b7f0-b5043540088c /var/lib/openstack/lib/python3.10/site-packages/pycadf/identifier.py:71: UserWarning: Invalid uuid: neutron. To ensure interoperability, identifiers should be a valid uuid. warnings.warn(('Invalid uuid: %s. To ensure interoperability, '
2026-05-11 02:05:05.681 9 INFO neutron.plugins.ml2.plugin [None req-ec5ae705-1539-416b-bc6e-d2d369a55702 - - - - - -] Attempt 1 to provision port 4ea8b543-e5f9-45bc-b7f0-b5043540088c
2026-05-11 02:05:05.706 10 INFO neutron.wsgi [req-ab0639e5-35a0-4622-b2e5-6637ac2400c9 req-ac51e7b8-08f5-4d19-92ae-0e8e0cc58a0a 926811cf50074fc1999138219d8d61fe ab58c36ddfae4c47a4d82d2bba329054 - - default default] 10.0.0.181 "GET /v2.0/ports?device_id=d89b4ead-62d7-4894-97e3-59843c65bf4c HTTP/1.1" status: 200 len: 210 time: 0.0305583
2026-05-11 02:05:05.715 10 INFO neutron.wsgi [req-3a5930fe-4f9e-4033-b4ea-7c3d6147c86d req-fff4c570-c837-4d2e-8737-aabae5b0e2b5 04e64b7657784a7787060d0052ad9cab a2dd0e9add7a4d148cae49426dca675d - - default default] 10.0.0.181 "GET /v2.0/ports?device_id=cdf0c1fa-4083-49dd-be34-5e9e1408bbb5 HTTP/1.1" status: 200 len: 1170 time: 0.0739062
2026-05-11 02:05:05.728 9 INFO neutron.wsgi [None req-e7b0d307-919c-4cf2-b53c-649a510cf74f 926811cf50074fc1999138219d8d61fe ab58c36ddfae4c47a4d82d2bba329054 - - - -] 199.204.45.250 "DELETE /v2.0/ports/09a38ca9-7eb3-41d2-ae6c-cdd9af16f763 HTTP/1.1" status: 204 len: 173 time: 0.8503623
2026-05-11 02:05:05.788 10 INFO neutron.wsgi [req-3a5930fe-4f9e-4033-b4ea-7c3d6147c86d req-1f01fff8-53d4-4144-af02-d3ecaa4c9e3b 04e64b7657784a7787060d0052ad9cab a2dd0e9add7a4d148cae49426dca675d - - default default] 10.0.0.181 "GET /v2.0/security-groups?id=ac552bc8-7226-4773-89d7-f666e3441575&fields=id&fields=name HTTP/1.1" status: 200 len: 286 time: 0.0573997
2026-05-11 02:05:05.935 10 WARNING neutron.scheduler.dhcp_agent_scheduler [None req-10c31851-e75c-43d2-8acf-98f966e62a5f 7d1a4295292b42af8df0232550cad5fb 66f7b58cee20405394bbe80b55f1e032 - - - -] No more DHCP agents
2026-05-11 02:05:05.937 10 WARNING neutron.api.rpc.agentnotifiers.dhcp_rpc_agent_api [None req-10c31851-e75c-43d2-8acf-98f966e62a5f 7d1a4295292b42af8df0232550cad5fb 66f7b58cee20405394bbe80b55f1e032 - - - -] Unable to schedule network 1d79cc1a-5b5a-4ccf-bf6f-9cdcb5a7fd42: no agents available; will retry on subsequent port and subnet creation events.
2026-05-11 02:05:06.042 10 INFO neutron.db.ovn_revision_numbers_db [None req-10c31851-e75c-43d2-8acf-98f966e62a5f 7d1a4295292b42af8df0232550cad5fb 66f7b58cee20405394bbe80b55f1e032 - - - -] Successfully bumped revision number for resource 6136d680-30a4-4462-8a73-60c12523144f (type: ports) to 1
2026-05-11 02:05:06.085 9 INFO neutron.db.ovn_revision_numbers_db [None req-ec5ae705-1539-416b-bc6e-d2d369a55702 - - - - - -] Successfully bumped revision number for resource 4ea8b543-e5f9-45bc-b7f0-b5043540088c (type: ports) to 4
2026-05-11 02:05:06.120 10 INFO neutron.db.ovn_revision_numbers_db [None req-10c31851-e75c-43d2-8acf-98f966e62a5f 7d1a4295292b42af8df0232550cad5fb 66f7b58cee20405394bbe80b55f1e032 - - - -] Successfully bumped revision number for resource a5007442-6585-44d2-adb4-40a0e4048a42 (type: networks) to 1
2026-05-11 02:05:06.125 10 INFO neutron.notifiers.nova [-] Nova event matching ['req-c1fa8276-69e3-47a3-b64d-3ced68ca6364'] response: {'server_uuid': 'd89b4ead-62d7-4894-97e3-59843c65bf4c', 'name': 'network-vif-unplugged', 'status': 'completed', 'tag': '09a38ca9-7eb3-41d2-ae6c-cdd9af16f763', 'code': 200}
2026-05-11 02:05:06.125 10 INFO neutron.notifiers.nova [-] Nova event matching ['req-c1fa8276-69e3-47a3-b64d-3ced68ca6364'] response: {'server_uuid': 'd89b4ead-62d7-4894-97e3-59843c65bf4c', 'name': 'network-vif-plugged', 'status': 'completed', 'tag': '09a38ca9-7eb3-41d2-ae6c-cdd9af16f763', 'code': 200}
2026-05-11 02:05:06.267 9 INFO neutron.plugins.ml2.drivers.ovn.mech_driver.mech_driver [None req-ec5ae705-1539-416b-bc6e-d2d369a55702 - - - - - -] OVN reports status down for port: 6d1c6289-cd49-44ff-84ca-e839e45e454b
2026-05-11 02:05:06.299 10 INFO neutron.wsgi [req-e598ec83-2e5e-4229-9f02-4e84b2dcc609 req-9326ac70-6da0-4d59-90f9-746c45ca0835 04e64b7657784a7787060d0052ad9cab a2dd0e9add7a4d148cae49426dca675d - - default default] 10.0.0.181 "GET /v2.0/ports?device_id=cdf0c1fa-4083-49dd-be34-5e9e1408bbb5 HTTP/1.1" status: 200 len: 1170 time: 0.0742064
2026-05-11 02:05:06.359 10 INFO neutron.wsgi [req-e598ec83-2e5e-4229-9f02-4e84b2dcc609 req-37bea523-a48a-4707-b5ed-0feb2fd6c8bd 04e64b7657784a7787060d0052ad9cab a2dd0e9add7a4d148cae49426dca675d - - default default] 10.0.0.181 "GET /v2.0/security-groups?id=ac552bc8-7226-4773-89d7-f666e3441575&fields=id&fields=name HTTP/1.1" status: 200 len: 286 time: 0.0489118
2026-05-11 02:05:06.367 10 WARNING neutron.scheduler.dhcp_agent_scheduler [None req-10c31851-e75c-43d2-8acf-98f966e62a5f 7d1a4295292b42af8df0232550cad5fb 66f7b58cee20405394bbe80b55f1e032 - - - -] No more DHCP agents
2026-05-11 02:05:06.370 10 WARNING neutron.api.rpc.agentnotifiers.dhcp_rpc_agent_api [None req-10c31851-e75c-43d2-8acf-98f966e62a5f 7d1a4295292b42af8df0232550cad5fb 66f7b58cee20405394bbe80b55f1e032 - - - -] Unable to schedule network a5007442-6585-44d2-adb4-40a0e4048a42: no agents available; will retry on subsequent port and subnet creation events.
2026-05-11 02:05:06.480 10 INFO neutron.wsgi [req-af471bf5-e6ae-4907-83ea-80486afc524b req-6a2a8460-51a9-494b-b7dc-a6d4ce83857f 328c7c84f1a945a69ef78f9bce6954ca ff82cae3bd69402d9356eaef6cf4695a - - default default] 10.0.0.181 "GET /v2.0/ports?device_id=5192b7a7-ac75-4f39-8fa3-5839feddeb9d HTTP/1.1" status: 200 len: 1170 time: 0.0469820
2026-05-11 02:05:06.492 10 INFO neutron.db.ovn_revision_numbers_db [None req-10c31851-e75c-43d2-8acf-98f966e62a5f 7d1a4295292b42af8df0232550cad5fb 66f7b58cee20405394bbe80b55f1e032 - - - -] Successfully bumped revision number for resource 66d396b9-fffe-4ae9-9a24-7cd3024d23fc (type: ports) to 1
2026-05-11 02:05:06.522 10 INFO neutron.wsgi [None req-10c31851-e75c-43d2-8acf-98f966e62a5f 7d1a4295292b42af8df0232550cad5fb 66f7b58cee20405394bbe80b55f1e032 - - - -] 10.0.0.187 "POST /v2.0/networks HTTP/1.1" status: 201 len: 1445 time: 2.1926994
2026-05-11 02:05:06.528 10 INFO neutron.wsgi [req-af471bf5-e6ae-4907-83ea-80486afc524b req-fb8b06fc-52a6-4f8a-bd4f-5a86eb1042c5 328c7c84f1a945a69ef78f9bce6954ca ff82cae3bd69402d9356eaef6cf4695a - - default default] 10.0.0.181 "GET /v2.0/security-groups?id=a7d3b843-c3bf-43a8-a0ce-18eadc5314bb&fields=id&fields=name HTTP/1.1" status: 200 len: 313 time: 0.0422287 /var/lib/openstack/lib/python3.10/site-packages/pycadf/identifier.py:71: UserWarning: Invalid uuid: neutron. To ensure interoperability, identifiers should be a valid uuid. warnings.warn(('Invalid uuid: %s. To ensure interoperability, '
2026-05-11 02:05:06.633 10 INFO neutron.wsgi [None req-3b2be540-6156-4fa2-9369-fcecdd52a6db 7d1a4295292b42af8df0232550cad5fb 66f7b58cee20405394bbe80b55f1e032 - - default default] 10.0.0.187 "GET /v2.0/networks HTTP/1.1" status: 200 len: 2051 time: 0.1046298
2026-05-11 02:05:06.637 9 INFO neutron.db.ovn_revision_numbers_db [None req-ec5ae705-1539-416b-bc6e-d2d369a55702 - - - - - -] Successfully bumped revision number for resource 6d1c6289-cd49-44ff-84ca-e839e45e454b (type: ports) to 5
2026-05-11 02:05:06.677 9 INFO neutron.wsgi [req-ded857ba-fcd8-405b-9cc7-8cf0f2668942 req-4eeda0ac-3399-4ac1-97a3-c4cbe108d586 04e64b7657784a7787060d0052ad9cab a2dd0e9add7a4d148cae49426dca675d - - default default] 199.204.45.250 "GET /v2.0/ports?device_id=cdf0c1fa-4083-49dd-be34-5e9e1408bbb5 HTTP/1.1" status: 200 len: 1168 time: 0.1053214
2026-05-11 02:05:07.046 10 INFO neutron.wsgi [None req-ebe2b1d6-8adf-4e5d-8294-236285a0a1d5 926811cf50074fc1999138219d8d61fe ab58c36ddfae4c47a4d82d2bba329054 - - - -] 10.0.0.187 "DELETE /v2.0/security-groups/8d64d189-ea62-479b-8355-062670eef19d HTTP/1.1" status: 204 len: 168 time: 0.2140660
2026-05-11 02:05:07.067 10 INFO neutron.api.v2.resource [None req-182a7246-09e8-4046-8034-cae6b180e9f7 926811cf50074fc1999138219d8d61fe ab58c36ddfae4c47a4d82d2bba329054 - - default default] show failed (client error): The resource could not be found.
2026-05-11 02:05:07.068 10 INFO neutron.wsgi [None req-182a7246-09e8-4046-8034-cae6b180e9f7 926811cf50074fc1999138219d8d61fe ab58c36ddfae4c47a4d82d2bba329054 - - default default] 10.0.0.187 "GET /v2.0/security-groups/8d64d189-ea62-479b-8355-062670eef19d HTTP/1.1" status: 404 len: 347 time: 0.0154946
2026-05-11 02:05:07.112 10 INFO neutron.services.segments.plugin [-] Segment b8ddbb36-8722-42cf-98b7-639a903e0883 resource provider aggregate not found
2026-05-11 02:05:07.119 10 INFO neutron.services.segments.plugin [-] Segment b8ddbb36-8722-42cf-98b7-639a903e0883 resource provider aggregate not found
2026-05-11 02:05:07.148 10 INFO neutron.services.segments.plugin [-] Segment b8ddbb36-8722-42cf-98b7-639a903e0883 resource provider not found; error: Placement Client Error (4xx): {"errors": [{"status": 404, "title": "Not Found", "detail": "The resource could not be found.\n\n No resource provider with uuid b8ddbb36-8722-42cf-98b7-639a903e0883 found for delete ", "request_id": "req-5a61d713-20b0-4eff-9d9e-261bf188691b"}]}
2026-05-11 02:05:07.149 10 INFO neutron.services.segments.plugin [-] Segment b8ddbb36-8722-42cf-98b7-639a903e0883 resource provider not found; error: Placement Client Error (4xx): {"errors": [{"status": 404, "title": "Not Found", "detail": "The resource could not be found.\n\n No resource provider with uuid b8ddbb36-8722-42cf-98b7-639a903e0883 found for delete ", "request_id": "req-ace4a563-0f72-41e6-b057-1b09626e40a8"}]}
2026-05-11 02:05:07.205 10 INFO neutron.wsgi [None req-a397b81a-cf1d-47b0-b685-b14e59667fa7 7d1a4295292b42af8df0232550cad5fb 66f7b58cee20405394bbe80b55f1e032 - - - -] 10.0.0.187 "DELETE /v2.0/networks/1d79cc1a-5b5a-4ccf-bf6f-9cdcb5a7fd42 HTTP/1.1" status: 204 len: 168 time: 0.5665817
2026-05-11 02:05:07.280 9 INFO neutron.wsgi [None req-685f07ad-bf4c-436a-a3f6-43ef42c81f48 04e64b7657784a7787060d0052ad9cab a2dd0e9add7a4d148cae49426dca675d - - - -] 199.204.45.250 "DELETE /v2.0/ports/6d1c6289-cd49-44ff-84ca-e839e45e454b HTTP/1.1" status: 204 len: 173 time: 0.5907171
2026-05-11 02:05:07.384 9 INFO neutron.notifiers.nova [-] Nova event matching ['req-a5b96818-b3b1-4532-9e2c-c0c7f25532c1'] response: {'server_uuid': 'cdf0c1fa-4083-49dd-be34-5e9e1408bbb5', 'name': 'network-vif-plugged', 'status': 'completed', 'tag': '6d1c6289-cd49-44ff-84ca-e839e45e454b', 'code': 200}
2026-05-11 02:05:07.385 9 INFO neutron.notifiers.nova [-] Nova event matching ['req-a5b96818-b3b1-4532-9e2c-c0c7f25532c1'] response: {'server_uuid': 'd89b4ead-62d7-4894-97e3-59843c65bf4c', 'name': 'network-vif-deleted', 'tag': '09a38ca9-7eb3-41d2-ae6c-cdd9af16f763', 'status': 'completed', 'code': 200}
2026-05-11 02:05:07.385 9 INFO neutron.notifiers.nova [-] Nova event matching ['req-a5b96818-b3b1-4532-9e2c-c0c7f25532c1'] response: {'server_uuid': '5192b7a7-ac75-4f39-8fa3-5839feddeb9d', 'name': 'network-vif-plugged', 'status': 'completed', 'tag': '4ea8b543-e5f9-45bc-b7f0-b5043540088c', 'code': 200}
2026-05-11 02:05:07.385 9 INFO neutron.notifiers.nova [-] Nova event matching ['req-a5b96818-b3b1-4532-9e2c-c0c7f25532c1'] response: {'server_uuid': '5192b7a7-ac75-4f39-8fa3-5839feddeb9d', 'name': 'network-vif-plugged', 'status': 'completed', 'tag': '4ea8b543-e5f9-45bc-b7f0-b5043540088c', 'code': 200}
2026-05-11 02:05:07.385 9 INFO neutron.notifiers.nova [-] Nova event matching ['req-a5b96818-b3b1-4532-9e2c-c0c7f25532c1'] response: {'server_uuid': 'cdf0c1fa-4083-49dd-be34-5e9e1408bbb5', 'name': 'network-vif-unplugged', 'status': 'completed', 'tag': '6d1c6289-cd49-44ff-84ca-e839e45e454b', 'code': 200}
2026-05-11 02:05:07.386 9 INFO neutron.notifiers.nova [-] Nova event matching ['req-a5b96818-b3b1-4532-9e2c-c0c7f25532c1'] response: {'server_uuid': 'cdf0c1fa-4083-49dd-be34-5e9e1408bbb5', 'name': 'network-vif-plugged', 'status': 'completed', 'tag': '6d1c6289-cd49-44ff-84ca-e839e45e454b', 'code': 200}
2026-05-11 02:05:07.386 9 INFO neutron.notifiers.nova [-] Nova event matching ['req-a5b96818-b3b1-4532-9e2c-c0c7f25532c1'] response: {'server_uuid': 'cdf0c1fa-4083-49dd-be34-5e9e1408bbb5', 'name': 'network-vif-deleted', 'tag': '6d1c6289-cd49-44ff-84ca-e839e45e454b', 'status': 'completed', 'code': 200}
2026-05-11 02:05:07.497 10 INFO neutron.wsgi [req-0a448379-d5d4-4eb0-81cd-471867c6916a req-a27de172-fbde-4ae8-abae-e3d42c402441 04e64b7657784a7787060d0052ad9cab a2dd0e9add7a4d148cae49426dca675d - - default default] 10.0.0.181 "GET /v2.0/ports?device_id=cdf0c1fa-4083-49dd-be34-5e9e1408bbb5 HTTP/1.1" status: 200 len: 210 time: 0.0347693
2026-05-11 02:05:07.587 10 INFO neutron.wsgi [None req-b99ce3d5-098f-4851-b05e-0f763c611f92 926811cf50074fc1999138219d8d61fe ab58c36ddfae4c47a4d82d2bba329054 - - - -] 10.0.0.187 "DELETE /v2.0/floatingips/358ab01f-a8aa-4c99-895f-51a9e88edbbb HTTP/1.1" status: 204 len: 168 time: 0.5139947
2026-05-11 02:05:07.671 10 INFO neutron.wsgi [req-44007ed2-c23b-4b61-a05d-7a8aa658362c req-dc1a179b-0b50-465c-a388-df0345eb2c77 328c7c84f1a945a69ef78f9bce6954ca ff82cae3bd69402d9356eaef6cf4695a - - default default] 10.0.0.181 "GET /v2.0/ports?device_id=5192b7a7-ac75-4f39-8fa3-5839feddeb9d HTTP/1.1" status: 200 len: 1170 time: 0.0519266 /var/lib/openstack/lib/python3.10/site-packages/pycadf/identifier.py:71: UserWarning: Invalid uuid: neutron. To ensure interoperability, identifiers should be a valid uuid. warnings.warn(('Invalid uuid: %s. To ensure interoperability, '
2026-05-11 02:05:07.723 10 INFO neutron.wsgi [req-44007ed2-c23b-4b61-a05d-7a8aa658362c req-f3498302-7c5d-4113-a81d-9c65e6857357 328c7c84f1a945a69ef78f9bce6954ca ff82cae3bd69402d9356eaef6cf4695a - - default default] 10.0.0.181 "GET /v2.0/security-groups?id=a7d3b843-c3bf-43a8-a0ce-18eadc5314bb&fields=id&fields=name HTTP/1.1" status: 200 len: 313 time: 0.0432744
2026-05-11 02:05:07.770 10 INFO neutron.wsgi [None req-8851c866-aff5-4dcd-9080-0a598ef4a342 7d1a4295292b42af8df0232550cad5fb 66f7b58cee20405394bbe80b55f1e032 - - - -] 10.0.0.187 "DELETE /v2.0/networks/a5007442-6585-44d2-adb4-40a0e4048a42 HTTP/1.1" status: 204 len: 168 time: 0.5534353
2026-05-11 02:05:07.878 10 INFO neutron.wsgi [None req-3aa3ad07-d8c2-443d-888a-ddd0e1033dec 7d1a4295292b42af8df0232550cad5fb 66f7b58cee20405394bbe80b55f1e032 - - default default] 10.0.0.187 "GET /v2.0/networks HTTP/1.1" status: 200 len: 845 time: 0.0934672
2026-05-11 02:05:08.002 10 INFO neutron.db.segments_db [None req-32881633-97dc-4913-b211-80dd2c88976a 7d1a4295292b42af8df0232550cad5fb 66f7b58cee20405394bbe80b55f1e032 - - - -] Added segment 782b0460-4f2a-4b71-b74c-1ba5ce62cbcf of type geneve for network 116aa6f2-6141-44d6-8d05-e3bf677d0a41
2026-05-11 02:05:08.187 10 INFO neutron.db.ovn_revision_numbers_db [None req-32881633-97dc-4913-b211-80dd2c88976a 7d1a4295292b42af8df0232550cad5fb 66f7b58cee20405394bbe80b55f1e032 - - - -] Successfully bumped revision number for resource 116aa6f2-6141-44d6-8d05-e3bf677d0a41 (type: networks) to 1
2026-05-11 02:05:08.392 10 WARNING neutron.scheduler.dhcp_agent_scheduler [None req-32881633-97dc-4913-b211-80dd2c88976a 7d1a4295292b42af8df0232550cad5fb 66f7b58cee20405394bbe80b55f1e032 - - - -] No more DHCP agents
2026-05-11 02:05:08.393 10 WARNING neutron.api.rpc.agentnotifiers.dhcp_rpc_agent_api [None req-32881633-97dc-4913-b211-80dd2c88976a 7d1a4295292b42af8df0232550cad5fb 66f7b58cee20405394bbe80b55f1e032 - - - -] Unable to schedule network 116aa6f2-6141-44d6-8d05-e3bf677d0a41: no agents available; will retry on subsequent port and subnet creation events.
2026-05-11 02:05:08.475 10 INFO neutron.db.ovn_revision_numbers_db [None req-32881633-97dc-4913-b211-80dd2c88976a 7d1a4295292b42af8df0232550cad5fb 66f7b58cee20405394bbe80b55f1e032 - - - -] Successfully bumped revision number for resource e7b081a1-f959-403f-93d1-2a186a2c4428 (type: ports) to 1
2026-05-11 02:05:08.520 10 INFO neutron.wsgi [None req-32881633-97dc-4913-b211-80dd2c88976a 7d1a4295292b42af8df0232550cad5fb 66f7b58cee20405394bbe80b55f1e032 - - - -] 10.0.0.187 "POST /v2.0/networks HTTP/1.1" status: 201 len: 852 time: 0.6355114
2026-05-11 02:05:08.636 10 INFO neutron.db.segments_db [None req-c4a57680-1f96-48d7-979d-5b06884a4725 7d1a4295292b42af8df0232550cad5fb 66f7b58cee20405394bbe80b55f1e032 - - - -] Added segment 13eaa7b5-7d0e-40f3-87ed-ec51f40eac99 of type geneve for network 6fb1ea48-0b54-4d87-b068-d35293c5ae0f
2026-05-11 02:05:08.991 9 INFO neutron.wsgi [None req-68864e0c-702b-4817-8e65-0cfeba8b86f8 68dfaded7f114828bc762a62846a3ccf 12ed02e8e0f5488ba3263ea8f3a37c50 - - - -] 10.0.0.187 "PUT /v2.0/routers/c3256be8-bcab-4d64-92a5-5a921d9c8c66/remove_router_interface HTTP/1.1" status: 200 len: 503 time: 1.3092782 /var/lib/openstack/lib/python3.10/site-packages/pycadf/identifier.py:71: UserWarning: Invalid uuid: neutron. To ensure interoperability, identifiers should be a valid uuid. warnings.warn(('Invalid uuid: %s. To ensure interoperability, '
2026-05-11 02:05:09.032 10 INFO neutron.db.ovn_revision_numbers_db [None req-c4a57680-1f96-48d7-979d-5b06884a4725 7d1a4295292b42af8df0232550cad5fb 66f7b58cee20405394bbe80b55f1e032 - - - -] Successfully bumped revision number for resource 6fb1ea48-0b54-4d87-b068-d35293c5ae0f (type: networks) to 1
2026-05-11 02:05:09.079 10 INFO neutron.wsgi [req-667b82e9-4e0c-4f2c-8309-37800aa1bdb8 req-b25a1a35-31f1-4199-92e2-ec9b00431982 328c7c84f1a945a69ef78f9bce6954ca ff82cae3bd69402d9356eaef6cf4695a - - default default] 10.0.0.181 "GET /v2.0/ports?device_id=5192b7a7-ac75-4f39-8fa3-5839feddeb9d HTTP/1.1" status: 200 len: 1170 time: 0.0655859
2026-05-11 02:05:09.135 10 INFO neutron.wsgi [req-667b82e9-4e0c-4f2c-8309-37800aa1bdb8 req-67b078f2-f45e-4fb5-8163-01d83d843466 328c7c84f1a945a69ef78f9bce6954ca ff82cae3bd69402d9356eaef6cf4695a - - default default] 10.0.0.181 "GET /v2.0/security-groups?id=a7d3b843-c3bf-43a8-a0ce-18eadc5314bb&fields=id&fields=name HTTP/1.1" status: 200 len: 313 time: 0.0432758
2026-05-11 02:05:09.185 10 INFO neutron.services.segments.plugin [-] Segment 327fa0ee-a6da-4aa6-99db-7d7998a58c41 resource provider aggregate not found
2026-05-11 02:05:09.192 10 INFO neutron.services.segments.plugin [-] Segment 327fa0ee-a6da-4aa6-99db-7d7998a58c41 resource provider aggregate not found
2026-05-11 02:05:09.217 10 INFO neutron.services.segments.plugin [-] Segment 327fa0ee-a6da-4aa6-99db-7d7998a58c41 resource provider not found; error: Placement Client Error (4xx): {"errors": [{"status": 404, "title": "Not Found", "detail": "The resource could not be found.\n\n No resource provider with uuid 327fa0ee-a6da-4aa6-99db-7d7998a58c41 found for delete ", "request_id": "req-d13f049b-0d7b-4b3f-99ba-27a43285f96f"}]}
2026-05-11 02:05:09.219 10 INFO neutron.services.segments.plugin [-] Segment 327fa0ee-a6da-4aa6-99db-7d7998a58c41 resource provider not found; error: Placement Client Error (4xx): {"errors": [{"status": 404, "title": "Not Found", "detail": "The resource could not be found.\n\n No resource provider with uuid 327fa0ee-a6da-4aa6-99db-7d7998a58c41 found for delete ", "request_id": "req-471407ec-9eee-41cc-b4c7-ac220c76a185"}]}
2026-05-11 02:05:09.257 10 INFO neutron.wsgi [req-e1063e44-cffd-4cad-804a-e42b7f864c9c req-4ff23d55-5317-4f5f-a317-d2dc057b4dd8 328c7c84f1a945a69ef78f9bce6954ca ff82cae3bd69402d9356eaef6cf4695a - - default default] 10.0.0.181 "GET /v2.0/ports?device_id=5192b7a7-ac75-4f39-8fa3-5839feddeb9d HTTP/1.1" status: 200 len: 1170 time: 0.0481615
2026-05-11 02:05:09.345 10 WARNING neutron.scheduler.dhcp_agent_scheduler [None req-c4a57680-1f96-48d7-979d-5b06884a4725 7d1a4295292b42af8df0232550cad5fb 66f7b58cee20405394bbe80b55f1e032 - - - -] No more DHCP agents
2026-05-11 02:05:09.349 10 WARNING neutron.api.rpc.agentnotifiers.dhcp_rpc_agent_api [None req-c4a57680-1f96-48d7-979d-5b06884a4725 7d1a4295292b42af8df0232550cad5fb 66f7b58cee20405394bbe80b55f1e032 - - - -] Unable to schedule network 6fb1ea48-0b54-4d87-b068-d35293c5ae0f: no agents available; will retry on subsequent port and subnet creation events.
2026-05-11 02:05:09.442 10 INFO neutron.db.ovn_revision_numbers_db [None req-c4a57680-1f96-48d7-979d-5b06884a4725 7d1a4295292b42af8df0232550cad5fb 66f7b58cee20405394bbe80b55f1e032 - - - -] Successfully bumped revision number for resource da510930-c89a-44b6-8cd9-96492d8a60f9 (type: ports) to 1
2026-05-11 02:05:09.486 10 INFO neutron.wsgi [None req-c4a57680-1f96-48d7-979d-5b06884a4725 7d1a4295292b42af8df0232550cad5fb 66f7b58cee20405394bbe80b55f1e032 - - - -] 10.0.0.187 "POST /v2.0/networks HTTP/1.1" status: 201 len: 852 time: 0.9619548
2026-05-11 02:05:09.638 9 INFO neutron.db.l3_db [None req-e325098b-1b71-47b4-aeca-3880852103ea 328c7c84f1a945a69ef78f9bce6954ca ff82cae3bd69402d9356eaef6cf4695a - - - -] Floating IP 44f2fbcb-347b-46df-be77-4cb9498bd25d associated. External IP: 10.96.250.214, port: 4ea8b543-e5f9-45bc-b7f0-b5043540088c.
2026-05-11 02:05:10.118 10 WARNING neutron.scheduler.dhcp_agent_scheduler [None req-b95f3218-c094-4a10-8adb-52baaf239e28 7d1a4295292b42af8df0232550cad5fb 66f7b58cee20405394bbe80b55f1e032 - - - -] No more DHCP agents
2026-05-11 02:05:10.121 10 WARNING neutron.api.rpc.agentnotifiers.dhcp_rpc_agent_api [None req-b95f3218-c094-4a10-8adb-52baaf239e28 7d1a4295292b42af8df0232550cad5fb 66f7b58cee20405394bbe80b55f1e032 - - - -] Unable to schedule network 116aa6f2-6141-44d6-8d05-e3bf677d0a41: no agents available; will retry on subsequent port and subnet creation events.
2026-05-11 02:05:10.213 10 INFO neutron.db.ovn_revision_numbers_db [None req-b95f3218-c094-4a10-8adb-52baaf239e28 7d1a4295292b42af8df0232550cad5fb 66f7b58cee20405394bbe80b55f1e032 - - - -] Successfully bumped revision number for resource 8028eb78-a49f-4968-a137-735f77bfd86d (type: ports) to 1
2026-05-11 02:05:10.262 9 INFO neutron.wsgi [None req-56e87880-b26d-4f84-9a10-5140247f0543 68dfaded7f114828bc762a62846a3ccf 12ed02e8e0f5488ba3263ea8f3a37c50 - - - -] 10.0.0.187 "DELETE /v2.0/routers/c3256be8-bcab-4d64-92a5-5a921d9c8c66 HTTP/1.1" status: 204 len: 168 time: 1.2595885
2026-05-11 02:05:10.263 9 INFO neutron.db.ovn_revision_numbers_db [None req-e325098b-1b71-47b4-aeca-3880852103ea 328c7c84f1a945a69ef78f9bce6954ca ff82cae3bd69402d9356eaef6cf4695a - - - -] Successfully bumped revision number for resource 44f2fbcb-347b-46df-be77-4cb9498bd25d (type: floatingips) to 1
2026-05-11 02:05:10.271 10 WARNING neutron.scheduler.dhcp_agent_scheduler [None req-b95f3218-c094-4a10-8adb-52baaf239e28 7d1a4295292b42af8df0232550cad5fb 66f7b58cee20405394bbe80b55f1e032 - - - -] No more DHCP agents
2026-05-11 02:05:10.282 10 WARNING neutron.api.rpc.agentnotifiers.dhcp_rpc_agent_api [None req-b95f3218-c094-4a10-8adb-52baaf239e28 7d1a4295292b42af8df0232550cad5fb 66f7b58cee20405394bbe80b55f1e032 - - - -] Unable to schedule network 6fb1ea48-0b54-4d87-b068-d35293c5ae0f: no agents available; will retry on subsequent port and subnet creation events. /var/lib/openstack/lib/python3.10/site-packages/pycadf/identifier.py:71: UserWarning: Invalid uuid: neutron. To ensure interoperability, identifiers should be a valid uuid. warnings.warn(('Invalid uuid: %s. To ensure interoperability, '
2026-05-11 02:05:10.354 9 INFO neutron.db.ovn_revision_numbers_db [None req-e325098b-1b71-47b4-aeca-3880852103ea 328c7c84f1a945a69ef78f9bce6954ca ff82cae3bd69402d9356eaef6cf4695a - - - -] Successfully bumped revision number for resource 44f2fbcb-347b-46df-be77-4cb9498bd25d (type: floatingips) to 2
2026-05-11 02:05:10.378 9 INFO neutron.wsgi [None req-e325098b-1b71-47b4-aeca-3880852103ea 328c7c84f1a945a69ef78f9bce6954ca ff82cae3bd69402d9356eaef6cf4695a - - - -] 10.0.0.187 "PUT /v2.0/floatingips/44f2fbcb-347b-46df-be77-4cb9498bd25d HTTP/1.1" status: 200 len: 1049 time: 1.1053693
2026-05-11 02:05:10.394 10 INFO neutron.wsgi [None req-30ecbacb-d2ff-4407-a411-91c351a5484b 68dfaded7f114828bc762a62846a3ccf 12ed02e8e0f5488ba3263ea8f3a37c50 - - - -] 10.0.0.187 "PUT /v2.0/routers/bfe4a5a1-2531-40ac-b7fc-d0dc265f0285/remove_router_interface HTTP/1.1" status: 200 len: 503 time: 1.8127198 /var/lib/openstack/lib/python3.10/site-packages/pycadf/identifier.py:71: UserWarning: Invalid uuid: neutron. To ensure interoperability, identifiers should be a valid uuid. warnings.warn(('Invalid uuid: %s. To ensure interoperability, '
2026-05-11 02:05:10.429 9 INFO neutron.notifiers.nova [-] Nova event matching ['req-b6bca185-7520-4799-8d73-57d4e75d8d7d'] response: {'name': 'network-changed', 'server_uuid': '5192b7a7-ac75-4f39-8fa3-5839feddeb9d', 'tag': '4ea8b543-e5f9-45bc-b7f0-b5043540088c', 'status': 'completed', 'code': 200}
2026-05-11 02:05:10.436 10 INFO neutron.db.ovn_revision_numbers_db [None req-b95f3218-c094-4a10-8adb-52baaf239e28 7d1a4295292b42af8df0232550cad5fb 66f7b58cee20405394bbe80b55f1e032 - - - -] Successfully bumped revision number for resource d51fc1cb-784d-4600-8b2b-e9c2137ac5d6 (type: ports) to 1 /var/lib/openstack/lib/python3.10/site-packages/pycadf/identifier.py:71: UserWarning: Invalid uuid: neutron. To ensure interoperability, identifiers should be a valid uuid. warnings.warn(('Invalid uuid: %s. To ensure interoperability, '
2026-05-11 02:05:10.477 9 INFO neutron.wsgi [req-bd1bfba2-8d75-4926-b047-90e00e00fc80 req-f167962e-75d5-40b7-a049-d6cfa077ff6f 0d27b22d66f6447fb8900ae6e1468edd 79e045f3e1b94937a780f8721eb0a9f6 - - 3bcd83d7c92d4917a84366fa4c2389d7 3bcd83d7c92d4917a84366fa4c2389d7] 199.204.45.250 "GET /v2.0/ports?tenant_id=ff82cae3bd69402d9356eaef6cf4695a&device_id=5192b7a7-ac75-4f39-8fa3-5839feddeb9d HTTP/1.1" status: 200 len: 1361 time: 0.0277209
2026-05-11 02:05:10.502 10 INFO neutron.wsgi [None req-b95f3218-c094-4a10-8adb-52baaf239e28 7d1a4295292b42af8df0232550cad5fb 66f7b58cee20405394bbe80b55f1e032 - - - -] 10.0.0.187 "POST /v2.0/ports HTTP/1.1" status: 201 len: 1706 time: 1.0097563
2026-05-11 02:05:10.573 9 INFO neutron.wsgi [req-bd1bfba2-8d75-4926-b047-90e00e00fc80 req-d8004a64-a214-45c1-809b-60d0ee83cfc5 0d27b22d66f6447fb8900ae6e1468edd 79e045f3e1b94937a780f8721eb0a9f6 - - 3bcd83d7c92d4917a84366fa4c2389d7 3bcd83d7c92d4917a84366fa4c2389d7] 199.204.45.250 "GET /v2.0/networks?id=3c23f580-45d3-4934-bc74-d7fc67917465 HTTP/1.1" status: 200 len: 973 time: 0.0892498
2026-05-11 02:05:10.633 10 INFO neutron.wsgi [req-b2430721-0f4c-466b-9b3b-7ead86913e68 req-22dac925-8418-48d2-824d-be6d88b03ebe 328c7c84f1a945a69ef78f9bce6954ca ff82cae3bd69402d9356eaef6cf4695a - - default default] 10.0.0.181 "GET /v2.0/ports?device_id=5192b7a7-ac75-4f39-8fa3-5839feddeb9d HTTP/1.1" status: 200 len: 1170 time: 0.1765766
2026-05-11 02:05:10.639 9 INFO neutron.wsgi [req-bd1bfba2-8d75-4926-b047-90e00e00fc80 req-e976bd40-9655-4a65-a6f8-88461fd43984 0d27b22d66f6447fb8900ae6e1468edd 79e045f3e1b94937a780f8721eb0a9f6 - - 3bcd83d7c92d4917a84366fa4c2389d7 3bcd83d7c92d4917a84366fa4c2389d7] 199.204.45.250 "GET /v2.0/floatingips?fixed_ip_address=10.100.0.5&port_id=4ea8b543-e5f9-45bc-b7f0-b5043540088c HTTP/1.1" status: 200 len: 1059 time: 0.0604184
2026-05-11 02:05:10.675 9 INFO neutron.wsgi [req-bd1bfba2-8d75-4926-b047-90e00e00fc80 req-bf334620-8117-46bb-aab2-d8014b186c20 0d27b22d66f6447fb8900ae6e1468edd 79e045f3e1b94937a780f8721eb0a9f6 - - 3bcd83d7c92d4917a84366fa4c2389d7 3bcd83d7c92d4917a84366fa4c2389d7] 199.204.45.250 "GET /v2.0/subnets?id=8292db7f-1f89-4639-8f80-a66e503956e1 HTTP/1.1" status: 200 len: 868 time: 0.0312498
2026-05-11 02:05:10.698 9 INFO neutron.wsgi [req-bd1bfba2-8d75-4926-b047-90e00e00fc80 req-8f841067-e122-42b6-893f-8d8f5aee8280 0d27b22d66f6447fb8900ae6e1468edd 79e045f3e1b94937a780f8721eb0a9f6 - - 3bcd83d7c92d4917a84366fa4c2389d7 3bcd83d7c92d4917a84366fa4c2389d7] 199.204.45.250 "GET /v2.0/ports?network_id=3c23f580-45d3-4934-bc74-d7fc67917465&device_owner=network%3Adhcp HTTP/1.1" status: 200 len: 210 time: 0.0177341
2026-05-11 02:05:10.717 10 INFO neutron.wsgi [None req-a32c0f9c-2e20-448e-b8a4-9ff9f1de7f53 7d1a4295292b42af8df0232550cad5fb 66f7b58cee20405394bbe80b55f1e032 - - default default] 10.0.0.187 "GET /v2.0/ports HTTP/1.1" status: 200 len: 3213 time: 0.2084188
2026-05-11 02:05:10.721 10 INFO neutron.wsgi [req-b2430721-0f4c-466b-9b3b-7ead86913e68 req-29b13135-f8c4-49df-b5b0-d3397aa3c13e 328c7c84f1a945a69ef78f9bce6954ca ff82cae3bd69402d9356eaef6cf4695a - - default default] 10.0.0.181 "GET /v2.0/security-groups?id=a7d3b843-c3bf-43a8-a0ce-18eadc5314bb&fields=id&fields=name HTTP/1.1" status: 200 len: 313 time: 0.0734425
2026-05-11 02:05:10.730 10 INFO neutron.wsgi [None req-5174498c-2030-45ce-a42d-032001fe35ab 68dfaded7f114828bc762a62846a3ccf 12ed02e8e0f5488ba3263ea8f3a37c50 - - - -] 10.0.0.187 "DELETE /v2.0/subnets/4eb2611c-13b3-473a-a8a5-53bdabed3b5d HTTP/1.1" status: 204 len: 168 time: 0.4456840
2026-05-11 02:05:10.802 9 INFO neutron.wsgi [req-bd1bfba2-8d75-4926-b047-90e00e00fc80 req-5c85565f-f9ac-47b8-8fe2-36ebda980e19 0d27b22d66f6447fb8900ae6e1468edd 79e045f3e1b94937a780f8721eb0a9f6 - - 3bcd83d7c92d4917a84366fa4c2389d7 3bcd83d7c92d4917a84366fa4c2389d7] 199.204.45.250 "GET /v2.0/networks/3c23f580-45d3-4934-bc74-d7fc67917465?fields=segments HTTP/1.1" status: 200 len: 212 time: 0.0992291
2026-05-11 02:05:10.895 9 INFO neutron.wsgi [req-bd1bfba2-8d75-4926-b047-90e00e00fc80 req-3e2ab189-e7b5-47d1-a27e-17f0317da9e2 0d27b22d66f6447fb8900ae6e1468edd 79e045f3e1b94937a780f8721eb0a9f6 - - 3bcd83d7c92d4917a84366fa4c2389d7 3bcd83d7c92d4917a84366fa4c2389d7] 199.204.45.250 "GET /v2.0/networks/3c23f580-45d3-4934-bc74-d7fc67917465?fields=provider%3Aphysical_network&fields=provider%3Anetwork_type HTTP/1.1" status: 200 len: 277 time: 0.0817521
2026-05-11 02:05:11.112 9 INFO neutron.plugins.ml2.drivers.ovn.mech_driver.mech_driver [None req-ec5ae705-1539-416b-bc6e-d2d369a55702 - - - - - -] OVN reports status down for port: 4ea8b543-e5f9-45bc-b7f0-b5043540088c
2026-05-11 02:05:11.148 10 INFO neutron.wsgi [req-174913a6-ebb5-4937-8df4-363889f324a5 req-9eef3eef-994e-4f29-aefb-f27fee8a5069 328c7c84f1a945a69ef78f9bce6954ca ff82cae3bd69402d9356eaef6cf4695a - - default default] 10.0.0.181 "GET /v2.0/ports?device_id=5192b7a7-ac75-4f39-8fa3-5839feddeb9d HTTP/1.1" status: 200 len: 1170 time: 0.0469000
2026-05-11 02:05:11.238 10 INFO neutron.wsgi [req-174913a6-ebb5-4937-8df4-363889f324a5 req-4d20b796-0146-4742-a4ad-f763c1da2b0e 328c7c84f1a945a69ef78f9bce6954ca ff82cae3bd69402d9356eaef6cf4695a - - default default] 10.0.0.181 "GET /v2.0/security-groups?id=a7d3b843-c3bf-43a8-a0ce-18eadc5314bb&fields=id&fields=name HTTP/1.1" status: 200 len: 313 time: 0.0790119
