2026-05-11 02:12:18.910 9 INFO neutron.wsgi [req-7a48a548-e671-4b0e-a315-ae15ba0b883c req-1a6866c0-7feb-46b1-aba1-8a04d0720477 0d27b22d66f6447fb8900ae6e1468edd 79e045f3e1b94937a780f8721eb0a9f6 - - 3bcd83d7c92d4917a84366fa4c2389d7 3bcd83d7c92d4917a84366fa4c2389d7] 199.204.45.250 "GET /v2.0/networks/53a26192-51bb-4303-a180-426890a72b7c?fields=provider%3Aphysical_network&fields=provider%3Anetwork_type HTTP/1.1" status: 200 len: 277 time: 0.0614090
2026-05-11 02:12:19.096 9 INFO neutron.plugins.ml2.drivers.ovn.mech_driver.mech_driver [None req-ec5ae705-1539-416b-bc6e-d2d369a55702 - - - - - -] OVN reports status down for port: d59b83db-dba9-41c1-988b-73c1eaeae1bd
2026-05-11 02:12:19.139 9 INFO neutron.wsgi [req-a1bfe537-ed7c-44b2-b5ad-e1820e19af3d req-99983d9d-2c07-4fbb-a6c7-cecb9e21f5d6 0d27b22d66f6447fb8900ae6e1468edd 79e045f3e1b94937a780f8721eb0a9f6 - - 3bcd83d7c92d4917a84366fa4c2389d7 3bcd83d7c92d4917a84366fa4c2389d7] 199.204.45.250 "GET /v2.0/ports/d59b83db-dba9-41c1-988b-73c1eaeae1bd HTTP/1.1" status: 200 len: 1182 time: 0.0283289
2026-05-11 02:12:19.243 9 INFO neutron.notifiers.nova [-] Nova event matching ['req-f171399d-937c-4bea-8410-c7e1be96b8b5'] response: {'server_uuid': 'c1e35bd1-be27-4889-9bfb-422e94cde96a', 'name': 'network-vif-unplugged', 'status': 'completed', 'tag': 'd59b83db-dba9-41c1-988b-73c1eaeae1bd', 'code': 200}
2026-05-11 02:12:19.698 9 INFO neutron.db.ovn_revision_numbers_db [None req-ec5ae705-1539-416b-bc6e-d2d369a55702 - - - - - -] Successfully bumped revision number for resource d59b83db-dba9-41c1-988b-73c1eaeae1bd (type: ports) to 7
2026-05-11 02:12:19.744 9 INFO neutron.wsgi [None req-517cfe1e-5e93-4c8e-818e-f6d633c4f1ef 68dfaded7f114828bc762a62846a3ccf 12ed02e8e0f5488ba3263ea8f3a37c50 - - - -] 199.204.45.250 "DELETE /v2.0/ports/d59b83db-dba9-41c1-988b-73c1eaeae1bd HTTP/1.1" status: 204 len: 173 time: 0.6003118
2026-05-11 02:12:19.835 9 INFO neutron.wsgi [req-a1bfe537-ed7c-44b2-b5ad-e1820e19af3d req-19fb0d27-ecd9-4eb3-95a2-b3a6a6e87e36 0d27b22d66f6447fb8900ae6e1468edd 79e045f3e1b94937a780f8721eb0a9f6 - - 3bcd83d7c92d4917a84366fa4c2389d7 3bcd83d7c92d4917a84366fa4c2389d7] 199.204.45.250 "GET /v2.0/ports?tenant_id=12ed02e8e0f5488ba3263ea8f3a37c50&device_id=c1e35bd1-be27-4889-9bfb-422e94cde96a HTTP/1.1" status: 200 len: 2628 time: 0.0378983
2026-05-11 02:12:19.853 10 INFO neutron.wsgi [None req-176d2177-9a8d-4a87-89d9-834456169169 68dfaded7f114828bc762a62846a3ccf 12ed02e8e0f5488ba3263ea8f3a37c50 - - default default] 199.204.45.250 "GET /v2.0/ports?device_id=c1e35bd1-be27-4889-9bfb-422e94cde96a HTTP/1.1" status: 200 len: 2628 time: 0.0347307
2026-05-11 02:12:19.876 10 INFO neutron.pecan_wsgi.hooks.translation [None req-8e561491-fdd0-4058-b813-18d152587f6b 68dfaded7f114828bc762a62846a3ccf 12ed02e8e0f5488ba3263ea8f3a37c50 - - - -] DELETE failed (client error): The resource could not be found.
2026-05-11 02:12:19.879 10 INFO neutron.wsgi [None req-8e561491-fdd0-4058-b813-18d152587f6b 68dfaded7f114828bc762a62846a3ccf 12ed02e8e0f5488ba3263ea8f3a37c50 - - - -] 199.204.45.250 "DELETE /v2.0/ports/d59b83db-dba9-41c1-988b-73c1eaeae1bd HTTP/1.1" status: 404 len: 338 time: 0.0212722
2026-05-11 02:12:19.910 9 INFO neutron.wsgi [req-a1bfe537-ed7c-44b2-b5ad-e1820e19af3d req-9696bcdd-6874-463a-80f7-e2d8901a4ffc 0d27b22d66f6447fb8900ae6e1468edd 79e045f3e1b94937a780f8721eb0a9f6 - - 3bcd83d7c92d4917a84366fa4c2389d7 3bcd83d7c92d4917a84366fa4c2389d7] 199.204.45.250 "GET /v2.0/networks?id=e397e64e-5806-4e8b-a32f-d7574fea7f8a&id=d256699f-1a25-449c-8f12-fa0b2eda7adf&id=53a26192-51bb-4303-a180-426890a72b7c HTTP/1.1" status: 200 len: 2519 time: 0.0684614
2026-05-11 02:12:19.944 9 INFO neutron.wsgi [req-a1bfe537-ed7c-44b2-b5ad-e1820e19af3d req-085eab06-7199-4ad6-a672-b33a3531431b 0d27b22d66f6447fb8900ae6e1468edd 79e045f3e1b94937a780f8721eb0a9f6 - - 3bcd83d7c92d4917a84366fa4c2389d7 3bcd83d7c92d4917a84366fa4c2389d7] 199.204.45.250 "GET /v2.0/floatingips?fixed_ip_address=172.24.0.43&port_id=e7ee4722-4a3e-4595-a4ce-de9c677c7b45 HTTP/1.1" status: 200 len: 217 time: 0.0261409
2026-05-11 02:12:19.963 10 INFO neutron.wsgi [None req-73c47023-54f9-4ab5-bfb6-c4b4b6a64e09 68dfaded7f114828bc762a62846a3ccf 12ed02e8e0f5488ba3263ea8f3a37c50 - - default default] 199.204.45.250 "GET /v2.0/extensions/security-group HTTP/1.1" status: 200 len: 369 time: 0.0083606
2026-05-11 02:12:19.971 10 INFO neutron.wsgi [None req-9ca772f2-f44f-487b-94bc-dc12655822ff 68dfaded7f114828bc762a62846a3ccf 12ed02e8e0f5488ba3263ea8f3a37c50 - - default default] 199.204.45.250 "GET /v2.0/extensions/dns-integration HTTP/1.1" status: 200 len: 371 time: 0.0033915
2026-05-11 02:12:19.978 10 INFO neutron.wsgi [None req-64c717bf-63a4-4962-ab12-aefa474db71d 68dfaded7f114828bc762a62846a3ccf 12ed02e8e0f5488ba3263ea8f3a37c50 - - default default] 199.204.45.250 "GET /v2.0/extensions/qos HTTP/1.1" status: 200 len: 365 time: 0.0039945
2026-05-11 02:12:19.984 9 INFO neutron.wsgi [req-a1bfe537-ed7c-44b2-b5ad-e1820e19af3d req-462792f1-0e21-47f6-9371-db27f41cc11e 0d27b22d66f6447fb8900ae6e1468edd 79e045f3e1b94937a780f8721eb0a9f6 - - 3bcd83d7c92d4917a84366fa4c2389d7 3bcd83d7c92d4917a84366fa4c2389d7] 199.204.45.250 "GET /v2.0/subnets?id=a09e0b52-a3aa-47e7-8136-d6dfa577a629 HTTP/1.1" status: 200 len: 829 time: 0.0361252
2026-05-11 02:12:19.987 10 INFO neutron.wsgi [None req-d320f4f4-2f3f-45eb-befe-f6623d699131 68dfaded7f114828bc762a62846a3ccf 12ed02e8e0f5488ba3263ea8f3a37c50 - - default default] 199.204.45.250 "GET /v2.0/extensions/allowed-address-pairs HTTP/1.1" status: 200 len: 383 time: 0.0043294
2026-05-11 02:12:20.013 9 INFO neutron.wsgi [req-a1bfe537-ed7c-44b2-b5ad-e1820e19af3d req-c4f1fe3f-e45c-4938-b8be-3889d8a8acc8 0d27b22d66f6447fb8900ae6e1468edd 79e045f3e1b94937a780f8721eb0a9f6 - - 3bcd83d7c92d4917a84366fa4c2389d7 3bcd83d7c92d4917a84366fa4c2389d7] 199.204.45.250 "GET /v2.0/ports?network_id=e397e64e-5806-4e8b-a32f-d7574fea7f8a&device_owner=network%3Adhcp HTTP/1.1" status: 200 len: 210 time: 0.0228806
2026-05-11 02:12:20.021 10 INFO neutron.wsgi [None req-2c218e54-c4ce-4b01-b196-b5e7210aaa01 68dfaded7f114828bc762a62846a3ccf 12ed02e8e0f5488ba3263ea8f3a37c50 - - default default] 199.204.45.250 "GET /v2.0/subnets/d5ba6a9a-229a-43bd-8605-661df5c9f8ed HTTP/1.1" status: 200 len: 850 time: 0.0294671
2026-05-11 02:12:20.052 10 INFO neutron.wsgi [None req-2573abab-f91a-4d04-b21e-6d3f99ed435c 68dfaded7f114828bc762a62846a3ccf 12ed02e8e0f5488ba3263ea8f3a37c50 - - default default] 199.204.45.250 "GET /v2.0/ports/b222f4f3-ecad-4f52-950f-882c17ef9761 HTTP/1.1" status: 200 len: 1340 time: 0.0241380
2026-05-11 02:12:20.078 9 INFO neutron.wsgi [req-a1bfe537-ed7c-44b2-b5ad-e1820e19af3d req-a754d54b-6353-4f94-ac89-1cd8b8c60355 0d27b22d66f6447fb8900ae6e1468edd 79e045f3e1b94937a780f8721eb0a9f6 - - 3bcd83d7c92d4917a84366fa4c2389d7 3bcd83d7c92d4917a84366fa4c2389d7] 199.204.45.250 "GET /v2.0/networks/e397e64e-5806-4e8b-a32f-d7574fea7f8a?fields=segments HTTP/1.1" status: 200 len: 212 time: 0.0575976
2026-05-11 02:12:20.085 10 INFO neutron.wsgi [None req-092513d6-b04b-43fb-b60d-6a3fca3ed378 68dfaded7f114828bc762a62846a3ccf 12ed02e8e0f5488ba3263ea8f3a37c50 - - default default] 199.204.45.250 "GET /v2.0/ports/045e4f11-1a69-4b99-9d3f-b93c3530c2b6 HTTP/1.1" status: 200 len: 1471 time: 0.0259824
2026-05-11 02:12:20.124 10 INFO neutron.wsgi [None req-5ae98542-dd09-4f67-b08d-2d82e1cf2f5c 68dfaded7f114828bc762a62846a3ccf 12ed02e8e0f5488ba3263ea8f3a37c50 - - default default] 199.204.45.250 "GET /v2.0/subnets/d5ba6a9a-229a-43bd-8605-661df5c9f8ed HTTP/1.1" status: 200 len: 850 time: 0.0336471
2026-05-11 02:12:20.138 9 INFO neutron.wsgi [req-a1bfe537-ed7c-44b2-b5ad-e1820e19af3d req-351d7238-08b7-43ba-952b-1f749d829d90 0d27b22d66f6447fb8900ae6e1468edd 79e045f3e1b94937a780f8721eb0a9f6 - - 3bcd83d7c92d4917a84366fa4c2389d7 3bcd83d7c92d4917a84366fa4c2389d7] 199.204.45.250 "GET /v2.0/networks/e397e64e-5806-4e8b-a32f-d7574fea7f8a?fields=provider%3Aphysical_network&fields=provider%3Anetwork_type HTTP/1.1" status: 200 len: 277 time: 0.0552845
2026-05-11 02:12:20.177 9 INFO neutron.wsgi [req-a1bfe537-ed7c-44b2-b5ad-e1820e19af3d req-16abdbcd-f21b-432a-bf5b-0dcdf591cf08 0d27b22d66f6447fb8900ae6e1468edd 79e045f3e1b94937a780f8721eb0a9f6 - - 3bcd83d7c92d4917a84366fa4c2389d7 3bcd83d7c92d4917a84366fa4c2389d7] 199.204.45.250 "GET /v2.0/floatingips?fixed_ip_address=10.1.1.194&port_id=045e4f11-1a69-4b99-9d3f-b93c3530c2b6 HTTP/1.1" status: 200 len: 217 time: 0.0317435
2026-05-11 02:12:20.202 10 INFO neutron.wsgi [None req-fd872337-584a-41f8-80f6-035720c76ac7 68dfaded7f114828bc762a62846a3ccf 12ed02e8e0f5488ba3263ea8f3a37c50 - - default default] 199.204.45.250 "GET /v2.0/networks/d256699f-1a25-449c-8f12-fa0b2eda7adf HTTP/1.1" status: 200 len: 1002 time: 0.0707529
2026-05-11 02:12:20.216 9 INFO neutron.wsgi [req-a1bfe537-ed7c-44b2-b5ad-e1820e19af3d req-71b367da-f002-4486-9b40-d72887a66984 0d27b22d66f6447fb8900ae6e1468edd 79e045f3e1b94937a780f8721eb0a9f6 - - 3bcd83d7c92d4917a84366fa4c2389d7 3bcd83d7c92d4917a84366fa4c2389d7] 199.204.45.250 "GET /v2.0/subnets?id=d5ba6a9a-229a-43bd-8605-661df5c9f8ed HTTP/1.1" status: 200 len: 853 time: 0.0335803
2026-05-11 02:12:20.245 9 INFO neutron.wsgi [req-a1bfe537-ed7c-44b2-b5ad-e1820e19af3d req-7952291f-bd0d-4bd9-ba48-f6d2bf02e882 0d27b22d66f6447fb8900ae6e1468edd 79e045f3e1b94937a780f8721eb0a9f6 - - 3bcd83d7c92d4917a84366fa4c2389d7 3bcd83d7c92d4917a84366fa4c2389d7] 199.204.45.250 "GET /v2.0/ports?network_id=d256699f-1a25-449c-8f12-fa0b2eda7adf&device_owner=network%3Adhcp HTTP/1.1" status: 200 len: 210 time: 0.0218887
2026-05-11 02:12:20.314 9 INFO neutron.wsgi [req-a1bfe537-ed7c-44b2-b5ad-e1820e19af3d req-7baa592b-dc5c-4f87-b3d3-afec13b01c88 0d27b22d66f6447fb8900ae6e1468edd 79e045f3e1b94937a780f8721eb0a9f6 - - 3bcd83d7c92d4917a84366fa4c2389d7 3bcd83d7c92d4917a84366fa4c2389d7] 199.204.45.250 "GET /v2.0/networks/d256699f-1a25-449c-8f12-fa0b2eda7adf?fields=segments HTTP/1.1" status: 200 len: 212 time: 0.0622172
2026-05-11 02:12:20.389 9 INFO neutron.wsgi [req-a1bfe537-ed7c-44b2-b5ad-e1820e19af3d req-941a3f22-8963-417d-b99f-90a87ccab50e 0d27b22d66f6447fb8900ae6e1468edd 79e045f3e1b94937a780f8721eb0a9f6 - - 3bcd83d7c92d4917a84366fa4c2389d7 3bcd83d7c92d4917a84366fa4c2389d7] 199.204.45.250 "GET /v2.0/networks/d256699f-1a25-449c-8f12-fa0b2eda7adf?fields=provider%3Aphysical_network&fields=provider%3Anetwork_type HTTP/1.1" status: 200 len: 277 time: 0.0673945
2026-05-11 02:12:20.701 10 INFO neutron.wsgi [None req-89787a4f-c7e7-4cf1-a71a-5986da071d29 68dfaded7f114828bc762a62846a3ccf 12ed02e8e0f5488ba3263ea8f3a37c50 - - default default] 199.204.45.250 "GET /v2.0/ports/b222f4f3-ecad-4f52-950f-882c17ef9761 HTTP/1.1" status: 200 len: 1340 time: 0.4896522
2026-05-11 02:12:20.740 10 INFO neutron.wsgi [None req-465ff582-c857-4af3-bd11-3b82ed9ca3b0 68dfaded7f114828bc762a62846a3ccf 12ed02e8e0f5488ba3263ea8f3a37c50 - - default default] 199.204.45.250 "GET /v2.0/subnets/d5ba6a9a-229a-43bd-8605-661df5c9f8ed HTTP/1.1" status: 200 len: 850 time: 0.0331366
2026-05-11 02:12:21.286 9 INFO neutron.notifiers.nova [-] Nova event matching ['req-bf276a74-3f00-4fae-b2cd-25c055e94b6c'] response: {'server_uuid': 'c1e35bd1-be27-4889-9bfb-422e94cde96a', 'name': 'network-vif-plugged', 'status': 'completed', 'tag': 'd59b83db-dba9-41c1-988b-73c1eaeae1bd', 'code': 200}
2026-05-11 02:12:21.287 9 INFO neutron.notifiers.nova [-] Nova event matching ['req-bf276a74-3f00-4fae-b2cd-25c055e94b6c'] response: {'server_uuid': 'c1e35bd1-be27-4889-9bfb-422e94cde96a', 'name': 'network-vif-deleted', 'tag': 'd59b83db-dba9-41c1-988b-73c1eaeae1bd', 'status': 'completed', 'code': 200}
2026-05-11 02:12:26.441 9 INFO neutron.wsgi [-] 10.0.0.175 "GET / HTTP/1.1" status: 200 len: 246 time: 0.0025496
2026-05-11 02:12:26.442 10 INFO neutron.wsgi [-] 10.0.0.175 "GET / HTTP/1.1" status: 200 len: 246 time: 0.0025868
2026-05-11 02:12:29.090 10 INFO neutron.wsgi [None req-8b28b1be-71f4-4318-8b09-7086754ee95f 68dfaded7f114828bc762a62846a3ccf 12ed02e8e0f5488ba3263ea8f3a37c50 - - default default] 199.204.45.250 "GET /v2.0/extensions/security-group HTTP/1.1" status: 200 len: 369 time: 0.0050175
2026-05-11 02:12:29.098 10 INFO neutron.wsgi [None req-7b3d9fb3-8d9a-4f6d-b2ab-e3aa0172760e 68dfaded7f114828bc762a62846a3ccf 12ed02e8e0f5488ba3263ea8f3a37c50 - - default default] 199.204.45.250 "GET /v2.0/extensions/dns-integration HTTP/1.1" status: 200 len: 371 time: 0.0046518
2026-05-11 02:12:29.110 10 INFO neutron.wsgi [None req-cfaa13b4-fe99-4687-b965-90589b61a352 68dfaded7f114828bc762a62846a3ccf 12ed02e8e0f5488ba3263ea8f3a37c50 - - default default] 199.204.45.250 "GET /v2.0/extensions/qos HTTP/1.1" status: 200 len: 365 time: 0.0064311
2026-05-11 02:12:29.121 10 INFO neutron.wsgi [None req-1f9be604-5ba6-4779-af36-25513c66c15a 68dfaded7f114828bc762a62846a3ccf 12ed02e8e0f5488ba3263ea8f3a37c50 - - default default] 199.204.45.250 "GET /v2.0/extensions/allowed-address-pairs HTTP/1.1" status: 200 len: 383 time: 0.0053859
2026-05-11 02:12:29.160 10 INFO neutron.wsgi [None req-cdcb07d6-e484-4b75-9b96-3cd5ff4adc6d 68dfaded7f114828bc762a62846a3ccf 12ed02e8e0f5488ba3263ea8f3a37c50 - - default default] 199.204.45.250 "GET /v2.0/security-groups?name=lb-214c1f63-9c54-4ea0-8801-d5ea1ab83c2a HTTP/1.1" status: 200 len: 2941 time: 0.0310581
2026-05-11 02:12:29.189 10 INFO neutron.wsgi [None req-d9e73cce-811b-423e-bc95-d48465ce8400 68dfaded7f114828bc762a62846a3ccf 12ed02e8e0f5488ba3263ea8f3a37c50 - - default default] 199.204.45.250 "GET /v2.0/security-group-rules?security_group_id=c4e1d243-d165-4cc0-a2c2-137ad3732042 HTTP/1.1" status: 200 len: 2406 time: 0.0235209
2026-05-11 02:12:29.347 10 INFO neutron.wsgi [None req-e92e8a0f-f2de-4f97-ad92-f01cf7659cbd 68dfaded7f114828bc762a62846a3ccf 12ed02e8e0f5488ba3263ea8f3a37c50 - - - -] 199.204.45.250 "DELETE /v2.0/security-group-rules/50a24d67-c591-4314-8880-bf898592b0a5 HTTP/1.1" status: 204 len: 173 time: 0.1498582
2026-05-11 02:12:29.459 10 INFO neutron.wsgi [None req-b4b55e07-20ec-47ad-a4ac-0ab6f958c1d0 68dfaded7f114828bc762a62846a3ccf 12ed02e8e0f5488ba3263ea8f3a37c50 - - - -] 199.204.45.250 "DELETE /v2.0/security-group-rules/fc792006-4aed-4d0b-b078-27bfcb4c37b6 HTTP/1.1" status: 204 len: 173 time: 0.1014392
2026-05-11 02:12:33.906 9 INFO neutron.db.l3_db [None req-0cf5122f-d263-4559-9827-e40536fec883 966098e66b904b0e9ccbcb6e9efd2105 45d544b0b3204bbd8dff83cba9725aac - - - -] Floating IP a280a1d5-b5a3-4774-908c-51f61ea1cfba disassociated (deleted). External IP: 10.96.250.205, port: b222f4f3-ecad-4f52-950f-882c17ef9761.
2026-05-11 02:12:33.968 9 INFO neutron.wsgi [None req-0cf5122f-d263-4559-9827-e40536fec883 966098e66b904b0e9ccbcb6e9efd2105 45d544b0b3204bbd8dff83cba9725aac - - - -] 10.0.0.187 "DELETE /v2.0/floatingips/a280a1d5-b5a3-4774-908c-51f61ea1cfba HTTP/1.1" status: 204 len: 168 time: 0.4482291 /var/lib/openstack/lib/python3.10/site-packages/pycadf/identifier.py:71: UserWarning: Invalid uuid: neutron. To ensure interoperability, identifiers should be a valid uuid. warnings.warn(('Invalid uuid: %s. To ensure interoperability, '
2026-05-11 02:12:34.023 10 INFO neutron.api.v2.resource [None req-fa5747b6-defc-43a5-8d98-fddae769bf05 966098e66b904b0e9ccbcb6e9efd2105 45d544b0b3204bbd8dff83cba9725aac - - default default] show failed (client error): The resource could not be found.
2026-05-11 02:12:34.025 10 INFO neutron.wsgi [None req-fa5747b6-defc-43a5-8d98-fddae769bf05 966098e66b904b0e9ccbcb6e9efd2105 45d544b0b3204bbd8dff83cba9725aac - - default default] 10.0.0.187 "GET /v2.0/floatingips/a280a1d5-b5a3-4774-908c-51f61ea1cfba HTTP/1.1" status: 404 len: 345 time: 0.0504344
2026-05-11 02:12:34.304 9 INFO neutron.wsgi [None req-bcb6434c-0505-44ce-bc80-bb47c20fda86 68dfaded7f114828bc762a62846a3ccf 12ed02e8e0f5488ba3263ea8f3a37c50 - - default default] 199.204.45.250 "GET /v2.0/extensions/security-group HTTP/1.1" status: 200 len: 369 time: 0.0089431
2026-05-11 02:12:34.310 9 INFO neutron.wsgi [None req-c969b0b0-1a5b-4ae4-81c6-0937976e48e4 68dfaded7f114828bc762a62846a3ccf 12ed02e8e0f5488ba3263ea8f3a37c50 - - default default] 199.204.45.250 "GET /v2.0/extensions/dns-integration HTTP/1.1" status: 200 len: 371 time: 0.0031810
2026-05-11 02:12:34.316 9 INFO neutron.wsgi [None req-e8783c40-3d91-4167-8287-ec563cf7c2a4 68dfaded7f114828bc762a62846a3ccf 12ed02e8e0f5488ba3263ea8f3a37c50 - - default default] 199.204.45.250 "GET /v2.0/extensions/qos HTTP/1.1" status: 200 len: 365 time: 0.0037372
2026-05-11 02:12:34.324 9 INFO neutron.wsgi [None req-944e3cc7-6e22-4c2d-9f0d-cc9a9e2c3402 68dfaded7f114828bc762a62846a3ccf 12ed02e8e0f5488ba3263ea8f3a37c50 - - default default] 199.204.45.250 "GET /v2.0/extensions/allowed-address-pairs HTTP/1.1" status: 200 len: 383 time: 0.0046990
2026-05-11 02:12:34.359 9 INFO neutron.wsgi [None req-3ed5f8b1-0fac-4be5-8179-45e0e909f372 68dfaded7f114828bc762a62846a3ccf 12ed02e8e0f5488ba3263ea8f3a37c50 - - default default] 199.204.45.250 "GET /v2.0/subnets/d5ba6a9a-229a-43bd-8605-661df5c9f8ed HTTP/1.1" status: 200 len: 850 time: 0.0308359
2026-05-11 02:12:34.392 9 INFO neutron.wsgi [None req-c4938432-682d-45e0-8089-8c7b44094769 68dfaded7f114828bc762a62846a3ccf 12ed02e8e0f5488ba3263ea8f3a37c50 - - default default] 199.204.45.250 "GET /v2.0/ports?device_id=c1e35bd1-be27-4889-9bfb-422e94cde96a HTTP/1.1" status: 200 len: 2628 time: 0.0286412
2026-05-11 02:12:34.429 9 INFO neutron.wsgi [None req-9e01950d-1623-40e6-8538-de89c67398de 68dfaded7f114828bc762a62846a3ccf 12ed02e8e0f5488ba3263ea8f3a37c50 - - default default] 199.204.45.250 "GET /v2.0/ports?device_id=c1e35bd1-be27-4889-9bfb-422e94cde96a HTTP/1.1" status: 200 len: 2628 time: 0.0300913
2026-05-11 02:12:34.532 9 INFO neutron.wsgi [None req-f91a36d9-2dcc-46b2-9c10-450df5c32577 68dfaded7f114828bc762a62846a3ccf 12ed02e8e0f5488ba3263ea8f3a37c50 - - default default] 199.204.45.250 "GET /v2.0/ports?device_id=c1e35bd1-be27-4889-9bfb-422e94cde96a HTTP/1.1" status: 200 len: 2628 time: 0.0360587
2026-05-11 02:12:34.803 9 INFO neutron.plugins.ml2.drivers.ovn.mech_driver.mech_driver [None req-ec5ae705-1539-416b-bc6e-d2d369a55702 - - - - - -] OVN reports status down for port: b222f4f3-ecad-4f52-950f-882c17ef9761
2026-05-11 02:12:34.874 9 INFO neutron.wsgi [req-440abccb-db38-48f4-8ae9-6887de7473e7 req-69df25d8-9278-484f-8b9b-aedda8e96b22 0d27b22d66f6447fb8900ae6e1468edd 79e045f3e1b94937a780f8721eb0a9f6 - - 3bcd83d7c92d4917a84366fa4c2389d7 3bcd83d7c92d4917a84366fa4c2389d7] 199.204.45.250 "GET /v2.0/ports/045e4f11-1a69-4b99-9d3f-b93c3530c2b6 HTTP/1.1" status: 200 len: 1471 time: 0.0391505
2026-05-11 02:12:34.913 9 INFO neutron.wsgi [req-440abccb-db38-48f4-8ae9-6887de7473e7 req-080b8be7-1cd1-4823-8f14-b4638872ef07 68dfaded7f114828bc762a62846a3ccf 12ed02e8e0f5488ba3263ea8f3a37c50 - - default default] 199.204.45.250 "GET /v2.0/ports/045e4f11-1a69-4b99-9d3f-b93c3530c2b6?fields=binding%3Aprofile&fields=network_id HTTP/1.1" status: 200 len: 281 time: 0.0343404
2026-05-11 02:12:34.935 9 INFO neutron.plugins.ml2.drivers.ovn.mech_driver.mech_driver [None req-ec5ae705-1539-416b-bc6e-d2d369a55702 - - - - - -] OVN reports status down for port: 045e4f11-1a69-4b99-9d3f-b93c3530c2b6
2026-05-11 02:12:35.012 9 INFO neutron.wsgi [req-440abccb-db38-48f4-8ae9-6887de7473e7 req-64153a24-10c4-4dc4-b521-391cb7049822 68dfaded7f114828bc762a62846a3ccf 12ed02e8e0f5488ba3263ea8f3a37c50 - - default default] 199.204.45.250 "GET /v2.0/networks/d256699f-1a25-449c-8f12-fa0b2eda7adf?fields=dns_domain HTTP/1.1" status: 200 len: 227 time: 0.0933867
2026-05-11 02:12:35.120 9 INFO neutron.notifiers.nova [-] Nova event matching ['req-27e413cf-9172-4b7a-aaf2-198a4317396f'] response: {'server_uuid': 'c1e35bd1-be27-4889-9bfb-422e94cde96a', 'name': 'network-vif-unplugged', 'status': 'completed', 'tag': '045e4f11-1a69-4b99-9d3f-b93c3530c2b6', 'code': 200}
2026-05-11 02:12:35.308 9 INFO neutron.db.ovn_revision_numbers_db [None req-ec5ae705-1539-416b-bc6e-d2d369a55702 - - - - - -] Successfully bumped revision number for resource 045e4f11-1a69-4b99-9d3f-b93c3530c2b6 (type: ports) to 7
2026-05-11 02:12:35.428 9 INFO neutron.db.ovn_revision_numbers_db [None req-6b886f2d-8059-4685-b559-7305a64696cb 0d27b22d66f6447fb8900ae6e1468edd 79e045f3e1b94937a780f8721eb0a9f6 - - - -] Successfully bumped revision number for resource 045e4f11-1a69-4b99-9d3f-b93c3530c2b6 (type: ports) to 8
2026-05-11 02:12:35.441 9 INFO neutron.wsgi [None req-6b886f2d-8059-4685-b559-7305a64696cb 0d27b22d66f6447fb8900ae6e1468edd 79e045f3e1b94937a780f8721eb0a9f6 - - - -] 199.204.45.250 "PUT /v2.0/ports/045e4f11-1a69-4b99-9d3f-b93c3530c2b6 HTTP/1.1" status: 200 len: 1351 time: 0.4212730 /var/lib/openstack/lib/python3.10/site-packages/pycadf/identifier.py:71: UserWarning: Invalid uuid: neutron. To ensure interoperability, identifiers should be a valid uuid. warnings.warn(('Invalid uuid: %s. To ensure interoperability, '
2026-05-11 02:12:35.526 9 INFO neutron.wsgi [req-440abccb-db38-48f4-8ae9-6887de7473e7 req-aec85679-ee47-47dd-985e-a690fa388117 0d27b22d66f6447fb8900ae6e1468edd 79e045f3e1b94937a780f8721eb0a9f6 - - 3bcd83d7c92d4917a84366fa4c2389d7 3bcd83d7c92d4917a84366fa4c2389d7] 199.204.45.250 "GET /v2.0/ports?tenant_id=12ed02e8e0f5488ba3263ea8f3a37c50&device_id=c1e35bd1-be27-4889-9bfb-422e94cde96a HTTP/1.1" status: 200 len: 1365 time: 0.0340085
2026-05-11 02:12:35.591 9 INFO neutron.wsgi [None req-cc67245c-5fe5-47c9-aec0-af10cd13b578 68dfaded7f114828bc762a62846a3ccf 12ed02e8e0f5488ba3263ea8f3a37c50 - - default default] 199.204.45.250 "GET /v2.0/ports?device_id=c1e35bd1-be27-4889-9bfb-422e94cde96a HTTP/1.1" status: 200 len: 1365 time: 0.0471022
2026-05-11 02:12:35.624 9 INFO neutron.wsgi [req-440abccb-db38-48f4-8ae9-6887de7473e7 req-a925f039-7d2a-45c8-a10e-d97494b1911a 0d27b22d66f6447fb8900ae6e1468edd 79e045f3e1b94937a780f8721eb0a9f6 - - 3bcd83d7c92d4917a84366fa4c2389d7 3bcd83d7c92d4917a84366fa4c2389d7] 199.204.45.250 "GET /v2.0/networks?id=e397e64e-5806-4e8b-a32f-d7574fea7f8a&id=d256699f-1a25-449c-8f12-fa0b2eda7adf HTTP/1.1" status: 200 len: 1730 time: 0.0912247
2026-05-11 02:12:35.674 9 INFO neutron.wsgi [req-440abccb-db38-48f4-8ae9-6887de7473e7 req-06efc990-8b85-4c2e-85fe-fbda15c22197 0d27b22d66f6447fb8900ae6e1468edd 79e045f3e1b94937a780f8721eb0a9f6 - - 3bcd83d7c92d4917a84366fa4c2389d7 3bcd83d7c92d4917a84366fa4c2389d7] 199.204.45.250 "GET /v2.0/floatingips?fixed_ip_address=172.24.0.43&port_id=e7ee4722-4a3e-4595-a4ce-de9c677c7b45 HTTP/1.1" status: 200 len: 217 time: 0.0414228
2026-05-11 02:12:35.735 9 INFO neutron.wsgi [req-440abccb-db38-48f4-8ae9-6887de7473e7 req-847750a6-8f21-43f0-ba09-b5a13c59962a 0d27b22d66f6447fb8900ae6e1468edd 79e045f3e1b94937a780f8721eb0a9f6 - - 3bcd83d7c92d4917a84366fa4c2389d7 3bcd83d7c92d4917a84366fa4c2389d7] 199.204.45.250 "GET /v2.0/subnets?id=a09e0b52-a3aa-47e7-8136-d6dfa577a629 HTTP/1.1" status: 200 len: 829 time: 0.0415571
2026-05-11 02:12:35.774 9 INFO neutron.wsgi [req-440abccb-db38-48f4-8ae9-6887de7473e7 req-7cacb202-bd93-4ad1-befc-d69e29a6de0c 0d27b22d66f6447fb8900ae6e1468edd 79e045f3e1b94937a780f8721eb0a9f6 - - 3bcd83d7c92d4917a84366fa4c2389d7 3bcd83d7c92d4917a84366fa4c2389d7] 199.204.45.250 "GET /v2.0/ports?network_id=e397e64e-5806-4e8b-a32f-d7574fea7f8a&device_owner=network%3Adhcp HTTP/1.1" status: 200 len: 210 time: 0.0307646
2026-05-11 02:12:35.860 9 INFO neutron.wsgi [req-440abccb-db38-48f4-8ae9-6887de7473e7 req-22c4550f-35b0-4ee6-a612-ff9883fc1890 0d27b22d66f6447fb8900ae6e1468edd 79e045f3e1b94937a780f8721eb0a9f6 - - 3bcd83d7c92d4917a84366fa4c2389d7 3bcd83d7c92d4917a84366fa4c2389d7] 199.204.45.250 "GET /v2.0/networks/e397e64e-5806-4e8b-a32f-d7574fea7f8a?fields=segments HTTP/1.1" status: 200 len: 212 time: 0.0800564 /var/lib/openstack/lib/python3.10/site-packages/pycadf/identifier.py:71: UserWarning: Invalid uuid: neutron. To ensure interoperability, identifiers should be a valid uuid. warnings.warn(('Invalid uuid: %s. To ensure interoperability, '
2026-05-11 02:12:35.995 9 INFO neutron.wsgi [req-440abccb-db38-48f4-8ae9-6887de7473e7 req-127d733b-fe57-46ff-8c49-7f1fed604bbf 0d27b22d66f6447fb8900ae6e1468edd 79e045f3e1b94937a780f8721eb0a9f6 - - 3bcd83d7c92d4917a84366fa4c2389d7 3bcd83d7c92d4917a84366fa4c2389d7] 199.204.45.250 "GET /v2.0/networks/e397e64e-5806-4e8b-a32f-d7574fea7f8a?fields=provider%3Aphysical_network&fields=provider%3Anetwork_type HTTP/1.1" status: 200 len: 277 time: 0.1142323
2026-05-11 02:12:36.115 9 INFO neutron.db.ovn_revision_numbers_db [None req-cc5e183d-7c76-4878-a819-8a7499cf2e88 68dfaded7f114828bc762a62846a3ccf 12ed02e8e0f5488ba3263ea8f3a37c50 - - - -] Successfully bumped revision number for resource 045e4f11-1a69-4b99-9d3f-b93c3530c2b6 (type: ports) to 9
2026-05-11 02:12:36.144 9 INFO neutron.wsgi [None req-cc5e183d-7c76-4878-a819-8a7499cf2e88 68dfaded7f114828bc762a62846a3ccf 12ed02e8e0f5488ba3263ea8f3a37c50 - - - -] 199.204.45.250 "PUT /v2.0/ports/045e4f11-1a69-4b99-9d3f-b93c3530c2b6 HTTP/1.1" status: 200 len: 1290 time: 0.5451345
2026-05-11 02:12:36.189 9 INFO neutron.wsgi [None req-13af901e-5fee-4513-b5f6-6b16d8536b50 68dfaded7f114828bc762a62846a3ccf 12ed02e8e0f5488ba3263ea8f3a37c50 - - default default] 199.204.45.250 "GET /v2.0/ports/045e4f11-1a69-4b99-9d3f-b93c3530c2b6 HTTP/1.1" status: 200 len: 1290 time: 0.0303004
2026-05-11 02:12:36.520 9 INFO neutron.wsgi [None req-a7fe9b1a-dd11-4c0d-9c21-bd15f401ffac 68dfaded7f114828bc762a62846a3ccf 12ed02e8e0f5488ba3263ea8f3a37c50 - - - -] 199.204.45.250 "DELETE /v2.0/ports/045e4f11-1a69-4b99-9d3f-b93c3530c2b6 HTTP/1.1" status: 204 len: 173 time: 0.3247249
2026-05-11 02:12:36.563 9 INFO neutron.wsgi [None req-9fde818d-7691-49b8-be33-fe89e396616f 68dfaded7f114828bc762a62846a3ccf 12ed02e8e0f5488ba3263ea8f3a37c50 - - default default] 199.204.45.250 "GET /v2.0/extensions/security-group HTTP/1.1" status: 200 len: 369 time: 0.0075359
2026-05-11 02:12:36.574 9 INFO neutron.wsgi [None req-2ff8c4b3-259a-4d96-bbd5-abbc5556fd94 68dfaded7f114828bc762a62846a3ccf 12ed02e8e0f5488ba3263ea8f3a37c50 - - default default] 199.204.45.250 "GET /v2.0/extensions/dns-integration HTTP/1.1" status: 200 len: 371 time: 0.0052440
2026-05-11 02:12:36.582 9 INFO neutron.wsgi [None req-0aca899d-ea98-4abc-af42-ea7d8548d032 68dfaded7f114828bc762a62846a3ccf 12ed02e8e0f5488ba3263ea8f3a37c50 - - default default] 199.204.45.250 "GET /v2.0/extensions/qos HTTP/1.1" status: 200 len: 365 time: 0.0045774
2026-05-11 02:12:36.593 9 INFO neutron.wsgi [None req-3b79265c-9a0f-4b66-89f3-5776d8c3eba0 68dfaded7f114828bc762a62846a3ccf 12ed02e8e0f5488ba3263ea8f3a37c50 - - default default] 199.204.45.250 "GET /v2.0/extensions/allowed-address-pairs HTTP/1.1" status: 200 len: 383 time: 0.0043194
2026-05-11 02:12:36.619 9 INFO neutron.pecan_wsgi.hooks.translation [None req-dbc45b70-1b7d-45e1-b0ed-c3981e0b5874 68dfaded7f114828bc762a62846a3ccf 12ed02e8e0f5488ba3263ea8f3a37c50 - - - -] DELETE failed (client error): The resource could not be found.
2026-05-11 02:12:36.622 9 INFO neutron.wsgi [None req-dbc45b70-1b7d-45e1-b0ed-c3981e0b5874 68dfaded7f114828bc762a62846a3ccf 12ed02e8e0f5488ba3263ea8f3a37c50 - - - -] 199.204.45.250 "DELETE /v2.0/ports/045e4f11-1a69-4b99-9d3f-b93c3530c2b6 HTTP/1.1" status: 404 len: 338 time: 0.0227551
2026-05-11 02:12:36.654 9 INFO neutron.wsgi [None req-fb695ea8-fa14-42bd-ac62-a69dc71e5988 68dfaded7f114828bc762a62846a3ccf 12ed02e8e0f5488ba3263ea8f3a37c50 - - default default] 199.204.45.250 "GET /v2.0/ports/b222f4f3-ecad-4f52-950f-882c17ef9761 HTTP/1.1" status: 200 len: 1333 time: 0.0262494
2026-05-11 02:12:36.686 9 INFO neutron.wsgi [None req-5139ce8d-1283-4cf5-99de-b47d3cad8b85 68dfaded7f114828bc762a62846a3ccf 12ed02e8e0f5488ba3263ea8f3a37c50 - - default default] 199.204.45.250 "GET /v2.0/security-groups?name=lb-214c1f63-9c54-4ea0-8801-d5ea1ab83c2a HTTP/1.1" status: 200 len: 1777 time: 0.0260143
2026-05-11 02:12:36.721 9 INFO neutron.wsgi [None req-fa14ecc7-1776-47da-8808-9cfb46e96b91 68dfaded7f114828bc762a62846a3ccf 12ed02e8e0f5488ba3263ea8f3a37c50 - - default default] 199.204.45.250 "GET /v2.0/ports/b222f4f3-ecad-4f52-950f-882c17ef9761 HTTP/1.1" status: 200 len: 1333 time: 0.0288203
2026-05-11 02:12:37.045 9 INFO neutron.db.ovn_revision_numbers_db [None req-f1a8351f-4369-45c2-aea4-51e1934e93aa 68dfaded7f114828bc762a62846a3ccf 12ed02e8e0f5488ba3263ea8f3a37c50 - - - -] Successfully bumped revision number for resource b222f4f3-ecad-4f52-950f-882c17ef9761 (type: ports) to 17
2026-05-11 02:12:37.060 9 INFO neutron.wsgi [None req-f1a8351f-4369-45c2-aea4-51e1934e93aa 68dfaded7f114828bc762a62846a3ccf 12ed02e8e0f5488ba3263ea8f3a37c50 - - - -] 199.204.45.250 "PUT /v2.0/ports/b222f4f3-ecad-4f52-950f-882c17ef9761 HTTP/1.1" status: 200 len: 1295 time: 0.3330657
2026-05-11 02:12:37.165 9 INFO neutron.notifiers.nova [-] Nova event matching ['req-53a4b773-de9a-4e1d-907b-4a799c00edb2'] response: {'server_uuid': 'c1e35bd1-be27-4889-9bfb-422e94cde96a', 'name': 'network-vif-plugged', 'status': 'completed', 'tag': '045e4f11-1a69-4b99-9d3f-b93c3530c2b6', 'code': 200}
2026-05-11 02:12:37.204 9 INFO neutron.wsgi [None req-ed45eab5-f2e2-46e6-bf44-1d6113a220c2 68dfaded7f114828bc762a62846a3ccf 12ed02e8e0f5488ba3263ea8f3a37c50 - - - -] 199.204.45.250 "DELETE /v2.0/security-groups/c4e1d243-d165-4cc0-a2c2-137ad3732042 HTTP/1.1" status: 204 len: 173 time: 0.1358981
2026-05-11 02:12:37.876 9 INFO neutron.wsgi [None req-9f614c4a-43fa-4542-a02b-e55f3c070631 68dfaded7f114828bc762a62846a3ccf 12ed02e8e0f5488ba3263ea8f3a37c50 - - - -] 199.204.45.250 "DELETE /v2.0/ports/b222f4f3-ecad-4f52-950f-882c17ef9761 HTTP/1.1" status: 204 len: 173 time: 0.6643643
2026-05-11 02:12:38.160 10 INFO neutron.plugins.ml2.drivers.ovn.mech_driver.mech_driver [None req-4236fa92-3bba-42d1-8e7f-dfd6b36acf4d - - - - - -] OVN reports status down for port: e7ee4722-4a3e-4595-a4ce-de9c677c7b45
2026-05-11 02:12:38.314 10 INFO neutron.notifiers.nova [-] Nova event matching ['req-856403fc-2ef7-4152-b1c6-163db147b40c'] response: {'server_uuid': 'c1e35bd1-be27-4889-9bfb-422e94cde96a', 'name': 'network-vif-unplugged', 'status': 'completed', 'tag': 'e7ee4722-4a3e-4595-a4ce-de9c677c7b45', 'code': 200}
2026-05-11 02:12:38.436 10 INFO neutron.db.ovn_revision_numbers_db [None req-4236fa92-3bba-42d1-8e7f-dfd6b36acf4d - - - - - -] Successfully bumped revision number for resource e7ee4722-4a3e-4595-a4ce-de9c677c7b45 (type: ports) to 5
2026-05-11 02:12:38.446 9 INFO neutron.wsgi [req-c86ab7c5-0f30-4863-869d-8890c9e504b8 req-1e59c90c-c2d4-4caf-be0b-156c77f7b361 68dfaded7f114828bc762a62846a3ccf 12ed02e8e0f5488ba3263ea8f3a37c50 - - default default] 199.204.45.250 "GET /v2.0/ports?device_id=c1e35bd1-be27-4889-9bfb-422e94cde96a HTTP/1.1" status: 200 len: 1363 time: 0.0331872
2026-05-11 02:12:38.716 9 INFO neutron.wsgi [None req-84b85fba-dea5-43c4-83d2-a9002cf99699 68dfaded7f114828bc762a62846a3ccf 12ed02e8e0f5488ba3263ea8f3a37c50 - - - -] 199.204.45.250 "DELETE /v2.0/ports/e7ee4722-4a3e-4595-a4ce-de9c677c7b45 HTTP/1.1" status: 204 len: 173 time: 0.2633278
2026-05-11 02:12:39.204 9 INFO neutron.notifiers.nova [-] Nova event matching ['req-d086e5b4-f0e9-492e-a8ba-12b0fd4b5424'] response: {'server_uuid': 'c1e35bd1-be27-4889-9bfb-422e94cde96a', 'name': 'network-vif-deleted', 'tag': 'e7ee4722-4a3e-4595-a4ce-de9c677c7b45', 'status': 'completed', 'code': 200}
2026-05-11 02:12:39.627 9 INFO neutron.db.l3_db [None req-f58aaef9-6544-4cd0-945f-745ba5204ae9 966098e66b904b0e9ccbcb6e9efd2105 45d544b0b3204bbd8dff83cba9725aac - - - -] Floating IP c1763270-45c1-4a3e-ab1a-ca1f194c024a disassociated (deleted). External IP: 10.96.250.204, port: ca1f5bf4-57dc-4d29-a1d7-1890749130de.
2026-05-11 02:12:39.699 9 INFO neutron.wsgi [None req-f58aaef9-6544-4cd0-945f-745ba5204ae9 966098e66b904b0e9ccbcb6e9efd2105 45d544b0b3204bbd8dff83cba9725aac - - - -] 10.0.0.187 "DELETE /v2.0/floatingips/c1763270-45c1-4a3e-ab1a-ca1f194c024a HTTP/1.1" status: 204 len: 168 time: 0.4321618 /var/lib/openstack/lib/python3.10/site-packages/pycadf/identifier.py:71: UserWarning: Invalid uuid: neutron. To ensure interoperability, identifiers should be a valid uuid. warnings.warn(('Invalid uuid: %s. To ensure interoperability, '
2026-05-11 02:12:39.734 9 INFO neutron.api.v2.resource [None req-4adf6d0e-64b0-4398-8b1a-56f1bc64fa11 966098e66b904b0e9ccbcb6e9efd2105 45d544b0b3204bbd8dff83cba9725aac - - default default] show failed (client error): The resource could not be found.
2026-05-11 02:12:39.735 9 INFO neutron.wsgi [None req-4adf6d0e-64b0-4398-8b1a-56f1bc64fa11 966098e66b904b0e9ccbcb6e9efd2105 45d544b0b3204bbd8dff83cba9725aac - - default default] 10.0.0.187 "GET /v2.0/floatingips/c1763270-45c1-4a3e-ab1a-ca1f194c024a HTTP/1.1" status: 404 len: 345 time: 0.0305860 /var/lib/openstack/lib/python3.10/site-packages/pycadf/identifier.py:71: UserWarning: Invalid uuid: neutron. To ensure interoperability, identifiers should be a valid uuid. warnings.warn(('Invalid uuid: %s. To ensure interoperability, '
2026-05-11 02:12:39.930 9 INFO neutron.plugins.ml2.drivers.ovn.mech_driver.mech_driver [None req-ec5ae705-1539-416b-bc6e-d2d369a55702 - - - - - -] OVN reports status down for port: ca1f5bf4-57dc-4d29-a1d7-1890749130de
2026-05-11 02:12:39.984 10 INFO neutron.wsgi [req-d4c636c6-89ee-4a78-b47d-6ce5b390b640 req-3f30aa27-08a2-4c69-86ba-4eb328310aad 966098e66b904b0e9ccbcb6e9efd2105 45d544b0b3204bbd8dff83cba9725aac - - default default] 10.0.0.181 "GET /v2.0/ports?device_id=731f7ae6-38e9-425d-844e-3688df8fcaf9 HTTP/1.1" status: 200 len: 1400 time: 0.1002755
2026-05-11 02:12:40.024 10 INFO neutron.wsgi [req-d4c636c6-89ee-4a78-b47d-6ce5b390b640 req-912b7f67-6fc5-400c-8247-b99ad066bf7a 966098e66b904b0e9ccbcb6e9efd2105 45d544b0b3204bbd8dff83cba9725aac - - default default] 10.0.0.181 "GET /v2.0/security-groups?id=9bfec6d6-1776-43eb-b608-38e4d6b1c997&fields=id&fields=name HTTP/1.1" status: 200 len: 310 time: 0.0310907
2026-05-11 02:12:40.217 9 INFO neutron.db.ovn_revision_numbers_db [None req-ec5ae705-1539-416b-bc6e-d2d369a55702 - - - - - -] Successfully bumped revision number for resource ca1f5bf4-57dc-4d29-a1d7-1890749130de (type: ports) to 5
2026-05-11 02:12:40.329 9 INFO neutron.wsgi [req-42a561b9-c5c6-4a1e-9ef8-577cfff75119 req-beaed147-557d-4acc-ba16-58cecb33fbf9 966098e66b904b0e9ccbcb6e9efd2105 45d544b0b3204bbd8dff83cba9725aac - - default default] 199.204.45.250 "GET /v2.0/ports?device_id=731f7ae6-38e9-425d-844e-3688df8fcaf9 HTTP/1.1" status: 200 len: 1398 time: 0.1123006 /var/lib/openstack/lib/python3.10/site-packages/pycadf/identifier.py:71: UserWarning: Invalid uuid: neutron. To ensure interoperability, identifiers should be a valid uuid. warnings.warn(('Invalid uuid: %s. To ensure interoperability, '
2026-05-11 02:12:40.359 10 INFO neutron.notifiers.nova [-] Nova event matching ['req-df2da4d4-7a80-4e0d-bdc9-6f4a6ece3110'] response: {'server_uuid': 'c1e35bd1-be27-4889-9bfb-422e94cde96a', 'name': 'network-vif-plugged', 'status': 'completed', 'tag': 'e7ee4722-4a3e-4595-a4ce-de9c677c7b45', 'code': 200}
2026-05-11 02:12:40.677 9 INFO neutron.wsgi [None req-3c41c924-fa2a-4914-99b4-7599868410b4 966098e66b904b0e9ccbcb6e9efd2105 45d544b0b3204bbd8dff83cba9725aac - - - -] 199.204.45.250 "DELETE /v2.0/ports/ca1f5bf4-57dc-4d29-a1d7-1890749130de HTTP/1.1" status: 204 len: 173 time: 0.3432193
2026-05-11 02:12:41.249 9 INFO neutron.notifiers.nova [-] Nova event matching ['req-578f7523-f852-4afb-b29b-fee7257f3582'] response: {'name': 'network-changed', 'server_uuid': '731f7ae6-38e9-425d-844e-3688df8fcaf9', 'tag': 'ca1f5bf4-57dc-4d29-a1d7-1890749130de', 'status': 'completed', 'code': 200}
2026-05-11 02:12:41.249 9 INFO neutron.notifiers.nova [-] Nova event matching ['req-578f7523-f852-4afb-b29b-fee7257f3582'] response: {'server_uuid': '731f7ae6-38e9-425d-844e-3688df8fcaf9', 'name': 'network-vif-unplugged', 'status': 'completed', 'tag': 'ca1f5bf4-57dc-4d29-a1d7-1890749130de', 'code': 200}
2026-05-11 02:12:41.250 9 INFO neutron.notifiers.nova [-] Nova event matching ['req-578f7523-f852-4afb-b29b-fee7257f3582'] response: {'server_uuid': '731f7ae6-38e9-425d-844e-3688df8fcaf9', 'name': 'network-vif-plugged', 'status': 'completed', 'tag': 'ca1f5bf4-57dc-4d29-a1d7-1890749130de', 'code': 200}
2026-05-11 02:12:41.250 9 INFO neutron.notifiers.nova [-] Nova event matching ['req-578f7523-f852-4afb-b29b-fee7257f3582'] response: {'server_uuid': '731f7ae6-38e9-425d-844e-3688df8fcaf9', 'name': 'network-vif-deleted', 'tag': 'ca1f5bf4-57dc-4d29-a1d7-1890749130de', 'status': 'completed', 'code': 200}
2026-05-11 02:12:41.277 9 INFO neutron.wsgi [req-4fc3bb5c-3296-477f-9681-576a241025c1 req-d1192781-8376-4095-9b19-ab07328d558a 0d27b22d66f6447fb8900ae6e1468edd 79e045f3e1b94937a780f8721eb0a9f6 - - 3bcd83d7c92d4917a84366fa4c2389d7 3bcd83d7c92d4917a84366fa4c2389d7] 199.204.45.250 "GET /v2.0/ports?tenant_id=45d544b0b3204bbd8dff83cba9725aac&device_id=731f7ae6-38e9-425d-844e-3688df8fcaf9 HTTP/1.1" status: 200 len: 210 time: 0.0256534
2026-05-11 02:12:41.388 9 INFO neutron.wsgi [req-4fc3bb5c-3296-477f-9681-576a241025c1 req-48488e1e-0a50-4635-8879-f8a51cc4b1f2 0d27b22d66f6447fb8900ae6e1468edd 79e045f3e1b94937a780f8721eb0a9f6 - - 3bcd83d7c92d4917a84366fa4c2389d7 3bcd83d7c92d4917a84366fa4c2389d7] 199.204.45.250 "GET /v2.0/networks?tenant_id=45d544b0b3204bbd8dff83cba9725aac&shared=False HTTP/1.1" status: 200 len: 2585 time: 0.1033928
2026-05-11 02:12:41.442 10 INFO neutron.wsgi [-] 10.0.0.175 "GET / HTTP/1.1" status: 200 len: 246 time: 0.0028415
2026-05-11 02:12:41.444 10 INFO neutron.wsgi [-] 10.0.0.175 "GET / HTTP/1.1" status: 200 len: 246 time: 0.0013590
2026-05-11 02:12:41.498 9 INFO neutron.wsgi [req-4fc3bb5c-3296-477f-9681-576a241025c1 req-48bfc41f-78aa-44c5-ba5c-36a2bce61cc3 0d27b22d66f6447fb8900ae6e1468edd 79e045f3e1b94937a780f8721eb0a9f6 - - 3bcd83d7c92d4917a84366fa4c2389d7 3bcd83d7c92d4917a84366fa4c2389d7] 199.204.45.250 "GET /v2.0/networks?shared=True HTTP/1.1" status: 200 len: 952 time: 0.1030753
2026-05-11 02:12:45.510 10 INFO neutron.db.l3_db [None req-92b3c92e-391b-4b1a-afc6-4c0420014c2e 966098e66b904b0e9ccbcb6e9efd2105 45d544b0b3204bbd8dff83cba9725aac - - - -] Floating IP 84c42ba1-d7ef-4bbe-ac54-9ecf27a13513 disassociated (deleted). External IP: 10.96.250.209, port: 82a40368-8309-4280-9195-a909e9dd9bb7.
2026-05-11 02:12:45.558 10 INFO neutron.wsgi [None req-92b3c92e-391b-4b1a-afc6-4c0420014c2e 966098e66b904b0e9ccbcb6e9efd2105 45d544b0b3204bbd8dff83cba9725aac - - - -] 10.0.0.187 "DELETE /v2.0/floatingips/84c42ba1-d7ef-4bbe-ac54-9ecf27a13513 HTTP/1.1" status: 204 len: 168 time: 0.4646809 /var/lib/openstack/lib/python3.10/site-packages/pycadf/identifier.py:71: UserWarning: Invalid uuid: neutron. To ensure interoperability, identifiers should be a valid uuid. warnings.warn(('Invalid uuid: %s. To ensure interoperability, '
2026-05-11 02:12:45.596 9 INFO neutron.api.v2.resource [None req-6741b701-006f-49d5-8455-21be7f789a00 966098e66b904b0e9ccbcb6e9efd2105 45d544b0b3204bbd8dff83cba9725aac - - default default] show failed (client error): The resource could not be found.
2026-05-11 02:12:45.597 10 INFO neutron.notifiers.nova [-] Nova event matching ['req-cf23a3c6-9050-4038-bbd6-c45667f357f2'] response: {'name': 'network-changed', 'server_uuid': '4a3320e6-de2c-43cf-a299-72f7d90ed4f1', 'tag': '82a40368-8309-4280-9195-a909e9dd9bb7', 'status': 'completed', 'code': 200}
2026-05-11 02:12:45.597 9 INFO neutron.wsgi [None req-6741b701-006f-49d5-8455-21be7f789a00 966098e66b904b0e9ccbcb6e9efd2105 45d544b0b3204bbd8dff83cba9725aac - - default default] 10.0.0.187 "GET /v2.0/floatingips/84c42ba1-d7ef-4bbe-ac54-9ecf27a13513 HTTP/1.1" status: 404 len: 345 time: 0.0324130
2026-05-11 02:12:45.670 9 INFO neutron.wsgi [req-46e1bac9-501c-4d5b-8e54-8b5cd4ad6694 req-048799eb-d4d0-4fcd-b1cc-fb30137882d6 0d27b22d66f6447fb8900ae6e1468edd 79e045f3e1b94937a780f8721eb0a9f6 - - 3bcd83d7c92d4917a84366fa4c2389d7 3bcd83d7c92d4917a84366fa4c2389d7] 199.204.45.250 "GET /v2.0/ports?tenant_id=45d544b0b3204bbd8dff83cba9725aac&device_id=4a3320e6-de2c-43cf-a299-72f7d90ed4f1 HTTP/1.1" status: 200 len: 1586 time: 0.0572650
2026-05-11 02:12:45.764 9 INFO neutron.wsgi [req-46e1bac9-501c-4d5b-8e54-8b5cd4ad6694 req-9b5fc7ef-e79b-4f86-b07f-8542ec3f6816 0d27b22d66f6447fb8900ae6e1468edd 79e045f3e1b94937a780f8721eb0a9f6 - - 3bcd83d7c92d4917a84366fa4c2389d7 3bcd83d7c92d4917a84366fa4c2389d7] 199.204.45.250 "GET /v2.0/networks?id=53a26192-51bb-4303-a180-426890a72b7c HTTP/1.1" status: 200 len: 1002 time: 0.0840864
2026-05-11 02:12:45.805 9 INFO neutron.wsgi [req-46e1bac9-501c-4d5b-8e54-8b5cd4ad6694 req-8522d503-9d0c-44c3-bbb3-3e3c6a687089 0d27b22d66f6447fb8900ae6e1468edd 79e045f3e1b94937a780f8721eb0a9f6 - - 3bcd83d7c92d4917a84366fa4c2389d7 3bcd83d7c92d4917a84366fa4c2389d7] 199.204.45.250 "GET /v2.0/floatingips?fixed_ip_address=10.2.1.20&port_id=82a40368-8309-4280-9195-a909e9dd9bb7 HTTP/1.1" status: 200 len: 217 time: 0.0334578
2026-05-11 02:12:45.824 10 INFO neutron.plugins.ml2.drivers.ovn.mech_driver.mech_driver [None req-4236fa92-3bba-42d1-8e7f-dfd6b36acf4d - - - - - -] OVN reports status down for port: 82a40368-8309-4280-9195-a909e9dd9bb7
2026-05-11 02:12:45.857 9 INFO neutron.wsgi [req-46e1bac9-501c-4d5b-8e54-8b5cd4ad6694 req-c838bb83-510a-479e-89f2-bb6c781f9b5a 0d27b22d66f6447fb8900ae6e1468edd 79e045f3e1b94937a780f8721eb0a9f6 - - 3bcd83d7c92d4917a84366fa4c2389d7 3bcd83d7c92d4917a84366fa4c2389d7] 199.204.45.250 "GET /v2.0/floatingips?fixed_ip_address=fd7b%3Af9f7%3Afff%3A4eca%3A%3A325&port_id=82a40368-8309-4280-9195-a909e9dd9bb7 HTTP/1.1" status: 200 len: 217 time: 0.0417590
2026-05-11 02:12:45.902 10 INFO neutron.wsgi [req-7a396567-25a6-421c-845a-7b61dd9f6369 req-5507ff13-a6fa-4bcb-b573-dbb8cb0bb807 966098e66b904b0e9ccbcb6e9efd2105 45d544b0b3204bbd8dff83cba9725aac - - default default] 10.0.0.181 "GET /v2.0/ports?device_id=4a3320e6-de2c-43cf-a299-72f7d90ed4f1 HTTP/1.1" status: 200 len: 1396 time: 0.1185586
2026-05-11 02:12:45.907 9 INFO neutron.wsgi [req-46e1bac9-501c-4d5b-8e54-8b5cd4ad6694 req-3eb2625f-b3bb-4f3a-9da3-9cffb899d2e6 0d27b22d66f6447fb8900ae6e1468edd 79e045f3e1b94937a780f8721eb0a9f6 - - 3bcd83d7c92d4917a84366fa4c2389d7 3bcd83d7c92d4917a84366fa4c2389d7] 199.204.45.250 "GET /v2.0/subnets?id=d5e10dd9-2a8b-4d1c-a690-34409873df91&id=b851cb34-2869-4a1a-86f7-01cc4123cd24 HTTP/1.1" status: 200 len: 1563 time: 0.0446649
2026-05-11 02:12:45.949 9 INFO neutron.wsgi [req-46e1bac9-501c-4d5b-8e54-8b5cd4ad6694 req-4a64a01c-4c4a-483d-b340-5e6365bdd23a 0d27b22d66f6447fb8900ae6e1468edd 79e045f3e1b94937a780f8721eb0a9f6 - - 3bcd83d7c92d4917a84366fa4c2389d7 3bcd83d7c92d4917a84366fa4c2389d7] 199.204.45.250 "GET /v2.0/ports?network_id=53a26192-51bb-4303-a180-426890a72b7c&device_owner=network%3Adhcp HTTP/1.1" status: 200 len: 210 time: 0.0324605
2026-05-11 02:12:45.985 10 INFO neutron.wsgi [req-7a396567-25a6-421c-845a-7b61dd9f6369 req-11a563e6-42a8-4d31-9ec6-82a578d99665 966098e66b904b0e9ccbcb6e9efd2105 45d544b0b3204bbd8dff83cba9725aac - - default default] 10.0.0.181 "GET /v2.0/security-groups?id=9bfec6d6-1776-43eb-b608-38e4d6b1c997&fields=id&fields=name HTTP/1.1" status: 200 len: 310 time: 0.0654385
2026-05-11 02:12:45.985 9 INFO neutron.wsgi [req-46e1bac9-501c-4d5b-8e54-8b5cd4ad6694 req-86a78ce5-6c30-4008-866b-224ebd32cea4 0d27b22d66f6447fb8900ae6e1468edd 79e045f3e1b94937a780f8721eb0a9f6 - - 3bcd83d7c92d4917a84366fa4c2389d7 3bcd83d7c92d4917a84366fa4c2389d7] 199.204.45.250 "GET /v2.0/ports?network_id=53a26192-51bb-4303-a180-426890a72b7c&device_owner=network%3Adhcp HTTP/1.1" status: 200 len: 210 time: 0.0287735
2026-05-11 02:12:46.054 9 INFO neutron.wsgi [req-46e1bac9-501c-4d5b-8e54-8b5cd4ad6694 req-4a219caf-a258-4737-9cea-a8c51e9085b1 0d27b22d66f6447fb8900ae6e1468edd 79e045f3e1b94937a780f8721eb0a9f6 - - 3bcd83d7c92d4917a84366fa4c2389d7 3bcd83d7c92d4917a84366fa4c2389d7] 199.204.45.250 "GET /v2.0/networks/53a26192-51bb-4303-a180-426890a72b7c?fields=segments HTTP/1.1" status: 200 len: 212 time: 0.0633755
2026-05-11 02:12:46.119 10 INFO neutron.wsgi [req-5a47b76c-32f4-49b3-a0f5-6d37efad903b req-044ac068-3270-4cdb-ab46-edeb7039264d 966098e66b904b0e9ccbcb6e9efd2105 45d544b0b3204bbd8dff83cba9725aac - - default default] 199.204.45.250 "GET /v2.0/ports?device_id=4a3320e6-de2c-43cf-a299-72f7d90ed4f1 HTTP/1.1" status: 200 len: 1394 time: 0.0447497
2026-05-11 02:12:46.134 9 INFO neutron.wsgi [req-46e1bac9-501c-4d5b-8e54-8b5cd4ad6694 req-1018a4e8-bbc8-4d03-883e-d3c0fb1d17a4 0d27b22d66f6447fb8900ae6e1468edd 79e045f3e1b94937a780f8721eb0a9f6 - - 3bcd83d7c92d4917a84366fa4c2389d7 3bcd83d7c92d4917a84366fa4c2389d7] 199.204.45.250 "GET /v2.0/networks/53a26192-51bb-4303-a180-426890a72b7c?fields=provider%3Aphysical_network&fields=provider%3Anetwork_type HTTP/1.1" status: 200 len: 277 time: 0.0724308
2026-05-11 02:12:46.225 10 INFO neutron.db.ovn_revision_numbers_db [None req-4236fa92-3bba-42d1-8e7f-dfd6b36acf4d - - - - - -] Successfully bumped revision number for resource 82a40368-8309-4280-9195-a909e9dd9bb7 (type: ports) to 5
2026-05-11 02:12:46.492 10 INFO neutron.wsgi [None req-7b19c8e8-d0dd-4783-b479-650b21fa7f94 966098e66b904b0e9ccbcb6e9efd2105 45d544b0b3204bbd8dff83cba9725aac - - - -] 199.204.45.250 "DELETE /v2.0/ports/82a40368-8309-4280-9195-a909e9dd9bb7 HTTP/1.1" status: 204 len: 173 time: 0.3662596
2026-05-11 02:12:47.641 10 INFO neutron.notifiers.nova [-] Nova event matching ['req-04338b4d-d087-46d8-b220-1d08d6ed4a46'] response: {'server_uuid': '4a3320e6-de2c-43cf-a299-72f7d90ed4f1', 'name': 'network-vif-unplugged', 'status': 'completed', 'tag': '82a40368-8309-4280-9195-a909e9dd9bb7', 'code': 200}
2026-05-11 02:12:47.642 10 INFO neutron.notifiers.nova [-] Nova event matching ['req-04338b4d-d087-46d8-b220-1d08d6ed4a46'] response: {'server_uuid': '4a3320e6-de2c-43cf-a299-72f7d90ed4f1', 'name': 'network-vif-plugged', 'status': 'completed', 'tag': '82a40368-8309-4280-9195-a909e9dd9bb7', 'code': 200}
2026-05-11 02:12:47.642 10 INFO neutron.notifiers.nova [-] Nova event matching ['req-04338b4d-d087-46d8-b220-1d08d6ed4a46'] response: {'server_uuid': '4a3320e6-de2c-43cf-a299-72f7d90ed4f1', 'name': 'network-vif-deleted', 'tag': '82a40368-8309-4280-9195-a909e9dd9bb7', 'status': 'completed', 'code': 200} /var/lib/openstack/lib/python3.10/site-packages/pycadf/identifier.py:71: UserWarning: Invalid uuid: neutron. To ensure interoperability, identifiers should be a valid uuid. warnings.warn(('Invalid uuid: %s. To ensure interoperability, '
2026-05-11 02:12:51.174 10 INFO neutron.wsgi [None req-c0ed6962-e104-4ac2-a46f-2ca6dcbb18bc 966098e66b904b0e9ccbcb6e9efd2105 45d544b0b3204bbd8dff83cba9725aac - - - -] 10.0.0.187 "DELETE /v2.0/security-group-rules/acd9e9a7-6c8d-40d0-b9ae-e088f716f02c HTTP/1.1" status: 204 len: 168 time: 0.1234770
2026-05-11 02:12:51.192 9 INFO neutron.api.v2.resource [None req-9b07e5d3-3910-4fa7-8f65-be60e4a47191 966098e66b904b0e9ccbcb6e9efd2105 45d544b0b3204bbd8dff83cba9725aac - - default default] show failed (client error): The resource could not be found.
2026-05-11 02:12:51.193 9 INFO neutron.wsgi [None req-9b07e5d3-3910-4fa7-8f65-be60e4a47191 966098e66b904b0e9ccbcb6e9efd2105 45d544b0b3204bbd8dff83cba9725aac - - default default] 10.0.0.187 "GET /v2.0/security-group-rules/acd9e9a7-6c8d-40d0-b9ae-e088f716f02c HTTP/1.1" status: 404 len: 356 time: 0.0142326
2026-05-11 02:12:51.300 9 INFO neutron.wsgi [None req-746d65ab-c4ae-4f7e-8c78-0430e29f4e4b 966098e66b904b0e9ccbcb6e9efd2105 45d544b0b3204bbd8dff83cba9725aac - - - -] 10.0.0.187 "DELETE /v2.0/security-group-rules/cb09dd0c-1dad-4cf2-abee-1d73d5bcd3fe HTTP/1.1" status: 204 len: 168 time: 0.1025689
2026-05-11 02:12:51.313 9 INFO neutron.api.v2.resource [None req-f2939332-6e74-43f3-b2f7-c09f78b2ba69 966098e66b904b0e9ccbcb6e9efd2105 45d544b0b3204bbd8dff83cba9725aac - - default default] show failed (client error): The resource could not be found.
2026-05-11 02:12:51.314 9 INFO neutron.wsgi [None req-f2939332-6e74-43f3-b2f7-c09f78b2ba69 966098e66b904b0e9ccbcb6e9efd2105 45d544b0b3204bbd8dff83cba9725aac - - default default] 10.0.0.187 "GET /v2.0/security-group-rules/cb09dd0c-1dad-4cf2-abee-1d73d5bcd3fe HTTP/1.1" status: 404 len: 356 time: 0.0095065
2026-05-11 02:12:51.419 9 INFO neutron.wsgi [None req-39a0b789-f4ca-41dc-b2b1-a04979336b20 966098e66b904b0e9ccbcb6e9efd2105 45d544b0b3204bbd8dff83cba9725aac - - - -] 10.0.0.187 "DELETE /v2.0/security-group-rules/f78fdcdd-dc12-49ce-8efd-e0736b08a46e HTTP/1.1" status: 204 len: 168 time: 0.1009524
2026-05-11 02:12:51.435 9 INFO neutron.api.v2.resource [None req-af4bf34c-ca92-43b0-a3e8-7be940b313a1 966098e66b904b0e9ccbcb6e9efd2105 45d544b0b3204bbd8dff83cba9725aac - - default default] show failed (client error): The resource could not be found.
2026-05-11 02:12:51.436 9 INFO neutron.wsgi [None req-af4bf34c-ca92-43b0-a3e8-7be940b313a1 966098e66b904b0e9ccbcb6e9efd2105 45d544b0b3204bbd8dff83cba9725aac - - default default] 10.0.0.187 "GET /v2.0/security-group-rules/f78fdcdd-dc12-49ce-8efd-e0736b08a46e HTTP/1.1" status: 404 len: 356 time: 0.0109074
2026-05-11 02:12:51.542 9 INFO neutron.wsgi [None req-2aa167f7-1901-42cf-8535-dfff10b1561c 966098e66b904b0e9ccbcb6e9efd2105 45d544b0b3204bbd8dff83cba9725aac - - - -] 10.0.0.187 "DELETE /v2.0/security-group-rules/40d89126-e783-43c0-8451-6c669f59ac61 HTTP/1.1" status: 204 len: 168 time: 0.1014795
2026-05-11 02:12:51.557 9 INFO neutron.api.v2.resource [None req-34c75193-605a-4a5c-b50d-080009cf1257 966098e66b904b0e9ccbcb6e9efd2105 45d544b0b3204bbd8dff83cba9725aac - - default default] show failed (client error): The resource could not be found.
2026-05-11 02:12:51.558 9 INFO neutron.wsgi [None req-34c75193-605a-4a5c-b50d-080009cf1257 966098e66b904b0e9ccbcb6e9efd2105 45d544b0b3204bbd8dff83cba9725aac - - default default] 10.0.0.187 "GET /v2.0/security-group-rules/40d89126-e783-43c0-8451-6c669f59ac61 HTTP/1.1" status: 404 len: 356 time: 0.0112779
2026-05-11 02:12:51.665 9 INFO neutron.wsgi [None req-fe947a21-0edd-42f2-b6c3-177f83a68ae7 966098e66b904b0e9ccbcb6e9efd2105 45d544b0b3204bbd8dff83cba9725aac - - - -] 10.0.0.187 "DELETE /v2.0/security-group-rules/d063c52c-09dc-41d1-9586-dd38f0193e85 HTTP/1.1" status: 204 len: 168 time: 0.1020184
2026-05-11 02:12:51.687 9 INFO neutron.api.v2.resource [None req-9596c84a-c7bb-4b05-a45b-66aeeee76df8 966098e66b904b0e9ccbcb6e9efd2105 45d544b0b3204bbd8dff83cba9725aac - - default default] show failed (client error): The resource could not be found.
