Mar 19 22:23:02.805871 np0000160176 nova-scheduler[107644]: DEBUG cotyledon.oslo_config_glue [-] vnc.server_proxyclient_address = 127.0.0.1 {{(pid=107644) log_opt_values /opt/stack/data/venv/lib/python3.12/site-packages/oslo_config/cfg.py:3006}}
Mar 19 22:23:02.805901 np0000160176 nova-scheduler[107644]: DEBUG cotyledon.oslo_config_glue [-] vnc.vencrypt_ca_certs = None {{(pid=107644) log_opt_values /opt/stack/data/venv/lib/python3.12/site-packages/oslo_config/cfg.py:3006}}
Mar 19 22:23:02.805950 np0000160176 nova-scheduler[107644]: DEBUG cotyledon.oslo_config_glue [-] vnc.vencrypt_client_cert = None {{(pid=107644) log_opt_values /opt/stack/data/venv/lib/python3.12/site-packages/oslo_config/cfg.py:3006}}
Mar 19 22:23:02.805989 np0000160176 nova-scheduler[107644]: DEBUG cotyledon.oslo_config_glue [-] vnc.vencrypt_client_key = None {{(pid=107644) log_opt_values /opt/stack/data/venv/lib/python3.12/site-packages/oslo_config/cfg.py:3006}}
Mar 19 22:23:02.806037 np0000160176 nova-scheduler[107644]: DEBUG cotyledon.oslo_config_glue [-] workarounds.disable_compute_service_check_for_ffu = False {{(pid=107644) log_opt_values /opt/stack/data/venv/lib/python3.12/site-packages/oslo_config/cfg.py:3006}}
Mar 19 22:23:02.806069 np0000160176 nova-scheduler[107644]: DEBUG cotyledon.oslo_config_glue [-] workarounds.disable_deep_image_inspection = False {{(pid=107644) log_opt_values /opt/stack/data/venv/lib/python3.12/site-packages/oslo_config/cfg.py:3006}}
Mar 19 22:23:02.806118 np0000160176 nova-scheduler[107644]: DEBUG cotyledon.oslo_config_glue [-] workarounds.disable_fallback_pcpu_query = False {{(pid=107644) log_opt_values /opt/stack/data/venv/lib/python3.12/site-packages/oslo_config/cfg.py:3006}}
Mar 19 22:23:02.806149 np0000160176 nova-scheduler[107644]: DEBUG cotyledon.oslo_config_glue [-] workarounds.disable_group_policy_check_upcall = False {{(pid=107644) log_opt_values /opt/stack/data/venv/lib/python3.12/site-packages/oslo_config/cfg.py:3006}}
Mar 19 22:23:02.806185 np0000160176 nova-scheduler[107644]: DEBUG cotyledon.oslo_config_glue [-] workarounds.disable_libvirt_livesnapshot = False {{(pid=107644) log_opt_values /opt/stack/data/venv/lib/python3.12/site-packages/oslo_config/cfg.py:3006}}
Mar 19 22:23:02.806239 np0000160176 nova-scheduler[107644]: DEBUG cotyledon.oslo_config_glue [-] workarounds.disable_rootwrap = False {{(pid=107644) log_opt_values /opt/stack/data/venv/lib/python3.12/site-packages/oslo_config/cfg.py:3006}}
Mar 19 22:23:02.806299 np0000160176 nova-scheduler[107644]: DEBUG cotyledon.oslo_config_glue [-] workarounds.enable_numa_live_migration = False {{(pid=107644) log_opt_values /opt/stack/data/venv/lib/python3.12/site-packages/oslo_config/cfg.py:3006}}
Mar 19 22:23:02.806330 np0000160176 nova-scheduler[107644]: DEBUG cotyledon.oslo_config_glue [-] workarounds.enable_qemu_monitor_announce_self = False {{(pid=107644) log_opt_values /opt/stack/data/venv/lib/python3.12/site-packages/oslo_config/cfg.py:3006}}
Mar 19 22:23:02.806378 np0000160176 nova-scheduler[107644]: DEBUG cotyledon.oslo_config_glue [-] workarounds.ensure_libvirt_rbd_instance_dir_cleanup = False {{(pid=107644) log_opt_values /opt/stack/data/venv/lib/python3.12/site-packages/oslo_config/cfg.py:3006}}
Mar 19 22:23:02.806412 np0000160176 nova-scheduler[107644]: DEBUG cotyledon.oslo_config_glue [-] workarounds.handle_virt_lifecycle_events = True {{(pid=107644) log_opt_values /opt/stack/data/venv/lib/python3.12/site-packages/oslo_config/cfg.py:3006}}
Mar 19 22:23:02.806454 np0000160176 nova-scheduler[107644]: DEBUG cotyledon.oslo_config_glue [-] workarounds.libvirt_disable_apic = False {{(pid=107644) log_opt_values /opt/stack/data/venv/lib/python3.12/site-packages/oslo_config/cfg.py:3006}}
Mar 19 22:23:02.806504 np0000160176 nova-scheduler[107644]: DEBUG cotyledon.oslo_config_glue [-] workarounds.never_download_image_if_on_rbd = False {{(pid=107644) log_opt_values /opt/stack/data/venv/lib/python3.12/site-packages/oslo_config/cfg.py:3006}}
Mar 19 22:23:02.806540 np0000160176 nova-scheduler[107644]: DEBUG cotyledon.oslo_config_glue [-] workarounds.qemu_monitor_announce_self_count = 3 {{(pid=107644) log_opt_values /opt/stack/data/venv/lib/python3.12/site-packages/oslo_config/cfg.py:3006}}
Mar 19 22:23:02.806570 np0000160176 nova-scheduler[107644]: DEBUG cotyledon.oslo_config_glue [-] workarounds.qemu_monitor_announce_self_interval = 1 {{(pid=107644) log_opt_values /opt/stack/data/venv/lib/python3.12/site-packages/oslo_config/cfg.py:3006}}
Mar 19 22:23:02.806600 np0000160176 nova-scheduler[107644]: DEBUG cotyledon.oslo_config_glue [-] workarounds.reserve_disk_resource_for_image_cache = False {{(pid=107644) log_opt_values /opt/stack/data/venv/lib/python3.12/site-packages/oslo_config/cfg.py:3006}}
Mar 19 22:23:02.806653 np0000160176 nova-scheduler[107644]: DEBUG cotyledon.oslo_config_glue [-] workarounds.skip_cpu_compare_at_startup = False {{(pid=107644) log_opt_values /opt/stack/data/venv/lib/python3.12/site-packages/oslo_config/cfg.py:3006}}
Mar 19 22:23:02.806682 np0000160176 nova-scheduler[107644]: DEBUG cotyledon.oslo_config_glue [-] workarounds.skip_cpu_compare_on_dest = False {{(pid=107644) log_opt_values /opt/stack/data/venv/lib/python3.12/site-packages/oslo_config/cfg.py:3006}}
Mar 19 22:23:02.806717 np0000160176 nova-scheduler[107644]: DEBUG cotyledon.oslo_config_glue [-] workarounds.skip_hypervisor_version_check_on_lm = False {{(pid=107644) log_opt_values /opt/stack/data/venv/lib/python3.12/site-packages/oslo_config/cfg.py:3006}}
Mar 19 22:23:02.806772 np0000160176 nova-scheduler[107644]: DEBUG cotyledon.oslo_config_glue [-] workarounds.skip_reserve_in_use_ironic_nodes = False {{(pid=107644) log_opt_values /opt/stack/data/venv/lib/python3.12/site-packages/oslo_config/cfg.py:3006}}
Mar 19 22:23:02.806802 np0000160176 nova-scheduler[107644]: DEBUG cotyledon.oslo_config_glue [-] workarounds.unified_limits_count_pcpu_as_vcpu = False {{(pid=107644) log_opt_values /opt/stack/data/venv/lib/python3.12/site-packages/oslo_config/cfg.py:3006}}
Mar 19 22:23:02.806860 np0000160176 nova-scheduler[107644]: DEBUG cotyledon.oslo_config_glue [-] workarounds.wait_for_vif_plugged_event_during_hard_reboot = [] {{(pid=107644) log_opt_values /opt/stack/data/venv/lib/python3.12/site-packages/oslo_config/cfg.py:3006}}
Mar 19 22:23:02.806911 np0000160176 nova-scheduler[107644]: DEBUG cotyledon.oslo_config_glue [-] wsgi.api_paste_config = /etc/nova/api-paste.ini {{(pid=107644) log_opt_values /opt/stack/data/venv/lib/python3.12/site-packages/oslo_config/cfg.py:3006}}
Mar 19 22:23:02.806961 np0000160176 nova-scheduler[107644]: DEBUG cotyledon.oslo_config_glue [-] wsgi.secure_proxy_ssl_header = None {{(pid=107644) log_opt_values /opt/stack/data/venv/lib/python3.12/site-packages/oslo_config/cfg.py:3006}}
Mar 19 22:23:02.806993 np0000160176 nova-scheduler[107644]: DEBUG cotyledon.oslo_config_glue [-] zvm.ca_file = None {{(pid=107644) log_opt_values /opt/stack/data/venv/lib/python3.12/site-packages/oslo_config/cfg.py:3006}}
Mar 19 22:23:02.807045 np0000160176 nova-scheduler[107644]: DEBUG cotyledon.oslo_config_glue [-] zvm.cloud_connector_url = None {{(pid=107644) log_opt_values /opt/stack/data/venv/lib/python3.12/site-packages/oslo_config/cfg.py:3006}}
Mar 19 22:23:02.807076 np0000160176 nova-scheduler[107644]: DEBUG cotyledon.oslo_config_glue [-] zvm.image_tmp_path = /opt/stack/data/nova/images {{(pid=107644) log_opt_values /opt/stack/data/venv/lib/python3.12/site-packages/oslo_config/cfg.py:3006}}
Mar 19 22:23:02.807112 np0000160176 nova-scheduler[107644]: DEBUG cotyledon.oslo_config_glue [-] zvm.reachable_timeout = 300 {{(pid=107644) log_opt_values /opt/stack/data/venv/lib/python3.12/site-packages/oslo_config/cfg.py:3006}}
Mar 19 22:23:02.807196 np0000160176 nova-scheduler[107644]: DEBUG cotyledon.oslo_config_glue [-] oslo_versionedobjects.fatal_exception_format_errors = False {{(pid=107644) log_opt_values /opt/stack/data/venv/lib/python3.12/site-packages/oslo_config/cfg.py:3006}}
Mar 19 22:23:02.807290 np0000160176 nova-scheduler[107644]: DEBUG cotyledon.oslo_config_glue [-] oslo_middleware.http_basic_auth_user_file = /etc/htpasswd {{(pid=107644) log_opt_values /opt/stack/data/venv/lib/python3.12/site-packages/oslo_config/cfg.py:3006}}
Mar 19 22:23:02.807355 np0000160176 nova-scheduler[107644]: DEBUG cotyledon.oslo_config_glue [-] oslo_messaging_metrics.metrics_buffer_size = 1000 {{(pid=107644) log_opt_values /opt/stack/data/venv/lib/python3.12/site-packages/oslo_config/cfg.py:3006}}
Mar 19 22:23:02.807404 np0000160176 nova-scheduler[107644]: DEBUG cotyledon.oslo_config_glue [-] oslo_messaging_metrics.metrics_enabled = False {{(pid=107644) log_opt_values /opt/stack/data/venv/lib/python3.12/site-packages/oslo_config/cfg.py:3006}}
Mar 19 22:23:02.807435 np0000160176 nova-scheduler[107644]: DEBUG cotyledon.oslo_config_glue [-] oslo_messaging_metrics.metrics_process_name = {{(pid=107644) log_opt_values /opt/stack/data/venv/lib/python3.12/site-packages/oslo_config/cfg.py:3006}}
Mar 19 22:23:02.807494 np0000160176 nova-scheduler[107644]: DEBUG cotyledon.oslo_config_glue [-] oslo_messaging_metrics.metrics_socket_file = /var/tmp/metrics_collector.sock {{(pid=107644) log_opt_values /opt/stack/data/venv/lib/python3.12/site-packages/oslo_config/cfg.py:3006}}
Mar 19 22:23:02.807528 np0000160176 nova-scheduler[107644]: DEBUG cotyledon.oslo_config_glue [-] oslo_messaging_metrics.metrics_thread_stop_timeout = 10 {{(pid=107644) log_opt_values /opt/stack/data/venv/lib/python3.12/site-packages/oslo_config/cfg.py:3006}}
Mar 19 22:23:02.807602 np0000160176 nova-scheduler[107644]: DEBUG cotyledon.oslo_config_glue [-] profiler.connection_string = messaging:// {{(pid=107644) log_opt_values /opt/stack/data/venv/lib/python3.12/site-packages/oslo_config/cfg.py:3006}}
Mar 19 22:23:02.807638 np0000160176 nova-scheduler[107644]: DEBUG cotyledon.oslo_config_glue [-] profiler.enabled = False {{(pid=107644) log_opt_values /opt/stack/data/venv/lib/python3.12/site-packages/oslo_config/cfg.py:3006}}
Mar 19 22:23:02.807673 np0000160176 nova-scheduler[107644]: DEBUG cotyledon.oslo_config_glue [-] profiler.es_doc_type = notification {{(pid=107644) log_opt_values /opt/stack/data/venv/lib/python3.12/site-packages/oslo_config/cfg.py:3006}}
Mar 19 22:23:02.807719 np0000160176 nova-scheduler[107644]: DEBUG cotyledon.oslo_config_glue [-] profiler.es_scroll_size = 10000 {{(pid=107644) log_opt_values /opt/stack/data/venv/lib/python3.12/site-packages/oslo_config/cfg.py:3006}}
Mar 19 22:23:02.807750 np0000160176 nova-scheduler[107644]: DEBUG cotyledon.oslo_config_glue [-] profiler.es_scroll_time = 2m {{(pid=107644) log_opt_values /opt/stack/data/venv/lib/python3.12/site-packages/oslo_config/cfg.py:3006}}
Mar 19 22:23:02.807800 np0000160176 nova-scheduler[107644]: DEBUG cotyledon.oslo_config_glue [-] profiler.filter_error_trace = False {{(pid=107644) log_opt_values /opt/stack/data/venv/lib/python3.12/site-packages/oslo_config/cfg.py:3006}}
Mar 19 22:23:02.807831 np0000160176 nova-scheduler[107644]: DEBUG cotyledon.oslo_config_glue [-] profiler.hmac_keys = **** {{(pid=107644) log_opt_values /opt/stack/data/venv/lib/python3.12/site-packages/oslo_config/cfg.py:3006}}
Mar 19 22:23:02.807890 np0000160176 nova-scheduler[107644]: DEBUG cotyledon.oslo_config_glue [-] profiler.sentinel_service_name = mymaster {{(pid=107644) log_opt_values /opt/stack/data/venv/lib/python3.12/site-packages/oslo_config/cfg.py:3006}}
Mar 19 22:23:02.807927 np0000160176 nova-scheduler[107644]: DEBUG cotyledon.oslo_config_glue [-] profiler.socket_timeout = 0.1 {{(pid=107644) log_opt_values /opt/stack/data/venv/lib/python3.12/site-packages/oslo_config/cfg.py:3006}}
Mar 19 22:23:02.807976 np0000160176 nova-scheduler[107644]: DEBUG cotyledon.oslo_config_glue [-] profiler.trace_requests = False {{(pid=107644) log_opt_values /opt/stack/data/venv/lib/python3.12/site-packages/oslo_config/cfg.py:3006}}
Mar 19 22:23:02.808029 np0000160176 nova-scheduler[107644]: DEBUG cotyledon.oslo_config_glue [-] profiler.trace_sqlalchemy = False {{(pid=107644) log_opt_values /opt/stack/data/venv/lib/python3.12/site-packages/oslo_config/cfg.py:3006}}
Mar 19 22:23:02.808084 np0000160176 nova-scheduler[107644]: DEBUG cotyledon.oslo_config_glue [-] profiler_jaeger.process_tags = {} {{(pid=107644) log_opt_values /opt/stack/data/venv/lib/python3.12/site-packages/oslo_config/cfg.py:3006}}
Mar 19 22:23:02.808135 np0000160176 nova-scheduler[107644]: DEBUG cotyledon.oslo_config_glue [-] profiler_jaeger.service_name_prefix = None {{(pid=107644) log_opt_values /opt/stack/data/venv/lib/python3.12/site-packages/oslo_config/cfg.py:3006}}
Mar 19 22:23:02.808166 np0000160176 nova-scheduler[107644]: DEBUG cotyledon.oslo_config_glue [-] profiler_otlp.service_name_prefix = None {{(pid=107644) log_opt_values /opt/stack/data/venv/lib/python3.12/site-packages/oslo_config/cfg.py:3006}}
Mar 19 22:23:02.808284 np0000160176 nova-scheduler[107644]: DEBUG cotyledon.oslo_config_glue [-] oslo_messaging_rabbit.amqp_auto_delete = False {{(pid=107644) log_opt_values /opt/stack/data/venv/lib/python3.12/site-packages/oslo_config/cfg.py:3006}}
Mar 19 22:23:02.808317 np0000160176 nova-scheduler[107644]: DEBUG cotyledon.oslo_config_glue [-] oslo_messaging_rabbit.amqp_durable_queues = False {{(pid=107644) log_opt_values /opt/stack/data/venv/lib/python3.12/site-packages/oslo_config/cfg.py:3006}}
Mar 19 22:23:02.808369 np0000160176 nova-scheduler[107644]: DEBUG cotyledon.oslo_config_glue [-] oslo_messaging_rabbit.conn_pool_min_size = 2 {{(pid=107644) log_opt_values /opt/stack/data/venv/lib/python3.12/site-packages/oslo_config/cfg.py:3006}}
Mar 19 22:23:02.808432 np0000160176 nova-scheduler[107644]: DEBUG cotyledon.oslo_config_glue [-] oslo_messaging_rabbit.conn_pool_ttl = 1200 {{(pid=107644) log_opt_values /opt/stack/data/venv/lib/python3.12/site-packages/oslo_config/cfg.py:3006}}
Mar 19 22:23:02.808465 np0000160176 nova-scheduler[107644]: DEBUG cotyledon.oslo_config_glue [-] oslo_messaging_rabbit.direct_mandatory_flag = True {{(pid=107644) log_opt_values /opt/stack/data/venv/lib/python3.12/site-packages/oslo_config/cfg.py:3006}}
Mar 19 22:23:02.808502 np0000160176 nova-scheduler[107644]: DEBUG cotyledon.oslo_config_glue [-] oslo_messaging_rabbit.enable_cancel_on_failover = False {{(pid=107644) log_opt_values /opt/stack/data/venv/lib/python3.12/site-packages/oslo_config/cfg.py:3006}}
Mar 19 22:23:02.808562 np0000160176 nova-scheduler[107644]: DEBUG cotyledon.oslo_config_glue [-] oslo_messaging_rabbit.heartbeat_in_pthread = False {{(pid=107644) log_opt_values /opt/stack/data/venv/lib/python3.12/site-packages/oslo_config/cfg.py:3006}}
Mar 19 22:23:02.808594 np0000160176 nova-scheduler[107644]: DEBUG cotyledon.oslo_config_glue [-] oslo_messaging_rabbit.heartbeat_rate = 3 {{(pid=107644) log_opt_values /opt/stack/data/venv/lib/python3.12/site-packages/oslo_config/cfg.py:3006}}
Mar 19 22:23:02.808641 np0000160176 nova-scheduler[107644]: DEBUG cotyledon.oslo_config_glue [-] oslo_messaging_rabbit.heartbeat_timeout_threshold = 60 {{(pid=107644) log_opt_values /opt/stack/data/venv/lib/python3.12/site-packages/oslo_config/cfg.py:3006}}
Mar 19 22:23:02.808688 np0000160176 nova-scheduler[107644]: DEBUG cotyledon.oslo_config_glue [-] oslo_messaging_rabbit.hostname = np0000160176 {{(pid=107644) log_opt_values /opt/stack/data/venv/lib/python3.12/site-packages/oslo_config/cfg.py:3006}}
Mar 19 22:23:02.808737 np0000160176 nova-scheduler[107644]: DEBUG cotyledon.oslo_config_glue [-] oslo_messaging_rabbit.kombu_compression = None {{(pid=107644) log_opt_values /opt/stack/data/venv/lib/python3.12/site-packages/oslo_config/cfg.py:3006}}
Mar 19 22:23:02.808769 np0000160176 nova-scheduler[107644]: DEBUG cotyledon.oslo_config_glue [-] oslo_messaging_rabbit.kombu_failover_strategy = round-robin {{(pid=107644) log_opt_values /opt/stack/data/venv/lib/python3.12/site-packages/oslo_config/cfg.py:3006}}
Mar 19 22:23:02.808824 np0000160176 nova-scheduler[107644]: DEBUG cotyledon.oslo_config_glue [-] oslo_messaging_rabbit.kombu_missing_consumer_retry_timeout = 60 {{(pid=107644) log_opt_values /opt/stack/data/venv/lib/python3.12/site-packages/oslo_config/cfg.py:3006}}
Mar 19 22:23:02.808926 np0000160176 nova-scheduler[107644]: DEBUG cotyledon.oslo_config_glue [-] oslo_messaging_rabbit.kombu_reconnect_delay = 1.0 {{(pid=107644) log_opt_values /opt/stack/data/venv/lib/python3.12/site-packages/oslo_config/cfg.py:3006}}
Mar 19 22:23:02.808926 np0000160176 nova-scheduler[107644]: DEBUG cotyledon.oslo_config_glue [-] oslo_messaging_rabbit.kombu_reconnect_splay = 0.0 {{(pid=107644) log_opt_values /opt/stack/data/venv/lib/python3.12/site-packages/oslo_config/cfg.py:3006}}
Mar 19 22:23:02.809005 np0000160176 nova-scheduler[107644]: DEBUG cotyledon.oslo_config_glue [-] oslo_messaging_rabbit.processname = nova-scheduler {{(pid=107644) log_opt_values /opt/stack/data/venv/lib/python3.12/site-packages/oslo_config/cfg.py:3006}}
Mar 19 22:23:02.809005 np0000160176 nova-scheduler[107644]: DEBUG cotyledon.oslo_config_glue [-] oslo_messaging_rabbit.rabbit_ha_queues = False {{(pid=107644) log_opt_values /opt/stack/data/venv/lib/python3.12/site-packages/oslo_config/cfg.py:3006}}
Mar 19 22:23:02.809005 np0000160176 nova-scheduler[107644]: DEBUG cotyledon.oslo_config_glue [-] oslo_messaging_rabbit.rabbit_interval_max = 30 {{(pid=107644) log_opt_values /opt/stack/data/venv/lib/python3.12/site-packages/oslo_config/cfg.py:3006}}
Mar 19 22:23:02.809105 np0000160176 nova-scheduler[107644]: DEBUG cotyledon.oslo_config_glue [-] oslo_messaging_rabbit.rabbit_login_method = AMQPLAIN {{(pid=107644) log_opt_values /opt/stack/data/venv/lib/python3.12/site-packages/oslo_config/cfg.py:3006}}
Mar 19 22:23:02.809105 np0000160176 nova-scheduler[107644]: DEBUG cotyledon.oslo_config_glue [-] oslo_messaging_rabbit.rabbit_qos_prefetch_count = 0 {{(pid=107644) log_opt_values /opt/stack/data/venv/lib/python3.12/site-packages/oslo_config/cfg.py:3006}}
Mar 19 22:23:02.809162 np0000160176 nova-scheduler[107644]: DEBUG cotyledon.oslo_config_glue [-] oslo_messaging_rabbit.rabbit_quorum_delivery_limit = 0 {{(pid=107644) log_opt_values /opt/stack/data/venv/lib/python3.12/site-packages/oslo_config/cfg.py:3006}}
Mar 19 22:23:02.809162 np0000160176 nova-scheduler[107644]: DEBUG cotyledon.oslo_config_glue [-] oslo_messaging_rabbit.rabbit_quorum_max_memory_bytes = 0 {{(pid=107644) log_opt_values /opt/stack/data/venv/lib/python3.12/site-packages/oslo_config/cfg.py:3006}}
Mar 19 22:23:02.809247 np0000160176 nova-scheduler[107644]: DEBUG cotyledon.oslo_config_glue [-] oslo_messaging_rabbit.rabbit_quorum_max_memory_length = 0 {{(pid=107644) log_opt_values /opt/stack/data/venv/lib/python3.12/site-packages/oslo_config/cfg.py:3006}}
Mar 19 22:23:02.809321 np0000160176 nova-scheduler[107644]: DEBUG cotyledon.oslo_config_glue [-] oslo_messaging_rabbit.rabbit_quorum_queue = False {{(pid=107644) log_opt_values /opt/stack/data/venv/lib/python3.12/site-packages/oslo_config/cfg.py:3006}}
Mar 19 22:23:02.809373 np0000160176 nova-scheduler[107644]: DEBUG cotyledon.oslo_config_glue [-] oslo_messaging_rabbit.rabbit_retry_backoff = 2 {{(pid=107644) log_opt_values /opt/stack/data/venv/lib/python3.12/site-packages/oslo_config/cfg.py:3006}}
Mar 19 22:23:02.809404 np0000160176 nova-scheduler[107644]: DEBUG cotyledon.oslo_config_glue [-] oslo_messaging_rabbit.rabbit_retry_interval = 1 {{(pid=107644) log_opt_values /opt/stack/data/venv/lib/python3.12/site-packages/oslo_config/cfg.py:3006}}
Mar 19 22:23:02.809443 np0000160176 nova-scheduler[107644]: DEBUG cotyledon.oslo_config_glue [-] oslo_messaging_rabbit.rabbit_stream_fanout = False {{(pid=107644) log_opt_values /opt/stack/data/venv/lib/python3.12/site-packages/oslo_config/cfg.py:3006}}
Mar 19 22:23:02.809473 np0000160176 nova-scheduler[107644]: DEBUG cotyledon.oslo_config_glue [-] oslo_messaging_rabbit.rabbit_transient_queues_ttl = 1800 {{(pid=107644) log_opt_values /opt/stack/data/venv/lib/python3.12/site-packages/oslo_config/cfg.py:3006}}
Mar 19 22:23:02.809519 np0000160176 nova-scheduler[107644]: DEBUG cotyledon.oslo_config_glue [-] oslo_messaging_rabbit.rabbit_transient_quorum_queue = False {{(pid=107644) log_opt_values /opt/stack/data/venv/lib/python3.12/site-packages/oslo_config/cfg.py:3006}}
Mar 19 22:23:02.809551 np0000160176 nova-scheduler[107644]: DEBUG cotyledon.oslo_config_glue [-] oslo_messaging_rabbit.rpc_conn_pool_size = 30 {{(pid=107644) log_opt_values /opt/stack/data/venv/lib/python3.12/site-packages/oslo_config/cfg.py:3006}}
Mar 19 22:23:02.809609 np0000160176 nova-scheduler[107644]: DEBUG cotyledon.oslo_config_glue [-] oslo_messaging_rabbit.ssl = False {{(pid=107644) log_opt_values /opt/stack/data/venv/lib/python3.12/site-packages/oslo_config/cfg.py:3006}}
Mar 19 22:23:02.809648 np0000160176 nova-scheduler[107644]: DEBUG cotyledon.oslo_config_glue [-] oslo_messaging_rabbit.ssl_ca_file = {{(pid=107644) log_opt_values /opt/stack/data/venv/lib/python3.12/site-packages/oslo_config/cfg.py:3006}}
Mar 19 22:23:02.809678 np0000160176 nova-scheduler[107644]: DEBUG cotyledon.oslo_config_glue [-] oslo_messaging_rabbit.ssl_cert_file = {{(pid=107644) log_opt_values /opt/stack/data/venv/lib/python3.12/site-packages/oslo_config/cfg.py:3006}}
Mar 19 22:23:02.809728 np0000160176 nova-scheduler[107644]: DEBUG cotyledon.oslo_config_glue [-] oslo_messaging_rabbit.ssl_enforce_fips_mode = False {{(pid=107644) log_opt_values /opt/stack/data/venv/lib/python3.12/site-packages/oslo_config/cfg.py:3006}}
Mar 19 22:23:02.809778 np0000160176 nova-scheduler[107644]: DEBUG cotyledon.oslo_config_glue [-] oslo_messaging_rabbit.ssl_key_file = {{(pid=107644) log_opt_values /opt/stack/data/venv/lib/python3.12/site-packages/oslo_config/cfg.py:3006}}
Mar 19 22:23:02.809828 np0000160176 nova-scheduler[107644]: DEBUG cotyledon.oslo_config_glue [-] oslo_messaging_rabbit.ssl_version = {{(pid=107644) log_opt_values /opt/stack/data/venv/lib/python3.12/site-packages/oslo_config/cfg.py:3006}}
Mar 19 22:23:02.809863 np0000160176 nova-scheduler[107644]: DEBUG cotyledon.oslo_config_glue [-] oslo_messaging_rabbit.use_queue_manager = False {{(pid=107644) log_opt_values /opt/stack/data/venv/lib/python3.12/site-packages/oslo_config/cfg.py:3006}}
Mar 19 22:23:02.809935 np0000160176 nova-scheduler[107644]: DEBUG cotyledon.oslo_config_glue [-] oslo_messaging_notifications.driver = ['messagingv2'] {{(pid=107644) log_opt_values /opt/stack/data/venv/lib/python3.12/site-packages/oslo_config/cfg.py:3006}}
Mar 19 22:23:02.809990 np0000160176 nova-scheduler[107644]: DEBUG cotyledon.oslo_config_glue [-] oslo_messaging_notifications.retry = -1 {{(pid=107644) log_opt_values /opt/stack/data/venv/lib/python3.12/site-packages/oslo_config/cfg.py:3006}}
Mar 19 22:23:02.810041 np0000160176 nova-scheduler[107644]: DEBUG cotyledon.oslo_config_glue [-] oslo_messaging_notifications.topics = ['notifications'] {{(pid=107644) log_opt_values /opt/stack/data/venv/lib/python3.12/site-packages/oslo_config/cfg.py:3006}}
Mar 19 22:23:02.810077 np0000160176 nova-scheduler[107644]: DEBUG cotyledon.oslo_config_glue [-] oslo_messaging_notifications.transport_url = **** {{(pid=107644) log_opt_values /opt/stack/data/venv/lib/python3.12/site-packages/oslo_config/cfg.py:3006}}
Mar 19 22:23:02.810155 np0000160176 nova-scheduler[107644]: DEBUG cotyledon.oslo_config_glue [-] oslo_limit.auth_section = None {{(pid=107644) log_opt_values /opt/stack/data/venv/lib/python3.12/site-packages/oslo_config/cfg.py:3006}}
Mar 19 22:23:02.810187 np0000160176 nova-scheduler[107644]: DEBUG cotyledon.oslo_config_glue [-] oslo_limit.auth_type = None {{(pid=107644) log_opt_values /opt/stack/data/venv/lib/python3.12/site-packages/oslo_config/cfg.py:3006}}
Mar 19 22:23:02.810246 np0000160176 nova-scheduler[107644]: DEBUG cotyledon.oslo_config_glue [-] oslo_limit.cafile = None {{(pid=107644) log_opt_values /opt/stack/data/venv/lib/python3.12/site-packages/oslo_config/cfg.py:3006}}
Mar 19 22:23:02.810303 np0000160176 nova-scheduler[107644]: DEBUG cotyledon.oslo_config_glue [-] oslo_limit.certfile = None {{(pid=107644) log_opt_values /opt/stack/data/venv/lib/python3.12/site-packages/oslo_config/cfg.py:3006}}
Mar 19 22:23:02.810334 np0000160176 nova-scheduler[107644]: DEBUG cotyledon.oslo_config_glue [-] oslo_limit.collect_timing = False {{(pid=107644) log_opt_values /opt/stack/data/venv/lib/python3.12/site-packages/oslo_config/cfg.py:3006}}
Mar 19 22:23:02.810384 np0000160176 nova-scheduler[107644]: DEBUG cotyledon.oslo_config_glue [-] oslo_limit.connect_retries = None {{(pid=107644) log_opt_values /opt/stack/data/venv/lib/python3.12/site-packages/oslo_config/cfg.py:3006}}
Mar 19 22:23:02.810415 np0000160176 nova-scheduler[107644]: DEBUG cotyledon.oslo_config_glue [-] oslo_limit.connect_retry_delay = None {{(pid=107644) log_opt_values /opt/stack/data/venv/lib/python3.12/site-packages/oslo_config/cfg.py:3006}}
Mar 19 22:23:02.810473 np0000160176 nova-scheduler[107644]: DEBUG cotyledon.oslo_config_glue [-] oslo_limit.endpoint_id = None {{(pid=107644) log_opt_values /opt/stack/data/venv/lib/python3.12/site-packages/oslo_config/cfg.py:3006}}
Mar 19 22:23:02.810511 np0000160176 nova-scheduler[107644]: DEBUG cotyledon.oslo_config_glue [-] oslo_limit.endpoint_interface = public {{(pid=107644) log_opt_values /opt/stack/data/venv/lib/python3.12/site-packages/oslo_config/cfg.py:3006}}
Mar 19 22:23:02.810562 np0000160176 nova-scheduler[107644]: DEBUG cotyledon.oslo_config_glue [-] oslo_limit.endpoint_override = None {{(pid=107644) log_opt_values /opt/stack/data/venv/lib/python3.12/site-packages/oslo_config/cfg.py:3006}}
Mar 19 22:23:02.810594 np0000160176 nova-scheduler[107644]: DEBUG cotyledon.oslo_config_glue [-] oslo_limit.endpoint_region_name = None {{(pid=107644) log_opt_values /opt/stack/data/venv/lib/python3.12/site-packages/oslo_config/cfg.py:3006}}
Mar 19 22:23:02.810652 np0000160176 nova-scheduler[107644]: DEBUG cotyledon.oslo_config_glue [-] oslo_limit.endpoint_service_name = None {{(pid=107644) log_opt_values /opt/stack/data/venv/lib/python3.12/site-packages/oslo_config/cfg.py:3006}}
Mar 19 22:23:02.810699 np0000160176 nova-scheduler[107644]: DEBUG cotyledon.oslo_config_glue [-] oslo_limit.endpoint_service_type = None {{(pid=107644) log_opt_values /opt/stack/data/venv/lib/python3.12/site-packages/oslo_config/cfg.py:3006}}
Mar 19 22:23:02.810729 np0000160176 nova-scheduler[107644]: DEBUG cotyledon.oslo_config_glue [-] oslo_limit.insecure = False {{(pid=107644) log_opt_values /opt/stack/data/venv/lib/python3.12/site-packages/oslo_config/cfg.py:3006}}
Mar 19 22:23:02.810760 np0000160176 nova-scheduler[107644]: DEBUG cotyledon.oslo_config_glue [-] oslo_limit.keyfile = None {{(pid=107644) log_opt_values /opt/stack/data/venv/lib/python3.12/site-packages/oslo_config/cfg.py:3006}}
Mar 19 22:23:02.810803 np0000160176 nova-scheduler[107644]: DEBUG cotyledon.oslo_config_glue [-] oslo_limit.max_version = None {{(pid=107644) log_opt_values /opt/stack/data/venv/lib/python3.12/site-packages/oslo_config/cfg.py:3006}}
Mar 19 22:23:02.810834 np0000160176 nova-scheduler[107644]: DEBUG cotyledon.oslo_config_glue [-] oslo_limit.min_version = None {{(pid=107644) log_opt_values /opt/stack/data/venv/lib/python3.12/site-packages/oslo_config/cfg.py:3006}}
Mar 19 22:23:02.810883 np0000160176 nova-scheduler[107644]: DEBUG cotyledon.oslo_config_glue [-] oslo_limit.region_name = None {{(pid=107644) log_opt_values /opt/stack/data/venv/lib/python3.12/site-packages/oslo_config/cfg.py:3006}}
Mar 19 22:23:02.810914 np0000160176 nova-scheduler[107644]: DEBUG cotyledon.oslo_config_glue [-] oslo_limit.retriable_status_codes = None {{(pid=107644) log_opt_values /opt/stack/data/venv/lib/python3.12/site-packages/oslo_config/cfg.py:3006}}
Mar 19 22:23:02.810975 np0000160176 nova-scheduler[107644]: DEBUG cotyledon.oslo_config_glue [-] oslo_limit.service_name = None {{(pid=107644) log_opt_values /opt/stack/data/venv/lib/python3.12/site-packages/oslo_config/cfg.py:3006}}
Mar 19 22:23:02.811014 np0000160176 nova-scheduler[107644]: DEBUG cotyledon.oslo_config_glue [-] oslo_limit.service_type = None {{(pid=107644) log_opt_values /opt/stack/data/venv/lib/python3.12/site-packages/oslo_config/cfg.py:3006}}
Mar 19 22:23:02.811048 np0000160176 nova-scheduler[107644]: DEBUG cotyledon.oslo_config_glue [-] oslo_limit.split_loggers = False {{(pid=107644) log_opt_values /opt/stack/data/venv/lib/python3.12/site-packages/oslo_config/cfg.py:3006}}
Mar 19 22:23:02.811113 np0000160176 nova-scheduler[107644]: DEBUG cotyledon.oslo_config_glue [-] oslo_limit.status_code_retries = None {{(pid=107644) log_opt_values /opt/stack/data/venv/lib/python3.12/site-packages/oslo_config/cfg.py:3006}}
Mar 19 22:23:02.811150 np0000160176 nova-scheduler[107644]: DEBUG cotyledon.oslo_config_glue [-] oslo_limit.status_code_retry_delay = None {{(pid=107644) log_opt_values /opt/stack/data/venv/lib/python3.12/site-packages/oslo_config/cfg.py:3006}}
Mar 19 22:23:02.811202 np0000160176 nova-scheduler[107644]: DEBUG cotyledon.oslo_config_glue [-] oslo_limit.timeout = None {{(pid=107644) log_opt_values /opt/stack/data/venv/lib/python3.12/site-packages/oslo_config/cfg.py:3006}}
Mar 19 22:23:02.811262 np0000160176 nova-scheduler[107644]: DEBUG cotyledon.oslo_config_glue [-] oslo_limit.valid_interfaces = None {{(pid=107644) log_opt_values /opt/stack/data/venv/lib/python3.12/site-packages/oslo_config/cfg.py:3006}}
Mar 19 22:23:02.811312 np0000160176 nova-scheduler[107644]: DEBUG cotyledon.oslo_config_glue [-] oslo_limit.version = None {{(pid=107644) log_opt_values /opt/stack/data/venv/lib/python3.12/site-packages/oslo_config/cfg.py:3006}}
Mar 19 22:23:02.811375 np0000160176 nova-scheduler[107644]: DEBUG cotyledon.oslo_config_glue [-] oslo_reports.file_event_handler = None {{(pid=107644) log_opt_values /opt/stack/data/venv/lib/python3.12/site-packages/oslo_config/cfg.py:3006}}
Mar 19 22:23:02.811414 np0000160176 nova-scheduler[107644]: DEBUG cotyledon.oslo_config_glue [-] oslo_reports.file_event_handler_interval = 1 {{(pid=107644) log_opt_values /opt/stack/data/venv/lib/python3.12/site-packages/oslo_config/cfg.py:3006}}
Mar 19 22:23:02.811459 np0000160176 nova-scheduler[107644]: DEBUG cotyledon.oslo_config_glue [-] oslo_reports.log_dir = None {{(pid=107644) log_opt_values /opt/stack/data/venv/lib/python3.12/site-packages/oslo_config/cfg.py:3006}}
Mar 19 22:23:02.811494 np0000160176 nova-scheduler[107644]: DEBUG cotyledon.oslo_config_glue [-] ******************************************************************************** {{(pid=107644) log_opt_values /opt/stack/data/venv/lib/python3.12/site-packages/oslo_config/cfg.py:3013}}
Mar 19 22:23:02.811540 np0000160176 nova-scheduler[107617]: DEBUG nova.service [None req-8b95e473-1726-4086-8574-180b788ebbd4 None None] Join ServiceGroup membership for this service scheduler {{(pid=107617) start /opt/stack/nova/nova/service.py:221}}
Mar 19 22:23:02.811719 np0000160176 nova-scheduler[107644]: DEBUG cotyledon._service_worker [-] Run service ServiceWrapper(3) [107644] {{(pid=107644) wait_forever /opt/stack/data/venv/lib/python3.12/site-packages/cotyledon/_service_worker.py:218}}
Mar 19 22:23:02.812197 np0000160176 nova-scheduler[107617]: DEBUG nova.servicegroup.drivers.db [None req-8b95e473-1726-4086-8574-180b788ebbd4 None None] DB_Driver: join new ServiceGroup member np0000160176 to the scheduler group, service = {{(pid=107617) join /opt/stack/nova/nova/servicegroup/drivers/db.py:44}}
Mar 19 22:23:02.813406 np0000160176 nova-scheduler[107644]: INFO nova.service [-] Starting scheduler node (version 33.0.0)
Mar 19 22:23:02.813969 np0000160176 nova-scheduler[107625]: DEBUG nova.service [None req-d0555dd2-42f0-432f-9ee6-fbbd1d3d5bec None None] Join ServiceGroup membership for this service scheduler {{(pid=107625) start /opt/stack/nova/nova/service.py:221}}
Mar 19 22:23:02.814250 np0000160176 nova-scheduler[107625]: DEBUG nova.servicegroup.drivers.db [None req-d0555dd2-42f0-432f-9ee6-fbbd1d3d5bec None None] DB_Driver: join new ServiceGroup member np0000160176 to the scheduler group, service = {{(pid=107625) join /opt/stack/nova/nova/servicegroup/drivers/db.py:44}}
Mar 19 22:23:02.814360 np0000160176 nova-scheduler[107636]: DEBUG oslo_db.sqlalchemy.engines [None req-0f019b94-a317-4852-b402-e1275ca764d2 None None] MySQL server mode set to STRICT_TRANS_TABLES,STRICT_ALL_TABLES,NO_ZERO_IN_DATE,NO_ZERO_DATE,ERROR_FOR_DIVISION_BY_ZERO,TRADITIONAL,NO_ENGINE_SUBSTITUTION {{(pid=107636) _check_effective_sql_mode /opt/stack/data/venv/lib/python3.12/site-packages/oslo_db/sqlalchemy/engines.py:325}}
Mar 19 22:23:02.823436 np0000160176 nova-scheduler[107644]: INFO dbcounter [None req-4354faca-46aa-4505-93bb-a34b02e00f59 None None] Registered counter for database nova_cell0
Mar 19 22:23:02.827192 np0000160176 nova-scheduler[107636]: DEBUG dbcounter [-] [107636] Writer thread running {{(pid=107636) stat_writer /opt/stack/data/venv/lib/python3.12/site-packages/dbcounter.py:102}}
Mar 19 22:23:02.830885 np0000160176 nova-scheduler[107636]: DEBUG nova.service [None req-0f019b94-a317-4852-b402-e1275ca764d2 None None] Creating RPC server for service: nova-scheduler on topic: scheduler {{(pid=107636) start /opt/stack/nova/nova/service.py:195}}
Mar 19 22:23:02.837358 np0000160176 nova-scheduler[107644]: DEBUG oslo_db.sqlalchemy.engines [None req-4354faca-46aa-4505-93bb-a34b02e00f59 None None] MySQL server mode set to STRICT_TRANS_TABLES,STRICT_ALL_TABLES,NO_ZERO_IN_DATE,NO_ZERO_DATE,ERROR_FOR_DIVISION_BY_ZERO,TRADITIONAL,NO_ENGINE_SUBSTITUTION {{(pid=107644) _check_effective_sql_mode /opt/stack/data/venv/lib/python3.12/site-packages/oslo_db/sqlalchemy/engines.py:325}}
Mar 19 22:23:02.853703 np0000160176 nova-scheduler[107644]: DEBUG dbcounter [-] [107644] Writer thread running {{(pid=107644) stat_writer /opt/stack/data/venv/lib/python3.12/site-packages/dbcounter.py:102}}
Mar 19 22:23:02.857171 np0000160176 nova-scheduler[107644]: DEBUG nova.service [None req-4354faca-46aa-4505-93bb-a34b02e00f59 None None] Creating RPC server for service: nova-scheduler on topic: scheduler {{(pid=107644) start /opt/stack/nova/nova/service.py:195}}
Mar 19 22:23:02.863935 np0000160176 nova-scheduler[107636]: DEBUG nova.service [None req-0f019b94-a317-4852-b402-e1275ca764d2 None None] Join ServiceGroup membership for this service scheduler {{(pid=107636) start /opt/stack/nova/nova/service.py:221}}
Mar 19 22:23:02.864268 np0000160176 nova-scheduler[107636]: DEBUG nova.servicegroup.drivers.db [None req-0f019b94-a317-4852-b402-e1275ca764d2 None None] DB_Driver: join new ServiceGroup member np0000160176 to the scheduler group, service = {{(pid=107636) join /opt/stack/nova/nova/servicegroup/drivers/db.py:44}}
Mar 19 22:23:02.881343 np0000160176 nova-scheduler[107644]: DEBUG nova.service [None req-4354faca-46aa-4505-93bb-a34b02e00f59 None None] Join ServiceGroup membership for this service scheduler {{(pid=107644) start /opt/stack/nova/nova/service.py:221}}
Mar 19 22:23:02.881554 np0000160176 nova-scheduler[107644]: DEBUG nova.servicegroup.drivers.db [None req-4354faca-46aa-4505-93bb-a34b02e00f59 None None] DB_Driver: join new ServiceGroup member np0000160176 to the scheduler group, service = {{(pid=107644) join /opt/stack/nova/nova/servicegroup/drivers/db.py:44}}
Mar 19 22:23:03.816503 np0000160176 nova-scheduler[107617]: DEBUG oslo.service.backend._threading.loopingcall [None req-a16de5a9-8032-4de2-a69d-e4b4e8f61f81 None None] Dynamic interval looping call 'nova.service.Service.periodic_tasks' sleeping for 60.00 seconds {{(pid=107617) _run_loop /opt/stack/data/venv/lib/python3.12/site-packages/oslo_service/backend/_threading/loopingcall.py:125}}
Mar 19 22:23:07.835051 np0000160176 nova-scheduler[107617]: DEBUG oslo.service.backend._threading.loopingcall [-] Fixed interval looping call 'nova.servicegroup.drivers.db.DbDriver._report_state' sleeping for 119.98 seconds {{(pid=107617) _run_loop /opt/stack/data/venv/lib/python3.12/site-packages/oslo_service/backend/_threading/loopingcall.py:125}}
Mar 19 22:23:07.837610 np0000160176 nova-scheduler[107625]: DEBUG oslo.service.backend._threading.loopingcall [-] Fixed interval looping call 'nova.servicegroup.drivers.db.DbDriver._report_state' sleeping for 119.98 seconds {{(pid=107625) _run_loop /opt/stack/data/venv/lib/python3.12/site-packages/oslo_service/backend/_threading/loopingcall.py:125}}
Mar 19 22:23:07.879392 np0000160176 nova-scheduler[107636]: DEBUG oslo.service.backend._threading.loopingcall [-] Fixed interval looping call 'nova.servicegroup.drivers.db.DbDriver._report_state' sleeping for 119.99 seconds {{(pid=107636) _run_loop /opt/stack/data/venv/lib/python3.12/site-packages/oslo_service/backend/_threading/loopingcall.py:125}}
Mar 19 22:23:07.897931 np0000160176 nova-scheduler[107644]: DEBUG oslo.service.backend._threading.loopingcall [-] Fixed interval looping call 'nova.servicegroup.drivers.db.DbDriver._report_state' sleeping for 119.99 seconds {{(pid=107644) _run_loop /opt/stack/data/venv/lib/python3.12/site-packages/oslo_service/backend/_threading/loopingcall.py:125}}
Mar 19 22:23:11.401736 np0000160176 nova-scheduler[106877]: DEBUG dbcounter [-] [106877] Writing DB stats nova_api:SELECT=3 {{(pid=106877) stat_writer /opt/stack/data/venv/lib/python3.12/site-packages/dbcounter.py:115}}
Mar 19 22:23:11.532219 np0000160176 nova-scheduler[106877]: DEBUG dbcounter [-] [106877] Writing DB stats nova_cell0:SELECT=1 {{(pid=106877) stat_writer /opt/stack/data/venv/lib/python3.12/site-packages/dbcounter.py:115}}
Mar 19 22:23:11.533217 np0000160176 nova-scheduler[106877]: DEBUG dbcounter [-] [106877] Writing DB stats nova_cell1:SELECT=1 {{(pid=106877) stat_writer /opt/stack/data/venv/lib/python3.12/site-packages/dbcounter.py:115}}
Mar 19 22:23:13.868104 np0000160176 nova-scheduler[107636]: DEBUG oslo.service.backend._threading.loopingcall [None req-771ef0fb-3c44-48e7-b9c4-926b34a5dfe2 None None] Dynamic interval looping call 'nova.service.Service.periodic_tasks' sleeping for 60.00 seconds {{(pid=107636) _run_loop /opt/stack/data/venv/lib/python3.12/site-packages/oslo_service/backend/_threading/loopingcall.py:125}}
Mar 19 22:23:17.830290 np0000160176 nova-scheduler[107617]: DEBUG dbcounter [-] [107617] Writing DB stats nova_cell0:SELECT=4,nova_cell0:INSERT=1,nova_cell0:UPDATE=1 {{(pid=107617) stat_writer /opt/stack/data/venv/lib/python3.12/site-packages/dbcounter.py:115}}
Mar 19 22:23:17.835799 np0000160176 nova-scheduler[107625]: DEBUG dbcounter [-] [107625] Writing DB stats nova_cell0:SELECT=3,nova_cell0:UPDATE=1 {{(pid=107625) stat_writer /opt/stack/data/venv/lib/python3.12/site-packages/dbcounter.py:115}}
Mar 19 22:23:17.876603 np0000160176 nova-scheduler[107636]: DEBUG dbcounter [-] [107636] Writing DB stats nova_cell0:SELECT=3 {{(pid=107636) stat_writer /opt/stack/data/venv/lib/python3.12/site-packages/dbcounter.py:115}}
Mar 19 22:23:17.894422 np0000160176 nova-scheduler[107644]: DEBUG dbcounter [-] [107644] Writing DB stats nova_cell0:SELECT=3 {{(pid=107644) stat_writer /opt/stack/data/venv/lib/python3.12/site-packages/dbcounter.py:115}}
Mar 19 22:23:36.884791 np0000160176 nova-scheduler[107644]: DEBUG oslo.service.backend._threading.loopingcall [None req-b2335cb0-7030-4c65-a85c-27b5f89e3713 None None] Dynamic interval looping call 'nova.service.Service.periodic_tasks' sleeping for 60.00 seconds {{(pid=107644) _run_loop /opt/stack/data/venv/lib/python3.12/site-packages/oslo_service/backend/_threading/loopingcall.py:125}}
Mar 19 22:23:50.820496 np0000160176 nova-scheduler[107625]: DEBUG oslo.service.backend._threading.loopingcall [None req-cfd54ae7-2c6d-4519-a5ed-5f0d6d51bf69 None None] Dynamic interval looping call 'nova.service.Service.periodic_tasks' sleeping for 60.00 seconds {{(pid=107625) _run_loop /opt/stack/data/venv/lib/python3.12/site-packages/oslo_service/backend/_threading/loopingcall.py:125}}
Mar 19 22:24:03.820673 np0000160176 nova-scheduler[107617]: DEBUG oslo.service.backend._threading.loopingcall [None req-a16de5a9-8032-4de2-a69d-e4b4e8f61f81 None None] Dynamic interval looping call 'nova.service.Service.periodic_tasks' sleeping for 60.00 seconds {{(pid=107617) _run_loop /opt/stack/data/venv/lib/python3.12/site-packages/oslo_service/backend/_threading/loopingcall.py:125}}
Mar 19 22:24:13.868891 np0000160176 nova-scheduler[107636]: DEBUG oslo.service.backend._threading.loopingcall [None req-771ef0fb-3c44-48e7-b9c4-926b34a5dfe2 None None] Dynamic interval looping call 'nova.service.Service.periodic_tasks' sleeping for 60.00 seconds {{(pid=107636) _run_loop /opt/stack/data/venv/lib/python3.12/site-packages/oslo_service/backend/_threading/loopingcall.py:125}}
Mar 19 22:24:36.885924 np0000160176 nova-scheduler[107644]: DEBUG oslo.service.backend._threading.loopingcall [None req-b2335cb0-7030-4c65-a85c-27b5f89e3713 None None] Dynamic interval looping call 'nova.service.Service.periodic_tasks' sleeping for 60.00 seconds {{(pid=107644) _run_loop /opt/stack/data/venv/lib/python3.12/site-packages/oslo_service/backend/_threading/loopingcall.py:125}}
Mar 19 22:24:50.822104 np0000160176 nova-scheduler[107625]: DEBUG oslo.service.backend._threading.loopingcall [None req-cfd54ae7-2c6d-4519-a5ed-5f0d6d51bf69 None None] Dynamic interval looping call 'nova.service.Service.periodic_tasks' sleeping for 60.00 seconds {{(pid=107625) _run_loop /opt/stack/data/venv/lib/python3.12/site-packages/oslo_service/backend/_threading/loopingcall.py:125}}
Mar 19 22:25:03.822716 np0000160176 nova-scheduler[107617]: DEBUG oslo.service.backend._threading.loopingcall [None req-a16de5a9-8032-4de2-a69d-e4b4e8f61f81 None None] Dynamic interval looping call 'nova.service.Service.periodic_tasks' sleeping for 60.00 seconds {{(pid=107617) _run_loop /opt/stack/data/venv/lib/python3.12/site-packages/oslo_service/backend/_threading/loopingcall.py:125}}
Mar 19 22:25:07.831478 np0000160176 nova-scheduler[107617]: DEBUG oslo.service.backend._threading.loopingcall [-] Fixed interval looping call 'nova.servicegroup.drivers.db.DbDriver._report_state' sleeping for 119.98 seconds {{(pid=107617) _run_loop /opt/stack/data/venv/lib/python3.12/site-packages/oslo_service/backend/_threading/loopingcall.py:125}}
Mar 19 22:25:07.832157 np0000160176 nova-scheduler[107625]: DEBUG oslo.service.backend._threading.loopingcall [-] Fixed interval looping call 'nova.servicegroup.drivers.db.DbDriver._report_state' sleeping for 119.99 seconds {{(pid=107625) _run_loop /opt/stack/data/venv/lib/python3.12/site-packages/oslo_service/backend/_threading/loopingcall.py:125}}
Mar 19 22:25:07.875336 np0000160176 nova-scheduler[107636]: DEBUG oslo.service.backend._threading.loopingcall [-] Fixed interval looping call 'nova.servicegroup.drivers.db.DbDriver._report_state' sleeping for 119.99 seconds {{(pid=107636) _run_loop /opt/stack/data/venv/lib/python3.12/site-packages/oslo_service/backend/_threading/loopingcall.py:125}}
Mar 19 22:25:07.893873 np0000160176 nova-scheduler[107644]: DEBUG oslo.service.backend._threading.loopingcall [-] Fixed interval looping call 'nova.servicegroup.drivers.db.DbDriver._report_state' sleeping for 119.99 seconds {{(pid=107644) _run_loop /opt/stack/data/venv/lib/python3.12/site-packages/oslo_service/backend/_threading/loopingcall.py:125}}
Mar 19 22:25:13.869445 np0000160176 nova-scheduler[107636]: DEBUG oslo.service.backend._threading.loopingcall [None req-771ef0fb-3c44-48e7-b9c4-926b34a5dfe2 None None] Dynamic interval looping call 'nova.service.Service.periodic_tasks' sleeping for 60.00 seconds {{(pid=107636) _run_loop /opt/stack/data/venv/lib/python3.12/site-packages/oslo_service/backend/_threading/loopingcall.py:125}}
Mar 19 22:25:17.822567 np0000160176 nova-scheduler[107625]: DEBUG dbcounter [-] [107625] Writing DB stats nova_cell0:SELECT=1,nova_cell0:UPDATE=1 {{(pid=107625) stat_writer /opt/stack/data/venv/lib/python3.12/site-packages/dbcounter.py:115}}
Mar 19 22:25:17.823223 np0000160176 nova-scheduler[107617]: DEBUG dbcounter [-] [107617] Writing DB stats nova_cell0:SELECT=1,nova_cell0:UPDATE=1 {{(pid=107617) stat_writer /opt/stack/data/venv/lib/python3.12/site-packages/dbcounter.py:115}}
Mar 19 22:25:17.872479 np0000160176 nova-scheduler[107636]: DEBUG dbcounter [-] [107636] Writing DB stats nova_cell0:SELECT=1 {{(pid=107636) stat_writer /opt/stack/data/venv/lib/python3.12/site-packages/dbcounter.py:115}}
Mar 19 22:25:17.891184 np0000160176 nova-scheduler[107644]: DEBUG dbcounter [-] [107644] Writing DB stats nova_cell0:SELECT=1 {{(pid=107644) stat_writer /opt/stack/data/venv/lib/python3.12/site-packages/dbcounter.py:115}}
Mar 19 22:25:36.886680 np0000160176 nova-scheduler[107644]: DEBUG oslo.service.backend._threading.loopingcall [None req-b2335cb0-7030-4c65-a85c-27b5f89e3713 None None] Dynamic interval looping call 'nova.service.Service.periodic_tasks' sleeping for 60.00 seconds {{(pid=107644) _run_loop /opt/stack/data/venv/lib/python3.12/site-packages/oslo_service/backend/_threading/loopingcall.py:125}}
Mar 19 22:25:50.823078 np0000160176 nova-scheduler[107625]: DEBUG oslo.service.backend._threading.loopingcall [None req-cfd54ae7-2c6d-4519-a5ed-5f0d6d51bf69 None None] Dynamic interval looping call 'nova.service.Service.periodic_tasks' sleeping for 60.00 seconds {{(pid=107625) _run_loop /opt/stack/data/venv/lib/python3.12/site-packages/oslo_service/backend/_threading/loopingcall.py:125}}
Mar 19 22:26:03.823563 np0000160176 nova-scheduler[107617]: DEBUG oslo.service.backend._threading.loopingcall [None req-a16de5a9-8032-4de2-a69d-e4b4e8f61f81 None None] Dynamic interval looping call 'nova.service.Service.periodic_tasks' sleeping for 60.00 seconds {{(pid=107617) _run_loop /opt/stack/data/venv/lib/python3.12/site-packages/oslo_service/backend/_threading/loopingcall.py:125}}
Mar 19 22:26:13.870209 np0000160176 nova-scheduler[107636]: DEBUG oslo.service.backend._threading.loopingcall [None req-771ef0fb-3c44-48e7-b9c4-926b34a5dfe2 None None] Dynamic interval looping call 'nova.service.Service.periodic_tasks' sleeping for 60.00 seconds {{(pid=107636) _run_loop /opt/stack/data/venv/lib/python3.12/site-packages/oslo_service/backend/_threading/loopingcall.py:125}}
Mar 19 22:26:36.887659 np0000160176 nova-scheduler[107644]: DEBUG oslo.service.backend._threading.loopingcall [None req-b2335cb0-7030-4c65-a85c-27b5f89e3713 None None] Dynamic interval looping call 'nova.service.Service.periodic_tasks' sleeping for 60.00 seconds {{(pid=107644) _run_loop /opt/stack/data/venv/lib/python3.12/site-packages/oslo_service/backend/_threading/loopingcall.py:125}}
Mar 19 22:26:50.824357 np0000160176 nova-scheduler[107625]: DEBUG oslo.service.backend._threading.loopingcall [None req-cfd54ae7-2c6d-4519-a5ed-5f0d6d51bf69 None None] Dynamic interval looping call 'nova.service.Service.periodic_tasks' sleeping for 60.00 seconds {{(pid=107625) _run_loop /opt/stack/data/venv/lib/python3.12/site-packages/oslo_service/backend/_threading/loopingcall.py:125}}
Mar 19 22:27:03.824409 np0000160176 nova-scheduler[107617]: DEBUG oslo.service.backend._threading.loopingcall [None req-a16de5a9-8032-4de2-a69d-e4b4e8f61f81 None None] Dynamic interval looping call 'nova.service.Service.periodic_tasks' sleeping for 60.00 seconds {{(pid=107617) _run_loop /opt/stack/data/venv/lib/python3.12/site-packages/oslo_service/backend/_threading/loopingcall.py:125}}
Mar 19 22:27:09.778086 np0000160176 nova-scheduler[107617]: DEBUG oslo.service.backend._threading.loopingcall [-] Fixed interval looping call 'nova.servicegroup.drivers.db.DbDriver._report_state' sleeping for 118.03 seconds {{(pid=107617) _run_loop /opt/stack/data/venv/lib/python3.12/site-packages/oslo_service/backend/_threading/loopingcall.py:125}}
Mar 19 22:27:09.779256 np0000160176 nova-scheduler[107625]: DEBUG oslo.service.backend._threading.loopingcall [-] Fixed interval looping call 'nova.servicegroup.drivers.db.DbDriver._report_state' sleeping for 118.04 seconds {{(pid=107625) _run_loop /opt/stack/data/venv/lib/python3.12/site-packages/oslo_service/backend/_threading/loopingcall.py:125}}
Mar 19 22:27:09.780005 np0000160176 nova-scheduler[107644]: DEBUG oslo.service.backend._threading.loopingcall [-] Fixed interval looping call 'nova.servicegroup.drivers.db.DbDriver._report_state' sleeping for 118.10 seconds {{(pid=107644) _run_loop /opt/stack/data/venv/lib/python3.12/site-packages/oslo_service/backend/_threading/loopingcall.py:125}}
Mar 19 22:27:09.781013 np0000160176 nova-scheduler[107636]: DEBUG oslo.service.backend._threading.loopingcall [-] Fixed interval looping call 'nova.servicegroup.drivers.db.DbDriver._report_state' sleeping for 118.08 seconds {{(pid=107636) _run_loop /opt/stack/data/venv/lib/python3.12/site-packages/oslo_service/backend/_threading/loopingcall.py:125}}
Mar 19 22:27:13.871326 np0000160176 nova-scheduler[107636]: DEBUG oslo.service.backend._threading.loopingcall [None req-771ef0fb-3c44-48e7-b9c4-926b34a5dfe2 None None] Dynamic interval looping call 'nova.service.Service.periodic_tasks' sleeping for 60.00 seconds {{(pid=107636) _run_loop /opt/stack/data/venv/lib/python3.12/site-packages/oslo_service/backend/_threading/loopingcall.py:125}}
Mar 19 22:27:18.227846 np0000160176 nova-scheduler[107617]: DEBUG dbcounter [-] [107617] Writing DB stats nova_cell0:SELECT=1,nova_cell0:UPDATE=1 {{(pid=107617) stat_writer /opt/stack/data/venv/lib/python3.12/site-packages/dbcounter.py:115}}
Mar 19 22:27:18.228526 np0000160176 nova-scheduler[107625]: DEBUG dbcounter [-] [107625] Writing DB stats nova_cell0:SELECT=1,nova_cell0:UPDATE=1 {{(pid=107625) stat_writer /opt/stack/data/venv/lib/python3.12/site-packages/dbcounter.py:115}}
Mar 19 22:27:18.230004 np0000160176 nova-scheduler[107644]: DEBUG dbcounter [-] [107644] Writing DB stats nova_cell0:SELECT=1,nova_cell0:UPDATE=1 {{(pid=107644) stat_writer /opt/stack/data/venv/lib/python3.12/site-packages/dbcounter.py:115}}
Mar 19 22:27:18.231590 np0000160176 nova-scheduler[107636]: DEBUG dbcounter [-] [107636] Writing DB stats nova_cell0:SELECT=1,nova_cell0:UPDATE=1 {{(pid=107636) stat_writer /opt/stack/data/venv/lib/python3.12/site-packages/dbcounter.py:115}}
