+ COMMAND=start + start + for KEYSTONE_WSGI_SCRIPT in keystone-wsgi-public ++ type -p keystone-wsgi-public + cp -a /var/lib/openstack/bin/keystone-wsgi-public /var/www/cgi-bin/keystone/ + '[' -f /etc/apache2/envvars ']' + source /etc/apache2/envvars ++ unset HOME ++ '[' '' '!=' '' ']' ++ SUFFIX= ++ export APACHE_RUN_USER=www-data ++ APACHE_RUN_USER=www-data ++ export APACHE_RUN_GROUP=www-data ++ APACHE_RUN_GROUP=www-data ++ export APACHE_PID_FILE=/var/run/apache2/apache2.pid ++ APACHE_PID_FILE=/var/run/apache2/apache2.pid ++ export APACHE_RUN_DIR=/var/run/apache2 ++ APACHE_RUN_DIR=/var/run/apache2 ++ export APACHE_LOCK_DIR=/var/lock/apache2 ++ APACHE_LOCK_DIR=/var/lock/apache2 ++ export APACHE_LOG_DIR=/var/log/apache2 ++ APACHE_LOG_DIR=/var/log/apache2 ++ export LANG=C ++ LANG=C ++ export LANG + '[' -f /var/run/apache2/apache2.pid ']' + exec apache2 -DFOREGROUND AH00558: apache2: Could not reliably determine the server's fully qualified domain name, using 10.0.0.40. Set the 'ServerName' directive globally to suppress this message AH00558: apache2: Could not reliably determine the server's fully qualified domain name, using 10.0.0.40. Set the 'ServerName' directive globally to suppress this message
[Wed Jun 03 07:39:51.950994 2026] [mpm_event:notice] [pid 1:tid 140537782118272] AH00489: Apache/2.4.58 (Ubuntu) mod_wsgi/5.0.0 Python/3.12 configured -- resuming normal operations
[Wed Jun 03 07:39:51.951131 2026] [core:notice] [pid 1:tid 140537782118272] AH00094: Command line: 'apache2 -D FOREGROUND'
[Wed Jun 03 07:40:55.526351 2026] [wsgi:error] [pid 12:tid 140537144297152] /var/lib/openstack/lib/python3.12/site-packages/oslo_utils/importutils.py:77: EventletDeprecationWarning:
[Wed Jun 03 07:40:55.526395 2026] [wsgi:error] [pid 12:tid 140537144297152] Eventlet is deprecated. It is currently being maintained in bugfix mode, and
[Wed Jun 03 07:40:55.526397 2026] [wsgi:error] [pid 12:tid 140537144297152] we strongly recommend against using it for new projects.
[Wed Jun 03 07:40:55.526398 2026] [wsgi:error] [pid 12:tid 140537144297152]
[Wed Jun 03 07:40:55.526400 2026] [wsgi:error] [pid 12:tid 140537144297152] If you are already using Eventlet, we recommend migrating to a different
[Wed Jun 03 07:40:55.526401 2026] [wsgi:error] [pid 12:tid 140537144297152] framework. For more detail see
[Wed Jun 03 07:40:55.526402 2026] [wsgi:error] [pid 12:tid 140537144297152] https://eventlet.readthedocs.io/en/latest/asyncio/migration.html
[Wed Jun 03 07:40:55.526403 2026] [wsgi:error] [pid 12:tid 140537144297152]
[Wed Jun 03 07:40:55.526404 2026] [wsgi:error] [pid 12:tid 140537144297152] __import__(import_str)
[Wed Jun 03 07:40:55.550091 2026] [wsgi:error] [pid 10:tid 140537144297152] /var/lib/openstack/lib/python3.12/site-packages/oslo_utils/importutils.py:77: EventletDeprecationWarning:
[Wed Jun 03 07:40:55.550131 2026] [wsgi:error] [pid 10:tid 140537144297152] Eventlet is deprecated. It is currently being maintained in bugfix mode, and
[Wed Jun 03 07:40:55.550133 2026] [wsgi:error] [pid 10:tid 140537144297152] we strongly recommend against using it for new projects.
[Wed Jun 03 07:40:55.550134 2026] [wsgi:error] [pid 10:tid 140537144297152]
[Wed Jun 03 07:40:55.550135 2026] [wsgi:error] [pid 10:tid 140537144297152] If you are already using Eventlet, we recommend migrating to a different
[Wed Jun 03 07:40:55.550136 2026] [wsgi:error] [pid 10:tid 140537144297152] framework. For more detail see
[Wed Jun 03 07:40:55.550138 2026] [wsgi:error] [pid 10:tid 140537144297152] https://eventlet.readthedocs.io/en/latest/asyncio/migration.html
[Wed Jun 03 07:40:55.550139 2026] [wsgi:error] [pid 10:tid 140537144297152]
[Wed Jun 03 07:40:55.550140 2026] [wsgi:error] [pid 10:tid 140537144297152] __import__(import_str) 10.0.0.133 - - [03/Jun/2026:07:40:54 +0000] "GET /v3/ HTTP/1.1" 200 249 10.0.0.133 - - [03/Jun/2026:07:40:54 +0000] "GET /v3/ HTTP/1.1" 200 249
[Wed Jun 03 07:41:07.714345 2026] [wsgi:error] [pid 11:tid 140537144297152] /var/lib/openstack/lib/python3.12/site-packages/oslo_utils/importutils.py:77: EventletDeprecationWarning:
[Wed Jun 03 07:41:07.714391 2026] [wsgi:error] [pid 11:tid 140537144297152] Eventlet is deprecated. It is currently being maintained in bugfix mode, and
[Wed Jun 03 07:41:07.714393 2026] [wsgi:error] [pid 11:tid 140537144297152] we strongly recommend against using it for new projects.
[Wed Jun 03 07:41:07.714394 2026] [wsgi:error] [pid 11:tid 140537144297152]
[Wed Jun 03 07:41:07.714395 2026] [wsgi:error] [pid 11:tid 140537144297152] If you are already using Eventlet, we recommend migrating to a different
[Wed Jun 03 07:41:07.714397 2026] [wsgi:error] [pid 11:tid 140537144297152] framework. For more detail see
[Wed Jun 03 07:41:07.714398 2026] [wsgi:error] [pid 11:tid 140537144297152] https://eventlet.readthedocs.io/en/latest/asyncio/migration.html
[Wed Jun 03 07:41:07.714399 2026] [wsgi:error] [pid 11:tid 140537144297152]
[Wed Jun 03 07:41:07.714400 2026] [wsgi:error] [pid 11:tid 140537144297152] __import__(import_str) 10.0.0.84 - - [03/Jun/2026:07:41:06 +0000] "GET / HTTP/1.1" 300 295
[Wed Jun 03 07:41:12.965990 2026] [wsgi:error] [pid 9:tid 140537144297152] /var/lib/openstack/lib/python3.12/site-packages/oslo_utils/importutils.py:77: EventletDeprecationWarning:
[Wed Jun 03 07:41:12.966035 2026] [wsgi:error] [pid 9:tid 140537144297152] Eventlet is deprecated. It is currently being maintained in bugfix mode, and
[Wed Jun 03 07:41:12.966038 2026] [wsgi:error] [pid 9:tid 140537144297152] we strongly recommend against using it for new projects.
[Wed Jun 03 07:41:12.966039 2026] [wsgi:error] [pid 9:tid 140537144297152]
[Wed Jun 03 07:41:12.966040 2026] [wsgi:error] [pid 9:tid 140537144297152] If you are already using Eventlet, we recommend migrating to a different
[Wed Jun 03 07:41:12.966042 2026] [wsgi:error] [pid 9:tid 140537144297152] framework. For more detail see
[Wed Jun 03 07:41:12.966043 2026] [wsgi:error] [pid 9:tid 140537144297152] https://eventlet.readthedocs.io/en/latest/asyncio/migration.html
[Wed Jun 03 07:41:12.966045 2026] [wsgi:error] [pid 9:tid 140537144297152]
[Wed Jun 03 07:41:12.966046 2026] [wsgi:error] [pid 9:tid 140537144297152] __import__(import_str)
[Wed Jun 03 07:41:17.702503 2026] [wsgi:error] [pid 9:tid 140537144297152] [remote 10.0.0.84:51618] 2026-06-03 07:41:17.695 9 WARNING keystone.identity.core [None req-29d4bac7-371d-414f-8674-acbc11488abf - - - - - -] Invalid domain name (atmosphere) found in config file name: keystone.exception.DomainNotFound: Could not find domain: atmosphere.
[Wed Jun 03 07:41:17.759750 2026] [wsgi:error] [pid 9:tid 140537144297152] [remote 10.0.0.84:51618] 2026-06-03 07:41:17.759 9 WARNING keystone.common.password_hashing [None req-29d4bac7-371d-414f-8674-acbc11488abf - - - - - -] Truncating password to algorithm specific maximum length 72 characters.
[Wed Jun 03 07:41:18.045612 2026] [wsgi:error] [pid 9:tid 140537144297152] [remote 10.0.0.84:51618] 2026-06-03 07:41:18.045 9 WARNING keystone.common.fernet_utils [None req-29d4bac7-371d-414f-8674-acbc11488abf - - - - - -] key_repository is world readable: /etc/keystone/fernet-keys/ 10.0.0.84 - - [03/Jun/2026:07:41:12 +0000] "POST /v3/auth/tokens HTTP/1.1" 201 1358
[Wed Jun 03 07:41:18.422458 2026] [wsgi:error] [pid 12:tid 140537144297152] [remote 10.0.0.84:51618] 2026-06-03 07:41:18.420 12 WARNING keystone.identity.core [None req-3ef91cde-8db6-40f7-a0e7-ba3370088c33 - - - - - -] Invalid domain name (atmosphere) found in config file name: keystone.exception.DomainNotFound: Could not find domain: atmosphere. 10.0.0.84 - - [03/Jun/2026:07:41:18 +0000] "POST /v3/domains HTTP/1.1" 201 261 10.0.0.214 - - [03/Jun/2026:07:41:29 +0000] "GET / HTTP/1.1" 300 295
[Wed Jun 03 07:41:29.340011 2026] [wsgi:error] [pid 11:tid 140537144297152] [remote 10.0.0.214:45108] 2026-06-03 07:41:29.339 11 WARNING keystone.common.password_hashing [None req-f81c0eb9-2e02-4537-ba79-93dcc62a6879 - - - - - -] Truncating password to algorithm specific maximum length 72 characters.
[Wed Jun 03 07:41:29.612713 2026] [wsgi:error] [pid 11:tid 140537144297152] [remote 10.0.0.214:45108] 2026-06-03 07:41:29.612 11 WARNING keystone.common.fernet_utils [None req-f81c0eb9-2e02-4537-ba79-93dcc62a6879 - - - - - -] key_repository is world readable: /etc/keystone/fernet-keys/ 10.0.0.214 - - [03/Jun/2026:07:41:29 +0000] "POST /v3/auth/tokens HTTP/1.1" 201 1358 10.0.0.214 - - [03/Jun/2026:07:41:29 +0000] "GET /v3/roles/admin HTTP/1.1" 404 83
[Wed Jun 03 07:41:29.861197 2026] [wsgi:error] [pid 12:tid 140537144297152] [remote 10.0.0.214:45108] 2026-06-03 07:41:29.860 12 WARNING keystone.common.rbac_enforcer.enforcer [None req-4156840a-8cb7-48bf-9592-6e55ababc022 2606992cf63a4efabd97fdd4fc09945b 73da2869b84d4a068b2d52a843513850 - - default default] Deprecated policy rules found. Use oslopolicy-policy-generator and oslopolicy-policy-upgrade to detect and resolve deprecated policies in your configuration. 10.0.0.214 - - [03/Jun/2026:07:41:29 +0000] "GET /v3/roles?name=admin HTTP/1.1" 200 389
[Wed Jun 03 07:41:30.361431 2026] [wsgi:error] [pid 10:tid 140537144297152] [remote 10.0.0.214:45108] 2026-06-03 07:41:30.361 10 WARNING keystone.common.rbac_enforcer.enforcer [None req-9d61a396-34c6-4161-b01a-34438c3eaaf1 2606992cf63a4efabd97fdd4fc09945b 73da2869b84d4a068b2d52a843513850 - - default default] Deprecated policy rules found. Use oslopolicy-policy-generator and oslopolicy-policy-upgrade to detect and resolve deprecated policies in your configuration. 10.0.0.214 - - [03/Jun/2026:07:41:29 +0000] "GET /v3/users/admin-RegionOne HTTP/1.1" 404 93
[Wed Jun 03 07:41:30.498312 2026] [wsgi:error] [pid 11:tid 140537144297152] [remote 10.0.0.214:45108] 2026-06-03 07:41:30.498 11 WARNING keystone.common.rbac_enforcer.enforcer [None req-3782cf9f-74b6-4062-b99a-4359cc295b9e 2606992cf63a4efabd97fdd4fc09945b 73da2869b84d4a068b2d52a843513850 - - default default] Deprecated policy rules found. Use oslopolicy-policy-generator and oslopolicy-policy-upgrade to detect and resolve deprecated policies in your configuration. 10.0.0.214 - - [03/Jun/2026:07:41:30 +0000] "GET /v3/users?name=admin-RegionOne HTTP/1.1" 200 422
[Wed Jun 03 07:41:30.670114 2026] [wsgi:error] [pid 9:tid 140537144297152] [remote 10.0.0.214:45108] 2026-06-03 07:41:30.669 9 WARNING keystone.common.rbac_enforcer.enforcer [None req-0de9d15d-3592-4446-bb30-5cf0c3b6c47e 2606992cf63a4efabd97fdd4fc09945b 73da2869b84d4a068b2d52a843513850 - - default default] Deprecated policy rules found. Use oslopolicy-policy-generator and oslopolicy-policy-upgrade to detect and resolve deprecated policies in your configuration. 10.0.0.214 - - [03/Jun/2026:07:41:30 +0000] "GET /v3/domains/default HTTP/1.1" 200 224 10.0.0.214 - - [03/Jun/2026:07:41:30 +0000] "PUT /v3/domains/default/users/2606992cf63a4efabd97fdd4fc09945b/roles/67306ee81dcf41e298a46b40edde66e1 HTTP/1.1" 204 - 10.0.0.133 - - [03/Jun/2026:07:41:39 +0000] "GET / HTTP/1.1" 300 279 10.0.0.133 - - [03/Jun/2026:07:41:40 +0000] "GET /v3 HTTP/1.1" 200 264
[Wed Jun 03 07:41:40.696623 2026] [wsgi:error] [pid 9:tid 140537144297152] [remote 10.0.0.133:57912] 2026-06-03 07:41:40.696 9 WARNING keystone.common.password_hashing [None req-ddb4a5ad-0c2d-4ccb-b83b-8bc27e200c8d - - - - - -] Truncating password to algorithm specific maximum length 72 characters.
[Wed Jun 03 07:41:40.981088 2026] [wsgi:error] [pid 9:tid 140537144297152] [remote 10.0.0.133:57912] 2026-06-03 07:41:40.980 9 WARNING keystone.common.fernet_utils [None req-ddb4a5ad-0c2d-4ccb-b83b-8bc27e200c8d - - - - - -] key_repository is world readable: /etc/keystone/fernet-keys/ 10.0.0.133 - - [03/Jun/2026:07:41:40 +0000] "POST /v3/auth/tokens HTTP/1.1" 201 1358 10.0.0.133 - - [03/Jun/2026:07:41:41 +0000] "GET / HTTP/1.1" 300 279 10.0.0.133 - - [03/Jun/2026:07:41:41 +0000] "GET /v3/domains/atmosphere HTTP/1.1" 404 90 10.0.0.133 - - [03/Jun/2026:07:41:41 +0000] "GET /v3/domains?name=atmosphere HTTP/1.1" 200 366 10.0.0.133 - - [03/Jun/2026:07:41:41 +0000] "GET /v3/domains/a4dd088695644a66b6bad23454e9a7c7 HTTP/1.1" 200 245 10.0.0.133 - - [03/Jun/2026:07:41:42 +0000] "GET /v3 HTTP/1.1" 200 264
[Wed Jun 03 07:41:42.022981 2026] [wsgi:error] [pid 10:tid 140537144297152] [remote 10.0.0.133:57912] 2026-06-03 07:41:42.022 10 WARNING keystone.common.password_hashing [None req-491fdad4-6cbe-47bc-91d6-875be0aa0aa3 - - - - - -] Truncating password to algorithm specific maximum length 72 characters.
[Wed Jun 03 07:41:42.294497 2026] [wsgi:error] [pid 10:tid 140537144297152] [remote 10.0.0.133:57912] 2026-06-03 07:41:42.294 10 WARNING keystone.common.fernet_utils [None req-491fdad4-6cbe-47bc-91d6-875be0aa0aa3 - - - - - -] key_repository is world readable: /etc/keystone/fernet-keys/ 10.0.0.133 - - [03/Jun/2026:07:41:42 +0000] "POST /v3/auth/tokens HTTP/1.1" 201 1358 10.0.0.133 - - [03/Jun/2026:07:41:42 +0000] "GET / HTTP/1.1" 300 279 10.0.0.133 - - [03/Jun/2026:07:41:42 +0000] "GET /v3/OS-FEDERATION/identity_providers/atmosphere HTTP/1.1" 404 101 10.0.0.133 - - [03/Jun/2026:07:41:42 +0000] "GET /v3/OS-FEDERATION/identity_providers HTTP/1.1" 200 154 10.0.0.133 - - [03/Jun/2026:07:41:42 +0000] "PUT /v3/OS-FEDERATION/identity_providers/atmosphere HTTP/1.1" 201 338 10.0.0.133 - - [03/Jun/2026:07:41:43 +0000] "GET /v3 HTTP/1.1" 200 264
[Wed Jun 03 07:41:43.096706 2026] [wsgi:error] [pid 9:tid 140537144297152] [remote 10.0.0.133:57926] 2026-06-03 07:41:43.096 9 WARNING keystone.common.password_hashing [None req-0575ef33-e6b8-43c1-95f0-52c0f86ea72c - - - - - -] Truncating password to algorithm specific maximum length 72 characters.
[Wed Jun 03 07:41:43.384876 2026] [wsgi:error] [pid 9:tid 140537144297152] [remote 10.0.0.133:57926] 2026-06-03 07:41:43.384 9 WARNING keystone.common.fernet_utils [None req-0575ef33-e6b8-43c1-95f0-52c0f86ea72c - - - - - -] key_repository is world readable: /etc/keystone/fernet-keys/ 10.0.0.133 - - [03/Jun/2026:07:41:43 +0000] "POST /v3/auth/tokens HTTP/1.1" 201 1358 10.0.0.133 - - [03/Jun/2026:07:41:43 +0000] "GET / HTTP/1.1" 300 279 10.0.0.133 - - [03/Jun/2026:07:41:43 +0000] "GET /v3/OS-FEDERATION/mappings/atmosphere-openid HTTP/1.1" 404 98 10.0.0.133 - - [03/Jun/2026:07:41:43 +0000] "GET /v3/OS-FEDERATION/mappings HTTP/1.1" 200 134 10.0.0.133 - - [03/Jun/2026:07:41:43 +0000] "PUT /v3/OS-FEDERATION/mappings/atmosphere-openid HTTP/1.1" 201 355 10.0.0.133 - - [03/Jun/2026:07:41:44 +0000] "GET /v3 HTTP/1.1" 200 264
[Wed Jun 03 07:41:44.232980 2026] [wsgi:error] [pid 10:tid 140537144297152] [remote 10.0.0.133:57912] 2026-06-03 07:41:44.232 10 WARNING keystone.common.password_hashing [None req-73c07d9c-2d7d-43b8-b41f-0df2667a7a26 - - - - - -] Truncating password to algorithm specific maximum length 72 characters.
[Wed Jun 03 07:41:44.512436 2026] [wsgi:error] [pid 10:tid 140537144297152] [remote 10.0.0.133:57912] 2026-06-03 07:41:44.512 10 WARNING keystone.common.fernet_utils [None req-73c07d9c-2d7d-43b8-b41f-0df2667a7a26 - - - - - -] key_repository is world readable: /etc/keystone/fernet-keys/ 10.0.0.133 - - [03/Jun/2026:07:41:44 +0000] "POST /v3/auth/tokens HTTP/1.1" 201 1358 10.0.0.133 - - [03/Jun/2026:07:41:44 +0000] "GET / HTTP/1.1" 300 279 10.0.0.133 - - [03/Jun/2026:07:41:44 +0000] "GET /v3/OS-FEDERATION/identity_providers/atmosphere/protocols/openid?idp_id=atmosphere HTTP/1.1" 404 131 10.0.0.133 - - [03/Jun/2026:07:41:44 +0000] "GET /v3/OS-FEDERATION/identity_providers/atmosphere/protocols HTTP/1.1" 200 166 10.0.0.133 - - [03/Jun/2026:07:41:44 +0000] "PUT /v3/OS-FEDERATION/identity_providers/atmosphere/protocols/openid HTTP/1.1" 201 220 10.0.0.133 - - [03/Jun/2026:07:41:54 +0000] "GET /v3/ HTTP/1.1" 200 249 10.0.0.133 - - [03/Jun/2026:07:41:54 +0000] "GET /v3/ HTTP/1.1" 200 249 10.0.0.133 - - [03/Jun/2026:07:42:54 +0000] "GET /v3/ HTTP/1.1" 200 249 10.0.0.133 - - [03/Jun/2026:07:42:54 +0000] "GET /v3/ HTTP/1.1" 200 249 10.0.0.159 - - [03/Jun/2026:07:43:07 +0000] "GET / HTTP/1.1" 300 295
[Wed Jun 03 07:43:07.895259 2026] [wsgi:error] [pid 9:tid 140537144297152] [remote 10.0.0.159:53150] 2026-06-03 07:43:07.895 9 WARNING keystone.common.password_hashing [None req-b3179b77-8ec1-4bb8-a59e-b6426ebc884a - - - - - -] Truncating password to algorithm specific maximum length 72 characters.
[Wed Jun 03 07:43:08.172435 2026] [wsgi:error] [pid 9:tid 140537144297152] [remote 10.0.0.159:53150] 2026-06-03 07:43:08.172 9 WARNING keystone.common.fernet_utils [None req-b3179b77-8ec1-4bb8-a59e-b6426ebc884a - - - - - -] key_repository is world readable: /etc/keystone/fernet-keys/ 10.0.0.159 - - [03/Jun/2026:07:43:07 +0000] "POST /v3/auth/tokens HTTP/1.1" 201 1358 10.0.0.159 - - [03/Jun/2026:07:43:08 +0000] "GET /v3/services HTTP/1.1" 200 355 10.0.0.159 - - [03/Jun/2026:07:43:11 +0000] "GET / HTTP/1.1" 300 295
[Wed Jun 03 07:43:11.651893 2026] [wsgi:error] [pid 10:tid 140537144297152] [remote 10.0.0.159:53158] 2026-06-03 07:43:11.651 10 WARNING keystone.common.password_hashing [None req-04807db1-621f-4605-a9bd-54ba99db7b68 - - - - - -] Truncating password to algorithm specific maximum length 72 characters.
[Wed Jun 03 07:43:11.929044 2026] [wsgi:error] [pid 10:tid 140537144297152] [remote 10.0.0.159:53158] 2026-06-03 07:43:11.928 10 WARNING keystone.common.fernet_utils [None req-04807db1-621f-4605-a9bd-54ba99db7b68 - - - - - -] key_repository is world readable: /etc/keystone/fernet-keys/ 10.0.0.159 - - [03/Jun/2026:07:43:11 +0000] "POST /v3/auth/tokens HTTP/1.1" 201 1358 10.0.0.159 - - [03/Jun/2026:07:43:12 +0000] "GET /v3/services HTTP/1.1" 200 355 10.0.0.159 - - [03/Jun/2026:07:43:15 +0000] "GET / HTTP/1.1" 300 295
[Wed Jun 03 07:43:15.388843 2026] [wsgi:error] [pid 12:tid 140537144297152] [remote 10.0.0.159:53168] 2026-06-03 07:43:15.388 12 WARNING keystone.common.password_hashing [None req-c21751ba-3067-4092-aafc-11a311377b1c - - - - - -] Truncating password to algorithm specific maximum length 72 characters.
[Wed Jun 03 07:43:15.670702 2026] [wsgi:error] [pid 12:tid 140537144297152] [remote 10.0.0.159:53168] 2026-06-03 07:43:15.670 12 WARNING keystone.common.fernet_utils [None req-c21751ba-3067-4092-aafc-11a311377b1c - - - - - -] key_repository is world readable: /etc/keystone/fernet-keys/ 10.0.0.159 - - [03/Jun/2026:07:43:15 +0000] "POST /v3/auth/tokens HTTP/1.1" 201 1358 10.0.0.159 - - [03/Jun/2026:07:43:15 +0000] "GET /v3/services HTTP/1.1" 200 355 10.0.0.159 - - [03/Jun/2026:07:43:19 +0000] "GET / HTTP/1.1" 300 295
[Wed Jun 03 07:43:19.227905 2026] [wsgi:error] [pid 11:tid 140537144297152] [remote 10.0.0.159:54846] 2026-06-03 07:43:19.227 11 WARNING keystone.common.password_hashing [None req-26d67c6e-d43d-4b51-bab2-029703369724 - - - - - -] Truncating password to algorithm specific maximum length 72 characters.
[Wed Jun 03 07:43:19.509295 2026] [wsgi:error] [pid 11:tid 140537144297152] [remote 10.0.0.159:54846] 2026-06-03 07:43:19.509 11 WARNING keystone.common.fernet_utils [None req-26d67c6e-d43d-4b51-bab2-029703369724 - - - - - -] key_repository is world readable: /etc/keystone/fernet-keys/ 10.0.0.159 - - [03/Jun/2026:07:43:19 +0000] "POST /v3/auth/tokens HTTP/1.1" 201 1358 10.0.0.159 - - [03/Jun/2026:07:43:19 +0000] "POST /v3/services HTTP/1.1" 201 296 10.0.0.12 - - [03/Jun/2026:07:43:30 +0000] "GET / HTTP/1.1" 300 295
[Wed Jun 03 07:43:30.089201 2026] [wsgi:error] [pid 9:tid 140537144297152] [remote 10.0.0.12:56066] 2026-06-03 07:43:30.089 9 WARNING keystone.common.password_hashing [None req-e74e06f1-60c9-4fb8-9ed0-92ca2c34b7bd - - - - - -] Truncating password to algorithm specific maximum length 72 characters. 10.0.0.12 - - [03/Jun/2026:07:43:30 +0000] "GET / HTTP/1.1" 300 295
[Wed Jun 03 07:43:30.251882 2026] [wsgi:error] [pid 12:tid 140537144297152] [remote 10.0.0.12:56082] 2026-06-03 07:43:30.251 12 WARNING keystone.common.password_hashing [None req-870d7a15-8327-4473-b1c2-48152f5b4101 - - - - - -] Truncating password to algorithm specific maximum length 72 characters. 10.0.0.12 - - [03/Jun/2026:07:43:30 +0000] "GET / HTTP/1.1" 300 295
[Wed Jun 03 07:43:30.314843 2026] [wsgi:error] [pid 11:tid 140537144297152] [remote 10.0.0.12:56094] 2026-06-03 07:43:30.314 11 WARNING keystone.common.password_hashing [None req-24bc11ec-a518-4442-b825-2368cbc1172b - - - - - -] Truncating password to algorithm specific maximum length 72 characters.
[Wed Jun 03 07:43:30.371552 2026] [wsgi:error] [pid 9:tid 140537144297152] [remote 10.0.0.12:56066] 2026-06-03 07:43:30.371 9 WARNING keystone.common.fernet_utils [None req-e74e06f1-60c9-4fb8-9ed0-92ca2c34b7bd - - - - - -] key_repository is world readable: /etc/keystone/fernet-keys/ 10.0.0.12 - - [03/Jun/2026:07:43:30 +0000] "POST /v3/auth/tokens HTTP/1.1" 201 1462 10.0.0.12 - - [03/Jun/2026:07:43:30 +0000] "GET /v3/services HTTP/1.1" 200 639
[Wed Jun 03 07:43:30.533034 2026] [wsgi:error] [pid 12:tid 140537144297152] [remote 10.0.0.12:56082] 2026-06-03 07:43:30.532 12 WARNING keystone.common.fernet_utils [None req-870d7a15-8327-4473-b1c2-48152f5b4101 - - - - - -] key_repository is world readable: /etc/keystone/fernet-keys/ 10.0.0.12 - - [03/Jun/2026:07:43:30 +0000] "POST /v3/auth/tokens HTTP/1.1" 201 1462
[Wed Jun 03 07:43:30.589490 2026] [wsgi:error] [pid 11:tid 140537144297152] [remote 10.0.0.12:56094] 2026-06-03 07:43:30.589 11 WARNING keystone.common.fernet_utils [None req-24bc11ec-a518-4442-b825-2368cbc1172b - - - - - -] key_repository is world readable: /etc/keystone/fernet-keys/ 10.0.0.12 - - [03/Jun/2026:07:43:30 +0000] "POST /v3/auth/tokens HTTP/1.1" 201 1462 10.0.0.12 - - [03/Jun/2026:07:43:30 +0000] "GET /v3/services HTTP/1.1" 200 639 10.0.0.12 - - [03/Jun/2026:07:43:30 +0000] "GET /v3/services HTTP/1.1" 200 639 10.0.0.12 - - [03/Jun/2026:07:43:31 +0000] "GET / HTTP/1.1" 300 295
[Wed Jun 03 07:43:31.917759 2026] [wsgi:error] [pid 11:tid 140537144297152] [remote 10.0.0.12:56098] 2026-06-03 07:43:31.917 11 WARNING keystone.common.password_hashing [None req-4fe5df4b-5591-47a9-88d6-e69b36f59371 - - - - - -] Truncating password to algorithm specific maximum length 72 characters. 10.0.0.12 - - [03/Jun/2026:07:43:32 +0000] "GET / HTTP/1.1" 300 295
[Wed Jun 03 07:43:32.027824 2026] [wsgi:error] [pid 10:tid 140537144297152] [remote 10.0.0.12:56106] 2026-06-03 07:43:32.027 10 WARNING keystone.common.password_hashing [None req-727a9ac6-cce4-4b6a-b128-963c30829efd - - - - - -] Truncating password to algorithm specific maximum length 72 characters. 10.0.0.12 - - [03/Jun/2026:07:43:32 +0000] "GET / HTTP/1.1" 300 295
[Wed Jun 03 07:43:32.069642 2026] [wsgi:error] [pid 9:tid 140537144297152] [remote 10.0.0.12:56114] 2026-06-03 07:43:32.069 9 WARNING keystone.common.password_hashing [None req-e9172e72-dd9f-429d-8cbd-e1105fbd7d5b - - - - - -] Truncating password to algorithm specific maximum length 72 characters.
[Wed Jun 03 07:43:32.197011 2026] [wsgi:error] [pid 11:tid 140537144297152] [remote 10.0.0.12:56098] 2026-06-03 07:43:32.196 11 WARNING keystone.common.fernet_utils [None req-4fe5df4b-5591-47a9-88d6-e69b36f59371 - - - - - -] key_repository is world readable: /etc/keystone/fernet-keys/ 10.0.0.12 - - [03/Jun/2026:07:43:31 +0000] "POST /v3/auth/tokens HTTP/1.1" 201 1462
[Wed Jun 03 07:43:32.301443 2026] [wsgi:error] [pid 10:tid 140537144297152] [remote 10.0.0.12:56106] 2026-06-03 07:43:32.301 10 WARNING keystone.common.fernet_utils [None req-727a9ac6-cce4-4b6a-b128-963c30829efd - - - - - -] key_repository is world readable: /etc/keystone/fernet-keys/ 10.0.0.12 - - [03/Jun/2026:07:43:32 +0000] "POST /v3/auth/tokens HTTP/1.1" 201 1462 10.0.0.12 - - [03/Jun/2026:07:43:32 +0000] "GET /v3/endpoints HTTP/1.1" 200 1225 10.0.0.12 - - [03/Jun/2026:07:43:32 +0000] "GET /v3/services/8644051bc4aa4d369604b2dc15402f57 HTTP/1.1" 200 233
[Wed Jun 03 07:43:32.358378 2026] [wsgi:error] [pid 9:tid 140537144297152] [remote 10.0.0.12:56114] 2026-06-03 07:43:32.358 9 WARNING keystone.common.fernet_utils [None req-e9172e72-dd9f-429d-8cbd-e1105fbd7d5b - - - - - -] key_repository is world readable: /etc/keystone/fernet-keys/ 10.0.0.12 - - [03/Jun/2026:07:43:32 +0000] "GET /v3/services/8644051bc4aa4d369604b2dc15402f57 HTTP/1.1" 200 233 10.0.0.12 - - [03/Jun/2026:07:43:32 +0000] "POST /v3/auth/tokens HTTP/1.1" 201 1462 10.0.0.12 - - [03/Jun/2026:07:43:32 +0000] "GET /v3/services/8644051bc4aa4d369604b2dc15402f57 HTTP/1.1" 200 233 10.0.0.12 - - [03/Jun/2026:07:43:32 +0000] "GET /v3/endpoints HTTP/1.1" 200 1225 10.0.0.12 - - [03/Jun/2026:07:43:32 +0000] "GET /v3/services/8644051bc4aa4d369604b2dc15402f57 HTTP/1.1" 200 233 10.0.0.12 - - [03/Jun/2026:07:43:32 +0000] "GET /v3/services/8644051bc4aa4d369604b2dc15402f57 HTTP/1.1" 200 233 10.0.0.12 - - [03/Jun/2026:07:43:32 +0000] "GET /v3/endpoints HTTP/1.1" 200 1225 10.0.0.12 - - [03/Jun/2026:07:43:32 +0000] "GET /v3/services/8644051bc4aa4d369604b2dc15402f57 HTTP/1.1" 200 233 10.0.0.12 - - [03/Jun/2026:07:43:32 +0000] "GET /v3/services/8644051bc4aa4d369604b2dc15402f57 HTTP/1.1" 200 233 10.0.0.12 - - [03/Jun/2026:07:43:32 +0000] "GET /v3/services/8644051bc4aa4d369604b2dc15402f57 HTTP/1.1" 200 233 10.0.0.12 - - [03/Jun/2026:07:43:32 +0000] "GET /v3/services/8644051bc4aa4d369604b2dc15402f57 HTTP/1.1" 200 233 10.0.0.12 - - [03/Jun/2026:07:43:33 +0000] "GET / HTTP/1.1" 300 295
[Wed Jun 03 07:43:33.662026 2026] [wsgi:error] [pid 10:tid 140537144297152] [remote 10.0.0.12:56122] 2026-06-03 07:43:33.661 10 WARNING keystone.common.password_hashing [None req-f6292f68-8292-4e1f-8f8b-c44814ea2bed - - - - - -] Truncating password to algorithm specific maximum length 72 characters. 10.0.0.12 - - [03/Jun/2026:07:43:33 +0000] "GET / HTTP/1.1" 300 295
[Wed Jun 03 07:43:33.845714 2026] [wsgi:error] [pid 12:tid 140537144297152] [remote 10.0.0.12:56124] 2026-06-03 07:43:33.845 12 WARNING keystone.common.password_hashing [None req-7c1ab846-c695-430f-b8ea-c1ef28e4d9e9 - - - - - -] Truncating password to algorithm specific maximum length 72 characters. 10.0.0.12 - - [03/Jun/2026:07:43:33 +0000] "GET / HTTP/1.1" 300 295
[Wed Jun 03 07:43:33.881249 2026] [wsgi:error] [pid 9:tid 140537144297152] [remote 10.0.0.12:56128] 2026-06-03 07:43:33.881 9 WARNING keystone.common.password_hashing [None req-afbede21-a421-4b3a-8a5b-f5a2d9ec85ad - - - - - -] Truncating password to algorithm specific maximum length 72 characters.
[Wed Jun 03 07:43:33.947470 2026] [wsgi:error] [pid 10:tid 140537144297152] [remote 10.0.0.12:56122] 2026-06-03 07:43:33.947 10 WARNING keystone.common.fernet_utils [None req-f6292f68-8292-4e1f-8f8b-c44814ea2bed - - - - - -] key_repository is world readable: /etc/keystone/fernet-keys/ 10.0.0.12 - - [03/Jun/2026:07:43:33 +0000] "POST /v3/auth/tokens HTTP/1.1" 201 1462 10.0.0.12 - - [03/Jun/2026:07:43:34 +0000] "GET /v3/services/363d4f27b4a94eee99c22e9bd6d5f9b1 HTTP/1.1" 200 296 10.0.0.12 - - [03/Jun/2026:07:43:34 +0000] "GET /v3/regions/RegionOne HTTP/1.1" 200 173
[Wed Jun 03 07:43:34.126601 2026] [wsgi:error] [pid 12:tid 140537144297152] [remote 10.0.0.12:56124] 2026-06-03 07:43:34.126 12 WARNING keystone.common.fernet_utils [None req-7c1ab846-c695-430f-b8ea-c1ef28e4d9e9 - - - - - -] key_repository is world readable: /etc/keystone/fernet-keys/ 10.0.0.12 - - [03/Jun/2026:07:43:33 +0000] "POST /v3/auth/tokens HTTP/1.1" 201 1462
[Wed Jun 03 07:43:34.173323 2026] [wsgi:error] [pid 9:tid 140537144297152] [remote 10.0.0.12:56128] 2026-06-03 07:43:34.173 9 WARNING keystone.common.fernet_utils [None req-afbede21-a421-4b3a-8a5b-f5a2d9ec85ad - - - - - -] key_repository is world readable: /etc/keystone/fernet-keys/ 10.0.0.12 - - [03/Jun/2026:07:43:33 +0000] "POST /v3/auth/tokens HTTP/1.1" 201 1462 10.0.0.12 - - [03/Jun/2026:07:43:34 +0000] "GET /v3/services/363d4f27b4a94eee99c22e9bd6d5f9b1 HTTP/1.1" 200 296 10.0.0.12 - - [03/Jun/2026:07:43:34 +0000] "GET /v3/regions/RegionOne HTTP/1.1" 200 173 10.0.0.12 - - [03/Jun/2026:07:43:34 +0000] "POST /v3/endpoints HTTP/1.1" 201 380 10.0.0.12 - - [03/Jun/2026:07:43:34 +0000] "GET /v3/services/363d4f27b4a94eee99c22e9bd6d5f9b1 HTTP/1.1" 200 296 10.0.0.12 - - [03/Jun/2026:07:43:34 +0000] "GET /v3/regions/RegionOne HTTP/1.1" 200 173 10.0.0.12 - - [03/Jun/2026:07:43:34 +0000] "POST /v3/endpoints HTTP/1.1" 201 368 10.0.0.12 - - [03/Jun/2026:07:43:34 +0000] "POST /v3/endpoints HTTP/1.1" 201 383 10.0.0.12 - - [03/Jun/2026:07:43:35 +0000] "GET / HTTP/1.1" 300 295
[Wed Jun 03 07:43:35.595199 2026] [wsgi:error] [pid 12:tid 140537144297152] [remote 10.0.0.12:56144] 2026-06-03 07:43:35.595 12 WARNING keystone.common.password_hashing [None req-51df9ba0-9168-45ea-a4cb-a970bcba0f69 - - - - - -] Truncating password to algorithm specific maximum length 72 characters. 10.0.0.12 - - [03/Jun/2026:07:43:35 +0000] "GET / HTTP/1.1" 300 295
[Wed Jun 03 07:43:35.805038 2026] [wsgi:error] [pid 9:tid 140537144297152] [remote 10.0.0.12:56158] 2026-06-03 07:43:35.804 9 WARNING keystone.common.password_hashing [None req-665886bb-7a5c-49c2-a8e9-7d427d16a22d - - - - - -] Truncating password to algorithm specific maximum length 72 characters. 10.0.0.12 - - [03/Jun/2026:07:43:35 +0000] "GET / HTTP/1.1" 300 295
[Wed Jun 03 07:43:35.838397 2026] [wsgi:error] [pid 11:tid 140537144297152] [remote 10.0.0.12:56174] 2026-06-03 07:43:35.838 11 WARNING keystone.common.password_hashing [None req-b263c45a-bd4d-41f1-8e92-b55fd0294def - - - - - -] Truncating password to algorithm specific maximum length 72 characters.
[Wed Jun 03 07:43:35.885251 2026] [wsgi:error] [pid 12:tid 140537144297152] [remote 10.0.0.12:56144] 2026-06-03 07:43:35.885 12 WARNING keystone.common.fernet_utils [None req-51df9ba0-9168-45ea-a4cb-a970bcba0f69 - - - - - -] key_repository is world readable: /etc/keystone/fernet-keys/ 10.0.0.12 - - [03/Jun/2026:07:43:35 +0000] "POST /v3/auth/tokens HTTP/1.1" 201 1988 10.0.0.12 - - [03/Jun/2026:07:43:35 +0000] "GET /v3/endpoints/ddd2148d681347c9a3ae86d8ac4cda89 HTTP/1.1" 200 380 10.0.0.12 - - [03/Jun/2026:07:43:36 +0000] "GET /v3/services/363d4f27b4a94eee99c22e9bd6d5f9b1 HTTP/1.1" 200 296
[Wed Jun 03 07:43:36.085090 2026] [wsgi:error] [pid 9:tid 140537144297152] [remote 10.0.0.12:56158] 2026-06-03 07:43:36.084 9 WARNING keystone.common.fernet_utils [None req-665886bb-7a5c-49c2-a8e9-7d427d16a22d - - - - - -] key_repository is world readable: /etc/keystone/fernet-keys/ 10.0.0.12 - - [03/Jun/2026:07:43:35 +0000] "POST /v3/auth/tokens HTTP/1.1" 201 1988
[Wed Jun 03 07:43:36.114549 2026] [wsgi:error] [pid 11:tid 140537144297152] [remote 10.0.0.12:56174] 2026-06-03 07:43:36.114 11 WARNING keystone.common.fernet_utils [None req-b263c45a-bd4d-41f1-8e92-b55fd0294def - - - - - -] key_repository is world readable: /etc/keystone/fernet-keys/ 10.0.0.12 - - [03/Jun/2026:07:43:35 +0000] "POST /v3/auth/tokens HTTP/1.1" 201 1988 10.0.0.12 - - [03/Jun/2026:07:43:36 +0000] "GET /v3/endpoints/c50848afa0e04325adff3de7a45a141b HTTP/1.1" 200 383 10.0.0.12 - - [03/Jun/2026:07:43:36 +0000] "GET /v3/services/363d4f27b4a94eee99c22e9bd6d5f9b1 HTTP/1.1" 200 296 10.0.0.12 - - [03/Jun/2026:07:43:36 +0000] "GET /v3/endpoints/f7e0dc46a5fc411ba1f2e6ec65c155e9 HTTP/1.1" 200 368 10.0.0.12 - - [03/Jun/2026:07:43:36 +0000] "GET /v3/services/363d4f27b4a94eee99c22e9bd6d5f9b1 HTTP/1.1" 200 296 10.0.0.130 - - [03/Jun/2026:07:43:47 +0000] "GET / HTTP/1.1" 300 295
[Wed Jun 03 07:43:47.297534 2026] [wsgi:error] [pid 12:tid 140537144297152] [remote 10.0.0.130:57458] 2026-06-03 07:43:47.297 12 WARNING keystone.common.password_hashing [None req-30bb1e51-420d-4a42-983e-9c2cc297a937 - - - - - -] Truncating password to algorithm specific maximum length 72 characters.
[Wed Jun 03 07:43:47.574915 2026] [wsgi:error] [pid 12:tid 140537144297152] [remote 10.0.0.130:57458] 2026-06-03 07:43:47.574 12 WARNING keystone.common.fernet_utils [None req-30bb1e51-420d-4a42-983e-9c2cc297a937 - - - - - -] key_repository is world readable: /etc/keystone/fernet-keys/ 10.0.0.130 - - [03/Jun/2026:07:43:47 +0000] "POST /v3/auth/tokens HTTP/1.1" 201 1988 10.0.0.130 - - [03/Jun/2026:07:43:47 +0000] "POST /v3/domains HTTP/1.1" 201 284 10.0.0.130 - - [03/Jun/2026:07:43:49 +0000] "GET / HTTP/1.1" 300 295
[Wed Jun 03 07:43:49.080579 2026] [wsgi:error] [pid 10:tid 140537144297152] [remote 10.0.0.130:34610] 2026-06-03 07:43:49.080 10 WARNING keystone.common.password_hashing [None req-5f2017c3-7e8a-4f0f-b75c-1a3b7643ea8b - - - - - -] Truncating password to algorithm specific maximum length 72 characters.
[Wed Jun 03 07:43:49.351967 2026] [wsgi:error] [pid 10:tid 140537144297152] [remote 10.0.0.130:34610] 2026-06-03 07:43:49.351 10 WARNING keystone.common.fernet_utils [None req-5f2017c3-7e8a-4f0f-b75c-1a3b7643ea8b - - - - - -] key_repository is world readable: /etc/keystone/fernet-keys/ 10.0.0.130 - - [03/Jun/2026:07:43:49 +0000] "POST /v3/auth/tokens HTTP/1.1" 201 1988
[Wed Jun 03 07:43:49.526578 2026] [wsgi:error] [pid 12:tid 140537144297152] [remote 10.0.0.130:34610] 2026-06-03 07:43:49.514 12 ERROR keystone.server.flask.application [None req-1743a709-6733-4f88-aba2-eca74f380fc3 2606992cf63a4efabd97fdd4fc09945b 73da2869b84d4a068b2d52a843513850 - - default default] Conflict occurred attempting to store project - it is not permitted to have two projects acting as domains with the same name: service.: keystone.exception.Conflict: Conflict occurred attempting to store project - it is not permitted to have two projects acting as domains with the same name: service.
[Wed Jun 03 07:43:49.526608 2026] [wsgi:error] [pid 12:tid 140537144297152] [remote 10.0.0.130:34610] 2026-06-03 07:43:49.514 12 ERROR keystone.server.flask.application
Traceback (most recent call last):
[Wed Jun 03 07:43:49.526610 2026] [wsgi:error] [pid 12:tid 140537144297152] [remote 10.0.0.130:34610] 2026-06-03 07:43:49.514 12 ERROR keystone.server.flask.application
File "/var/lib/openstack/lib/python3.12/site-packages/sqlalchemy/engine/base.py", line 1969, in _exec_single_context
[Wed Jun 03 07:43:49.526612 2026] [wsgi:error] [pid 12:tid 140537144297152] [remote 10.0.0.130:34610] 2026-06-03 07:43:49.514 12 ERROR keystone.server.flask.application self.dialect.do_execute(
[Wed Jun 03 07:43:49.526613 2026] [wsgi:error] [pid 12:tid 140537144297152] [remote 10.0.0.130:34610] 2026-06-03 07:43:49.514 12 ERROR keystone.server.flask.application
File "/var/lib/openstack/lib/python3.12/site-packages/sqlalchemy/engine/default.py", line 952, in do_execute
[Wed Jun 03 07:43:49.526615 2026] [wsgi:error] [pid 12:tid 140537144297152] [remote 10.0.0.130:34610] 2026-06-03 07:43:49.514 12 ERROR keystone.server.flask.application cursor.execute(statement, parameters)
[Wed Jun 03 07:43:49.526617 2026] [wsgi:error] [pid 12:tid 140537144297152] [remote 10.0.0.130:34610] 2026-06-03 07:43:49.514 12 ERROR keystone.server.flask.application
File "/var/lib/openstack/lib/python3.12/site-packages/pymysql/cursors.py", line 159, in execute
[Wed Jun 03 07:43:49.526618 2026] [wsgi:error] [pid 12:tid 140537144297152] [remote 10.0.0.130:34610] 2026-06-03 07:43:49.514 12 ERROR keystone.server.flask.application result = self._query(query)
[Wed Jun 03 07:43:49.526619 2026] [wsgi:error] [pid 12:tid 140537144297152] [remote 10.0.0.130:34610] 2026-06-03 07:43:49.514 12 ERROR keystone.server.flask.application ^^^^^^^^^^^^^^^^^^
[Wed Jun 03 07:43:49.526621 2026] [wsgi:error] [pid 12:tid 140537144297152] [remote 10.0.0.130:34610] 2026-06-03 07:43:49.514 12 ERROR keystone.server.flask.application
File "/var/lib/openstack/lib/python3.12/site-packages/pymysql/cursors.py", line 330, in _query
[Wed Jun 03 07:43:49.526622 2026] [wsgi:error] [pid 12:tid 140537144297152] [remote 10.0.0.130:34610] 2026-06-03 07:43:49.514 12 ERROR keystone.server.flask.application conn.query(q)
[Wed Jun 03 07:43:49.526624 2026] [wsgi:error] [pid 12:tid 140537144297152] [remote 10.0.0.130:34610] 2026-06-03 07:43:49.514 12 ERROR keystone.server.flask.application
File "/var/lib/openstack/lib/python3.12/site-packages/pymysql/connections.py", line 582, in query
[Wed Jun 03 07:43:49.526625 2026] [wsgi:error] [pid 12:tid 140537144297152] [remote 10.0.0.130:34610] 2026-06-03 07:43:49.514 12 ERROR keystone.server.flask.application self._affected_rows = self._read_query_result(unbuffered=unbuffered)
[Wed Jun 03 07:43:49.526627 2026] [wsgi:error] [pid 12:tid 140537144297152] [remote 10.0.0.130:34610] 2026-06-03 07:43:49.514 12 ERROR keystone.server.flask.application ^^^^^^^^^^^^^^^^^^^^^^^^^^^^^^^^^^^^^^^^^^^^^^
[Wed Jun 03 07:43:49.526628 2026] [wsgi:error] [pid 12:tid 140537144297152] [remote 10.0.0.130:34610] 2026-06-03 07:43:49.514 12 ERROR keystone.server.flask.application
File "/var/lib/openstack/lib/python3.12/site-packages/pymysql/connections.py", line 847, in _read_query_result
[Wed Jun 03 07:43:49.526629 2026] [wsgi:error] [pid 12:tid 140537144297152] [remote 10.0.0.130:34610] 2026-06-03 07:43:49.514 12 ERROR keystone.server.flask.application result.read()
[Wed Jun 03 07:43:49.526632 2026] [wsgi:error] [pid 12:tid 140537144297152] [remote 10.0.0.130:34610] 2026-06-03 07:43:49.514 12 ERROR keystone.server.flask.application
File "/var/lib/openstack/lib/python3.12/site-packages/pymysql/connections.py", line 1245, in read
[Wed Jun 03 07:43:49.526634 2026] [wsgi:error] [pid 12:tid 140537144297152] [remote 10.0.0.130:34610] 2026-06-03 07:43:49.514 12 ERROR keystone.server.flask.application first_packet = self.connection._read_packet()
[Wed Jun 03 07:43:49.526635 2026] [wsgi:error] [pid 12:tid 140537144297152] [remote 10.0.0.130:34610] 2026-06-03 07:43:49.514 12 ERROR keystone.server.flask.application ^^^^^^^^^^^^^^^^^^^^^^^^^^^^^^
[Wed Jun 03 07:43:49.526636 2026] [wsgi:error] [pid 12:tid 140537144297152] [remote 10.0.0.130:34610] 2026-06-03 07:43:49.514 12 ERROR keystone.server.flask.application
File "/var/lib/openstack/lib/python3.12/site-packages/pymysql/connections.py", line 803, in _read_packet
[Wed Jun 03 07:43:49.526638 2026] [wsgi:error] [pid 12:tid 140537144297152] [remote 10.0.0.130:34610] 2026-06-03 07:43:49.514 12 ERROR keystone.server.flask.application packet.raise_for_error()
[Wed Jun 03 07:43:49.526639 2026] [wsgi:error] [pid 12:tid 140537144297152] [remote 10.0.0.130:34610] 2026-06-03 07:43:49.514 12 ERROR keystone.server.flask.application
File "/var/lib/openstack/lib/python3.12/site-packages/pymysql/protocol.py", line 219, in raise_for_error
[Wed Jun 03 07:43:49.526641 2026] [wsgi:error] [pid 12:tid 140537144297152] [remote 10.0.0.130:34610] 2026-06-03 07:43:49.514 12 ERROR keystone.server.flask.application err.raise_mysql_exception(self._data)
[Wed Jun 03 07:43:49.526642 2026] [wsgi:error] [pid 12:tid 140537144297152] [remote 10.0.0.130:34610] 2026-06-03 07:43:49.514 12 ERROR keystone.server.flask.application
File "/var/lib/openstack/lib/python3.12/site-packages/pymysql/err.py", line 154, in raise_mysql_exception
[Wed Jun 03 07:43:49.526643 2026] [wsgi:error] [pid 12:tid 140537144297152] [remote 10.0.0.130:34610] 2026-06-03 07:43:49.514 12 ERROR keystone.server.flask.application raise errorclass(errno, errval, sqlstate=sqlstate)
[Wed Jun 03 07:43:49.526645 2026] [wsgi:error] [pid 12:tid 140537144297152] [remote 10.0.0.130:34610] 2026-06-03 07:43:49.514 12 ERROR keystone.server.flask.application pymysql.err.IntegrityError: (1062, "Duplicate entry '<>-service' for key 'project.ixu_project_name_domain_id'")
[Wed Jun 03 07:43:49.526646 2026] [wsgi:error] [pid 12:tid 140537144297152] [remote 10.0.0.130:34610] 2026-06-03 07:43:49.514 12 ERROR keystone.server.flask.application
[Wed Jun 03 07:43:49.526648 2026] [wsgi:error] [pid 12:tid 140537144297152] [remote 10.0.0.130:34610] 2026-06-03 07:43:49.514 12 ERROR keystone.server.flask.application The above exception was the direct cause of the following exception:
[Wed Jun 03 07:43:49.526649 2026] [wsgi:error] [pid 12:tid 140537144297152] [remote 10.0.0.130:34610] 2026-06-03 07:43:49.514 12 ERROR keystone.server.flask.application
[Wed Jun 03 07:43:49.526650 2026] [wsgi:error] [pid 12:tid 140537144297152] [remote 10.0.0.130:34610] 2026-06-03 07:43:49.514 12 ERROR keystone.server.flask.application
Traceback (most recent call last):
[Wed Jun 03 07:43:49.526652 2026] [wsgi:error] [pid 12:tid 140537144297152] [remote 10.0.0.130:34610] 2026-06-03 07:43:49.514 12 ERROR keystone.server.flask.application
File "/var/lib/openstack/lib/python3.12/site-packages/keystone/common/sql/core.py", line 575, in wrapper
[Wed Jun 03 07:43:49.526653 2026] [wsgi:error] [pid 12:tid 140537144297152] [remote 10.0.0.130:34610] 2026-06-03 07:43:49.514 12 ERROR keystone.server.flask.application return method(*args, **kwargs)
[Wed Jun 03 07:43:49.526654 2026] [wsgi:error] [pid 12:tid 140537144297152] [remote 10.0.0.130:34610] 2026-06-03 07:43:49.514 12 ERROR keystone.server.flask.application ^^^^^^^^^^^^^^^^^^^^^^^
[Wed Jun 03 07:43:49.526658 2026] [wsgi:error] [pid 12:tid 140537144297152] [remote 10.0.0.130:34610] 2026-06-03 07:43:49.514 12 ERROR keystone.server.flask.application
File "/var/lib/openstack/lib/python3.12/site-packages/keystone/resource/backends/sql.py", line 278, in create_project
[Wed Jun 03 07:43:49.526659 2026] [wsgi:error] [pid 12:tid 140537144297152] [remote 10.0.0.130:34610] 2026-06-03 07:43:49.514 12 ERROR keystone.server.flask.application with sql.session_for_write() as session:
[Wed Jun 03 07:43:49.526661 2026] [wsgi:error] [pid 12:tid 140537144297152] [remote 10.0.0.130:34610] 2026-06-03 07:43:49.514 12 ERROR keystone.server.flask.application
File "/usr/lib/python3.12/contextlib.py", line 144, in __exit__
[Wed Jun 03 07:43:49.526662 2026] [wsgi:error] [pid 12:tid 140537144297152] [remote 10.0.0.130:34610] 2026-06-03 07:43:49.514 12 ERROR keystone.server.flask.application next(self.gen)
[Wed Jun 03 07:43:49.526663 2026] [wsgi:error] [pid 12:tid 140537144297152] [remote 10.0.0.130:34610] 2026-06-03 07:43:49.514 12 ERROR keystone.server.flask.application
File "/var/lib/openstack/lib/python3.12/site-packages/oslo_db/sqlalchemy/enginefacade.py", line 1175, in _transaction_scope
[Wed Jun 03 07:43:49.526665 2026] [wsgi:error] [pid 12:tid 140537144297152] [remote 10.0.0.130:34610] 2026-06-03 07:43:49.514 12 ERROR keystone.server.flask.application with current._produce_block(
[Wed Jun 03 07:43:49.526666 2026] [wsgi:error] [pid 12:tid 140537144297152] [remote 10.0.0.130:34610] 2026-06-03 07:43:49.514 12 ERROR keystone.server.flask.application
File "/usr/lib/python3.12/contextlib.py", line 144, in __exit__
[Wed Jun 03 07:43:49.526668 2026] [wsgi:error] [pid 12:tid 140537144297152] [remote 10.0.0.130:34610] 2026-06-03 07:43:49.514 12 ERROR keystone.server.flask.application next(self.gen)
[Wed Jun 03 07:43:49.526669 2026] [wsgi:error] [pid 12:tid 140537144297152] [remote 10.0.0.130:34610] 2026-06-03 07:43:49.514 12 ERROR keystone.server.flask.application
File "/var/lib/openstack/lib/python3.12/site-packages/oslo_db/sqlalchemy/enginefacade.py", line 837, in _session
[Wed Jun 03 07:43:49.526670 2026] [wsgi:error] [pid 12:tid 140537144297152] [remote 10.0.0.130:34610] 2026-06-03 07:43:49.514 12 ERROR keystone.server.flask.application with excutils.save_and_reraise_exception():
[Wed Jun 03 07:43:49.526672 2026] [wsgi:error] [pid 12:tid 140537144297152] [remote 10.0.0.130:34610] 2026-06-03 07:43:49.514 12 ERROR keystone.server.flask.application
File "/var/lib/openstack/lib/python3.12/site-packages/oslo_utils/excutils.py", line 266, in __exit__
[Wed Jun 03 07:43:49.526673 2026] [wsgi:error] [pid 12:tid 140537144297152] [remote 10.0.0.130:34610] 2026-06-03 07:43:49.514 12 ERROR keystone.server.flask.application self.force_reraise()
[Wed Jun 03 07:43:49.526674 2026] [wsgi:error] [pid 12:tid 140537144297152] [remote 10.0.0.130:34610] 2026-06-03 07:43:49.514 12 ERROR keystone.server.flask.application
File "/var/lib/openstack/lib/python3.12/site-packages/oslo_utils/excutils.py", line 232, in force_reraise
[Wed Jun 03 07:43:49.526676 2026] [wsgi:error] [pid 12:tid 140537144297152] [remote 10.0.0.130:34610] 2026-06-03 07:43:49.514 12 ERROR keystone.server.flask.application raise self.value
[Wed Jun 03 07:43:49.526677 2026] [wsgi:error] [pid 12:tid 140537144297152] [remote 10.0.0.130:34610] 2026-06-03 07:43:49.514 12 ERROR keystone.server.flask.application
File "/var/lib/openstack/lib/python3.12/site-packages/oslo_db/sqlalchemy/enginefacade.py", line 835, in _session
[Wed Jun 03 07:43:49.526679 2026] [wsgi:error] [pid 12:tid 140537144297152] [remote 10.0.0.130:34610] 2026-06-03 07:43:49.514 12 ERROR keystone.server.flask.application self._end_session_transaction(self.session)
[Wed Jun 03 07:43:49.526680 2026] [wsgi:error] [pid 12:tid 140537144297152] [remote 10.0.0.130:34610] 2026-06-03 07:43:49.514 12 ERROR keystone.server.flask.application
File "/var/lib/openstack/lib/python3.12/site-packages/oslo_db/sqlalchemy/enginefacade.py", line 748, in _end_session_transaction
[Wed Jun 03 07:43:49.526683 2026] [wsgi:error] [pid 12:tid 140537144297152] [remote 10.0.0.130:34610] 2026-06-03 07:43:49.514 12 ERROR keystone.server.flask.application session.commit()
[Wed Jun 03 07:43:49.526684 2026] [wsgi:error] [pid 12:tid 140537144297152] [remote 10.0.0.130:34610] 2026-06-03 07:43:49.514 12 ERROR keystone.server.flask.application
File "/var/lib/openstack/lib/python3.12/site-packages/sqlalchemy/orm/session.py", line 2034, in commit
[Wed Jun 03 07:43:49.526711 2026] [wsgi:error] [pid 12:tid 140537144297152] [remote 10.0.0.130:34610] 2026-06-03 07:43:49.514 12 ERROR keystone.server.flask.application trans.commit(_to_root=True)
[Wed Jun 03 07:43:49.526713 2026] [wsgi:error] [pid 12:tid 140537144297152] [remote 10.0.0.130:34610] 2026-06-03 07:43:49.514 12 ERROR keystone.server.flask.application File "", line 2, in commit
[Wed Jun 03 07:43:49.526715 2026] [wsgi:error] [pid 12:tid 140537144297152] [remote 10.0.0.130:34610] 2026-06-03 07:43:49.514 12 ERROR keystone.server.flask.application
File "/var/lib/openstack/lib/python3.12/site-packages/sqlalchemy/orm/state_changes.py", line 137, in _go
[Wed Jun 03 07:43:49.526717 2026] [wsgi:error] [pid 12:tid 140537144297152] [remote 10.0.0.130:34610] 2026-06-03 07:43:49.514 12 ERROR keystone.server.flask.application ret_value = fn(self, *arg, **kw)
[Wed Jun 03 07:43:49.526718 2026] [wsgi:error] [pid 12:tid 140537144297152] [remote 10.0.0.130:34610] 2026-06-03 07:43:49.514 12 ERROR keystone.server.flask.application ^^^^^^^^^^^^^^^^^^^^
[Wed Jun 03 07:43:49.526720 2026] [wsgi:error] [pid 12:tid 140537144297152] [remote 10.0.0.130:34610] 2026-06-03 07:43:49.514 12 ERROR keystone.server.flask.application
File "/var/lib/openstack/lib/python3.12/site-packages/sqlalchemy/orm/session.py", line 1315, in commit
[Wed Jun 03 07:43:49.526721 2026] [wsgi:error] [pid 12:tid 140537144297152] [remote 10.0.0.130:34610] 2026-06-03 07:43:49.514 12 ERROR keystone.server.flask.application self._prepare_impl()
[Wed Jun 03 07:43:49.526723 2026] [wsgi:error] [pid 12:tid 140537144297152] [remote 10.0.0.130:34610] 2026-06-03 07:43:49.514 12 ERROR keystone.server.flask.application File "", line 2, in _prepare_impl
[Wed Jun 03 07:43:49.526724 2026] [wsgi:error] [pid 12:tid 140537144297152] [remote 10.0.0.130:34610] 2026-06-03 07:43:49.514 12 ERROR keystone.server.flask.application
File "/var/lib/openstack/lib/python3.12/site-packages/sqlalchemy/orm/state_changes.py", line 137, in _go
[Wed Jun 03 07:43:49.526726 2026] [wsgi:error] [pid 12:tid 140537144297152] [remote 10.0.0.130:34610] 2026-06-03 07:43:49.514 12 ERROR keystone.server.flask.application ret_value = fn(self, *arg, **kw)
[Wed Jun 03 07:43:49.526727 2026] [wsgi:error] [pid 12:tid 140537144297152] [remote 10.0.0.130:34610] 2026-06-03 07:43:49.514 12 ERROR keystone.server.flask.application ^^^^^^^^^^^^^^^^^^^^
[Wed Jun 03 07:43:49.526729 2026] [wsgi:error] [pid 12:tid 140537144297152] [remote 10.0.0.130:34610] 2026-06-03 07:43:49.514 12 ERROR keystone.server.flask.application
File "/var/lib/openstack/lib/python3.12/site-packages/sqlalchemy/orm/session.py", line 1290, in _prepare_impl
[Wed Jun 03 07:43:49.526730 2026] [wsgi:error] [pid 12:tid 140537144297152] [remote 10.0.0.130:34610] 2026-06-03 07:43:49.514 12 ERROR keystone.server.flask.application self.session.flush()
[Wed Jun 03 07:43:49.526732 2026] [wsgi:error] [pid 12:tid 140537144297152] [remote 10.0.0.130:34610] 2026-06-03 07:43:49.514 12 ERROR keystone.server.flask.application
File "/var/lib/openstack/lib/python3.12/site-packages/sqlalchemy/orm/session.py", line 4352, in flush
[Wed Jun 03 07:43:49.526733 2026] [wsgi:error] [pid 12:tid 140537144297152] [remote 10.0.0.130:34610] 2026-06-03 07:43:49.514 12 ERROR keystone.server.flask.application self._flush(objects)
[Wed Jun 03 07:43:49.526735 2026] [wsgi:error] [pid 12:tid 140537144297152] [remote 10.0.0.130:34610] 2026-06-03 07:43:49.514 12 ERROR keystone.server.flask.application
File "/var/lib/openstack/lib/python3.12/site-packages/sqlalchemy/orm/session.py", line 4487, in _flush
[Wed Jun 03 07:43:49.526736 2026] [wsgi:error] [pid 12:tid 140537144297152] [remote 10.0.0.130:34610] 2026-06-03 07:43:49.514 12 ERROR keystone.server.flask.application with util.safe_reraise():
[Wed Jun 03 07:43:49.526738 2026] [wsgi:error] [pid 12:tid 140537144297152] [remote 10.0.0.130:34610] 2026-06-03 07:43:49.514 12 ERROR keystone.server.flask.application
File "/var/lib/openstack/lib/python3.12/site-packages/sqlalchemy/util/langhelpers.py", line 122, in __exit__
[Wed Jun 03 07:43:49.526740 2026] [wsgi:error] [pid 12:tid 140537144297152] [remote 10.0.0.130:34610] 2026-06-03 07:43:49.514 12 ERROR keystone.server.flask.application raise exc_value.with_traceback(exc_tb)
[Wed Jun 03 07:43:49.526741 2026] [wsgi:error] [pid 12:tid 140537144297152] [remote 10.0.0.130:34610] 2026-06-03 07:43:49.514 12 ERROR keystone.server.flask.application
File "/var/lib/openstack/lib/python3.12/site-packages/sqlalchemy/orm/session.py", line 4448, in _flush
[Wed Jun 03 07:43:49.526743 2026] [wsgi:error] [pid 12:tid 140537144297152] [remote 10.0.0.130:34610] 2026-06-03 07:43:49.514 12 ERROR keystone.server.flask.application flush_context.execute()
[Wed Jun 03 07:43:49.526744 2026] [wsgi:error] [pid 12:tid 140537144297152] [remote 10.0.0.130:34610] 2026-06-03 07:43:49.514 12 ERROR keystone.server.flask.application
File "/var/lib/openstack/lib/python3.12/site-packages/sqlalchemy/orm/unitofwork.py", line 465, in execute
