May 20 19:04:32.840519 np0000175398 devstack@neutron-api.service[103149]: INFO neutron.api.extensions [None req-6debc6e3-8e28-4591-b97b-9e62843424ee None None] Extension ip_allocation not supported by any of loaded plugins
May 20 19:04:32.840594 np0000175398 devstack@neutron-api.service[103147]: DEBUG neutron_lib.callbacks.manager [None req-c495a630-1854-40c8-a434-9580da58d56b None None] Subscribe: > router precommit_create 55549900, False {{(pid=103147) subscribe /opt/stack/data/venv/lib/python3.12/site-packages/neutron_lib/callbacks/manager.py:52}}
May 20 19:04:32.840664 np0000175398 devstack@neutron-api.service[103149]: DEBUG neutron.api.extensions [None req-6debc6e3-8e28-4591-b97b-9e62843424ee None None] Loading extension file: ip_substring_port_filtering.py {{(pid=103149) _load_all_extensions_from_path /opt/stack/neutron/neutron/api/extensions.py:449}}
May 20 19:04:32.840840 np0000175398 devstack@neutron-api.service[103147]: DEBUG neutron_lib.callbacks.manager [None req-c495a630-1854-40c8-a434-9580da58d56b None None] Subscribe: > router_interface after_create 55550000, False {{(pid=103147) subscribe /opt/stack/data/venv/lib/python3.12/site-packages/neutron_lib/callbacks/manager.py:52}}
May 20 19:04:32.840887 np0000175398 devstack@neutron-api.service[103149]: DEBUG neutron.api.extensions [None req-6debc6e3-8e28-4591-b97b-9e62843424ee None None] Ext name="IP address substring filtering" alias="ip-substring-filtering" description="Provides IP address substring filtering when listing ports" updated="2017-11-28T09:00:00-00:00" {{(pid=103149) _check_extension /opt/stack/neutron/neutron/api/extensions.py:415}}
May 20 19:04:32.841039 np0000175398 devstack@neutron-api.service[103149]: INFO neutron.api.extensions [None req-6debc6e3-8e28-4591-b97b-9e62843424ee None None] Extension ip-substring-filtering not supported by any of loaded plugins
May 20 19:04:32.841105 np0000175398 devstack@neutron-api.service[103147]: DEBUG neutron_lib.callbacks.manager [None req-c495a630-1854-40c8-a434-9580da58d56b None None] Subscribe: > floatingip after_create 55550000, False {{(pid=103147) subscribe /opt/stack/data/venv/lib/python3.12/site-packages/neutron_lib/callbacks/manager.py:52}}
May 20 19:04:32.841165 np0000175398 devstack@neutron-api.service[103149]: DEBUG neutron.api.extensions [None req-6debc6e3-8e28-4591-b97b-9e62843424ee None None] Loading extension file: l2_adjacency.py {{(pid=103149) _load_all_extensions_from_path /opt/stack/neutron/neutron/api/extensions.py:449}}
May 20 19:04:32.841270 np0000175398 devstack@neutron-api.service[103148]: INFO neutron.plugins.ml2.drivers.type_vlan [None req-a938ef89-2e38-4fd7-85cf-c22c3a7b7391 None None] VlanTypeDriver initialization complete
May 20 19:04:32.841518 np0000175398 devstack@neutron-api.service[103147]: DEBUG neutron_lib.callbacks.manager [None req-c495a630-1854-40c8-a434-9580da58d56b None None] Subscribe: > floatingip precommit_create 55550000, False {{(pid=103147) subscribe /opt/stack/data/venv/lib/python3.12/site-packages/neutron_lib/callbacks/manager.py:52}}
May 20 19:04:32.841643 np0000175398 devstack@neutron-api.service[103149]: DEBUG neutron.api.extensions [None req-6debc6e3-8e28-4591-b97b-9e62843424ee None None] Ext name="L2 Adjacency" alias="l2_adjacency" description="Display L2 Adjacency for Neutron Networks." updated="2016-04-12T16:00:00-00:00" {{(pid=103149) _check_extension /opt/stack/neutron/neutron/api/extensions.py:415}}
May 20 19:04:32.841694 np0000175398 devstack@neutron-api.service[103148]: INFO neutron.plugins.ml2.managers [None req-a938ef89-2e38-4fd7-85cf-c22c3a7b7391 None None] Initializing extension driver 'port_security'
May 20 19:04:32.841718 np0000175398 devstack@neutron-api.service[103149]: INFO neutron.api.extensions [None req-6debc6e3-8e28-4591-b97b-9e62843424ee None None] Extension l2_adjacency not supported by any of loaded plugins
May 20 19:04:32.841741 np0000175398 devstack@neutron-api.service[103148]: INFO neutron.plugins.ml2.extensions.port_security [None req-a938ef89-2e38-4fd7-85cf-c22c3a7b7391 None None] PortSecurityExtensionDriver initialization complete
May 20 19:04:32.841813 np0000175398 devstack@neutron-api.service[103149]: DEBUG neutron.api.extensions [None req-6debc6e3-8e28-4591-b97b-9e62843424ee None None] Loading extension file: l3.py {{(pid=103149) _load_all_extensions_from_path /opt/stack/neutron/neutron/api/extensions.py:449}}
May 20 19:04:32.841839 np0000175398 devstack@neutron-api.service[103148]: INFO neutron.plugins.ml2.managers [None req-a938ef89-2e38-4fd7-85cf-c22c3a7b7391 None None] Initializing extension driver 'qos'
May 20 19:04:32.841839 np0000175398 devstack@neutron-api.service[103148]: DEBUG neutron.plugins.ml2.extensions.qos [None req-a938ef89-2e38-4fd7-85cf-c22c3a7b7391 None None] QosExtensionDriver initialization complete {{(pid=103148) initialize /opt/stack/neutron/neutron/plugins/ml2/extensions/qos.py:31}}
May 20 19:04:32.841839 np0000175398 devstack@neutron-api.service[103148]: INFO neutron.plugins.ml2.managers [None req-a938ef89-2e38-4fd7-85cf-c22c3a7b7391 None None] Initializing mechanism driver 'ovn'
May 20 19:04:32.841904 np0000175398 devstack@neutron-api.service[103147]: DEBUG neutron_lib.callbacks.manager [None req-c495a630-1854-40c8-a434-9580da58d56b None None] Subscribe: > floatingip precommit_update 55550000, False {{(pid=103147) subscribe /opt/stack/data/venv/lib/python3.12/site-packages/neutron_lib/callbacks/manager.py:52}}
May 20 19:04:32.841953 np0000175398 devstack@neutron-api.service[103148]: INFO neutron.plugins.ml2.drivers.ovn.mech_driver.mech_driver [None req-a938ef89-2e38-4fd7-85cf-c22c3a7b7391 None None] Starting OVNMechanismDriver
May 20 19:04:32.842101 np0000175398 devstack@neutron-api.service[103149]: DEBUG neutron.api.extensions [None req-6debc6e3-8e28-4591-b97b-9e62843424ee None None] Ext name="Neutron L3 Router" alias="router" description="Router abstraction for basic L3 forwarding between L2 Neutron networks and access to external networks via a NAT gateway." updated="2012-07-20T10:00:00-00:00" {{(pid=103149) _check_extension /opt/stack/neutron/neutron/api/extensions.py:415}}
May 20 19:04:32.842234 np0000175398 devstack@neutron-api.service[103147]: DEBUG neutron_lib.callbacks.manager [None req-c495a630-1854-40c8-a434-9580da58d56b None None] Subscribe: > floatingip after_delete 55550000, False {{(pid=103147) subscribe /opt/stack/data/venv/lib/python3.12/site-packages/neutron_lib/callbacks/manager.py:52}}
May 20 19:04:32.842352 np0000175398 devstack@neutron-api.service[103149]: INFO neutron.api.extensions [None req-6debc6e3-8e28-4591-b97b-9e62843424ee None None] Loaded extension: router
May 20 19:04:32.842408 np0000175398 devstack@neutron-api.service[103147]: DEBUG neutron_lib.callbacks.manager [None req-c495a630-1854-40c8-a434-9580da58d56b None None] Subscribe: > floatingip after_status_update 55550000, False {{(pid=103147) subscribe /opt/stack/data/venv/lib/python3.12/site-packages/neutron_lib/callbacks/manager.py:52}}
May 20 19:04:32.842565 np0000175398 devstack@neutron-api.service[103149]: DEBUG neutron.api.extensions [None req-6debc6e3-8e28-4591-b97b-9e62843424ee None None] Loading extension file: l3_conntrack_helper.py {{(pid=103149) _load_all_extensions_from_path /opt/stack/neutron/neutron/api/extensions.py:449}}
May 20 19:04:32.842619 np0000175398 devstack@neutron-api.service[103147]: DEBUG neutron_lib.callbacks.manager [None req-c495a630-1854-40c8-a434-9580da58d56b None None] Subscribe: > floatingip after_update 55550000, False {{(pid=103147) subscribe /opt/stack/data/venv/lib/python3.12/site-packages/neutron_lib/callbacks/manager.py:52}}
May 20 19:04:32.842788 np0000175398 devstack@neutron-api.service[103147]: DEBUG neutron_lib.callbacks.manager [None req-c495a630-1854-40c8-a434-9580da58d56b None None] Subscribe: > port_forwarding after_create 55550000, False {{(pid=103147) subscribe /opt/stack/data/venv/lib/python3.12/site-packages/neutron_lib/callbacks/manager.py:52}}
May 20 19:04:32.842910 np0000175398 devstack@neutron-api.service[103147]: DEBUG neutron_lib.callbacks.manager [None req-c495a630-1854-40c8-a434-9580da58d56b None None] Subscribe: > router_interface after_delete 55550000, False {{(pid=103147) subscribe /opt/stack/data/venv/lib/python3.12/site-packages/neutron_lib/callbacks/manager.py:52}}
May 20 19:04:32.842948 np0000175398 devstack@neutron-api.service[103149]: DEBUG neutron.api.extensions [None req-6debc6e3-8e28-4591-b97b-9e62843424ee None None] Ext name="L3 Conntrack helper" alias="l3-conntrack-helper" description="Allow adding CT target rules for conntrack helper" updated="2019-04-04T10:00:00-00:00" {{(pid=103149) _check_extension /opt/stack/neutron/neutron/api/extensions.py:415}}
May 20 19:04:32.843104 np0000175398 devstack@neutron-api.service[103149]: INFO neutron.api.extensions [None req-6debc6e3-8e28-4591-b97b-9e62843424ee None None] Extension l3-conntrack-helper not supported by any of loaded plugins
May 20 19:04:32.843156 np0000175398 devstack@neutron-api.service[103147]: DEBUG neutron_lib.callbacks.manager [None req-c495a630-1854-40c8-a434-9580da58d56b None None] Subscribe: > router after_create 55550000, False {{(pid=103147) subscribe /opt/stack/data/venv/lib/python3.12/site-packages/neutron_lib/callbacks/manager.py:52}}
May 20 19:04:32.843259 np0000175398 devstack@neutron-api.service[103149]: DEBUG neutron.api.extensions [None req-6debc6e3-8e28-4591-b97b-9e62843424ee None None] Loading extension file: l3_enable_default_route_bfd.py {{(pid=103149) _load_all_extensions_from_path /opt/stack/neutron/neutron/api/extensions.py:449}}
May 20 19:04:32.843412 np0000175398 devstack@neutron-api.service[103147]: DEBUG neutron_lib.callbacks.manager [None req-c495a630-1854-40c8-a434-9580da58d56b None None] Subscribe: > router precommit_create 55550000, False {{(pid=103147) subscribe /opt/stack/data/venv/lib/python3.12/site-packages/neutron_lib/callbacks/manager.py:52}}
May 20 19:04:32.843449 np0000175398 devstack@neutron-api.service[103148]: DEBUG neutron_lib.callbacks.manager [None req-a938ef89-2e38-4fd7-85cf-c22c3a7b7391 None None] Subscribe: > process before_spawn 55550000, False {{(pid=103148) subscribe /opt/stack/data/venv/lib/python3.12/site-packages/neutron_lib/callbacks/manager.py:52}}
May 20 19:04:32.843475 np0000175398 devstack@neutron-api.service[103149]: DEBUG neutron.api.extensions [None req-6debc6e3-8e28-4591-b97b-9e62843424ee None None] Ext name="Enable Default Route BFD" alias="enable-default-route-bfd" description="Enables configurable BFD behavior for default routes" updated="2023-02-27T00:00:00-00:00" {{(pid=103149) _check_extension /opt/stack/neutron/neutron/api/extensions.py:415}}
May 20 19:04:32.843695 np0000175398 devstack@neutron-api.service[103148]: DEBUG neutron_lib.callbacks.manager [None req-a938ef89-2e38-4fd7-85cf-c22c3a7b7391 None None] Subscribe: > process after_init 55550000, True {{(pid=103148) subscribe /opt/stack/data/venv/lib/python3.12/site-packages/neutron_lib/callbacks/manager.py:52}}
May 20 19:04:32.843741 np0000175398 devstack@neutron-api.service[103149]: INFO neutron.api.extensions [None req-6debc6e3-8e28-4591-b97b-9e62843424ee None None] Loaded extension: enable-default-route-bfd
May 20 19:04:32.843806 np0000175398 devstack@neutron-api.service[103147]: DEBUG neutron_lib.callbacks.manager [None req-c495a630-1854-40c8-a434-9580da58d56b None None] Subscribe: > router after_delete 55550000, False {{(pid=103147) subscribe /opt/stack/data/venv/lib/python3.12/site-packages/neutron_lib/callbacks/manager.py:52}}
May 20 19:04:32.844221 np0000175398 devstack@neutron-api.service[103148]: DEBUG neutron_lib.callbacks.manager [None req-a938ef89-2e38-4fd7-85cf-c22c3a7b7391 None None] Subscribe: > segment after_create 55550000, False {{(pid=103148) subscribe /opt/stack/data/venv/lib/python3.12/site-packages/neutron_lib/callbacks/manager.py:52}}
May 20 19:04:32.844428 np0000175398 devstack@neutron-api.service[103149]: DEBUG neutron.api.extensions [None req-6debc6e3-8e28-4591-b97b-9e62843424ee None None] Loading extension file: l3_enable_default_route_ecmp.py {{(pid=103149) _load_all_extensions_from_path /opt/stack/neutron/neutron/api/extensions.py:449}}
May 20 19:04:32.844600 np0000175398 devstack@neutron-api.service[103148]: DEBUG neutron_lib.callbacks.manager [None req-a938ef89-2e38-4fd7-85cf-c22c3a7b7391 None None] Subscribe: > segment after_create 55550000, False {{(pid=103148) subscribe /opt/stack/data/venv/lib/python3.12/site-packages/neutron_lib/callbacks/manager.py:52}}
May 20 19:04:32.844656 np0000175398 devstack@neutron-api.service[103147]: DEBUG neutron_lib.callbacks.manager [None req-c495a630-1854-40c8-a434-9580da58d56b None None] Subscribe: > router after_update 55550000, False {{(pid=103147) subscribe /opt/stack/data/venv/lib/python3.12/site-packages/neutron_lib/callbacks/manager.py:52}}
May 20 19:04:32.844686 np0000175398 devstack@neutron-api.service[103148]: DEBUG neutron_lib.callbacks.manager [None req-a938ef89-2e38-4fd7-85cf-c22c3a7b7391 None None] Subscribe: > segment after_delete 55550000, False {{(pid=103148) subscribe /opt/stack/data/venv/lib/python3.12/site-packages/neutron_lib/callbacks/manager.py:52}}
May 20 19:04:32.844712 np0000175398 devstack@neutron-api.service[103149]: DEBUG neutron.api.extensions [None req-6debc6e3-8e28-4591-b97b-9e62843424ee None None] Ext name="Enable Default Route ECMP" alias="enable-default-route-ecmp" description="Enables configurable ECMP behavior for default routes" updated="2023-02-27T00:00:00-00:00" {{(pid=103149) _check_extension /opt/stack/neutron/neutron/api/extensions.py:415}}
May 20 19:04:32.844803 np0000175398 devstack@neutron-api.service[103148]: DEBUG neutron_lib.callbacks.manager [None req-a938ef89-2e38-4fd7-85cf-c22c3a7b7391 None None] Subscribe: > allowed_address_pair before_create 55550000, False {{(pid=103148) subscribe /opt/stack/data/venv/lib/python3.12/site-packages/neutron_lib/callbacks/manager.py:52}}
May 20 19:04:32.844803 np0000175398 devstack@neutron-api.service[103148]: DEBUG neutron_lib.callbacks.manager [None req-a938ef89-2e38-4fd7-85cf-c22c3a7b7391 None None] Subscribe: > security_group precommit_create 55550000, False {{(pid=103148) subscribe /opt/stack/data/venv/lib/python3.12/site-packages/neutron_lib/callbacks/manager.py:52}}
May 20 19:04:32.844861 np0000175398 devstack@neutron-api.service[103149]: INFO neutron.api.extensions [None req-6debc6e3-8e28-4591-b97b-9e62843424ee None None] Loaded extension: enable-default-route-ecmp
May 20 19:04:32.844917 np0000175398 devstack@neutron-api.service[103147]: DEBUG neutron.services.service_base [None req-c495a630-1854-40c8-a434-9580da58d56b None None] Loaded 'neutron.services.ovn_l3.service_providers.ovn.OvnDriver' provider for service L3_ROUTER_NAT {{(pid=103147) load_drivers /opt/stack/neutron/neutron/services/service_base.py:49}}
May 20 19:04:32.844965 np0000175398 devstack@neutron-api.service[103148]: DEBUG neutron_lib.callbacks.manager [None req-a938ef89-2e38-4fd7-85cf-c22c3a7b7391 None None] Subscribe: > security_group after_update 55550000, False {{(pid=103148) subscribe /opt/stack/data/venv/lib/python3.12/site-packages/neutron_lib/callbacks/manager.py:52}}
May 20 19:04:32.844997 np0000175398 devstack@neutron-api.service[103149]: DEBUG neutron.api.extensions [None req-6debc6e3-8e28-4591-b97b-9e62843424ee None None] Loading extension file: l3_ext_gw_mode.py {{(pid=103149) _load_all_extensions_from_path /opt/stack/neutron/neutron/api/extensions.py:449}}
May 20 19:04:32.845046 np0000175398 devstack@neutron-api.service[103148]: DEBUG neutron_lib.callbacks.manager [None req-a938ef89-2e38-4fd7-85cf-c22c3a7b7391 None None] Subscribe: > security_group after_create 55550000, False {{(pid=103148) subscribe /opt/stack/data/venv/lib/python3.12/site-packages/neutron_lib/callbacks/manager.py:52}}
May 20 19:04:32.845134 np0000175398 devstack@neutron-api.service[103147]: DEBUG neutron_lib.callbacks.manager [None req-c495a630-1854-40c8-a434-9580da58d56b None None] Subscribe: > process after_init 55550001, True {{(pid=103147) subscribe /opt/stack/data/venv/lib/python3.12/site-packages/neutron_lib/callbacks/manager.py:52}}
May 20 19:04:32.845158 np0000175398 devstack@neutron-api.service[103148]: DEBUG neutron_lib.callbacks.manager [None req-a938ef89-2e38-4fd7-85cf-c22c3a7b7391 None None] Subscribe: > security_group precommit_delete 55550000, False {{(pid=103148) subscribe /opt/stack/data/venv/lib/python3.12/site-packages/neutron_lib/callbacks/manager.py:52}}
May 20 19:04:32.845211 np0000175398 devstack@neutron-api.service[103149]: DEBUG neutron.api.extensions [None req-6debc6e3-8e28-4591-b97b-9e62843424ee None None] Ext name="Neutron L3 Configurable external gateway mode" alias="ext-gw-mode" description="Extension of the router abstraction for specifying whether SNAT should occur on the external gateway" updated="2013-03-28T10:00:00-00:00" {{(pid=103149) _check_extension /opt/stack/neutron/neutron/api/extensions.py:415}}
May 20 19:04:32.845241 np0000175398 devstack@neutron-api.service[103148]: DEBUG neutron_lib.callbacks.manager [None req-a938ef89-2e38-4fd7-85cf-c22c3a7b7391 None None] Subscribe: > security_group after_delete 55550000, False {{(pid=103148) subscribe /opt/stack/data/venv/lib/python3.12/site-packages/neutron_lib/callbacks/manager.py:52}}
May 20 19:04:32.845266 np0000175398 devstack@neutron-api.service[103147]: DEBUG neutron.manager [None req-c495a630-1854-40c8-a434-9580da58d56b None None] Successfully loaded L3_ROUTER_NAT plugin. Description: L3 Router Service Plugin for basic L3 forwarding using OVN {{(pid=103147) _create_and_add_service_plugin /opt/stack/neutron/neutron/manager.py:239}}
May 20 19:04:32.845326 np0000175398 devstack@neutron-api.service[103149]: INFO neutron.api.extensions [None req-6debc6e3-8e28-4591-b97b-9e62843424ee None None] Loaded extension: ext-gw-mode
May 20 19:04:32.845357 np0000175398 devstack@neutron-api.service[103148]: DEBUG neutron_lib.callbacks.manager [None req-a938ef89-2e38-4fd7-85cf-c22c3a7b7391 None None] Subscribe: > security_group_rule precommit_create 55550000, False {{(pid=103148) subscribe /opt/stack/data/venv/lib/python3.12/site-packages/neutron_lib/callbacks/manager.py:52}}
May 20 19:04:32.845409 np0000175398 devstack@neutron-api.service[103149]: DEBUG neutron.api.extensions [None req-6debc6e3-8e28-4591-b97b-9e62843424ee None None] Loading extension file: l3_ext_ha_mode.py {{(pid=103149) _load_all_extensions_from_path /opt/stack/neutron/neutron/api/extensions.py:449}}
May 20 19:04:32.845432 np0000175398 devstack@neutron-api.service[103148]: DEBUG neutron_lib.callbacks.manager [None req-a938ef89-2e38-4fd7-85cf-c22c3a7b7391 None None] Subscribe: > security_group_rule after_create 55550000, False {{(pid=103148) subscribe /opt/stack/data/venv/lib/python3.12/site-packages/neutron_lib/callbacks/manager.py:52}}
May 20 19:04:32.845461 np0000175398 devstack@neutron-api.service[103147]: INFO neutron.manager [None req-c495a630-1854-40c8-a434-9580da58d56b None None] Loading Plugin: auto_allocate
May 20 19:04:32.845488 np0000175398 devstack@neutron-api.service[103148]: DEBUG neutron_lib.callbacks.manager [None req-a938ef89-2e38-4fd7-85cf-c22c3a7b7391 None None] Subscribe: > security_group_rule before_delete 55550000, False {{(pid=103148) subscribe /opt/stack/data/venv/lib/python3.12/site-packages/neutron_lib/callbacks/manager.py:52}}
May 20 19:04:32.845488 np0000175398 devstack@neutron-api.service[103148]: DEBUG neutron_lib.callbacks.manager [None req-a938ef89-2e38-4fd7-85cf-c22c3a7b7391 None None] Subscribe: > address_group after_create 55550000, False {{(pid=103148) subscribe /opt/stack/data/venv/lib/python3.12/site-packages/neutron_lib/callbacks/manager.py:52}}
May 20 19:04:32.845534 np0000175398 devstack@neutron-api.service[103149]: DEBUG neutron.api.extensions [None req-6debc6e3-8e28-4591-b97b-9e62843424ee None None] Ext name="HA Router extension" alias="l3-ha" description="Adds HA capability to routers." updated="2014-04-26T00:00:00-00:00" {{(pid=103149) _check_extension /opt/stack/neutron/neutron/api/extensions.py:415}}
May 20 19:04:32.845557 np0000175398 devstack@neutron-api.service[103148]: DEBUG neutron_lib.callbacks.manager [None req-a938ef89-2e38-4fd7-85cf-c22c3a7b7391 None None] Subscribe: > address_group after_update 55550000, False {{(pid=103148) subscribe /opt/stack/data/venv/lib/python3.12/site-packages/neutron_lib/callbacks/manager.py:52}}
May 20 19:04:32.845586 np0000175398 devstack@neutron-api.service[103149]: INFO neutron.api.extensions [None req-6debc6e3-8e28-4591-b97b-9e62843424ee None None] Loaded extension: l3-ha
May 20 19:04:32.845626 np0000175398 devstack@neutron-api.service[103148]: DEBUG neutron_lib.callbacks.manager [None req-a938ef89-2e38-4fd7-85cf-c22c3a7b7391 None None] Subscribe: > address_group after_delete 55550000, False {{(pid=103148) subscribe /opt/stack/data/venv/lib/python3.12/site-packages/neutron_lib/callbacks/manager.py:52}}
May 20 19:04:32.845653 np0000175398 devstack@neutron-api.service[103149]: DEBUG neutron.api.extensions [None req-6debc6e3-8e28-4591-b97b-9e62843424ee None None] Loading extension file: l3_ext_ndp_proxy.py {{(pid=103149) _load_all_extensions_from_path /opt/stack/neutron/neutron/api/extensions.py:449}}
May 20 19:04:32.845706 np0000175398 devstack@neutron-api.service[103148]: DEBUG neutron_lib.callbacks.manager [None req-a938ef89-2e38-4fd7-85cf-c22c3a7b7391 None None] Subscribe: > qos_plugin after_init 55550000, False {{(pid=103148) subscribe /opt/stack/data/venv/lib/python3.12/site-packages/neutron_lib/callbacks/manager.py:52}}
May 20 19:04:32.845730 np0000175398 devstack@neutron-api.service[103149]: DEBUG neutron.api.extensions [None req-6debc6e3-8e28-4591-b97b-9e62843424ee None None] Ext name="Router support to enable NDP proxy" alias="l3-ext-ndp-proxy" description="Router extension to enable ndp proxy" updated="2020-08-25T00:00:00-00:00" {{(pid=103149) _check_extension /opt/stack/neutron/neutron/api/extensions.py:415}}
May 20 19:04:32.845755 np0000175398 devstack@neutron-api.service[103148]: DEBUG neutron_lib.callbacks.manager [None req-a938ef89-2e38-4fd7-85cf-c22c3a7b7391 None None] Subscribe: > trunk_plugin after_init 55550000, False {{(pid=103148) subscribe /opt/stack/data/venv/lib/python3.12/site-packages/neutron_lib/callbacks/manager.py:52}}
May 20 19:04:32.845817 np0000175398 devstack@neutron-api.service[103149]: INFO neutron.api.extensions [None req-6debc6e3-8e28-4591-b97b-9e62843424ee None None] Extension l3-ext-ndp-proxy not supported by any of loaded plugins
May 20 19:04:32.845817 np0000175398 devstack@neutron-api.service[103149]: DEBUG neutron.api.extensions [None req-6debc6e3-8e28-4591-b97b-9e62843424ee None None] Loading extension file: l3_extra_gws.py {{(pid=103149) _load_all_extensions_from_path /opt/stack/neutron/neutron/api/extensions.py:449}}
May 20 19:04:32.845860 np0000175398 devstack@neutron-api.service[103148]: DEBUG neutron_lib.callbacks.manager [None req-a938ef89-2e38-4fd7-85cf-c22c3a7b7391 None None] Subscribe: > logging-plugin after_init 55550000, False {{(pid=103148) subscribe /opt/stack/data/venv/lib/python3.12/site-packages/neutron_lib/callbacks/manager.py:52}}
May 20 19:04:32.845892 np0000175398 devstack@neutron-api.service[103149]: DEBUG neutron.api.extensions [None req-6debc6e3-8e28-4591-b97b-9e62843424ee None None] Ext name="Neutron L3 External Gateway Multihoming" alias="external-gateway-multihoming" description="Allow multiple external gateway ports per router" updated="2023-01-18T00:00:00-00:00" {{(pid=103149) _check_extension /opt/stack/neutron/neutron/api/extensions.py:415}}
May 20 19:04:32.846299 np0000175398 devstack@neutron-api.service[103149]: INFO neutron.api.extensions [None req-6debc6e3-8e28-4591-b97b-9e62843424ee None None] Loaded extension: external-gateway-multihoming
May 20 19:04:32.846299 np0000175398 devstack@neutron-api.service[103149]: DEBUG neutron.api.extensions [None req-6debc6e3-8e28-4591-b97b-9e62843424ee None None] Loading extension file: l3_flavors.py {{(pid=103149) _load_all_extensions_from_path /opt/stack/neutron/neutron/api/extensions.py:449}}
May 20 19:04:32.846682 np0000175398 devstack@neutron-api.service[103148]: INFO neutron.services.logapi.drivers.ovn.driver [None req-a938ef89-2e38-4fd7-85cf-c22c3a7b7391 None None] OVN logging driver registered
May 20 19:04:32.846923 np0000175398 devstack@neutron-api.service[103147]: DEBUG neutron_lib.callbacks.manager [None req-c495a630-1854-40c8-a434-9580da58d56b None None] Subscribe: network precommit_update 55550000, False {{(pid=103147) subscribe /opt/stack/data/venv/lib/python3.12/site-packages/neutron_lib/callbacks/manager.py:52}}
May 20 19:04:32.846923 np0000175398 devstack@neutron-api.service[103147]: DEBUG neutron_lib.callbacks.manager [None req-c495a630-1854-40c8-a434-9580da58d56b None None] Subscribe: network precommit_create 55550000, False {{(pid=103147) subscribe /opt/stack/data/venv/lib/python3.12/site-packages/neutron_lib/callbacks/manager.py:52}}
May 20 19:04:32.847183 np0000175398 devstack@neutron-api.service[103149]: DEBUG neutron.api.extensions [None req-6debc6e3-8e28-4591-b97b-9e62843424ee None None] Ext name="Router Flavor Extension" alias="l3-flavors" description="Flavor support for routers." updated="2016-05-17T00:00:00-00:00" {{(pid=103149) _check_extension /opt/stack/neutron/neutron/api/extensions.py:415}}
May 20 19:04:32.847183 np0000175398 devstack@neutron-api.service[103149]: INFO neutron.api.extensions [None req-6debc6e3-8e28-4591-b97b-9e62843424ee None None] Loaded extension: l3-flavors
May 20 19:04:32.847183 np0000175398 devstack@neutron-api.service[103149]: DEBUG neutron.api.extensions [None req-6debc6e3-8e28-4591-b97b-9e62843424ee None None] Loading extension file: l3_ndp_proxy.py {{(pid=103149) _load_all_extensions_from_path /opt/stack/neutron/neutron/api/extensions.py:449}}
May 20 19:04:32.847493 np0000175398 devstack@neutron-api.service[103147]: DEBUG neutron.manager [None req-c495a630-1854-40c8-a434-9580da58d56b None None] Successfully loaded auto-allocated-topology plugin. Description: Auto Allocated Topology - aka get me a network. {{(pid=103147) _create_and_add_service_plugin /opt/stack/neutron/neutron/manager.py:239}}
May 20 19:04:32.847493 np0000175398 devstack@neutron-api.service[103147]: INFO neutron.manager [None req-c495a630-1854-40c8-a434-9580da58d56b None None] Loading Plugin: tag
May 20 19:04:32.847703 np0000175398 devstack@neutron-api.service[103149]: DEBUG neutron.api.extensions [None req-6debc6e3-8e28-4591-b97b-9e62843424ee None None] Ext name="name" alias="l3-ndp-proxy" description="description" updated="2021-06-29T10:00:00-00:00" {{(pid=103149) _check_extension /opt/stack/neutron/neutron/api/extensions.py:415}}
May 20 19:04:32.847703 np0000175398 devstack@neutron-api.service[103149]: INFO neutron.api.extensions [None req-6debc6e3-8e28-4591-b97b-9e62843424ee None None] Extension l3-ndp-proxy not supported by any of loaded plugins
May 20 19:04:32.847703 np0000175398 devstack@neutron-api.service[103149]: DEBUG neutron.api.extensions [None req-6debc6e3-8e28-4591-b97b-9e62843424ee None None] Loading extension file: l3_port_ip_change_not_allowed.py {{(pid=103149) _load_all_extensions_from_path /opt/stack/neutron/neutron/api/extensions.py:449}}
May 20 19:04:32.847703 np0000175398 devstack@neutron-api.service[103149]: DEBUG neutron.api.extensions [None req-6debc6e3-8e28-4591-b97b-9e62843424ee None None] Ext name="Prevent L3 router ports IP address change extension" alias="l3-port-ip-change-not-allowed" description="Prevent change of IP address for some L3 router ports" updated="2018-10-09T10:00:00-00:00" {{(pid=103149) _check_extension /opt/stack/neutron/neutron/api/extensions.py:415}}
May 20 19:04:32.847703 np0000175398 devstack@neutron-api.service[103149]: INFO neutron.api.extensions [None req-6debc6e3-8e28-4591-b97b-9e62843424ee None None] Extension l3-port-ip-change-not-allowed not supported by any of loaded plugins
May 20 19:04:32.848052 np0000175398 devstack@neutron-api.service[103148]: DEBUG neutron.plugins.ml2.plugin [None req-a938ef89-2e38-4fd7-85cf-c22c3a7b7391 None None] neutron.plugins.ml2.plugin.Ml2Plugin method _start_rpc_notifiers called with arguments () {} {{(pid=103148) wrapper /opt/stack/data/venv/lib/python3.12/site-packages/oslo_log/helpers.py:77}}
May 20 19:04:32.848122 np0000175398 devstack@neutron-api.service[103149]: DEBUG neutron.api.extensions [None req-6debc6e3-8e28-4591-b97b-9e62843424ee None None] Loading extension file: l3agentscheduler.py {{(pid=103149) _load_all_extensions_from_path /opt/stack/neutron/neutron/api/extensions.py:449}}
May 20 19:04:32.848179 np0000175398 devstack@neutron-api.service[103148]: DEBUG neutron_lib.callbacks.manager [None req-a938ef89-2e38-4fd7-85cf-c22c3a7b7391 None None] Subscribe: > port after_create 55550000, False {{(pid=103148) subscribe /opt/stack/data/venv/lib/python3.12/site-packages/neutron_lib/callbacks/manager.py:52}}
May 20 19:04:32.848179 np0000175398 devstack@neutron-api.service[103148]: DEBUG neutron_lib.callbacks.manager [None req-a938ef89-2e38-4fd7-85cf-c22c3a7b7391 None None] Subscribe: > port after_update 55550000, False {{(pid=103148) subscribe /opt/stack/data/venv/lib/python3.12/site-packages/neutron_lib/callbacks/manager.py:52}}
May 20 19:04:32.848179 np0000175398 devstack@neutron-api.service[103148]: DEBUG neutron_lib.callbacks.manager [None req-a938ef89-2e38-4fd7-85cf-c22c3a7b7391 None None] Subscribe: > port after_delete 55550000, False {{(pid=103148) subscribe /opt/stack/data/venv/lib/python3.12/site-packages/neutron_lib/callbacks/manager.py:52}}
May 20 19:04:32.848179 np0000175398 devstack@neutron-api.service[103148]: DEBUG neutron_lib.callbacks.manager [None req-a938ef89-2e38-4fd7-85cf-c22c3a7b7391 None None] Subscribe: > subnet after_create 55550000, False {{(pid=103148) subscribe /opt/stack/data/venv/lib/python3.12/site-packages/neutron_lib/callbacks/manager.py:52}}
May 20 19:04:32.848269 np0000175398 devstack@neutron-api.service[103149]: DEBUG neutron.api.extensions [None req-6debc6e3-8e28-4591-b97b-9e62843424ee None None] Ext name="L3 Agent Scheduler" alias="l3_agent_scheduler" description="Schedule routers among l3 agents" updated="2013-02-07T10:00:00-00:00" {{(pid=103149) _check_extension /opt/stack/neutron/neutron/api/extensions.py:415}}
May 20 19:04:32.848346 np0000175398 devstack@neutron-api.service[103148]: DEBUG neutron_lib.callbacks.manager [None req-a938ef89-2e38-4fd7-85cf-c22c3a7b7391 None None] Subscribe: > subnet after_update 55550000, False {{(pid=103148) subscribe /opt/stack/data/venv/lib/python3.12/site-packages/neutron_lib/callbacks/manager.py:52}}
May 20 19:04:32.848372 np0000175398 devstack@neutron-api.service[103149]: INFO neutron.api.extensions [None req-6debc6e3-8e28-4591-b97b-9e62843424ee None None] Extension l3_agent_scheduler not supported by any of loaded plugins
May 20 19:04:32.848404 np0000175398 devstack@neutron-api.service[103148]: DEBUG neutron_lib.callbacks.manager [None req-a938ef89-2e38-4fd7-85cf-c22c3a7b7391 None None] Subscribe: > subnet after_delete 55550000, False {{(pid=103148) subscribe /opt/stack/data/venv/lib/python3.12/site-packages/neutron_lib/callbacks/manager.py:52}}
May 20 19:04:32.848453 np0000175398 devstack@neutron-api.service[103149]: DEBUG neutron.api.extensions [None req-6debc6e3-8e28-4591-b97b-9e62843424ee None None] Loading extension file: local_ip.py {{(pid=103149) _load_all_extensions_from_path /opt/stack/neutron/neutron/api/extensions.py:449}}
May 20 19:04:32.848482 np0000175398 devstack@neutron-api.service[103148]: DEBUG neutron_lib.callbacks.manager [None req-a938ef89-2e38-4fd7-85cf-c22c3a7b7391 None None] Subscribe: > network after_create 55550000, False {{(pid=103148) subscribe /opt/stack/data/venv/lib/python3.12/site-packages/neutron_lib/callbacks/manager.py:52}}
May 20 19:04:32.848482 np0000175398 devstack@neutron-api.service[103148]: DEBUG neutron_lib.callbacks.manager [None req-a938ef89-2e38-4fd7-85cf-c22c3a7b7391 None None] Subscribe: > network after_update 55550000, False {{(pid=103148) subscribe /opt/stack/data/venv/lib/python3.12/site-packages/neutron_lib/callbacks/manager.py:52}}
May 20 19:04:32.848554 np0000175398 devstack@neutron-api.service[103148]: DEBUG neutron_lib.callbacks.manager [None req-a938ef89-2e38-4fd7-85cf-c22c3a7b7391 None None] Subscribe: > network after_delete 55550000, False {{(pid=103148) subscribe /opt/stack/data/venv/lib/python3.12/site-packages/neutron_lib/callbacks/manager.py:52}}
May 20 19:04:32.848826 np0000175398 devstack@neutron-api.service[103148]: DEBUG neutron_lib.callbacks.manager [None req-a938ef89-2e38-4fd7-85cf-c22c3a7b7391 None None] Subscribe: > security_group after_create 55550000, False {{(pid=103148) subscribe /opt/stack/data/venv/lib/python3.12/site-packages/neutron_lib/callbacks/manager.py:52}}
May 20 19:04:32.849062 np0000175398 devstack@neutron-api.service[103149]: DEBUG neutron.api.extensions [None req-6debc6e3-8e28-4591-b97b-9e62843424ee None None] Ext name="Local IP" alias="local_ip" description="Support Node Local Virtual IP" updated="2021-07-26T10:00:00-00:00" {{(pid=103149) _check_extension /opt/stack/neutron/neutron/api/extensions.py:415}}
May 20 19:04:32.849226 np0000175398 devstack@neutron-api.service[103148]: DEBUG neutron_lib.callbacks.manager [None req-a938ef89-2e38-4fd7-85cf-c22c3a7b7391 None None] Subscribe: > security_group after_update 55550000, False {{(pid=103148) subscribe /opt/stack/data/venv/lib/python3.12/site-packages/neutron_lib/callbacks/manager.py:52}}
May 20 19:04:32.849339 np0000175398 devstack@neutron-api.service[103149]: INFO neutron.api.extensions [None req-6debc6e3-8e28-4591-b97b-9e62843424ee None None] Extension local_ip not supported by any of loaded plugins
May 20 19:04:32.849464 np0000175398 devstack@neutron-api.service[103148]: DEBUG neutron_lib.callbacks.manager [None req-a938ef89-2e38-4fd7-85cf-c22c3a7b7391 None None] Subscribe: > security_group after_delete 55550000, False {{(pid=103148) subscribe /opt/stack/data/venv/lib/python3.12/site-packages/neutron_lib/callbacks/manager.py:52}}
May 20 19:04:32.849574 np0000175398 devstack@neutron-api.service[103149]: DEBUG neutron.api.extensions [None req-6debc6e3-8e28-4591-b97b-9e62843424ee None None] Loading extension file: logging.py {{(pid=103149) _load_all_extensions_from_path /opt/stack/neutron/neutron/api/extensions.py:449}}
May 20 19:04:32.849719 np0000175398 devstack@neutron-api.service[103148]: DEBUG neutron_lib.callbacks.manager [None req-a938ef89-2e38-4fd7-85cf-c22c3a7b7391 None None] Subscribe: > security_group_rule after_create 55550000, False {{(pid=103148) subscribe /opt/stack/data/venv/lib/python3.12/site-packages/neutron_lib/callbacks/manager.py:52}}
May 20 19:04:32.849719 np0000175398 devstack@neutron-api.service[103148]: DEBUG neutron_lib.callbacks.manager [None req-a938ef89-2e38-4fd7-85cf-c22c3a7b7391 None None] Subscribe: > security_group_rule after_update 55550000, False {{(pid=103148) subscribe /opt/stack/data/venv/lib/python3.12/site-packages/neutron_lib/callbacks/manager.py:52}}
May 20 19:04:32.849719 np0000175398 devstack@neutron-api.service[103148]: DEBUG neutron_lib.callbacks.manager [None req-a938ef89-2e38-4fd7-85cf-c22c3a7b7391 None None] Subscribe: > security_group_rule after_delete 55550000, False {{(pid=103148) subscribe /opt/stack/data/venv/lib/python3.12/site-packages/neutron_lib/callbacks/manager.py:52}}
May 20 19:04:32.849882 np0000175398 devstack@neutron-api.service[103149]: DEBUG neutron.api.extensions [None req-6debc6e3-8e28-4591-b97b-9e62843424ee None None] Ext name="Logging API Extension" alias="logging" description="Provides a logging API for resources such as security group and firewall." updated="2017-01-01T10:00:00-00:00" {{(pid=103149) _check_extension /opt/stack/neutron/neutron/api/extensions.py:415}}
May 20 19:04:32.850092 np0000175398 devstack@neutron-api.service[103148]: DEBUG neutron_lib.callbacks.manager [None req-a938ef89-2e38-4fd7-85cf-c22c3a7b7391 None None] Subscribe: > address_group after_create 55550000, False {{(pid=103148) subscribe /opt/stack/data/venv/lib/python3.12/site-packages/neutron_lib/callbacks/manager.py:52}}
May 20 19:04:32.850092 np0000175398 devstack@neutron-api.service[103148]: DEBUG neutron_lib.callbacks.manager [None req-a938ef89-2e38-4fd7-85cf-c22c3a7b7391 None None] Subscribe: > address_group after_update 55550000, False {{(pid=103148) subscribe /opt/stack/data/venv/lib/python3.12/site-packages/neutron_lib/callbacks/manager.py:52}}
May 20 19:04:32.850332 np0000175398 devstack@neutron-api.service[103149]: INFO neutron.api.extensions [None req-6debc6e3-8e28-4591-b97b-9e62843424ee None None] Extension logging not supported by any of loaded plugins
May 20 19:04:32.850486 np0000175398 devstack@neutron-api.service[103148]: DEBUG neutron_lib.callbacks.manager [None req-a938ef89-2e38-4fd7-85cf-c22c3a7b7391 None None] Subscribe: > address_group after_delete 55550000, False {{(pid=103148) subscribe /opt/stack/data/venv/lib/python3.12/site-packages/neutron_lib/callbacks/manager.py:52}}
May 20 19:04:32.850540 np0000175398 devstack@neutron-api.service[103149]: DEBUG neutron.api.extensions [None req-6debc6e3-8e28-4591-b97b-9e62843424ee None None] Loading extension file: metering.py {{(pid=103149) _load_all_extensions_from_path /opt/stack/neutron/neutron/api/extensions.py:449}}
May 20 19:04:32.850564 np0000175398 devstack@neutron-api.service[103148]: DEBUG neutron.plugins.ml2.ovo_rpc [None req-a938ef89-2e38-4fd7-85cf-c22c3a7b7391 None None] ML2 OVO RPC backend initialized. {{(pid=103148) __init__ /opt/stack/neutron/neutron/plugins/ml2/ovo_rpc.py:117}}
May 20 19:04:32.850594 np0000175398 devstack@neutron-api.service[103149]: DEBUG neutron.api.extensions [None req-6debc6e3-8e28-4591-b97b-9e62843424ee None None] Ext name="Neutron Metering" alias="metering" description="Neutron Metering extension." updated="2013-06-12T10:00:00-00:00" {{(pid=103149) _check_extension /opt/stack/neutron/neutron/api/extensions.py:415}}
May 20 19:04:32.850594 np0000175398 devstack@neutron-api.service[103149]: INFO neutron.api.extensions [None req-6debc6e3-8e28-4591-b97b-9e62843424ee None None] Extension metering not supported by any of loaded plugins
May 20 19:04:32.850594 np0000175398 devstack@neutron-api.service[103149]: DEBUG neutron.api.extensions [None req-6debc6e3-8e28-4591-b97b-9e62843424ee None None] Loading extension file: metering_source_and_destination_fields.py {{(pid=103149) _load_all_extensions_from_path /opt/stack/neutron/neutron/api/extensions.py:449}}
May 20 19:04:32.850796 np0000175398 devstack@neutron-api.service[103148]: INFO neutron.quota [None req-a938ef89-2e38-4fd7-85cf-c22c3a7b7391 None None] Loaded quota_driver: .
May 20 19:04:32.850796 np0000175398 devstack@neutron-api.service[103148]: INFO neutron.plugins.ml2.plugin [None req-a938ef89-2e38-4fd7-85cf-c22c3a7b7391 None None] Modular L2 Plugin initialization complete
May 20 19:04:32.850865 np0000175398 devstack@neutron-api.service[103149]: DEBUG neutron.api.extensions [None req-6debc6e3-8e28-4591-b97b-9e62843424ee None None] Ext name="Neutron Metering with source and destination filtering" alias="metering_source_and_destination_fields" description="Neutron Metering extension that enables the use of source and destination IP prefixes to create metering label rules." updated="2020-08-21T08:12:00-00:00" {{(pid=103149) _check_extension /opt/stack/neutron/neutron/api/extensions.py:415}}
May 20 19:04:32.850891 np0000175398 devstack@neutron-api.service[103148]: DEBUG neutron.manager [None req-a938ef89-2e38-4fd7-85cf-c22c3a7b7391 None None] Loading services supported by the core plugin {{(pid=103148) _load_services_from_core_plugin /opt/stack/neutron/neutron/manager.py:170}}
May 20 19:04:32.850922 np0000175398 devstack@neutron-api.service[103149]: INFO neutron.api.extensions [None req-6debc6e3-8e28-4591-b97b-9e62843424ee None None] Extension metering_source_and_destination_fields not supported by any of loaded plugins
May 20 19:04:32.850947 np0000175398 devstack@neutron-api.service[103148]: INFO neutron.plugins.ml2.managers [None req-a938ef89-2e38-4fd7-85cf-c22c3a7b7391 None None] Got port-security extension from driver 'port_security'
May 20 19:04:32.850994 np0000175398 devstack@neutron-api.service[103149]: DEBUG neutron.api.extensions [None req-6debc6e3-8e28-4591-b97b-9e62843424ee None None] Loading extension file: multiprovidernet.py {{(pid=103149) _load_all_extensions_from_path /opt/stack/neutron/neutron/api/extensions.py:449}}
May 20 19:04:32.851018 np0000175398 devstack@neutron-api.service[103147]: DEBUG neutron.manager [None req-c495a630-1854-40c8-a434-9580da58d56b None None] Successfully loaded TAG plugin. Description: Tag support {{(pid=103147) _create_and_add_service_plugin /opt/stack/neutron/neutron/manager.py:239}}
May 20 19:04:32.851041 np0000175398 devstack@neutron-api.service[103148]: DEBUG neutron.manager [None req-a938ef89-2e38-4fd7-85cf-c22c3a7b7391 None None] Loading service plugins: ['ovn-router', 'auto_allocate', 'tag', 'timestamp', 'network_ip_availability', 'flavors', 'revisions'] {{(pid=103148) _load_service_plugins /opt/stack/neutron/neutron/manager.py:195}}
May 20 19:04:32.851071 np0000175398 devstack@neutron-api.service[103149]: DEBUG neutron.api.extensions [None req-6debc6e3-8e28-4591-b97b-9e62843424ee None None] Ext name="Multi Provider Network" alias="multi-provider" description="Expose mapping of virtual networks to multiple physical networks" updated="2013-06-27T10:00:00-00:00" {{(pid=103149) _check_extension /opt/stack/neutron/neutron/api/extensions.py:415}}
May 20 19:04:32.851128 np0000175398 devstack@neutron-api.service[103147]: INFO neutron.manager [None req-c495a630-1854-40c8-a434-9580da58d56b None None] Loading Plugin: timestamp
May 20 19:04:32.851151 np0000175398 devstack@neutron-api.service[103148]: INFO neutron.manager [None req-a938ef89-2e38-4fd7-85cf-c22c3a7b7391 None None] Loading Plugin: ovn-router
May 20 19:04:32.851197 np0000175398 devstack@neutron-api.service[103149]: INFO neutron.api.extensions [None req-6debc6e3-8e28-4591-b97b-9e62843424ee None None] Loaded extension: multi-provider
May 20 19:04:32.851197 np0000175398 devstack@neutron-api.service[103149]: DEBUG neutron.api.extensions [None req-6debc6e3-8e28-4591-b97b-9e62843424ee None None] Loading extension file: netmtu.py {{(pid=103149) _load_all_extensions_from_path /opt/stack/neutron/neutron/api/extensions.py:449}}
May 20 19:04:32.851576 np0000175398 devstack@neutron-api.service[103149]: DEBUG neutron.api.extensions [None req-6debc6e3-8e28-4591-b97b-9e62843424ee None None] Ext name="Network MTU" alias="net-mtu" description="Provides MTU attribute for a network resource." updated="2015-03-25T10:00:00-00:00" {{(pid=103149) _check_extension /opt/stack/neutron/neutron/api/extensions.py:415}}
May 20 19:04:32.851576 np0000175398 devstack@neutron-api.service[103149]: INFO neutron.api.extensions [None req-6debc6e3-8e28-4591-b97b-9e62843424ee None None] Loaded extension: net-mtu
May 20 19:04:32.851576 np0000175398 devstack@neutron-api.service[103149]: DEBUG neutron.api.extensions [None req-6debc6e3-8e28-4591-b97b-9e62843424ee None None] Loading extension file: netmtu_writable.py {{(pid=103149) _load_all_extensions_from_path /opt/stack/neutron/neutron/api/extensions.py:449}}
May 20 19:04:32.852006 np0000175398 devstack@neutron-api.service[103149]: DEBUG neutron.api.extensions [None req-6debc6e3-8e28-4591-b97b-9e62843424ee None None] Ext name="Network MTU (writable)" alias="net-mtu-writable" description="Provides a writable MTU attribute for a network resource." updated="2017-07-12T00:00:00-00:00" {{(pid=103149) _check_extension /opt/stack/neutron/neutron/api/extensions.py:415}}
May 20 19:04:32.852006 np0000175398 devstack@neutron-api.service[103149]: INFO neutron.api.extensions [None req-6debc6e3-8e28-4591-b97b-9e62843424ee None None] Loaded extension: net-mtu-writable
May 20 19:04:32.852300 np0000175398 devstack@neutron-api.service[103149]: DEBUG neutron.api.extensions [None req-6debc6e3-8e28-4591-b97b-9e62843424ee None None] Loading extension file: network_availability_zone.py {{(pid=103149) _load_all_extensions_from_path /opt/stack/neutron/neutron/api/extensions.py:449}}
May 20 19:04:32.852300 np0000175398 devstack@neutron-api.service[103149]: DEBUG neutron.api.extensions [None req-6debc6e3-8e28-4591-b97b-9e62843424ee None None] Ext name="Network Availability Zone" alias="network_availability_zone" description="Availability zone support for network." updated="2015-01-01T10:00:00-00:00" {{(pid=103149) _check_extension /opt/stack/neutron/neutron/api/extensions.py:415}}
May 20 19:04:32.852707 np0000175398 devstack@neutron-api.service[103149]: INFO neutron.api.extensions [None req-6debc6e3-8e28-4591-b97b-9e62843424ee None None] Loaded extension: network_availability_zone
May 20 19:04:32.852761 np0000175398 devstack@neutron-api.service[103147]: DEBUG neutron.manager [None req-c495a630-1854-40c8-a434-9580da58d56b None None] Successfully loaded timestamp plugin. Description: Adds timestamps to Neutron resources with standard attributes {{(pid=103147) _create_and_add_service_plugin /opt/stack/neutron/neutron/manager.py:239}}
May 20 19:04:32.852883 np0000175398 devstack@neutron-api.service[103149]: DEBUG neutron.api.extensions [None req-6debc6e3-8e28-4591-b97b-9e62843424ee None None] Loading extension file: network_ha.py {{(pid=103149) _load_all_extensions_from_path /opt/stack/neutron/neutron/api/extensions.py:449}}
May 20 19:04:32.852943 np0000175398 devstack@neutron-api.service[103147]: INFO neutron.manager [None req-c495a630-1854-40c8-a434-9580da58d56b None None] Loading Plugin: network_ip_availability
May 20 19:04:32.853052 np0000175398 devstack@neutron-api.service[103149]: DEBUG neutron.api.extensions [None req-6debc6e3-8e28-4591-b97b-9e62843424ee None None] Ext name="Network HA creation flag" alias="network_ha" description="Network high availability creation flag." updated="2023-04-27T10:00:00-00:00" {{(pid=103149) _check_extension /opt/stack/neutron/neutron/api/extensions.py:415}}
May 20 19:04:32.853052 np0000175398 devstack@neutron-api.service[103149]: INFO neutron.api.extensions [None req-6debc6e3-8e28-4591-b97b-9e62843424ee None None] Extension network_ha not supported by any of loaded plugins
May 20 19:04:32.853151 np0000175398 devstack@neutron-api.service[103149]: DEBUG neutron.api.extensions [None req-6debc6e3-8e28-4591-b97b-9e62843424ee None None] Loading extension file: network_ip_availability.py {{(pid=103149) _load_all_extensions_from_path /opt/stack/neutron/neutron/api/extensions.py:449}}
May 20 19:04:32.853324 np0000175398 devstack@neutron-api.service[103149]: DEBUG neutron.api.extensions [None req-6debc6e3-8e28-4591-b97b-9e62843424ee None None] Ext name="Network IP Availability" alias="network-ip-availability" description="Provides IP availability data for each network and subnet." updated="2015-09-24T00:00:00-00:00" {{(pid=103149) _check_extension /opt/stack/neutron/neutron/api/extensions.py:415}}
May 20 19:04:32.853471 np0000175398 devstack@neutron-api.service[103149]: INFO neutron.api.extensions [None req-6debc6e3-8e28-4591-b97b-9e62843424ee None None] Loaded extension: network-ip-availability
May 20 19:04:32.853590 np0000175398 devstack@neutron-api.service[103149]: DEBUG neutron.api.extensions [None req-6debc6e3-8e28-4591-b97b-9e62843424ee None None] Loading extension file: network_ip_availability_details.py {{(pid=103149) _load_all_extensions_from_path /opt/stack/neutron/neutron/api/extensions.py:449}}
May 20 19:04:32.853829 np0000175398 devstack@neutron-api.service[103149]: DEBUG neutron.api.extensions [None req-6debc6e3-8e28-4591-b97b-9e62843424ee None None] Ext name="Network IP Availability Details Extension" alias="network-ip-availability-details" description="Add ip_availability_details attribute to network-ip-availabilities resource." updated="2025-10-31T00:00:00-00:00" {{(pid=103149) _check_extension /opt/stack/neutron/neutron/api/extensions.py:415}}
May 20 19:04:32.853977 np0000175398 devstack@neutron-api.service[103149]: INFO neutron.api.extensions [None req-6debc6e3-8e28-4591-b97b-9e62843424ee None None] Loaded extension: network-ip-availability-details
May 20 19:04:32.854071 np0000175398 devstack@neutron-api.service[103149]: DEBUG neutron.api.extensions [None req-6debc6e3-8e28-4591-b97b-9e62843424ee None None] Loading extension file: network_segment_range.py {{(pid=103149) _load_all_extensions_from_path /opt/stack/neutron/neutron/api/extensions.py:449}}
May 20 19:04:32.854386 np0000175398 devstack@neutron-api.service[103149]: DEBUG neutron.api.extensions [None req-6debc6e3-8e28-4591-b97b-9e62843424ee None None] Ext name="Neutron Network Segment Range" alias="network-segment-range" description="Provides support for the network segment range management" updated="2018-11-29T00:00:00-00:00" {{(pid=103149) _check_extension /opt/stack/neutron/neutron/api/extensions.py:415}}
May 20 19:04:32.854534 np0000175398 devstack@neutron-api.service[103149]: INFO neutron.api.extensions [None req-6debc6e3-8e28-4591-b97b-9e62843424ee None None] Extension network-segment-range not supported by any of loaded plugins
May 20 19:04:32.854638 np0000175398 devstack@neutron-api.service[103149]: DEBUG neutron.api.extensions [None req-6debc6e3-8e28-4591-b97b-9e62843424ee None None] Loading extension file: pagination.py {{(pid=103149) _load_all_extensions_from_path /opt/stack/neutron/neutron/api/extensions.py:449}}
May 20 19:04:32.854864 np0000175398 devstack@neutron-api.service[103149]: DEBUG neutron.api.extensions [None req-6debc6e3-8e28-4591-b97b-9e62843424ee None None] Ext name="Pagination support" alias="pagination" description="Extension that indicates that pagination is enabled." updated="2016-06-12T00:00:00-00:00" {{(pid=103149) _check_extension /opt/stack/neutron/neutron/api/extensions.py:415}}
