2026-04-22 19:33:48.674 7 INFO placement.requestlog [None req-65ba0f01-8429-42d7-9c29-4320b16f74ea 7494a6fc99444972afa0857c0ad71d07 11562edc91d84c7c99292bdbd5a536ab - - bea4bbde53a54d90b0ce8cc73620177d bea4bbde53a54d90b0ce8cc73620177d] 10.0.0.102 "DELETE /resource_providers/bf7401bf-ea42-4f73-b827-7bca3259a9e8" status: 404 len: 246 microversion: 1.1 [pid: 7|app: 0|req: 369/739] 10.0.0.102 () {34 vars in 816 bytes} [Wed Apr 22 19:33:48 2026] DELETE /resource_providers/bf7401bf-ea42-4f73-b827-7bca3259a9e8 => generated 246 bytes in 11 msecs (HTTP/1.1 404) 6 headers in 231 bytes (1 switches on core 0)
2026-04-22 19:33:48.677 8 INFO placement.requestlog [None req-46c19f7a-78d2-4a56-9dac-6fce5791b52b 7494a6fc99444972afa0857c0ad71d07 11562edc91d84c7c99292bdbd5a536ab - - bea4bbde53a54d90b0ce8cc73620177d bea4bbde53a54d90b0ce8cc73620177d] 10.0.0.102 "DELETE /resource_providers/bf7401bf-ea42-4f73-b827-7bca3259a9e8" status: 404 len: 246 microversion: 1.1 [pid: 8|app: 0|req: 371/740] 10.0.0.102 () {34 vars in 816 bytes} [Wed Apr 22 19:33:48 2026] DELETE /resource_providers/bf7401bf-ea42-4f73-b827-7bca3259a9e8 => generated 246 bytes in 22 msecs (HTTP/1.1 404) 6 headers in 231 bytes (1 switches on core 0)
2026-04-22 19:33:48.962 8 INFO placement.requestlog [None req-dd385752-a2a0-49a2-95d0-75f9bd792c83 - - - - - -] 10.0.0.98 "GET /" status: 200 len: 136 microversion: 1.0
2026-04-22 19:33:48.963 7 INFO placement.requestlog [None req-8ffda976-1719-4831-80fb-0c988e8f3db2 - - - - - -] 10.0.0.98 "GET /" status: 200 len: 136 microversion: 1.0
2026-04-22 19:33:54.937 7 INFO placement.requestlog [None req-cbefa6bc-9c40-4ab2-9166-3a41c5c11105 7494a6fc99444972afa0857c0ad71d07 11562edc91d84c7c99292bdbd5a536ab - - bea4bbde53a54d90b0ce8cc73620177d bea4bbde53a54d90b0ce8cc73620177d] 10.0.0.102 "GET /resource_providers/cd1239ee-2c06-4dfb-90b6-0c57916b0fdf/aggregates" status: 404 len: 235 microversion: 1.1 [pid: 7|app: 0|req: 371/743] 10.0.0.102 () {32 vars in 816 bytes} [Wed Apr 22 19:33:54 2026] GET /resource_providers/cd1239ee-2c06-4dfb-90b6-0c57916b0fdf/aggregates => generated 235 bytes in 12 msecs (HTTP/1.1 404) 5 headers in 202 bytes (1 switches on core 0)
2026-04-22 19:33:54.944 8 INFO placement.requestlog [None req-d3c600e0-7411-4e5e-b15a-37dbe597ef7c 7494a6fc99444972afa0857c0ad71d07 11562edc91d84c7c99292bdbd5a536ab - - bea4bbde53a54d90b0ce8cc73620177d bea4bbde53a54d90b0ce8cc73620177d] 10.0.0.102 "GET /resource_providers/cd1239ee-2c06-4dfb-90b6-0c57916b0fdf/aggregates" status: 404 len: 235 microversion: 1.1 [pid: 8|app: 0|req: 373/744] 10.0.0.102 () {32 vars in 816 bytes} [Wed Apr 22 19:33:54 2026] GET /resource_providers/cd1239ee-2c06-4dfb-90b6-0c57916b0fdf/aggregates => generated 235 bytes in 20 msecs (HTTP/1.1 404) 5 headers in 202 bytes (1 switches on core 0)
2026-04-22 19:33:54.970 7 INFO placement.requestlog [None req-4bf42033-c5bc-4c1a-b777-df4afc32aeb2 7494a6fc99444972afa0857c0ad71d07 11562edc91d84c7c99292bdbd5a536ab - - bea4bbde53a54d90b0ce8cc73620177d bea4bbde53a54d90b0ce8cc73620177d] 10.0.0.102 "DELETE /resource_providers/cd1239ee-2c06-4dfb-90b6-0c57916b0fdf" status: 404 len: 246 microversion: 1.1 [pid: 7|app: 0|req: 372/745] 10.0.0.102 () {34 vars in 816 bytes} [Wed Apr 22 19:33:54 2026] DELETE /resource_providers/cd1239ee-2c06-4dfb-90b6-0c57916b0fdf => generated 246 bytes in 12 msecs (HTTP/1.1 404) 6 headers in 231 bytes (1 switches on core 0)
2026-04-22 19:33:54.975 8 INFO placement.requestlog [None req-d045813d-95d6-4e93-9f33-2a0e9562c59d 7494a6fc99444972afa0857c0ad71d07 11562edc91d84c7c99292bdbd5a536ab - - bea4bbde53a54d90b0ce8cc73620177d bea4bbde53a54d90b0ce8cc73620177d] 10.0.0.102 "DELETE /resource_providers/cd1239ee-2c06-4dfb-90b6-0c57916b0fdf" status: 404 len: 246 microversion: 1.1 [pid: 8|app: 0|req: 374/746] 10.0.0.102 () {34 vars in 816 bytes} [Wed Apr 22 19:33:54 2026] DELETE /resource_providers/cd1239ee-2c06-4dfb-90b6-0c57916b0fdf => generated 246 bytes in 18 msecs (HTTP/1.1 404) 6 headers in 231 bytes (1 switches on core 0)
2026-04-22 19:33:55.926 7 INFO placement.requestlog [None req-4d3ba69f-b276-4e36-baac-4013be03d93c 7494a6fc99444972afa0857c0ad71d07 11562edc91d84c7c99292bdbd5a536ab - - bea4bbde53a54d90b0ce8cc73620177d bea4bbde53a54d90b0ce8cc73620177d] 10.0.0.102 "GET /resource_providers/b2d5a309-39f3-44a6-a0f2-1e2c4e746073/aggregates" status: 404 len: 235 microversion: 1.1 [pid: 7|app: 0|req: 373/747] 10.0.0.102 () {32 vars in 816 bytes} [Wed Apr 22 19:33:55 2026] GET /resource_providers/b2d5a309-39f3-44a6-a0f2-1e2c4e746073/aggregates => generated 235 bytes in 21 msecs (HTTP/1.1 404) 5 headers in 202 bytes (1 switches on core 0)
2026-04-22 19:33:55.935 8 INFO placement.requestlog [None req-39b5c9d9-7394-4e0e-b086-0118a9292b1a 7494a6fc99444972afa0857c0ad71d07 11562edc91d84c7c99292bdbd5a536ab - - bea4bbde53a54d90b0ce8cc73620177d bea4bbde53a54d90b0ce8cc73620177d] 10.0.0.102 "GET /resource_providers/b2d5a309-39f3-44a6-a0f2-1e2c4e746073/aggregates" status: 404 len: 235 microversion: 1.1 [pid: 8|app: 0|req: 375/748] 10.0.0.102 () {32 vars in 816 bytes} [Wed Apr 22 19:33:55 2026] GET /resource_providers/b2d5a309-39f3-44a6-a0f2-1e2c4e746073/aggregates => generated 235 bytes in 30 msecs (HTTP/1.1 404) 5 headers in 202 bytes (1 switches on core 0)
2026-04-22 19:33:55.945 7 INFO placement.requestlog [None req-5ddf49cf-7b54-47ad-afdc-274dd068b61e 7494a6fc99444972afa0857c0ad71d07 11562edc91d84c7c99292bdbd5a536ab - - bea4bbde53a54d90b0ce8cc73620177d bea4bbde53a54d90b0ce8cc73620177d] 10.0.0.102 "DELETE /resource_providers/b2d5a309-39f3-44a6-a0f2-1e2c4e746073" status: 404 len: 246 microversion: 1.1 [pid: 7|app: 0|req: 374/749] 10.0.0.102 () {34 vars in 816 bytes} [Wed Apr 22 19:33:55 2026] DELETE /resource_providers/b2d5a309-39f3-44a6-a0f2-1e2c4e746073 => generated 246 bytes in 11 msecs (HTTP/1.1 404) 6 headers in 231 bytes (1 switches on core 0)
2026-04-22 19:33:55.955 8 INFO placement.requestlog [None req-61f01049-6ea5-4f82-9294-d664f4030289 7494a6fc99444972afa0857c0ad71d07 11562edc91d84c7c99292bdbd5a536ab - - bea4bbde53a54d90b0ce8cc73620177d bea4bbde53a54d90b0ce8cc73620177d] 10.0.0.102 "DELETE /resource_providers/b2d5a309-39f3-44a6-a0f2-1e2c4e746073" status: 404 len: 246 microversion: 1.1 [pid: 8|app: 0|req: 376/750] 10.0.0.102 () {34 vars in 816 bytes} [Wed Apr 22 19:33:55 2026] DELETE /resource_providers/b2d5a309-39f3-44a6-a0f2-1e2c4e746073 => generated 246 bytes in 13 msecs (HTTP/1.1 404) 6 headers in 231 bytes (1 switches on core 0)
2026-04-22 19:33:58.963 7 INFO placement.requestlog [None req-e7958d81-aed3-4bcc-b341-7241eb81d7ff - - - - - -] 10.0.0.98 "GET /" status: 200 len: 136 microversion: 1.0
2026-04-22 19:33:58.965 8 INFO placement.requestlog [None req-e531b849-ed91-44aa-85ac-1e50dcd58aaa - - - - - -] 10.0.0.98 "GET /" status: 200 len: 136 microversion: 1.0
2026-04-22 19:34:02.155 7 INFO placement.requestlog [None req-b4c55b82-0374-4c8e-acbf-a3f4906418a6 7494a6fc99444972afa0857c0ad71d07 11562edc91d84c7c99292bdbd5a536ab - - bea4bbde53a54d90b0ce8cc73620177d bea4bbde53a54d90b0ce8cc73620177d] 10.0.0.102 "GET /resource_providers/1686bc2d-de97-40c9-bc43-62498f3c96eb/aggregates" status: 404 len: 235 microversion: 1.1 [pid: 7|app: 0|req: 376/753] 10.0.0.102 () {32 vars in 816 bytes} [Wed Apr 22 19:34:02 2026] GET /resource_providers/1686bc2d-de97-40c9-bc43-62498f3c96eb/aggregates => generated 235 bytes in 15 msecs (HTTP/1.1 404) 5 headers in 202 bytes (1 switches on core 0)
2026-04-22 19:34:02.157 8 INFO placement.requestlog [None req-f6703fad-79f0-4eca-b7a0-397969e93db2 7494a6fc99444972afa0857c0ad71d07 11562edc91d84c7c99292bdbd5a536ab - - bea4bbde53a54d90b0ce8cc73620177d bea4bbde53a54d90b0ce8cc73620177d] 10.0.0.102 "GET /resource_providers/1686bc2d-de97-40c9-bc43-62498f3c96eb/aggregates" status: 404 len: 235 microversion: 1.1 [pid: 8|app: 0|req: 378/754] 10.0.0.102 () {32 vars in 816 bytes} [Wed Apr 22 19:34:02 2026] GET /resource_providers/1686bc2d-de97-40c9-bc43-62498f3c96eb/aggregates => generated 235 bytes in 13 msecs (HTTP/1.1 404) 5 headers in 202 bytes (1 switches on core 0)
2026-04-22 19:34:02.174 7 INFO placement.requestlog [None req-7bb8e5b8-4e1c-4806-a813-9c765cba9694 7494a6fc99444972afa0857c0ad71d07 11562edc91d84c7c99292bdbd5a536ab - - bea4bbde53a54d90b0ce8cc73620177d bea4bbde53a54d90b0ce8cc73620177d] 10.0.0.102 "DELETE /resource_providers/1686bc2d-de97-40c9-bc43-62498f3c96eb" status: 404 len: 246 microversion: 1.1 [pid: 7|app: 0|req: 377/755] 10.0.0.102 () {34 vars in 816 bytes} [Wed Apr 22 19:34:02 2026] DELETE /resource_providers/1686bc2d-de97-40c9-bc43-62498f3c96eb => generated 246 bytes in 12 msecs (HTTP/1.1 404) 6 headers in 231 bytes (1 switches on core 0)
2026-04-22 19:34:02.184 8 INFO placement.requestlog [None req-f58d69c2-3915-47cf-b3e6-6dd9ad450d63 7494a6fc99444972afa0857c0ad71d07 11562edc91d84c7c99292bdbd5a536ab - - bea4bbde53a54d90b0ce8cc73620177d bea4bbde53a54d90b0ce8cc73620177d] 10.0.0.102 "DELETE /resource_providers/1686bc2d-de97-40c9-bc43-62498f3c96eb" status: 404 len: 246 microversion: 1.1 [pid: 8|app: 0|req: 379/756] 10.0.0.102 () {34 vars in 816 bytes} [Wed Apr 22 19:34:02 2026] DELETE /resource_providers/1686bc2d-de97-40c9-bc43-62498f3c96eb => generated 246 bytes in 11 msecs (HTTP/1.1 404) 6 headers in 231 bytes (1 switches on core 0)
2026-04-22 19:34:02.461 7 INFO placement.requestlog [req-a5b19213-e1c7-4feb-b5ae-342e46455956 req-51e9dd20-bef8-48f0-90ec-1ed109969926 5838daac05b04ca5b0f2e4a6c24618fd 11562edc91d84c7c99292bdbd5a536ab - - bea4bbde53a54d90b0ce8cc73620177d bea4bbde53a54d90b0ce8cc73620177d] 10.0.0.204 "GET /allocation_candidates?limit=1000&resources=DISK_GB%3A1%2CMEMORY_MB%3A512%2CVCPU%3A1&root_required=%21COMPUTE_STATUS_DISABLED" status: 200 len: 2190 microversion: 1.36 [pid: 7|app: 0|req: 378/757] 10.0.0.204 () {34 vars in 1012 bytes} [Wed Apr 22 19:34:02 2026] GET /allocation_candidates?limit=1000&resources=DISK_GB%3A1%2CMEMORY_MB%3A512%2CVCPU%3A1&root_required=%21COMPUTE_STATUS_DISABLED => generated 2190 bytes in 55 msecs (HTTP/1.1 200) 8 headers in 297 bytes (1 switches on core 0)
2026-04-22 19:34:02.496 8 INFO placement.requestlog [req-a5b19213-e1c7-4feb-b5ae-342e46455956 req-ad853417-8307-4e28-a7d3-fc81004907ac 5838daac05b04ca5b0f2e4a6c24618fd 11562edc91d84c7c99292bdbd5a536ab - - bea4bbde53a54d90b0ce8cc73620177d bea4bbde53a54d90b0ce8cc73620177d] 10.0.0.204 "GET /allocations/0d016c59-4dd1-47ad-9750-868bbc94fbf9" status: 200 len: 19 microversion: 1.28 [pid: 8|app: 0|req: 380/758] 10.0.0.204 () {34 vars in 861 bytes} [Wed Apr 22 19:34:02 2026] GET /allocations/0d016c59-4dd1-47ad-9750-868bbc94fbf9 => generated 19 bytes in 13 msecs (HTTP/1.1 200) 8 headers in 295 bytes (1 switches on core 0)
2026-04-22 19:34:02.571 7 INFO placement.requestlog [req-a5b19213-e1c7-4feb-b5ae-342e46455956 req-5b4da7ec-20fd-457c-a59a-17c995841c1c 5838daac05b04ca5b0f2e4a6c24618fd 11562edc91d84c7c99292bdbd5a536ab - - bea4bbde53a54d90b0ce8cc73620177d bea4bbde53a54d90b0ce8cc73620177d] 10.0.0.204 "PUT /allocations/0d016c59-4dd1-47ad-9750-868bbc94fbf9" status: 204 len: 0 microversion: 1.36 [pid: 7|app: 0|req: 379/759] 10.0.0.204 () {38 vars in 914 bytes} [Wed Apr 22 19:34:02 2026] PUT /allocations/0d016c59-4dd1-47ad-9750-868bbc94fbf9 => generated 0 bytes in 67 msecs (HTTP/1.1 204) 5 headers in 199 bytes (1 switches on core 0)
2026-04-22 19:34:03.046 8 INFO placement.requestlog [req-a5b19213-e1c7-4feb-b5ae-342e46455956 req-b2928330-bce6-4c2f-bddd-8c1a92eb2c30 5838daac05b04ca5b0f2e4a6c24618fd 11562edc91d84c7c99292bdbd5a536ab - - bea4bbde53a54d90b0ce8cc73620177d bea4bbde53a54d90b0ce8cc73620177d] 199.19.213.205 "GET /allocations/0d016c59-4dd1-47ad-9750-868bbc94fbf9" status: 200 len: 257 microversion: 1.28 [pid: 8|app: 0|req: 381/760] 199.19.213.205 () {34 vars in 863 bytes} [Wed Apr 22 19:34:02 2026] GET /allocations/0d016c59-4dd1-47ad-9750-868bbc94fbf9 => generated 257 bytes in 244 msecs (HTTP/1.1 200) 8 headers in 296 bytes (1 switches on core 0)
2026-04-22 19:34:03.164 7 INFO placement.requestlog [req-a5b19213-e1c7-4feb-b5ae-342e46455956 req-4462f116-fb45-45a1-85d4-5c758405d277 5838daac05b04ca5b0f2e4a6c24618fd 11562edc91d84c7c99292bdbd5a536ab - - bea4bbde53a54d90b0ce8cc73620177d bea4bbde53a54d90b0ce8cc73620177d] 199.19.213.205 "GET /resource_providers?in_tree=8553a463-d8b4-4705-9f8c-2e994921bfd9" status: 200 len: 797 microversion: 1.14 [pid: 7|app: 0|req: 380/761] 199.19.213.205 () {34 vars in 892 bytes} [Wed Apr 22 19:34:03 2026] GET /resource_providers?in_tree=8553a463-d8b4-4705-9f8c-2e994921bfd9 => generated 797 bytes in 20 msecs (HTTP/1.1 200) 6 headers in 225 bytes (1 switches on core 0)
2026-04-22 19:34:03.206 8 INFO placement.requestlog [req-a5b19213-e1c7-4feb-b5ae-342e46455956 req-fc9af9d5-0e22-4a58-bc26-5e37728d5995 5838daac05b04ca5b0f2e4a6c24618fd 11562edc91d84c7c99292bdbd5a536ab - - bea4bbde53a54d90b0ce8cc73620177d bea4bbde53a54d90b0ce8cc73620177d] 199.19.213.205 "GET /resource_providers/8553a463-d8b4-4705-9f8c-2e994921bfd9/inventories" status: 200 len: 400 microversion: 1.0 [pid: 8|app: 0|req: 382/762] 199.19.213.205 () {32 vars in 857 bytes} [Wed Apr 22 19:34:03 2026] GET /resource_providers/8553a463-d8b4-4705-9f8c-2e994921bfd9/inventories => generated 400 bytes in 29 msecs (HTTP/1.1 200) 6 headers in 224 bytes (1 switches on core 0)
2026-04-22 19:34:03.232 7 INFO placement.requestlog [req-a5b19213-e1c7-4feb-b5ae-342e46455956 req-fe82e22b-e633-4d25-8b62-f6cc92f1f076 5838daac05b04ca5b0f2e4a6c24618fd 11562edc91d84c7c99292bdbd5a536ab - - bea4bbde53a54d90b0ce8cc73620177d bea4bbde53a54d90b0ce8cc73620177d] 199.19.213.205 "GET /resource_providers/8553a463-d8b4-4705-9f8c-2e994921bfd9/aggregates" status: 200 len: 53 microversion: 1.19 [pid: 7|app: 0|req: 381/763] 199.19.213.205 () {34 vars in 899 bytes} [Wed Apr 22 19:34:03 2026] GET /resource_providers/8553a463-d8b4-4705-9f8c-2e994921bfd9/aggregates => generated 53 bytes in 15 msecs (HTTP/1.1 200) 8 headers in 295 bytes (1 switches on core 0)
2026-04-22 19:34:03.265 8 INFO placement.requestlog [req-a5b19213-e1c7-4feb-b5ae-342e46455956 req-78ab1591-e947-420c-8ef0-7fe32548959d 5838daac05b04ca5b0f2e4a6c24618fd 11562edc91d84c7c99292bdbd5a536ab - - bea4bbde53a54d90b0ce8cc73620177d bea4bbde53a54d90b0ce8cc73620177d] 199.19.213.205 "GET /resource_providers/8553a463-d8b4-4705-9f8c-2e994921bfd9/traits" status: 200 len: 1723 microversion: 1.6 [pid: 8|app: 0|req: 383/764] 199.19.213.205 () {34 vars in 890 bytes} [Wed Apr 22 19:34:03 2026] GET /resource_providers/8553a463-d8b4-4705-9f8c-2e994921bfd9/traits => generated 1723 bytes in 26 msecs (HTTP/1.1 200) 6 headers in 225 bytes (1 switches on core 0)
2026-04-22 19:34:03.292 7 INFO placement.requestlog [req-a5b19213-e1c7-4feb-b5ae-342e46455956 req-76ada69d-8047-4f80-9783-e17a732ff4a5 5838daac05b04ca5b0f2e4a6c24618fd 11562edc91d84c7c99292bdbd5a536ab - - bea4bbde53a54d90b0ce8cc73620177d bea4bbde53a54d90b0ce8cc73620177d] 199.19.213.205 "GET /resource_providers/8553a463-d8b4-4705-9f8c-2e994921bfd9/allocations" status: 200 len: 252 microversion: 1.0 [pid: 7|app: 0|req: 382/765] 199.19.213.205 () {32 vars in 857 bytes} [Wed Apr 22 19:34:03 2026] GET /resource_providers/8553a463-d8b4-4705-9f8c-2e994921bfd9/allocations => generated 252 bytes in 18 msecs (HTTP/1.1 200) 6 headers in 224 bytes (1 switches on core 0)
2026-04-22 19:34:03.319 8 INFO placement.requestlog [req-a5b19213-e1c7-4feb-b5ae-342e46455956 req-617ceaf9-06e4-4c44-a7e6-e3cf73062dfb 5838daac05b04ca5b0f2e4a6c24618fd 11562edc91d84c7c99292bdbd5a536ab - - bea4bbde53a54d90b0ce8cc73620177d bea4bbde53a54d90b0ce8cc73620177d] 199.19.213.205 "GET /allocations/c31b06ce-3c4b-489e-8aa8-230680665906" status: 200 len: 257 microversion: 1.28 [pid: 8|app: 0|req: 384/766] 199.19.213.205 () {34 vars in 863 bytes} [Wed Apr 22 19:34:03 2026] GET /allocations/c31b06ce-3c4b-489e-8aa8-230680665906 => generated 257 bytes in 19 msecs (HTTP/1.1 200) 8 headers in 296 bytes (1 switches on core 0)
2026-04-22 19:34:03.348 7 INFO placement.requestlog [req-a5b19213-e1c7-4feb-b5ae-342e46455956 req-02b066e8-6ec9-4b67-a35c-4becf41e6109 5838daac05b04ca5b0f2e4a6c24618fd 11562edc91d84c7c99292bdbd5a536ab - - bea4bbde53a54d90b0ce8cc73620177d bea4bbde53a54d90b0ce8cc73620177d] 199.19.213.205 "GET /allocations/0d016c59-4dd1-47ad-9750-868bbc94fbf9" status: 200 len: 257 microversion: 1.28 [pid: 7|app: 0|req: 383/767] 199.19.213.205 () {34 vars in 863 bytes} [Wed Apr 22 19:34:03 2026] GET /allocations/0d016c59-4dd1-47ad-9750-868bbc94fbf9 => generated 257 bytes in 23 msecs (HTTP/1.1 200) 8 headers in 296 bytes (1 switches on core 0)
2026-04-22 19:34:04.168 8 INFO placement.requestlog [req-da44115d-5057-495f-a603-fad578276f87 req-3c817575-f729-4e26-bda3-7e672d91424b 5838daac05b04ca5b0f2e4a6c24618fd 11562edc91d84c7c99292bdbd5a536ab - - bea4bbde53a54d90b0ce8cc73620177d bea4bbde53a54d90b0ce8cc73620177d] 199.19.213.205 "GET /resource_providers/8553a463-d8b4-4705-9f8c-2e994921bfd9/allocations" status: 200 len: 252 microversion: 1.0 [pid: 8|app: 0|req: 385/768] 199.19.213.205 () {32 vars in 857 bytes} [Wed Apr 22 19:34:04 2026] GET /resource_providers/8553a463-d8b4-4705-9f8c-2e994921bfd9/allocations => generated 252 bytes in 17 msecs (HTTP/1.1 200) 6 headers in 224 bytes (1 switches on core 0)
2026-04-22 19:34:04.194 7 INFO placement.requestlog [req-da44115d-5057-495f-a603-fad578276f87 req-4aa1da9d-7205-4c38-8321-6896a5ec97a3 5838daac05b04ca5b0f2e4a6c24618fd 11562edc91d84c7c99292bdbd5a536ab - - bea4bbde53a54d90b0ce8cc73620177d bea4bbde53a54d90b0ce8cc73620177d] 199.19.213.205 "GET /resource_providers/8553a463-d8b4-4705-9f8c-2e994921bfd9/allocations" status: 200 len: 252 microversion: 1.0 [pid: 7|app: 0|req: 384/769] 199.19.213.205 () {32 vars in 857 bytes} [Wed Apr 22 19:34:04 2026] GET /resource_providers/8553a463-d8b4-4705-9f8c-2e994921bfd9/allocations => generated 252 bytes in 20 msecs (HTTP/1.1 200) 6 headers in 224 bytes (1 switches on core 0)
2026-04-22 19:34:04.208 7 INFO placement.requestlog [None req-ce994f94-864f-4b5b-b974-b3c1595132b4 7494a6fc99444972afa0857c0ad71d07 11562edc91d84c7c99292bdbd5a536ab - - bea4bbde53a54d90b0ce8cc73620177d bea4bbde53a54d90b0ce8cc73620177d] 10.0.0.102 "GET /resource_providers/76e9da39-02e6-4d99-9168-9cac691f4146/aggregates" status: 404 len: 235 microversion: 1.1 [pid: 7|app: 0|req: 385/770] 10.0.0.102 () {32 vars in 816 bytes} [Wed Apr 22 19:34:04 2026] GET /resource_providers/76e9da39-02e6-4d99-9168-9cac691f4146/aggregates => generated 235 bytes in 8 msecs (HTTP/1.1 404) 5 headers in 202 bytes (1 switches on core 0)
2026-04-22 19:34:04.209 8 INFO placement.requestlog [None req-d7536538-b7a1-4bb7-9816-c3415e41bce9 7494a6fc99444972afa0857c0ad71d07 11562edc91d84c7c99292bdbd5a536ab - - bea4bbde53a54d90b0ce8cc73620177d bea4bbde53a54d90b0ce8cc73620177d] 10.0.0.102 "GET /resource_providers/76e9da39-02e6-4d99-9168-9cac691f4146/aggregates" status: 404 len: 235 microversion: 1.1 [pid: 8|app: 0|req: 386/771] 10.0.0.102 () {32 vars in 816 bytes} [Wed Apr 22 19:34:04 2026] GET /resource_providers/76e9da39-02e6-4d99-9168-9cac691f4146/aggregates => generated 235 bytes in 9 msecs (HTTP/1.1 404) 5 headers in 202 bytes (1 switches on core 0)
2026-04-22 19:34:04.221 7 INFO placement.requestlog [req-da44115d-5057-495f-a603-fad578276f87 req-e40996dc-6906-4ca6-b976-8f2513a6b76e 5838daac05b04ca5b0f2e4a6c24618fd 11562edc91d84c7c99292bdbd5a536ab - - bea4bbde53a54d90b0ce8cc73620177d bea4bbde53a54d90b0ce8cc73620177d] 199.19.213.205 "GET /allocations/c31b06ce-3c4b-489e-8aa8-230680665906" status: 200 len: 257 microversion: 1.28 [pid: 7|app: 0|req: 386/772] 199.19.213.205 () {34 vars in 863 bytes} [Wed Apr 22 19:34:04 2026] GET /allocations/c31b06ce-3c4b-489e-8aa8-230680665906 => generated 257 bytes in 12 msecs (HTTP/1.1 200) 8 headers in 296 bytes (1 switches on core 0)
2026-04-22 19:34:04.239 7 INFO placement.requestlog [None req-38199e73-edc9-4185-b5d8-8de6d9867d95 7494a6fc99444972afa0857c0ad71d07 11562edc91d84c7c99292bdbd5a536ab - - bea4bbde53a54d90b0ce8cc73620177d bea4bbde53a54d90b0ce8cc73620177d] 10.0.0.102 "DELETE /resource_providers/76e9da39-02e6-4d99-9168-9cac691f4146" status: 404 len: 246 microversion: 1.1 [pid: 7|app: 0|req: 387/773] 10.0.0.102 () {34 vars in 816 bytes} [Wed Apr 22 19:34:04 2026] DELETE /resource_providers/76e9da39-02e6-4d99-9168-9cac691f4146 => generated 246 bytes in 9 msecs (HTTP/1.1 404) 6 headers in 231 bytes (1 switches on core 0)
2026-04-22 19:34:04.247 7 INFO placement.requestlog [None req-25c19253-76aa-45da-af09-efdab636b78d 7494a6fc99444972afa0857c0ad71d07 11562edc91d84c7c99292bdbd5a536ab - - bea4bbde53a54d90b0ce8cc73620177d bea4bbde53a54d90b0ce8cc73620177d] 10.0.0.102 "DELETE /resource_providers/76e9da39-02e6-4d99-9168-9cac691f4146" status: 404 len: 246 microversion: 1.1
2026-04-22 19:34:04.247 8 INFO placement.requestlog [req-da44115d-5057-495f-a603-fad578276f87 req-70ac23f8-4e05-4085-951a-335183c67fe6 5838daac05b04ca5b0f2e4a6c24618fd 11562edc91d84c7c99292bdbd5a536ab - - bea4bbde53a54d90b0ce8cc73620177d bea4bbde53a54d90b0ce8cc73620177d] 199.19.213.205 "GET /allocations/0d016c59-4dd1-47ad-9750-868bbc94fbf9" status: 200 len: 257 microversion: 1.28 [pid: 8|app: 0|req: 387/775] 199.19.213.205 () {34 vars in 863 bytes} [Wed Apr 22 19:34:04 2026] GET /allocations/0d016c59-4dd1-47ad-9750-868bbc94fbf9 => generated 257 bytes in 20 msecs (HTTP/1.1 200) 8 headers in 296 bytes (1 switches on core 0) [pid: 7|app: 0|req: 388/775] 10.0.0.102 () {34 vars in 816 bytes} [Wed Apr 22 19:34:04 2026] DELETE /resource_providers/76e9da39-02e6-4d99-9168-9cac691f4146 => generated 246 bytes in 8 msecs (HTTP/1.1 404) 6 headers in 231 bytes (1 switches on core 0)
2026-04-22 19:34:04.521 8 INFO placement.requestlog [None req-481aed39-7448-416c-b879-9eaef7e0918b 7494a6fc99444972afa0857c0ad71d07 11562edc91d84c7c99292bdbd5a536ab - - bea4bbde53a54d90b0ce8cc73620177d bea4bbde53a54d90b0ce8cc73620177d] 10.0.0.102 "GET /resource_providers/4b99e811-3980-4927-9590-52bcde150e7d/aggregates" status: 404 len: 235 microversion: 1.1 [pid: 8|app: 0|req: 388/776] 10.0.0.102 () {32 vars in 816 bytes} [Wed Apr 22 19:34:04 2026] GET /resource_providers/4b99e811-3980-4927-9590-52bcde150e7d/aggregates => generated 235 bytes in 12 msecs (HTTP/1.1 404) 5 headers in 202 bytes (1 switches on core 0)
2026-04-22 19:34:04.525 7 INFO placement.requestlog [None req-be633ac2-da78-4edd-8b47-d88af97b9cba 7494a6fc99444972afa0857c0ad71d07 11562edc91d84c7c99292bdbd5a536ab - - bea4bbde53a54d90b0ce8cc73620177d bea4bbde53a54d90b0ce8cc73620177d] 10.0.0.102 "GET /resource_providers/4b99e811-3980-4927-9590-52bcde150e7d/aggregates" status: 404 len: 235 microversion: 1.1 [pid: 7|app: 0|req: 389/777] 10.0.0.102 () {32 vars in 816 bytes} [Wed Apr 22 19:34:04 2026] GET /resource_providers/4b99e811-3980-4927-9590-52bcde150e7d/aggregates => generated 235 bytes in 11 msecs (HTTP/1.1 404) 5 headers in 202 bytes (1 switches on core 0)
2026-04-22 19:34:04.543 7 INFO placement.requestlog [None req-dbf3fd4f-3797-4aba-a75d-56be9ec5f465 7494a6fc99444972afa0857c0ad71d07 11562edc91d84c7c99292bdbd5a536ab - - bea4bbde53a54d90b0ce8cc73620177d bea4bbde53a54d90b0ce8cc73620177d] 10.0.0.102 "DELETE /resource_providers/4b99e811-3980-4927-9590-52bcde150e7d" status: 404 len: 246 microversion: 1.1 [pid: 7|app: 0|req: 390/778] 10.0.0.102 () {34 vars in 816 bytes} [Wed Apr 22 19:34:04 2026] DELETE /resource_providers/4b99e811-3980-4927-9590-52bcde150e7d => generated 246 bytes in 8 msecs (HTTP/1.1 404) 6 headers in 231 bytes (1 switches on core 0)
2026-04-22 19:34:04.547 8 INFO placement.requestlog [None req-e8456034-4f33-4cc9-b0ba-186c80f71688 7494a6fc99444972afa0857c0ad71d07 11562edc91d84c7c99292bdbd5a536ab - - bea4bbde53a54d90b0ce8cc73620177d bea4bbde53a54d90b0ce8cc73620177d] 10.0.0.102 "DELETE /resource_providers/4b99e811-3980-4927-9590-52bcde150e7d" status: 404 len: 246 microversion: 1.1 [pid: 8|app: 0|req: 389/779] 10.0.0.102 () {34 vars in 816 bytes} [Wed Apr 22 19:34:04 2026] DELETE /resource_providers/4b99e811-3980-4927-9590-52bcde150e7d => generated 246 bytes in 12 msecs (HTTP/1.1 404) 6 headers in 231 bytes (1 switches on core 0)
2026-04-22 19:34:06.478 7 INFO placement.requestlog [None req-5cd82f8c-1f24-4737-b7ae-6477759f685d 7494a6fc99444972afa0857c0ad71d07 11562edc91d84c7c99292bdbd5a536ab - - bea4bbde53a54d90b0ce8cc73620177d bea4bbde53a54d90b0ce8cc73620177d] 10.0.0.102 "GET /resource_providers/e7709c3d-170e-4f7e-a34f-a67011f784ea/aggregates" status: 404 len: 235 microversion: 1.1 [pid: 7|app: 0|req: 391/780] 10.0.0.102 () {32 vars in 816 bytes} [Wed Apr 22 19:34:06 2026] GET /resource_providers/e7709c3d-170e-4f7e-a34f-a67011f784ea/aggregates => generated 235 bytes in 11 msecs (HTTP/1.1 404) 5 headers in 202 bytes (1 switches on core 0)
2026-04-22 19:34:06.478 8 INFO placement.requestlog [None req-d8658281-4b9f-46a2-a6f9-e2d845b2a97b 7494a6fc99444972afa0857c0ad71d07 11562edc91d84c7c99292bdbd5a536ab - - bea4bbde53a54d90b0ce8cc73620177d bea4bbde53a54d90b0ce8cc73620177d] 10.0.0.102 "GET /resource_providers/e7709c3d-170e-4f7e-a34f-a67011f784ea/aggregates" status: 404 len: 235 microversion: 1.1 [pid: 8|app: 0|req: 390/781] 10.0.0.102 () {32 vars in 816 bytes} [Wed Apr 22 19:34:06 2026] GET /resource_providers/e7709c3d-170e-4f7e-a34f-a67011f784ea/aggregates => generated 235 bytes in 11 msecs (HTTP/1.1 404) 5 headers in 202 bytes (1 switches on core 0)
2026-04-22 19:34:06.504 8 INFO placement.requestlog [None req-a94fd75b-73cc-45b7-8c5c-b3bba19db1d8 7494a6fc99444972afa0857c0ad71d07 11562edc91d84c7c99292bdbd5a536ab - - bea4bbde53a54d90b0ce8cc73620177d bea4bbde53a54d90b0ce8cc73620177d] 10.0.0.102 "DELETE /resource_providers/e7709c3d-170e-4f7e-a34f-a67011f784ea" status: 404 len: 246 microversion: 1.1 [pid: 8|app: 0|req: 391/782] 10.0.0.102 () {34 vars in 816 bytes} [Wed Apr 22 19:34:06 2026] DELETE /resource_providers/e7709c3d-170e-4f7e-a34f-a67011f784ea => generated 246 bytes in 10 msecs (HTTP/1.1 404) 6 headers in 231 bytes (1 switches on core 0)
2026-04-22 19:34:06.516 7 INFO placement.requestlog [None req-9b29cc5f-06ca-4bb1-9d85-588835580446 7494a6fc99444972afa0857c0ad71d07 11562edc91d84c7c99292bdbd5a536ab - - bea4bbde53a54d90b0ce8cc73620177d bea4bbde53a54d90b0ce8cc73620177d] 10.0.0.102 "DELETE /resource_providers/e7709c3d-170e-4f7e-a34f-a67011f784ea" status: 404 len: 246 microversion: 1.1 [pid: 7|app: 0|req: 392/783] 10.0.0.102 () {34 vars in 816 bytes} [Wed Apr 22 19:34:06 2026] DELETE /resource_providers/e7709c3d-170e-4f7e-a34f-a67011f784ea => generated 246 bytes in 22 msecs (HTTP/1.1 404) 6 headers in 231 bytes (1 switches on core 0)
2026-04-22 19:34:08.523 8 INFO placement.requestlog [None req-c5a4b434-f014-4a3e-a124-7192d5840cac 7494a6fc99444972afa0857c0ad71d07 11562edc91d84c7c99292bdbd5a536ab - - bea4bbde53a54d90b0ce8cc73620177d bea4bbde53a54d90b0ce8cc73620177d] 10.0.0.102 "GET /resource_providers/576e7838-9326-480a-945a-ea8cb13be704/aggregates" status: 404 len: 235 microversion: 1.1 [pid: 8|app: 0|req: 392/784] 10.0.0.102 () {32 vars in 816 bytes} [Wed Apr 22 19:34:08 2026] GET /resource_providers/576e7838-9326-480a-945a-ea8cb13be704/aggregates => generated 235 bytes in 13 msecs (HTTP/1.1 404) 5 headers in 202 bytes (1 switches on core 0)
2026-04-22 19:34:08.538 7 INFO placement.requestlog [None req-63453d84-4621-4d9a-9480-dac92d7393d1 7494a6fc99444972afa0857c0ad71d07 11562edc91d84c7c99292bdbd5a536ab - - bea4bbde53a54d90b0ce8cc73620177d bea4bbde53a54d90b0ce8cc73620177d] 10.0.0.102 "GET /resource_providers/576e7838-9326-480a-945a-ea8cb13be704/aggregates" status: 404 len: 235 microversion: 1.1 [pid: 7|app: 0|req: 393/785] 10.0.0.102 () {32 vars in 816 bytes} [Wed Apr 22 19:34:08 2026] GET /resource_providers/576e7838-9326-480a-945a-ea8cb13be704/aggregates => generated 235 bytes in 13 msecs (HTTP/1.1 404) 5 headers in 202 bytes (1 switches on core 0)
2026-04-22 19:34:08.549 8 INFO placement.requestlog [None req-be8a0a1a-16d4-487c-886c-6753c0724533 7494a6fc99444972afa0857c0ad71d07 11562edc91d84c7c99292bdbd5a536ab - - bea4bbde53a54d90b0ce8cc73620177d bea4bbde53a54d90b0ce8cc73620177d] 10.0.0.102 "DELETE /resource_providers/576e7838-9326-480a-945a-ea8cb13be704" status: 404 len: 246 microversion: 1.1 [pid: 8|app: 0|req: 393/786] 10.0.0.102 () {34 vars in 816 bytes} [Wed Apr 22 19:34:08 2026] DELETE /resource_providers/576e7838-9326-480a-945a-ea8cb13be704 => generated 246 bytes in 12 msecs (HTTP/1.1 404) 6 headers in 231 bytes (1 switches on core 0)
2026-04-22 19:34:08.577 7 INFO placement.requestlog [None req-9c1024f1-6c96-4149-a7ed-b6dd9b638919 7494a6fc99444972afa0857c0ad71d07 11562edc91d84c7c99292bdbd5a536ab - - bea4bbde53a54d90b0ce8cc73620177d bea4bbde53a54d90b0ce8cc73620177d] 10.0.0.102 "DELETE /resource_providers/576e7838-9326-480a-945a-ea8cb13be704" status: 404 len: 246 microversion: 1.1 [pid: 7|app: 0|req: 394/787] 10.0.0.102 () {34 vars in 816 bytes} [Wed Apr 22 19:34:08 2026] DELETE /resource_providers/576e7838-9326-480a-945a-ea8cb13be704 => generated 246 bytes in 13 msecs (HTTP/1.1 404) 6 headers in 231 bytes (1 switches on core 0)
2026-04-22 19:34:08.962 8 INFO placement.requestlog [None req-1861a25c-8676-4bf0-82ef-6de6569a2a52 - - - - - -] 10.0.0.98 "GET /" status: 200 len: 136 microversion: 1.0
2026-04-22 19:34:08.963 7 INFO placement.requestlog [None req-2f89e496-ac28-4682-a733-064026ed658f - - - - - -] 10.0.0.98 "GET /" status: 200 len: 136 microversion: 1.0
2026-04-22 19:34:10.581 8 INFO placement.requestlog [None req-4556d257-b9c1-46cf-ac44-0f4f2f4d67a4 7494a6fc99444972afa0857c0ad71d07 11562edc91d84c7c99292bdbd5a536ab - - bea4bbde53a54d90b0ce8cc73620177d bea4bbde53a54d90b0ce8cc73620177d] 10.0.0.102 "GET /resource_providers/823af740-bbac-41ef-a7da-87c127c4b7b8/aggregates" status: 404 len: 235 microversion: 1.1 [pid: 8|app: 0|req: 395/790] 10.0.0.102 () {32 vars in 816 bytes} [Wed Apr 22 19:34:10 2026] GET /resource_providers/823af740-bbac-41ef-a7da-87c127c4b7b8/aggregates => generated 235 bytes in 12 msecs (HTTP/1.1 404) 5 headers in 202 bytes (1 switches on core 0)
2026-04-22 19:34:10.603 8 INFO placement.requestlog [None req-483511f8-e4fa-44cf-9782-c9ab82558e11 7494a6fc99444972afa0857c0ad71d07 11562edc91d84c7c99292bdbd5a536ab - - bea4bbde53a54d90b0ce8cc73620177d bea4bbde53a54d90b0ce8cc73620177d] 10.0.0.102 "GET /resource_providers/823af740-bbac-41ef-a7da-87c127c4b7b8/aggregates" status: 404 len: 235 microversion: 1.1 [pid: 8|app: 0|req: 396/791] 10.0.0.102 () {32 vars in 816 bytes} [Wed Apr 22 19:34:10 2026] GET /resource_providers/823af740-bbac-41ef-a7da-87c127c4b7b8/aggregates => generated 235 bytes in 11 msecs (HTTP/1.1 404) 5 headers in 202 bytes (1 switches on core 0)
2026-04-22 19:34:10.609 7 INFO placement.requestlog [None req-b6b416d9-b5e9-4d2e-aeac-7e79370c1b91 7494a6fc99444972afa0857c0ad71d07 11562edc91d84c7c99292bdbd5a536ab - - bea4bbde53a54d90b0ce8cc73620177d bea4bbde53a54d90b0ce8cc73620177d] 10.0.0.102 "DELETE /resource_providers/823af740-bbac-41ef-a7da-87c127c4b7b8" status: 404 len: 246 microversion: 1.1 [pid: 7|app: 0|req: 396/792] 10.0.0.102 () {34 vars in 816 bytes} [Wed Apr 22 19:34:10 2026] DELETE /resource_providers/823af740-bbac-41ef-a7da-87c127c4b7b8 => generated 246 bytes in 19 msecs (HTTP/1.1 404) 6 headers in 231 bytes (1 switches on core 0)
2026-04-22 19:34:10.633 8 INFO placement.requestlog [None req-d4ddb444-a254-42e0-b623-76efec5a1429 7494a6fc99444972afa0857c0ad71d07 11562edc91d84c7c99292bdbd5a536ab - - bea4bbde53a54d90b0ce8cc73620177d bea4bbde53a54d90b0ce8cc73620177d] 10.0.0.102 "DELETE /resource_providers/823af740-bbac-41ef-a7da-87c127c4b7b8" status: 404 len: 246 microversion: 1.1 [pid: 8|app: 0|req: 397/793] 10.0.0.102 () {34 vars in 816 bytes} [Wed Apr 22 19:34:10 2026] DELETE /resource_providers/823af740-bbac-41ef-a7da-87c127c4b7b8 => generated 246 bytes in 16 msecs (HTTP/1.1 404) 6 headers in 231 bytes (1 switches on core 0)
2026-04-22 19:34:13.387 8 INFO placement.requestlog [None req-cd92c901-20e6-4546-bdf2-633265f0c0b0 7494a6fc99444972afa0857c0ad71d07 11562edc91d84c7c99292bdbd5a536ab - - bea4bbde53a54d90b0ce8cc73620177d bea4bbde53a54d90b0ce8cc73620177d] 10.0.0.102 "GET /resource_providers/be152a4c-21ce-45b6-aad6-3d6c847f7251/aggregates" status: 404 len: 235 microversion: 1.1 [pid: 8|app: 0|req: 398/794] 10.0.0.102 () {32 vars in 816 bytes} [Wed Apr 22 19:34:13 2026] GET /resource_providers/be152a4c-21ce-45b6-aad6-3d6c847f7251/aggregates => generated 235 bytes in 14 msecs (HTTP/1.1 404) 5 headers in 202 bytes (1 switches on core 0)
2026-04-22 19:34:13.392 7 INFO placement.requestlog [None req-4031abff-638f-4f80-a393-b3ea7b3e216d 7494a6fc99444972afa0857c0ad71d07 11562edc91d84c7c99292bdbd5a536ab - - bea4bbde53a54d90b0ce8cc73620177d bea4bbde53a54d90b0ce8cc73620177d] 10.0.0.102 "GET /resource_providers/be152a4c-21ce-45b6-aad6-3d6c847f7251/aggregates" status: 404 len: 235 microversion: 1.1 [pid: 7|app: 0|req: 397/795] 10.0.0.102 () {32 vars in 816 bytes} [Wed Apr 22 19:34:13 2026] GET /resource_providers/be152a4c-21ce-45b6-aad6-3d6c847f7251/aggregates => generated 235 bytes in 22 msecs (HTTP/1.1 404) 5 headers in 202 bytes (1 switches on core 0)
2026-04-22 19:34:13.425 8 INFO placement.requestlog [None req-247dd664-d6bc-4835-a0ab-a173ae18b0c2 7494a6fc99444972afa0857c0ad71d07 11562edc91d84c7c99292bdbd5a536ab - - bea4bbde53a54d90b0ce8cc73620177d bea4bbde53a54d90b0ce8cc73620177d] 10.0.0.102 "DELETE /resource_providers/be152a4c-21ce-45b6-aad6-3d6c847f7251" status: 404 len: 246 microversion: 1.1 [pid: 8|app: 0|req: 399/796] 10.0.0.102 () {34 vars in 816 bytes} [Wed Apr 22 19:34:13 2026] DELETE /resource_providers/be152a4c-21ce-45b6-aad6-3d6c847f7251 => generated 246 bytes in 32 msecs (HTTP/1.1 404) 6 headers in 231 bytes (1 switches on core 0)
2026-04-22 19:34:13.432 7 INFO placement.requestlog [None req-93b6df41-ff05-4d46-ac38-3fbb8c806b55 7494a6fc99444972afa0857c0ad71d07 11562edc91d84c7c99292bdbd5a536ab - - bea4bbde53a54d90b0ce8cc73620177d bea4bbde53a54d90b0ce8cc73620177d] 10.0.0.102 "DELETE /resource_providers/be152a4c-21ce-45b6-aad6-3d6c847f7251" status: 404 len: 246 microversion: 1.1 [pid: 7|app: 0|req: 398/797] 10.0.0.102 () {34 vars in 816 bytes} [Wed Apr 22 19:34:13 2026] DELETE /resource_providers/be152a4c-21ce-45b6-aad6-3d6c847f7251 => generated 246 bytes in 23 msecs (HTTP/1.1 404) 6 headers in 231 bytes (1 switches on core 0)
2026-04-22 19:34:15.662 8 INFO placement.requestlog [None req-7a163e33-3443-44e1-8b4d-2efee3e4e5fb 7494a6fc99444972afa0857c0ad71d07 11562edc91d84c7c99292bdbd5a536ab - - bea4bbde53a54d90b0ce8cc73620177d bea4bbde53a54d90b0ce8cc73620177d] 10.0.0.102 "GET /resource_providers/d5d40a44-9dd3-4453-ad5a-ad988b05ddfe/aggregates" status: 404 len: 235 microversion: 1.1 [pid: 8|app: 0|req: 400/798] 10.0.0.102 () {32 vars in 816 bytes} [Wed Apr 22 19:34:15 2026] GET /resource_providers/d5d40a44-9dd3-4453-ad5a-ad988b05ddfe/aggregates => generated 235 bytes in 12 msecs (HTTP/1.1 404) 5 headers in 202 bytes (1 switches on core 0)
2026-04-22 19:34:15.666 7 INFO placement.requestlog [None req-8e3411c1-202f-4a82-a179-76fc63015266 7494a6fc99444972afa0857c0ad71d07 11562edc91d84c7c99292bdbd5a536ab - - bea4bbde53a54d90b0ce8cc73620177d bea4bbde53a54d90b0ce8cc73620177d] 10.0.0.102 "GET /resource_providers/d5d40a44-9dd3-4453-ad5a-ad988b05ddfe/aggregates" status: 404 len: 235 microversion: 1.1 [pid: 7|app: 0|req: 399/799] 10.0.0.102 () {32 vars in 816 bytes} [Wed Apr 22 19:34:15 2026] GET /resource_providers/d5d40a44-9dd3-4453-ad5a-ad988b05ddfe/aggregates => generated 235 bytes in 9 msecs (HTTP/1.1 404) 5 headers in 202 bytes (1 switches on core 0)
2026-04-22 19:34:15.688 7 INFO placement.requestlog [None req-e0d75505-d13b-4c66-911d-64d3122b911d 7494a6fc99444972afa0857c0ad71d07 11562edc91d84c7c99292bdbd5a536ab - - bea4bbde53a54d90b0ce8cc73620177d bea4bbde53a54d90b0ce8cc73620177d] 10.0.0.102 "DELETE /resource_providers/d5d40a44-9dd3-4453-ad5a-ad988b05ddfe" status: 404 len: 246 microversion: 1.1 [pid: 7|app: 0|req: 400/800] 10.0.0.102 () {34 vars in 816 bytes} [Wed Apr 22 19:34:15 2026] DELETE /resource_providers/d5d40a44-9dd3-4453-ad5a-ad988b05ddfe => generated 246 bytes in 8 msecs (HTTP/1.1 404) 6 headers in 231 bytes (1 switches on core 0)
2026-04-22 19:34:15.693 8 INFO placement.requestlog [None req-3557f92a-e242-4d68-aece-92f3a7f155ed 7494a6fc99444972afa0857c0ad71d07 11562edc91d84c7c99292bdbd5a536ab - - bea4bbde53a54d90b0ce8cc73620177d bea4bbde53a54d90b0ce8cc73620177d] 10.0.0.102 "DELETE /resource_providers/d5d40a44-9dd3-4453-ad5a-ad988b05ddfe" status: 404 len: 246 microversion: 1.1 [pid: 8|app: 0|req: 401/801] 10.0.0.102 () {34 vars in 816 bytes} [Wed Apr 22 19:34:15 2026] DELETE /resource_providers/d5d40a44-9dd3-4453-ad5a-ad988b05ddfe => generated 246 bytes in 13 msecs (HTTP/1.1 404) 6 headers in 231 bytes (1 switches on core 0)
2026-04-22 19:34:18.962 7 INFO placement.requestlog [None req-295b0e6a-86e9-4c64-aece-1ccdc236d2f5 - - - - - -] 10.0.0.98 "GET /" status: 200 len: 136 microversion: 1.0
2026-04-22 19:34:18.962 8 INFO placement.requestlog [None req-2369ca74-874e-4094-bbfd-67258e88d271 - - - - - -] 10.0.0.98 "GET /" status: 200 len: 136 microversion: 1.0
2026-04-22 19:34:20.794 8 INFO placement.requestlog [None req-7c2d4af7-f085-4a72-ab92-684dfd0ef6b9 7494a6fc99444972afa0857c0ad71d07 11562edc91d84c7c99292bdbd5a536ab - - bea4bbde53a54d90b0ce8cc73620177d bea4bbde53a54d90b0ce8cc73620177d] 10.0.0.102 "GET /resource_providers/2c3c8002-b8f5-4c46-9f6f-387e03b0afbc/aggregates" status: 404 len: 235 microversion: 1.1 [pid: 8|app: 0|req: 403/804] 10.0.0.102 () {32 vars in 816 bytes} [Wed Apr 22 19:34:20 2026] GET /resource_providers/2c3c8002-b8f5-4c46-9f6f-387e03b0afbc/aggregates => generated 235 bytes in 16 msecs (HTTP/1.1 404) 5 headers in 202 bytes (1 switches on core 0)
2026-04-22 19:34:20.796 7 INFO placement.requestlog [None req-36f49af5-41fe-46bc-93fe-7c650b57259d 7494a6fc99444972afa0857c0ad71d07 11562edc91d84c7c99292bdbd5a536ab - - bea4bbde53a54d90b0ce8cc73620177d bea4bbde53a54d90b0ce8cc73620177d] 10.0.0.102 "GET /resource_providers/2c3c8002-b8f5-4c46-9f6f-387e03b0afbc/aggregates" status: 404 len: 235 microversion: 1.1 [pid: 7|app: 0|req: 402/805] 10.0.0.102 () {32 vars in 816 bytes} [Wed Apr 22 19:34:20 2026] GET /resource_providers/2c3c8002-b8f5-4c46-9f6f-387e03b0afbc/aggregates => generated 235 bytes in 13 msecs (HTTP/1.1 404) 5 headers in 202 bytes (1 switches on core 0)
2026-04-22 19:34:20.819 8 INFO placement.requestlog [None req-bc8d9c9c-d8ee-4ab9-be9b-075294a3e2a8 7494a6fc99444972afa0857c0ad71d07 11562edc91d84c7c99292bdbd5a536ab - - bea4bbde53a54d90b0ce8cc73620177d bea4bbde53a54d90b0ce8cc73620177d] 10.0.0.102 "DELETE /resource_providers/2c3c8002-b8f5-4c46-9f6f-387e03b0afbc" status: 404 len: 246 microversion: 1.1 [pid: 8|app: 0|req: 404/806] 10.0.0.102 () {34 vars in 816 bytes} [Wed Apr 22 19:34:20 2026] DELETE /resource_providers/2c3c8002-b8f5-4c46-9f6f-387e03b0afbc => generated 246 bytes in 15 msecs (HTTP/1.1 404) 6 headers in 231 bytes (1 switches on core 0)
2026-04-22 19:34:20.820 7 INFO placement.requestlog [None req-6ba0e288-bd5f-4622-a308-39bf8dc0bd87 7494a6fc99444972afa0857c0ad71d07 11562edc91d84c7c99292bdbd5a536ab - - bea4bbde53a54d90b0ce8cc73620177d bea4bbde53a54d90b0ce8cc73620177d] 10.0.0.102 "DELETE /resource_providers/2c3c8002-b8f5-4c46-9f6f-387e03b0afbc" status: 404 len: 246 microversion: 1.1 [pid: 7|app: 0|req: 403/807] 10.0.0.102 () {34 vars in 816 bytes} [Wed Apr 22 19:34:20 2026] DELETE /resource_providers/2c3c8002-b8f5-4c46-9f6f-387e03b0afbc => generated 246 bytes in 13 msecs (HTTP/1.1 404) 6 headers in 231 bytes (1 switches on core 0)
2026-04-22 19:34:23.288 7 INFO placement.requestlog [None req-37786b12-96b2-48e3-8a04-838180c46e1d 7494a6fc99444972afa0857c0ad71d07 11562edc91d84c7c99292bdbd5a536ab - - bea4bbde53a54d90b0ce8cc73620177d bea4bbde53a54d90b0ce8cc73620177d] 10.0.0.102 "GET /resource_providers/9370dc01-d1c8-4dac-92dc-a4c550808035/aggregates" status: 404 len: 235 microversion: 1.1 [pid: 7|app: 0|req: 404/808] 10.0.0.102 () {32 vars in 816 bytes} [Wed Apr 22 19:34:23 2026] GET /resource_providers/9370dc01-d1c8-4dac-92dc-a4c550808035/aggregates => generated 235 bytes in 13 msecs (HTTP/1.1 404) 5 headers in 202 bytes (1 switches on core 0)
2026-04-22 19:34:23.291 8 INFO placement.requestlog [None req-5893a1dc-87e7-4b7a-8b96-42a6ee6957d3 7494a6fc99444972afa0857c0ad71d07 11562edc91d84c7c99292bdbd5a536ab - - bea4bbde53a54d90b0ce8cc73620177d bea4bbde53a54d90b0ce8cc73620177d] 10.0.0.102 "GET /resource_providers/9370dc01-d1c8-4dac-92dc-a4c550808035/aggregates" status: 404 len: 235 microversion: 1.1 [pid: 8|app: 0|req: 405/809] 10.0.0.102 () {32 vars in 816 bytes} [Wed Apr 22 19:34:23 2026] GET /resource_providers/9370dc01-d1c8-4dac-92dc-a4c550808035/aggregates => generated 235 bytes in 16 msecs (HTTP/1.1 404) 5 headers in 202 bytes (1 switches on core 0)
2026-04-22 19:34:23.311 7 INFO placement.requestlog [None req-b135cbe1-9fd6-4ea6-ba9a-75ea7e83e5ef 7494a6fc99444972afa0857c0ad71d07 11562edc91d84c7c99292bdbd5a536ab - - bea4bbde53a54d90b0ce8cc73620177d bea4bbde53a54d90b0ce8cc73620177d] 10.0.0.102 "DELETE /resource_providers/9370dc01-d1c8-4dac-92dc-a4c550808035" status: 404 len: 246 microversion: 1.1 [pid: 7|app: 0|req: 405/810] 10.0.0.102 () {34 vars in 816 bytes} [Wed Apr 22 19:34:23 2026] DELETE /resource_providers/9370dc01-d1c8-4dac-92dc-a4c550808035 => generated 246 bytes in 14 msecs (HTTP/1.1 404) 6 headers in 231 bytes (1 switches on core 0)
2026-04-22 19:34:23.321 8 INFO placement.requestlog [None req-82117358-2562-4885-a710-d7393aebd819 7494a6fc99444972afa0857c0ad71d07 11562edc91d84c7c99292bdbd5a536ab - - bea4bbde53a54d90b0ce8cc73620177d bea4bbde53a54d90b0ce8cc73620177d] 10.0.0.102 "DELETE /resource_providers/9370dc01-d1c8-4dac-92dc-a4c550808035" status: 404 len: 246 microversion: 1.1 [pid: 8|app: 0|req: 406/811] 10.0.0.102 () {34 vars in 816 bytes} [Wed Apr 22 19:34:23 2026] DELETE /resource_providers/9370dc01-d1c8-4dac-92dc-a4c550808035 => generated 246 bytes in 14 msecs (HTTP/1.1 404) 6 headers in 231 bytes (1 switches on core 0)
2026-04-22 19:34:25.865 8 INFO placement.requestlog [None req-6b66da68-4504-4933-8de5-84b9daa758ce 7494a6fc99444972afa0857c0ad71d07 11562edc91d84c7c99292bdbd5a536ab - - bea4bbde53a54d90b0ce8cc73620177d bea4bbde53a54d90b0ce8cc73620177d] 10.0.0.102 "GET /resource_providers/e65a8520-8cdf-4faa-8380-a02d942560e8/aggregates" status: 404 len: 235 microversion: 1.1 [pid: 8|app: 0|req: 407/812] 10.0.0.102 () {32 vars in 816 bytes} [Wed Apr 22 19:34:25 2026] GET /resource_providers/e65a8520-8cdf-4faa-8380-a02d942560e8/aggregates => generated 235 bytes in 12 msecs (HTTP/1.1 404) 5 headers in 202 bytes (1 switches on core 0)
2026-04-22 19:34:25.868 7 INFO placement.requestlog [None req-b5010acf-273a-408e-a938-1d8c4bdd603a 7494a6fc99444972afa0857c0ad71d07 11562edc91d84c7c99292bdbd5a536ab - - bea4bbde53a54d90b0ce8cc73620177d bea4bbde53a54d90b0ce8cc73620177d] 10.0.0.102 "GET /resource_providers/e65a8520-8cdf-4faa-8380-a02d942560e8/aggregates" status: 404 len: 235 microversion: 1.1 [pid: 7|app: 0|req: 406/813] 10.0.0.102 () {32 vars in 816 bytes} [Wed Apr 22 19:34:25 2026] GET /resource_providers/e65a8520-8cdf-4faa-8380-a02d942560e8/aggregates => generated 235 bytes in 15 msecs (HTTP/1.1 404) 5 headers in 202 bytes (1 switches on core 0)
2026-04-22 19:34:25.895 7 INFO placement.requestlog [None req-76adc98c-da85-40a1-ba68-1b02b7ea6557 7494a6fc99444972afa0857c0ad71d07 11562edc91d84c7c99292bdbd5a536ab - - bea4bbde53a54d90b0ce8cc73620177d bea4bbde53a54d90b0ce8cc73620177d] 10.0.0.102 "DELETE /resource_providers/e65a8520-8cdf-4faa-8380-a02d942560e8" status: 404 len: 246 microversion: 1.1 [pid: 7|app: 0|req: 407/814] 10.0.0.102 () {34 vars in 816 bytes} [Wed Apr 22 19:34:25 2026] DELETE /resource_providers/e65a8520-8cdf-4faa-8380-a02d942560e8 => generated 246 bytes in 10 msecs (HTTP/1.1 404) 6 headers in 231 bytes (1 switches on core 0)
2026-04-22 19:34:25.898 8 INFO placement.requestlog [None req-2266eef5-b42a-4edb-a7c8-158b1454509d 7494a6fc99444972afa0857c0ad71d07 11562edc91d84c7c99292bdbd5a536ab - - bea4bbde53a54d90b0ce8cc73620177d bea4bbde53a54d90b0ce8cc73620177d] 10.0.0.102 "DELETE /resource_providers/e65a8520-8cdf-4faa-8380-a02d942560e8" status: 404 len: 246 microversion: 1.1 [pid: 8|app: 0|req: 408/815] 10.0.0.102 () {34 vars in 816 bytes} [Wed Apr 22 19:34:25 2026] DELETE /resource_providers/e65a8520-8cdf-4faa-8380-a02d942560e8 => generated 246 bytes in 13 msecs (HTTP/1.1 404) 6 headers in 231 bytes (1 switches on core 0)
2026-04-22 19:34:27.763 7 INFO placement.requestlog [req-b031354a-0218-42da-9716-39ab2164e181 req-5e3cf309-5e77-4c38-875d-d2506a047661 5838daac05b04ca5b0f2e4a6c24618fd 11562edc91d84c7c99292bdbd5a536ab - - bea4bbde53a54d90b0ce8cc73620177d bea4bbde53a54d90b0ce8cc73620177d] 199.19.213.205 "GET /resource_providers/8553a463-d8b4-4705-9f8c-2e994921bfd9/allocations" status: 200 len: 252 microversion: 1.0 [pid: 7|app: 0|req: 408/816] 199.19.213.205 () {32 vars in 857 bytes} [Wed Apr 22 19:34:27 2026] GET /resource_providers/8553a463-d8b4-4705-9f8c-2e994921bfd9/allocations => generated 252 bytes in 31 msecs (HTTP/1.1 200) 6 headers in 224 bytes (1 switches on core 0)
2026-04-22 19:34:27.791 8 INFO placement.requestlog [req-b031354a-0218-42da-9716-39ab2164e181 req-2a419ea8-c063-470f-9997-132a1ddf2b0a 5838daac05b04ca5b0f2e4a6c24618fd 11562edc91d84c7c99292bdbd5a536ab - - bea4bbde53a54d90b0ce8cc73620177d bea4bbde53a54d90b0ce8cc73620177d] 199.19.213.205 "GET /allocations/c31b06ce-3c4b-489e-8aa8-230680665906" status: 200 len: 257 microversion: 1.28 [pid: 8|app: 0|req: 409/817] 199.19.213.205 () {34 vars in 863 bytes} [Wed Apr 22 19:34:27 2026] GET /allocations/c31b06ce-3c4b-489e-8aa8-230680665906 => generated 257 bytes in 19 msecs (HTTP/1.1 200) 8 headers in 296 bytes (1 switches on core 0)
2026-04-22 19:34:27.815 7 INFO placement.requestlog [req-b031354a-0218-42da-9716-39ab2164e181 req-1d565c78-b3e0-4f43-b4f6-70b561eb7b85 5838daac05b04ca5b0f2e4a6c24618fd 11562edc91d84c7c99292bdbd5a536ab - - bea4bbde53a54d90b0ce8cc73620177d bea4bbde53a54d90b0ce8cc73620177d] 199.19.213.205 "GET /allocations/0d016c59-4dd1-47ad-9750-868bbc94fbf9" status: 200 len: 257 microversion: 1.28 [pid: 7|app: 0|req: 409/818] 199.19.213.205 () {34 vars in 863 bytes} [Wed Apr 22 19:34:27 2026] GET /allocations/0d016c59-4dd1-47ad-9750-868bbc94fbf9 => generated 257 bytes in 15 msecs (HTTP/1.1 200) 8 headers in 296 bytes (1 switches on core 0)
2026-04-22 19:34:27.911 8 INFO placement.requestlog [req-b031354a-0218-42da-9716-39ab2164e181 req-e46a3e2a-b781-4739-830a-544d78c375bb 5838daac05b04ca5b0f2e4a6c24618fd 11562edc91d84c7c99292bdbd5a536ab - - bea4bbde53a54d90b0ce8cc73620177d bea4bbde53a54d90b0ce8cc73620177d] 199.19.213.205 "DELETE /allocations/c31b06ce-3c4b-489e-8aa8-230680665906" status: 204 len: 0 microversion: 1.0 [pid: 8|app: 0|req: 410/819] 199.19.213.205 () {34 vars in 841 bytes} [Wed Apr 22 19:34:27 2026] DELETE /allocations/c31b06ce-3c4b-489e-8aa8-230680665906 => generated 0 bytes in 27 msecs (HTTP/1.1 204) 5 headers in 198 bytes (1 switches on core 0)
2026-04-22 19:34:28.961 8 INFO placement.requestlog [None req-97d987d5-2e2d-4abc-a73a-841b1c909578 - - - - - -] 10.0.0.98 "GET /" status: 200 len: 136 microversion: 1.0
2026-04-22 19:34:28.961 7 INFO placement.requestlog [None req-68f824c2-5781-4b51-a102-666f37ee237b - - - - - -] 10.0.0.98 "GET /" status: 200 len: 136 microversion: 1.0
2026-04-22 19:34:30.366 7 INFO placement.requestlog [req-a391e401-97f6-4384-97c1-63b022cdcd6d req-05319904-fb1a-4552-b215-16d8c7e872a0 5838daac05b04ca5b0f2e4a6c24618fd 11562edc91d84c7c99292bdbd5a536ab - - bea4bbde53a54d90b0ce8cc73620177d bea4bbde53a54d90b0ce8cc73620177d] 10.0.0.204 "GET /allocation_candidates?limit=1000&resources=DISK_GB%3A1%2CMEMORY_MB%3A512%2CVCPU%3A1&root_required=%21COMPUTE_STATUS_DISABLED" status: 200 len: 2190 microversion: 1.36 [pid: 7|app: 0|req: 411/822] 10.0.0.204 () {34 vars in 1012 bytes} [Wed Apr 22 19:34:30 2026] GET /allocation_candidates?limit=1000&resources=DISK_GB%3A1%2CMEMORY_MB%3A512%2CVCPU%3A1&root_required=%21COMPUTE_STATUS_DISABLED => generated 2190 bytes in 65 msecs (HTTP/1.1 200) 8 headers in 297 bytes (1 switches on core 0)
2026-04-22 19:34:30.399 8 INFO placement.requestlog [req-a391e401-97f6-4384-97c1-63b022cdcd6d req-812e3c0b-5149-42d1-a5c6-b7e70a02e9e6 5838daac05b04ca5b0f2e4a6c24618fd 11562edc91d84c7c99292bdbd5a536ab - - bea4bbde53a54d90b0ce8cc73620177d bea4bbde53a54d90b0ce8cc73620177d] 10.0.0.204 "GET /allocations/cf461f54-c8fd-43a2-b7ea-2188fd2a9b09" status: 200 len: 19 microversion: 1.28 [pid: 8|app: 0|req: 412/823] 10.0.0.204 () {34 vars in 861 bytes} [Wed Apr 22 19:34:30 2026] GET /allocations/cf461f54-c8fd-43a2-b7ea-2188fd2a9b09 => generated 19 bytes in 10 msecs (HTTP/1.1 200) 8 headers in 295 bytes (1 switches on core 0)
2026-04-22 19:34:30.476 7 INFO placement.requestlog [req-a391e401-97f6-4384-97c1-63b022cdcd6d req-955a081e-4383-49b8-8839-6b0ffa9b9bf7 5838daac05b04ca5b0f2e4a6c24618fd 11562edc91d84c7c99292bdbd5a536ab - - bea4bbde53a54d90b0ce8cc73620177d bea4bbde53a54d90b0ce8cc73620177d] 10.0.0.204 "PUT /allocations/cf461f54-c8fd-43a2-b7ea-2188fd2a9b09" status: 204 len: 0 microversion: 1.36 [pid: 7|app: 0|req: 412/824] 10.0.0.204 () {38 vars in 914 bytes} [Wed Apr 22 19:34:30 2026] PUT /allocations/cf461f54-c8fd-43a2-b7ea-2188fd2a9b09 => generated 0 bytes in 68 msecs (HTTP/1.1 204) 5 headers in 199 bytes (1 switches on core 0)
2026-04-22 19:34:30.757 8 INFO placement.requestlog [req-a391e401-97f6-4384-97c1-63b022cdcd6d req-d02cf66f-216b-4b3e-9a28-76073a9e6f58 5838daac05b04ca5b0f2e4a6c24618fd 11562edc91d84c7c99292bdbd5a536ab - - bea4bbde53a54d90b0ce8cc73620177d bea4bbde53a54d90b0ce8cc73620177d] 199.19.213.205 "GET /allocations/cf461f54-c8fd-43a2-b7ea-2188fd2a9b09" status: 200 len: 257 microversion: 1.28 [pid: 8|app: 0|req: 413/825] 199.19.213.205 () {34 vars in 863 bytes} [Wed Apr 22 19:34:30 2026] GET /allocations/cf461f54-c8fd-43a2-b7ea-2188fd2a9b09 => generated 257 bytes in 17 msecs (HTTP/1.1 200) 8 headers in 296 bytes (1 switches on core 0)
