2026-05-20 04:24:40.590 9 ERROR oslo_messaging.rpc.server res = self.dispatcher.dispatch(message)
2026-05-20 04:24:40.590 9 ERROR oslo_messaging.rpc.server ^^^^^^^^^^^^^^^^^^^^^^^^^^^^^^^^^
2026-05-20 04:24:40.590 9 ERROR oslo_messaging.rpc.server
File "/var/lib/openstack/lib/python3.12/site-packages/oslo_messaging/rpc/dispatcher.py", line 309, in dispatch
2026-05-20 04:24:40.590 9 ERROR oslo_messaging.rpc.server return self._do_dispatch(endpoint, method, ctxt, args)
2026-05-20 04:24:40.590 9 ERROR oslo_messaging.rpc.server ^^^^^^^^^^^^^^^^^^^^^^^^^^^^^^^^^^^^^^^^^^^^^^^
2026-05-20 04:24:40.590 9 ERROR oslo_messaging.rpc.server
File "/var/lib/openstack/lib/python3.12/site-packages/oslo_messaging/rpc/dispatcher.py", line 229, in _do_dispatch
2026-05-20 04:24:40.590 9 ERROR oslo_messaging.rpc.server result = func(ctxt, **new_args)
2026-05-20 04:24:40.590 9 ERROR oslo_messaging.rpc.server ^^^^^^^^^^^^^^^^^^^^^^
2026-05-20 04:24:40.590 9 ERROR oslo_messaging.rpc.server
File "/var/lib/openstack/lib/python3.12/site-packages/oslo_messaging/rpc/server.py", line 262, in inner
2026-05-20 04:24:40.590 9 ERROR oslo_messaging.rpc.server return func(*args, **kwargs)
2026-05-20 04:24:40.590 9 ERROR oslo_messaging.rpc.server ^^^^^^^^^^^^^^^^^^^^^
2026-05-20 04:24:40.590 9 ERROR oslo_messaging.rpc.server
File "/var/lib/openstack/lib/python3.12/site-packages/neutron_lib/db/api.py", line 137, in wrapped
2026-05-20 04:24:40.590 9 ERROR oslo_messaging.rpc.server with excutils.save_and_reraise_exception():
2026-05-20 04:24:40.590 9 ERROR oslo_messaging.rpc.server
File "/var/lib/openstack/lib/python3.12/site-packages/oslo_utils/excutils.py", line 227, in __exit__
2026-05-20 04:24:40.590 9 ERROR oslo_messaging.rpc.server self.force_reraise()
2026-05-20 04:24:40.590 9 ERROR oslo_messaging.rpc.server
File "/var/lib/openstack/lib/python3.12/site-packages/oslo_utils/excutils.py", line 200, in force_reraise
2026-05-20 04:24:40.590 9 ERROR oslo_messaging.rpc.server raise self.value
2026-05-20 04:24:40.590 9 ERROR oslo_messaging.rpc.server
File "/var/lib/openstack/lib/python3.12/site-packages/neutron_lib/db/api.py", line 135, in wrapped
2026-05-20 04:24:40.590 9 ERROR oslo_messaging.rpc.server return f(*args, **kwargs)
2026-05-20 04:24:40.590 9 ERROR oslo_messaging.rpc.server ^^^^^^^^^^^^^^^^^^
2026-05-20 04:24:40.590 9 ERROR oslo_messaging.rpc.server
File "/var/lib/openstack/lib/python3.12/site-packages/oslo_db/api.py", line 144, in wrapper
2026-05-20 04:24:40.590 9 ERROR oslo_messaging.rpc.server with excutils.save_and_reraise_exception() as ectxt:
2026-05-20 04:24:40.590 9 ERROR oslo_messaging.rpc.server
File "/var/lib/openstack/lib/python3.12/site-packages/oslo_utils/excutils.py", line 227, in __exit__
2026-05-20 04:24:40.590 9 ERROR oslo_messaging.rpc.server self.force_reraise()
2026-05-20 04:24:40.590 9 ERROR oslo_messaging.rpc.server
File "/var/lib/openstack/lib/python3.12/site-packages/oslo_utils/excutils.py", line 200, in force_reraise
2026-05-20 04:24:40.590 9 ERROR oslo_messaging.rpc.server raise self.value
2026-05-20 04:24:40.590 9 ERROR oslo_messaging.rpc.server
File "/var/lib/openstack/lib/python3.12/site-packages/oslo_db/api.py", line 142, in wrapper
2026-05-20 04:24:40.590 9 ERROR oslo_messaging.rpc.server return f(*args, **kwargs)
2026-05-20 04:24:40.590 9 ERROR oslo_messaging.rpc.server ^^^^^^^^^^^^^^^^^^
2026-05-20 04:24:40.590 9 ERROR oslo_messaging.rpc.server
File "/var/lib/openstack/lib/python3.12/site-packages/neutron_lib/db/api.py", line 183, in wrapped
2026-05-20 04:24:40.590 9 ERROR oslo_messaging.rpc.server with excutils.save_and_reraise_exception():
2026-05-20 04:24:40.590 9 ERROR oslo_messaging.rpc.server
File "/var/lib/openstack/lib/python3.12/site-packages/oslo_utils/excutils.py", line 227, in __exit__
2026-05-20 04:24:40.590 9 ERROR oslo_messaging.rpc.server self.force_reraise()
2026-05-20 04:24:40.590 9 ERROR oslo_messaging.rpc.server
File "/var/lib/openstack/lib/python3.12/site-packages/oslo_utils/excutils.py", line 200, in force_reraise
2026-05-20 04:24:40.590 9 ERROR oslo_messaging.rpc.server raise self.value
2026-05-20 04:24:40.590 9 ERROR oslo_messaging.rpc.server
File "/var/lib/openstack/lib/python3.12/site-packages/neutron_lib/db/api.py", line 181, in wrapped
2026-05-20 04:24:40.590 9 ERROR oslo_messaging.rpc.server return f(*dup_args, **dup_kwargs)
2026-05-20 04:24:40.590 9 ERROR oslo_messaging.rpc.server ^^^^^^^^^^^^^^^^^^^^^^^^^^
2026-05-20 04:24:40.590 9 ERROR oslo_messaging.rpc.server
File "/var/lib/openstack/lib/python3.12/site-packages/neutron/quota/resource_registry.py", line 95, in wrapper
2026-05-20 04:24:40.590 9 ERROR oslo_messaging.rpc.server ret_val = f(_self, context, *args, **kwargs)
2026-05-20 04:24:40.590 9 ERROR oslo_messaging.rpc.server ^^^^^^^^^^^^^^^^^^^^^^^^^^^^^^^^^^
2026-05-20 04:24:40.590 9 ERROR oslo_messaging.rpc.server
File "/var/lib/openstack/lib/python3.12/site-packages/neutron/api/rpc/handlers/dhcp_rpc.py", line 292, in create_dhcp_port
2026-05-20 04:24:40.590 9 ERROR oslo_messaging.rpc.server return self._port_action(plugin, context, port, 'create_port')
2026-05-20 04:24:40.590 9 ERROR oslo_messaging.rpc.server ^^^^^^^^^^^^^^^^^^^^^^^^^^^^^^^^^^^^^^^^^^^^^^^^^^^^^^^
2026-05-20 04:24:40.590 9 ERROR oslo_messaging.rpc.server
File "/var/lib/openstack/lib/python3.12/site-packages/neutron/api/rpc/handlers/dhcp_rpc.py", line 118, in _port_action
2026-05-20 04:24:40.590 9 ERROR oslo_messaging.rpc.server return p_utils.create_port(plugin, context, port)
2026-05-20 04:24:40.590 9 ERROR oslo_messaging.rpc.server ^^^^^^^^^^^^^^^^^^^^^^^^^^^^^^^^^^^^^^^^^^
2026-05-20 04:24:40.590 9 ERROR oslo_messaging.rpc.server
File "/var/lib/openstack/lib/python3.12/site-packages/neutron_lib/plugins/utils.py", line 338, in create_port
2026-05-20 04:24:40.590 9 ERROR oslo_messaging.rpc.server return core_plugin.create_port(
2026-05-20 04:24:40.590 9 ERROR oslo_messaging.rpc.server ^^^^^^^^^^^^^^^^^^^^^^^^
2026-05-20 04:24:40.590 9 ERROR oslo_messaging.rpc.server
File "/var/lib/openstack/lib/python3.12/site-packages/neutron/common/utils.py", line 724, in inner
2026-05-20 04:24:40.590 9 ERROR oslo_messaging.rpc.server return f(*args, **kwargs)
2026-05-20 04:24:40.590 9 ERROR oslo_messaging.rpc.server ^^^^^^^^^^^^^^^^^^
2026-05-20 04:24:40.590 9 ERROR oslo_messaging.rpc.server
File "/var/lib/openstack/lib/python3.12/site-packages/neutron_lib/db/api.py", line 223, in wrapped
2026-05-20 04:24:40.590 9 ERROR oslo_messaging.rpc.server return f_with_retry(*args, **kwargs,
2026-05-20 04:24:40.590 9 ERROR oslo_messaging.rpc.server ^^^^^^^^^^^^^^^^^^^^^^^^^^^^^
2026-05-20 04:24:40.590 9 ERROR oslo_messaging.rpc.server
File "/var/lib/openstack/lib/python3.12/site-packages/neutron_lib/db/api.py", line 137, in wrapped
2026-05-20 04:24:40.590 9 ERROR oslo_messaging.rpc.server with excutils.save_and_reraise_exception():
2026-05-20 04:24:40.590 9 ERROR oslo_messaging.rpc.server
File "/var/lib/openstack/lib/python3.12/site-packages/oslo_utils/excutils.py", line 227, in __exit__
2026-05-20 04:24:40.590 9 ERROR oslo_messaging.rpc.server self.force_reraise()
2026-05-20 04:24:40.590 9 ERROR oslo_messaging.rpc.server
File "/var/lib/openstack/lib/python3.12/site-packages/oslo_utils/excutils.py", line 200, in force_reraise
2026-05-20 04:24:40.590 9 ERROR oslo_messaging.rpc.server raise self.value
2026-05-20 04:24:40.590 9 ERROR oslo_messaging.rpc.server
File "/var/lib/openstack/lib/python3.12/site-packages/neutron_lib/db/api.py", line 135, in wrapped
2026-05-20 04:24:40.590 9 ERROR oslo_messaging.rpc.server return f(*args, **kwargs)
2026-05-20 04:24:40.590 9 ERROR oslo_messaging.rpc.server ^^^^^^^^^^^^^^^^^^
2026-05-20 04:24:40.590 9 ERROR oslo_messaging.rpc.server
File "/var/lib/openstack/lib/python3.12/site-packages/oslo_db/api.py", line 144, in wrapper
2026-05-20 04:24:40.590 9 ERROR oslo_messaging.rpc.server with excutils.save_and_reraise_exception() as ectxt:
2026-05-20 04:24:40.590 9 ERROR oslo_messaging.rpc.server
File "/var/lib/openstack/lib/python3.12/site-packages/oslo_utils/excutils.py", line 227, in __exit__
2026-05-20 04:24:40.590 9 ERROR oslo_messaging.rpc.server self.force_reraise()
2026-05-20 04:24:40.590 9 ERROR oslo_messaging.rpc.server
File "/var/lib/openstack/lib/python3.12/site-packages/oslo_utils/excutils.py", line 200, in force_reraise
2026-05-20 04:24:40.590 9 ERROR oslo_messaging.rpc.server raise self.value
2026-05-20 04:24:40.590 9 ERROR oslo_messaging.rpc.server
File "/var/lib/openstack/lib/python3.12/site-packages/oslo_db/api.py", line 142, in wrapper
2026-05-20 04:24:40.590 9 ERROR oslo_messaging.rpc.server return f(*args, **kwargs)
2026-05-20 04:24:40.590 9 ERROR oslo_messaging.rpc.server ^^^^^^^^^^^^^^^^^^
2026-05-20 04:24:40.590 9 ERROR oslo_messaging.rpc.server
File "/var/lib/openstack/lib/python3.12/site-packages/neutron_lib/db/api.py", line 183, in wrapped
2026-05-20 04:24:40.590 9 ERROR oslo_messaging.rpc.server with excutils.save_and_reraise_exception():
2026-05-20 04:24:40.590 9 ERROR oslo_messaging.rpc.server
File "/var/lib/openstack/lib/python3.12/site-packages/oslo_utils/excutils.py", line 227, in __exit__
2026-05-20 04:24:40.590 9 ERROR oslo_messaging.rpc.server self.force_reraise()
2026-05-20 04:24:40.590 9 ERROR oslo_messaging.rpc.server
File "/var/lib/openstack/lib/python3.12/site-packages/oslo_utils/excutils.py", line 200, in force_reraise
2026-05-20 04:24:40.590 9 ERROR oslo_messaging.rpc.server raise self.value
2026-05-20 04:24:40.590 9 ERROR oslo_messaging.rpc.server
File "/var/lib/openstack/lib/python3.12/site-packages/neutron_lib/db/api.py", line 181, in wrapped
2026-05-20 04:24:40.590 9 ERROR oslo_messaging.rpc.server return f(*dup_args, **dup_kwargs)
2026-05-20 04:24:40.590 9 ERROR oslo_messaging.rpc.server ^^^^^^^^^^^^^^^^^^^^^^^^^^
2026-05-20 04:24:40.590 9 ERROR oslo_messaging.rpc.server
File "/var/lib/openstack/lib/python3.12/site-packages/neutron/plugins/ml2/plugin.py", line 1608, in create_port
2026-05-20 04:24:40.590 9 ERROR oslo_messaging.rpc.server result, mech_context = self._create_port_db(context, port)
2026-05-20 04:24:40.590 9 ERROR oslo_messaging.rpc.server ^^^^^^^^^^^^^^^^^^^^^^^^^^^^^^^^^^^
2026-05-20 04:24:40.590 9 ERROR oslo_messaging.rpc.server
File "/var/lib/openstack/lib/python3.12/site-packages/neutron/plugins/ml2/plugin.py", line 1573, in _create_port_db
2026-05-20 04:24:40.590 9 ERROR oslo_messaging.rpc.server port_db = self.create_port_db(context, port)
2026-05-20 04:24:40.590 9 ERROR oslo_messaging.rpc.server ^^^^^^^^^^^^^^^^^^^^^^^^^^^^^^^^^^
2026-05-20 04:24:40.590 9 ERROR oslo_messaging.rpc.server
File "/var/lib/openstack/lib/python3.12/site-packages/neutron/db/db_base_plugin_v2.py", line 1573, in create_port_db
2026-05-20 04:24:40.590 9 ERROR oslo_messaging.rpc.server self.ipam.allocate_ips_for_port_and_store(
2026-05-20 04:24:40.590 9 ERROR oslo_messaging.rpc.server
File "/var/lib/openstack/lib/python3.12/site-packages/neutron/db/ipam_pluggable_backend.py", line 219, in allocate_ips_for_port_and_store
2026-05-20 04:24:40.590 9 ERROR oslo_messaging.rpc.server ips = self.allocate_ips_for_port(context, port_copy)
2026-05-20 04:24:40.590 9 ERROR oslo_messaging.rpc.server ^^^^^^^^^^^^^^^^^^^^^^^^^^^^^^^^^^^^^^^^^^^^^^
2026-05-20 04:24:40.590 9 ERROR oslo_messaging.rpc.server
File "/var/lib/openstack/lib/python3.12/site-packages/neutron_lib/db/api.py", line 221, in wrapped
2026-05-20 04:24:40.590 9 ERROR oslo_messaging.rpc.server return f(*args, **kwargs)
2026-05-20 04:24:40.590 9 ERROR oslo_messaging.rpc.server ^^^^^^^^^^^^^^^^^^
2026-05-20 04:24:40.590 9 ERROR oslo_messaging.rpc.server
File "/var/lib/openstack/lib/python3.12/site-packages/oslo_db/sqlalchemy/enginefacade.py", line 998, in wrapper
2026-05-20 04:24:40.590 9 ERROR oslo_messaging.rpc.server return fn(*args, **kwargs)
2026-05-20 04:24:40.590 9 ERROR oslo_messaging.rpc.server ^^^^^^^^^^^^^^^^^^^
2026-05-20 04:24:40.590 9 ERROR oslo_messaging.rpc.server
File "/var/lib/openstack/lib/python3.12/site-packages/neutron/db/ipam_pluggable_backend.py", line 226, in allocate_ips_for_port
2026-05-20 04:24:40.590 9 ERROR oslo_messaging.rpc.server return self._allocate_ips_for_port(context, port)
2026-05-20 04:24:40.590 9 ERROR oslo_messaging.rpc.server ^^^^^^^^^^^^^^^^^^^^^^^^^^^^^^^^^^^^^^^^^^
2026-05-20 04:24:40.590 9 ERROR oslo_messaging.rpc.server
File "/var/lib/openstack/lib/python3.12/site-packages/neutron/db/ipam_pluggable_backend.py", line 258, in _allocate_ips_for_port
2026-05-20 04:24:40.590 9 ERROR oslo_messaging.rpc.server subnets = self._ipam_get_subnets(
2026-05-20 04:24:40.590 9 ERROR oslo_messaging.rpc.server ^^^^^^^^^^^^^^^^^^^^^^^
2026-05-20 04:24:40.590 9 ERROR oslo_messaging.rpc.server
File "/var/lib/openstack/lib/python3.12/site-packages/neutron/db/ipam_backend_mixin.py", line 686, in _ipam_get_subnets
2026-05-20 04:24:40.590 9 ERROR oslo_messaging.rpc.server subnet.read_lock_register(
2026-05-20 04:24:40.590 9 ERROR oslo_messaging.rpc.server
File "/var/lib/openstack/lib/python3.12/site-packages/neutron/db/models_v2.py", line 77, in read_lock_register
2026-05-20 04:24:40.590 9 ERROR oslo_messaging.rpc.server raise exception
2026-05-20 04:24:40.590 9 ERROR oslo_messaging.rpc.server neutron_lib.exceptions.SubnetInUse: Unable to complete operation on subnet 248c900f-2b1c-43c0-8e8d-0312f1415649: This subnet is being modified by another concurrent operation.
2026-05-20 04:24:40.590 9 ERROR oslo_messaging.rpc.server
2026-05-20 04:24:41.720 9 INFO neutron.plugins.ml2.plugin [None req-957fd7e9-fd4e-48a9-b45a-2f91ca0df26d - - - - - -] Attempt 1 to provision port c569f1fb-3d93-423b-9d68-a528b7fd4af1
2026-05-20 04:24:43.943 10 INFO neutron.plugins.ml2.plugin [None req-957fd7e9-fd4e-48a9-b45a-2f91ca0df26d - - - - - -] Attempt 1 to provision port c569f1fb-3d93-423b-9d68-a528b7fd4af1
2026-05-20 04:24:44.146 10 INFO neutron.plugins.ml2.plugin [None req-957fd7e9-fd4e-48a9-b45a-2f91ca0df26d - - - - - -] Attempt 1 to provision port d1dae621-4108-4f0b-aa0d-11f4e97bc086
2026-05-20 04:24:47.258 9 INFO neutron.plugins.ml2.plugin [None req-010aec32-eb5f-482a-bf10-bedc7586a2c1 - - - - - -] Attempt 1 to provision port 676dcddf-bf61-4b13-91d0-efa6d8561fc5
2026-05-20 04:24:48.765 10 INFO neutron.plugins.ml2.plugin [None req-8b55ad6a-a8db-4d7a-aee6-3094cb64edce - - - - - -] Attempt 1 to provision port 321a0280-b2ce-4103-a904-ada9e8465ff9
2026-05-20 04:24:49.764 9 INFO neutron.plugins.ml2.plugin [None req-957fd7e9-fd4e-48a9-b45a-2f91ca0df26d - - - - - -] Attempt 1 to provision port 4d47037f-7a12-4527-b42b-c28373c4b929
2026-05-20 04:24:50.076 10 INFO neutron.plugins.ml2.plugin [None req-3abf51e4-0a16-40d5-9208-988fa3003551 - - - - - -] Attempt 1 to provision port 4d47037f-7a12-4527-b42b-c28373c4b929
2026-05-20 04:24:51.387 9 INFO neutron.plugins.ml2.plugin [None req-4f2ef403-8be6-4321-9982-2b4dd3bd0384 - - - - - -] Attempt 1 to provision port e410701f-609f-4f54-9f08-265aea76b62b
2026-05-20 04:24:51.420 9 INFO neutron.plugins.ml2.plugin [None req-4f2ef403-8be6-4321-9982-2b4dd3bd0384 - - - - - -] Attempt 1 to provision port 4d47037f-7a12-4527-b42b-c28373c4b929
2026-05-20 04:24:51.984 9 INFO neutron.plugins.ml2.plugin [None req-957fd7e9-fd4e-48a9-b45a-2f91ca0df26d - - - - - -] Attempt 1 to provision port 53c404f2-f839-4d9f-b9ad-30e1802327e8
2026-05-20 04:24:52.090 10 INFO neutron.plugins.ml2.plugin [None req-7c4a43a7-9196-4b6d-9a8e-0d0407d304e3 - - - - - -] Attempt 1 to provision port e410701f-609f-4f54-9f08-265aea76b62b
2026-05-20 04:24:52.481 9 INFO neutron.plugins.ml2.plugin [None req-957fd7e9-fd4e-48a9-b45a-2f91ca0df26d - - - - - -] Attempt 1 to provision port 4d47037f-7a12-4527-b42b-c28373c4b929
2026-05-20 04:24:52.998 10 INFO neutron.plugins.ml2.plugin [None req-248025bd-c733-44c9-8ce7-a6d38bc0c496 - - - - - -] Attempt 1 to provision port e410701f-609f-4f54-9f08-265aea76b62b
2026-05-20 04:24:53.903 9 INFO neutron.plugins.ml2.plugin [None req-957fd7e9-fd4e-48a9-b45a-2f91ca0df26d - - - - - -] Attempt 1 to provision port 53c404f2-f839-4d9f-b9ad-30e1802327e8
2026-05-20 04:25:04.315 9 INFO neutron.plugins.ml2.plugin [None req-957fd7e9-fd4e-48a9-b45a-2f91ca0df26d - - - - - -] Attempt 1 to provision port 9419e37d-4d82-454f-a500-876dc290946c
2026-05-20 04:25:04.450 9 INFO neutron.notifiers.nova [-] Nova event matching ['req-d350564b-0a96-4754-a95b-587f793021c7'] response: {'server_uuid': 'c8519e8a-a954-4135-815d-d6f9c45e262e', 'name': 'network-vif-plugged', 'status': 'completed', 'tag': '9419e37d-4d82-454f-a500-876dc290946c', 'code': 200}
2026-05-20 04:25:05.760 10 INFO neutron.plugins.ml2.plugin [None req-957fd7e9-fd4e-48a9-b45a-2f91ca0df26d - - - - - -] Attempt 1 to provision port 9419e37d-4d82-454f-a500-876dc290946c
2026-05-20 04:25:10.015 9 INFO neutron.plugins.ml2.plugin [None req-957fd7e9-fd4e-48a9-b45a-2f91ca0df26d - - - - - -] Attempt 1 to provision port f121f503-1c94-44f0-9ba2-8a1927102299
2026-05-20 04:25:10.387 9 INFO neutron.plugins.ml2.plugin [None req-957fd7e9-fd4e-48a9-b45a-2f91ca0df26d - - - - - -] Attempt 1 to provision port a04db708-a77e-4f61-9dd9-791b519c1a1b
2026-05-20 04:25:10.837 9 INFO neutron.plugins.ml2.plugin [None req-957fd7e9-fd4e-48a9-b45a-2f91ca0df26d - - - - - -] Attempt 1 to provision port 321a0280-b2ce-4103-a904-ada9e8465ff9
2026-05-20 04:25:11.145 9 INFO neutron.plugins.ml2.plugin [None req-957fd7e9-fd4e-48a9-b45a-2f91ca0df26d - - - - - -] Attempt 1 to provision port e410701f-609f-4f54-9f08-265aea76b62b
2026-05-20 04:25:11.891 9 INFO neutron.plugins.ml2.plugin [None req-ccf7fd57-aa17-48e4-b79b-035c6df2669b - - - - - -] Attempt 1 to provision port f121f503-1c94-44f0-9ba2-8a1927102299
2026-05-20 04:25:12.345 10 INFO neutron.plugins.ml2.plugin [None req-957fd7e9-fd4e-48a9-b45a-2f91ca0df26d - - - - - -] Attempt 1 to provision port e410701f-609f-4f54-9f08-265aea76b62b
2026-05-20 04:25:12.561 10 INFO neutron.plugins.ml2.plugin [None req-957fd7e9-fd4e-48a9-b45a-2f91ca0df26d - - - - - -] Attempt 1 to provision port a04db708-a77e-4f61-9dd9-791b519c1a1b
2026-05-20 04:25:12.595 9 INFO neutron.plugins.ml2.plugin [None req-bc99c12a-b4e9-46fe-9db9-26dae5c2ddac - - - - - -] Attempt 1 to provision port 45e8c335-08da-430a-8f78-8a0086d49623
2026-05-20 04:25:12.626 9 INFO neutron.plugins.ml2.plugin [None req-bc99c12a-b4e9-46fe-9db9-26dae5c2ddac - - - - - -] Attempt 1 to provision port f121f503-1c94-44f0-9ba2-8a1927102299
2026-05-20 04:25:12.805 10 INFO neutron.plugins.ml2.plugin [None req-957fd7e9-fd4e-48a9-b45a-2f91ca0df26d - - - - - -] Attempt 1 to provision port f121f503-1c94-44f0-9ba2-8a1927102299
2026-05-20 04:25:13.006 10 INFO neutron.plugins.ml2.plugin [None req-957fd7e9-fd4e-48a9-b45a-2f91ca0df26d - - - - - -] Attempt 1 to provision port 321a0280-b2ce-4103-a904-ada9e8465ff9
2026-05-20 04:25:13.304 9 INFO neutron.plugins.ml2.plugin [None req-2501f018-cac1-430a-bf4e-78007db1d2bb - - - - - -] Attempt 1 to provision port a04db708-a77e-4f61-9dd9-791b519c1a1b
2026-05-20 04:25:14.008 10 INFO neutron.plugins.ml2.plugin [None req-e38ce594-c71a-4fd5-b6b9-17f6efb8b46b - - - - - -] Attempt 1 to provision port a04db708-a77e-4f61-9dd9-791b519c1a1b
2026-05-20 04:25:18.510 9 INFO neutron.plugins.ml2.plugin [None req-957fd7e9-fd4e-48a9-b45a-2f91ca0df26d - - - - - -] Attempt 1 to provision port 31f9d4d6-d955-45e8-b169-04e0dc242b25
2026-05-20 04:25:19.836 9 INFO neutron.plugins.ml2.plugin [None req-9c9afd9c-8b51-44b0-af9c-c7b127a563e5 - - - - - -] Attempt 1 to provision port 31f9d4d6-d955-45e8-b169-04e0dc242b25
2026-05-20 04:25:20.542 9 INFO neutron.plugins.ml2.plugin [None req-6bbc614c-8726-424e-a29d-0a2c89b7e9c1 - - - - - -] Attempt 1 to provision port 31f9d4d6-d955-45e8-b169-04e0dc242b25
2026-05-20 04:25:20.755 10 INFO neutron.plugins.ml2.plugin [None req-957fd7e9-fd4e-48a9-b45a-2f91ca0df26d - - - - - -] Attempt 1 to provision port 2ed5fccd-b04f-4d11-b381-0108b8d4f8ae
2026-05-20 04:25:21.218 10 INFO neutron.plugins.ml2.plugin [None req-957fd7e9-fd4e-48a9-b45a-2f91ca0df26d - - - - - -] Attempt 1 to provision port 31f9d4d6-d955-45e8-b169-04e0dc242b25
2026-05-20 04:25:21.272 10 INFO neutron.plugins.ml2.plugin [None req-9634eb79-f389-4e4e-a504-38c47b08b8ce - - - - - -] Attempt 1 to provision port b3ab2e51-b59f-4eb8-aedd-db4b129261be
2026-05-20 04:25:22.616 9 INFO neutron.plugins.ml2.plugin [None req-957fd7e9-fd4e-48a9-b45a-2f91ca0df26d - - - - - -] Attempt 1 to provision port 87bbc392-a4b7-47b7-a54a-227c0b811713
2026-05-20 04:25:22.656 10 INFO neutron.plugins.ml2.plugin [None req-73f0c8e2-c2a6-4dd2-bcea-f3a0b9a00dee - - - - - -] Attempt 1 to provision port 6752dc98-970d-4253-9cd2-7503d8edf569
2026-05-20 04:25:22.685 10 INFO neutron.plugins.ml2.plugin [None req-73f0c8e2-c2a6-4dd2-bcea-f3a0b9a00dee - - - - - -] Attempt 1 to provision port 2ed5fccd-b04f-4d11-b381-0108b8d4f8ae
2026-05-20 04:25:23.014 9 INFO neutron.plugins.ml2.plugin [None req-957fd7e9-fd4e-48a9-b45a-2f91ca0df26d - - - - - -] Attempt 1 to provision port f9e837d4-6305-48e4-a5c0-22efc9aab68f
2026-05-20 04:25:23.443 9 INFO neutron.plugins.ml2.plugin [None req-957fd7e9-fd4e-48a9-b45a-2f91ca0df26d - - - - - -] Attempt 1 to provision port 2ed5fccd-b04f-4d11-b381-0108b8d4f8ae
2026-05-20 04:25:23.569 9 INFO neutron.plugins.ml2.plugin [None req-ca340634-2e79-43be-849c-8a5b6b616a01 - - - - - -] Attempt 1 to provision port 2ed5fccd-b04f-4d11-b381-0108b8d4f8ae /var/lib/openstack/lib/python3.12/site-packages/oslo_db/sqlalchemy/enginefacade.py:664: SAWarning: DELETE statement on table 'portsecuritybindings' expected to delete 1 row(s); 0 were matched. Please set confirm_deleted_rows=False within the mapper configuration to prevent this warning. self.session.flush() /var/lib/openstack/lib/python3.12/site-packages/oslo_db/sqlalchemy/enginefacade.py:664: SAWarning: DELETE statement on table 'ml2_port_bindings' expected to delete 1 row(s); 0 were matched. Please set confirm_deleted_rows=False within the mapper configuration to prevent this warning. self.session.flush() /var/lib/openstack/lib/python3.12/site-packages/oslo_db/sqlalchemy/enginefacade.py:664: SAWarning: DELETE statement on table 'ml2_port_binding_levels' expected to delete 1 row(s); 0 were matched. Please set confirm_deleted_rows=False within the mapper configuration to prevent this warning. self.session.flush() /var/lib/openstack/lib/python3.12/site-packages/oslo_db/sqlalchemy/enginefacade.py:664: SAWarning: DELETE statement on table 'ports' expected to delete 1 row(s); 0 were matched. Please set confirm_deleted_rows=False within the mapper configuration to prevent this warning. self.session.flush()
2026-05-20 04:25:24.277 9 INFO neutron.plugins.ml2.plugin [None req-518b26de-40ad-4eff-8885-a69834a68297 - - - - - -] Attempt 1 to provision port 87bbc392-a4b7-47b7-a54a-227c0b811713
2026-05-20 04:25:24.361 9 INFO neutron.plugins.ml2.plugin [None req-518b26de-40ad-4eff-8885-a69834a68297 - - - - - -] Attempt 1 to provision port f19d0d4a-556e-42c7-89a0-9d5e0b16bf75
2026-05-20 04:25:24.540 9 INFO neutron.plugins.ml2.plugin [None req-957fd7e9-fd4e-48a9-b45a-2f91ca0df26d - - - - - -] Attempt 1 to provision port 87bbc392-a4b7-47b7-a54a-227c0b811713
2026-05-20 04:25:24.761 9 INFO neutron.plugins.ml2.plugin [None req-957fd7e9-fd4e-48a9-b45a-2f91ca0df26d - - - - - -] Attempt 1 to provision port f9e837d4-6305-48e4-a5c0-22efc9aab68f
2026-05-20 04:25:25.177 9 INFO neutron.plugins.ml2.plugin [None req-8c760159-8daa-4681-b02e-baffdeb027a6 - - - - - -] Attempt 1 to provision port 87bbc392-a4b7-47b7-a54a-227c0b811713
2026-05-20 04:25:25.890 10 INFO neutron.plugins.ml2.plugin [None req-56c28880-a77c-4a30-bb02-03b47585f20d - - - - - -] Attempt 1 to provision port f19d0d4a-556e-42c7-89a0-9d5e0b16bf75
2026-05-20 04:25:26.594 10 INFO neutron.plugins.ml2.plugin [None req-1364297e-5bd5-4550-a5ea-9407749cf65a - - - - - -] Attempt 1 to provision port ed7dd01b-4fe3-4c0e-b478-1b91de9a2e38
2026-05-20 04:25:26.634 9 INFO neutron.plugins.ml2.plugin [None req-957fd7e9-fd4e-48a9-b45a-2f91ca0df26d - - - - - -] Attempt 1 to provision port b0f091a4-17a1-4c83-8863-68dfc50d2a45
2026-05-20 04:25:27.221 9 INFO neutron.plugins.ml2.plugin [None req-957fd7e9-fd4e-48a9-b45a-2f91ca0df26d - - - - - -] Attempt 1 to provision port bf48f0d2-16dd-4967-baa3-88c8d99d7fea
2026-05-20 04:25:27.296 10 INFO neutron.plugins.ml2.plugin [None req-2cca54e3-2ad1-4d54-94cc-c61fad9ef007 - - - - - -] Attempt 1 to provision port ed7dd01b-4fe3-4c0e-b478-1b91de9a2e38
2026-05-20 04:25:28.576 9 INFO neutron.plugins.ml2.plugin [None req-957fd7e9-fd4e-48a9-b45a-2f91ca0df26d - - - - - -] Attempt 1 to provision port b0f091a4-17a1-4c83-8863-68dfc50d2a45
2026-05-20 04:25:28.841 9 INFO neutron.plugins.ml2.plugin [None req-957fd7e9-fd4e-48a9-b45a-2f91ca0df26d - - - - - -] Attempt 1 to provision port bf48f0d2-16dd-4967-baa3-88c8d99d7fea
2026-05-20 04:25:29.212 9 INFO neutron.plugins.ml2.plugin [None req-d3b4fee1-f92c-402f-a71b-1a2abcd252cd - - - - - -] Attempt 1 to provision port b0f091a4-17a1-4c83-8863-68dfc50d2a45
2026-05-20 04:25:29.924 10 INFO neutron.plugins.ml2.plugin [None req-09755c9d-0cd7-4241-a9c4-08f663169d35 - - - - - -] Attempt 1 to provision port 37501370-3d6b-4134-829f-5e267c1e0d37
2026-05-20 04:25:30.573 10 INFO neutron.plugins.ml2.plugin [None req-957fd7e9-fd4e-48a9-b45a-2f91ca0df26d - - - - - -] Attempt 1 to provision port 4caac0f3-e505-4e88-a84c-b37057bc574e
2026-05-20 04:25:30.615 10 INFO neutron.plugins.ml2.plugin [None req-e310d952-97c6-489b-bc6f-ffb2cf66505e - - - - - -] Attempt 1 to provision port 4caac0f3-e505-4e88-a84c-b37057bc574e
2026-05-20 04:25:32.035 9 INFO neutron.plugins.ml2.plugin [None req-e5dbb001-57e0-4970-944d-603be2421334 - - - - - -] Attempt 1 to provision port 4caac0f3-e505-4e88-a84c-b37057bc574e
2026-05-20 04:25:32.103 9 INFO neutron.plugins.ml2.plugin [None req-e5dbb001-57e0-4970-944d-603be2421334 - - - - - -] Attempt 1 to provision port bb43bf7a-c7e4-46e1-bf86-dce83e6299bf
2026-05-20 04:25:32.616 10 INFO neutron.plugins.ml2.plugin [None req-957fd7e9-fd4e-48a9-b45a-2f91ca0df26d - - - - - -] Attempt 1 to provision port 9b14d7d5-be95-4f11-a2b5-0a5b44025141
2026-05-20 04:25:32.737 9 INFO neutron.plugins.ml2.plugin [None req-8ac534c9-ce25-4f2d-812f-cfbd49c81aa5 - - - - - -] Attempt 1 to provision port 25f7bf9c-d2b7-4123-812a-1dcb013131cd
2026-05-20 04:25:33.247 10 INFO neutron.plugins.ml2.plugin [None req-957fd7e9-fd4e-48a9-b45a-2f91ca0df26d - - - - - -] Attempt 1 to provision port 4caac0f3-e505-4e88-a84c-b37057bc574e
2026-05-20 04:25:33.448 9 INFO neutron.plugins.ml2.plugin [None req-e2f759fe-9728-42ea-856f-51ff073a0f10 - - - - - -] Attempt 1 to provision port bb43bf7a-c7e4-46e1-bf86-dce83e6299bf
2026-05-20 04:25:34.144 9 INFO neutron.plugins.ml2.plugin [None req-443df5f4-809b-4cac-b0f9-3ec7659987ac - - - - - -] Attempt 1 to provision port bb43bf7a-c7e4-46e1-bf86-dce83e6299bf
2026-05-20 04:25:34.605 9 INFO neutron.plugins.ml2.plugin [None req-957fd7e9-fd4e-48a9-b45a-2f91ca0df26d - - - - - -] Attempt 1 to provision port 9b14d7d5-be95-4f11-a2b5-0a5b44025141
2026-05-20 04:25:41.036 9 INFO neutron.plugins.ml2.plugin [None req-957fd7e9-fd4e-48a9-b45a-2f91ca0df26d - - - - - -] Attempt 1 to provision port d4bdbcbc-73ee-484e-951c-aea9d319ce4f
2026-05-20 04:25:41.174 9 INFO neutron.notifiers.nova [-] Nova event matching ['req-671a2f64-c752-43a6-9a32-7449d0203a8f'] response: {'server_uuid': 'fe1b1015-c60a-4307-a49a-678601aa88b4', 'name': 'network-vif-plugged', 'status': 'completed', 'tag': 'd4bdbcbc-73ee-484e-951c-aea9d319ce4f', 'code': 200}
2026-05-20 04:25:42.522 10 INFO neutron.plugins.ml2.plugin [None req-957fd7e9-fd4e-48a9-b45a-2f91ca0df26d - - - - - -] Attempt 1 to provision port b3ab2e51-b59f-4eb8-aedd-db4b129261be
2026-05-20 04:25:42.812 10 INFO neutron.plugins.ml2.plugin [None req-957fd7e9-fd4e-48a9-b45a-2f91ca0df26d - - - - - -] Attempt 1 to provision port d4bdbcbc-73ee-484e-951c-aea9d319ce4f
2026-05-20 04:25:42.995 10 INFO neutron.plugins.ml2.plugin [None req-957fd7e9-fd4e-48a9-b45a-2f91ca0df26d - - - - - -] Attempt 1 to provision port f19d0d4a-556e-42c7-89a0-9d5e0b16bf75
2026-05-20 04:25:44.498 10 INFO neutron.plugins.ml2.plugin [None req-957fd7e9-fd4e-48a9-b45a-2f91ca0df26d - - - - - -] Attempt 1 to provision port b3ab2e51-b59f-4eb8-aedd-db4b129261be
2026-05-20 04:25:44.899 10 INFO neutron.plugins.ml2.plugin [None req-957fd7e9-fd4e-48a9-b45a-2f91ca0df26d - - - - - -] Attempt 1 to provision port f19d0d4a-556e-42c7-89a0-9d5e0b16bf75
2026-05-20 04:25:46.492 9 INFO neutron.plugins.ml2.plugin [None req-957fd7e9-fd4e-48a9-b45a-2f91ca0df26d - - - - - -] Attempt 1 to provision port 6752dc98-970d-4253-9cd2-7503d8edf569
2026-05-20 04:25:49.640 10 INFO neutron.plugins.ml2.plugin [None req-957fd7e9-fd4e-48a9-b45a-2f91ca0df26d - - - - - -] Attempt 1 to provision port ed7dd01b-4fe3-4c0e-b478-1b91de9a2e38
2026-05-20 04:25:50.008 10 INFO neutron.plugins.ml2.plugin [None req-957fd7e9-fd4e-48a9-b45a-2f91ca0df26d - - - - - -] Attempt 1 to provision port f4590277-ff12-4a9f-b176-bf56a33716f9
2026-05-20 04:25:50.159 10 INFO neutron.notifiers.nova [-] Nova event matching ['req-5f6042ea-3e76-4d92-b44e-ae6ed839be81'] response: {'server_uuid': 'ed94540b-0e75-4878-99e1-6718aed903e7', 'name': 'network-vif-plugged', 'status': 'completed', 'tag': 'f4590277-ff12-4a9f-b176-bf56a33716f9', 'code': 200}
2026-05-20 04:25:50.450 10 INFO neutron.plugins.ml2.plugin [None req-957fd7e9-fd4e-48a9-b45a-2f91ca0df26d - - - - - -] Attempt 1 to provision port 6752dc98-970d-4253-9cd2-7503d8edf569
2026-05-20 04:25:50.773 9 INFO neutron.plugins.ml2.plugin [None req-957fd7e9-fd4e-48a9-b45a-2f91ca0df26d - - - - - -] Attempt 1 to provision port 37501370-3d6b-4134-829f-5e267c1e0d37
2026-05-20 04:25:51.056 9 INFO neutron.plugins.ml2.plugin [None req-957fd7e9-fd4e-48a9-b45a-2f91ca0df26d - - - - - -] Attempt 1 to provision port ed7dd01b-4fe3-4c0e-b478-1b91de9a2e38
2026-05-20 04:25:51.270 9 INFO neutron.plugins.ml2.plugin [None req-957fd7e9-fd4e-48a9-b45a-2f91ca0df26d - - - - - -] Attempt 1 to provision port bb43bf7a-c7e4-46e1-bf86-dce83e6299bf
2026-05-20 04:25:51.644 9 INFO neutron.plugins.ml2.plugin [None req-957fd7e9-fd4e-48a9-b45a-2f91ca0df26d - - - - - -] Attempt 1 to provision port f4590277-ff12-4a9f-b176-bf56a33716f9
2026-05-20 04:25:52.740 10 INFO neutron.plugins.ml2.plugin [None req-957fd7e9-fd4e-48a9-b45a-2f91ca0df26d - - - - - -] Attempt 1 to provision port 37501370-3d6b-4134-829f-5e267c1e0d37
2026-05-20 04:25:52.922 10 INFO neutron.plugins.ml2.plugin [None req-957fd7e9-fd4e-48a9-b45a-2f91ca0df26d - - - - - -] Attempt 1 to provision port bb43bf7a-c7e4-46e1-bf86-dce83e6299bf
2026-05-20 04:26:04.952 9 INFO neutron.notifiers.nova [-] Nova event matching ['req-877264be-ab31-4381-b89c-8b33461b56d1'] response: {'server_uuid': 'fe1b1015-c60a-4307-a49a-678601aa88b4', 'name': 'network-vif-unplugged', 'status': 'completed', 'tag': 'd4bdbcbc-73ee-484e-951c-aea9d319ce4f', 'code': 200}
2026-05-20 04:26:06.761 9 INFO neutron.plugins.ml2.plugin [None req-957fd7e9-fd4e-48a9-b45a-2f91ca0df26d - - - - - -] Attempt 1 to provision port d4bdbcbc-73ee-484e-951c-aea9d319ce4f
2026-05-20 04:26:06.983 9 INFO neutron.notifiers.nova [-] Nova event matching ['req-94b2fdb9-f00f-4380-ae64-2e4cd3fc664d'] response: {'server_uuid': 'fe1b1015-c60a-4307-a49a-678601aa88b4', 'name': 'network-vif-plugged', 'status': 'completed', 'tag': 'd4bdbcbc-73ee-484e-951c-aea9d319ce4f', 'code': 200}
2026-05-20 04:26:08.803 10 INFO neutron.plugins.ml2.plugin [None req-957fd7e9-fd4e-48a9-b45a-2f91ca0df26d - - - - - -] Attempt 1 to provision port d4bdbcbc-73ee-484e-951c-aea9d319ce4f
2026-05-20 04:26:26.586 9 INFO neutron.plugins.ml2.plugin [None req-9eae3224-704e-41ca-8127-77bd144b65bf - - - - - -] Attempt 1 to provision port c626bf03-8fa9-45d6-929e-c7002e9f5f51
2026-05-20 04:26:27.013 10 INFO neutron.plugins.ml2.plugin [None req-957fd7e9-fd4e-48a9-b45a-2f91ca0df26d - - - - - -] Attempt 1 to provision port c626bf03-8fa9-45d6-929e-c7002e9f5f51
2026-05-20 04:26:27.255 10 INFO neutron.plugins.ml2.plugin [None req-957fd7e9-fd4e-48a9-b45a-2f91ca0df26d - - - - - -] Attempt 1 to provision port 1f39f7fb-f611-4caa-af8a-cdc0d47f8f5f
2026-05-20 04:26:27.291 9 INFO neutron.plugins.ml2.plugin [None req-db319248-66f2-49ef-ae28-3786e61461ca - - - - - -] Attempt 1 to provision port b87f5512-0338-451e-8844-ae8454d17cb2
2026-05-20 04:26:27.776 10 INFO neutron.plugins.ml2.plugin [None req-957fd7e9-fd4e-48a9-b45a-2f91ca0df26d - - - - - -] Attempt 1 to provision port b5b7e3c0-fd56-45bf-9972-c4b4189db8b9
2026-05-20 04:26:28.004 9 INFO neutron.plugins.ml2.plugin [None req-7182fff5-a773-4217-a1be-32a7d03474f1 - - - - - -] Attempt 1 to provision port 1f39f7fb-f611-4caa-af8a-cdc0d47f8f5f
2026-05-20 04:26:28.717 10 INFO neutron.plugins.ml2.plugin [None req-0e59e046-5d67-4aec-91e8-004fe4d9d0ef - - - - - -] Attempt 1 to provision port b5b7e3c0-fd56-45bf-9972-c4b4189db8b9
2026-05-20 04:26:29.408 10 INFO neutron.plugins.ml2.plugin [None req-245bd2f8-66af-4110-8e65-ba166f957e56 - - - - - -] Attempt 1 to provision port c626bf03-8fa9-45d6-929e-c7002e9f5f51
2026-05-20 04:26:29.429 9 INFO neutron.plugins.ml2.plugin [None req-957fd7e9-fd4e-48a9-b45a-2f91ca0df26d - - - - - -] Attempt 1 to provision port c626bf03-8fa9-45d6-929e-c7002e9f5f51
2026-05-20 04:26:29.650 9 INFO neutron.plugins.ml2.plugin [None req-957fd7e9-fd4e-48a9-b45a-2f91ca0df26d - - - - - -] Attempt 1 to provision port 1f39f7fb-f611-4caa-af8a-cdc0d47f8f5f
2026-05-20 04:26:29.847 9 INFO neutron.plugins.ml2.plugin [None req-957fd7e9-fd4e-48a9-b45a-2f91ca0df26d - - - - - -] Attempt 1 to provision port b5b7e3c0-fd56-45bf-9972-c4b4189db8b9
2026-05-20 04:26:30.116 9 INFO neutron.plugins.ml2.plugin [None req-1eda449f-bf0a-4899-805b-414c571f8af9 - - - - - -] Attempt 1 to provision port 1f39f7fb-f611-4caa-af8a-cdc0d47f8f5f
2026-05-20 04:26:30.815 9 INFO neutron.plugins.ml2.plugin [None req-082b5330-bba3-4316-86cf-bd57c3807e10 - - - - - -] Attempt 1 to provision port b5b7e3c0-fd56-45bf-9972-c4b4189db8b9
2026-05-20 04:26:31.287 10 INFO neutron.plugins.ml2.plugin [None req-957fd7e9-fd4e-48a9-b45a-2f91ca0df26d - - - - - -] Attempt 1 to provision port c3526fdb-c758-4d55-b024-167ae7049f16
2026-05-20 04:26:31.524 9 INFO neutron.plugins.ml2.plugin [None req-dff60bfd-f016-4859-8e53-0e87dfc678ff - - - - - -] Attempt 1 to provision port c626bf03-8fa9-45d6-929e-c7002e9f5f51
2026-05-20 04:26:31.584 9 INFO neutron.plugins.ml2.plugin [None req-dff60bfd-f016-4859-8e53-0e87dfc678ff - - - - - -] Attempt 1 to provision port 0d9d1fc7-3fbb-4978-baf8-0acbdc17b023
2026-05-20 04:26:32.229 9 INFO neutron.plugins.ml2.plugin [None req-0508f269-56eb-4564-a125-a9b48b737bf2 - - - - - -] Attempt 1 to provision port 0d9d1fc7-3fbb-4978-baf8-0acbdc17b023
2026-05-20 04:26:32.966 9 INFO neutron.plugins.ml2.plugin [None req-29d13fd2-bd70-4ccc-8f95-c3b7ad932976 - - - - - -] Attempt 1 to provision port 1f39f7fb-f611-4caa-af8a-cdc0d47f8f5f
2026-05-20 04:26:33.033 9 INFO neutron.plugins.ml2.plugin [None req-29d13fd2-bd70-4ccc-8f95-c3b7ad932976 - - - - - -] Attempt 1 to provision port e08d0369-f68a-404f-90df-6c8a8e27e52c
2026-05-20 04:26:33.457 9 INFO neutron.plugins.ml2.plugin [None req-957fd7e9-fd4e-48a9-b45a-2f91ca0df26d - - - - - -] Attempt 1 to provision port c3526fdb-c758-4d55-b024-167ae7049f16
2026-05-20 04:26:33.644 9 INFO neutron.plugins.ml2.plugin [None req-c026f414-37de-4435-8dc2-f025fdc7709e - - - - - -] Attempt 1 to provision port 24fabea2-18c0-4c2f-8eeb-7ae995427350
2026-05-20 04:26:33.671 9 INFO neutron.plugins.ml2.plugin [None req-c026f414-37de-4435-8dc2-f025fdc7709e - - - - - -] Attempt 1 to provision port b5b7e3c0-fd56-45bf-9972-c4b4189db8b9
2026-05-20 04:26:33.751 9 INFO neutron.plugins.ml2.plugin [None req-c026f414-37de-4435-8dc2-f025fdc7709e - - - - - -] Attempt 1 to provision port 0d9d1fc7-3fbb-4978-baf8-0acbdc17b023
2026-05-20 04:26:34.347 10 INFO neutron.plugins.ml2.plugin [None req-c7afb277-9bbf-42e4-bc8d-17b5d7a23bac - - - - - -] Attempt 1 to provision port e08d0369-f68a-404f-90df-6c8a8e27e52c
2026-05-20 04:26:35.049 9 INFO neutron.plugins.ml2.plugin [None req-ac44cc9c-90a5-4ffc-bd52-61de6c6f9079 - - - - - -] Attempt 1 to provision port 24fabea2-18c0-4c2f-8eeb-7ae995427350
2026-05-20 04:26:35.082 9 INFO neutron.plugins.ml2.plugin [None req-ac44cc9c-90a5-4ffc-bd52-61de6c6f9079 - - - - - -] Attempt 1 to provision port e08d0369-f68a-404f-90df-6c8a8e27e52c
2026-05-20 04:26:35.749 10 INFO neutron.plugins.ml2.plugin [None req-642ef835-4b33-4182-add5-8a25ebd3be72 - - - - - -] Attempt 1 to provision port 24fabea2-18c0-4c2f-8eeb-7ae995427350
2026-05-20 04:26:45.818 10 INFO neutron.plugins.ml2.plugin [None req-957fd7e9-fd4e-48a9-b45a-2f91ca0df26d - - - - - -] Attempt 1 to provision port 49d5f899-94f5-4869-8f49-20f4cbc8b478
2026-05-20 04:26:45.927 10 INFO neutron.notifiers.nova [-] Nova event matching ['req-58e2c6cb-79e7-4cb7-a370-4a04e53bdcd2'] response: {'server_uuid': '3897d2d4-3879-4ed3-a93d-97898c9c1331', 'name': 'network-vif-plugged', 'status': 'completed', 'tag': '49d5f899-94f5-4869-8f49-20f4cbc8b478', 'code': 200}
2026-05-20 04:26:47.349 9 INFO neutron.plugins.ml2.plugin [None req-957fd7e9-fd4e-48a9-b45a-2f91ca0df26d - - - - - -] Attempt 1 to provision port 49d5f899-94f5-4869-8f49-20f4cbc8b478
2026-05-20 04:26:49.412 10 INFO neutron.plugins.ml2.plugin [None req-957fd7e9-fd4e-48a9-b45a-2f91ca0df26d - - - - - -] Attempt 1 to provision port e08d0369-f68a-404f-90df-6c8a8e27e52c
2026-05-20 04:26:49.733 10 INFO neutron.plugins.ml2.plugin [None req-957fd7e9-fd4e-48a9-b45a-2f91ca0df26d - - - - - -] Attempt 1 to provision port 24fabea2-18c0-4c2f-8eeb-7ae995427350
2026-05-20 04:26:50.155 10 INFO neutron.plugins.ml2.plugin [None req-957fd7e9-fd4e-48a9-b45a-2f91ca0df26d - - - - - -] Attempt 1 to provision port b87f5512-0338-451e-8844-ae8454d17cb2
2026-05-20 04:26:50.404 10 INFO neutron.plugins.ml2.plugin [None req-957fd7e9-fd4e-48a9-b45a-2f91ca0df26d - - - - - -] Attempt 1 to provision port 0d9d1fc7-3fbb-4978-baf8-0acbdc17b023
2026-05-20 04:26:51.296 9 INFO neutron.plugins.ml2.plugin [None req-957fd7e9-fd4e-48a9-b45a-2f91ca0df26d - - - - - -] Attempt 1 to provision port e08d0369-f68a-404f-90df-6c8a8e27e52c
2026-05-20 04:26:51.478 9 INFO neutron.plugins.ml2.plugin [None req-957fd7e9-fd4e-48a9-b45a-2f91ca0df26d - - - - - -] Attempt 1 to provision port 24fabea2-18c0-4c2f-8eeb-7ae995427350
2026-05-20 04:26:51.674 9 INFO neutron.plugins.ml2.plugin [None req-957fd7e9-fd4e-48a9-b45a-2f91ca0df26d - - - - - -] Attempt 1 to provision port b87f5512-0338-451e-8844-ae8454d17cb2
2026-05-20 04:26:51.826 9 INFO neutron.plugins.ml2.plugin [None req-957fd7e9-fd4e-48a9-b45a-2f91ca0df26d - - - - - -] Attempt 1 to provision port 0d9d1fc7-3fbb-4978-baf8-0acbdc17b023
2026-05-20 04:27:03.320 10 INFO neutron.plugins.ml2.plugin [None req-957fd7e9-fd4e-48a9-b45a-2f91ca0df26d - - - - - -] Attempt 1 to provision port 0cc23411-7eac-489c-a72f-b71278ddf96d
2026-05-20 04:27:03.439 10 INFO neutron.notifiers.nova [-] Nova event matching ['req-e2445550-7e6e-4cc6-81aa-af631212b59c'] response: {'server_uuid': '86cc56af-0880-4a49-a561-dc20abb18ae0', 'name': 'network-vif-plugged', 'status': 'completed', 'tag': '0cc23411-7eac-489c-a72f-b71278ddf96d', 'code': 200}
2026-05-20 04:27:05.524 9 INFO neutron.plugins.ml2.plugin [None req-957fd7e9-fd4e-48a9-b45a-2f91ca0df26d - - - - - -] Attempt 1 to provision port ae1dd60d-5209-4a3a-a5cb-15670c3dc932
2026-05-20 04:27:06.016 9 INFO neutron.plugins.ml2.plugin [None req-957fd7e9-fd4e-48a9-b45a-2f91ca0df26d - - - - - -] Attempt 1 to provision port 0cc23411-7eac-489c-a72f-b71278ddf96d
2026-05-20 04:27:06.293 9 INFO neutron.plugins.ml2.plugin [None req-957fd7e9-fd4e-48a9-b45a-2f91ca0df26d - - - - - -] Attempt 1 to provision port 24a1f75c-b2ca-4ff3-97bd-5a3d0cecc6d8
2026-05-20 04:27:06.409 10 INFO neutron.plugins.ml2.plugin [None req-6cf24ac3-37e3-40af-99a7-ae988648dfc6 - - - - - -] Attempt 1 to provision port ae1dd60d-5209-4a3a-a5cb-15670c3dc932
2026-05-20 04:27:07.567 9 INFO neutron.plugins.ml2.plugin [None req-957fd7e9-fd4e-48a9-b45a-2f91ca0df26d - - - - - -] Attempt 1 to provision port 296354b1-25a0-4a9e-8e8a-5f4b9e7ad875
2026-05-20 04:27:23.361 9 INFO neutron.plugins.ml2.plugin [None req-957fd7e9-fd4e-48a9-b45a-2f91ca0df26d - - - - - -] Attempt 1 to provision port 3bcb1a94-f7f4-442a-8d47-e75afb5712c7
2026-05-20 04:27:23.592 10 INFO neutron.plugins.ml2.plugin [None req-c161c292-1eec-408e-98e7-0df92b16e51e - - - - - -] Attempt 1 to provision port ec71ce07-6253-4d20-9b06-ca0610a316f1
2026-05-20 04:27:24.307 10 INFO neutron.plugins.ml2.plugin [None req-0a3f511d-0e89-40f8-9d23-39a3bc6f617d - - - - - -] Attempt 1 to provision port 3bcb1a94-f7f4-442a-8d47-e75afb5712c7
2026-05-20 04:27:25.230 10 INFO neutron.plugins.ml2.plugin [None req-aaaf8074-374b-43a5-92bc-85ce9841cf20 - - - - - -] Attempt 1 to provision port 3bcb1a94-f7f4-442a-8d47-e75afb5712c7
2026-05-20 04:27:25.358 10 INFO neutron.plugins.ml2.plugin [None req-957fd7e9-fd4e-48a9-b45a-2f91ca0df26d - - - - - -] Attempt 1 to provision port 3bcb1a94-f7f4-442a-8d47-e75afb5712c7
2026-05-20 04:27:26.135 9 INFO neutron.plugins.ml2.plugin [None req-4289098c-553c-4cfa-9128-619c9bf414b8 - - - - - -] Attempt 1 to provision port 1f234534-bb98-45e0-99b5-b40a5f6b8330
2026-05-20 04:27:26.843 9 INFO neutron.plugins.ml2.plugin [None req-852c60a4-c734-40c8-bb29-bd411028922c - - - - - -] Attempt 1 to provision port 9dbc880c-0063-41de-9024-634339684ac4
2026-05-20 04:27:27.385 9 INFO neutron.plugins.ml2.plugin [None req-957fd7e9-fd4e-48a9-b45a-2f91ca0df26d - - - - - -] Attempt 1 to provision port 229bf03c-a42d-4448-8764-1d811fe3ee30
2026-05-20 04:27:27.548 10 INFO neutron.plugins.ml2.plugin [None req-2fe6f9e7-366b-4574-8cc4-6f4785953f5e - - - - - -] Attempt 1 to provision port 1f234534-bb98-45e0-99b5-b40a5f6b8330
2026-05-20 04:27:29.428 9 INFO neutron.plugins.ml2.plugin [None req-957fd7e9-fd4e-48a9-b45a-2f91ca0df26d - - - - - -] Attempt 1 to provision port 229bf03c-a42d-4448-8764-1d811fe3ee30
2026-05-20 04:27:38.445 10 INFO neutron.plugins.ml2.plugin [None req-957fd7e9-fd4e-48a9-b45a-2f91ca0df26d - - - - - -] Attempt 1 to provision port 64333910-2132-4c50-8202-6460a7ff9bab
2026-05-20 04:27:38.606 10 INFO neutron.notifiers.nova [-] Nova event matching ['req-df5c76fb-d0ac-4958-964b-c79da98da3be'] response: {'server_uuid': 'dd733713-c6bb-4cd2-9778-694c78ff2fe0', 'name': 'network-vif-plugged', 'status': 'completed', 'tag': '64333910-2132-4c50-8202-6460a7ff9bab', 'code': 200}
2026-05-20 04:27:39.391 9 INFO neutron.plugins.ml2.plugin [None req-957fd7e9-fd4e-48a9-b45a-2f91ca0df26d - - - - - -] Attempt 1 to provision port 64333910-2132-4c50-8202-6460a7ff9bab
2026-05-20 04:27:43.423 9 INFO neutron.plugins.ml2.plugin [None req-957fd7e9-fd4e-48a9-b45a-2f91ca0df26d - - - - - -] Attempt 1 to provision port 1f234534-bb98-45e0-99b5-b40a5f6b8330
2026-05-20 04:27:43.691 9 INFO neutron.plugins.ml2.plugin [None req-957fd7e9-fd4e-48a9-b45a-2f91ca0df26d - - - - - -] Attempt 1 to provision port ec71ce07-6253-4d20-9b06-ca0610a316f1
2026-05-20 04:27:45.373 10 INFO neutron.plugins.ml2.plugin [None req-957fd7e9-fd4e-48a9-b45a-2f91ca0df26d - - - - - -] Attempt 1 to provision port 1f234534-bb98-45e0-99b5-b40a5f6b8330
2026-05-20 04:27:45.578 10 INFO neutron.plugins.ml2.plugin [None req-957fd7e9-fd4e-48a9-b45a-2f91ca0df26d - - - - - -] Attempt 1 to provision port ec71ce07-6253-4d20-9b06-ca0610a316f1
2026-05-20 04:27:47.921 9 INFO neutron.plugins.ml2.plugin [None req-957fd7e9-fd4e-48a9-b45a-2f91ca0df26d - - - - - -] Attempt 1 to provision port 84c66f86-deba-4546-9348-8701bd972658
2026-05-20 04:27:48.047 9 INFO neutron.notifiers.nova [-] Nova event matching ['req-ec9aff1e-d731-4c7a-973b-b9619aa1bf0a'] response: {'server_uuid': 'f6486c2a-e6fd-46e5-8d1d-1103e69cd2ab', 'name': 'network-vif-plugged', 'status': 'completed', 'tag': '84c66f86-deba-4546-9348-8701bd972658', 'code': 200}
2026-05-20 04:27:49.408 10 INFO neutron.plugins.ml2.plugin [None req-957fd7e9-fd4e-48a9-b45a-2f91ca0df26d - - - - - -] Attempt 1 to provision port 84c66f86-deba-4546-9348-8701bd972658
2026-05-20 04:27:56.775 10 INFO neutron.plugins.ml2.plugin [None req-3f675e1d-2415-4068-9be4-15d4eb1aa18c - - - - - -] Attempt 1 to provision port 1f2c9064-4a94-484d-91f1-6543f2a7dcd9
2026-05-20 04:27:59.619 9 INFO neutron.plugins.ml2.plugin [None req-957fd7e9-fd4e-48a9-b45a-2f91ca0df26d - - - - - -] Attempt 1 to provision port b415668d-0187-4be4-ae21-85ed82e51312
2026-05-20 04:28:00.096 9 INFO neutron.plugins.ml2.plugin [None req-957fd7e9-fd4e-48a9-b45a-2f91ca0df26d - - - - - -] Attempt 1 to provision port c8c5cc21-2216-4655-ab0c-101d216eeffe
2026-05-20 04:28:00.893 10 INFO neutron.plugins.ml2.plugin [None req-df4319e7-4df7-46c0-a906-7cc643b49fd4 - - - - - -] Attempt 1 to provision port b415668d-0187-4be4-ae21-85ed82e51312
2026-05-20 04:28:01.399 10 INFO neutron.plugins.ml2.plugin [None req-957fd7e9-fd4e-48a9-b45a-2f91ca0df26d - - - - - -] Attempt 1 to provision port b415668d-0187-4be4-ae21-85ed82e51312
2026-05-20 04:28:01.633 10 INFO neutron.plugins.ml2.plugin [None req-957fd7e9-fd4e-48a9-b45a-2f91ca0df26d - - - - - -] Attempt 1 to provision port c8c5cc21-2216-4655-ab0c-101d216eeffe
2026-05-20 04:28:02.197 10 INFO neutron.plugins.ml2.plugin [None req-c7e4d01f-0561-4bea-a661-44281954f299 - - - - - -] Attempt 1 to provision port a9d19d97-eaae-4f49-8d3d-a344bb697b22
2026-05-20 04:28:02.228 10 INFO neutron.plugins.ml2.plugin [None req-c7e4d01f-0561-4bea-a661-44281954f299 - - - - - -] Attempt 1 to provision port b415668d-0187-4be4-ae21-85ed82e51312
2026-05-20 04:28:02.904 9 INFO neutron.plugins.ml2.plugin [None req-b3e714f0-d0ba-450b-a85f-92fb16fcdeb7 - - - - - -] Attempt 1 to provision port a9d19d97-eaae-4f49-8d3d-a344bb697b22
2026-05-20 04:28:03.814 9 INFO neutron.plugins.ml2.plugin [None req-4758bbab-04d0-49d3-9519-6274ee41e1d8 - - - - - -] Attempt 1 to provision port a9d19d97-eaae-4f49-8d3d-a344bb697b22
2026-05-20 04:28:11.952 9 INFO neutron.plugins.ml2.plugin [None req-957fd7e9-fd4e-48a9-b45a-2f91ca0df26d - - - - - -] Attempt 1 to provision port 8d4ce820-5484-45c2-baed-083823ebadec
2026-05-20 04:28:12.062 9 INFO neutron.notifiers.nova [-] Nova event matching ['req-1ef4eb1c-99ed-430d-97a3-ed3a8b39ea32'] response: {'server_uuid': '918ea74a-9cfd-40a6-bb7e-8ac6c19625da', 'name': 'network-vif-plugged', 'status': 'completed', 'tag': '8d4ce820-5484-45c2-baed-083823ebadec', 'code': 200}
2026-05-20 04:28:13.413 10 INFO neutron.plugins.ml2.plugin [None req-957fd7e9-fd4e-48a9-b45a-2f91ca0df26d - - - - - -] Attempt 1 to provision port 8d4ce820-5484-45c2-baed-083823ebadec
2026-05-20 04:28:19.430 9 INFO neutron.plugins.ml2.plugin [None req-957fd7e9-fd4e-48a9-b45a-2f91ca0df26d - - - - - -] Attempt 1 to provision port 1f2c9064-4a94-484d-91f1-6543f2a7dcd9
2026-05-20 04:28:19.747 9 INFO neutron.plugins.ml2.plugin [None req-957fd7e9-fd4e-48a9-b45a-2f91ca0df26d - - - - - -] Attempt 1 to provision port a9d19d97-eaae-4f49-8d3d-a344bb697b22
2026-05-20 04:28:21.405 10 INFO neutron.plugins.ml2.plugin [None req-957fd7e9-fd4e-48a9-b45a-2f91ca0df26d - - - - - -] Attempt 1 to provision port 1f2c9064-4a94-484d-91f1-6543f2a7dcd9
2026-05-20 04:28:21.590 10 INFO neutron.plugins.ml2.plugin [None req-957fd7e9-fd4e-48a9-b45a-2f91ca0df26d - - - - - -] Attempt 1 to provision port a9d19d97-eaae-4f49-8d3d-a344bb697b22
2026-05-20 04:28:29.928 10 INFO neutron.plugins.ml2.plugin [None req-f9e895b0-d426-4a24-a3ac-5a06ac95b316 - - - - - -] Attempt 1 to provision port 217e2088-b222-4b49-b4bd-9cc3940c9cdc
2026-05-20 04:28:36.985 10 INFO neutron.plugins.ml2.plugin [None req-957fd7e9-fd4e-48a9-b45a-2f91ca0df26d - - - - - -] Attempt 1 to provision port 217e2088-b222-4b49-b4bd-9cc3940c9cdc
2026-05-20 04:28:37.096 10 INFO neutron.notifiers.nova [-] Nova event matching ['req-aa4c3826-c28f-4268-92d9-d5ecb5a97ee7'] response: {'server_uuid': 'f6486c2a-e6fd-46e5-8d1d-1103e69cd2ab', 'name': 'network-vif-plugged', 'status': 'completed', 'tag': '217e2088-b222-4b49-b4bd-9cc3940c9cdc', 'code': 200}
2026-05-20 04:28:37.573 9 INFO neutron.plugins.ml2.plugin [None req-957fd7e9-fd4e-48a9-b45a-2f91ca0df26d - - - - - -] Attempt 1 to provision port 217e2088-b222-4b49-b4bd-9cc3940c9cdc
2026-05-20 04:28:40.190 9 INFO neutron.plugins.ml2.plugin [None req-957fd7e9-fd4e-48a9-b45a-2f91ca0df26d - - - - - -] Attempt 1 to provision port 217e2088-b222-4b49-b4bd-9cc3940c9cdc
2026-05-20 04:28:46.177 9 INFO neutron.plugins.ml2.plugin [None req-957fd7e9-fd4e-48a9-b45a-2f91ca0df26d - - - - - -] Attempt 1 to provision port b0944584-489e-43ce-94d0-30b9b5420909
2026-05-20 04:28:46.298 9 INFO neutron.notifiers.nova [-] Nova event matching ['req-53cb9f5e-61a1-4e86-b04c-47b90591fbfd'] response: {'server_uuid': '903be141-289e-42b1-bfdf-2b94ee3eeb26', 'name': 'network-vif-plugged', 'status': 'completed', 'tag': 'b0944584-489e-43ce-94d0-30b9b5420909', 'code': 200}
2026-05-20 04:28:47.609 10 INFO neutron.plugins.ml2.plugin [None req-957fd7e9-fd4e-48a9-b45a-2f91ca0df26d - - - - - -] Attempt 1 to provision port b0944584-489e-43ce-94d0-30b9b5420909
2026-05-20 04:29:05.814 9 INFO neutron.notifiers.nova [-] Nova event matching ['req-adf57b81-f6c3-4baf-9171-0bfed2ba9772'] response: {'server_uuid': '903be141-289e-42b1-bfdf-2b94ee3eeb26', 'name': 'network-vif-unplugged', 'status': 'completed', 'tag': 'b0944584-489e-43ce-94d0-30b9b5420909', 'code': 200}
2026-05-20 04:29:11.699 9 INFO neutron.plugins.ml2.plugin [None req-957fd7e9-fd4e-48a9-b45a-2f91ca0df26d - - - - - -] Attempt 1 to provision port a64fadbb-5bfc-4a11-bd6b-8f2dc5d65da2
2026-05-20 04:29:11.884 9 INFO neutron.notifiers.nova [-] Nova event matching ['req-75d490f3-750d-43c4-9989-6fa1e76ec8d3'] response: {'server_uuid': 'f6486c2a-e6fd-46e5-8d1d-1103e69cd2ab', 'name': 'network-vif-plugged', 'status': 'completed', 'tag': 'a64fadbb-5bfc-4a11-bd6b-8f2dc5d65da2', 'code': 200}
2026-05-20 04:29:13.635 10 INFO neutron.plugins.ml2.plugin [None req-957fd7e9-fd4e-48a9-b45a-2f91ca0df26d - - - - - -] Attempt 1 to provision port a64fadbb-5bfc-4a11-bd6b-8f2dc5d65da2
2026-05-20 04:29:15.551 10 INFO neutron.plugins.ml2.plugin [None req-f7d51212-10c5-4d82-b838-58e57ac30594 - - - - - -] Attempt 1 to provision port a64fadbb-5bfc-4a11-bd6b-8f2dc5d65da2
