Apr 25 16:26:00.695932 np0000170206 devstack@neutron-api.service[104735]: INFO neutron.quota.resource_registry [None req-43096e0e-8dca-4cb1-abb3-b74b6cf81485 None None] Creating instance of TrackedResource for resource:floatingip
Apr 25 16:26:00.696166 np0000170206 devstack@neutron-api.service[104735]: WARNING neutron.quota.resource_registry [None req-43096e0e-8dca-4cb1-abb3-b74b6cf81485 None None] floatingip is already registered
Apr 25 16:26:00.696661 np0000170206 devstack@neutron-api.service[104733]: DEBUG neutron.manager [None req-c72989e1-0d8e-4196-9a6d-93b5b2b539ba None None] Successfully loaded TAG plugin. Description: Tag support {{(pid=104733) _create_and_add_service_plugin /opt/stack/neutron/neutron/manager.py:239}}
Apr 25 16:26:00.696661 np0000170206 devstack@neutron-api.service[104733]: INFO neutron.manager [None req-c72989e1-0d8e-4196-9a6d-93b5b2b539ba None None] Loading Plugin: timestamp
Apr 25 16:26:00.696884 np0000170206 devstack@neutron-api.service[104734]: DEBUG neutron.api.extensions [None req-62a571f3-c205-4681-82d4-a92b032cb648 None None] Extended resource: tags {{(pid=104734) __init__ /opt/stack/neutron/neutron/api/extensions.py:156}}
Apr 25 16:26:00.697495 np0000170206 devstack@neutron-api.service[104734]: DEBUG neutron.api.extensions [None req-62a571f3-c205-4681-82d4-a92b032cb648 None None] Extended resource: tags {{(pid=104734) __init__ /opt/stack/neutron/neutron/api/extensions.py:156}}
Apr 25 16:26:00.697556 np0000170206 devstack@neutron-api.service[104735]: INFO neutron.quota.resource_registry [None req-43096e0e-8dca-4cb1-abb3-b74b6cf81485 None None] Creating instance of CountableResource for resource:rbac_policy
Apr 25 16:26:00.697718 np0000170206 devstack@neutron-api.service[104735]: WARNING neutron.quota.resource_registry [None req-43096e0e-8dca-4cb1-abb3-b74b6cf81485 None None] rbac_policy is already registered
Apr 25 16:26:00.698106 np0000170206 devstack@neutron-api.service[104733]: DEBUG neutron.manager [None req-c72989e1-0d8e-4196-9a6d-93b5b2b539ba None None] Successfully loaded timestamp plugin. Description: Adds timestamps to Neutron resources with standard attributes {{(pid=104733) _create_and_add_service_plugin /opt/stack/neutron/neutron/manager.py:239}}
Apr 25 16:26:00.698200 np0000170206 devstack@neutron-api.service[104733]: INFO neutron.manager [None req-c72989e1-0d8e-4196-9a6d-93b5b2b539ba None None] Loading Plugin: network_ip_availability
Apr 25 16:26:00.698299 np0000170206 devstack@neutron-api.service[104734]: DEBUG neutron.api.extensions [None req-62a571f3-c205-4681-82d4-a92b032cb648 None None] Extended resource: tags {{(pid=104734) __init__ /opt/stack/neutron/neutron/api/extensions.py:156}}
Apr 25 16:26:00.698496 np0000170206 devstack@neutron-api.service[104735]: INFO neutron.quota.resource_registry [None req-43096e0e-8dca-4cb1-abb3-b74b6cf81485 None None] Creating instance of TrackedResource for resource:security_group
Apr 25 16:26:00.698681 np0000170206 devstack@neutron-api.service[104735]: WARNING neutron.quota.resource_registry [None req-43096e0e-8dca-4cb1-abb3-b74b6cf81485 None None] security_group is already registered
Apr 25 16:26:00.699189 np0000170206 devstack@neutron-api.service[104735]: INFO neutron.quota.resource_registry [None req-43096e0e-8dca-4cb1-abb3-b74b6cf81485 None None] Creating instance of TrackedResource for resource:security_group_rule
Apr 25 16:26:00.699230 np0000170206 devstack@neutron-api.service[104734]: DEBUG neutron.api.extensions [None req-62a571f3-c205-4681-82d4-a92b032cb648 None None] Extended resource: tags {{(pid=104734) __init__ /opt/stack/neutron/neutron/api/extensions.py:156}}
Apr 25 16:26:00.699374 np0000170206 devstack@neutron-api.service[104735]: WARNING neutron.quota.resource_registry [None req-43096e0e-8dca-4cb1-abb3-b74b6cf81485 None None] security_group_rule is already registered
Apr 25 16:26:00.699780 np0000170206 devstack@neutron-api.service[104733]: DEBUG neutron.manager [None req-c72989e1-0d8e-4196-9a6d-93b5b2b539ba None None] Successfully loaded network-ip-availability plugin. Description: Provides IP availability data for each network and subnet. {{(pid=104733) _create_and_add_service_plugin /opt/stack/neutron/neutron/manager.py:239}}
Apr 25 16:26:00.699929 np0000170206 devstack@neutron-api.service[104733]: INFO neutron.manager [None req-c72989e1-0d8e-4196-9a6d-93b5b2b539ba None None] Loading Plugin: flavors
Apr 25 16:26:00.700208 np0000170206 devstack@neutron-api.service[104735]: DEBUG neutron.api.v2.resource_helper [None req-43096e0e-8dca-4cb1-abb3-b74b6cf81485 None None] Service CORE assigned prefix: {{(pid=104735) build_resource_info /opt/stack/neutron/neutron/api/v2/resource_helper.py:77}}
Apr 25 16:26:00.700398 np0000170206 devstack@neutron-api.service[104735]: INFO neutron.quota.resource_registry [None req-43096e0e-8dca-4cb1-abb3-b74b6cf81485 None None] Creating instance of TrackedResource for resource:subnetpool
Apr 25 16:26:00.700569 np0000170206 devstack@neutron-api.service[104735]: WARNING neutron.quota.resource_registry [None req-43096e0e-8dca-4cb1-abb3-b74b6cf81485 None None] subnetpool is already registered
Apr 25 16:26:00.700767 np0000170206 devstack@neutron-api.service[104733]: DEBUG neutron.manager [None req-c72989e1-0d8e-4196-9a6d-93b5b2b539ba None None] Successfully loaded FLAVORS plugin. Description: Neutron Flavors and Service Profiles manager plugin {{(pid=104733) _create_and_add_service_plugin /opt/stack/neutron/neutron/manager.py:239}}
Apr 25 16:26:00.700767 np0000170206 devstack@neutron-api.service[104733]: INFO neutron.manager [None req-c72989e1-0d8e-4196-9a6d-93b5b2b539ba None None] Loading Plugin: revisions
Apr 25 16:26:00.701311 np0000170206 devstack@neutron-api.service[104735]: DEBUG neutron.api.extensions [None req-43096e0e-8dca-4cb1-abb3-b74b6cf81485 None None] Extended resource: extensions {{(pid=104735) __init__ /opt/stack/neutron/neutron/api/extensions.py:156}}
Apr 25 16:26:00.701763 np0000170206 devstack@neutron-api.service[104733]: DEBUG neutron.manager [None req-c72989e1-0d8e-4196-9a6d-93b5b2b539ba None None] Successfully loaded revision_plugin plugin. Description: Adds revision numbers to resources. {{(pid=104733) _create_and_add_service_plugin /opt/stack/neutron/neutron/manager.py:239}}
Apr 25 16:26:00.701886 np0000170206 devstack@neutron-api.service[104733]: DEBUG oslo_concurrency.lockutils [None req-c72989e1-0d8e-4196-9a6d-93b5b2b539ba None None] Lock "manager" "released" by "neutron.manager.NeutronManager._create_instance" :: held 7.252s {{(pid=104733) inner /opt/stack/data/venv/lib/python3.12/site-packages/oslo_concurrency/lockutils.py:538}}
Apr 25 16:26:00.702145 np0000170206 devstack@neutron-api.service[104733]: DEBUG neutron.api.extensions [None req-c72989e1-0d8e-4196-9a6d-93b5b2b539ba None None] get_extension_paths = OrderedDict({'/opt/stack/neutron/neutron/extensions': 1}) {{(pid=104733) get_extensions_path /opt/stack/neutron/neutron/api/extensions.py:640}}
Apr 25 16:26:00.702235 np0000170206 devstack@neutron-api.service[104733]: INFO neutron.api.extensions [None req-c72989e1-0d8e-4196-9a6d-93b5b2b539ba None None] Initializing extension manager.
Apr 25 16:26:00.702481 np0000170206 devstack@neutron-api.service[104733]: DEBUG neutron.api.extensions [None req-c72989e1-0d8e-4196-9a6d-93b5b2b539ba None None] Loading extension file: __init__.py {{(pid=104733) _load_all_extensions_from_path /opt/stack/neutron/neutron/api/extensions.py:449}}
Apr 25 16:26:00.702575 np0000170206 devstack@neutron-api.service[104733]: DEBUG neutron.api.extensions [None req-c72989e1-0d8e-4196-9a6d-93b5b2b539ba None None] Loading extension file: __pycache__ {{(pid=104733) _load_all_extensions_from_path /opt/stack/neutron/neutron/api/extensions.py:449}}
Apr 25 16:26:00.702666 np0000170206 devstack@neutron-api.service[104733]: DEBUG neutron.api.extensions [None req-c72989e1-0d8e-4196-9a6d-93b5b2b539ba None None] Loading extension file: address_group.py {{(pid=104733) _load_all_extensions_from_path /opt/stack/neutron/neutron/api/extensions.py:449}}
Apr 25 16:26:00.703026 np0000170206 devstack@neutron-api.service[104733]: DEBUG neutron.api.extensions [None req-c72989e1-0d8e-4196-9a6d-93b5b2b539ba None None] Ext name="Address group" alias="address-group" description="Support address group" updated="2020-07-15T10:00:00-00:00" {{(pid=104733) _check_extension /opt/stack/neutron/neutron/api/extensions.py:415}}
Apr 25 16:26:00.703180 np0000170206 devstack@neutron-api.service[104734]: WARNING keystonemiddleware.auth_token [None req-62a571f3-c205-4681-82d4-a92b032cb648 None None] AuthToken middleware is set with keystone_authtoken.service_token_roles_required set to False. This is backwards compatible but deprecated behaviour. Please set this to True.
Apr 25 16:26:00.703264 np0000170206 devstack@neutron-api.service[104735]: DEBUG neutron.api.extensions [None req-43096e0e-8dca-4cb1-abb3-b74b6cf81485 None None] Extended resource: address-groups {{(pid=104735) __init__ /opt/stack/neutron/neutron/api/extensions.py:156}}
Apr 25 16:26:00.703309 np0000170206 devstack@neutron-api.service[104733]: INFO neutron.api.extensions [None req-c72989e1-0d8e-4196-9a6d-93b5b2b539ba None None] Loaded extension: address-group
Apr 25 16:26:00.703349 np0000170206 devstack@neutron-api.service[104733]: DEBUG neutron.api.extensions [None req-c72989e1-0d8e-4196-9a6d-93b5b2b539ba None None] Loading extension file: address_scope.py {{(pid=104733) _load_all_extensions_from_path /opt/stack/neutron/neutron/api/extensions.py:449}}
Apr 25 16:26:00.703651 np0000170206 devstack@neutron-api.service[104733]: DEBUG neutron.api.extensions [None req-c72989e1-0d8e-4196-9a6d-93b5b2b539ba None None] Ext name="Address scope" alias="address-scope" description="Address scopes extension." updated="2015-07-26T10:00:00-00:00" {{(pid=104733) _check_extension /opt/stack/neutron/neutron/api/extensions.py:415}}
Apr 25 16:26:00.703830 np0000170206 devstack@neutron-api.service[104733]: INFO neutron.api.extensions [None req-c72989e1-0d8e-4196-9a6d-93b5b2b539ba None None] Loaded extension: address-scope
Apr 25 16:26:00.703915 np0000170206 devstack@neutron-api.service[104733]: DEBUG neutron.api.extensions [None req-c72989e1-0d8e-4196-9a6d-93b5b2b539ba None None] Loading extension file: admin_state_down_before_update.py {{(pid=104733) _load_all_extensions_from_path /opt/stack/neutron/neutron/api/extensions.py:449}}
Apr 25 16:26:00.704170 np0000170206 devstack@neutron-api.service[104733]: DEBUG neutron.api.extensions [None req-c72989e1-0d8e-4196-9a6d-93b5b2b539ba None None] Ext name="Enforce Router's Admin State Down Before Update Extension" alias="router-admin-state-down-before-update" description="Ensure that the admin state of a router is DOWN (admin_state_up=False) before updating the distributed attribute" updated="2019-07-02T15:56:00" {{(pid=104733) _check_extension /opt/stack/neutron/neutron/api/extensions.py:415}}
Apr 25 16:26:00.704255 np0000170206 devstack@neutron-api.service[104735]: DEBUG neutron.api.extensions [None req-43096e0e-8dca-4cb1-abb3-b74b6cf81485 None None] Extended resource: address-scopes {{(pid=104735) __init__ /opt/stack/neutron/neutron/api/extensions.py:156}}
Apr 25 16:26:00.704335 np0000170206 devstack@neutron-api.service[104733]: INFO neutron.api.extensions [None req-c72989e1-0d8e-4196-9a6d-93b5b2b539ba None None] Extension router-admin-state-down-before-update not supported by any of loaded plugins
Apr 25 16:26:00.704427 np0000170206 devstack@neutron-api.service[104733]: DEBUG neutron.api.extensions [None req-c72989e1-0d8e-4196-9a6d-93b5b2b539ba None None] Loading extension file: agent.py {{(pid=104733) _load_all_extensions_from_path /opt/stack/neutron/neutron/api/extensions.py:449}}
Apr 25 16:26:00.704770 np0000170206 devstack@neutron-api.service[104733]: DEBUG neutron.api.extensions [None req-c72989e1-0d8e-4196-9a6d-93b5b2b539ba None None] Ext name="agent" alias="agent" description="The agent management extension." updated="2013-02-03T10:00:00-00:00" {{(pid=104733) _check_extension /opt/stack/neutron/neutron/api/extensions.py:415}}
Apr 25 16:26:00.704893 np0000170206 devstack@neutron-api.service[104733]: INFO neutron.api.extensions [None req-c72989e1-0d8e-4196-9a6d-93b5b2b539ba None None] Loaded extension: agent
Apr 25 16:26:00.704971 np0000170206 devstack@neutron-api.service[104735]: DEBUG neutron.api.extensions [None req-43096e0e-8dca-4cb1-abb3-b74b6cf81485 None None] Extended resource: agents {{(pid=104735) __init__ /opt/stack/neutron/neutron/api/extensions.py:156}}
Apr 25 16:26:00.705046 np0000170206 devstack@neutron-api.service[104733]: DEBUG neutron.api.extensions [None req-c72989e1-0d8e-4196-9a6d-93b5b2b539ba None None] Loading extension file: agent_resources_synced.py {{(pid=104733) _load_all_extensions_from_path /opt/stack/neutron/neutron/api/extensions.py:449}}
Apr 25 16:26:00.705225 np0000170206 devstack@neutron-api.service[104733]: DEBUG neutron.api.extensions [None req-c72989e1-0d8e-4196-9a6d-93b5b2b539ba None None] Ext name="Agent's Resource View Synced to Placement" alias="agent-resources-synced" description="Stores success/failure of last sync to Placement" updated="2018-12-19T00:00:00-00:00" {{(pid=104733) _check_extension /opt/stack/neutron/neutron/api/extensions.py:415}}
Apr 25 16:26:00.705400 np0000170206 devstack@neutron-api.service[104733]: INFO neutron.api.extensions [None req-c72989e1-0d8e-4196-9a6d-93b5b2b539ba None None] Extension agent-resources-synced not supported by any of loaded plugins
Apr 25 16:26:00.705482 np0000170206 devstack@neutron-api.service[104733]: DEBUG neutron.api.extensions [None req-c72989e1-0d8e-4196-9a6d-93b5b2b539ba None None] Loading extension file: allowedaddresspairs.py {{(pid=104733) _load_all_extensions_from_path /opt/stack/neutron/neutron/api/extensions.py:449}}
Apr 25 16:26:00.705687 np0000170206 devstack@neutron-api.service[104735]: DEBUG neutron.api.extensions [None req-43096e0e-8dca-4cb1-abb3-b74b6cf81485 None None] Extended resource: auto-allocated-topology {{(pid=104735) __init__ /opt/stack/neutron/neutron/api/extensions.py:156}}
Apr 25 16:26:00.706192 np0000170206 devstack@neutron-api.service[104733]: DEBUG neutron.api.extensions [None req-c72989e1-0d8e-4196-9a6d-93b5b2b539ba None None] Ext name="Allowed Address Pairs" alias="allowed-address-pairs" description="Provides allowed address pairs" updated="2013-07-23T10:00:00-00:00" {{(pid=104733) _check_extension /opt/stack/neutron/neutron/api/extensions.py:415}}
Apr 25 16:26:00.706387 np0000170206 devstack@neutron-api.service[104733]: INFO neutron.api.extensions [None req-c72989e1-0d8e-4196-9a6d-93b5b2b539ba None None] Loaded extension: allowed-address-pairs
Apr 25 16:26:00.706807 np0000170206 devstack@neutron-api.service[104733]: DEBUG neutron.api.extensions [None req-c72989e1-0d8e-4196-9a6d-93b5b2b539ba None None] Loading extension file: auto_allocated_topology.py {{(pid=104733) _load_all_extensions_from_path /opt/stack/neutron/neutron/api/extensions.py:449}}
Apr 25 16:26:00.706874 np0000170206 devstack@neutron-api.service[104735]: DEBUG neutron.api.extensions [None req-43096e0e-8dca-4cb1-abb3-b74b6cf81485 None None] Extended resource: availability_zones {{(pid=104735) __init__ /opt/stack/neutron/neutron/api/extensions.py:156}}
Apr 25 16:26:00.706912 np0000170206 devstack@neutron-api.service[104733]: DEBUG neutron.api.extensions [None req-c72989e1-0d8e-4196-9a6d-93b5b2b539ba None None] Ext name="Auto Allocated Topology Services" alias="auto-allocated-topology" description="Auto Allocated Topology Services." updated="2016-01-01T00:00:00-00:00" {{(pid=104733) _check_extension /opt/stack/neutron/neutron/api/extensions.py:415}}
Apr 25 16:26:00.706912 np0000170206 devstack@neutron-api.service[104733]: INFO neutron.api.extensions [None req-c72989e1-0d8e-4196-9a6d-93b5b2b539ba None None] Loaded extension: auto-allocated-topology
Apr 25 16:26:00.707008 np0000170206 devstack@neutron-api.service[104733]: DEBUG neutron.api.extensions [None req-c72989e1-0d8e-4196-9a6d-93b5b2b539ba None None] Loading extension file: availability_zone.py {{(pid=104733) _load_all_extensions_from_path /opt/stack/neutron/neutron/api/extensions.py:449}}
Apr 25 16:26:00.707245 np0000170206 devstack@neutron-api.service[104733]: DEBUG neutron.api.extensions [None req-c72989e1-0d8e-4196-9a6d-93b5b2b539ba None None] Ext name="Availability Zone" alias="availability_zone" description="The availability zone extension." updated="2015-01-01T10:00:00-00:00" {{(pid=104733) _check_extension /opt/stack/neutron/neutron/api/extensions.py:415}}
Apr 25 16:26:00.707348 np0000170206 devstack@neutron-api.service[104735]: DEBUG neutron.api.extensions [None req-43096e0e-8dca-4cb1-abb3-b74b6cf81485 None None] Extended resource: dhcp-networks {{(pid=104735) __init__ /opt/stack/neutron/neutron/api/extensions.py:156}}
Apr 25 16:26:00.707493 np0000170206 devstack@neutron-api.service[104733]: INFO neutron.api.extensions [None req-c72989e1-0d8e-4196-9a6d-93b5b2b539ba None None] Loaded extension: availability_zone
Apr 25 16:26:00.707493 np0000170206 devstack@neutron-api.service[104733]: DEBUG neutron.api.extensions [None req-c72989e1-0d8e-4196-9a6d-93b5b2b539ba None None] Loading extension file: availability_zone_filter.py {{(pid=104733) _load_all_extensions_from_path /opt/stack/neutron/neutron/api/extensions.py:449}}
Apr 25 16:26:00.707745 np0000170206 devstack@neutron-api.service[104733]: DEBUG neutron.api.extensions [None req-c72989e1-0d8e-4196-9a6d-93b5b2b539ba None None] Ext name="Availability Zone Filter Extension" alias="availability_zone_filter" description="Add filter parameters to AvailabilityZone resource" updated="2018-06-22T10:00:00-00:00" {{(pid=104733) _check_extension /opt/stack/neutron/neutron/api/extensions.py:415}}
Apr 25 16:26:00.707923 np0000170206 devstack@neutron-api.service[104733]: INFO neutron.api.extensions [None req-c72989e1-0d8e-4196-9a6d-93b5b2b539ba None None] Extension availability_zone_filter not supported by any of loaded plugins
Apr 25 16:26:00.708045 np0000170206 devstack@neutron-api.service[104733]: DEBUG neutron.api.extensions [None req-c72989e1-0d8e-4196-9a6d-93b5b2b539ba None None] Loading extension file: data_plane_status.py {{(pid=104733) _load_all_extensions_from_path /opt/stack/neutron/neutron/api/extensions.py:449}}
Apr 25 16:26:00.708258 np0000170206 devstack@neutron-api.service[104733]: DEBUG neutron.api.extensions [None req-c72989e1-0d8e-4196-9a6d-93b5b2b539ba None None] Ext name="Port data plane status extension" alias="data-plane-status" description="Expose status of underlying data plane" updated="2017-01-24T10:00:00-00:00" {{(pid=104733) _check_extension /opt/stack/neutron/neutron/api/extensions.py:415}}
Apr 25 16:26:00.708338 np0000170206 devstack@neutron-api.service[104735]: DEBUG neutron.api.extensions [None req-43096e0e-8dca-4cb1-abb3-b74b6cf81485 None None] Extended resource: dhcp-agents {{(pid=104735) __init__ /opt/stack/neutron/neutron/api/extensions.py:156}}
Apr 25 16:26:00.708531 np0000170206 devstack@neutron-api.service[104733]: INFO neutron.api.extensions [None req-c72989e1-0d8e-4196-9a6d-93b5b2b539ba None None] Extension data-plane-status not supported by any of loaded plugins
Apr 25 16:26:00.708531 np0000170206 devstack@neutron-api.service[104733]: DEBUG neutron.api.extensions [None req-c72989e1-0d8e-4196-9a6d-93b5b2b539ba None None] Loading extension file: default_subnetpools.py {{(pid=104733) _load_all_extensions_from_path /opt/stack/neutron/neutron/api/extensions.py:449}}
Apr 25 16:26:00.708763 np0000170206 devstack@neutron-api.service[104733]: DEBUG neutron.api.extensions [None req-c72989e1-0d8e-4196-9a6d-93b5b2b539ba None None] Ext name="Default Subnetpools" alias="default-subnetpools" description="Provides ability to mark and use a subnetpool as the default." updated="2016-02-18T18:00:00-00:00" {{(pid=104733) _check_extension /opt/stack/neutron/neutron/api/extensions.py:415}}
Apr 25 16:26:00.708933 np0000170206 devstack@neutron-api.service[104733]: INFO neutron.api.extensions [None req-c72989e1-0d8e-4196-9a6d-93b5b2b539ba None None] Loaded extension: default-subnetpools
Apr 25 16:26:00.709036 np0000170206 devstack@neutron-api.service[104733]: DEBUG neutron.api.extensions [None req-c72989e1-0d8e-4196-9a6d-93b5b2b539ba None None] Loading extension file: dhcpagentscheduler.py {{(pid=104733) _load_all_extensions_from_path /opt/stack/neutron/neutron/api/extensions.py:449}}
Apr 25 16:26:00.709189 np0000170206 devstack@neutron-api.service[104735]: DEBUG neutron.api.extensions [None req-43096e0e-8dca-4cb1-abb3-b74b6cf81485 None None] Extended resource: routers {{(pid=104735) __init__ /opt/stack/neutron/neutron/api/extensions.py:156}}
Apr 25 16:26:00.709421 np0000170206 devstack@neutron-api.service[104733]: DEBUG neutron.api.extensions [None req-c72989e1-0d8e-4196-9a6d-93b5b2b539ba None None] Ext name="DHCP Agent Scheduler" alias="dhcp_agent_scheduler" description="Schedule networks among dhcp agents" updated="2013-02-07T10:00:00-00:00" {{(pid=104733) _check_extension /opt/stack/neutron/neutron/api/extensions.py:415}}
Apr 25 16:26:00.709565 np0000170206 devstack@neutron-api.service[104733]: INFO neutron.api.extensions [None req-c72989e1-0d8e-4196-9a6d-93b5b2b539ba None None] Loaded extension: dhcp_agent_scheduler
Apr 25 16:26:00.709650 np0000170206 devstack@neutron-api.service[104733]: DEBUG neutron.api.extensions [None req-c72989e1-0d8e-4196-9a6d-93b5b2b539ba None None] Loading extension file: dns.py {{(pid=104733) _load_all_extensions_from_path /opt/stack/neutron/neutron/api/extensions.py:449}}
Apr 25 16:26:00.709870 np0000170206 devstack@neutron-api.service[104733]: DEBUG neutron.api.extensions [None req-c72989e1-0d8e-4196-9a6d-93b5b2b539ba None None] Ext name="DNS Integration" alias="dns-integration" description="Provides integration with DNS." updated="2015-08-15T18:00:00-00:00" {{(pid=104733) _check_extension /opt/stack/neutron/neutron/api/extensions.py:415}}
Apr 25 16:26:00.710118 np0000170206 devstack@neutron-api.service[104733]: INFO neutron.api.extensions [None req-c72989e1-0d8e-4196-9a6d-93b5b2b539ba None None] Loaded extension: dns-integration
Apr 25 16:26:00.710204 np0000170206 devstack@neutron-api.service[104733]: DEBUG neutron.api.extensions [None req-c72989e1-0d8e-4196-9a6d-93b5b2b539ba None None] Loading extension file: dns_domain_ports.py {{(pid=104733) _load_all_extensions_from_path /opt/stack/neutron/neutron/api/extensions.py:449}}
Apr 25 16:26:00.710445 np0000170206 devstack@neutron-api.service[104733]: DEBUG neutron.api.extensions [None req-c72989e1-0d8e-4196-9a6d-93b5b2b539ba None None] Ext name="dns_domain for ports" alias="dns-domain-ports" description="Allows the DNS domain to be specified for a network port." updated="2017-04-24T10:00:00-00:00" {{(pid=104733) _check_extension /opt/stack/neutron/neutron/api/extensions.py:415}}
Apr 25 16:26:00.710507 np0000170206 devstack@neutron-api.service[104734]: DEBUG neutron_lib.callbacks.manager [None req-62a571f3-c205-4681-82d4-a92b032cb648 None None] Publish callbacks ['neutron.plugins.ml2.drivers.ovn.mech_driver.mech_driver.OVNMechanismDriver.pre_fork_initialize-4134861'] for process (None), before_spawn {{(pid=104734) _notify_loop /opt/stack/data/venv/lib/python3.12/site-packages/neutron_lib/callbacks/manager.py:184}}
Apr 25 16:26:00.710601 np0000170206 devstack@neutron-api.service[104733]: INFO neutron.api.extensions [None req-c72989e1-0d8e-4196-9a6d-93b5b2b539ba None None] Loaded extension: dns-domain-ports
Apr 25 16:26:00.710649 np0000170206 devstack@neutron-api.service[104735]: DEBUG neutron.api.extensions [None req-43096e0e-8dca-4cb1-abb3-b74b6cf81485 None None] Extended resource: flavors {{(pid=104735) __init__ /opt/stack/neutron/neutron/api/extensions.py:156}}
Apr 25 16:26:00.710693 np0000170206 devstack@neutron-api.service[104733]: DEBUG neutron.api.extensions [None req-c72989e1-0d8e-4196-9a6d-93b5b2b539ba None None] Loading extension file: dns_integration_domain_keywords.py {{(pid=104733) _load_all_extensions_from_path /opt/stack/neutron/neutron/api/extensions.py:449}}
Apr 25 16:26:00.710882 np0000170206 devstack@neutron-api.service[104734]: DEBUG oslo_concurrency.processutils [None req-62a571f3-c205-4681-82d4-a92b032cb648 None None] Running cmd (subprocess): ovsdb-client transact ssl:199.204.45.30:6641 --timeout 180 -p /opt/stack/data/CA/int-ca/private/devstack-cert.key -c /opt/stack/data/CA/int-ca/devstack-cert.crt -C /opt/stack/data/CA/int-ca/ca-chain.pem ["OVN_Northbound", {"op": "wait", "timeout": 0, "table": "Port_Group", "where": [["name", "==", "neutron_pg_drop"]], "until": "==", "rows": []}, {"op": "insert", "table": "ACL", "row": {"action": "drop", "direction": "to-lport", "match": "outport == @neutron_pg_drop && ip", "priority": 1001}, "uuid-name": "droptoport"}, {"op": "insert", "table": "ACL", "row": {"action": "drop", "direction": "from-lport", "match": "inport == @neutron_pg_drop && ip", "priority": 1001}, "uuid-name": "dropfromport"}, {"op": "insert", "table": "Port_Group", "row": {"name": "neutron_pg_drop", "acls": ["set", [["named-uuid", "droptoport"], ["named-uuid", "dropfromport"]]]}}] {{(pid=104734) execute /opt/stack/data/venv/lib/python3.12/site-packages/oslo_concurrency/processutils.py:440}}
Apr 25 16:26:00.711020 np0000170206 devstack@neutron-api.service[104733]: DEBUG neutron.api.extensions [None req-c72989e1-0d8e-4196-9a6d-93b5b2b539ba None None] Ext name="DNS domain names with keywords allowed" alias="dns-integration-domain-keywords" description="Allows to use keywords like , , and as DNS domain name" updated="2020-06-15T18:00:00-00:00" {{(pid=104733) _check_extension /opt/stack/neutron/neutron/api/extensions.py:415}}
Apr 25 16:26:00.711094 np0000170206 devstack@neutron-api.service[104733]: INFO neutron.api.extensions [None req-c72989e1-0d8e-4196-9a6d-93b5b2b539ba None None] Loaded extension: dns-integration-domain-keywords
Apr 25 16:26:00.711166 np0000170206 devstack@neutron-api.service[104733]: DEBUG neutron.api.extensions [None req-c72989e1-0d8e-4196-9a6d-93b5b2b539ba None None] Loading extension file: dvr.py {{(pid=104733) _load_all_extensions_from_path /opt/stack/neutron/neutron/api/extensions.py:449}}
Apr 25 16:26:00.711333 np0000170206 devstack@neutron-api.service[104735]: DEBUG neutron.api.extensions [None req-43096e0e-8dca-4cb1-abb3-b74b6cf81485 None None] Extended resource: service_profiles {{(pid=104735) __init__ /opt/stack/neutron/neutron/api/extensions.py:156}}
Apr 25 16:26:00.711413 np0000170206 devstack@neutron-api.service[104733]: DEBUG neutron.api.extensions [None req-c72989e1-0d8e-4196-9a6d-93b5b2b539ba None None] Ext name="Distributed Virtual Router" alias="dvr" description="Enables configuration of Distributed Virtual Routers." updated="2014-06-1T10:00:00-00:00" {{(pid=104733) _check_extension /opt/stack/neutron/neutron/api/extensions.py:415}}
Apr 25 16:26:00.711666 np0000170206 devstack@neutron-api.service[104733]: INFO neutron.api.extensions [None req-c72989e1-0d8e-4196-9a6d-93b5b2b539ba None None] Extension dvr not supported by any of loaded plugins
Apr 25 16:26:00.711666 np0000170206 devstack@neutron-api.service[104733]: DEBUG neutron.api.extensions [None req-c72989e1-0d8e-4196-9a6d-93b5b2b539ba None None] Loading extension file: ecmp_routes.py {{(pid=104733) _load_all_extensions_from_path /opt/stack/neutron/neutron/api/extensions.py:449}}
Apr 25 16:26:00.711935 np0000170206 devstack@neutron-api.service[104733]: DEBUG neutron.api.extensions [None req-c72989e1-0d8e-4196-9a6d-93b5b2b539ba None None] Ext name="Equal Cost Multipath Routing" alias="ecmp_routes" description="Allows traffic to reach thesame destination via multiple different links " updated="2020-11-26T18:00:00-00:00" {{(pid=104733) _check_extension /opt/stack/neutron/neutron/api/extensions.py:415}}
Apr 25 16:26:00.712094 np0000170206 devstack@neutron-api.service[104733]: INFO neutron.api.extensions [None req-c72989e1-0d8e-4196-9a6d-93b5b2b539ba None None] Extension ecmp_routes not supported by any of loaded plugins
Apr 25 16:26:00.712146 np0000170206 devstack@neutron-api.service[104733]: DEBUG neutron.api.extensions [None req-c72989e1-0d8e-4196-9a6d-93b5b2b539ba None None] Loading extension file: empty_string_filtering.py {{(pid=104733) _load_all_extensions_from_path /opt/stack/neutron/neutron/api/extensions.py:449}}
Apr 25 16:26:00.712183 np0000170206 devstack@neutron-api.service[104735]: DEBUG neutron.api.extensions [None req-43096e0e-8dca-4cb1-abb3-b74b6cf81485 None None] Extended resource: next_providers {{(pid=104735) __init__ /opt/stack/neutron/neutron/api/extensions.py:156}}
Apr 25 16:26:00.712380 np0000170206 devstack@neutron-api.service[104733]: DEBUG neutron.api.extensions [None req-c72989e1-0d8e-4196-9a6d-93b5b2b539ba None None] Ext name="Empty String Filtering Extension" alias="empty-string-filtering" description="Allow filtering by attributes with empty string value" updated="2018-05-01T10:00:00-00:00" {{(pid=104733) _check_extension /opt/stack/neutron/neutron/api/extensions.py:415}}
Apr 25 16:26:00.712536 np0000170206 devstack@neutron-api.service[104733]: INFO neutron.api.extensions [None req-c72989e1-0d8e-4196-9a6d-93b5b2b539ba None None] Loaded extension: empty-string-filtering
Apr 25 16:26:00.712652 np0000170206 devstack@neutron-api.service[104733]: DEBUG neutron.api.extensions [None req-c72989e1-0d8e-4196-9a6d-93b5b2b539ba None None] Loading extension file: expose_l3_conntrack_helper.py {{(pid=104733) _load_all_extensions_from_path /opt/stack/neutron/neutron/api/extensions.py:449}}
Apr 25 16:26:00.712864 np0000170206 devstack@neutron-api.service[104733]: DEBUG neutron.api.extensions [None req-c72989e1-0d8e-4196-9a6d-93b5b2b539ba None None] Ext name="Expose CT target rules for conntrack helper" alias="expose-l3-conntrack-helper" description="Expose allow adding CT target rules for conntrack helper" updated="2019-04-04T10:00:00-00:00" {{(pid=104733) _check_extension /opt/stack/neutron/neutron/api/extensions.py:415}}
Apr 25 16:26:00.713066 np0000170206 devstack@neutron-api.service[104733]: INFO neutron.api.extensions [None req-c72989e1-0d8e-4196-9a6d-93b5b2b539ba None None] Extension expose-l3-conntrack-helper not supported by any of loaded plugins
Apr 25 16:26:00.713066 np0000170206 devstack@neutron-api.service[104733]: DEBUG neutron.api.extensions [None req-c72989e1-0d8e-4196-9a6d-93b5b2b539ba None None] Loading extension file: expose_port_forwarding_in_fip.py {{(pid=104733) _load_all_extensions_from_path /opt/stack/neutron/neutron/api/extensions.py:449}}
Apr 25 16:26:00.713227 np0000170206 devstack@neutron-api.service[104735]: DEBUG neutron.api.extensions [None req-43096e0e-8dca-4cb1-abb3-b74b6cf81485 None None] Extended resource: service_profiles {{(pid=104735) __init__ /opt/stack/neutron/neutron/api/extensions.py:156}}
Apr 25 16:26:00.713349 np0000170206 devstack@neutron-api.service[104733]: DEBUG neutron.api.extensions [None req-c72989e1-0d8e-4196-9a6d-93b5b2b539ba None None] Ext name="Expose Floating IP port forwardings" alias="expose-port-forwarding-in-fip" description="Expose port forwarding fields in floating IP response" updated="2018-06-28T16:00:00-00:00" {{(pid=104733) _check_extension /opt/stack/neutron/neutron/api/extensions.py:415}}
Apr 25 16:26:00.713528 np0000170206 devstack@neutron-api.service[104733]: INFO neutron.api.extensions [None req-c72989e1-0d8e-4196-9a6d-93b5b2b539ba None None] Extension expose-port-forwarding-in-fip not supported by any of loaded plugins
Apr 25 16:26:00.713660 np0000170206 devstack@neutron-api.service[104733]: DEBUG neutron.api.extensions [None req-c72989e1-0d8e-4196-9a6d-93b5b2b539ba None None] Loading extension file: external_net.py {{(pid=104733) _load_all_extensions_from_path /opt/stack/neutron/neutron/api/extensions.py:449}}
Apr 25 16:26:00.713865 np0000170206 devstack@neutron-api.service[104733]: DEBUG neutron.api.extensions [None req-c72989e1-0d8e-4196-9a6d-93b5b2b539ba None None] Ext name="Neutron external network" alias="external-net" description="Adds external network attribute to network resource." updated="2013-01-14T10:00:00-00:00" {{(pid=104733) _check_extension /opt/stack/neutron/neutron/api/extensions.py:415}}
Apr 25 16:26:00.714083 np0000170206 devstack@neutron-api.service[104733]: INFO neutron.api.extensions [None req-c72989e1-0d8e-4196-9a6d-93b5b2b539ba None None] Loaded extension: external-net
Apr 25 16:26:00.714230 np0000170206 devstack@neutron-api.service[104733]: DEBUG neutron.api.extensions [None req-c72989e1-0d8e-4196-9a6d-93b5b2b539ba None None] Loading extension file: extra_dhcp_opt.py {{(pid=104733) _load_all_extensions_from_path /opt/stack/neutron/neutron/api/extensions.py:449}}
Apr 25 16:26:00.714334 np0000170206 devstack@neutron-api.service[104735]: DEBUG neutron.api.extensions [None req-43096e0e-8dca-4cb1-abb3-b74b6cf81485 None None] Extended resource: floatingip-pools {{(pid=104735) __init__ /opt/stack/neutron/neutron/api/extensions.py:156}}
Apr 25 16:26:00.714573 np0000170206 devstack@neutron-api.service[104733]: DEBUG neutron.api.extensions [None req-c72989e1-0d8e-4196-9a6d-93b5b2b539ba None None] Ext name="Neutron Extra DHCP options" alias="extra_dhcp_opt" description="Extra options configuration for DHCP. For example PXE boot options to DHCP clients can be specified (e.g. tftp-server, server-ip-address, bootfile-name)" updated="2013-03-17T12:00:00-00:00" {{(pid=104733) _check_extension /opt/stack/neutron/neutron/api/extensions.py:415}}
Apr 25 16:26:00.714573 np0000170206 devstack@neutron-api.service[104733]: INFO neutron.api.extensions [None req-c72989e1-0d8e-4196-9a6d-93b5b2b539ba None None] Loaded extension: extra_dhcp_opt
Apr 25 16:26:00.714573 np0000170206 devstack@neutron-api.service[104733]: DEBUG neutron.api.extensions [None req-c72989e1-0d8e-4196-9a6d-93b5b2b539ba None None] Loading extension file: extraroute.py {{(pid=104733) _load_all_extensions_from_path /opt/stack/neutron/neutron/api/extensions.py:449}}
Apr 25 16:26:00.714844 np0000170206 devstack@neutron-api.service[104733]: DEBUG neutron.api.extensions [None req-c72989e1-0d8e-4196-9a6d-93b5b2b539ba None None] Ext name="Neutron Extra Route" alias="extraroute" description="Extra routes configuration for L3 router" updated="2013-02-01T10:00:00-00:00" {{(pid=104733) _check_extension /opt/stack/neutron/neutron/api/extensions.py:415}}
Apr 25 16:26:00.714977 np0000170206 devstack@neutron-api.service[104733]: INFO neutron.api.extensions [None req-c72989e1-0d8e-4196-9a6d-93b5b2b539ba None None] Loaded extension: extraroute
Apr 25 16:26:00.715026 np0000170206 devstack@neutron-api.service[104733]: DEBUG neutron.api.extensions [None req-c72989e1-0d8e-4196-9a6d-93b5b2b539ba None None] Loading extension file: extraroute_atomic.py {{(pid=104733) _load_all_extensions_from_path /opt/stack/neutron/neutron/api/extensions.py:449}}
Apr 25 16:26:00.715051 np0000170206 devstack@neutron-api.service[104735]: DEBUG neutron.api.extensions [None req-43096e0e-8dca-4cb1-abb3-b74b6cf81485 None None] Extended resource: routers {{(pid=104735) __init__ /opt/stack/neutron/neutron/api/extensions.py:156}}
Apr 25 16:26:00.715266 np0000170206 devstack@neutron-api.service[104733]: DEBUG neutron.api.extensions [None req-c72989e1-0d8e-4196-9a6d-93b5b2b539ba None None] Ext name="Atomically add/remove extra routes" alias="extraroute-atomic" description="Edit extra routes of a router on server side by atomically adding/removing extra routes" updated="2019-07-10T00:00:00+00:00" {{(pid=104733) _check_extension /opt/stack/neutron/neutron/api/extensions.py:415}}
Apr 25 16:26:00.715486 np0000170206 devstack@neutron-api.service[104733]: INFO neutron.api.extensions [None req-c72989e1-0d8e-4196-9a6d-93b5b2b539ba None None] Loaded extension: extraroute-atomic
Apr 25 16:26:00.715509 np0000170206 devstack@neutron-api.service[104733]: DEBUG neutron.api.extensions [None req-c72989e1-0d8e-4196-9a6d-93b5b2b539ba None None] Loading extension file: filter_validation.py {{(pid=104733) _load_all_extensions_from_path /opt/stack/neutron/neutron/api/extensions.py:449}}
Apr 25 16:26:00.715763 np0000170206 devstack@neutron-api.service[104733]: DEBUG neutron.api.extensions [None req-c72989e1-0d8e-4196-9a6d-93b5b2b539ba None None] Ext name="Filter parameters validation" alias="filter-validation" description="Provides validation on filter parameters." updated="2018-07-04T10:00:00-00:00" {{(pid=104733) _check_extension /opt/stack/neutron/neutron/api/extensions.py:415}}
Apr 25 16:26:00.715897 np0000170206 devstack@neutron-api.service[104733]: INFO neutron.api.extensions [None req-c72989e1-0d8e-4196-9a6d-93b5b2b539ba None None] Loaded extension: filter-validation
Apr 25 16:26:00.715995 np0000170206 devstack@neutron-api.service[104733]: DEBUG neutron.api.extensions [None req-c72989e1-0d8e-4196-9a6d-93b5b2b539ba None None] Loading extension file: fip_pf_description.py {{(pid=104733) _load_all_extensions_from_path /opt/stack/neutron/neutron/api/extensions.py:449}}
Apr 25 16:26:00.716223 np0000170206 devstack@neutron-api.service[104733]: DEBUG neutron.api.extensions [None req-c72989e1-0d8e-4196-9a6d-93b5b2b539ba None None] Ext name="Floating IP Port Forwarding new attribute description" alias="floating-ip-port-forwarding-description" description="Add a description field to Port Forwarding rules" updated="2019-11-01T10:00:00-00:00" {{(pid=104733) _check_extension /opt/stack/neutron/neutron/api/extensions.py:415}}
Apr 25 16:26:00.716382 np0000170206 devstack@neutron-api.service[104733]: INFO neutron.api.extensions [None req-c72989e1-0d8e-4196-9a6d-93b5b2b539ba None None] Extension floating-ip-port-forwarding-description not supported by any of loaded plugins
Apr 25 16:26:00.716467 np0000170206 devstack@neutron-api.service[104733]: DEBUG neutron.api.extensions [None req-c72989e1-0d8e-4196-9a6d-93b5b2b539ba None None] Loading extension file: fip_pf_detail.py {{(pid=104733) _load_all_extensions_from_path /opt/stack/neutron/neutron/api/extensions.py:449}}
Apr 25 16:26:00.716530 np0000170206 devstack@neutron-api.service[104735]: DEBUG neutron.api.extensions [None req-43096e0e-8dca-4cb1-abb3-b74b6cf81485 None None] Extended resource: floatingips {{(pid=104735) __init__ /opt/stack/neutron/neutron/api/extensions.py:156}}
Apr 25 16:26:00.716686 np0000170206 devstack@neutron-api.service[104733]: DEBUG neutron.api.extensions [None req-c72989e1-0d8e-4196-9a6d-93b5b2b539ba None None] Ext name="Floating IP port forwarding detail" alias="floating-ip-port-forwarding-detail" description="Allow list floating ip return more port forwarding data, include'id' and 'internal_port_id'" updated="2022-05-06T10:00:00-00:00" {{(pid=104733) _check_extension /opt/stack/neutron/neutron/api/extensions.py:415}}
Apr 25 16:26:00.716847 np0000170206 devstack@neutron-api.service[104733]: INFO neutron.api.extensions [None req-c72989e1-0d8e-4196-9a6d-93b5b2b539ba None None] Loaded extension: floating-ip-port-forwarding-detail
Apr 25 16:26:00.716932 np0000170206 devstack@neutron-api.service[104733]: DEBUG neutron.api.extensions [None req-c72989e1-0d8e-4196-9a6d-93b5b2b539ba None None] Loading extension file: fip_pf_port_range.py {{(pid=104733) _load_all_extensions_from_path /opt/stack/neutron/neutron/api/extensions.py:449}}
Apr 25 16:26:00.717201 np0000170206 devstack@neutron-api.service[104733]: DEBUG neutron.api.extensions [None req-c72989e1-0d8e-4196-9a6d-93b5b2b539ba None None] Ext name="Floating IP Port Forwarding support port ranges" alias="floating-ip-port-forwarding-port-ranges" description="Add support to port ranges" updated="2020-07-01T10:00:00-00:00" {{(pid=104733) _check_extension /opt/stack/neutron/neutron/api/extensions.py:415}}
Apr 25 16:26:00.717280 np0000170206 devstack@neutron-api.service[104735]: DEBUG neutron.api.extensions [None req-43096e0e-8dca-4cb1-abb3-b74b6cf81485 None None] Extended resource: network-ip-availabilities {{(pid=104735) __init__ /opt/stack/neutron/neutron/api/extensions.py:156}}
Apr 25 16:26:00.717333 np0000170206 devstack@neutron-api.service[104733]: INFO neutron.api.extensions [None req-c72989e1-0d8e-4196-9a6d-93b5b2b539ba None None] Extension floating-ip-port-forwarding-port-ranges not supported by any of loaded plugins
Apr 25 16:26:00.717420 np0000170206 devstack@neutron-api.service[104733]: DEBUG neutron.api.extensions [None req-c72989e1-0d8e-4196-9a6d-93b5b2b539ba None None] Loading extension file: fip_port_details.py {{(pid=104733) _load_all_extensions_from_path /opt/stack/neutron/neutron/api/extensions.py:449}}
Apr 25 16:26:00.717636 np0000170206 devstack@neutron-api.service[104733]: DEBUG neutron.api.extensions [None req-c72989e1-0d8e-4196-9a6d-93b5b2b539ba None None] Ext name="Floating IP Port Details Extension" alias="fip-port-details" description="Add port_details attribute to Floating IP resource" updated="2018-04-09T10:00:00-00:00" {{(pid=104733) _check_extension /opt/stack/neutron/neutron/api/extensions.py:415}}
Apr 25 16:26:00.717806 np0000170206 devstack@neutron-api.service[104733]: INFO neutron.api.extensions [None req-c72989e1-0d8e-4196-9a6d-93b5b2b539ba None None] Loaded extension: fip-port-details
Apr 25 16:26:00.717895 np0000170206 devstack@neutron-api.service[104733]: DEBUG neutron.api.extensions [None req-c72989e1-0d8e-4196-9a6d-93b5b2b539ba None None] Loading extension file: flavors.py {{(pid=104733) _load_all_extensions_from_path /opt/stack/neutron/neutron/api/extensions.py:449}}
Apr 25 16:26:00.718176 np0000170206 devstack@neutron-api.service[104733]: DEBUG neutron.api.extensions [None req-c72989e1-0d8e-4196-9a6d-93b5b2b539ba None None] Ext name="Neutron Service Flavors" alias="flavors" description="Flavor specification for Neutron advanced services." updated="2015-09-17T10:00:00-00:00" {{(pid=104733) _check_extension /opt/stack/neutron/neutron/api/extensions.py:415}}
Apr 25 16:26:00.718210 np0000170206 devstack@neutron-api.service[104735]: DEBUG neutron.api.extensions [None req-43096e0e-8dca-4cb1-abb3-b74b6cf81485 None None] Extended resource: network-ip-availabilities {{(pid=104735) __init__ /opt/stack/neutron/neutron/api/extensions.py:156}}
Apr 25 16:26:00.718398 np0000170206 devstack@neutron-api.service[104733]: INFO neutron.api.extensions [None req-c72989e1-0d8e-4196-9a6d-93b5b2b539ba None None] Loaded extension: flavors
Apr 25 16:26:00.718489 np0000170206 devstack@neutron-api.service[104733]: DEBUG neutron.api.extensions [None req-c72989e1-0d8e-4196-9a6d-93b5b2b539ba None None] Loading extension file: floating_ip_port_forwarding.py {{(pid=104733) _load_all_extensions_from_path /opt/stack/neutron/neutron/api/extensions.py:449}}
Apr 25 16:26:00.718815 np0000170206 devstack@neutron-api.service[104733]: DEBUG neutron.api.extensions [None req-c72989e1-0d8e-4196-9a6d-93b5b2b539ba None None] Ext name="Floating IP Port Forwarding" alias="floating-ip-port-forwarding" description="Allow port forwarding from floating IP port to an internal port" updated="2018-01-19T10:00:00-00:00" {{(pid=104733) _check_extension /opt/stack/neutron/neutron/api/extensions.py:415}}
Apr 25 16:26:00.719015 np0000170206 devstack@neutron-api.service[104733]: INFO neutron.api.extensions [None req-c72989e1-0d8e-4196-9a6d-93b5b2b539ba None None] Extension floating-ip-port-forwarding not supported by any of loaded plugins
Apr 25 16:26:00.719051 np0000170206 devstack@neutron-api.service[104735]: DEBUG neutron.api.extensions [None req-43096e0e-8dca-4cb1-abb3-b74b6cf81485 None None] Extended resource: bindings {{(pid=104735) __init__ /opt/stack/neutron/neutron/api/extensions.py:156}}
Apr 25 16:26:00.719090 np0000170206 devstack@neutron-api.service[104733]: DEBUG neutron.api.extensions [None req-c72989e1-0d8e-4196-9a6d-93b5b2b539ba None None] Loading extension file: floatingip_pools.py {{(pid=104733) _load_all_extensions_from_path /opt/stack/neutron/neutron/api/extensions.py:449}}
Apr 25 16:26:00.719363 np0000170206 devstack@neutron-api.service[104733]: DEBUG neutron.api.extensions [None req-c72989e1-0d8e-4196-9a6d-93b5b2b539ba None None] Ext name="Floating IP Pools Extension" alias="floatingip-pools" description="Provides a floating IP pools API." updated="2018-03-21T10:00:00-00:00" {{(pid=104733) _check_extension /opt/stack/neutron/neutron/api/extensions.py:415}}
Apr 25 16:26:00.719527 np0000170206 devstack@neutron-api.service[104733]: INFO neutron.api.extensions [None req-c72989e1-0d8e-4196-9a6d-93b5b2b539ba None None] Loaded extension: floatingip-pools
Apr 25 16:26:00.719614 np0000170206 devstack@neutron-api.service[104733]: DEBUG neutron.api.extensions [None req-c72989e1-0d8e-4196-9a6d-93b5b2b539ba None None] Loading extension file: ip_allocation.py {{(pid=104733) _load_all_extensions_from_path /opt/stack/neutron/neutron/api/extensions.py:449}}
Apr 25 16:26:00.719836 np0000170206 devstack@neutron-api.service[104733]: DEBUG neutron.api.extensions [None req-c72989e1-0d8e-4196-9a6d-93b5b2b539ba None None] Ext name="IP Allocation" alias="ip_allocation" description="IP allocation extension." updated="2016-06-10T23:00:00-00:00" {{(pid=104733) _check_extension /opt/stack/neutron/neutron/api/extensions.py:415}}
Apr 25 16:26:00.719972 np0000170206 devstack@neutron-api.service[104735]: DEBUG neutron.api.extensions [None req-43096e0e-8dca-4cb1-abb3-b74b6cf81485 None None] Extended resource: quotas {{(pid=104735) __init__ /opt/stack/neutron/neutron/api/extensions.py:156}}
Apr 25 16:26:00.720046 np0000170206 devstack@neutron-api.service[104733]: INFO neutron.api.extensions [None req-c72989e1-0d8e-4196-9a6d-93b5b2b539ba None None] Extension ip_allocation not supported by any of loaded plugins
Apr 25 16:26:00.720137 np0000170206 devstack@neutron-api.service[104733]: DEBUG neutron.api.extensions [None req-c72989e1-0d8e-4196-9a6d-93b5b2b539ba None None] Loading extension file: ip_substring_port_filtering.py {{(pid=104733) _load_all_extensions_from_path /opt/stack/neutron/neutron/api/extensions.py:449}}
Apr 25 16:26:00.720394 np0000170206 devstack@neutron-api.service[104733]: DEBUG neutron.api.extensions [None req-c72989e1-0d8e-4196-9a6d-93b5b2b539ba None None] Ext name="IP address substring filtering" alias="ip-substring-filtering" description="Provides IP address substring filtering when listing ports" updated="2017-11-28T09:00:00-00:00" {{(pid=104733) _check_extension /opt/stack/neutron/neutron/api/extensions.py:415}}
Apr 25 16:26:00.720540 np0000170206 devstack@neutron-api.service[104733]: INFO neutron.api.extensions [None req-c72989e1-0d8e-4196-9a6d-93b5b2b539ba None None] Extension ip-substring-filtering not supported by any of loaded plugins
Apr 25 16:26:00.720607 np0000170206 devstack@neutron-api.service[104733]: DEBUG neutron.api.extensions [None req-c72989e1-0d8e-4196-9a6d-93b5b2b539ba None None] Loading extension file: l2_adjacency.py {{(pid=104733) _load_all_extensions_from_path /opt/stack/neutron/neutron/api/extensions.py:449}}
Apr 25 16:26:00.720826 np0000170206 devstack@neutron-api.service[104733]: DEBUG neutron.api.extensions [None req-c72989e1-0d8e-4196-9a6d-93b5b2b539ba None None] Ext name="L2 Adjacency" alias="l2_adjacency" description="Display L2 Adjacency for Neutron Networks." updated="2016-04-12T16:00:00-00:00" {{(pid=104733) _check_extension /opt/stack/neutron/neutron/api/extensions.py:415}}
Apr 25 16:26:00.721015 np0000170206 devstack@neutron-api.service[104733]: INFO neutron.api.extensions [None req-c72989e1-0d8e-4196-9a6d-93b5b2b539ba None None] Extension l2_adjacency not supported by any of loaded plugins
Apr 25 16:26:00.882301 np0000170206 devstack@neutron-api.service[104735]: DEBUG neutron.api.extensions [None req-43096e0e-8dca-4cb1-abb3-b74b6cf81485 None None] Extended resource: quotas {{(pid=104735) __init__ /opt/stack/neutron/neutron/api/extensions.py:156}}
Apr 25 16:26:00.883701 np0000170206 devstack@neutron-api.service[104733]: DEBUG neutron.api.extensions [None req-c72989e1-0d8e-4196-9a6d-93b5b2b539ba None None] Loading extension file: l3.py {{(pid=104733) _load_all_extensions_from_path /opt/stack/neutron/neutron/api/extensions.py:449}}
Apr 25 16:26:00.885036 np0000170206 devstack@neutron-api.service[104735]: DEBUG neutron.api.extensions [None req-43096e0e-8dca-4cb1-abb3-b74b6cf81485 None None] Extended resource: rbac-policies {{(pid=104735) __init__ /opt/stack/neutron/neutron/api/extensions.py:156}}
Apr 25 16:26:00.885269 np0000170206 devstack@neutron-api.service[104733]: DEBUG neutron.api.extensions [None req-c72989e1-0d8e-4196-9a6d-93b5b2b539ba None None] Ext name="Neutron L3 Router" alias="router" description="Router abstraction for basic L3 forwarding between L2 Neutron networks and access to external networks via a NAT gateway." updated="2012-07-20T10:00:00-00:00" {{(pid=104733) _check_extension /opt/stack/neutron/neutron/api/extensions.py:415}}
Apr 25 16:26:00.885269 np0000170206 devstack@neutron-api.service[104733]: INFO neutron.api.extensions [None req-c72989e1-0d8e-4196-9a6d-93b5b2b539ba None None] Loaded extension: router
Apr 25 16:26:00.885269 np0000170206 devstack@neutron-api.service[104733]: DEBUG neutron.api.extensions [None req-c72989e1-0d8e-4196-9a6d-93b5b2b539ba None None] Loading extension file: l3_conntrack_helper.py {{(pid=104733) _load_all_extensions_from_path /opt/stack/neutron/neutron/api/extensions.py:449}}
Apr 25 16:26:00.885531 np0000170206 devstack@neutron-api.service[104735]: DEBUG neutron.api.extensions [None req-43096e0e-8dca-4cb1-abb3-b74b6cf81485 None None] Extended resource: default-security-group-rules {{(pid=104735) __init__ /opt/stack/neutron/neutron/api/extensions.py:156}}
Apr 25 16:26:00.885652 np0000170206 devstack@neutron-api.service[104733]: DEBUG neutron.api.extensions [None req-c72989e1-0d8e-4196-9a6d-93b5b2b539ba None None] Ext name="L3 Conntrack helper" alias="l3-conntrack-helper" description="Allow adding CT target rules for conntrack helper" updated="2019-04-04T10:00:00-00:00" {{(pid=104733) _check_extension /opt/stack/neutron/neutron/api/extensions.py:415}}
Apr 25 16:26:00.885652 np0000170206 devstack@neutron-api.service[104733]: INFO neutron.api.extensions [None req-c72989e1-0d8e-4196-9a6d-93b5b2b539ba None None] Extension l3-conntrack-helper not supported by any of loaded plugins
