2026-05-21 04:15:25.014 7 INFO neutron.db.ovn_revision_numbers_db [None req-663bafb6-1e3a-45a7-9acc-8c6047ed82df 714a7d07e7b74a53b57fc58c107b058f 0c2fa3f90d9a4ea5bc388acd70398db5 - - default default] Successfully bumped revision number for resource c98866de-74f1-4cb2-9cb5-dc143fd2049f (type: security_group_rules) to 0 [pid: 8|app: 0|req: 864/1810] 10.0.0.127 () {32 vars in 726 bytes} [Thu May 21 04:15:24 2026] DELETE /v2.0/networks/9da377e2-7d52-46bc-b4df-803e9a137a79 => generated 0 bytes in 522 msecs (HTTP/1.1 204) 3 headers in 131 bytes (1 switches on core 0) [pid: 7|app: 0|req: 947/1811] 10.0.0.127 () {32 vars in 774 bytes} [Thu May 21 04:15:24 2026] GET /v2.0/security-groups?tenant_id=baa39621fca04a09bf1ea2192b0c400c&name=default => generated 2925 bytes in 382 msecs (HTTP/1.1 200) 4 headers in 158 bytes (1 switches on core 0)
2026-05-21 04:15:25.174 7 INFO neutron_taas.services.taas.taas_plugin [None req-778ba585-77cf-4f52-b82c-b5c23912e9b0 b5a2c850d2c9466b86a24e4ea249f1ff 5e838841e4b041a9b73c2a91ddc5cbe6 - - default default] TaaS: Handle Delete Port: a43d2d67-3bbc-4999-83ca-2b0e967b5ac3
2026-05-21 04:15:25.176 7 INFO neutron_taas.services.taas.tap_mirror_plugin [None req-778ba585-77cf-4f52-b82c-b5c23912e9b0 b5a2c850d2c9466b86a24e4ea249f1ff 5e838841e4b041a9b73c2a91ddc5cbe6 - - default default] Tap Mirror: Handle Delete Port: a43d2d67-3bbc-4999-83ca-2b0e967b5ac3
2026-05-21 04:15:25.176 8 INFO neutron_taas.services.taas.taas_plugin [None req-f2a243e9-4582-489c-a0f7-440e95025567 bed3756f1e7c491591757adf95a674e0 33774d15fc744eed95cccd22fb8446c9 - - default default] TaaS: Handle Delete Port: b19569d3-4fc5-4ef4-85c4-7be49bfc761b
2026-05-21 04:15:25.179 8 INFO neutron_taas.services.taas.tap_mirror_plugin [None req-f2a243e9-4582-489c-a0f7-440e95025567 bed3756f1e7c491591757adf95a674e0 33774d15fc744eed95cccd22fb8446c9 - - default default] Tap Mirror: Handle Delete Port: b19569d3-4fc5-4ef4-85c4-7be49bfc761b [pid: 8|app: 0|req: 865/1812] 10.0.0.127 () {32 vars in 720 bytes} [Thu May 21 04:15:25 2026] DELETE /v2.0/ports/b19569d3-4fc5-4ef4-85c4-7be49bfc761b => generated 0 bytes in 329 msecs (HTTP/1.1 204) 3 headers in 131 bytes (1 switches on core 0) [pid: 7|app: 0|req: 948/1813] 10.0.0.127 () {32 vars in 726 bytes} [Thu May 21 04:15:25 2026] DELETE /v2.0/networks/c2f2957e-ba04-44be-90fa-5b43715045c7 => generated 0 bytes in 427 msecs (HTTP/1.1 204) 3 headers in 131 bytes (1 switches on core 0)
2026-05-21 04:15:25.603 7 INFO neutron.services.segments.plugin [-] Segment c017ba31-c6e8-4989-b856-367dcf1601ee resource provider aggregate not found
2026-05-21 04:15:25.606 7 INFO neutron.services.segments.plugin [-] Segment c017ba31-c6e8-4989-b856-367dcf1601ee resource provider aggregate not found
2026-05-21 04:15:25.628 7 INFO neutron.services.segments.plugin [-] Segment c017ba31-c6e8-4989-b856-367dcf1601ee resource provider not found; error: Placement Client Error (4xx): {"errors": [{"status": 404, "title": "Not Found", "detail": "The resource could not be found.\n\n No resource provider with uuid c017ba31-c6e8-4989-b856-367dcf1601ee found for delete ", "request_id": "req-affcfd9e-7278-443f-97fa-a42ff10ba7e9"}]}
2026-05-21 04:15:25.629 7 INFO neutron.services.segments.plugin [-] Segment c017ba31-c6e8-4989-b856-367dcf1601ee resource provider not found; error: Placement Client Error (4xx): {"errors": [{"status": 404, "title": "Not Found", "detail": "The resource could not be found.\n\n No resource provider with uuid c017ba31-c6e8-4989-b856-367dcf1601ee found for delete ", "request_id": "req-455bd778-ce7e-46eb-9709-2bfb4a37fab8"}]} [pid: 7|app: 0|req: 949/1814] 10.0.0.127 () {32 vars in 643 bytes} [Thu May 21 04:15:25 2026] GET /v2.0/ports => generated 1537 bytes in 146 msecs (HTTP/1.1 200) 4 headers in 158 bytes (1 switches on core 0) [pid: 8|app: 0|req: 866/1817] 10.0.0.127 () {32 vars in 740 bytes} [Thu May 21 04:15:25 2026] DELETE /v2.0/security-groups/c140a9f0-1c21-4220-96cc-b64548551466 => generated 0 bytes in 336 msecs (HTTP/1.1 204) 2 headers in 112 bytes (1 switches on core 0)
2026-05-21 04:15:25.729 8 INFO neutron.pecan_wsgi.hooks.translation [None req-1bc54147-1cab-4da4-ad49-5f4cd6737445 bed3756f1e7c491591757adf95a674e0 33774d15fc744eed95cccd22fb8446c9 - - default default] GET failed (client error): The resource could not be found. [pid: 8|app: 0|req: 867/1818] 10.0.0.127 () {32 vars in 717 bytes} [Thu May 21 04:15:25 2026] GET /v2.0/ports/b19569d3-4fc5-4ef4-85c4-7be49bfc761b => generated 132 bytes in 14 msecs (HTTP/1.1 404) 4 headers in 164 bytes (1 switches on core 0) [pid: 8|app: 0|req: 868/1819] 10.0.0.127 () {32 vars in 643 bytes} [Thu May 21 04:15:25 2026] GET /v2.0/ports => generated 1537 bytes in 36 msecs (HTTP/1.1 200) 4 headers in 158 bytes (1 switches on core 0)
2026-05-21 04:15:25.808 7 INFO neutron_taas.services.taas.taas_plugin [None req-3949480d-6260-4c1c-9f08-f9c2339414e3 b5a2c850d2c9466b86a24e4ea249f1ff 5e838841e4b041a9b73c2a91ddc5cbe6 - - default default] TaaS: Handle Delete Port: cbed41c3-cf2b-4c33-af9d-e942f45bcfe7 [pid: 8|app: 0|req: 869/1820] 10.0.0.127 () {32 vars in 717 bytes} [Thu May 21 04:15:25 2026] GET /v2.0/ports/45aad18a-2b73-4995-8b78-69aad46297b7 => generated 778 bytes in 29 msecs (HTTP/1.1 200) 4 headers in 157 bytes (1 switches on core 0)
2026-05-21 04:15:25.811 7 INFO neutron_taas.services.taas.tap_mirror_plugin [None req-3949480d-6260-4c1c-9f08-f9c2339414e3 b5a2c850d2c9466b86a24e4ea249f1ff 5e838841e4b041a9b73c2a91ddc5cbe6 - - default default] Tap Mirror: Handle Delete Port: cbed41c3-cf2b-4c33-af9d-e942f45bcfe7
2026-05-21 04:15:25.835 8 INFO neutron.pecan_wsgi.hooks.translation [None req-7ab38f53-15b6-4145-b309-ba2799f3af81 bed3756f1e7c491591757adf95a674e0 33774d15fc744eed95cccd22fb8446c9 - - default default] DELETE failed (client error): The resource could not be found. [pid: 8|app: 0|req: 870/1821] 10.0.0.127 () {32 vars in 720 bytes} [Thu May 21 04:15:25 2026] DELETE /v2.0/ports/58532c64-3cbe-402e-af27-6b0bac510868 => generated 132 bytes in 20 msecs (HTTP/1.1 404) 4 headers in 164 bytes (1 switches on core 0)
2026-05-21 04:15:26.090 8 INFO neutron.db.ovn_revision_numbers_db [None req-03ac2007-d395-4f0a-b678-fe838fae304c 714a7d07e7b74a53b57fc58c107b058f 0c2fa3f90d9a4ea5bc388acd70398db5 - - default default] Successfully bumped revision number for resource 238d37e9-f937-4c83-8bde-77f8cb623231 (type: security_groups) to 1
2026-05-21 04:15:26.109 8 INFO neutron.db.ovn_revision_numbers_db [None req-03ac2007-d395-4f0a-b678-fe838fae304c 714a7d07e7b74a53b57fc58c107b058f 0c2fa3f90d9a4ea5bc388acd70398db5 - - default default] Successfully bumped revision number for resource 03009871-c0e4-4533-897b-229b8aea8b30 (type: security_group_rules) to 0
2026-05-21 04:15:26.119 8 INFO neutron.db.ovn_revision_numbers_db [None req-03ac2007-d395-4f0a-b678-fe838fae304c 714a7d07e7b74a53b57fc58c107b058f 0c2fa3f90d9a4ea5bc388acd70398db5 - - default default] Successfully bumped revision number for resource 7a8ac938-a0a9-4418-8745-8b35d92c9440 (type: security_group_rules) to 0 [pid: 7|app: 0|req: 952/1822] 10.0.0.127 () {32 vars in 726 bytes} [Thu May 21 04:15:25 2026] DELETE /v2.0/networks/a6465956-920b-4a36-b7cd-6426d0b7ce7d => generated 0 bytes in 477 msecs (HTTP/1.1 204) 3 headers in 131 bytes (1 switches on core 0)
2026-05-21 04:15:26.131 8 INFO neutron.db.ovn_revision_numbers_db [None req-03ac2007-d395-4f0a-b678-fe838fae304c 714a7d07e7b74a53b57fc58c107b058f 0c2fa3f90d9a4ea5bc388acd70398db5 - - default default] Successfully bumped revision number for resource 9b42d617-5b9d-43b4-b9bd-9865ac9e3712 (type: security_group_rules) to 0
2026-05-21 04:15:26.134 7 INFO neutron.pecan_wsgi.hooks.translation [None req-ec0d6369-06b8-4e5a-969e-ac481ccdc298 bed3756f1e7c491591757adf95a674e0 33774d15fc744eed95cccd22fb8446c9 - - default default] DELETE failed (client error): The resource could not be found. [pid: 7|app: 0|req: 953/1823] 10.0.0.127 () {32 vars in 724 bytes} [Thu May 21 04:15:26 2026] DELETE /v2.0/subnets/14e1c06e-8203-4a9c-946b-ee0d637f84f1 => generated 136 bytes in 15 msecs (HTTP/1.1 404) 4 headers in 164 bytes (1 switches on core 0)
2026-05-21 04:15:26.144 8 INFO neutron.db.ovn_revision_numbers_db [None req-03ac2007-d395-4f0a-b678-fe838fae304c 714a7d07e7b74a53b57fc58c107b058f 0c2fa3f90d9a4ea5bc388acd70398db5 - - default default] Successfully bumped revision number for resource c2be5263-0ae4-45e8-b80c-f3e91ca599c4 (type: security_group_rules) to 0 [pid: 8|app: 0|req: 871/1824] 10.0.0.127 () {32 vars in 774 bytes} [Thu May 21 04:15:25 2026] GET /v2.0/security-groups?tenant_id=4b848f9af22c44079f8777ba0195485a&name=default => generated 2925 bytes in 341 msecs (HTTP/1.1 200) 4 headers in 158 bytes (1 switches on core 0)
2026-05-21 04:15:26.189 8 INFO neutron.pecan_wsgi.hooks.translation [None req-62d6e9b6-0d35-4609-9add-15752809cd34 bed3756f1e7c491591757adf95a674e0 33774d15fc744eed95cccd22fb8446c9 - - default default] DELETE failed (client error): The resource could not be found. [pid: 8|app: 0|req: 872/1825] 10.0.0.127 () {32 vars in 724 bytes} [Thu May 21 04:15:26 2026] DELETE /v2.0/subnets/b64fcbd7-1d73-4eb3-95b5-b80ad4d1d194 => generated 136 bytes in 12 msecs (HTTP/1.1 404) 4 headers in 164 bytes (1 switches on core 0)
2026-05-21 04:15:26.253 7 INFO neutron_taas.services.taas.taas_plugin [None req-4eed3626-4d59-4e9b-8682-a131d47b721a b5a2c850d2c9466b86a24e4ea249f1ff 5e838841e4b041a9b73c2a91ddc5cbe6 - - default default] TaaS: Handle Delete Port: 4e74163b-9200-4058-8a41-6f8d8b21e239
2026-05-21 04:15:26.257 7 INFO neutron_taas.services.taas.tap_mirror_plugin [None req-4eed3626-4d59-4e9b-8682-a131d47b721a b5a2c850d2c9466b86a24e4ea249f1ff 5e838841e4b041a9b73c2a91ddc5cbe6 - - default default] Tap Mirror: Handle Delete Port: 4e74163b-9200-4058-8a41-6f8d8b21e239 [pid: 8|app: 0|req: 873/1826] 10.0.0.127 () {32 vars in 740 bytes} [Thu May 21 04:15:26 2026] DELETE /v2.0/security-groups/238d37e9-f937-4c83-8bde-77f8cb623231 => generated 0 bytes in 289 msecs (HTTP/1.1 204) 2 headers in 112 bytes (1 switches on core 0) [pid: 7|app: 0|req: 954/1827] 10.0.0.127 () {32 vars in 726 bytes} [Thu May 21 04:15:26 2026] DELETE /v2.0/networks/8bb4ad8d-ef3b-4d09-89af-1350d689e207 => generated 0 bytes in 429 msecs (HTTP/1.1 204) 3 headers in 131 bytes (1 switches on core 0)
2026-05-21 04:15:26.620 8 INFO neutron_taas.services.taas.taas_plugin [None req-1a6926ff-e783-4f04-875c-6a90a48ff236 bed3756f1e7c491591757adf95a674e0 33774d15fc744eed95cccd22fb8446c9 - - default default] TaaS: Handle Delete Port: 45aad18a-2b73-4995-8b78-69aad46297b7
2026-05-21 04:15:26.624 8 INFO neutron_taas.services.taas.tap_mirror_plugin [None req-1a6926ff-e783-4f04-875c-6a90a48ff236 bed3756f1e7c491591757adf95a674e0 33774d15fc744eed95cccd22fb8446c9 - - default default] Tap Mirror: Handle Delete Port: 45aad18a-2b73-4995-8b78-69aad46297b7 [pid: 8|app: 0|req: 874/1828] 10.0.0.127 () {32 vars in 720 bytes} [Thu May 21 04:15:26 2026] DELETE /v2.0/ports/45aad18a-2b73-4995-8b78-69aad46297b7 => generated 0 bytes in 316 msecs (HTTP/1.1 204) 3 headers in 131 bytes (1 switches on core 0)
2026-05-21 04:15:26.960 7 INFO neutron_taas.services.taas.taas_plugin [None req-d0970176-5eee-4430-83df-8357dc8e7aee bed3756f1e7c491591757adf95a674e0 33774d15fc744eed95cccd22fb8446c9 - - default default] TaaS: Handle Delete Port: 1c5a466c-0729-4106-8cee-fc9c7c3ac8ea
2026-05-21 04:15:26.962 7 INFO neutron_taas.services.taas.tap_mirror_plugin [None req-d0970176-5eee-4430-83df-8357dc8e7aee bed3756f1e7c491591757adf95a674e0 33774d15fc744eed95cccd22fb8446c9 - - default default] Tap Mirror: Handle Delete Port: 1c5a466c-0729-4106-8cee-fc9c7c3ac8ea [pid: 7|app: 0|req: 955/1829] 10.0.0.127 () {32 vars in 726 bytes} [Thu May 21 04:15:26 2026] DELETE /v2.0/networks/aec2f155-6682-45cd-9893-9c19f52ac8bf => generated 0 bytes in 470 msecs (HTTP/1.1 204) 3 headers in 131 bytes (1 switches on core 0) [pid: 7|app: 0|req: 956/1830] 10.0.0.127 () {32 vars in 774 bytes} [Thu May 21 04:15:27 2026] GET /v2.0/security-groups?tenant_id=5e838841e4b041a9b73c2a91ddc5cbe6&name=default => generated 2925 bytes in 96 msecs (HTTP/1.1 200) 4 headers in 158 bytes (1 switches on core 0)
2026-05-21 04:15:27.396 8 INFO neutron.db.ovn_revision_numbers_db [None req-69ee13e4-5f84-40cd-a792-8dd36bdb3c10 714a7d07e7b74a53b57fc58c107b058f 0c2fa3f90d9a4ea5bc388acd70398db5 - - default default] Successfully bumped revision number for resource b45e6473-8f4c-4415-ae90-337c57f1723d (type: security_groups) to 1
2026-05-21 04:15:27.408 8 INFO neutron.db.ovn_revision_numbers_db [None req-69ee13e4-5f84-40cd-a792-8dd36bdb3c10 714a7d07e7b74a53b57fc58c107b058f 0c2fa3f90d9a4ea5bc388acd70398db5 - - default default] Successfully bumped revision number for resource 0da04bc7-e501-45e9-934f-85200b6fc171 (type: security_group_rules) to 0
2026-05-21 04:15:27.422 8 INFO neutron.db.ovn_revision_numbers_db [None req-69ee13e4-5f84-40cd-a792-8dd36bdb3c10 714a7d07e7b74a53b57fc58c107b058f 0c2fa3f90d9a4ea5bc388acd70398db5 - - default default] Successfully bumped revision number for resource 76ec11c0-7377-4301-8adf-18312dd6f37d (type: security_group_rules) to 0
2026-05-21 04:15:27.441 8 INFO neutron.db.ovn_revision_numbers_db [None req-69ee13e4-5f84-40cd-a792-8dd36bdb3c10 714a7d07e7b74a53b57fc58c107b058f 0c2fa3f90d9a4ea5bc388acd70398db5 - - default default] Successfully bumped revision number for resource 8d04f9ea-b98e-4625-b02e-4149566988f1 (type: security_group_rules) to 0
2026-05-21 04:15:27.479 8 INFO neutron.db.ovn_revision_numbers_db [None req-69ee13e4-5f84-40cd-a792-8dd36bdb3c10 714a7d07e7b74a53b57fc58c107b058f 0c2fa3f90d9a4ea5bc388acd70398db5 - - default default] Successfully bumped revision number for resource fd566c5e-cb42-45a5-965d-6a5e956cf09a (type: security_group_rules) to 0 [pid: 8|app: 0|req: 875/1831] 10.0.0.127 () {32 vars in 774 bytes} [Thu May 21 04:15:27 2026] GET /v2.0/security-groups?tenant_id=fd6f90204eab4f4fb67b65bb3d3fe266&name=default => generated 2925 bytes in 461 msecs (HTTP/1.1 200) 4 headers in 158 bytes (1 switches on core 0)
2026-05-21 04:15:27.651 7 INFO neutron.services.segments.plugin [-] Segment 45276179-9df7-426e-b6c1-f617dc7744f6 resource provider aggregate not found
2026-05-21 04:15:27.656 7 INFO neutron.services.segments.plugin [-] Segment 45276179-9df7-426e-b6c1-f617dc7744f6 resource provider aggregate not found
2026-05-21 04:15:27.670 7 INFO neutron.services.segments.plugin [-] Segment 45276179-9df7-426e-b6c1-f617dc7744f6 resource provider not found; error: Placement Client Error (4xx): {"errors": [{"status": 404, "title": "Not Found", "detail": "The resource could not be found.\n\n No resource provider with uuid 45276179-9df7-426e-b6c1-f617dc7744f6 found for delete ", "request_id": "req-81f56740-f02c-448b-8d16-367efc75a127"}]}
2026-05-21 04:15:27.676 7 INFO neutron.services.segments.plugin [-] Segment 45276179-9df7-426e-b6c1-f617dc7744f6 resource provider not found; error: Placement Client Error (4xx): {"errors": [{"status": 404, "title": "Not Found", "detail": "The resource could not be found.\n\n No resource provider with uuid 45276179-9df7-426e-b6c1-f617dc7744f6 found for delete ", "request_id": "req-d7d8d241-6e20-4816-8275-534287244c3b"}]}
2026-05-21 04:15:27.691 7 INFO neutron.services.segments.plugin [-] Segment 9f87379e-6fc1-4fa7-ba37-ac25b50b1a72 resource provider aggregate not found
2026-05-21 04:15:27.700 7 INFO neutron.services.segments.plugin [-] Segment 9f87379e-6fc1-4fa7-ba37-ac25b50b1a72 resource provider aggregate not found
2026-05-21 04:15:27.708 7 INFO neutron.services.segments.plugin [-] Segment 9f87379e-6fc1-4fa7-ba37-ac25b50b1a72 resource provider not found; error: Placement Client Error (4xx): {"errors": [{"status": 404, "title": "Not Found", "detail": "The resource could not be found.\n\n No resource provider with uuid 9f87379e-6fc1-4fa7-ba37-ac25b50b1a72 found for delete ", "request_id": "req-3fc446f9-5e34-4fa6-b7fa-a1dfcf4a7098"}]}
2026-05-21 04:15:27.727 7 INFO neutron.services.segments.plugin [-] Segment f419971b-6631-4019-8235-1a5f79c1b569 resource provider aggregate not found
2026-05-21 04:15:27.731 7 INFO neutron.services.segments.plugin [-] Segment 9f87379e-6fc1-4fa7-ba37-ac25b50b1a72 resource provider not found; error: Placement Client Error (4xx): {"errors": [{"status": 404, "title": "Not Found", "detail": "The resource could not be found.\n\n No resource provider with uuid 9f87379e-6fc1-4fa7-ba37-ac25b50b1a72 found for delete ", "request_id": "req-724d41c4-08e7-47ac-b20a-fa08e2942757"}]}
2026-05-21 04:15:27.748 7 INFO neutron.services.segments.plugin [-] Segment f419971b-6631-4019-8235-1a5f79c1b569 resource provider not found; error: Placement Client Error (4xx): {"errors": [{"status": 404, "title": "Not Found", "detail": "The resource could not be found.\n\n No resource provider with uuid f419971b-6631-4019-8235-1a5f79c1b569 found for delete ", "request_id": "req-f37f1e60-db5d-4982-b181-3bc5c6344f37"}]}
2026-05-21 04:15:27.753 7 INFO neutron.services.segments.plugin [-] Segment f419971b-6631-4019-8235-1a5f79c1b569 resource provider aggregate not found
2026-05-21 04:15:27.773 7 INFO neutron.services.segments.plugin [-] Segment f419971b-6631-4019-8235-1a5f79c1b569 resource provider not found; error: Placement Client Error (4xx): {"errors": [{"status": 404, "title": "Not Found", "detail": "The resource could not be found.\n\n No resource provider with uuid f419971b-6631-4019-8235-1a5f79c1b569 found for delete ", "request_id": "req-6546ebff-6be8-4f3f-ab21-f7b6353e7e71"}]} [pid: 7|app: 0|req: 957/1832] 10.0.0.127 () {32 vars in 740 bytes} [Thu May 21 04:15:27 2026] DELETE /v2.0/security-groups/18e781f9-d6f0-4e2d-8371-92f01346799e => generated 0 bytes in 486 msecs (HTTP/1.1 204) 2 headers in 112 bytes (1 switches on core 0) [pid: 8|app: 0|req: 876/1833] 10.0.0.127 () {32 vars in 740 bytes} [Thu May 21 04:15:27 2026] DELETE /v2.0/security-groups/b45e6473-8f4c-4415-ae90-337c57f1723d => generated 0 bytes in 376 msecs (HTTP/1.1 204) 2 headers in 112 bytes (1 switches on core 0) [pid: 7|app: 0|req: 958/1834] 10.0.0.127 () {32 vars in 774 bytes} [Thu May 21 04:15:27 2026] GET /v2.0/security-groups?tenant_id=33774d15fc744eed95cccd22fb8446c9&name=default => generated 2925 bytes in 278 msecs (HTTP/1.1 200) 4 headers in 158 bytes (1 switches on core 0) [pid: 8|app: 0|req: 877/1835] 10.0.0.127 () {32 vars in 740 bytes} [Thu May 21 04:15:28 2026] DELETE /v2.0/security-groups/b6eee71d-0b4b-43ba-9b26-1824e3d3c1ad => generated 0 bytes in 304 msecs (HTTP/1.1 204) 2 headers in 112 bytes (1 switches on core 0)
2026-05-21 04:15:29.935 7 INFO neutron.db.ovn_revision_numbers_db [None req-8e7a134d-d715-4bfe-ae3c-9a6adb88648d 714a7d07e7b74a53b57fc58c107b058f 0c2fa3f90d9a4ea5bc388acd70398db5 - - default default] Successfully bumped revision number for resource 4c665a32-4e89-443e-8dd3-09e352455227 (type: security_groups) to 1
2026-05-21 04:15:29.946 7 INFO neutron.db.ovn_revision_numbers_db [None req-8e7a134d-d715-4bfe-ae3c-9a6adb88648d 714a7d07e7b74a53b57fc58c107b058f 0c2fa3f90d9a4ea5bc388acd70398db5 - - default default] Successfully bumped revision number for resource 0ca0978e-581a-4602-a0cb-32bac9a60aea (type: security_group_rules) to 0
2026-05-21 04:15:29.957 7 INFO neutron.db.ovn_revision_numbers_db [None req-8e7a134d-d715-4bfe-ae3c-9a6adb88648d 714a7d07e7b74a53b57fc58c107b058f 0c2fa3f90d9a4ea5bc388acd70398db5 - - default default] Successfully bumped revision number for resource 8bbfe4c4-51f8-4e08-a7c3-0d8925db887a (type: security_group_rules) to 0
2026-05-21 04:15:29.968 7 INFO neutron.db.ovn_revision_numbers_db [None req-8e7a134d-d715-4bfe-ae3c-9a6adb88648d 714a7d07e7b74a53b57fc58c107b058f 0c2fa3f90d9a4ea5bc388acd70398db5 - - default default] Successfully bumped revision number for resource 9d9e2ff6-8aa3-45be-a8db-5cba879aa85c (type: security_group_rules) to 0
2026-05-21 04:15:29.979 7 INFO neutron.db.ovn_revision_numbers_db [None req-8e7a134d-d715-4bfe-ae3c-9a6adb88648d 714a7d07e7b74a53b57fc58c107b058f 0c2fa3f90d9a4ea5bc388acd70398db5 - - default default] Successfully bumped revision number for resource ff9200a3-edd3-46b1-832a-020e2e6a8fc9 (type: security_group_rules) to 0
2026-05-21 04:15:30.101 7 INFO neutron.db.segments_db [None req-8e7a134d-d715-4bfe-ae3c-9a6adb88648d 714a7d07e7b74a53b57fc58c107b058f 0c2fa3f90d9a4ea5bc388acd70398db5 - - default default] Added segment a2c5b9cf-57ec-4ed1-b309-cbea6f7ef999 of type geneve for network 6a46d154-1d4d-4e46-bda3-d3db0a75bbc0
2026-05-21 04:15:30.114 8 INFO neutron.db.ovn_revision_numbers_db [None req-c5a5c75f-2624-4f54-b336-9470d4b197cb 00188d633f7d4f77a3475500635ebb5b bea2add2bffb4ab0a7c01c9463cc7f20 - - default default] Successfully bumped revision number for resource 806bd177-1526-45ee-aabe-ab91a13f0b0c (type: security_groups) to 1
2026-05-21 04:15:30.128 8 INFO neutron.db.ovn_revision_numbers_db [None req-c5a5c75f-2624-4f54-b336-9470d4b197cb 00188d633f7d4f77a3475500635ebb5b bea2add2bffb4ab0a7c01c9463cc7f20 - - default default] Successfully bumped revision number for resource 0bd1e9b1-4b06-4268-bbd2-2a1348bdd2f9 (type: security_group_rules) to 0
2026-05-21 04:15:30.140 8 INFO neutron.db.ovn_revision_numbers_db [None req-c5a5c75f-2624-4f54-b336-9470d4b197cb 00188d633f7d4f77a3475500635ebb5b bea2add2bffb4ab0a7c01c9463cc7f20 - - default default] Successfully bumped revision number for resource b1c13a01-d2c5-4c02-9990-ba8bce1f0f6e (type: security_group_rules) to 0
2026-05-21 04:15:30.152 8 INFO neutron.db.ovn_revision_numbers_db [None req-c5a5c75f-2624-4f54-b336-9470d4b197cb 00188d633f7d4f77a3475500635ebb5b bea2add2bffb4ab0a7c01c9463cc7f20 - - default default] Successfully bumped revision number for resource f629981c-1964-4970-ad72-374344e6c2c6 (type: security_group_rules) to 0
2026-05-21 04:15:30.178 8 INFO neutron.db.ovn_revision_numbers_db [None req-c5a5c75f-2624-4f54-b336-9470d4b197cb 00188d633f7d4f77a3475500635ebb5b bea2add2bffb4ab0a7c01c9463cc7f20 - - default default] Successfully bumped revision number for resource f92179d0-cb17-4b2e-ae55-09fdecbc46c9 (type: security_group_rules) to 0
2026-05-21 04:15:30.227 7 INFO neutron.db.ovn_revision_numbers_db [None req-8e7a134d-d715-4bfe-ae3c-9a6adb88648d 714a7d07e7b74a53b57fc58c107b058f 0c2fa3f90d9a4ea5bc388acd70398db5 - - default default] Successfully bumped revision number for resource 6a46d154-1d4d-4e46-bda3-d3db0a75bbc0 (type: networks) to 1
2026-05-21 04:15:30.294 8 INFO neutron.db.segments_db [None req-c5a5c75f-2624-4f54-b336-9470d4b197cb 00188d633f7d4f77a3475500635ebb5b bea2add2bffb4ab0a7c01c9463cc7f20 - - default default] Added segment 96f069c0-9206-4102-b982-8a708721f386 of type geneve for network d254f639-05bc-4e3a-a1c7-2aac128602a1
2026-05-21 04:15:30.361 7 WARNING neutron.scheduler.dhcp_agent_scheduler [None req-8e7a134d-d715-4bfe-ae3c-9a6adb88648d 714a7d07e7b74a53b57fc58c107b058f 0c2fa3f90d9a4ea5bc388acd70398db5 - - default default] No more DHCP agents
2026-05-21 04:15:30.364 7 WARNING neutron.api.rpc.agentnotifiers.dhcp_rpc_agent_api [None req-8e7a134d-d715-4bfe-ae3c-9a6adb88648d 714a7d07e7b74a53b57fc58c107b058f 0c2fa3f90d9a4ea5bc388acd70398db5 - - default default] Unable to schedule network 6a46d154-1d4d-4e46-bda3-d3db0a75bbc0: no agents available; will retry on subsequent port and subnet creation events.
2026-05-21 04:15:30.467 8 INFO neutron.db.ovn_revision_numbers_db [None req-c5a5c75f-2624-4f54-b336-9470d4b197cb 00188d633f7d4f77a3475500635ebb5b bea2add2bffb4ab0a7c01c9463cc7f20 - - default default] Successfully bumped revision number for resource d254f639-05bc-4e3a-a1c7-2aac128602a1 (type: networks) to 1
2026-05-21 04:15:30.472 8 INFO neutron.plugins.ml2.drivers.ovn.mech_driver.mech_driver [None req-284afdba-accc-487f-b315-f8ef6d03c0c0 - - - - - -] OVN reports status down for port: 5018bf54-d577-402a-a5dd-27a8d7d896c2
2026-05-21 04:15:30.482 7 INFO neutron.db.ovn_revision_numbers_db [None req-8e7a134d-d715-4bfe-ae3c-9a6adb88648d 714a7d07e7b74a53b57fc58c107b058f 0c2fa3f90d9a4ea5bc388acd70398db5 - - default default] Successfully bumped revision number for resource 5018bf54-d577-402a-a5dd-27a8d7d896c2 (type: ports) to 1 [pid: 7|app: 0|req: 959/1836] 10.0.0.127 () {34 vars in 671 bytes} [Thu May 21 04:15:29 2026] POST /v2.0/networks => generated 763 bytes in 882 msecs (HTTP/1.1 201) 4 headers in 162 bytes (1 switches on core 0)
2026-05-21 04:15:30.713 8 WARNING neutron.scheduler.dhcp_agent_scheduler [None req-c5a5c75f-2624-4f54-b336-9470d4b197cb 00188d633f7d4f77a3475500635ebb5b bea2add2bffb4ab0a7c01c9463cc7f20 - - default default] No more DHCP agents
2026-05-21 04:15:30.716 8 WARNING neutron.api.rpc.agentnotifiers.dhcp_rpc_agent_api [None req-c5a5c75f-2624-4f54-b336-9470d4b197cb 00188d633f7d4f77a3475500635ebb5b bea2add2bffb4ab0a7c01c9463cc7f20 - - default default] Unable to schedule network d254f639-05bc-4e3a-a1c7-2aac128602a1: no agents available; will retry on subsequent port and subnet creation events.
2026-05-21 04:15:30.773 7 INFO neutron.db.ovn_revision_numbers_db [None req-10d4431e-4c6d-423a-bab5-0de649b65da9 7c4f4d6d8e274d63b8a03e1b8379c80a 9671fc6217a24d81abf402c86528b58e - - default default] Successfully bumped revision number for resource 6d77927e-c0fd-47e0-82b5-4f2b6668c76d (type: security_groups) to 1
2026-05-21 04:15:30.799 7 INFO neutron.db.ovn_revision_numbers_db [None req-10d4431e-4c6d-423a-bab5-0de649b65da9 7c4f4d6d8e274d63b8a03e1b8379c80a 9671fc6217a24d81abf402c86528b58e - - default default] Successfully bumped revision number for resource 270b3b06-166f-4fab-9df9-5228244da1ad (type: security_group_rules) to 0
2026-05-21 04:15:30.824 8 INFO neutron.plugins.ml2.drivers.ovn.mech_driver.mech_driver [None req-284afdba-accc-487f-b315-f8ef6d03c0c0 - - - - - -] OVN reports status down for port: 9828dd51-2ab8-4bbd-a0af-99dfb2f52dfb
2026-05-21 04:15:30.843 7 INFO neutron.db.ovn_revision_numbers_db [None req-10d4431e-4c6d-423a-bab5-0de649b65da9 7c4f4d6d8e274d63b8a03e1b8379c80a 9671fc6217a24d81abf402c86528b58e - - default default] Successfully bumped revision number for resource 3aa00cb6-149b-4e72-b3bd-a376d3a123bb (type: security_group_rules) to 0
2026-05-21 04:15:30.863 7 INFO neutron.db.ovn_revision_numbers_db [None req-10d4431e-4c6d-423a-bab5-0de649b65da9 7c4f4d6d8e274d63b8a03e1b8379c80a 9671fc6217a24d81abf402c86528b58e - - default default] Successfully bumped revision number for resource bfc5ee71-2fd0-4a95-bf7a-9cf2dfbb9541 (type: security_group_rules) to 0
2026-05-21 04:15:30.878 7 INFO neutron.db.ovn_revision_numbers_db [None req-10d4431e-4c6d-423a-bab5-0de649b65da9 7c4f4d6d8e274d63b8a03e1b8379c80a 9671fc6217a24d81abf402c86528b58e - - default default] Successfully bumped revision number for resource cf2bfd60-9887-4911-b1e1-b7afc05164c0 (type: security_group_rules) to 0
2026-05-21 04:15:30.901 8 INFO neutron.db.ovn_revision_numbers_db [None req-c5a5c75f-2624-4f54-b336-9470d4b197cb 00188d633f7d4f77a3475500635ebb5b bea2add2bffb4ab0a7c01c9463cc7f20 - - default default] Successfully bumped revision number for resource 9828dd51-2ab8-4bbd-a0af-99dfb2f52dfb (type: ports) to 1 [pid: 8|app: 0|req: 878/1837] 10.0.0.127 () {34 vars in 670 bytes} [Thu May 21 04:15:29 2026] POST /v2.0/networks => generated 666 bytes in 1134 msecs (HTTP/1.1 201) 4 headers in 162 bytes (1 switches on core 0) [pid: 8|app: 0|req: 879/1838] 10.0.0.127 () {32 vars in 623 bytes} [Thu May 21 04:15:30 2026] GET / => generated 151 bytes in 2 msecs (HTTP/1.1 200) 3 headers in 91 bytes (1 switches on core 0)
2026-05-21 04:15:30.964 7 INFO neutron.db.segments_db [None req-10d4431e-4c6d-423a-bab5-0de649b65da9 7c4f4d6d8e274d63b8a03e1b8379c80a 9671fc6217a24d81abf402c86528b58e - - default default] Added segment 683e276c-56d6-4bc5-a703-7fa5782fe35d of type geneve for network 2221d9a8-5b93-4249-928a-39a1a49b9fe5
2026-05-21 04:15:31.094 8 WARNING neutron.scheduler.dhcp_agent_scheduler [None req-b103eb6a-f8a8-41d8-b580-4b9e51043f6b 714a7d07e7b74a53b57fc58c107b058f 0c2fa3f90d9a4ea5bc388acd70398db5 - - default default] No more DHCP agents
2026-05-21 04:15:31.095 8 WARNING neutron.api.rpc.agentnotifiers.dhcp_rpc_agent_api [None req-b103eb6a-f8a8-41d8-b580-4b9e51043f6b 714a7d07e7b74a53b57fc58c107b058f 0c2fa3f90d9a4ea5bc388acd70398db5 - - default default] Unable to schedule network 6a46d154-1d4d-4e46-bda3-d3db0a75bbc0: no agents available; will retry on subsequent port and subnet creation events.
2026-05-21 04:15:31.117 7 INFO neutron.db.ovn_revision_numbers_db [None req-10d4431e-4c6d-423a-bab5-0de649b65da9 7c4f4d6d8e274d63b8a03e1b8379c80a 9671fc6217a24d81abf402c86528b58e - - default default] Successfully bumped revision number for resource 2221d9a8-5b93-4249-928a-39a1a49b9fe5 (type: networks) to 1
2026-05-21 04:15:31.292 7 WARNING neutron.scheduler.dhcp_agent_scheduler [None req-10d4431e-4c6d-423a-bab5-0de649b65da9 7c4f4d6d8e274d63b8a03e1b8379c80a 9671fc6217a24d81abf402c86528b58e - - default default] No more DHCP agents
2026-05-21 04:15:31.295 7 WARNING neutron.api.rpc.agentnotifiers.dhcp_rpc_agent_api [None req-10d4431e-4c6d-423a-bab5-0de649b65da9 7c4f4d6d8e274d63b8a03e1b8379c80a 9671fc6217a24d81abf402c86528b58e - - default default] Unable to schedule network 2221d9a8-5b93-4249-928a-39a1a49b9fe5: no agents available; will retry on subsequent port and subnet creation events.
2026-05-21 04:15:31.374 8 INFO neutron.plugins.ml2.drivers.ovn.mech_driver.mech_driver [None req-284afdba-accc-487f-b315-f8ef6d03c0c0 - - - - - -] OVN reports status down for port: d1a7aaae-aeb6-4ff1-ad72-2038f34b8c38
2026-05-21 04:15:31.421 7 INFO neutron.db.ovn_revision_numbers_db [None req-10d4431e-4c6d-423a-bab5-0de649b65da9 7c4f4d6d8e274d63b8a03e1b8379c80a 9671fc6217a24d81abf402c86528b58e - - default default] Successfully bumped revision number for resource d1a7aaae-aeb6-4ff1-ad72-2038f34b8c38 (type: ports) to 1 [pid: 7|app: 0|req: 960/1839] 10.0.0.127 () {34 vars in 670 bytes} [Thu May 21 04:15:30 2026] POST /v2.0/networks => generated 651 bytes in 946 msecs (HTTP/1.1 201) 4 headers in 162 bytes (1 switches on core 0) [pid: 7|app: 0|req: 961/1840] 10.0.0.127 () {32 vars in 633 bytes} [Thu May 21 04:15:31 2026] GET /v2.0/ => generated 632 bytes in 45 msecs (HTTP/1.1 200) 4 headers in 157 bytes (1 switches on core 0)
2026-05-21 04:15:31.566 8 INFO neutron.db.ovn_revision_numbers_db [None req-6ce4baef-2d9d-4e72-b939-c1e3bc8bc9d3 - - - - - -] Successfully bumped revision number for resource 5018bf54-d577-402a-a5dd-27a8d7d896c2 (type: ports) to 2
2026-05-21 04:15:31.598 8 INFO neutron.db.ovn_revision_numbers_db [None req-6ce4baef-2d9d-4e72-b939-c1e3bc8bc9d3 - - - - - -] Successfully bumped revision number for resource 272f567c-36d0-4f82-88d0-77cb80fe5811 (type: subnets) to 0 [pid: 8|app: 0|req: 880/1841] 10.0.0.127 () {34 vars in 669 bytes} [Thu May 21 04:15:30 2026] POST /v2.0/subnets => generated 688 bytes in 662 msecs (HTTP/1.1 201) 4 headers in 162 bytes (1 switches on core 0)
2026-05-21 04:15:31.724 7 WARNING neutron.scheduler.dhcp_agent_scheduler [None req-43a47168-0790-4a3a-9123-cc2365ff2ee3 00188d633f7d4f77a3475500635ebb5b bea2add2bffb4ab0a7c01c9463cc7f20 - - default default] No more DHCP agents
2026-05-21 04:15:31.726 7 WARNING neutron.api.rpc.agentnotifiers.dhcp_rpc_agent_api [None req-43a47168-0790-4a3a-9123-cc2365ff2ee3 00188d633f7d4f77a3475500635ebb5b bea2add2bffb4ab0a7c01c9463cc7f20 - - default default] Unable to schedule network d254f639-05bc-4e3a-a1c7-2aac128602a1: no agents available; will retry on subsequent port and subnet creation events.
2026-05-21 04:15:31.765 7 INFO neutron.db.ovn_revision_numbers_db [None req-43a47168-0790-4a3a-9123-cc2365ff2ee3 00188d633f7d4f77a3475500635ebb5b bea2add2bffb4ab0a7c01c9463cc7f20 - - default default] Successfully bumped revision number for resource b3acf297-bd8b-4afe-98ec-dd514fd759c1 (type: subnets) to 0 [pid: 7|app: 0|req: 962/1842] 10.0.0.127 () {34 vars in 669 bytes} [Thu May 21 04:15:31 2026] POST /v2.0/subnets => generated 673 bytes in 286 msecs (HTTP/1.1 201) 4 headers in 162 bytes (1 switches on core 0)
2026-05-21 04:15:31.823 8 WARNING neutron.scheduler.dhcp_agent_scheduler [None req-1415511d-ec75-4137-9b84-27d3b450057b 7c4f4d6d8e274d63b8a03e1b8379c80a 9671fc6217a24d81abf402c86528b58e - - default default] No more DHCP agents
2026-05-21 04:15:31.824 8 WARNING neutron.api.rpc.agentnotifiers.dhcp_rpc_agent_api [None req-1415511d-ec75-4137-9b84-27d3b450057b 7c4f4d6d8e274d63b8a03e1b8379c80a 9671fc6217a24d81abf402c86528b58e - - default default] Unable to schedule network 2221d9a8-5b93-4249-928a-39a1a49b9fe5: no agents available; will retry on subsequent port and subnet creation events.
2026-05-21 04:15:32.185 7 WARNING neutron.scheduler.dhcp_agent_scheduler [None req-dfe32ee2-767e-4a0c-9211-33f0cf17d3df 714a7d07e7b74a53b57fc58c107b058f 0c2fa3f90d9a4ea5bc388acd70398db5 - - default default] No more DHCP agents
2026-05-21 04:15:32.187 7 WARNING neutron.api.rpc.agentnotifiers.dhcp_rpc_agent_api [None req-dfe32ee2-767e-4a0c-9211-33f0cf17d3df 714a7d07e7b74a53b57fc58c107b058f 0c2fa3f90d9a4ea5bc388acd70398db5 - - default default] Unable to schedule network 5546ea36-cd18-4fc5-968b-70105b65a287: no agents available; will retry on subsequent port and subnet creation events.
2026-05-21 04:15:32.277 8 INFO neutron.db.ovn_revision_numbers_db [None req-d6b1caad-5536-45a2-a616-4f90dcd9d225 - - - - - -] Successfully bumped revision number for resource d1a7aaae-aeb6-4ff1-ad72-2038f34b8c38 (type: ports) to 2
2026-05-21 04:15:32.328 8 INFO neutron.db.ovn_revision_numbers_db [None req-d6b1caad-5536-45a2-a616-4f90dcd9d225 - - - - - -] Successfully bumped revision number for resource 59d7b984-929d-4465-9397-fed81db55b19 (type: subnets) to 0 [pid: 8|app: 0|req: 881/1843] 10.0.0.127 () {34 vars in 669 bytes} [Thu May 21 04:15:31 2026] POST /v2.0/subnets => generated 626 bytes in 740 msecs (HTTP/1.1 201) 4 headers in 162 bytes (1 switches on core 0)
2026-05-21 04:15:32.362 8 INFO neutron.plugins.ml2.drivers.ovn.mech_driver.mech_driver [None req-284afdba-accc-487f-b315-f8ef6d03c0c0 - - - - - -] OVN reports status down for port: 4564a95c-c3b6-4968-bc4a-f11e3ee505bf
2026-05-21 04:15:32.378 7 INFO neutron.db.ovn_revision_numbers_db [None req-dfe32ee2-767e-4a0c-9211-33f0cf17d3df 714a7d07e7b74a53b57fc58c107b058f 0c2fa3f90d9a4ea5bc388acd70398db5 - - default default] Successfully bumped revision number for resource 4564a95c-c3b6-4968-bc4a-f11e3ee505bf (type: ports) to 1
2026-05-21 04:15:32.479 8 INFO neutron.db.segments_db [None req-b95296ed-fcd5-443c-a680-b53aed61a857 00188d633f7d4f77a3475500635ebb5b bea2add2bffb4ab0a7c01c9463cc7f20 - - default default] Added segment 691cb533-efaa-4c9d-bf71-373decd8492a of type geneve for network bdb72180-cef0-43b3-991b-65ffdb577009
2026-05-21 04:15:32.609 8 INFO neutron.db.ovn_revision_numbers_db [None req-b95296ed-fcd5-443c-a680-b53aed61a857 00188d633f7d4f77a3475500635ebb5b bea2add2bffb4ab0a7c01c9463cc7f20 - - default default] Successfully bumped revision number for resource bdb72180-cef0-43b3-991b-65ffdb577009 (type: networks) to 1
2026-05-21 04:15:32.780 8 WARNING neutron.scheduler.dhcp_agent_scheduler [None req-b95296ed-fcd5-443c-a680-b53aed61a857 00188d633f7d4f77a3475500635ebb5b bea2add2bffb4ab0a7c01c9463cc7f20 - - default default] No more DHCP agents
2026-05-21 04:15:32.781 8 WARNING neutron.api.rpc.agentnotifiers.dhcp_rpc_agent_api [None req-b95296ed-fcd5-443c-a680-b53aed61a857 00188d633f7d4f77a3475500635ebb5b bea2add2bffb4ab0a7c01c9463cc7f20 - - default default] Unable to schedule network bdb72180-cef0-43b3-991b-65ffdb577009: no agents available; will retry on subsequent port and subnet creation events.
2026-05-21 04:15:32.852 8 INFO neutron.plugins.ml2.drivers.ovn.mech_driver.mech_driver [None req-284afdba-accc-487f-b315-f8ef6d03c0c0 - - - - - -] OVN reports status down for port: 71b3ce1a-55d5-4c0f-afb6-59f223c239e3
2026-05-21 04:15:32.931 8 INFO neutron.db.ovn_revision_numbers_db [None req-b95296ed-fcd5-443c-a680-b53aed61a857 00188d633f7d4f77a3475500635ebb5b bea2add2bffb4ab0a7c01c9463cc7f20 - - default default] Successfully bumped revision number for resource 71b3ce1a-55d5-4c0f-afb6-59f223c239e3 (type: ports) to 1 [pid: 8|app: 0|req: 882/1844] 10.0.0.127 () {34 vars in 670 bytes} [Thu May 21 04:15:32 2026] POST /v2.0/networks => generated 666 bytes in 612 msecs (HTTP/1.1 201) 4 headers in 162 bytes (1 switches on core 0)
2026-05-21 04:15:33.067 7 INFO neutron.plugins.ml2.drivers.ovn.mech_driver.ovsdb.commands [-] Schedule LRP lrp-4564a95c-c3b6-4968-bc4a-f11e3ee505bf on gateway 7d25d4d6-2a65-452c-bd06-789ca68ee72c with priority 1
2026-05-21 04:15:33.217 7 INFO neutron.db.ovn_revision_numbers_db [None req-dfe32ee2-767e-4a0c-9211-33f0cf17d3df 714a7d07e7b74a53b57fc58c107b058f 0c2fa3f90d9a4ea5bc388acd70398db5 - - default default] Successfully bumped revision number for resource 4564a95c-c3b6-4968-bc4a-f11e3ee505bf (type: router_ports) to 1
2026-05-21 04:15:33.272 8 INFO neutron.plugins.ml2.drivers.ovn.mech_driver.mech_driver [None req-284afdba-accc-487f-b315-f8ef6d03c0c0 - - - - - -] OVN reports status up for port: 4564a95c-c3b6-4968-bc4a-f11e3ee505bf
2026-05-21 04:15:33.277 8 INFO neutron.plugins.ml2.drivers.ovn.mech_driver.ovsdb.ovsdb_monitor [None req-82e665d7-ee80-41fc-a059-55b674b6c4c2 - - - - - -] Router a0e9ac7f-8904-4880-a6e2-4e99de2a4c00 is bound to host instance
2026-05-21 04:15:33.294 7 INFO neutron.db.ovn_revision_numbers_db [None req-dfe32ee2-767e-4a0c-9211-33f0cf17d3df 714a7d07e7b74a53b57fc58c107b058f 0c2fa3f90d9a4ea5bc388acd70398db5 - - default default] Successfully bumped revision number for resource a0e9ac7f-8904-4880-a6e2-4e99de2a4c00 (type: routers) to 2 [pid: 7|app: 0|req: 963/1845] 10.0.0.127 () {34 vars in 669 bytes} [Thu May 21 04:15:31 2026] POST /v2.0/routers => generated 966 bytes in 1536 msecs (HTTP/1.1 201) 4 headers in 162 bytes (1 switches on core 0)
2026-05-21 04:15:33.340 8 INFO neutron.plugins.ml2.plugin [None req-284afdba-accc-487f-b315-f8ef6d03c0c0 - - - - - -] Attempt 1 to provision port 4564a95c-c3b6-4968-bc4a-f11e3ee505bf [pid: 7|app: 0|req: 964/1846] 10.0.0.127 () {34 vars in 751 bytes} [Thu May 21 04:15:33 2026] PUT /v2.0/subnets/59d7b984-929d-4465-9397-fed81db55b19/tags => generated 25 bytes in 64 msecs (HTTP/1.1 200) 4 headers in 156 bytes (1 switches on core 0)
2026-05-21 04:15:33.543 7 INFO neutron.db.ovn_revision_numbers_db [None req-8d4488fa-1f7b-458d-8738-0b602371fa2b 00188d633f7d4f77a3475500635ebb5b bea2add2bffb4ab0a7c01c9463cc7f20 - - default default] Successfully bumped revision number for resource bdb72180-cef0-43b3-991b-65ffdb577009 (type: networks) to 2 [pid: 7|app: 0|req: 965/1847] 10.0.0.127 () {34 vars in 743 bytes} [Thu May 21 04:15:33 2026] PUT /v2.0/networks/bdb72180-cef0-43b3-991b-65ffdb577009 => generated 636 bytes in 166 msecs (HTTP/1.1 200) 4 headers in 157 bytes (1 switches on core 0)
2026-05-21 04:15:33.554 8 INFO neutron.db.ovn_revision_numbers_db [None req-6444bcb3-9b1b-4652-b8d7-57cc864932ab 714a7d07e7b74a53b57fc58c107b058f 0c2fa3f90d9a4ea5bc388acd70398db5 - - default default] Successfully bumped revision number for resource d6b8669d-2881-4ff5-a580-c222c518345e (type: security_groups) to 1
2026-05-21 04:15:33.583 8 INFO neutron.db.ovn_revision_numbers_db [None req-6444bcb3-9b1b-4652-b8d7-57cc864932ab 714a7d07e7b74a53b57fc58c107b058f 0c2fa3f90d9a4ea5bc388acd70398db5 - - default default] Successfully bumped revision number for resource 2acd1759-9c4d-45e6-b99c-bc76c9f0ecc1 (type: security_group_rules) to 0
2026-05-21 04:15:33.608 8 INFO neutron.db.ovn_revision_numbers_db [None req-6444bcb3-9b1b-4652-b8d7-57cc864932ab 714a7d07e7b74a53b57fc58c107b058f 0c2fa3f90d9a4ea5bc388acd70398db5 - - default default] Successfully bumped revision number for resource 3b3c6109-e3dd-4523-9a0f-e37a0081c0a4 (type: security_group_rules) to 0
2026-05-21 04:15:33.635 8 INFO neutron.db.ovn_revision_numbers_db [None req-6444bcb3-9b1b-4652-b8d7-57cc864932ab 714a7d07e7b74a53b57fc58c107b058f 0c2fa3f90d9a4ea5bc388acd70398db5 - - default default] Successfully bumped revision number for resource 75434c39-4500-410f-a2b2-d58ea4e9d650 (type: security_group_rules) to 0
2026-05-21 04:15:33.664 8 INFO neutron.db.ovn_revision_numbers_db [None req-6444bcb3-9b1b-4652-b8d7-57cc864932ab 714a7d07e7b74a53b57fc58c107b058f 0c2fa3f90d9a4ea5bc388acd70398db5 - - default default] Successfully bumped revision number for resource ef06bdc5-0d5d-4bf2-9c80-8d9035af8135 (type: security_group_rules) to 0 [pid: 8|app: 0|req: 883/1848] 10.0.0.127 () {32 vars in 774 bytes} [Thu May 21 04:15:32 2026] GET /v2.0/security-groups?tenant_id=4304cd19668d4394a44e6b9a8d4cb498&name=default => generated 2925 bytes in 785 msecs (HTTP/1.1 200) 4 headers in 158 bytes (1 switches on core 0) [pid: 8|app: 0|req: 884/1849] 10.0.0.127 () {32 vars in 731 bytes} [Thu May 21 04:15:33 2026] GET /v2.0/subnets/59d7b984-929d-4465-9397-fed81db55b19/tags => generated 25 bytes in 91 msecs (HTTP/1.1 200) 4 headers in 156 bytes (1 switches on core 0)
2026-05-21 04:15:34.016 7 WARNING neutron.scheduler.dhcp_agent_scheduler [None req-b86d2efa-23c9-4a07-b4c0-7b96306f756a 714a7d07e7b74a53b57fc58c107b058f 0c2fa3f90d9a4ea5bc388acd70398db5 - - default default] No more DHCP agents
2026-05-21 04:15:34.018 7 WARNING neutron.api.rpc.agentnotifiers.dhcp_rpc_agent_api [None req-b86d2efa-23c9-4a07-b4c0-7b96306f756a 714a7d07e7b74a53b57fc58c107b058f 0c2fa3f90d9a4ea5bc388acd70398db5 - - default default] Unable to schedule network 6a46d154-1d4d-4e46-bda3-d3db0a75bbc0: no agents available; will retry on subsequent port and subnet creation events.
2026-05-21 04:15:34.185 8 WARNING neutron.scheduler.dhcp_agent_scheduler [None req-f4faa1be-808e-41c8-b87a-656f985fbb10 00188d633f7d4f77a3475500635ebb5b bea2add2bffb4ab0a7c01c9463cc7f20 - - default default] No more DHCP agents
2026-05-21 04:15:34.188 8 WARNING neutron.api.rpc.agentnotifiers.dhcp_rpc_agent_api [None req-f4faa1be-808e-41c8-b87a-656f985fbb10 00188d633f7d4f77a3475500635ebb5b bea2add2bffb4ab0a7c01c9463cc7f20 - - default default] Unable to schedule network bdb72180-cef0-43b3-991b-65ffdb577009: no agents available; will retry on subsequent port and subnet creation events.
2026-05-21 04:15:34.203 7 INFO neutron.db.ovn_revision_numbers_db [None req-b86d2efa-23c9-4a07-b4c0-7b96306f756a 714a7d07e7b74a53b57fc58c107b058f 0c2fa3f90d9a4ea5bc388acd70398db5 - - default default] Successfully bumped revision number for resource f34577b7-2472-442b-8c0a-c68091f3fbad (type: ports) to 1
2026-05-21 04:15:34.275 8 INFO neutron.db.ovn_revision_numbers_db [None req-f4faa1be-808e-41c8-b87a-656f985fbb10 00188d633f7d4f77a3475500635ebb5b bea2add2bffb4ab0a7c01c9463cc7f20 - - default default] Successfully bumped revision number for resource b1f397d6-c8ef-4dcd-abe2-900fb4a87f32 (type: subnets) to 0 [pid: 8|app: 0|req: 885/1850] 10.0.0.127 () {34 vars in 669 bytes} [Thu May 21 04:15:33 2026] POST /v2.0/subnets => generated 646 bytes in 454 msecs (HTTP/1.1 201) 4 headers in 162 bytes (1 switches on core 0)
2026-05-21 04:15:34.747 8 INFO neutron.db.ovn_revision_numbers_db [None req-5b4e10ac-b374-435f-b9f7-07ee3e5e5bb3 - - - - - -] Successfully bumped revision number for resource 4564a95c-c3b6-4968-bc4a-f11e3ee505bf (type: ports) to 4 [pid: 8|app: 0|req: 886/1851] 10.0.0.127 () {32 vars in 740 bytes} [Thu May 21 04:15:34 2026] DELETE /v2.0/security-groups/d6b8669d-2881-4ff5-a580-c222c518345e => generated 0 bytes in 536 msecs (HTTP/1.1 204) 2 headers in 112 bytes (1 switches on core 0)
2026-05-21 04:15:34.976 7 WARNING neutron.scheduler.dhcp_agent_scheduler [None req-b86d2efa-23c9-4a07-b4c0-7b96306f756a 714a7d07e7b74a53b57fc58c107b058f 0c2fa3f90d9a4ea5bc388acd70398db5 - - default default] No more DHCP agents
2026-05-21 04:15:34.977 7 WARNING neutron.api.rpc.agentnotifiers.dhcp_rpc_agent_api [None req-b86d2efa-23c9-4a07-b4c0-7b96306f756a 714a7d07e7b74a53b57fc58c107b058f 0c2fa3f90d9a4ea5bc388acd70398db5 - - default default] Unable to schedule network 6a46d154-1d4d-4e46-bda3-d3db0a75bbc0: no agents available; will retry on subsequent port and subnet creation events. [pid: 8|app: 0|req: 887/1852] 10.0.0.127 () {34 vars in 762 bytes} [Thu May 21 04:15:34 2026] PUT /v2.0/subnets/59d7b984-929d-4465-9397-fed81db55b19/tags/green => generated 4 bytes in 183 msecs (HTTP/1.1 201) 4 headers in 160 bytes (1 switches on core 0)
2026-05-21 04:15:35.504 8 INFO neutron.db.ovn_revision_numbers_db [None req-5b4e10ac-b374-435f-b9f7-07ee3e5e5bb3 - - - - - -] Successfully bumped revision number for resource 4564a95c-c3b6-4968-bc4a-f11e3ee505bf (type: ports) to 5
2026-05-21 04:15:35.505 7 INFO neutron.db.ovn_revision_numbers_db [None req-b86d2efa-23c9-4a07-b4c0-7b96306f756a 714a7d07e7b74a53b57fc58c107b058f 0c2fa3f90d9a4ea5bc388acd70398db5 - - default default] Successfully bumped revision number for resource f34577b7-2472-442b-8c0a-c68091f3fbad (type: router_ports) to 1 [pid: 7|app: 0|req: 966/1853] 10.0.0.127 () {34 vars in 783 bytes} [Thu May 21 04:15:33 2026] PUT /v2.0/routers/a0e9ac7f-8904-4880-a6e2-4e99de2a4c00/add_router_interface => generated 309 bytes in 1961 msecs (HTTP/1.1 200) 4 headers in 157 bytes (1 switches on core 0) [pid: 7|app: 0|req: 967/1854] 10.0.0.127 () {32 vars in 731 bytes} [Thu May 21 04:15:35 2026] GET /v2.0/subnets/59d7b984-929d-4465-9397-fed81db55b19/tags => generated 34 bytes in 34 msecs (HTTP/1.1 200) 4 headers in 156 bytes (1 switches on core 0) [pid: 7|app: 0|req: 968/1855] 10.0.0.127 () {34 vars in 758 bytes} [Thu May 21 04:15:35 2026] PUT /v2.0/subnets/59d7b984-929d-4465-9397-fed81db55b19/tags/red => generated 4 bytes in 62 msecs (HTTP/1.1 201) 4 headers in 160 bytes (1 switches on core 0) [pid: 7|app: 0|req: 969/1856] 10.0.0.127 () {32 vars in 731 bytes} [Thu May 21 04:15:35 2026] GET /v2.0/subnets/59d7b984-929d-4465-9397-fed81db55b19/tags => generated 34 bytes in 40 msecs (HTTP/1.1 200) 4 headers in 156 bytes (1 switches on core 0) [pid: 7|app: 0|req: 970/1857] 10.0.0.127 () {34 vars in 780 bytes} [Thu May 21 04:15:35 2026] PUT /v2.0/subnets/59d7b984-929d-4465-9397-fed81db55b19/tags/black.or.white => generated 4 bytes in 97 msecs (HTTP/1.1 201) 4 headers in 160 bytes (1 switches on core 0) [pid: 7|app: 0|req: 971/1858] 10.0.0.127 () {32 vars in 731 bytes} [Thu May 21 04:15:35 2026] GET /v2.0/subnets/59d7b984-929d-4465-9397-fed81db55b19/tags => generated 52 bytes in 37 msecs (HTTP/1.1 200) 4 headers in 156 bytes (1 switches on core 0) [pid: 7|app: 0|req: 972/1859] 10.0.0.127 () {34 vars in 751 bytes} [Thu May 21 04:15:35 2026] PUT /v2.0/subnets/59d7b984-929d-4465-9397-fed81db55b19/tags => generated 37 bytes in 52 msecs (HTTP/1.1 200) 4 headers in 156 bytes (1 switches on core 0) [pid: 7|app: 0|req: 973/1860] 10.0.0.127 () {32 vars in 731 bytes} [Thu May 21 04:15:35 2026] GET /v2.0/subnets/59d7b984-929d-4465-9397-fed81db55b19/tags => generated 37 bytes in 58 msecs (HTTP/1.1 200) 4 headers in 156 bytes (1 switches on core 0)
2026-05-21 04:15:35.943 8 INFO neutron.plugins.ml2.drivers.ovn.mech_driver.mech_driver [None req-284afdba-accc-487f-b315-f8ef6d03c0c0 - - - - - -] OVN reports status down for port: f34577b7-2472-442b-8c0a-c68091f3fbad [pid: 7|app: 0|req: 974/1861] 10.0.0.127 () {32 vars in 739 bytes} [Thu May 21 04:15:35 2026] GET /v2.0/subnets/59d7b984-929d-4465-9397-fed81db55b19/tags/red => generated 0 bytes in 63 msecs (HTTP/1.1 204) 2 headers in 112 bytes (1 switches on core 0)
2026-05-21 04:15:36.033 7 INFO neutron.api.v2.resource [None req-396a4fed-0927-4e7a-acaf-a019b65b4049 7c4f4d6d8e274d63b8a03e1b8379c80a 9671fc6217a24d81abf402c86528b58e - - default default] show failed (client error): The resource could not be found. [pid: 7|app: 0|req: 975/1862] 10.0.0.127 () {32 vars in 743 bytes} [Thu May 21 04:15:35 2026] GET /v2.0/subnets/59d7b984-929d-4465-9397-fed81db55b19/tags/green => generated 99 bytes in 43 msecs (HTTP/1.1 404) 4 headers in 163 bytes (1 switches on core 0)
2026-05-21 04:15:36.050 8 WARNING neutron.plugins.ml2.drivers.ovn.mech_driver.ovsdb.ovn_client [None req-284afdba-accc-487f-b315-f8ef6d03c0c0 - - - - - -] Logical_Switch_Port %s host information not removed, the port state is up
2026-05-21 04:15:36.052 8 INFO neutron.plugins.ml2.drivers.ovn.mech_driver.mech_driver [None req-284afdba-accc-487f-b315-f8ef6d03c0c0 - - - - - -] OVN reports status up for port: f34577b7-2472-442b-8c0a-c68091f3fbad
2026-05-21 04:15:36.072 8 INFO neutron.plugins.ml2.plugin [None req-284afdba-accc-487f-b315-f8ef6d03c0c0 - - - - - -] Attempt 1 to provision port f34577b7-2472-442b-8c0a-c68091f3fbad [pid: 7|app: 0|req: 976/1863] 10.0.0.127 () {32 vars in 742 bytes} [Thu May 21 04:15:36 2026] DELETE /v2.0/subnets/59d7b984-929d-4465-9397-fed81db55b19/tags/red => generated 0 bytes in 67 msecs (HTTP/1.1 204) 2 headers in 112 bytes (1 switches on core 0) [pid: 7|app: 0|req: 977/1864] 10.0.0.127 () {32 vars in 731 bytes} [Thu May 21 04:15:36 2026] GET /v2.0/subnets/59d7b984-929d-4465-9397-fed81db55b19/tags => generated 30 bytes in 39 msecs (HTTP/1.1 200) 4 headers in 156 bytes (1 switches on core 0)
2026-05-21 04:15:36.213 7 INFO neutron.api.v2.resource [None req-47287844-ec94-4a45-b542-e773d0380833 7c4f4d6d8e274d63b8a03e1b8379c80a 9671fc6217a24d81abf402c86528b58e - - default default] delete failed (client error): The resource could not be found. [pid: 7|app: 0|req: 978/1865] 10.0.0.127 () {32 vars in 746 bytes} [Thu May 21 04:15:36 2026] DELETE /v2.0/subnets/59d7b984-929d-4465-9397-fed81db55b19/tags/green => generated 99 bytes in 59 msecs (HTTP/1.1 404) 4 headers in 163 bytes (1 switches on core 0)
2026-05-21 04:15:36.219 8 INFO neutron.db.ovn_revision_numbers_db [None req-c9292efd-d6fa-495d-96fa-dc261198a5e8 - - - - - -] Successfully bumped revision number for resource 71b3ce1a-55d5-4c0f-afb6-59f223c239e3 (type: ports) to 2 [pid: 7|app: 0|req: 979/1866] 10.0.0.127 () {32 vars in 734 bytes} [Thu May 21 04:15:36 2026] DELETE /v2.0/subnets/59d7b984-929d-4465-9397-fed81db55b19/tags => generated 0 bytes in 61 msecs (HTTP/1.1 204) 2 headers in 112 bytes (1 switches on core 0)
