May 21 01:04:22.177539 np0000175583 devstack@neutron-api.service[103225]: DEBUG ovsdbapp.backend.ovs_idl.event [None req-9aa9848c-ea33-4fca-b6da-e19cd8ababdf None None] Matched UPDATE: LogicalSwitchPortUpdateUpEvent(events=('update',), table='Logical_Switch_Port', conditions=None, old_conditions=None), priority=20 to row=Logical_Switch_Port(uuid=ce7dcec7-76b0-46cc-9609-65ab6a374da9, addresses=['fa:16:3e:4f:d2:ed 10.2.5.193', 'unknown'], dhcpv4_options=3d621ef5-b9ad-442f-9ecd-285c8ab2484f, dhcpv6_options=[], dynamic_addresses=[], enabled=True, external_ids={'neutron:cidrs': '10.2.5.193/24', 'neutron:device_id': 'manila-admin-share', 'neutron:device_owner': 'manila:share', 'neutron:mtu': '', 'neutron:network_name': 'neutron-7550b71a-251f-4964-9eb4-05119f2ed71a', 'neutron:port_capabilities': '', 'neutron:port_name': '', 'neutron:project_id': '3575d233c76a41f689ae560d77b7666d', 'neutron:revision_number': '3', 'neutron:security_group_ids': '', 'neutron:subnet_pool_addr_scope4': '', 'neutron:subnet_pool_addr_scope6': '', 'neutron:vnic_type': 'normal'}, ha_chassis_group=[], mirror_rules=[], name='2b44a21b-c8b9-4c00-a3e8-f274f04c01d2', options={'requested-chassis': 'np0000175583'}, parent_name=[], port_security=[], tag=[], tag_request=[], type='', up=True) old=Logical_Switch_Port(uuid=ce7dcec7-76b0-46cc-9609-65ab6a374da9, up=False) {{(pid=103225) matches /opt/stack/data/venv/lib/python3.12/site-packages/ovsdbapp/backend/ovs_idl/event.py:55}}
May 21 01:04:22.180797 np0000175583 devstack@neutron-api.service[103225]: INFO neutron.plugins.ml2.drivers.ovn.mech_driver.mech_driver [None req-7f2cc4a4-d9ac-4820-bf2e-dc286045e263 None None] OVN reports status up for port: 2b44a21b-c8b9-4c00-a3e8-f274f04c01d2
May 21 01:04:22.188765 np0000175583 devstack@neutron-api.service[103225]: DEBUG neutron.db.provisioning_blocks [None req-7f2cc4a4-d9ac-4820-bf2e-dc286045e263 None None] Provisioning for port 2b44a21b-c8b9-4c00-a3e8-f274f04c01d2 completed by entity L2. {{(pid=103225) provisioning_complete /opt/stack/neutron/neutron/db/provisioning_blocks.py:133}}
May 21 01:04:22.199318 np0000175583 devstack@neutron-api.service[103225]: DEBUG neutron.db.provisioning_blocks [None req-7f2cc4a4-d9ac-4820-bf2e-dc286045e263 None None] Provisioning complete for port 2b44a21b-c8b9-4c00-a3e8-f274f04c01d2 triggered by entity L2. {{(pid=103225) provisioning_complete /opt/stack/neutron/neutron/db/provisioning_blocks.py:141}}
May 21 01:04:22.199513 np0000175583 devstack@neutron-api.service[103225]: DEBUG neutron_lib.callbacks.manager [None req-7f2cc4a4-d9ac-4820-bf2e-dc286045e263 None None] Publish callbacks ['neutron.plugins.ml2.plugin.Ml2Plugin._port_provisioned-1779417'] for port (2b44a21b-c8b9-4c00-a3e8-f274f04c01d2), provisioning_complete {{(pid=103225) _notify_loop /opt/stack/data/venv/lib/python3.12/site-packages/neutron_lib/callbacks/manager.py:184}}
May 21 01:04:22.199684 np0000175583 devstack@neutron-api.service[103225]: INFO neutron.plugins.ml2.plugin [None req-7f2cc4a4-d9ac-4820-bf2e-dc286045e263 None None] Attempt 1 to provision port 2b44a21b-c8b9-4c00-a3e8-f274f04c01d2
May 21 01:04:22.245307 np0000175583 devstack@neutron-api.service[103225]: DEBUG neutron.plugins.ml2.plugin [None req-7f2cc4a4-d9ac-4820-bf2e-dc286045e263 None None] Current status of the port 2b44a21b-c8b9-4c00-a3e8-f274f04c01d2 is: DOWN; New status is: ACTIVE {{(pid=103225) _update_individual_port_db_status /opt/stack/neutron/neutron/plugins/ml2/plugin.py:2466}}
May 21 01:04:22.245483 np0000175583 devstack@neutron-api.service[103225]: DEBUG neutron_lib.callbacks.manager [None req-7f2cc4a4-d9ac-4820-bf2e-dc286045e263 None None] Publish callbacks ['neutron.plugins.ml2.plugin.SecurityGroupDbMixin._ensure_default_security_group_handler-2088591', 'neutron.services.ovn_l3.plugin.OVNL3RouterPlugin._port_update-8518848037588', 'neutron.db.l3_db.L3_NAT_dbonly_mixin._prevent_internal_ip_change_for_fip-8518849818504'] for port (2b44a21b-c8b9-4c00-a3e8-f274f04c01d2), before_update {{(pid=103225) _notify_loop /opt/stack/data/venv/lib/python3.12/site-packages/neutron_lib/callbacks/manager.py:184}}
May 21 01:04:22.270350 np0000175583 devstack@neutron-api.service[103225]: DEBUG neutron.plugins.ml2.db [None req-7f2cc4a4-d9ac-4820-bf2e-dc286045e263 None None] For port 2b44a21b-c8b9-4c00-a3e8-f274f04c01d2, host np0000175583, got binding levels [PortBindingLevel(driver='ovn',host='np0000175583',level=0,port_id=2b44a21b-c8b9-4c00-a3e8-f274f04c01d2,segment=NetworkSegment(9956c04d-bbab-4318-848b-aa6256322f89),segment_id=9956c04d-bbab-4318-848b-aa6256322f89)] {{(pid=103225) get_binding_level_objs /opt/stack/neutron/neutron/plugins/ml2/db.py:74}}
May 21 01:04:22.271014 np0000175583 devstack@neutron-api.service[103225]: DEBUG neutron.plugins.ml2.drivers.ovn.mech_driver.mech_driver [None req-7f2cc4a4-d9ac-4820-bf2e-dc286045e263 None None] No provisioning block for port 2b44a21b-c8b9-4c00-a3e8-f274f04c01d2 since it is active {{(pid=103225) _is_port_provisioning_required /opt/stack/neutron/neutron/plugins/ml2/drivers/ovn/mech_driver/mech_driver.py:889}}
May 21 01:04:22.343082 np0000175583 devstack@neutron-api.service[103225]: DEBUG ovsdbapp.backend.ovs_idl.transaction [None req-9aa9848c-ea33-4fca-b6da-e19cd8ababdf None None] Running txn n=1 command(idx=0): CheckRevisionNumberCommand(_result=None, name=2b44a21b-c8b9-4c00-a3e8-f274f04c01d2, resource={'id': '2b44a21b-c8b9-4c00-a3e8-f274f04c01d2', 'name': '', 'network_id': '7550b71a-251f-4964-9eb4-05119f2ed71a', 'project_id': '3575d233c76a41f689ae560d77b7666d', 'mac_address': 'fa:16:3e:4f:d2:ed', 'admin_state_up': True, 'status': 'ACTIVE', 'device_id': 'manila-admin-share', 'device_owner': 'manila:share', 'standard_attr_id': 46, 'fixed_ips': [{'subnet_id': 'f1a89a2e-ce28-46fa-9eac-a9ee635541e8', 'ip_address': '10.2.5.193'}], 'allowed_address_pairs': [], 'extra_dhcp_opts': [], 'security_groups': [], 'description': '', 'binding:vnic_type': 'normal', 'binding:profile': {}, 'binding:host_id': 'np0000175583', 'binding:vif_type': 'ovs', 'binding:vif_details': {'port_filter': True, 'connectivity': 'l2', 'ovs_create_tap': False, 'bridge_name': 'br-int', 'datapath_type': 'system', 'bound_drivers': {'0': 'ovn'}}, 'port_security_enabled': False, 'tags': [], 'created_at': '2026-05-21T01:04:21Z', 'updated_at': '2026-05-21T01:04:22Z', 'revision_number': 4, 'tenant_id': '3575d233c76a41f689ae560d77b7666d', 'network': {'id': '7550b71a-251f-4964-9eb4-05119f2ed71a', 'name': 'admin_net', 'tenant_id': '3575d233c76a41f689ae560d77b7666d', 'project_id': '3575d233c76a41f689ae560d77b7666d', 'admin_state_up': True, 'mtu': 1372, 'status': 'ACTIVE', 'subnets': ['f1a89a2e-ce28-46fa-9eac-a9ee635541e8'], 'standard_attr_id': 42, 'shared': False, 'availability_zone_hints': [], 'availability_zones': [], 'ipv4_address_scope': None, 'ipv6_address_scope': None, 'router:external': False, 'qinq': False, 'vlan_transparent': False, 'description': '', 'port_security_enabled': True, 'tags': [], 'created_at': '2026-05-21T01:04:14Z', 'updated_at': '2026-05-21T01:04:15Z', 'revision_number': 2, 'provider:network_type': 'geneve', 'provider:physical_network': None, 'provider:segmentation_id': 60859}}, resource_type=ports, if_exists=True) {{(pid=103225) do_commit /opt/stack/data/venv/lib/python3.12/site-packages/ovsdbapp/backend/ovs_idl/transaction.py:89}}
May 21 01:04:22.343082 np0000175583 devstack@neutron-api.service[103225]: DEBUG ovsdbapp.backend.ovs_idl.transaction [None req-9aa9848c-ea33-4fca-b6da-e19cd8ababdf None None] Running txn n=1 command(idx=1): SetLSwitchPortCommand(_result=None, lport=2b44a21b-c8b9-4c00-a3e8-f274f04c01d2, external_ids_update=None, columns={'external_ids': {'neutron:port_name': '', 'neutron:device_id': 'manila-admin-share', 'neutron:project_id': '3575d233c76a41f689ae560d77b7666d', 'neutron:cidrs': '10.2.5.193/24', 'neutron:device_owner': 'manila:share', 'neutron:subnet_pool_addr_scope4': '', 'neutron:subnet_pool_addr_scope6': '', 'neutron:network_name': 'neutron-7550b71a-251f-4964-9eb4-05119f2ed71a', 'neutron:security_group_ids': '', 'neutron:revision_number': '4', 'neutron:vnic_type': 'normal', 'neutron:port_capabilities': '', 'neutron:mtu': ''}, 'parent_name': [], 'tag': [], 'options': {'requested-chassis': 'np0000175583'}, 'enabled': True, 'port_security': [], 'dhcpv4_options': [UUID('3d621ef5-b9ad-442f-9ecd-285c8ab2484f')], 'dhcpv6_options': [], 'type': '', 'addresses': ['fa:16:3e:4f:d2:ed 10.2.5.193', 'unknown'], 'ha_chassis_group': []}, if_exists=False) {{(pid=103225) do_commit /opt/stack/data/venv/lib/python3.12/site-packages/ovsdbapp/backend/ovs_idl/transaction.py:89}}
May 21 01:04:22.343676 np0000175583 devstack@neutron-api.service[103225]: DEBUG ovsdbapp.backend.ovs_idl.transaction [None req-9aa9848c-ea33-4fca-b6da-e19cd8ababdf None None] Running txn n=1 command(idx=2): PgDelPortCommand(_result=None, port_group=neutron_pg_drop, lsp=['2b44a21b-c8b9-4c00-a3e8-f274f04c01d2'], if_exists=False) {{(pid=103225) do_commit /opt/stack/data/venv/lib/python3.12/site-packages/ovsdbapp/backend/ovs_idl/transaction.py:89}}
May 21 01:04:22.354338 np0000175583 devstack@neutron-api.service[103224]: DEBUG neutron.plugins.ml2.drivers.ovn.mech_driver.ovsdb.ovsdb_monitor [None req-802aad51-081c-4080-8303-e9158add0456 None None] Touching Hash Ring node "3ed6f038b7e1521b8e0b9cf800d56182" from IDL notify handler {{(pid=103224) notify /opt/stack/neutron/neutron/plugins/ml2/drivers/ovn/mech_driver/ovsdb/ovsdb_monitor.py:978}}
May 21 01:04:22.354682 np0000175583 devstack@neutron-api.service[103225]: DEBUG neutron.plugins.ml2.drivers.ovn.mech_driver.ovsdb.ovsdb_monitor [None req-9aa9848c-ea33-4fca-b6da-e19cd8ababdf None None] Touching Hash Ring node "352fff0285f15fef9cb99aac13be0557" from IDL notify handler {{(pid=103225) notify /opt/stack/neutron/neutron/plugins/ml2/drivers/ovn/mech_driver/ovsdb/ovsdb_monitor.py:978}}
May 21 01:04:22.355864 np0000175583 devstack@neutron-api.service[103224]: DEBUG neutron.plugins.ml2.drivers.ovn.mech_driver.ovsdb.ovsdb_monitor [None req-802aad51-081c-4080-8303-e9158add0456 None None] Hash Ring: Node 3ed6f038b7e1521b8e0b9cf800d56182 (host: np0000175583) handling event "update" for row 29b41ffb-9418-41ad-8b8f-de4b564e22e5 (table: Port_Binding) {{(pid=103224) notify /opt/stack/neutron/neutron/plugins/ml2/drivers/ovn/mech_driver/ovsdb/ovsdb_monitor.py:986}}
May 21 01:04:22.356712 np0000175583 devstack@neutron-api.service[103225]: DEBUG neutron.plugins.ml2.drivers.ovn.mech_driver.ovsdb.ovsdb_monitor [None req-9aa9848c-ea33-4fca-b6da-e19cd8ababdf None None] Hash Ring: Node 352fff0285f15fef9cb99aac13be0557 (host: np0000175583) handling event "update" for row ce7dcec7-76b0-46cc-9609-65ab6a374da9 (table: Logical_Switch_Port) {{(pid=103225) notify /opt/stack/neutron/neutron/plugins/ml2/drivers/ovn/mech_driver/ovsdb/ovsdb_monitor.py:986}}
May 21 01:04:22.384598 np0000175583 devstack@neutron-api.service[103225]: INFO neutron.db.ovn_revision_numbers_db [None req-7f2cc4a4-d9ac-4820-bf2e-dc286045e263 None None] Successfully bumped revision number for resource 2b44a21b-c8b9-4c00-a3e8-f274f04c01d2 (type: ports) to 4
May 21 01:04:22.388098 np0000175583 devstack@neutron-api.service[103225]: DEBUG neutron_lib.callbacks.manager [None req-7f2cc4a4-d9ac-4820-bf2e-dc286045e263 None None] Publish callbacks ['neutron.plugins.ml2.ovo_rpc._ObjectChangeHandler.handle_event-32490037', 'neutron.services.ovn_l3.plugin.OVNL3RouterPlugin._port_update-8518848037588'] for port (2b44a21b-c8b9-4c00-a3e8-f274f04c01d2), after_update {{(pid=103225) _notify_loop /opt/stack/data/venv/lib/python3.12/site-packages/neutron_lib/callbacks/manager.py:184}}
May 21 01:04:22.412205 np0000175583 devstack@neutron-api.service[103225]: DEBUG neutron.api.rpc.handlers.resources_rpc [None req-b91bf604-3a86-4f3c-bf00-3f8f876bd55e None None] Pushing event updated for resources: {'Port': ['ID=2b44a21b-c8b9-4c00-a3e8-f274f04c01d2,revision_number=4']} {{(pid=103225) push /opt/stack/neutron/neutron/api/rpc/handlers/resources_rpc.py:237}}
May 21 01:04:22.435372 np0000175583 devstack@neutron-api.service[103225]: DEBUG ovsdbapp.backend.ovs_idl.transaction [None req-9aa9848c-ea33-4fca-b6da-e19cd8ababdf None None] Running txn n=1 command(idx=0): DbSetCommand(_result=None, table=Logical_Switch_Port, record=2b44a21b-c8b9-4c00-a3e8-f274f04c01d2, col_values=(('external_ids', {'neutron:host_id': 'np0000175583'}),), if_exists=True) {{(pid=103225) do_commit /opt/stack/data/venv/lib/python3.12/site-packages/ovsdbapp/backend/ovs_idl/transaction.py:89}}
May 21 01:04:22.442425 np0000175583 devstack@neutron-api.service[103225]: DEBUG neutron.plugins.ml2.drivers.ovn.mech_driver.ovsdb.ovsdb_monitor [None req-9aa9848c-ea33-4fca-b6da-e19cd8ababdf None None] Touching Hash Ring node "352fff0285f15fef9cb99aac13be0557" from IDL notify handler {{(pid=103225) notify /opt/stack/neutron/neutron/plugins/ml2/drivers/ovn/mech_driver/ovsdb/ovsdb_monitor.py:978}}
May 21 01:04:22.443885 np0000175583 devstack@neutron-api.service[103224]: DEBUG neutron.plugins.ml2.drivers.ovn.mech_driver.ovsdb.ovsdb_monitor [None req-802aad51-081c-4080-8303-e9158add0456 None None] Touching Hash Ring node "3ed6f038b7e1521b8e0b9cf800d56182" from IDL notify handler {{(pid=103224) notify /opt/stack/neutron/neutron/plugins/ml2/drivers/ovn/mech_driver/ovsdb/ovsdb_monitor.py:978}}
May 21 01:04:22.445814 np0000175583 devstack@neutron-api.service[103225]: DEBUG neutron.plugins.ml2.drivers.ovn.mech_driver.ovsdb.ovsdb_monitor [None req-9aa9848c-ea33-4fca-b6da-e19cd8ababdf None None] Hash Ring: Node 352fff0285f15fef9cb99aac13be0557 (host: np0000175583) handling event "update" for row ce7dcec7-76b0-46cc-9609-65ab6a374da9 (table: Logical_Switch_Port) {{(pid=103225) notify /opt/stack/neutron/neutron/plugins/ml2/drivers/ovn/mech_driver/ovsdb/ovsdb_monitor.py:986}}
May 21 01:04:22.446202 np0000175583 devstack@neutron-api.service[103224]: DEBUG neutron.plugins.ml2.drivers.ovn.mech_driver.ovsdb.ovsdb_monitor [None req-802aad51-081c-4080-8303-e9158add0456 None None] Hash Ring: Node 3ed6f038b7e1521b8e0b9cf800d56182 (host: np0000175583) handling event "update" for row 29b41ffb-9418-41ad-8b8f-de4b564e22e5 (table: Port_Binding) {{(pid=103224) notify /opt/stack/neutron/neutron/plugins/ml2/drivers/ovn/mech_driver/ovsdb/ovsdb_monitor.py:986}}
May 21 01:04:22.468058 np0000175583 devstack@neutron-api.service[103226]: DEBUG neutron.plugins.ml2.drivers.ovn.mech_driver.ovsdb.ovsdb_monitor [None req-a28feb59-73ce-45bd-90c5-3e9704275aec None None] ChassisOVNAgentWriteEvent : Matched Chassis_Private, update, None None {{(pid=103226) matches /opt/stack/neutron/neutron/plugins/ml2/drivers/ovn/mech_driver/ovsdb/ovsdb_monitor.py:64}}
May 21 01:04:22.468562 np0000175583 devstack@neutron-api.service[103225]: DEBUG neutron.plugins.ml2.drivers.ovn.mech_driver.ovsdb.ovsdb_monitor [None req-e9f07259-0191-4024-9409-d6016abce692 None None] ChassisOVNAgentWriteEvent : Matched Chassis_Private, update, None None {{(pid=103225) matches /opt/stack/neutron/neutron/plugins/ml2/drivers/ovn/mech_driver/ovsdb/ovsdb_monitor.py:64}}
May 21 01:04:22.469127 np0000175583 devstack@neutron-api.service[103223]: DEBUG neutron.plugins.ml2.drivers.ovn.mech_driver.ovsdb.ovsdb_monitor [None req-b27779f2-09a0-430b-b832-226a13115e87 None None] ChassisOVNAgentWriteEvent : Matched Chassis_Private, update, None None {{(pid=103223) matches /opt/stack/neutron/neutron/plugins/ml2/drivers/ovn/mech_driver/ovsdb/ovsdb_monitor.py:64}}
May 21 01:04:22.469644 np0000175583 devstack@neutron-api.service[103226]: DEBUG neutron.plugins.ml2.drivers.ovn.mech_driver.ovsdb.ovsdb_monitor [None req-a28feb59-73ce-45bd-90c5-3e9704275aec None None] Touching Hash Ring node "e7284dfc1856516381bfab93395bccc1" from IDL notify handler {{(pid=103226) notify /opt/stack/neutron/neutron/plugins/ml2/drivers/ovn/mech_driver/ovsdb/ovsdb_monitor.py:978}}
May 21 01:04:22.470045 np0000175583 devstack@neutron-api.service[103224]: DEBUG neutron.plugins.ml2.drivers.ovn.mech_driver.ovsdb.ovsdb_monitor [None req-802aad51-081c-4080-8303-e9158add0456 None None] ChassisOVNAgentWriteEvent : Matched Chassis_Private, update, None None {{(pid=103224) matches /opt/stack/neutron/neutron/plugins/ml2/drivers/ovn/mech_driver/ovsdb/ovsdb_monitor.py:64}}
May 21 01:04:22.472693 np0000175583 devstack@neutron-api.service[103226]: DEBUG neutron.plugins.ml2.drivers.ovn.mech_driver.ovsdb.ovsdb_monitor [None req-a28feb59-73ce-45bd-90c5-3e9704275aec None None] Hash Ring: Node e7284dfc1856516381bfab93395bccc1 (host: np0000175583) handling event "update" for row 5abca860-28bd-4ac3-b83e-6c718bfc38b7 (table: Chassis_Private) {{(pid=103226) notify /opt/stack/neutron/neutron/plugins/ml2/drivers/ovn/mech_driver/ovsdb/ovsdb_monitor.py:986}}
May 21 01:04:22.951524 np0000175583 devstack@neutron-api.service[103226]: DEBUG neutron.pecan_wsgi.hooks.policy_enforcement [None req-d27a3f1a-6adc-4b4a-bc6b-901034e7e0ce service neutron] Attributes excluded by policy engine: ['standard_attr_id', 'shared'] {{(pid=103226) _exclude_attributes_by_policy /opt/stack/neutron/neutron/pecan_wsgi/hooks/policy_enforcement.py:256}}
May 21 01:04:22.952459 np0000175583 devstack@neutron-api.service[103226]: [pid: 103226|app: 0|req: 26/105] 199.204.45.95 () {64 vars in 1360 bytes} [Thu May 21 01:04:22 2026] GET /networking/v2.0/subnets/f1a89a2e-ce28-46fa-9eac-a9ee635541e8 => generated 625 bytes in 24 msecs (HTTP/1.1 200) 4 headers in 157 bytes (1 switches on core 0)
May 21 01:04:23.860047 np0000175583 devstack@neutron-api.service[103224]: DEBUG neutron.pecan_wsgi.hooks.policy_enforcement [None req-78b8492f-f4b6-4f55-90cb-afa430d56d5b service neutron] Attributes excluded by policy engine: ['standard_attr_id'] {{(pid=103224) _exclude_attributes_by_policy /opt/stack/neutron/neutron/pecan_wsgi/hooks/policy_enforcement.py:256}}
May 21 01:04:23.861043 np0000175583 devstack@neutron-api.service[103224]: [pid: 103224|app: 0|req: 28/106] 199.204.45.95 () {64 vars in 1362 bytes} [Thu May 21 01:04:23 2026] GET /networking/v2.0/ports?device_id=manila-admin-share&binding%3Ahost_id=np0000175583 => generated 932 bytes in 44 msecs (HTTP/1.1 200) 4 headers in 157 bytes (1 switches on core 0)
May 21 01:04:24.331757 np0000175583 devstack@neutron-api.service[103225]: DEBUG neutron.pecan_wsgi.hooks.policy_enforcement [None req-a8f047e5-5323-4317-a43e-b6b4b353ad59 service neutron] Attributes excluded by policy engine: ['standard_attr_id', 'shared'] {{(pid=103225) _exclude_attributes_by_policy /opt/stack/neutron/neutron/pecan_wsgi/hooks/policy_enforcement.py:256}}
May 21 01:04:24.332567 np0000175583 devstack@neutron-api.service[103225]: [pid: 103225|app: 0|req: 27/107] 199.204.45.95 () {64 vars in 1360 bytes} [Thu May 21 01:04:24 2026] GET /networking/v2.0/subnets/f1a89a2e-ce28-46fa-9eac-a9ee635541e8 => generated 625 bytes in 19 msecs (HTTP/1.1 200) 4 headers in 157 bytes (1 switches on core 0)
May 21 01:04:31.741022 np0000175583 devstack@neutron-api.service[103223]: DEBUG dbcounter [-] [103223] Writing DB stats neutron:UPDATE=12,neutron:SELECT=208,neutron:INSERT=12,neutron:DELETE=2 {{(pid=103223) stat_writer /opt/stack/data/venv/lib/python3.12/site-packages/dbcounter.py:115}}
May 21 01:04:32.947175 np0000175583 devstack@neutron-api.service[103226]: DEBUG dbcounter [-] [103226] Writing DB stats neutron:UPDATE=19,neutron:SELECT=199,neutron:INSERT=29,neutron:DELETE=2 {{(pid=103226) stat_writer /opt/stack/data/venv/lib/python3.12/site-packages/dbcounter.py:115}}
May 21 01:04:33.568170 np0000175583 devstack@neutron-api.service[103224]: DEBUG futurist.periodics [-] Submitting periodic callback 'neutron.plugins.ml2.drivers.ovn.mech_driver.ovsdb.maintenance.HashRingHealthCheckPeriodics.touch_hash_ring_node' {{(pid=103224) _process_scheduled /opt/stack/data/venv/lib/python3.12/site-packages/futurist/periodics.py:784}}
May 21 01:04:33.568911 np0000175583 devstack@neutron-api.service[103224]: DEBUG neutron.plugins.ml2.drivers.ovn.mech_driver.ovsdb.maintenance [-] Touching Hash Ring node "3ed6f038b7e1521b8e0b9cf800d56182" from periodic health check thread {{(pid=103224) touch_hash_ring_node /opt/stack/neutron/neutron/plugins/ml2/drivers/ovn/mech_driver/ovsdb/maintenance.py:1466}}
May 21 01:04:34.328298 np0000175583 devstack@neutron-api.service[103225]: DEBUG dbcounter [-] [103225] Writing DB stats neutron:UPDATE=16,neutron:SELECT=383,neutron:INSERT=11,neutron:DELETE=3 {{(pid=103225) stat_writer /opt/stack/data/venv/lib/python3.12/site-packages/dbcounter.py:115}}
May 21 01:04:34.466267 np0000175583 devstack@neutron-api.service[103225]: DEBUG futurist.periodics [-] Submitting periodic callback 'neutron.plugins.ml2.drivers.ovn.mech_driver.ovsdb.maintenance.HashRingHealthCheckPeriodics.touch_hash_ring_node' {{(pid=103225) _process_scheduled /opt/stack/data/venv/lib/python3.12/site-packages/futurist/periodics.py:784}}
May 21 01:04:34.466858 np0000175583 devstack@neutron-api.service[103225]: DEBUG neutron.plugins.ml2.drivers.ovn.mech_driver.ovsdb.maintenance [-] Touching Hash Ring node "352fff0285f15fef9cb99aac13be0557" from periodic health check thread {{(pid=103225) touch_hash_ring_node /opt/stack/neutron/neutron/plugins/ml2/drivers/ovn/mech_driver/ovsdb/maintenance.py:1466}}
May 21 01:04:34.491366 np0000175583 devstack@neutron-api.service[103223]: DEBUG futurist.periodics [-] Submitting periodic callback 'neutron.plugins.ml2.drivers.ovn.mech_driver.ovsdb.maintenance.HashRingHealthCheckPeriodics.touch_hash_ring_node' {{(pid=103223) _process_scheduled /opt/stack/data/venv/lib/python3.12/site-packages/futurist/periodics.py:784}}
May 21 01:04:34.492146 np0000175583 devstack@neutron-api.service[103223]: DEBUG neutron.plugins.ml2.drivers.ovn.mech_driver.ovsdb.maintenance [-] Touching Hash Ring node "e5b0844998345639a4af97a903432e31" from periodic health check thread {{(pid=103223) touch_hash_ring_node /opt/stack/neutron/neutron/plugins/ml2/drivers/ovn/mech_driver/ovsdb/maintenance.py:1466}}
May 21 01:04:34.595030 np0000175583 devstack@neutron-api.service[103226]: DEBUG futurist.periodics [-] Submitting periodic callback 'neutron.plugins.ml2.drivers.ovn.mech_driver.ovsdb.maintenance.HashRingHealthCheckPeriodics.touch_hash_ring_node' {{(pid=103226) _process_scheduled /opt/stack/data/venv/lib/python3.12/site-packages/futurist/periodics.py:784}}
May 21 01:04:34.595534 np0000175583 devstack@neutron-api.service[103226]: DEBUG neutron.plugins.ml2.drivers.ovn.mech_driver.ovsdb.maintenance [-] Touching Hash Ring node "e7284dfc1856516381bfab93395bccc1" from periodic health check thread {{(pid=103226) touch_hash_ring_node /opt/stack/neutron/neutron/plugins/ml2/drivers/ovn/mech_driver/ovsdb/maintenance.py:1466}}
May 21 01:04:36.946289 np0000175583 devstack@neutron-api.service[103223]: [pid: 103223|app: 0|req: 27/108] 199.204.45.95 () {62 vars in 1052 bytes} [Thu May 21 01:04:36 2026] GET /networking => generated 129 bytes in 3 msecs (HTTP/1.1 200) 3 headers in 91 bytes (1 switches on core 0)
May 21 01:04:37.045185 np0000175583 devstack@neutron-api.service[103226]: DEBUG neutron.pecan_wsgi.hooks.policy_enforcement [None req-9ea60cd7-2fb0-4a8b-81b4-da283351fa2d demo demo] Attributes excluded by policy engine: ['standard_attr_id', 'provider:network_type', 'provider:physical_network', 'provider:segmentation_id'] {{(pid=103226) _exclude_attributes_by_policy /opt/stack/neutron/neutron/pecan_wsgi/hooks/policy_enforcement.py:256}}
May 21 01:04:37.045847 np0000175583 devstack@neutron-api.service[103226]: [pid: 103226|app: 0|req: 27/109] 199.204.45.95 () {64 vars in 1341 bytes} [Thu May 21 01:04:36 2026] GET /networking/v2.0/networks?router%3Aexternal=True => generated 659 bytes in 57 msecs (HTTP/1.1 200) 4 headers in 157 bytes (1 switches on core 0)
May 21 01:04:42.142096 np0000175583 devstack@neutron-api.service[103224]: [pid: 103224|app: 0|req: 29/110] 199.204.45.95 () {62 vars in 1052 bytes} [Thu May 21 01:04:42 2026] GET /networking => generated 129 bytes in 2 msecs (HTTP/1.1 200) 3 headers in 91 bytes (1 switches on core 0)
May 21 01:04:42.237557 np0000175583 devstack@neutron-api.service[103225]: DEBUG neutron.pecan_wsgi.hooks.policy_enforcement [None req-db7221dd-d2c7-4baf-b3cb-08d41c398885 demo demo] Attributes excluded by policy engine: ['standard_attr_id', 'provider:network_type', 'provider:physical_network', 'provider:segmentation_id'] {{(pid=103225) _exclude_attributes_by_policy /opt/stack/neutron/neutron/pecan_wsgi/hooks/policy_enforcement.py:256}}
May 21 01:04:42.237557 np0000175583 devstack@neutron-api.service[103225]: [pid: 103225|app: 0|req: 28/111] 199.204.45.95 () {64 vars in 1341 bytes} [Thu May 21 01:04:42 2026] GET /networking/v2.0/networks?router%3Aexternal=True => generated 659 bytes in 53 msecs (HTTP/1.1 200) 4 headers in 157 bytes (1 switches on core 0)
May 21 01:04:43.580819 np0000175583 devstack@neutron-api.service[103224]: DEBUG dbcounter [-] [103224] Writing DB stats neutron:SELECT=27,neutron:UPDATE=8 {{(pid=103224) stat_writer /opt/stack/data/venv/lib/python3.12/site-packages/dbcounter.py:115}}
May 21 01:04:44.503750 np0000175583 devstack@neutron-api.service[103223]: DEBUG dbcounter [-] [103223] Writing DB stats neutron:UPDATE=1,neutron:SELECT=1 {{(pid=103223) stat_writer /opt/stack/data/venv/lib/python3.12/site-packages/dbcounter.py:115}}
May 21 01:04:47.041454 np0000175583 devstack@neutron-api.service[103226]: DEBUG dbcounter [-] [103226] Writing DB stats neutron:UPDATE=1,neutron:SELECT=18 {{(pid=103226) stat_writer /opt/stack/data/venv/lib/python3.12/site-packages/dbcounter.py:115}}
May 21 01:04:48.568989 np0000175583 devstack@neutron-api.service[103224]: DEBUG futurist.periodics [-] Submitting periodic callback 'neutron.plugins.ml2.drivers.ovn.mech_driver.ovsdb.maintenance.HashRingHealthCheckPeriodics.touch_hash_ring_node' {{(pid=103224) _process_scheduled /opt/stack/data/venv/lib/python3.12/site-packages/futurist/periodics.py:784}}
May 21 01:04:48.569841 np0000175583 devstack@neutron-api.service[103224]: DEBUG neutron.plugins.ml2.drivers.ovn.mech_driver.ovsdb.maintenance [-] Touching Hash Ring node "3ed6f038b7e1521b8e0b9cf800d56182" from periodic health check thread {{(pid=103224) touch_hash_ring_node /opt/stack/neutron/neutron/plugins/ml2/drivers/ovn/mech_driver/ovsdb/maintenance.py:1466}}
May 21 01:04:49.467121 np0000175583 devstack@neutron-api.service[103225]: DEBUG futurist.periodics [-] Submitting periodic callback 'neutron.plugins.ml2.drivers.ovn.mech_driver.ovsdb.maintenance.HashRingHealthCheckPeriodics.touch_hash_ring_node' {{(pid=103225) _process_scheduled /opt/stack/data/venv/lib/python3.12/site-packages/futurist/periodics.py:784}}
May 21 01:04:49.467816 np0000175583 devstack@neutron-api.service[103225]: DEBUG neutron.plugins.ml2.drivers.ovn.mech_driver.ovsdb.maintenance [-] Touching Hash Ring node "352fff0285f15fef9cb99aac13be0557" from periodic health check thread {{(pid=103225) touch_hash_ring_node /opt/stack/neutron/neutron/plugins/ml2/drivers/ovn/mech_driver/ovsdb/maintenance.py:1466}}
May 21 01:04:49.492268 np0000175583 devstack@neutron-api.service[103223]: DEBUG futurist.periodics [-] Submitting periodic callback 'neutron.plugins.ml2.drivers.ovn.mech_driver.ovsdb.maintenance.HashRingHealthCheckPeriodics.touch_hash_ring_node' {{(pid=103223) _process_scheduled /opt/stack/data/venv/lib/python3.12/site-packages/futurist/periodics.py:784}}
May 21 01:04:49.492876 np0000175583 devstack@neutron-api.service[103223]: DEBUG neutron.plugins.ml2.drivers.ovn.mech_driver.ovsdb.maintenance [-] Touching Hash Ring node "e5b0844998345639a4af97a903432e31" from periodic health check thread {{(pid=103223) touch_hash_ring_node /opt/stack/neutron/neutron/plugins/ml2/drivers/ovn/mech_driver/ovsdb/maintenance.py:1466}}
May 21 01:04:49.595940 np0000175583 devstack@neutron-api.service[103226]: DEBUG futurist.periodics [-] Submitting periodic callback 'neutron.plugins.ml2.drivers.ovn.mech_driver.ovsdb.maintenance.HashRingHealthCheckPeriodics.touch_hash_ring_node' {{(pid=103226) _process_scheduled /opt/stack/data/venv/lib/python3.12/site-packages/futurist/periodics.py:784}}
May 21 01:04:49.596686 np0000175583 devstack@neutron-api.service[103226]: DEBUG neutron.plugins.ml2.drivers.ovn.mech_driver.ovsdb.maintenance [-] Touching Hash Ring node "e7284dfc1856516381bfab93395bccc1" from periodic health check thread {{(pid=103226) touch_hash_ring_node /opt/stack/neutron/neutron/plugins/ml2/drivers/ovn/mech_driver/ovsdb/maintenance.py:1466}}