2026-05-21 06:29:21.146 7 INFO placement.requestlog [None req-353b6635-e5b3-433b-aad1-3197ebe03e3e - - - - - -] 10.0.0.113 "GET /" status: 200 len: 136 microversion: 1.0
2026-05-21 06:29:21.146 8 INFO placement.requestlog [None req-e35bd9ba-5762-410d-91b1-c6b42bf17364 - - - - - -] 10.0.0.113 "GET /" status: 200 len: 136 microversion: 1.0
2026-05-21 06:29:31.146 8 INFO placement.requestlog [None req-69ac0a6a-d4e9-412d-a879-e8ba45e359bf - - - - - -] 10.0.0.113 "GET /" status: 200 len: 136 microversion: 1.0
2026-05-21 06:29:31.146 7 INFO placement.requestlog [None req-70caa704-adf6-46e4-bde9-7c5251f57da3 - - - - - -] 10.0.0.113 "GET /" status: 200 len: 136 microversion: 1.0
2026-05-21 06:29:33.796 8 INFO placement.requestlog [None req-55d7d502-fdfd-458a-8fa7-f3342e43dbcf 915afd765ffa454f8bf9fd76520bd66f f2b956f8761a4b4eb17583ddcc9b943f - - 0db4e3a60ef44779840f845c3c3b2c09 0db4e3a60ef44779840f845c3c3b2c09] 10.0.0.224 "GET /resource_providers/70533cde-71c7-4a54-89ba-4a0d1fff4ff0/aggregates" status: 404 len: 235 microversion: 1.1 [pid: 8|app: 0|req: 490/983] 10.0.0.224 () {32 vars in 815 bytes} [Thu May 21 06:29:33 2026] GET /resource_providers/70533cde-71c7-4a54-89ba-4a0d1fff4ff0/aggregates => generated 235 bytes in 13 msecs (HTTP/1.1 404) 5 headers in 202 bytes (1 switches on core 0)
2026-05-21 06:29:33.803 7 INFO placement.requestlog [None req-737b5e96-65e4-43c7-8fc8-fa45750c2658 915afd765ffa454f8bf9fd76520bd66f f2b956f8761a4b4eb17583ddcc9b943f - - 0db4e3a60ef44779840f845c3c3b2c09 0db4e3a60ef44779840f845c3c3b2c09] 10.0.0.224 "GET /resource_providers/70533cde-71c7-4a54-89ba-4a0d1fff4ff0/aggregates" status: 404 len: 235 microversion: 1.1 [pid: 7|app: 0|req: 494/984] 10.0.0.224 () {32 vars in 815 bytes} [Thu May 21 06:29:33 2026] GET /resource_providers/70533cde-71c7-4a54-89ba-4a0d1fff4ff0/aggregates => generated 235 bytes in 14 msecs (HTTP/1.1 404) 5 headers in 202 bytes (1 switches on core 0)
2026-05-21 06:29:33.820 8 INFO placement.requestlog [None req-7b9ee66b-21a6-4ebd-924f-e9c11eee96b7 915afd765ffa454f8bf9fd76520bd66f f2b956f8761a4b4eb17583ddcc9b943f - - 0db4e3a60ef44779840f845c3c3b2c09 0db4e3a60ef44779840f845c3c3b2c09] 10.0.0.224 "DELETE /resource_providers/70533cde-71c7-4a54-89ba-4a0d1fff4ff0" status: 404 len: 246 microversion: 1.1 [pid: 8|app: 0|req: 491/985] 10.0.0.224 () {34 vars in 815 bytes} [Thu May 21 06:29:33 2026] DELETE /resource_providers/70533cde-71c7-4a54-89ba-4a0d1fff4ff0 => generated 246 bytes in 8 msecs (HTTP/1.1 404) 6 headers in 231 bytes (1 switches on core 0)
2026-05-21 06:29:33.825 7 INFO placement.requestlog [None req-31b0d7e0-3901-4918-8703-41413a20c742 915afd765ffa454f8bf9fd76520bd66f f2b956f8761a4b4eb17583ddcc9b943f - - 0db4e3a60ef44779840f845c3c3b2c09 0db4e3a60ef44779840f845c3c3b2c09] 10.0.0.224 "DELETE /resource_providers/70533cde-71c7-4a54-89ba-4a0d1fff4ff0" status: 404 len: 246 microversion: 1.1 [pid: 7|app: 0|req: 495/986] 10.0.0.224 () {34 vars in 815 bytes} [Thu May 21 06:29:33 2026] DELETE /resource_providers/70533cde-71c7-4a54-89ba-4a0d1fff4ff0 => generated 246 bytes in 10 msecs (HTTP/1.1 404) 6 headers in 231 bytes (1 switches on core 0)
2026-05-21 06:29:41.146 8 INFO placement.requestlog [None req-e3450331-fd3d-4054-bdd9-fbf2ee86b0d3 - - - - - -] 10.0.0.113 "GET /" status: 200 len: 136 microversion: 1.0
2026-05-21 06:29:41.146 7 INFO placement.requestlog [None req-1a4fbee4-ca6b-4f0b-9ee1-88da389612e3 - - - - - -] 10.0.0.113 "GET /" status: 200 len: 136 microversion: 1.0
2026-05-21 06:29:44.442 7 INFO placement.requestlog [req-752c439a-1244-41d2-a9a0-1f5aeb7990d8 req-7d108b10-9304-4389-84d7-1c83948ba84a 3866542390a943c6852920c99bdfe737 f2b956f8761a4b4eb17583ddcc9b943f - - 0db4e3a60ef44779840f845c3c3b2c09 0db4e3a60ef44779840f845c3c3b2c09] 199.19.213.231 "GET /resource_providers/0397f83d-c1c4-4143-b942-944f45696b68/allocations" status: 200 len: 252 microversion: 1.0 [pid: 7|app: 0|req: 497/989] 199.19.213.231 () {32 vars in 856 bytes} [Thu May 21 06:29:44 2026] GET /resource_providers/0397f83d-c1c4-4143-b942-944f45696b68/allocations => generated 252 bytes in 26 msecs (HTTP/1.1 200) 6 headers in 224 bytes (1 switches on core 0)
2026-05-21 06:29:44.465 8 INFO placement.requestlog [req-752c439a-1244-41d2-a9a0-1f5aeb7990d8 req-a39ae799-9675-4e26-a7a8-2a4ca99c3683 3866542390a943c6852920c99bdfe737 f2b956f8761a4b4eb17583ddcc9b943f - - 0db4e3a60ef44779840f845c3c3b2c09 0db4e3a60ef44779840f845c3c3b2c09] 199.19.213.231 "GET /allocations/44f6826a-d5ad-4433-a8e6-ad6a8eb39186" status: 200 len: 257 microversion: 1.28 [pid: 8|app: 0|req: 493/990] 199.19.213.231 () {34 vars in 862 bytes} [Thu May 21 06:29:44 2026] GET /allocations/44f6826a-d5ad-4433-a8e6-ad6a8eb39186 => generated 257 bytes in 17 msecs (HTTP/1.1 200) 8 headers in 296 bytes (1 switches on core 0)
2026-05-21 06:29:44.491 7 INFO placement.requestlog [req-752c439a-1244-41d2-a9a0-1f5aeb7990d8 req-06adc9a8-330c-4a73-acd6-46674640bb8b 3866542390a943c6852920c99bdfe737 f2b956f8761a4b4eb17583ddcc9b943f - - 0db4e3a60ef44779840f845c3c3b2c09 0db4e3a60ef44779840f845c3c3b2c09] 199.19.213.231 "GET /allocations/cc87e3f0-e24e-4804-ab6b-c1f34b56339b" status: 200 len: 257 microversion: 1.28 [pid: 7|app: 0|req: 498/991] 199.19.213.231 () {34 vars in 862 bytes} [Thu May 21 06:29:44 2026] GET /allocations/cc87e3f0-e24e-4804-ab6b-c1f34b56339b => generated 257 bytes in 17 msecs (HTTP/1.1 200) 8 headers in 296 bytes (1 switches on core 0)
2026-05-21 06:29:45.564 8 INFO placement.requestlog [req-752c439a-1244-41d2-a9a0-1f5aeb7990d8 req-d7c3958a-5e7f-487f-91ef-998f4f50f39b 3866542390a943c6852920c99bdfe737 f2b956f8761a4b4eb17583ddcc9b943f - - 0db4e3a60ef44779840f845c3c3b2c09 0db4e3a60ef44779840f845c3c3b2c09] 199.19.213.231 "DELETE /allocations/44f6826a-d5ad-4433-a8e6-ad6a8eb39186" status: 204 len: 0 microversion: 1.0 [pid: 8|app: 0|req: 494/992] 199.19.213.231 () {34 vars in 840 bytes} [Thu May 21 06:29:45 2026] DELETE /allocations/44f6826a-d5ad-4433-a8e6-ad6a8eb39186 => generated 0 bytes in 46 msecs (HTTP/1.1 204) 5 headers in 198 bytes (1 switches on core 0)
2026-05-21 06:29:46.120 7 INFO placement.requestlog [None req-cadc9ce9-e920-4945-bab2-11339dfa63bb 915afd765ffa454f8bf9fd76520bd66f f2b956f8761a4b4eb17583ddcc9b943f - - 0db4e3a60ef44779840f845c3c3b2c09 0db4e3a60ef44779840f845c3c3b2c09] 10.0.0.224 "GET /resource_providers/05af037a-0af3-44cf-91fe-ecdbe15f523d/aggregates" status: 404 len: 235 microversion: 1.1
2026-05-21 06:29:46.120 8 INFO placement.requestlog [None req-9ee913fa-b06c-4331-b6f2-7c5b46b3b038 915afd765ffa454f8bf9fd76520bd66f f2b956f8761a4b4eb17583ddcc9b943f - - 0db4e3a60ef44779840f845c3c3b2c09 0db4e3a60ef44779840f845c3c3b2c09] 10.0.0.224 "GET /resource_providers/05af037a-0af3-44cf-91fe-ecdbe15f523d/aggregates" status: 404 len: 235 microversion: 1.1 [pid: 7|app: 0|req: 499/993] 10.0.0.224 () {32 vars in 815 bytes} [Thu May 21 06:29:46 2026] GET /resource_providers/05af037a-0af3-44cf-91fe-ecdbe15f523d/aggregates => generated 235 bytes in 12 msecs (HTTP/1.1 404) 5 headers in 202 bytes (1 switches on core 0) [pid: 8|app: 0|req: 495/994] 10.0.0.224 () {32 vars in 815 bytes} [Thu May 21 06:29:46 2026] GET /resource_providers/05af037a-0af3-44cf-91fe-ecdbe15f523d/aggregates => generated 235 bytes in 14 msecs (HTTP/1.1 404) 5 headers in 202 bytes (1 switches on core 0)
2026-05-21 06:29:46.142 7 INFO placement.requestlog [None req-4b42bf74-9eb6-4e4e-9ba6-ceaa2bafe4c8 915afd765ffa454f8bf9fd76520bd66f f2b956f8761a4b4eb17583ddcc9b943f - - 0db4e3a60ef44779840f845c3c3b2c09 0db4e3a60ef44779840f845c3c3b2c09] 10.0.0.224 "DELETE /resource_providers/05af037a-0af3-44cf-91fe-ecdbe15f523d" status: 404 len: 246 microversion: 1.1 [pid: 7|app: 0|req: 500/995] 10.0.0.224 () {34 vars in 815 bytes} [Thu May 21 06:29:46 2026] DELETE /resource_providers/05af037a-0af3-44cf-91fe-ecdbe15f523d => generated 246 bytes in 10 msecs (HTTP/1.1 404) 6 headers in 231 bytes (1 switches on core 0)
2026-05-21 06:29:46.149 8 INFO placement.requestlog [None req-224cce93-64a7-41f1-b524-68d16f75f98b 915afd765ffa454f8bf9fd76520bd66f f2b956f8761a4b4eb17583ddcc9b943f - - 0db4e3a60ef44779840f845c3c3b2c09 0db4e3a60ef44779840f845c3c3b2c09] 10.0.0.224 "DELETE /resource_providers/05af037a-0af3-44cf-91fe-ecdbe15f523d" status: 404 len: 246 microversion: 1.1 [pid: 8|app: 0|req: 496/996] 10.0.0.224 () {34 vars in 815 bytes} [Thu May 21 06:29:46 2026] DELETE /resource_providers/05af037a-0af3-44cf-91fe-ecdbe15f523d => generated 246 bytes in 14 msecs (HTTP/1.1 404) 6 headers in 231 bytes (1 switches on core 0)
2026-05-21 06:29:50.320 7 INFO placement.requestlog [req-b848c14f-2aee-4dfd-85d0-64f12498b1d5 req-024cfb8d-bc40-4dc4-a27e-db75df60dfd6 3866542390a943c6852920c99bdfe737 f2b956f8761a4b4eb17583ddcc9b943f - - 0db4e3a60ef44779840f845c3c3b2c09 0db4e3a60ef44779840f845c3c3b2c09] 199.19.213.231 "GET /resource_providers/0397f83d-c1c4-4143-b942-944f45696b68/allocations" status: 200 len: 152 microversion: 1.0 [pid: 7|app: 0|req: 501/997] 199.19.213.231 () {32 vars in 856 bytes} [Thu May 21 06:29:50 2026] GET /resource_providers/0397f83d-c1c4-4143-b942-944f45696b68/allocations => generated 152 bytes in 17 msecs (HTTP/1.1 200) 6 headers in 224 bytes (1 switches on core 0)
2026-05-21 06:29:50.342 8 INFO placement.requestlog [req-b848c14f-2aee-4dfd-85d0-64f12498b1d5 req-daa4ffb1-7cdc-4184-82be-a515a1e3f34f 3866542390a943c6852920c99bdfe737 f2b956f8761a4b4eb17583ddcc9b943f - - 0db4e3a60ef44779840f845c3c3b2c09 0db4e3a60ef44779840f845c3c3b2c09] 199.19.213.231 "GET /allocations/cc87e3f0-e24e-4804-ab6b-c1f34b56339b" status: 200 len: 257 microversion: 1.28 [pid: 8|app: 0|req: 497/998] 199.19.213.231 () {34 vars in 862 bytes} [Thu May 21 06:29:50 2026] GET /allocations/cc87e3f0-e24e-4804-ab6b-c1f34b56339b => generated 257 bytes in 16 msecs (HTTP/1.1 200) 8 headers in 296 bytes (1 switches on core 0)
2026-05-21 06:29:51.146 8 INFO placement.requestlog [None req-7831f42d-7878-42c6-90c5-d3e9471caf08 - - - - - -] 10.0.0.113 "GET /" status: 200 len: 136 microversion: 1.0
2026-05-21 06:29:51.146 7 INFO placement.requestlog [None req-d592ce59-299a-4315-92ad-900952c3ffce - - - - - -] 10.0.0.113 "GET /" status: 200 len: 136 microversion: 1.0
2026-05-21 06:29:54.649 8 INFO placement.requestlog [req-b848c14f-2aee-4dfd-85d0-64f12498b1d5 req-5b9ade47-8113-4e92-9ddc-18f191961a1b 3866542390a943c6852920c99bdfe737 f2b956f8761a4b4eb17583ddcc9b943f - - 0db4e3a60ef44779840f845c3c3b2c09 0db4e3a60ef44779840f845c3c3b2c09] 199.19.213.231 "DELETE /allocations/cc87e3f0-e24e-4804-ab6b-c1f34b56339b" status: 204 len: 0 microversion: 1.0 [pid: 8|app: 0|req: 499/1001] 199.19.213.231 () {34 vars in 840 bytes} [Thu May 21 06:29:52 2026] DELETE /allocations/cc87e3f0-e24e-4804-ab6b-c1f34b56339b => generated 0 bytes in 1784 msecs (HTTP/1.1 204) 5 headers in 198 bytes (1 switches on core 0)
2026-05-21 06:30:01.146 7 INFO placement.requestlog [None req-78b2057a-0d58-4a72-8820-199195a0b405 - - - - - -] 10.0.0.113 "GET /" status: 200 len: 136 microversion: 1.0
2026-05-21 06:30:01.147 8 INFO placement.requestlog [None req-15e3bdf4-9e25-4896-b5b1-e21f5c8cefb2 - - - - - -] 10.0.0.113 "GET /" status: 200 len: 136 microversion: 1.0
2026-05-21 06:30:05.881 8 INFO placement.requestlog [None req-b6dda2cc-2971-4057-9b02-74c0ac9b67e7 915afd765ffa454f8bf9fd76520bd66f f2b956f8761a4b4eb17583ddcc9b943f - - 0db4e3a60ef44779840f845c3c3b2c09 0db4e3a60ef44779840f845c3c3b2c09] 10.0.0.224 "GET /resource_providers/063244f4-94af-4739-8e6d-0c9d1479dc6f/aggregates" status: 404 len: 235 microversion: 1.1 [pid: 8|app: 0|req: 501/1004] 10.0.0.224 () {32 vars in 815 bytes} [Thu May 21 06:30:05 2026] GET /resource_providers/063244f4-94af-4739-8e6d-0c9d1479dc6f/aggregates => generated 235 bytes in 16 msecs (HTTP/1.1 404) 5 headers in 202 bytes (1 switches on core 0)
2026-05-21 06:30:05.884 7 INFO placement.requestlog [None req-c2ab592f-019e-4dd3-bc97-7dfd0234e2f7 915afd765ffa454f8bf9fd76520bd66f f2b956f8761a4b4eb17583ddcc9b943f - - 0db4e3a60ef44779840f845c3c3b2c09 0db4e3a60ef44779840f845c3c3b2c09] 10.0.0.224 "GET /resource_providers/063244f4-94af-4739-8e6d-0c9d1479dc6f/aggregates" status: 404 len: 235 microversion: 1.1 [pid: 7|app: 0|req: 504/1005] 10.0.0.224 () {32 vars in 815 bytes} [Thu May 21 06:30:05 2026] GET /resource_providers/063244f4-94af-4739-8e6d-0c9d1479dc6f/aggregates => generated 235 bytes in 19 msecs (HTTP/1.1 404) 5 headers in 202 bytes (1 switches on core 0)
2026-05-21 06:30:05.902 8 INFO placement.requestlog [None req-6ea47c6b-707a-4548-90ed-27f68ed22912 915afd765ffa454f8bf9fd76520bd66f f2b956f8761a4b4eb17583ddcc9b943f - - 0db4e3a60ef44779840f845c3c3b2c09 0db4e3a60ef44779840f845c3c3b2c09] 10.0.0.224 "DELETE /resource_providers/063244f4-94af-4739-8e6d-0c9d1479dc6f" status: 404 len: 246 microversion: 1.1 [pid: 8|app: 0|req: 502/1006] 10.0.0.224 () {34 vars in 815 bytes} [Thu May 21 06:30:05 2026] DELETE /resource_providers/063244f4-94af-4739-8e6d-0c9d1479dc6f => generated 246 bytes in 9 msecs (HTTP/1.1 404) 6 headers in 231 bytes (1 switches on core 0)
2026-05-21 06:30:05.907 7 INFO placement.requestlog [None req-c5b68e8d-4475-47f9-bbaf-a978c83ef9cf 915afd765ffa454f8bf9fd76520bd66f f2b956f8761a4b4eb17583ddcc9b943f - - 0db4e3a60ef44779840f845c3c3b2c09 0db4e3a60ef44779840f845c3c3b2c09] 10.0.0.224 "DELETE /resource_providers/063244f4-94af-4739-8e6d-0c9d1479dc6f" status: 404 len: 246 microversion: 1.1 [pid: 7|app: 0|req: 505/1007] 10.0.0.224 () {34 vars in 815 bytes} [Thu May 21 06:30:05 2026] DELETE /resource_providers/063244f4-94af-4739-8e6d-0c9d1479dc6f => generated 246 bytes in 12 msecs (HTTP/1.1 404) 6 headers in 231 bytes (1 switches on core 0)
2026-05-21 06:30:10.490 8 INFO placement.requestlog [req-c9ca037a-c9fa-405d-b73f-48d55c01d207 req-000f1ea2-9de3-4172-9578-115befda1c27 3866542390a943c6852920c99bdfe737 f2b956f8761a4b4eb17583ddcc9b943f - - 0db4e3a60ef44779840f845c3c3b2c09 0db4e3a60ef44779840f845c3c3b2c09] 199.19.213.231 "GET /resource_providers/0397f83d-c1c4-4143-b942-944f45696b68/allocations" status: 200 len: 54 microversion: 1.0 [pid: 8|app: 0|req: 503/1008] 199.19.213.231 () {32 vars in 856 bytes} [Thu May 21 06:30:10 2026] GET /resource_providers/0397f83d-c1c4-4143-b942-944f45696b68/allocations => generated 54 bytes in 14 msecs (HTTP/1.1 200) 6 headers in 223 bytes (1 switches on core 0)
2026-05-21 06:30:10.514 7 INFO placement.requestlog [req-c9ca037a-c9fa-405d-b73f-48d55c01d207 req-fc7f9194-7a2d-4516-a053-7ce9278e3bef 3866542390a943c6852920c99bdfe737 f2b956f8761a4b4eb17583ddcc9b943f - - 0db4e3a60ef44779840f845c3c3b2c09 0db4e3a60ef44779840f845c3c3b2c09] 199.19.213.231 "GET /resource_providers/0397f83d-c1c4-4143-b942-944f45696b68/allocations" status: 200 len: 54 microversion: 1.0 [pid: 7|app: 0|req: 506/1009] 199.19.213.231 () {32 vars in 856 bytes} [Thu May 21 06:30:10 2026] GET /resource_providers/0397f83d-c1c4-4143-b942-944f45696b68/allocations => generated 54 bytes in 16 msecs (HTTP/1.1 200) 6 headers in 223 bytes (1 switches on core 0)
2026-05-21 06:30:11.147 8 INFO placement.requestlog [None req-9e97cd15-5c46-4a5f-ac97-04a34cf320d9 - - - - - -] 10.0.0.113 "GET /" status: 200 len: 136 microversion: 1.0
2026-05-21 06:30:11.149 7 INFO placement.requestlog [None req-20cc40f3-69fe-4f54-8cf8-b3287646107c - - - - - -] 10.0.0.113 "GET /" status: 200 len: 136 microversion: 1.0
2026-05-21 06:30:13.284 8 INFO placement.requestlog [None req-48456ad0-63d7-4f11-8983-ac15ac146114 915afd765ffa454f8bf9fd76520bd66f f2b956f8761a4b4eb17583ddcc9b943f - - 0db4e3a60ef44779840f845c3c3b2c09 0db4e3a60ef44779840f845c3c3b2c09] 10.0.0.224 "GET /resource_providers/8b073921-1c44-44a5-a525-1d0b9ef688bb/aggregates" status: 404 len: 235 microversion: 1.1 [pid: 8|app: 0|req: 505/1012] 10.0.0.224 () {32 vars in 815 bytes} [Thu May 21 06:30:13 2026] GET /resource_providers/8b073921-1c44-44a5-a525-1d0b9ef688bb/aggregates => generated 235 bytes in 9 msecs (HTTP/1.1 404) 5 headers in 202 bytes (1 switches on core 0)
2026-05-21 06:30:13.289 7 INFO placement.requestlog [None req-85d54518-aa29-4d8c-9070-556080a3de54 915afd765ffa454f8bf9fd76520bd66f f2b956f8761a4b4eb17583ddcc9b943f - - 0db4e3a60ef44779840f845c3c3b2c09 0db4e3a60ef44779840f845c3c3b2c09] 10.0.0.224 "GET /resource_providers/8b073921-1c44-44a5-a525-1d0b9ef688bb/aggregates" status: 404 len: 235 microversion: 1.1 [pid: 7|app: 0|req: 508/1013] 10.0.0.224 () {32 vars in 815 bytes} [Thu May 21 06:30:13 2026] GET /resource_providers/8b073921-1c44-44a5-a525-1d0b9ef688bb/aggregates => generated 235 bytes in 10 msecs (HTTP/1.1 404) 5 headers in 202 bytes (1 switches on core 0)
2026-05-21 06:30:13.309 8 INFO placement.requestlog [None req-7846ca89-7200-40dc-926a-dcf2be77b400 915afd765ffa454f8bf9fd76520bd66f f2b956f8761a4b4eb17583ddcc9b943f - - 0db4e3a60ef44779840f845c3c3b2c09 0db4e3a60ef44779840f845c3c3b2c09] 10.0.0.224 "DELETE /resource_providers/8b073921-1c44-44a5-a525-1d0b9ef688bb" status: 404 len: 246 microversion: 1.1 [pid: 8|app: 0|req: 506/1014] 10.0.0.224 () {34 vars in 815 bytes} [Thu May 21 06:30:13 2026] DELETE /resource_providers/8b073921-1c44-44a5-a525-1d0b9ef688bb => generated 246 bytes in 10 msecs (HTTP/1.1 404) 6 headers in 231 bytes (1 switches on core 0)
2026-05-21 06:30:13.313 7 INFO placement.requestlog [None req-9f2ac5f4-fd30-439b-b362-2f40bf10ff74 915afd765ffa454f8bf9fd76520bd66f f2b956f8761a4b4eb17583ddcc9b943f - - 0db4e3a60ef44779840f845c3c3b2c09 0db4e3a60ef44779840f845c3c3b2c09] 10.0.0.224 "DELETE /resource_providers/8b073921-1c44-44a5-a525-1d0b9ef688bb" status: 404 len: 246 microversion: 1.1 [pid: 7|app: 0|req: 509/1015] 10.0.0.224 () {34 vars in 815 bytes} [Thu May 21 06:30:13 2026] DELETE /resource_providers/8b073921-1c44-44a5-a525-1d0b9ef688bb => generated 246 bytes in 13 msecs (HTTP/1.1 404) 6 headers in 231 bytes (1 switches on core 0)
2026-05-21 06:30:21.146 8 INFO placement.requestlog [None req-a965a88a-b58e-4063-ba06-2ed39aba20d3 - - - - - -] 10.0.0.113 "GET /" status: 200 len: 136 microversion: 1.0
2026-05-21 06:30:21.146 7 INFO placement.requestlog [None req-fe305247-3158-45d6-be98-7612e7886729 - - - - - -] 10.0.0.113 "GET /" status: 200 len: 136 microversion: 1.0
2026-05-21 06:30:31.146 8 INFO placement.requestlog [None req-a7f17af2-fb19-4486-84b1-a0c8d0912187 - - - - - -] 10.0.0.113 "GET /" status: 200 len: 136 microversion: 1.0
2026-05-21 06:30:31.146 7 INFO placement.requestlog [None req-4f76f615-451f-4721-9e16-2b59f0fbd6fe - - - - - -] 10.0.0.113 "GET /" status: 200 len: 136 microversion: 1.0
2026-05-21 06:30:41.148 8 INFO placement.requestlog [None req-30fc6585-1c10-4e62-aad3-500d80b34cfb - - - - - -] 10.0.0.113 "GET /" status: 200 len: 136 microversion: 1.0
2026-05-21 06:30:41.148 7 INFO placement.requestlog [None req-e081f021-b532-4f73-ac96-914a04618624 - - - - - -] 10.0.0.113 "GET /" status: 200 len: 136 microversion: 1.0
2026-05-21 06:30:51.146 8 INFO placement.requestlog [None req-731ce143-40df-48c1-a1db-16ac92a088f6 - - - - - -] 10.0.0.113 "GET /" status: 200 len: 136 microversion: 1.0
2026-05-21 06:30:51.147 7 INFO placement.requestlog [None req-2f251118-ba62-4dd3-9a4e-a04ea4291df5 - - - - - -] 10.0.0.113 "GET /" status: 200 len: 136 microversion: 1.0
2026-05-21 06:31:01.146 8 INFO placement.requestlog [None req-78514cda-ac76-4abd-ba1e-89340c0546fe - - - - - -] 10.0.0.113 "GET /" status: 200 len: 136 microversion: 1.0
2026-05-21 06:31:01.147 7 INFO placement.requestlog [None req-70bf49ce-7a70-41ed-8f29-de5d875a985d - - - - - -] 10.0.0.113 "GET /" status: 200 len: 136 microversion: 1.0
2026-05-21 06:31:05.715 8 INFO placement.requestlog [req-e1a9e853-1fe9-4d80-9703-561a52533349 req-dd52c243-c40e-4940-aacb-1da59a659d9d 3866542390a943c6852920c99bdfe737 f2b956f8761a4b4eb17583ddcc9b943f - - 0db4e3a60ef44779840f845c3c3b2c09 0db4e3a60ef44779840f845c3c3b2c09] 10.0.0.222 "GET /allocation_candidates?limit=1000&resources=DISK_GB%3A1%2CMEMORY_MB%3A512%2CVCPU%3A1&root_required=%21COMPUTE_STATUS_DISABLED" status: 200 len: 2640 microversion: 1.36 [pid: 8|app: 0|req: 512/1026] 10.0.0.222 () {34 vars in 1011 bytes} [Thu May 21 06:31:05 2026] GET /allocation_candidates?limit=1000&resources=DISK_GB%3A1%2CMEMORY_MB%3A512%2CVCPU%3A1&root_required=%21COMPUTE_STATUS_DISABLED => generated 2640 bytes in 86 msecs (HTTP/1.1 200) 8 headers in 297 bytes (1 switches on core 0)
2026-05-21 06:31:05.751 7 INFO placement.requestlog [req-e1a9e853-1fe9-4d80-9703-561a52533349 req-9a7ceb40-ec78-42d6-a391-72617cc5d4e7 3866542390a943c6852920c99bdfe737 f2b956f8761a4b4eb17583ddcc9b943f - - 0db4e3a60ef44779840f845c3c3b2c09 0db4e3a60ef44779840f845c3c3b2c09] 10.0.0.222 "GET /allocations/99440194-1570-4f8e-ad0e-e5c862f8148a" status: 200 len: 19 microversion: 1.28 [pid: 7|app: 0|req: 515/1027] 10.0.0.222 () {34 vars in 860 bytes} [Thu May 21 06:31:05 2026] GET /allocations/99440194-1570-4f8e-ad0e-e5c862f8148a => generated 19 bytes in 9 msecs (HTTP/1.1 200) 8 headers in 295 bytes (1 switches on core 0)
2026-05-21 06:31:05.838 8 INFO placement.requestlog [req-e1a9e853-1fe9-4d80-9703-561a52533349 req-4fd302ba-431d-4e2a-9724-e2c0fe4cfe1c 3866542390a943c6852920c99bdfe737 f2b956f8761a4b4eb17583ddcc9b943f - - 0db4e3a60ef44779840f845c3c3b2c09 0db4e3a60ef44779840f845c3c3b2c09] 10.0.0.222 "PUT /allocations/99440194-1570-4f8e-ad0e-e5c862f8148a" status: 204 len: 0 microversion: 1.36 [pid: 8|app: 0|req: 513/1028] 10.0.0.222 () {38 vars in 913 bytes} [Thu May 21 06:31:05 2026] PUT /allocations/99440194-1570-4f8e-ad0e-e5c862f8148a => generated 0 bytes in 80 msecs (HTTP/1.1 204) 5 headers in 199 bytes (1 switches on core 0)
2026-05-21 06:31:07.426 7 INFO placement.requestlog [req-e1a9e853-1fe9-4d80-9703-561a52533349 req-82119bce-125f-4475-b101-121262dcc3ae 3866542390a943c6852920c99bdfe737 f2b956f8761a4b4eb17583ddcc9b943f - - 0db4e3a60ef44779840f845c3c3b2c09 0db4e3a60ef44779840f845c3c3b2c09] 199.19.213.231 "GET /allocations/99440194-1570-4f8e-ad0e-e5c862f8148a" status: 200 len: 257 microversion: 1.28 [pid: 7|app: 0|req: 516/1029] 199.19.213.231 () {34 vars in 862 bytes} [Thu May 21 06:31:07 2026] GET /allocations/99440194-1570-4f8e-ad0e-e5c862f8148a => generated 257 bytes in 11 msecs (HTTP/1.1 200) 8 headers in 296 bytes (1 switches on core 0)
2026-05-21 06:31:08.473 8 INFO placement.requestlog [req-e1a9e853-1fe9-4d80-9703-561a52533349 req-9198aa4a-5096-448b-b381-3c1c2edbdbe8 3866542390a943c6852920c99bdfe737 f2b956f8761a4b4eb17583ddcc9b943f - - 0db4e3a60ef44779840f845c3c3b2c09 0db4e3a60ef44779840f845c3c3b2c09] 199.19.213.231 "GET /resource_providers/0397f83d-c1c4-4143-b942-944f45696b68/allocations" status: 200 len: 152 microversion: 1.0 [pid: 8|app: 0|req: 514/1030] 199.19.213.231 () {32 vars in 856 bytes} [Thu May 21 06:31:08 2026] GET /resource_providers/0397f83d-c1c4-4143-b942-944f45696b68/allocations => generated 152 bytes in 20 msecs (HTTP/1.1 200) 6 headers in 224 bytes (1 switches on core 0)
2026-05-21 06:31:08.498 7 INFO placement.requestlog [req-e1a9e853-1fe9-4d80-9703-561a52533349 req-1cc19ed9-dc72-4835-81af-02c14160aa81 3866542390a943c6852920c99bdfe737 f2b956f8761a4b4eb17583ddcc9b943f - - 0db4e3a60ef44779840f845c3c3b2c09 0db4e3a60ef44779840f845c3c3b2c09] 199.19.213.231 "GET /allocations/99440194-1570-4f8e-ad0e-e5c862f8148a" status: 200 len: 257 microversion: 1.28 [pid: 7|app: 0|req: 517/1031] 199.19.213.231 () {34 vars in 862 bytes} [Thu May 21 06:31:08 2026] GET /allocations/99440194-1570-4f8e-ad0e-e5c862f8148a => generated 257 bytes in 20 msecs (HTTP/1.1 200) 8 headers in 296 bytes (1 switches on core 0)
2026-05-21 06:31:11.145 8 INFO placement.requestlog [None req-799237f3-ca36-4d9b-973b-26d8e76fd237 - - - - - -] 10.0.0.113 "GET /" status: 200 len: 136 microversion: 1.0
2026-05-21 06:31:11.146 7 INFO placement.requestlog [None req-4076b836-2636-45fe-a5ee-55565ac1112f - - - - - -] 10.0.0.113 "GET /" status: 200 len: 136 microversion: 1.0
2026-05-21 06:31:11.678 7 INFO placement.requestlog [req-deabda4a-b69e-4546-b2aa-a0b3803a2ad4 req-1d0fea42-0e07-43d5-a459-596dce7a0e4b 3866542390a943c6852920c99bdfe737 f2b956f8761a4b4eb17583ddcc9b943f - - 0db4e3a60ef44779840f845c3c3b2c09 0db4e3a60ef44779840f845c3c3b2c09] 199.19.213.231 "GET /resource_providers/0397f83d-c1c4-4143-b942-944f45696b68/allocations" status: 200 len: 152 microversion: 1.0 [pid: 7|app: 0|req: 519/1034] 199.19.213.231 () {32 vars in 856 bytes} [Thu May 21 06:31:11 2026] GET /resource_providers/0397f83d-c1c4-4143-b942-944f45696b68/allocations => generated 152 bytes in 18 msecs (HTTP/1.1 200) 6 headers in 224 bytes (1 switches on core 0)
2026-05-21 06:31:11.719 8 INFO placement.requestlog [req-deabda4a-b69e-4546-b2aa-a0b3803a2ad4 req-2b8be467-49e5-4ccc-9d5e-e177e3ea9122 3866542390a943c6852920c99bdfe737 f2b956f8761a4b4eb17583ddcc9b943f - - 0db4e3a60ef44779840f845c3c3b2c09 0db4e3a60ef44779840f845c3c3b2c09] 199.19.213.231 "GET /resource_providers/0397f83d-c1c4-4143-b942-944f45696b68/allocations" status: 200 len: 152 microversion: 1.0 [pid: 8|app: 0|req: 516/1035] 199.19.213.231 () {32 vars in 856 bytes} [Thu May 21 06:31:11 2026] GET /resource_providers/0397f83d-c1c4-4143-b942-944f45696b68/allocations => generated 152 bytes in 28 msecs (HTTP/1.1 200) 6 headers in 224 bytes (1 switches on core 0)
2026-05-21 06:31:11.738 7 INFO placement.requestlog [req-deabda4a-b69e-4546-b2aa-a0b3803a2ad4 req-a4570e64-07a5-41ad-a849-b650c6aa321c 3866542390a943c6852920c99bdfe737 f2b956f8761a4b4eb17583ddcc9b943f - - 0db4e3a60ef44779840f845c3c3b2c09 0db4e3a60ef44779840f845c3c3b2c09] 199.19.213.231 "GET /allocations/99440194-1570-4f8e-ad0e-e5c862f8148a" status: 200 len: 257 microversion: 1.28 [pid: 7|app: 0|req: 520/1036] 199.19.213.231 () {34 vars in 862 bytes} [Thu May 21 06:31:11 2026] GET /allocations/99440194-1570-4f8e-ad0e-e5c862f8148a => generated 257 bytes in 12 msecs (HTTP/1.1 200) 8 headers in 296 bytes (1 switches on core 0)
2026-05-21 06:31:21.146 7 INFO placement.requestlog [None req-1c25559b-d96c-49a8-b242-b977f9e21fdb - - - - - -] 10.0.0.113 "GET /" status: 200 len: 136 microversion: 1.0
2026-05-21 06:31:21.146 8 INFO placement.requestlog [None req-8f83b05f-621a-4815-aa2a-4a3ecc5bcdd0 - - - - - -] 10.0.0.113 "GET /" status: 200 len: 136 microversion: 1.0
2026-05-21 06:31:31.146 7 INFO placement.requestlog [None req-42d3177d-d50f-4d4a-8598-35e5b5d21e36 - - - - - -] 10.0.0.113 "GET /" status: 200 len: 136 microversion: 1.0
2026-05-21 06:31:31.146 8 INFO placement.requestlog [None req-2a7209cc-92a6-40fc-b2f5-4ed000d76a83 - - - - - -] 10.0.0.113 "GET /" status: 200 len: 136 microversion: 1.0
2026-05-21 06:31:41.145 8 INFO placement.requestlog [None req-dbbb02e6-196c-4f43-b659-d1bc92d34258 - - - - - -] 10.0.0.113 "GET /" status: 200 len: 136 microversion: 1.0
2026-05-21 06:31:41.146 7 INFO placement.requestlog [None req-0547669e-df06-410d-854a-d1f05e2e8fd2 - - - - - -] 10.0.0.113 "GET /" status: 200 len: 136 microversion: 1.0
2026-05-21 06:31:51.145 8 INFO placement.requestlog [None req-45e21ea9-b1b3-4c3c-ab92-b58ac6556084 - - - - - -] 10.0.0.113 "GET /" status: 200 len: 136 microversion: 1.0
2026-05-21 06:31:51.146 7 INFO placement.requestlog [None req-8792c3c2-4a4e-4f04-95d4-31b606f1a312 - - - - - -] 10.0.0.113 "GET /" status: 200 len: 136 microversion: 1.0
2026-05-21 06:31:56.036 8 INFO placement.requestlog [req-096719e9-d670-4ec7-bae9-b4e0b0c9f45d req-54c0591e-60ec-47eb-8479-202d25b72da5 3866542390a943c6852920c99bdfe737 f2b956f8761a4b4eb17583ddcc9b943f - - 0db4e3a60ef44779840f845c3c3b2c09 0db4e3a60ef44779840f845c3c3b2c09] 10.0.0.222 "GET /allocation_candidates?limit=1000&resources=DISK_GB%3A1%2CMEMORY_MB%3A512%2CVCPU%3A1&root_required=%21COMPUTE_STATUS_DISABLED" status: 200 len: 2642 microversion: 1.36 [pid: 8|app: 0|req: 521/1045] 10.0.0.222 () {34 vars in 1011 bytes} [Thu May 21 06:31:55 2026] GET /allocation_candidates?limit=1000&resources=DISK_GB%3A1%2CMEMORY_MB%3A512%2CVCPU%3A1&root_required=%21COMPUTE_STATUS_DISABLED => generated 2642 bytes in 177 msecs (HTTP/1.1 200) 8 headers in 297 bytes (1 switches on core 0)
2026-05-21 06:31:56.064 7 INFO placement.requestlog [req-096719e9-d670-4ec7-bae9-b4e0b0c9f45d req-24f640bd-015f-41e0-abfa-e3775cf9e9b6 3866542390a943c6852920c99bdfe737 f2b956f8761a4b4eb17583ddcc9b943f - - 0db4e3a60ef44779840f845c3c3b2c09 0db4e3a60ef44779840f845c3c3b2c09] 10.0.0.222 "GET /allocations/0fb780c7-2bc7-4df6-9156-001fe1220080" status: 200 len: 19 microversion: 1.28 [pid: 7|app: 0|req: 525/1046] 10.0.0.222 () {34 vars in 860 bytes} [Thu May 21 06:31:56 2026] GET /allocations/0fb780c7-2bc7-4df6-9156-001fe1220080 => generated 19 bytes in 10 msecs (HTTP/1.1 200) 8 headers in 295 bytes (1 switches on core 0)
2026-05-21 06:32:00.242 8 INFO placement.requestlog [req-096719e9-d670-4ec7-bae9-b4e0b0c9f45d req-a83d2198-3e07-4b00-b282-28fc6306c0ce 3866542390a943c6852920c99bdfe737 f2b956f8761a4b4eb17583ddcc9b943f - - 0db4e3a60ef44779840f845c3c3b2c09 0db4e3a60ef44779840f845c3c3b2c09] 10.0.0.222 "PUT /allocations/0fb780c7-2bc7-4df6-9156-001fe1220080" status: 204 len: 0 microversion: 1.36 [pid: 8|app: 0|req: 522/1047] 10.0.0.222 () {38 vars in 913 bytes} [Thu May 21 06:31:56 2026] PUT /allocations/0fb780c7-2bc7-4df6-9156-001fe1220080 => generated 0 bytes in 4173 msecs (HTTP/1.1 204) 5 headers in 199 bytes (1 switches on core 0)
2026-05-21 06:32:01.146 7 INFO placement.requestlog [None req-d8d3ab5c-f20c-41d5-bae9-704cdf1a47d8 - - - - - -] 10.0.0.113 "GET /" status: 200 len: 136 microversion: 1.0
2026-05-21 06:32:01.146 8 INFO placement.requestlog [None req-898c8f6e-7c05-4915-82ce-0f3402c7621a - - - - - -] 10.0.0.113 "GET /" status: 200 len: 136 microversion: 1.0
2026-05-21 06:32:06.004 7 INFO placement.requestlog [req-096719e9-d670-4ec7-bae9-b4e0b0c9f45d req-30647cd2-c9c1-4770-bf86-ccc3f615ba6b 3866542390a943c6852920c99bdfe737 f2b956f8761a4b4eb17583ddcc9b943f - - 0db4e3a60ef44779840f845c3c3b2c09 0db4e3a60ef44779840f845c3c3b2c09] 199.19.213.231 "GET /allocations/0fb780c7-2bc7-4df6-9156-001fe1220080" status: 200 len: 257 microversion: 1.28 [pid: 7|app: 0|req: 527/1050] 199.19.213.231 () {34 vars in 862 bytes} [Thu May 21 06:32:05 2026] GET /allocations/0fb780c7-2bc7-4df6-9156-001fe1220080 => generated 257 bytes in 13 msecs (HTTP/1.1 200) 8 headers in 296 bytes (1 switches on core 0)
2026-05-21 06:32:07.547 8 INFO placement.requestlog [req-096719e9-d670-4ec7-bae9-b4e0b0c9f45d req-59eafaf8-9d9f-40f5-aa0f-37879681060e 3866542390a943c6852920c99bdfe737 f2b956f8761a4b4eb17583ddcc9b943f - - 0db4e3a60ef44779840f845c3c3b2c09 0db4e3a60ef44779840f845c3c3b2c09] 199.19.213.231 "GET /resource_providers/0397f83d-c1c4-4143-b942-944f45696b68/allocations" status: 200 len: 252 microversion: 1.0 [pid: 8|app: 0|req: 524/1051] 199.19.213.231 () {32 vars in 856 bytes} [Thu May 21 06:32:07 2026] GET /resource_providers/0397f83d-c1c4-4143-b942-944f45696b68/allocations => generated 252 bytes in 20 msecs (HTTP/1.1 200) 6 headers in 224 bytes (1 switches on core 0)
2026-05-21 06:32:07.572 7 INFO placement.requestlog [req-096719e9-d670-4ec7-bae9-b4e0b0c9f45d req-f2bebaa5-3636-4eb0-bfbd-19abcac36a3c 3866542390a943c6852920c99bdfe737 f2b956f8761a4b4eb17583ddcc9b943f - - 0db4e3a60ef44779840f845c3c3b2c09 0db4e3a60ef44779840f845c3c3b2c09] 199.19.213.231 "GET /allocations/0fb780c7-2bc7-4df6-9156-001fe1220080" status: 200 len: 257 microversion: 1.28 [pid: 7|app: 0|req: 528/1052] 199.19.213.231 () {34 vars in 862 bytes} [Thu May 21 06:32:07 2026] GET /allocations/0fb780c7-2bc7-4df6-9156-001fe1220080 => generated 257 bytes in 15 msecs (HTTP/1.1 200) 8 headers in 296 bytes (1 switches on core 0)
2026-05-21 06:32:07.589 8 INFO placement.requestlog [req-096719e9-d670-4ec7-bae9-b4e0b0c9f45d req-5788c758-5110-44e0-b600-348f2dc72d89 3866542390a943c6852920c99bdfe737 f2b956f8761a4b4eb17583ddcc9b943f - - 0db4e3a60ef44779840f845c3c3b2c09 0db4e3a60ef44779840f845c3c3b2c09] 199.19.213.231 "GET /allocations/99440194-1570-4f8e-ad0e-e5c862f8148a" status: 200 len: 257 microversion: 1.28 [pid: 8|app: 0|req: 525/1053] 199.19.213.231 () {34 vars in 862 bytes} [Thu May 21 06:32:07 2026] GET /allocations/99440194-1570-4f8e-ad0e-e5c862f8148a => generated 257 bytes in 12 msecs (HTTP/1.1 200) 8 headers in 296 bytes (1 switches on core 0)
2026-05-21 06:32:11.145 7 INFO placement.requestlog [None req-46bc23fd-b6da-443d-835c-d1c280e19782 - - - - - -] 10.0.0.113 "GET /" status: 200 len: 136 microversion: 1.0
2026-05-21 06:32:11.146 8 INFO placement.requestlog [None req-ade69f51-83b1-4933-afbf-a4b5412931c6 - - - - - -] 10.0.0.113 "GET /" status: 200 len: 136 microversion: 1.0
2026-05-21 06:32:12.893 7 INFO placement.requestlog [req-b04a20dd-c830-427d-bb61-6d9fa5949e4f req-3105576d-c644-4067-a10b-b7fbcfa6ff66 3866542390a943c6852920c99bdfe737 f2b956f8761a4b4eb17583ddcc9b943f - - 0db4e3a60ef44779840f845c3c3b2c09 0db4e3a60ef44779840f845c3c3b2c09] 199.19.213.231 "GET /resource_providers/0397f83d-c1c4-4143-b942-944f45696b68/allocations" status: 200 len: 252 microversion: 1.0 [pid: 7|app: 0|req: 530/1056] 199.19.213.231 () {32 vars in 856 bytes} [Thu May 21 06:32:12 2026] GET /resource_providers/0397f83d-c1c4-4143-b942-944f45696b68/allocations => generated 252 bytes in 14 msecs (HTTP/1.1 200) 6 headers in 224 bytes (1 switches on core 0)
2026-05-21 06:32:12.924 8 INFO placement.requestlog [req-b04a20dd-c830-427d-bb61-6d9fa5949e4f req-12016b26-b813-4308-8b9b-695d7f4c0ed7 3866542390a943c6852920c99bdfe737 f2b956f8761a4b4eb17583ddcc9b943f - - 0db4e3a60ef44779840f845c3c3b2c09 0db4e3a60ef44779840f845c3c3b2c09] 199.19.213.231 "GET /resource_providers/0397f83d-c1c4-4143-b942-944f45696b68/allocations" status: 200 len: 252 microversion: 1.0 [pid: 8|app: 0|req: 527/1057] 199.19.213.231 () {32 vars in 856 bytes} [Thu May 21 06:32:12 2026] GET /resource_providers/0397f83d-c1c4-4143-b942-944f45696b68/allocations => generated 252 bytes in 21 msecs (HTTP/1.1 200) 6 headers in 224 bytes (1 switches on core 0)
2026-05-21 06:32:12.946 7 INFO placement.requestlog [req-b04a20dd-c830-427d-bb61-6d9fa5949e4f req-8db71ded-48cc-4540-959a-65cf514d95c5 3866542390a943c6852920c99bdfe737 f2b956f8761a4b4eb17583ddcc9b943f - - 0db4e3a60ef44779840f845c3c3b2c09 0db4e3a60ef44779840f845c3c3b2c09] 199.19.213.231 "GET /allocations/0fb780c7-2bc7-4df6-9156-001fe1220080" status: 200 len: 257 microversion: 1.28 [pid: 7|app: 0|req: 531/1058] 199.19.213.231 () {34 vars in 862 bytes} [Thu May 21 06:32:12 2026] GET /allocations/0fb780c7-2bc7-4df6-9156-001fe1220080 => generated 257 bytes in 13 msecs (HTTP/1.1 200) 8 headers in 296 bytes (1 switches on core 0)
2026-05-21 06:32:12.972 8 INFO placement.requestlog [req-b04a20dd-c830-427d-bb61-6d9fa5949e4f req-0e357d82-1e5a-4f79-a55e-b607cc5c8078 3866542390a943c6852920c99bdfe737 f2b956f8761a4b4eb17583ddcc9b943f - - 0db4e3a60ef44779840f845c3c3b2c09 0db4e3a60ef44779840f845c3c3b2c09] 199.19.213.231 "GET /allocations/99440194-1570-4f8e-ad0e-e5c862f8148a" status: 200 len: 257 microversion: 1.28 [pid: 8|app: 0|req: 528/1059] 199.19.213.231 () {34 vars in 862 bytes} [Thu May 21 06:32:12 2026] GET /allocations/99440194-1570-4f8e-ad0e-e5c862f8148a => generated 257 bytes in 18 msecs (HTTP/1.1 200) 8 headers in 296 bytes (1 switches on core 0)
2026-05-21 06:32:21.146 7 INFO placement.requestlog [None req-ce8ab66e-3a26-4e72-bdfe-0c0913ccb012 - - - - - -] 10.0.0.113 "GET /" status: 200 len: 136 microversion: 1.0
2026-05-21 06:32:21.147 8 INFO placement.requestlog [None req-e7b75dcf-a35d-4f2b-bf4f-5a716d3326e0 - - - - - -] 10.0.0.113 "GET /" status: 200 len: 136 microversion: 1.0
2026-05-21 06:32:24.914 7 INFO placement.requestlog [None req-072266ae-f8f0-4873-abae-e7a5893764ea 915afd765ffa454f8bf9fd76520bd66f f2b956f8761a4b4eb17583ddcc9b943f - - 0db4e3a60ef44779840f845c3c3b2c09 0db4e3a60ef44779840f845c3c3b2c09] 10.0.0.224 "GET /resource_providers/7124de38-4c5d-483c-bf3e-f404346a7278/aggregates" status: 404 len: 235 microversion: 1.1 [pid: 7|app: 0|req: 533/1062] 10.0.0.224 () {32 vars in 815 bytes} [Thu May 21 06:32:24 2026] GET /resource_providers/7124de38-4c5d-483c-bf3e-f404346a7278/aggregates => generated 235 bytes in 418 msecs (HTTP/1.1 404) 5 headers in 202 bytes (1 switches on core 0)
2026-05-21 06:32:24.962 8 INFO placement.requestlog [None req-7662e15d-3421-48b5-ae71-60810d158a86 915afd765ffa454f8bf9fd76520bd66f f2b956f8761a4b4eb17583ddcc9b943f - - 0db4e3a60ef44779840f845c3c3b2c09 0db4e3a60ef44779840f845c3c3b2c09] 10.0.0.224 "GET /resource_providers/7124de38-4c5d-483c-bf3e-f404346a7278/aggregates" status: 404 len: 235 microversion: 1.1 [pid: 8|app: 0|req: 530/1063] 10.0.0.224 () {32 vars in 815 bytes} [Thu May 21 06:32:24 2026] GET /resource_providers/7124de38-4c5d-483c-bf3e-f404346a7278/aggregates => generated 235 bytes in 466 msecs (HTTP/1.1 404) 5 headers in 202 bytes (1 switches on core 0)
2026-05-21 06:32:24.979 7 INFO placement.requestlog [None req-1ca9660e-60c9-4f8b-bea1-0fa38c03f961 915afd765ffa454f8bf9fd76520bd66f f2b956f8761a4b4eb17583ddcc9b943f - - 0db4e3a60ef44779840f845c3c3b2c09 0db4e3a60ef44779840f845c3c3b2c09] 10.0.0.224 "DELETE /resource_providers/7124de38-4c5d-483c-bf3e-f404346a7278" status: 404 len: 246 microversion: 1.1 [pid: 7|app: 0|req: 534/1064] 10.0.0.224 () {34 vars in 815 bytes} [Thu May 21 06:32:24 2026] DELETE /resource_providers/7124de38-4c5d-483c-bf3e-f404346a7278 => generated 246 bytes in 12 msecs (HTTP/1.1 404) 6 headers in 231 bytes (1 switches on core 0)
2026-05-21 06:32:25.243 8 INFO placement.requestlog [None req-cccca610-3995-488d-a59d-683ff99516e9 915afd765ffa454f8bf9fd76520bd66f f2b956f8761a4b4eb17583ddcc9b943f - - 0db4e3a60ef44779840f845c3c3b2c09 0db4e3a60ef44779840f845c3c3b2c09] 10.0.0.224 "DELETE /resource_providers/7124de38-4c5d-483c-bf3e-f404346a7278" status: 404 len: 246 microversion: 1.1 [pid: 8|app: 0|req: 531/1065] 10.0.0.224 () {34 vars in 815 bytes} [Thu May 21 06:32:25 2026] DELETE /resource_providers/7124de38-4c5d-483c-bf3e-f404346a7278 => generated 246 bytes in 11 msecs (HTTP/1.1 404) 6 headers in 231 bytes (1 switches on core 0)
2026-05-21 06:32:30.173 7 INFO placement.requestlog [req-7f94f2a8-3001-44d2-87ef-e53ea0d9a2a8 req-47a5ccab-223c-4d3e-9fcf-94984cead4a6 3866542390a943c6852920c99bdfe737 f2b956f8761a4b4eb17583ddcc9b943f - - 0db4e3a60ef44779840f845c3c3b2c09 0db4e3a60ef44779840f845c3c3b2c09] 199.19.213.231 "GET /resource_providers/0397f83d-c1c4-4143-b942-944f45696b68/allocations" status: 200 len: 252 microversion: 1.0 [pid: 7|app: 0|req: 535/1066] 199.19.213.231 () {32 vars in 856 bytes} [Thu May 21 06:32:30 2026] GET /resource_providers/0397f83d-c1c4-4143-b942-944f45696b68/allocations => generated 252 bytes in 24 msecs (HTTP/1.1 200) 6 headers in 224 bytes (1 switches on core 0)
2026-05-21 06:32:30.194 8 INFO placement.requestlog [req-7f94f2a8-3001-44d2-87ef-e53ea0d9a2a8 req-6d091568-b99a-4ac4-aeda-3e17ed48be04 3866542390a943c6852920c99bdfe737 f2b956f8761a4b4eb17583ddcc9b943f - - 0db4e3a60ef44779840f845c3c3b2c09 0db4e3a60ef44779840f845c3c3b2c09] 199.19.213.231 "GET /allocations/0fb780c7-2bc7-4df6-9156-001fe1220080" status: 200 len: 257 microversion: 1.28 [pid: 8|app: 0|req: 532/1067] 199.19.213.231 () {34 vars in 862 bytes} [Thu May 21 06:32:30 2026] GET /allocations/0fb780c7-2bc7-4df6-9156-001fe1220080 => generated 257 bytes in 14 msecs (HTTP/1.1 200) 8 headers in 296 bytes (1 switches on core 0)
2026-05-21 06:32:30.214 7 INFO placement.requestlog [req-7f94f2a8-3001-44d2-87ef-e53ea0d9a2a8 req-8e6efa08-341d-48e0-a94c-3a0ca0c3901d 3866542390a943c6852920c99bdfe737 f2b956f8761a4b4eb17583ddcc9b943f - - 0db4e3a60ef44779840f845c3c3b2c09 0db4e3a60ef44779840f845c3c3b2c09] 199.19.213.231 "GET /allocations/99440194-1570-4f8e-ad0e-e5c862f8148a" status: 200 len: 257 microversion: 1.28 [pid: 7|app: 0|req: 536/1068] 199.19.213.231 () {34 vars in 862 bytes} [Thu May 21 06:32:30 2026] GET /allocations/99440194-1570-4f8e-ad0e-e5c862f8148a => generated 257 bytes in 12 msecs (HTTP/1.1 200) 8 headers in 296 bytes (1 switches on core 0)
2026-05-21 06:32:31.147 7 INFO placement.requestlog [None req-8e113c0c-00be-4369-ba30-b08a5801cfba - - - - - -] 10.0.0.113 "GET /" status: 200 len: 136 microversion: 1.0
2026-05-21 06:32:31.148 8 INFO placement.requestlog [None req-ef702032-5bdf-4a43-a49e-c186c579594a - - - - - -] 10.0.0.113 "GET /" status: 200 len: 136 microversion: 1.0
2026-05-21 06:32:32.591 8 INFO placement.requestlog [req-7f94f2a8-3001-44d2-87ef-e53ea0d9a2a8 req-9bd42ffb-6510-4476-8038-2d89f82a0676 3866542390a943c6852920c99bdfe737 f2b956f8761a4b4eb17583ddcc9b943f - - 0db4e3a60ef44779840f845c3c3b2c09 0db4e3a60ef44779840f845c3c3b2c09] 199.19.213.231 "DELETE /allocations/0fb780c7-2bc7-4df6-9156-001fe1220080" status: 204 len: 0 microversion: 1.0 [pid: 8|app: 0|req: 534/1071] 199.19.213.231 () {34 vars in 840 bytes} [Thu May 21 06:32:32 2026] DELETE /allocations/0fb780c7-2bc7-4df6-9156-001fe1220080 => generated 0 bytes in 353 msecs (HTTP/1.1 204) 5 headers in 198 bytes (1 switches on core 0)
2026-05-21 06:32:32.594 7 INFO placement.requestlog [None req-b8956516-160b-4cb2-afd3-48b2257af715 915afd765ffa454f8bf9fd76520bd66f f2b956f8761a4b4eb17583ddcc9b943f - - 0db4e3a60ef44779840f845c3c3b2c09 0db4e3a60ef44779840f845c3c3b2c09] 10.0.0.224 "GET /resource_providers/ad122cbf-cd71-4edc-9c76-2b14410ccd17/aggregates" status: 404 len: 235 microversion: 1.1 [pid: 7|app: 0|req: 538/1072] 10.0.0.224 () {32 vars in 815 bytes} [Thu May 21 06:32:32 2026] GET /resource_providers/ad122cbf-cd71-4edc-9c76-2b14410ccd17/aggregates => generated 235 bytes in 117 msecs (HTTP/1.1 404) 5 headers in 202 bytes (1 switches on core 0)
2026-05-21 06:32:32.618 7 INFO placement.requestlog [None req-356e4b3e-c45c-4290-a538-7234dc34ddfd 915afd765ffa454f8bf9fd76520bd66f f2b956f8761a4b4eb17583ddcc9b943f - - 0db4e3a60ef44779840f845c3c3b2c09 0db4e3a60ef44779840f845c3c3b2c09] 10.0.0.224 "DELETE /resource_providers/ad122cbf-cd71-4edc-9c76-2b14410ccd17" status: 404 len: 246 microversion: 1.1 [pid: 7|app: 0|req: 539/1073] 10.0.0.224 () {34 vars in 815 bytes} [Thu May 21 06:32:32 2026] DELETE /resource_providers/ad122cbf-cd71-4edc-9c76-2b14410ccd17 => generated 246 bytes in 12 msecs (HTTP/1.1 404) 6 headers in 231 bytes (1 switches on core 0)
2026-05-21 06:32:32.655 8 INFO placement.requestlog [None req-205e17d5-0aec-437a-abf9-d9d1c42ddda7 915afd765ffa454f8bf9fd76520bd66f f2b956f8761a4b4eb17583ddcc9b943f - - 0db4e3a60ef44779840f845c3c3b2c09 0db4e3a60ef44779840f845c3c3b2c09] 10.0.0.224 "GET /resource_providers/ad122cbf-cd71-4edc-9c76-2b14410ccd17/aggregates" status: 404 len: 235 microversion: 1.1 [pid: 8|app: 0|req: 535/1074] 10.0.0.224 () {32 vars in 815 bytes} [Thu May 21 06:32:32 2026] GET /resource_providers/ad122cbf-cd71-4edc-9c76-2b14410ccd17/aggregates => generated 235 bytes in 62 msecs (HTTP/1.1 404) 5 headers in 202 bytes (1 switches on core 0)
2026-05-21 06:32:32.679 7 INFO placement.requestlog [None req-df2f8dbf-c326-4c2a-b932-58e436ddd3e7 915afd765ffa454f8bf9fd76520bd66f f2b956f8761a4b4eb17583ddcc9b943f - - 0db4e3a60ef44779840f845c3c3b2c09 0db4e3a60ef44779840f845c3c3b2c09] 10.0.0.224 "DELETE /resource_providers/ad122cbf-cd71-4edc-9c76-2b14410ccd17" status: 404 len: 246 microversion: 1.1 [pid: 7|app: 0|req: 540/1075] 10.0.0.224 () {34 vars in 815 bytes} [Thu May 21 06:32:32 2026] DELETE /resource_providers/ad122cbf-cd71-4edc-9c76-2b14410ccd17 => generated 246 bytes in 12 msecs (HTTP/1.1 404) 6 headers in 231 bytes (1 switches on core 0)
2026-05-21 06:32:33.334 8 INFO placement.requestlog [None req-263a1ea8-0d4b-45ce-a615-01d50fd33cee 915afd765ffa454f8bf9fd76520bd66f f2b956f8761a4b4eb17583ddcc9b943f - - 0db4e3a60ef44779840f845c3c3b2c09 0db4e3a60ef44779840f845c3c3b2c09] 10.0.0.224 "GET /resource_providers/bf7b5b58-fe5b-49aa-8194-7124fd40c0c4/aggregates" status: 404 len: 235 microversion: 1.1 [pid: 8|app: 0|req: 536/1076] 10.0.0.224 () {32 vars in 815 bytes} [Thu May 21 06:32:33 2026] GET /resource_providers/bf7b5b58-fe5b-49aa-8194-7124fd40c0c4/aggregates => generated 235 bytes in 9 msecs (HTTP/1.1 404) 5 headers in 202 bytes (1 switches on core 0)
2026-05-21 06:32:33.335 7 INFO placement.requestlog [None req-10ef0313-377e-4c1e-8e47-33bca8fddfe0 915afd765ffa454f8bf9fd76520bd66f f2b956f8761a4b4eb17583ddcc9b943f - - 0db4e3a60ef44779840f845c3c3b2c09 0db4e3a60ef44779840f845c3c3b2c09] 10.0.0.224 "GET /resource_providers/bf7b5b58-fe5b-49aa-8194-7124fd40c0c4/aggregates" status: 404 len: 235 microversion: 1.1 [pid: 7|app: 0|req: 541/1077] 10.0.0.224 () {32 vars in 815 bytes} [Thu May 21 06:32:33 2026] GET /resource_providers/bf7b5b58-fe5b-49aa-8194-7124fd40c0c4/aggregates => generated 235 bytes in 8 msecs (HTTP/1.1 404) 5 headers in 202 bytes (1 switches on core 0)
2026-05-21 06:32:33.359 8 INFO placement.requestlog [None req-d6eb8143-0c60-4e04-a86c-67f5baf7f2d5 915afd765ffa454f8bf9fd76520bd66f f2b956f8761a4b4eb17583ddcc9b943f - - 0db4e3a60ef44779840f845c3c3b2c09 0db4e3a60ef44779840f845c3c3b2c09] 10.0.0.224 "DELETE /resource_providers/bf7b5b58-fe5b-49aa-8194-7124fd40c0c4" status: 404 len: 246 microversion: 1.1 [pid: 8|app: 0|req: 537/1078] 10.0.0.224 () {34 vars in 815 bytes} [Thu May 21 06:32:33 2026] DELETE /resource_providers/bf7b5b58-fe5b-49aa-8194-7124fd40c0c4 => generated 246 bytes in 8 msecs (HTTP/1.1 404) 6 headers in 231 bytes (1 switches on core 0)
2026-05-21 06:32:33.361 7 INFO placement.requestlog [None req-d4ff5dc6-a941-41a8-b368-ed8d70d89b05 915afd765ffa454f8bf9fd76520bd66f f2b956f8761a4b4eb17583ddcc9b943f - - 0db4e3a60ef44779840f845c3c3b2c09 0db4e3a60ef44779840f845c3c3b2c09] 10.0.0.224 "DELETE /resource_providers/bf7b5b58-fe5b-49aa-8194-7124fd40c0c4" status: 404 len: 246 microversion: 1.1 [pid: 7|app: 0|req: 542/1079] 10.0.0.224 () {34 vars in 815 bytes} [Thu May 21 06:32:33 2026] DELETE /resource_providers/bf7b5b58-fe5b-49aa-8194-7124fd40c0c4 => generated 246 bytes in 10 msecs (HTTP/1.1 404) 6 headers in 231 bytes (1 switches on core 0)
2026-05-21 06:32:34.791 8 INFO placement.requestlog [req-39af7bd4-91a8-4169-9a02-8075c037b247 req-39eb177e-f25c-42b9-a615-4a1e47ffce95 3866542390a943c6852920c99bdfe737 f2b956f8761a4b4eb17583ddcc9b943f - - 0db4e3a60ef44779840f845c3c3b2c09 0db4e3a60ef44779840f845c3c3b2c09] 199.19.213.231 "GET /resource_providers/0397f83d-c1c4-4143-b942-944f45696b68/allocations" status: 200 len: 152 microversion: 1.0 [pid: 8|app: 0|req: 538/1080] 199.19.213.231 () {32 vars in 856 bytes} [Thu May 21 06:32:34 2026] GET /resource_providers/0397f83d-c1c4-4143-b942-944f45696b68/allocations => generated 152 bytes in 21 msecs (HTTP/1.1 200) 6 headers in 224 bytes (1 switches on core 0)
2026-05-21 06:32:34.824 7 INFO placement.requestlog [req-39af7bd4-91a8-4169-9a02-8075c037b247 req-7f79df95-c0d9-4223-8a0e-3f8b828a1343 3866542390a943c6852920c99bdfe737 f2b956f8761a4b4eb17583ddcc9b943f - - 0db4e3a60ef44779840f845c3c3b2c09 0db4e3a60ef44779840f845c3c3b2c09] 199.19.213.231 "GET /allocations/99440194-1570-4f8e-ad0e-e5c862f8148a" status: 200 len: 257 microversion: 1.28 [pid: 7|app: 0|req: 543/1081] 199.19.213.231 () {34 vars in 862 bytes} [Thu May 21 06:32:34 2026] GET /allocations/99440194-1570-4f8e-ad0e-e5c862f8148a => generated 257 bytes in 26 msecs (HTTP/1.1 200) 8 headers in 296 bytes (1 switches on core 0)
2026-05-21 06:32:35.911 8 INFO placement.requestlog [req-39af7bd4-91a8-4169-9a02-8075c037b247 req-363257b7-4f63-45b4-8795-bcfe010d2165 3866542390a943c6852920c99bdfe737 f2b956f8761a4b4eb17583ddcc9b943f - - 0db4e3a60ef44779840f845c3c3b2c09 0db4e3a60ef44779840f845c3c3b2c09] 199.19.213.231 "DELETE /allocations/99440194-1570-4f8e-ad0e-e5c862f8148a" status: 204 len: 0 microversion: 1.0 [pid: 8|app: 0|req: 539/1082] 199.19.213.231 () {34 vars in 840 bytes} [Thu May 21 06:32:35 2026] DELETE /allocations/99440194-1570-4f8e-ad0e-e5c862f8148a => generated 0 bytes in 54 msecs (HTTP/1.1 204) 5 headers in 198 bytes (1 switches on core 0)
2026-05-21 06:32:38.928 7 INFO placement.requestlog [None req-84c0b2ec-892f-47b1-b79f-8a748bfb7f6d 915afd765ffa454f8bf9fd76520bd66f f2b956f8761a4b4eb17583ddcc9b943f - - 0db4e3a60ef44779840f845c3c3b2c09 0db4e3a60ef44779840f845c3c3b2c09] 10.0.0.224 "GET /resource_providers/4d5e8eea-12f4-45b0-a290-2b1295e342f4/aggregates" status: 404 len: 235 microversion: 1.1 [pid: 7|app: 0|req: 544/1083] 10.0.0.224 () {32 vars in 815 bytes} [Thu May 21 06:32:38 2026] GET /resource_providers/4d5e8eea-12f4-45b0-a290-2b1295e342f4/aggregates => generated 235 bytes in 10 msecs (HTTP/1.1 404) 5 headers in 202 bytes (1 switches on core 0)
2026-05-21 06:32:38.930 8 INFO placement.requestlog [None req-234543db-0085-4c9c-b9a1-3fbc53830bdd 915afd765ffa454f8bf9fd76520bd66f f2b956f8761a4b4eb17583ddcc9b943f - - 0db4e3a60ef44779840f845c3c3b2c09 0db4e3a60ef44779840f845c3c3b2c09] 10.0.0.224 "GET /resource_providers/4d5e8eea-12f4-45b0-a290-2b1295e342f4/aggregates" status: 404 len: 235 microversion: 1.1 [pid: 8|app: 0|req: 540/1084] 10.0.0.224 () {32 vars in 815 bytes} [Thu May 21 06:32:38 2026] GET /resource_providers/4d5e8eea-12f4-45b0-a290-2b1295e342f4/aggregates => generated 235 bytes in 8 msecs (HTTP/1.1 404) 5 headers in 202 bytes (1 switches on core 0)
2026-05-21 06:32:38.953 8 INFO placement.requestlog [None req-265d0675-151b-43a5-b748-6ce4b848c353 915afd765ffa454f8bf9fd76520bd66f f2b956f8761a4b4eb17583ddcc9b943f - - 0db4e3a60ef44779840f845c3c3b2c09 0db4e3a60ef44779840f845c3c3b2c09] 10.0.0.224 "DELETE /resource_providers/4d5e8eea-12f4-45b0-a290-2b1295e342f4" status: 404 len: 246 microversion: 1.1 [pid: 8|app: 0|req: 541/1085] 10.0.0.224 () {34 vars in 815 bytes} [Thu May 21 06:32:38 2026] DELETE /resource_providers/4d5e8eea-12f4-45b0-a290-2b1295e342f4 => generated 246 bytes in 8 msecs (HTTP/1.1 404) 6 headers in 231 bytes (1 switches on core 0)
2026-05-21 06:32:38.955 7 INFO placement.requestlog [None req-48170090-fb34-43c0-8b34-251fd45d1d95 915afd765ffa454f8bf9fd76520bd66f f2b956f8761a4b4eb17583ddcc9b943f - - 0db4e3a60ef44779840f845c3c3b2c09 0db4e3a60ef44779840f845c3c3b2c09] 10.0.0.224 "DELETE /resource_providers/4d5e8eea-12f4-45b0-a290-2b1295e342f4" status: 404 len: 246 microversion: 1.1 [pid: 7|app: 0|req: 545/1086] 10.0.0.224 () {34 vars in 815 bytes} [Thu May 21 06:32:38 2026] DELETE /resource_providers/4d5e8eea-12f4-45b0-a290-2b1295e342f4 => generated 246 bytes in 11 msecs (HTTP/1.1 404) 6 headers in 231 bytes (1 switches on core 0)
