Apr 27 12:50:45.015766 np0000170557 neutron-periodic-workers[106275]: DEBUG cotyledon.oslo_config_glue [-] database.backend = sqlalchemy {{(pid=106275) log_opt_values /opt/stack/data/venv/lib/python3.12/site-packages/oslo_config/cfg.py:3006}}
Apr 27 12:50:45.015766 np0000170557 neutron-periodic-workers[106275]: DEBUG cotyledon.oslo_config_glue [-] database.connection = **** {{(pid=106275) log_opt_values /opt/stack/data/venv/lib/python3.12/site-packages/oslo_config/cfg.py:3006}}
Apr 27 12:50:45.015766 np0000170557 neutron-periodic-workers[106275]: DEBUG cotyledon.oslo_config_glue [-] database.connection_debug = 0 {{(pid=106275) log_opt_values /opt/stack/data/venv/lib/python3.12/site-packages/oslo_config/cfg.py:3006}}
Apr 27 12:50:45.015766 np0000170557 neutron-periodic-workers[106275]: DEBUG cotyledon.oslo_config_glue [-] database.connection_parameters = {{(pid=106275) log_opt_values /opt/stack/data/venv/lib/python3.12/site-packages/oslo_config/cfg.py:3006}}
Apr 27 12:50:45.015766 np0000170557 neutron-periodic-workers[106275]: DEBUG cotyledon.oslo_config_glue [-] database.connection_recycle_time = 3600 {{(pid=106275) log_opt_values /opt/stack/data/venv/lib/python3.12/site-packages/oslo_config/cfg.py:3006}}
Apr 27 12:50:45.016047 np0000170557 neutron-periodic-workers[106275]: DEBUG cotyledon.oslo_config_glue [-] database.connection_trace = False {{(pid=106275) log_opt_values /opt/stack/data/venv/lib/python3.12/site-packages/oslo_config/cfg.py:3006}}
Apr 27 12:50:45.016047 np0000170557 neutron-periodic-workers[106275]: DEBUG cotyledon.oslo_config_glue [-] database.db_inc_retry_interval = True {{(pid=106275) log_opt_values /opt/stack/data/venv/lib/python3.12/site-packages/oslo_config/cfg.py:3006}}
Apr 27 12:50:45.016047 np0000170557 neutron-periodic-workers[106275]: DEBUG cotyledon.oslo_config_glue [-] database.db_max_retries = 20 {{(pid=106275) log_opt_values /opt/stack/data/venv/lib/python3.12/site-packages/oslo_config/cfg.py:3006}}
Apr 27 12:50:45.016047 np0000170557 neutron-periodic-workers[106275]: DEBUG cotyledon.oslo_config_glue [-] database.db_max_retry_interval = 10 {{(pid=106275) log_opt_values /opt/stack/data/venv/lib/python3.12/site-packages/oslo_config/cfg.py:3006}}
Apr 27 12:50:45.016047 np0000170557 neutron-periodic-workers[106275]: DEBUG cotyledon.oslo_config_glue [-] database.db_retry_interval = 1 {{(pid=106275) log_opt_values /opt/stack/data/venv/lib/python3.12/site-packages/oslo_config/cfg.py:3006}}
Apr 27 12:50:45.016047 np0000170557 neutron-periodic-workers[106275]: DEBUG cotyledon.oslo_config_glue [-] database.max_overflow = 50 {{(pid=106275) log_opt_values /opt/stack/data/venv/lib/python3.12/site-packages/oslo_config/cfg.py:3006}}
Apr 27 12:50:45.016047 np0000170557 neutron-periodic-workers[106275]: DEBUG cotyledon.oslo_config_glue [-] database.max_pool_size = 5 {{(pid=106275) log_opt_values /opt/stack/data/venv/lib/python3.12/site-packages/oslo_config/cfg.py:3006}}
Apr 27 12:50:45.016047 np0000170557 neutron-periodic-workers[106275]: DEBUG cotyledon.oslo_config_glue [-] database.max_retries = 10 {{(pid=106275) log_opt_values /opt/stack/data/venv/lib/python3.12/site-packages/oslo_config/cfg.py:3006}}
Apr 27 12:50:45.016047 np0000170557 neutron-periodic-workers[106275]: DEBUG cotyledon.oslo_config_glue [-] database.mysql_sql_mode = TRADITIONAL {{(pid=106275) log_opt_values /opt/stack/data/venv/lib/python3.12/site-packages/oslo_config/cfg.py:3006}}
Apr 27 12:50:45.016329 np0000170557 neutron-periodic-workers[106275]: DEBUG cotyledon.oslo_config_glue [-] database.mysql_wsrep_sync_wait = None {{(pid=106275) log_opt_values /opt/stack/data/venv/lib/python3.12/site-packages/oslo_config/cfg.py:3006}}
Apr 27 12:50:45.016329 np0000170557 neutron-periodic-workers[106275]: DEBUG cotyledon.oslo_config_glue [-] database.pool_timeout = None {{(pid=106275) log_opt_values /opt/stack/data/venv/lib/python3.12/site-packages/oslo_config/cfg.py:3006}}
Apr 27 12:50:45.016329 np0000170557 neutron-periodic-workers[106275]: DEBUG cotyledon.oslo_config_glue [-] database.retry_interval = 10 {{(pid=106275) log_opt_values /opt/stack/data/venv/lib/python3.12/site-packages/oslo_config/cfg.py:3006}}
Apr 27 12:50:45.016329 np0000170557 neutron-periodic-workers[106275]: DEBUG cotyledon.oslo_config_glue [-] database.slave_connection = **** {{(pid=106275) log_opt_values /opt/stack/data/venv/lib/python3.12/site-packages/oslo_config/cfg.py:3006}}
Apr 27 12:50:45.016329 np0000170557 neutron-periodic-workers[106275]: DEBUG cotyledon.oslo_config_glue [-] database.sqlite_synchronous = True {{(pid=106275) log_opt_values /opt/stack/data/venv/lib/python3.12/site-packages/oslo_config/cfg.py:3006}}
Apr 27 12:50:45.016329 np0000170557 neutron-periodic-workers[106275]: DEBUG cotyledon.oslo_config_glue [-] database.synchronous_reader = True {{(pid=106275) log_opt_values /opt/stack/data/venv/lib/python3.12/site-packages/oslo_config/cfg.py:3006}}
Apr 27 12:50:45.016329 np0000170557 neutron-periodic-workers[106275]: DEBUG cotyledon.oslo_config_glue [-] database.use_db_reconnect = False {{(pid=106275) log_opt_values /opt/stack/data/venv/lib/python3.12/site-packages/oslo_config/cfg.py:3006}}
Apr 27 12:50:45.016329 np0000170557 neutron-periodic-workers[106275]: DEBUG cotyledon.oslo_config_glue [-] ovn.bfd_min_rx = 1000 {{(pid=106275) log_opt_values /opt/stack/data/venv/lib/python3.12/site-packages/oslo_config/cfg.py:3006}}
Apr 27 12:50:45.016329 np0000170557 neutron-periodic-workers[106275]: DEBUG cotyledon.oslo_config_glue [-] ovn.bfd_min_tx = 100 {{(pid=106275) log_opt_values /opt/stack/data/venv/lib/python3.12/site-packages/oslo_config/cfg.py:3006}}
Apr 27 12:50:45.016616 np0000170557 neutron-periodic-workers[106275]: DEBUG cotyledon.oslo_config_glue [-] ovn.bfd_mult = 3 {{(pid=106275) log_opt_values /opt/stack/data/venv/lib/python3.12/site-packages/oslo_config/cfg.py:3006}}
Apr 27 12:50:45.016616 np0000170557 neutron-periodic-workers[106275]: DEBUG cotyledon.oslo_config_glue [-] ovn.broadcast_arps_to_all_routers = True {{(pid=106275) log_opt_values /opt/stack/data/venv/lib/python3.12/site-packages/oslo_config/cfg.py:3006}}
Apr 27 12:50:45.016616 np0000170557 neutron-periodic-workers[106275]: DEBUG cotyledon.oslo_config_glue [-] ovn.dhcp_default_lease_time = 43200 {{(pid=106275) log_opt_values /opt/stack/data/venv/lib/python3.12/site-packages/oslo_config/cfg.py:3006}}
Apr 27 12:50:45.016616 np0000170557 neutron-periodic-workers[106275]: DEBUG cotyledon.oslo_config_glue [-] ovn.disable_ovn_dhcp_for_baremetal_ports = False {{(pid=106275) log_opt_values /opt/stack/data/venv/lib/python3.12/site-packages/oslo_config/cfg.py:3006}}
Apr 27 12:50:45.016616 np0000170557 neutron-periodic-workers[106275]: DEBUG cotyledon.oslo_config_glue [-] ovn.dns_records_ovn_owned = False {{(pid=106275) log_opt_values /opt/stack/data/venv/lib/python3.12/site-packages/oslo_config/cfg.py:3006}}
Apr 27 12:50:45.016616 np0000170557 neutron-periodic-workers[106275]: DEBUG cotyledon.oslo_config_glue [-] ovn.dns_servers = [] {{(pid=106275) log_opt_values /opt/stack/data/venv/lib/python3.12/site-packages/oslo_config/cfg.py:3006}}
Apr 27 12:50:45.016616 np0000170557 neutron-periodic-workers[106275]: DEBUG cotyledon.oslo_config_glue [-] ovn.enable_distributed_floating_ip = False {{(pid=106275) log_opt_values /opt/stack/data/venv/lib/python3.12/site-packages/oslo_config/cfg.py:3006}}
Apr 27 12:50:45.016616 np0000170557 neutron-periodic-workers[106275]: DEBUG cotyledon.oslo_config_glue [-] ovn.fdb_age_threshold = 300 {{(pid=106275) log_opt_values /opt/stack/data/venv/lib/python3.12/site-packages/oslo_config/cfg.py:3006}}
Apr 27 12:50:45.016616 np0000170557 neutron-periodic-workers[106275]: DEBUG cotyledon.oslo_config_glue [-] ovn.ha_failover_strategy = normal {{(pid=106275) log_opt_values /opt/stack/data/venv/lib/python3.12/site-packages/oslo_config/cfg.py:3006}}
Apr 27 12:50:45.016907 np0000170557 neutron-periodic-workers[106275]: DEBUG cotyledon.oslo_config_glue [-] ovn.live_migration_activation_strategy = rarp {{(pid=106275) log_opt_values /opt/stack/data/venv/lib/python3.12/site-packages/oslo_config/cfg.py:3006}}
Apr 27 12:50:45.016907 np0000170557 neutron-periodic-workers[106275]: DEBUG cotyledon.oslo_config_glue [-] ovn.localnet_learn_fdb = False {{(pid=106275) log_opt_values /opt/stack/data/venv/lib/python3.12/site-packages/oslo_config/cfg.py:3006}}
Apr 27 12:50:45.016907 np0000170557 neutron-periodic-workers[106275]: DEBUG cotyledon.oslo_config_glue [-] ovn.mac_binding_age_threshold = 300 {{(pid=106275) log_opt_values /opt/stack/data/venv/lib/python3.12/site-packages/oslo_config/cfg.py:3006}}
Apr 27 12:50:45.016907 np0000170557 neutron-periodic-workers[106275]: DEBUG cotyledon.oslo_config_glue [-] ovn.neutron_sync_mode = log {{(pid=106275) log_opt_values /opt/stack/data/venv/lib/python3.12/site-packages/oslo_config/cfg.py:3006}}
Apr 27 12:50:45.016907 np0000170557 neutron-periodic-workers[106275]: DEBUG cotyledon.oslo_config_glue [-] ovn.ovn_dhcp4_global_options = {} {{(pid=106275) log_opt_values /opt/stack/data/venv/lib/python3.12/site-packages/oslo_config/cfg.py:3006}}
Apr 27 12:50:45.016907 np0000170557 neutron-periodic-workers[106275]: DEBUG cotyledon.oslo_config_glue [-] ovn.ovn_dhcp6_global_options = {} {{(pid=106275) log_opt_values /opt/stack/data/venv/lib/python3.12/site-packages/oslo_config/cfg.py:3006}}
Apr 27 12:50:45.016907 np0000170557 neutron-periodic-workers[106275]: DEBUG cotyledon.oslo_config_glue [-] ovn.ovn_l3_scheduler = leastloaded {{(pid=106275) log_opt_values /opt/stack/data/venv/lib/python3.12/site-packages/oslo_config/cfg.py:3006}}
Apr 27 12:50:45.016907 np0000170557 neutron-periodic-workers[106275]: DEBUG cotyledon.oslo_config_glue [-] ovn.ovn_metadata_enabled = True {{(pid=106275) log_opt_values /opt/stack/data/venv/lib/python3.12/site-packages/oslo_config/cfg.py:3006}}
Apr 27 12:50:45.016907 np0000170557 neutron-periodic-workers[106275]: DEBUG cotyledon.oslo_config_glue [-] ovn.ovn_nb_ca_cert = /opt/stack/data/CA/int-ca/ca-chain.pem {{(pid=106275) log_opt_values /opt/stack/data/venv/lib/python3.12/site-packages/oslo_config/cfg.py:3006}}
Apr 27 12:50:45.017258 np0000170557 neutron-periodic-workers[106275]: DEBUG cotyledon.oslo_config_glue [-] ovn.ovn_nb_certificate = /opt/stack/data/CA/int-ca/devstack-cert.crt {{(pid=106275) log_opt_values /opt/stack/data/venv/lib/python3.12/site-packages/oslo_config/cfg.py:3006}}
Apr 27 12:50:45.017258 np0000170557 neutron-periodic-workers[106275]: DEBUG cotyledon.oslo_config_glue [-] ovn.ovn_nb_connection = ['ssl:199.19.213.195:6641'] {{(pid=106275) log_opt_values /opt/stack/data/venv/lib/python3.12/site-packages/oslo_config/cfg.py:3006}}
Apr 27 12:50:45.017258 np0000170557 neutron-periodic-workers[106275]: DEBUG cotyledon.oslo_config_glue [-] ovn.ovn_nb_private_key = /opt/stack/data/CA/int-ca/private/devstack-cert.key {{(pid=106275) log_opt_values /opt/stack/data/venv/lib/python3.12/site-packages/oslo_config/cfg.py:3006}}
Apr 27 12:50:45.017258 np0000170557 neutron-periodic-workers[106275]: DEBUG cotyledon.oslo_config_glue [-] ovn.ovn_router_indirect_snat = False {{(pid=106275) log_opt_values /opt/stack/data/venv/lib/python3.12/site-packages/oslo_config/cfg.py:3006}}
Apr 27 12:50:45.017258 np0000170557 neutron-periodic-workers[106275]: DEBUG cotyledon.oslo_config_glue [-] ovn.ovn_sb_ca_cert = /opt/stack/data/CA/int-ca/ca-chain.pem {{(pid=106275) log_opt_values /opt/stack/data/venv/lib/python3.12/site-packages/oslo_config/cfg.py:3006}}
Apr 27 12:50:45.017258 np0000170557 neutron-periodic-workers[106275]: DEBUG cotyledon.oslo_config_glue [-] ovn.ovn_sb_certificate = /opt/stack/data/CA/int-ca/devstack-cert.crt {{(pid=106275) log_opt_values /opt/stack/data/venv/lib/python3.12/site-packages/oslo_config/cfg.py:3006}}
Apr 27 12:50:45.017258 np0000170557 neutron-periodic-workers[106275]: DEBUG cotyledon.oslo_config_glue [-] ovn.ovn_sb_connection = ['ssl:199.19.213.195:6642'] {{(pid=106275) log_opt_values /opt/stack/data/venv/lib/python3.12/site-packages/oslo_config/cfg.py:3006}}
Apr 27 12:50:45.017258 np0000170557 neutron-periodic-workers[106275]: DEBUG cotyledon.oslo_config_glue [-] ovn.ovn_sb_private_key = /opt/stack/data/CA/int-ca/private/devstack-cert.key {{(pid=106275) log_opt_values /opt/stack/data/venv/lib/python3.12/site-packages/oslo_config/cfg.py:3006}}
Apr 27 12:50:45.017549 np0000170557 neutron-periodic-workers[106275]: DEBUG cotyledon.oslo_config_glue [-] ovn.ovs_create_tap = False {{(pid=106275) log_opt_values /opt/stack/data/venv/lib/python3.12/site-packages/oslo_config/cfg.py:3006}}
Apr 27 12:50:45.017549 np0000170557 neutron-periodic-workers[106275]: DEBUG cotyledon.oslo_config_glue [-] ovn.ovsdb_connection_timeout = 180 {{(pid=106275) log_opt_values /opt/stack/data/venv/lib/python3.12/site-packages/oslo_config/cfg.py:3006}}
Apr 27 12:50:45.017549 np0000170557 neutron-periodic-workers[106275]: DEBUG cotyledon.oslo_config_glue [-] ovn.ovsdb_log_level = INFO {{(pid=106275) log_opt_values /opt/stack/data/venv/lib/python3.12/site-packages/oslo_config/cfg.py:3006}}
Apr 27 12:50:45.017549 np0000170557 neutron-periodic-workers[106275]: DEBUG cotyledon.oslo_config_glue [-] ovn.ovsdb_probe_interval = 60000 {{(pid=106275) log_opt_values /opt/stack/data/venv/lib/python3.12/site-packages/oslo_config/cfg.py:3006}}
Apr 27 12:50:45.017549 np0000170557 neutron-periodic-workers[106275]: DEBUG cotyledon.oslo_config_glue [-] ovn.ovsdb_retry_max_interval = 180 {{(pid=106275) log_opt_values /opt/stack/data/venv/lib/python3.12/site-packages/oslo_config/cfg.py:3006}}
Apr 27 12:50:45.017549 np0000170557 neutron-periodic-workers[106275]: DEBUG cotyledon.oslo_config_glue [-] ovn.stateless_nat_enabled = False {{(pid=106275) log_opt_values /opt/stack/data/venv/lib/python3.12/site-packages/oslo_config/cfg.py:3006}}
Apr 27 12:50:45.017549 np0000170557 neutron-periodic-workers[106275]: DEBUG cotyledon.oslo_config_glue [-] ovn.vhost_sock_dir = /var/run/openvswitch {{(pid=106275) log_opt_values /opt/stack/data/venv/lib/python3.12/site-packages/oslo_config/cfg.py:3006}}
Apr 27 12:50:45.017549 np0000170557 neutron-periodic-workers[106275]: DEBUG cotyledon.oslo_config_glue [-] OVS.bridge_mac_table_size = 50000 {{(pid=106275) log_opt_values /opt/stack/data/venv/lib/python3.12/site-packages/oslo_config/cfg.py:3006}}
Apr 27 12:50:45.017549 np0000170557 neutron-periodic-workers[106275]: DEBUG cotyledon.oslo_config_glue [-] OVS.igmp_flood = False {{(pid=106275) log_opt_values /opt/stack/data/venv/lib/python3.12/site-packages/oslo_config/cfg.py:3006}}
Apr 27 12:50:45.017822 np0000170557 neutron-periodic-workers[106275]: DEBUG cotyledon.oslo_config_glue [-] OVS.igmp_flood_reports = True {{(pid=106275) log_opt_values /opt/stack/data/venv/lib/python3.12/site-packages/oslo_config/cfg.py:3006}}
Apr 27 12:50:45.017822 np0000170557 neutron-periodic-workers[106275]: DEBUG cotyledon.oslo_config_glue [-] OVS.igmp_flood_unregistered = False {{(pid=106275) log_opt_values /opt/stack/data/venv/lib/python3.12/site-packages/oslo_config/cfg.py:3006}}
Apr 27 12:50:45.017822 np0000170557 neutron-periodic-workers[106275]: DEBUG cotyledon.oslo_config_glue [-] OVS.igmp_snooping_enable = False {{(pid=106275) log_opt_values /opt/stack/data/venv/lib/python3.12/site-packages/oslo_config/cfg.py:3006}}
Apr 27 12:50:45.017822 np0000170557 neutron-periodic-workers[106275]: DEBUG cotyledon.oslo_config_glue [-] OVS.ovsdb_timeout = 10 {{(pid=106275) log_opt_values /opt/stack/data/venv/lib/python3.12/site-packages/oslo_config/cfg.py:3006}}
Apr 27 12:50:45.017822 np0000170557 neutron-periodic-workers[106275]: DEBUG cotyledon.oslo_config_glue [-] ovn_nb_global.fdb_removal_limit = 0 {{(pid=106275) log_opt_values /opt/stack/data/venv/lib/python3.12/site-packages/oslo_config/cfg.py:3006}}
Apr 27 12:50:45.017822 np0000170557 neutron-periodic-workers[106275]: DEBUG cotyledon.oslo_config_glue [-] ovn_nb_global.ignore_lsp_down = False {{(pid=106275) log_opt_values /opt/stack/data/venv/lib/python3.12/site-packages/oslo_config/cfg.py:3006}}
Apr 27 12:50:45.017822 np0000170557 neutron-periodic-workers[106275]: DEBUG cotyledon.oslo_config_glue [-] ovn_nb_global.mac_binding_removal_limit = 0 {{(pid=106275) log_opt_values /opt/stack/data/venv/lib/python3.12/site-packages/oslo_config/cfg.py:3006}}
Apr 27 12:50:45.018080 np0000170557 neutron-periodic-workers[106275]: DEBUG cotyledon.oslo_config_glue [-] ******************************************************************************** {{(pid=106275) log_opt_values /opt/stack/data/venv/lib/python3.12/site-packages/oslo_config/cfg.py:3013}}
Apr 27 12:50:45.018080 np0000170557 neutron-periodic-workers[106275]: DEBUG cotyledon._service_worker [-] Run service ServiceWrapper(0) [106275] {{(pid=106275) wait_forever /opt/stack/data/venv/lib/python3.12/site-packages/cotyledon/_service_worker.py:218}}
Apr 27 12:50:54.650337 np0000170557 neutron-periodic-workers[105439]: DEBUG dbcounter [-] [105439] Writing DB stats neutron:SELECT=4 {{(pid=105439) stat_writer /opt/stack/data/venv/lib/python3.12/site-packages/dbcounter.py:115}}
Apr 27 12:51:22.995870 np0000170557 neutron-periodic-workers[106258]: DEBUG oslo_db.sqlalchemy.engines [None req-fb69ff84-e97d-4f38-b767-4a192de4bc76 None None] Parent process 105439 forked (106258) with an open database connection, which is being discarded and recreated. {{(pid=106258) checkout /opt/stack/data/venv/lib/python3.12/site-packages/oslo_db/sqlalchemy/engines.py:402}}
Apr 27 12:51:23.011288 np0000170557 neutron-periodic-workers[106258]: DEBUG dbcounter [-] [106258] Writer thread running {{(pid=106258) stat_writer /opt/stack/data/venv/lib/python3.12/site-packages/dbcounter.py:102}}
Apr 27 12:51:23.018945 np0000170557 neutron-periodic-workers[106258]: DEBUG neutron.db.agents_db [None req-fb69ff84-e97d-4f38-b767-4a192de4bc76 None None] Agent healthcheck: found 0 active agents {{(pid=106258) agent_health_check /opt/stack/neutron/neutron/db/agents_db.py:317}}
Apr 27 12:51:23.019361 np0000170557 neutron-periodic-workers[106258]: DEBUG oslo.service.backend._threading.loopingcall [None req-fb69ff84-e97d-4f38-b767-4a192de4bc76 None None] Fixed interval looping call 'neutron.plugins.ml2.plugin.AgentDbMixin.agent_health_check' sleeping for 36.97 seconds {{(pid=106258) _run_loop /opt/stack/data/venv/lib/python3.12/site-packages/oslo_service/backend/_threading/loopingcall.py:125}}
Apr 27 12:51:33.024104 np0000170557 neutron-periodic-workers[106258]: DEBUG dbcounter [-] [106258] Writing DB stats neutron:SELECT=1 {{(pid=106258) stat_writer /opt/stack/data/venv/lib/python3.12/site-packages/dbcounter.py:115}}
Apr 27 12:51:41.983846 np0000170557 neutron-periodic-workers[106253]: DEBUG dbcounter [-] [106253] Writer thread running {{(pid=106253) stat_writer /opt/stack/data/venv/lib/python3.12/site-packages/dbcounter.py:102}}
Apr 27 12:51:41.994190 np0000170557 neutron-periodic-workers[106253]: DEBUG oslo.service.backend._threading.loopingcall [None req-f3826876-9b7a-493a-a184-abf79cb81afa None None] Fixed interval looping call 'neutron.plugins.ml2.plugin.DhcpAgentSchedulerDbMixin.remove_networks_from_down_agents' sleeping for 36.97 seconds {{(pid=106253) _run_loop /opt/stack/data/venv/lib/python3.12/site-packages/oslo_service/backend/_threading/loopingcall.py:125}}
Apr 27 12:51:51.994555 np0000170557 neutron-periodic-workers[106253]: DEBUG dbcounter [-] [106253] Writing DB stats neutron:SELECT=3 {{(pid=106253) stat_writer /opt/stack/data/venv/lib/python3.12/site-packages/dbcounter.py:115}}
Apr 27 12:51:59.997096 np0000170557 neutron-periodic-workers[106258]: DEBUG neutron.db.agents_db [None req-fb69ff84-e97d-4f38-b767-4a192de4bc76 None None] Agent healthcheck: found 0 active agents {{(pid=106258) agent_health_check /opt/stack/neutron/neutron/db/agents_db.py:317}}
Apr 27 12:51:59.998233 np0000170557 neutron-periodic-workers[106258]: DEBUG oslo.service.backend._threading.loopingcall [None req-fb69ff84-e97d-4f38-b767-4a192de4bc76 None None] Fixed interval looping call 'neutron.plugins.ml2.plugin.AgentDbMixin.agent_health_check' sleeping for 36.99 seconds {{(pid=106258) _run_loop /opt/stack/data/venv/lib/python3.12/site-packages/oslo_service/backend/_threading/loopingcall.py:125}}
Apr 27 12:52:09.995525 np0000170557 neutron-periodic-workers[106258]: DEBUG dbcounter [-] [106258] Writing DB stats neutron:SELECT=1 {{(pid=106258) stat_writer /opt/stack/data/venv/lib/python3.12/site-packages/dbcounter.py:115}}
Apr 27 12:52:10.054970 np0000170557 neutron-periodic-workers[106275]: DEBUG dbcounter [-] [106275] Writer thread running {{(pid=106275) stat_writer /opt/stack/data/venv/lib/python3.12/site-packages/dbcounter.py:102}}
Apr 27 12:52:10.065465 np0000170557 neutron-periodic-workers[106275]: DEBUG oslo.service.backend._threading.loopingcall [None req-d6ec0cef-ed6c-4f0b-a686-8d0f7673de86 None None] Fixed interval looping call 'neutron.services.ovn_l3.plugin.L3_NAT_dbonly_mixin._clean_garbage' sleeping for 299.96 seconds {{(pid=106275) _run_loop /opt/stack/data/venv/lib/python3.12/site-packages/oslo_service/backend/_threading/loopingcall.py:125}}
Apr 27 12:52:18.973505 np0000170557 neutron-periodic-workers[106253]: DEBUG oslo.service.backend._threading.loopingcall [None req-f3826876-9b7a-493a-a184-abf79cb81afa None None] Fixed interval looping call 'neutron.plugins.ml2.plugin.DhcpAgentSchedulerDbMixin.remove_networks_from_down_agents' sleeping for 36.99 seconds {{(pid=106253) _run_loop /opt/stack/data/venv/lib/python3.12/site-packages/oslo_service/backend/_threading/loopingcall.py:125}}
Apr 27 12:52:20.055706 np0000170557 neutron-periodic-workers[106275]: DEBUG dbcounter [-] [106275] Writing DB stats neutron:SELECT=1 {{(pid=106275) stat_writer /opt/stack/data/venv/lib/python3.12/site-packages/dbcounter.py:115}}
Apr 27 12:52:28.972307 np0000170557 neutron-periodic-workers[106253]: DEBUG dbcounter [-] [106253] Writing DB stats neutron:SELECT=3 {{(pid=106253) stat_writer /opt/stack/data/venv/lib/python3.12/site-packages/dbcounter.py:115}}
Apr 27 12:52:36.995354 np0000170557 neutron-periodic-workers[106258]: DEBUG neutron.db.agents_db [None req-fb69ff84-e97d-4f38-b767-4a192de4bc76 None None] Agent healthcheck: found 0 active agents {{(pid=106258) agent_health_check /opt/stack/neutron/neutron/db/agents_db.py:317}}
Apr 27 12:52:36.995354 np0000170557 neutron-periodic-workers[106258]: DEBUG oslo.service.backend._threading.loopingcall [None req-fb69ff84-e97d-4f38-b767-4a192de4bc76 None None] Fixed interval looping call 'neutron.plugins.ml2.plugin.AgentDbMixin.agent_health_check' sleeping for 36.99 seconds {{(pid=106258) _run_loop /opt/stack/data/venv/lib/python3.12/site-packages/oslo_service/backend/_threading/loopingcall.py:125}}
Apr 27 12:52:45.026697 np0000170557 neutron-periodic-workers[106271]: DEBUG dbcounter [-] [106271] Writer thread running {{(pid=106271) stat_writer /opt/stack/data/venv/lib/python3.12/site-packages/dbcounter.py:102}}
Apr 27 12:52:45.029111 np0000170557 neutron-periodic-workers[106271]: DEBUG oslo.service.backend._threading.loopingcall [None req-9c54a0ff-e15d-4b8e-bc86-9769bc503afe None None] Fixed interval looping call 'neutron.db.quota.driver_nolock.DbQuotaNoLockDriver._remove_expired_reservations' sleeping for 119.98 seconds {{(pid=106271) _run_loop /opt/stack/data/venv/lib/python3.12/site-packages/oslo_service/backend/_threading/loopingcall.py:125}}
Apr 27 12:52:46.991910 np0000170557 neutron-periodic-workers[106258]: DEBUG dbcounter [-] [106258] Writing DB stats neutron:SELECT=1 {{(pid=106258) stat_writer /opt/stack/data/venv/lib/python3.12/site-packages/dbcounter.py:115}}
Apr 27 12:52:55.027275 np0000170557 neutron-periodic-workers[106271]: DEBUG dbcounter [-] [106271] Writing DB stats neutron:DELETE=1 {{(pid=106271) stat_writer /opt/stack/data/venv/lib/python3.12/site-packages/dbcounter.py:115}}
Apr 27 12:52:55.976456 np0000170557 neutron-periodic-workers[106253]: DEBUG oslo.service.backend._threading.loopingcall [None req-f3826876-9b7a-493a-a184-abf79cb81afa None None] Fixed interval looping call 'neutron.plugins.ml2.plugin.DhcpAgentSchedulerDbMixin.remove_networks_from_down_agents' sleeping for 36.99 seconds {{(pid=106253) _run_loop /opt/stack/data/venv/lib/python3.12/site-packages/oslo_service/backend/_threading/loopingcall.py:125}}
Apr 27 12:53:05.975634 np0000170557 neutron-periodic-workers[106253]: DEBUG dbcounter [-] [106253] Writing DB stats neutron:SELECT=3 {{(pid=106253) stat_writer /opt/stack/data/venv/lib/python3.12/site-packages/dbcounter.py:115}}
Apr 27 12:53:13.999877 np0000170557 neutron-periodic-workers[106258]: DEBUG neutron.db.agents_db [None req-fb69ff84-e97d-4f38-b767-4a192de4bc76 None None] Agent healthcheck: found 0 active agents {{(pid=106258) agent_health_check /opt/stack/neutron/neutron/db/agents_db.py:317}}
Apr 27 12:53:14.000483 np0000170557 neutron-periodic-workers[106258]: DEBUG oslo.service.backend._threading.loopingcall [None req-fb69ff84-e97d-4f38-b767-4a192de4bc76 None None] Fixed interval looping call 'neutron.plugins.ml2.plugin.AgentDbMixin.agent_health_check' sleeping for 36.99 seconds {{(pid=106258) _run_loop /opt/stack/data/venv/lib/python3.12/site-packages/oslo_service/backend/_threading/loopingcall.py:125}}
Apr 27 12:53:23.997975 np0000170557 neutron-periodic-workers[106258]: DEBUG dbcounter [-] [106258] Writing DB stats neutron:SELECT=1 {{(pid=106258) stat_writer /opt/stack/data/venv/lib/python3.12/site-packages/dbcounter.py:115}}
Apr 27 12:53:32.977491 np0000170557 neutron-periodic-workers[106253]: DEBUG oslo.service.backend._threading.loopingcall [None req-f3826876-9b7a-493a-a184-abf79cb81afa None None] Fixed interval looping call 'neutron.plugins.ml2.plugin.DhcpAgentSchedulerDbMixin.remove_networks_from_down_agents' sleeping for 36.99 seconds {{(pid=106253) _run_loop /opt/stack/data/venv/lib/python3.12/site-packages/oslo_service/backend/_threading/loopingcall.py:125}}
Apr 27 12:53:42.976186 np0000170557 neutron-periodic-workers[106253]: DEBUG dbcounter [-] [106253] Writing DB stats neutron:SELECT=3 {{(pid=106253) stat_writer /opt/stack/data/venv/lib/python3.12/site-packages/dbcounter.py:115}}
Apr 27 12:53:50.997323 np0000170557 neutron-periodic-workers[106258]: DEBUG neutron.db.agents_db [None req-fb69ff84-e97d-4f38-b767-4a192de4bc76 None None] Agent healthcheck: found 0 active agents {{(pid=106258) agent_health_check /opt/stack/neutron/neutron/db/agents_db.py:317}}
Apr 27 12:53:50.998048 np0000170557 neutron-periodic-workers[106258]: DEBUG oslo.service.backend._threading.loopingcall [None req-fb69ff84-e97d-4f38-b767-4a192de4bc76 None None] Fixed interval looping call 'neutron.plugins.ml2.plugin.AgentDbMixin.agent_health_check' sleeping for 36.99 seconds {{(pid=106258) _run_loop /opt/stack/data/venv/lib/python3.12/site-packages/oslo_service/backend/_threading/loopingcall.py:125}}
Apr 27 12:54:00.994452 np0000170557 neutron-periodic-workers[106258]: DEBUG dbcounter [-] [106258] Writing DB stats neutron:SELECT=1 {{(pid=106258) stat_writer /opt/stack/data/venv/lib/python3.12/site-packages/dbcounter.py:115}}
Apr 27 12:54:09.978709 np0000170557 neutron-periodic-workers[106253]: DEBUG oslo.service.backend._threading.loopingcall [None req-f3826876-9b7a-493a-a184-abf79cb81afa None None] Fixed interval looping call 'neutron.plugins.ml2.plugin.DhcpAgentSchedulerDbMixin.remove_networks_from_down_agents' sleeping for 36.99 seconds {{(pid=106253) _run_loop /opt/stack/data/venv/lib/python3.12/site-packages/oslo_service/backend/_threading/loopingcall.py:125}}
Apr 27 12:54:19.977475 np0000170557 neutron-periodic-workers[106253]: DEBUG dbcounter [-] [106253] Writing DB stats neutron:SELECT=3 {{(pid=106253) stat_writer /opt/stack/data/venv/lib/python3.12/site-packages/dbcounter.py:115}}
Apr 27 12:54:27.994144 np0000170557 neutron-periodic-workers[106258]: DEBUG neutron.db.agents_db [None req-fb69ff84-e97d-4f38-b767-4a192de4bc76 None None] Agent healthcheck: found 0 active agents {{(pid=106258) agent_health_check /opt/stack/neutron/neutron/db/agents_db.py:317}}
Apr 27 12:54:27.994924 np0000170557 neutron-periodic-workers[106258]: DEBUG oslo.service.backend._threading.loopingcall [None req-fb69ff84-e97d-4f38-b767-4a192de4bc76 None None] Fixed interval looping call 'neutron.plugins.ml2.plugin.AgentDbMixin.agent_health_check' sleeping for 36.99 seconds {{(pid=106258) _run_loop /opt/stack/data/venv/lib/python3.12/site-packages/oslo_service/backend/_threading/loopingcall.py:125}}
Apr 27 12:54:37.992208 np0000170557 neutron-periodic-workers[106258]: DEBUG dbcounter [-] [106258] Writing DB stats neutron:SELECT=1 {{(pid=106258) stat_writer /opt/stack/data/venv/lib/python3.12/site-packages/dbcounter.py:115}}
Apr 27 12:54:45.017639 np0000170557 neutron-periodic-workers[106271]: DEBUG oslo.service.backend._threading.loopingcall [None req-9c54a0ff-e15d-4b8e-bc86-9769bc503afe None None] Fixed interval looping call 'neutron.db.quota.driver_nolock.DbQuotaNoLockDriver._remove_expired_reservations' sleeping for 119.99 seconds {{(pid=106271) _run_loop /opt/stack/data/venv/lib/python3.12/site-packages/oslo_service/backend/_threading/loopingcall.py:125}}
Apr 27 12:54:46.980539 np0000170557 neutron-periodic-workers[106253]: DEBUG oslo.service.backend._threading.loopingcall [None req-f3826876-9b7a-493a-a184-abf79cb81afa None None] Fixed interval looping call 'neutron.plugins.ml2.plugin.DhcpAgentSchedulerDbMixin.remove_networks_from_down_agents' sleeping for 36.99 seconds {{(pid=106253) _run_loop /opt/stack/data/venv/lib/python3.12/site-packages/oslo_service/backend/_threading/loopingcall.py:125}}
Apr 27 12:54:55.015701 np0000170557 neutron-periodic-workers[106271]: DEBUG dbcounter [-] [106271] Writing DB stats neutron:DELETE=1 {{(pid=106271) stat_writer /opt/stack/data/venv/lib/python3.12/site-packages/dbcounter.py:115}}
Apr 27 12:54:56.979548 np0000170557 neutron-periodic-workers[106253]: DEBUG dbcounter [-] [106253] Writing DB stats neutron:SELECT=3 {{(pid=106253) stat_writer /opt/stack/data/venv/lib/python3.12/site-packages/dbcounter.py:115}}
Apr 27 12:55:04.991121 np0000170557 neutron-periodic-workers[106258]: DEBUG neutron.db.agents_db [None req-fb69ff84-e97d-4f38-b767-4a192de4bc76 None None] Agent healthcheck: found 0 active agents {{(pid=106258) agent_health_check /opt/stack/neutron/neutron/db/agents_db.py:317}}
Apr 27 12:55:04.991847 np0000170557 neutron-periodic-workers[106258]: DEBUG oslo.service.backend._threading.loopingcall [None req-fb69ff84-e97d-4f38-b767-4a192de4bc76 None None] Fixed interval looping call 'neutron.plugins.ml2.plugin.AgentDbMixin.agent_health_check' sleeping for 36.99 seconds {{(pid=106258) _run_loop /opt/stack/data/venv/lib/python3.12/site-packages/oslo_service/backend/_threading/loopingcall.py:125}}
Apr 27 12:55:14.988777 np0000170557 neutron-periodic-workers[106258]: DEBUG dbcounter [-] [106258] Writing DB stats neutron:SELECT=1 {{(pid=106258) stat_writer /opt/stack/data/venv/lib/python3.12/site-packages/dbcounter.py:115}}
Apr 27 12:55:23.979710 np0000170557 neutron-periodic-workers[106253]: DEBUG oslo.service.backend._threading.loopingcall [None req-f3826876-9b7a-493a-a184-abf79cb81afa None None] Fixed interval looping call 'neutron.plugins.ml2.plugin.DhcpAgentSchedulerDbMixin.remove_networks_from_down_agents' sleeping for 36.99 seconds {{(pid=106253) _run_loop /opt/stack/data/venv/lib/python3.12/site-packages/oslo_service/backend/_threading/loopingcall.py:125}}
Apr 27 12:55:33.978915 np0000170557 neutron-periodic-workers[106253]: DEBUG dbcounter [-] [106253] Writing DB stats neutron:SELECT=3 {{(pid=106253) stat_writer /opt/stack/data/venv/lib/python3.12/site-packages/dbcounter.py:115}}
Apr 27 12:55:41.990238 np0000170557 neutron-periodic-workers[106258]: DEBUG neutron.db.agents_db [None req-fb69ff84-e97d-4f38-b767-4a192de4bc76 None None] Agent healthcheck: found 0 active agents {{(pid=106258) agent_health_check /opt/stack/neutron/neutron/db/agents_db.py:317}}
Apr 27 12:55:41.991223 np0000170557 neutron-periodic-workers[106258]: DEBUG oslo.service.backend._threading.loopingcall [None req-fb69ff84-e97d-4f38-b767-4a192de4bc76 None None] Fixed interval looping call 'neutron.plugins.ml2.plugin.AgentDbMixin.agent_health_check' sleeping for 36.99 seconds {{(pid=106258) _run_loop /opt/stack/data/venv/lib/python3.12/site-packages/oslo_service/backend/_threading/loopingcall.py:125}}
Apr 27 12:55:51.986747 np0000170557 neutron-periodic-workers[106258]: DEBUG dbcounter [-] [106258] Writing DB stats neutron:SELECT=1 {{(pid=106258) stat_writer /opt/stack/data/venv/lib/python3.12/site-packages/dbcounter.py:115}}
Apr 27 12:56:00.980376 np0000170557 neutron-periodic-workers[106253]: DEBUG oslo.service.backend._threading.loopingcall [None req-f3826876-9b7a-493a-a184-abf79cb81afa None None] Fixed interval looping call 'neutron.plugins.ml2.plugin.DhcpAgentSchedulerDbMixin.remove_networks_from_down_agents' sleeping for 36.99 seconds {{(pid=106253) _run_loop /opt/stack/data/venv/lib/python3.12/site-packages/oslo_service/backend/_threading/loopingcall.py:125}}
Apr 27 12:56:10.979317 np0000170557 neutron-periodic-workers[106253]: DEBUG dbcounter [-] [106253] Writing DB stats neutron:SELECT=3 {{(pid=106253) stat_writer /opt/stack/data/venv/lib/python3.12/site-packages/dbcounter.py:115}}
Apr 27 12:56:18.985975 np0000170557 neutron-periodic-workers[106258]: DEBUG neutron.db.agents_db [None req-fb69ff84-e97d-4f38-b767-4a192de4bc76 None None] Agent healthcheck: found 0 active agents {{(pid=106258) agent_health_check /opt/stack/neutron/neutron/db/agents_db.py:317}}
Apr 27 12:56:18.986276 np0000170557 neutron-periodic-workers[106258]: DEBUG oslo.service.backend._threading.loopingcall [None req-fb69ff84-e97d-4f38-b767-4a192de4bc76 None None] Fixed interval looping call 'neutron.plugins.ml2.plugin.AgentDbMixin.agent_health_check' sleeping for 36.99 seconds {{(pid=106258) _run_loop /opt/stack/data/venv/lib/python3.12/site-packages/oslo_service/backend/_threading/loopingcall.py:125}}
Apr 27 12:56:28.984601 np0000170557 neutron-periodic-workers[106258]: DEBUG dbcounter [-] [106258] Writing DB stats neutron:SELECT=1 {{(pid=106258) stat_writer /opt/stack/data/venv/lib/python3.12/site-packages/dbcounter.py:115}}
Apr 27 12:56:37.978926 np0000170557 neutron-periodic-workers[106253]: DEBUG oslo.service.backend._threading.loopingcall [None req-f3826876-9b7a-493a-a184-abf79cb81afa None None] Fixed interval looping call 'neutron.plugins.ml2.plugin.DhcpAgentSchedulerDbMixin.remove_networks_from_down_agents' sleeping for 36.99 seconds {{(pid=106253) _run_loop /opt/stack/data/venv/lib/python3.12/site-packages/oslo_service/backend/_threading/loopingcall.py:125}}
Apr 27 12:56:45.013468 np0000170557 neutron-periodic-workers[106271]: DEBUG oslo.service.backend._threading.loopingcall [None req-9c54a0ff-e15d-4b8e-bc86-9769bc503afe None None] Fixed interval looping call 'neutron.db.quota.driver_nolock.DbQuotaNoLockDriver._remove_expired_reservations' sleeping for 119.99 seconds {{(pid=106271) _run_loop /opt/stack/data/venv/lib/python3.12/site-packages/oslo_service/backend/_threading/loopingcall.py:125}}
Apr 27 12:56:47.978204 np0000170557 neutron-periodic-workers[106253]: DEBUG dbcounter [-] [106253] Writing DB stats neutron:SELECT=3 {{(pid=106253) stat_writer /opt/stack/data/venv/lib/python3.12/site-packages/dbcounter.py:115}}
Apr 27 12:56:55.011934 np0000170557 neutron-periodic-workers[106271]: DEBUG dbcounter [-] [106271] Writing DB stats neutron:DELETE=1 {{(pid=106271) stat_writer /opt/stack/data/venv/lib/python3.12/site-packages/dbcounter.py:115}}
Apr 27 12:56:55.982946 np0000170557 neutron-periodic-workers[106258]: DEBUG neutron.db.agents_db [None req-fb69ff84-e97d-4f38-b767-4a192de4bc76 None None] Agent healthcheck: found 0 active agents {{(pid=106258) agent_health_check /opt/stack/neutron/neutron/db/agents_db.py:317}}
Apr 27 12:56:55.983766 np0000170557 neutron-periodic-workers[106258]: DEBUG oslo.service.backend._threading.loopingcall [None req-fb69ff84-e97d-4f38-b767-4a192de4bc76 None None] Fixed interval looping call 'neutron.plugins.ml2.plugin.AgentDbMixin.agent_health_check' sleeping for 36.99 seconds {{(pid=106258) _run_loop /opt/stack/data/venv/lib/python3.12/site-packages/oslo_service/backend/_threading/loopingcall.py:125}}
Apr 27 12:57:05.980520 np0000170557 neutron-periodic-workers[106258]: DEBUG dbcounter [-] [106258] Writing DB stats neutron:SELECT=1 {{(pid=106258) stat_writer /opt/stack/data/venv/lib/python3.12/site-packages/dbcounter.py:115}}
Apr 27 12:57:10.041742 np0000170557 neutron-periodic-workers[106275]: DEBUG oslo.service.backend._threading.loopingcall [None req-d6ec0cef-ed6c-4f0b-a686-8d0f7673de86 None None] Fixed interval looping call 'neutron.services.ovn_l3.plugin.L3_NAT_dbonly_mixin._clean_garbage' sleeping for 299.98 seconds {{(pid=106275) _run_loop /opt/stack/data/venv/lib/python3.12/site-packages/oslo_service/backend/_threading/loopingcall.py:125}}
Apr 27 12:57:14.979618 np0000170557 neutron-periodic-workers[106253]: DEBUG oslo.service.backend._threading.loopingcall [None req-f3826876-9b7a-493a-a184-abf79cb81afa None None] Fixed interval looping call 'neutron.plugins.ml2.plugin.DhcpAgentSchedulerDbMixin.remove_networks_from_down_agents' sleeping for 36.99 seconds {{(pid=106253) _run_loop /opt/stack/data/venv/lib/python3.12/site-packages/oslo_service/backend/_threading/loopingcall.py:125}}
Apr 27 12:57:20.031466 np0000170557 neutron-periodic-workers[106275]: DEBUG dbcounter [-] [106275] Writing DB stats neutron:SELECT=1 {{(pid=106275) stat_writer /opt/stack/data/venv/lib/python3.12/site-packages/dbcounter.py:115}}
Apr 27 12:57:24.979263 np0000170557 neutron-periodic-workers[106253]: DEBUG dbcounter [-] [106253] Writing DB stats neutron:SELECT=3 {{(pid=106253) stat_writer /opt/stack/data/venv/lib/python3.12/site-packages/dbcounter.py:115}}
Apr 27 12:57:32.979796 np0000170557 neutron-periodic-workers[106258]: DEBUG neutron.db.agents_db [None req-fb69ff84-e97d-4f38-b767-4a192de4bc76 None None] Agent healthcheck: found 0 active agents {{(pid=106258) agent_health_check /opt/stack/neutron/neutron/db/agents_db.py:317}}
Apr 27 12:57:32.979796 np0000170557 neutron-periodic-workers[106258]: DEBUG oslo.service.backend._threading.loopingcall [None req-fb69ff84-e97d-4f38-b767-4a192de4bc76 None None] Fixed interval looping call 'neutron.plugins.ml2.plugin.AgentDbMixin.agent_health_check' sleeping for 36.99 seconds {{(pid=106258) _run_loop /opt/stack/data/venv/lib/python3.12/site-packages/oslo_service/backend/_threading/loopingcall.py:125}}
Apr 27 12:57:42.977854 np0000170557 neutron-periodic-workers[106258]: DEBUG dbcounter [-] [106258] Writing DB stats neutron:SELECT=1 {{(pid=106258) stat_writer /opt/stack/data/venv/lib/python3.12/site-packages/dbcounter.py:115}}
Apr 27 12:57:51.979398 np0000170557 neutron-periodic-workers[106253]: DEBUG oslo.service.backend._threading.loopingcall [None req-f3826876-9b7a-493a-a184-abf79cb81afa None None] Fixed interval looping call 'neutron.plugins.ml2.plugin.DhcpAgentSchedulerDbMixin.remove_networks_from_down_agents' sleeping for 36.99 seconds {{(pid=106253) _run_loop /opt/stack/data/venv/lib/python3.12/site-packages/oslo_service/backend/_threading/loopingcall.py:125}}
Apr 27 12:58:01.978442 np0000170557 neutron-periodic-workers[106253]: DEBUG dbcounter [-] [106253] Writing DB stats neutron:SELECT=3 {{(pid=106253) stat_writer /opt/stack/data/venv/lib/python3.12/site-packages/dbcounter.py:115}}
Apr 27 12:58:09.981533 np0000170557 neutron-periodic-workers[106258]: DEBUG neutron.db.agents_db [None req-fb69ff84-e97d-4f38-b767-4a192de4bc76 None None] Agent healthcheck: found 0 active agents {{(pid=106258) agent_health_check /opt/stack/neutron/neutron/db/agents_db.py:317}}
Apr 27 12:58:09.981533 np0000170557 neutron-periodic-workers[106258]: DEBUG oslo.service.backend._threading.loopingcall [None req-fb69ff84-e97d-4f38-b767-4a192de4bc76 None None] Fixed interval looping call 'neutron.plugins.ml2.plugin.AgentDbMixin.agent_health_check' sleeping for 36.99 seconds {{(pid=106258) _run_loop /opt/stack/data/venv/lib/python3.12/site-packages/oslo_service/backend/_threading/loopingcall.py:125}}
Apr 27 12:58:19.979130 np0000170557 neutron-periodic-workers[106258]: DEBUG dbcounter [-] [106258] Writing DB stats neutron:SELECT=1 {{(pid=106258) stat_writer /opt/stack/data/venv/lib/python3.12/site-packages/dbcounter.py:115}}
Apr 27 12:58:28.978203 np0000170557 neutron-periodic-workers[106253]: DEBUG oslo.service.backend._threading.loopingcall [None req-f3826876-9b7a-493a-a184-abf79cb81afa None None] Fixed interval looping call 'neutron.plugins.ml2.plugin.DhcpAgentSchedulerDbMixin.remove_networks_from_down_agents' sleeping for 36.99 seconds {{(pid=106253) _run_loop /opt/stack/data/venv/lib/python3.12/site-packages/oslo_service/backend/_threading/loopingcall.py:125}}
Apr 27 12:58:38.977660 np0000170557 neutron-periodic-workers[106253]: DEBUG dbcounter [-] [106253] Writing DB stats neutron:SELECT=3 {{(pid=106253) stat_writer /opt/stack/data/venv/lib/python3.12/site-packages/dbcounter.py:115}}
Apr 27 12:58:45.009565 np0000170557 neutron-periodic-workers[106271]: DEBUG oslo.service.backend._threading.loopingcall [None req-9c54a0ff-e15d-4b8e-bc86-9769bc503afe None None] Fixed interval looping call 'neutron.db.quota.driver_nolock.DbQuotaNoLockDriver._remove_expired_reservations' sleeping for 119.99 seconds {{(pid=106271) _run_loop /opt/stack/data/venv/lib/python3.12/site-packages/oslo_service/backend/_threading/loopingcall.py:125}}
Apr 27 12:58:46.976817 np0000170557 neutron-periodic-workers[106258]: DEBUG neutron.db.agents_db [None req-fb69ff84-e97d-4f38-b767-4a192de4bc76 None None] Agent healthcheck: found 0 active agents {{(pid=106258) agent_health_check /opt/stack/neutron/neutron/db/agents_db.py:317}}
Apr 27 12:58:46.977905 np0000170557 neutron-periodic-workers[106258]: DEBUG oslo.service.backend._threading.loopingcall [None req-fb69ff84-e97d-4f38-b767-4a192de4bc76 None None] Fixed interval looping call 'neutron.plugins.ml2.plugin.AgentDbMixin.agent_health_check' sleeping for 36.99 seconds {{(pid=106258) _run_loop /opt/stack/data/venv/lib/python3.12/site-packages/oslo_service/backend/_threading/loopingcall.py:125}}
Apr 27 12:58:55.008217 np0000170557 neutron-periodic-workers[106271]: DEBUG dbcounter [-] [106271] Writing DB stats neutron:DELETE=1 {{(pid=106271) stat_writer /opt/stack/data/venv/lib/python3.12/site-packages/dbcounter.py:115}}
Apr 27 12:58:56.976502 np0000170557 neutron-periodic-workers[106258]: DEBUG dbcounter [-] [106258] Writing DB stats neutron:SELECT=1 {{(pid=106258) stat_writer /opt/stack/data/venv/lib/python3.12/site-packages/dbcounter.py:115}}
Apr 27 12:59:05.978306 np0000170557 neutron-periodic-workers[106253]: DEBUG oslo.service.backend._threading.loopingcall [None req-f3826876-9b7a-493a-a184-abf79cb81afa None None] Fixed interval looping call 'neutron.plugins.ml2.plugin.DhcpAgentSchedulerDbMixin.remove_networks_from_down_agents' sleeping for 36.99 seconds {{(pid=106253) _run_loop /opt/stack/data/venv/lib/python3.12/site-packages/oslo_service/backend/_threading/loopingcall.py:125}}
Apr 27 12:59:15.977504 np0000170557 neutron-periodic-workers[106253]: DEBUG dbcounter [-] [106253] Writing DB stats neutron:SELECT=3 {{(pid=106253) stat_writer /opt/stack/data/venv/lib/python3.12/site-packages/dbcounter.py:115}}
Apr 27 12:59:23.972752 np0000170557 neutron-periodic-workers[106258]: DEBUG neutron.db.agents_db [None req-fb69ff84-e97d-4f38-b767-4a192de4bc76 None None] Agent healthcheck: found 0 active agents {{(pid=106258) agent_health_check /opt/stack/neutron/neutron/db/agents_db.py:317}}
Apr 27 12:59:23.973496 np0000170557 neutron-periodic-workers[106258]: DEBUG oslo.service.backend._threading.loopingcall [None req-fb69ff84-e97d-4f38-b767-4a192de4bc76 None None] Fixed interval looping call 'neutron.plugins.ml2.plugin.AgentDbMixin.agent_health_check' sleeping for 36.99 seconds {{(pid=106258) _run_loop /opt/stack/data/venv/lib/python3.12/site-packages/oslo_service/backend/_threading/loopingcall.py:125}}
Apr 27 12:59:33.971018 np0000170557 neutron-periodic-workers[106258]: DEBUG dbcounter [-] [106258] Writing DB stats neutron:SELECT=1 {{(pid=106258) stat_writer /opt/stack/data/venv/lib/python3.12/site-packages/dbcounter.py:115}}
Apr 27 12:59:42.979615 np0000170557 neutron-periodic-workers[106253]: DEBUG oslo.service.backend._threading.loopingcall [None req-f3826876-9b7a-493a-a184-abf79cb81afa None None] Fixed interval looping call 'neutron.plugins.ml2.plugin.DhcpAgentSchedulerDbMixin.remove_networks_from_down_agents' sleeping for 36.99 seconds {{(pid=106253) _run_loop /opt/stack/data/venv/lib/python3.12/site-packages/oslo_service/backend/_threading/loopingcall.py:125}}
Apr 27 12:59:52.977595 np0000170557 neutron-periodic-workers[106253]: DEBUG dbcounter [-] [106253] Writing DB stats neutron:SELECT=3 {{(pid=106253) stat_writer /opt/stack/data/venv/lib/python3.12/site-packages/dbcounter.py:115}}
Apr 27 13:00:00.970081 np0000170557 neutron-periodic-workers[106258]: DEBUG neutron.db.agents_db [None req-fb69ff84-e97d-4f38-b767-4a192de4bc76 None None] Agent healthcheck: found 0 active agents {{(pid=106258) agent_health_check /opt/stack/neutron/neutron/db/agents_db.py:317}}
Apr 27 13:00:00.970941 np0000170557 neutron-periodic-workers[106258]: DEBUG oslo.service.backend._threading.loopingcall [None req-fb69ff84-e97d-4f38-b767-4a192de4bc76 None None] Fixed interval looping call 'neutron.plugins.ml2.plugin.AgentDbMixin.agent_health_check' sleeping for 36.99 seconds {{(pid=106258) _run_loop /opt/stack/data/venv/lib/python3.12/site-packages/oslo_service/backend/_threading/loopingcall.py:125}}
Apr 27 13:00:10.967928 np0000170557 neutron-periodic-workers[106258]: DEBUG dbcounter [-] [106258] Writing DB stats neutron:SELECT=1 {{(pid=106258) stat_writer /opt/stack/data/venv/lib/python3.12/site-packages/dbcounter.py:115}}
Apr 27 13:00:19.979735 np0000170557 neutron-periodic-workers[106253]: DEBUG oslo.service.backend._threading.loopingcall [None req-f3826876-9b7a-493a-a184-abf79cb81afa None None] Fixed interval looping call 'neutron.plugins.ml2.plugin.DhcpAgentSchedulerDbMixin.remove_networks_from_down_agents' sleeping for 36.99 seconds {{(pid=106253) _run_loop /opt/stack/data/venv/lib/python3.12/site-packages/oslo_service/backend/_threading/loopingcall.py:125}}
Apr 27 13:00:29.980310 np0000170557 neutron-periodic-workers[106253]: DEBUG dbcounter [-] [106253] Writing DB stats neutron:SELECT=3 {{(pid=106253) stat_writer /opt/stack/data/venv/lib/python3.12/site-packages/dbcounter.py:115}}
Apr 27 13:00:37.967281 np0000170557 neutron-periodic-workers[106258]: DEBUG neutron.db.agents_db [None req-fb69ff84-e97d-4f38-b767-4a192de4bc76 None None] Agent healthcheck: found 0 active agents {{(pid=106258) agent_health_check /opt/stack/neutron/neutron/db/agents_db.py:317}}
Apr 27 13:00:37.968224 np0000170557 neutron-periodic-workers[106258]: DEBUG oslo.service.backend._threading.loopingcall [None req-fb69ff84-e97d-4f38-b767-4a192de4bc76 None None] Fixed interval looping call 'neutron.plugins.ml2.plugin.AgentDbMixin.agent_health_check' sleeping for 36.99 seconds {{(pid=106258) _run_loop /opt/stack/data/venv/lib/python3.12/site-packages/oslo_service/backend/_threading/loopingcall.py:125}}
Apr 27 13:00:45.004661 np0000170557 neutron-periodic-workers[106271]: DEBUG oslo.service.backend._threading.loopingcall [None req-9c54a0ff-e15d-4b8e-bc86-9769bc503afe None None] Fixed interval looping call 'neutron.db.quota.driver_nolock.DbQuotaNoLockDriver._remove_expired_reservations' sleeping for 120.00 seconds {{(pid=106271) _run_loop /opt/stack/data/venv/lib/python3.12/site-packages/oslo_service/backend/_threading/loopingcall.py:125}}
Apr 27 13:00:47.964474 np0000170557 neutron-periodic-workers[106258]: DEBUG dbcounter [-] [106258] Writing DB stats neutron:SELECT=1 {{(pid=106258) stat_writer /opt/stack/data/venv/lib/python3.12/site-packages/dbcounter.py:115}}
Apr 27 13:00:55.003261 np0000170557 neutron-periodic-workers[106271]: DEBUG dbcounter [-] [106271] Writing DB stats neutron:DELETE=1 {{(pid=106271) stat_writer /opt/stack/data/venv/lib/python3.12/site-packages/dbcounter.py:115}}
Apr 27 13:00:56.981647 np0000170557 neutron-periodic-workers[106253]: DEBUG oslo.service.backend._threading.loopingcall [None req-f3826876-9b7a-493a-a184-abf79cb81afa None None] Fixed interval looping call 'neutron.plugins.ml2.plugin.DhcpAgentSchedulerDbMixin.remove_networks_from_down_agents' sleeping for 36.99 seconds {{(pid=106253) _run_loop /opt/stack/data/venv/lib/python3.12/site-packages/oslo_service/backend/_threading/loopingcall.py:125}}
Apr 27 13:01:06.981583 np0000170557 neutron-periodic-workers[106253]: DEBUG dbcounter [-] [106253] Writing DB stats neutron:SELECT=3 {{(pid=106253) stat_writer /opt/stack/data/venv/lib/python3.12/site-packages/dbcounter.py:115}}
Apr 27 13:01:14.963895 np0000170557 neutron-periodic-workers[106258]: DEBUG neutron.db.agents_db [None req-fb69ff84-e97d-4f38-b767-4a192de4bc76 None None] Agent healthcheck: found 0 active agents {{(pid=106258) agent_health_check /opt/stack/neutron/neutron/db/agents_db.py:317}}
Apr 27 13:01:14.964716 np0000170557 neutron-periodic-workers[106258]: DEBUG oslo.service.backend._threading.loopingcall [None req-fb69ff84-e97d-4f38-b767-4a192de4bc76 None None] Fixed interval looping call 'neutron.plugins.ml2.plugin.AgentDbMixin.agent_health_check' sleeping for 36.99 seconds {{(pid=106258) _run_loop /opt/stack/data/venv/lib/python3.12/site-packages/oslo_service/backend/_threading/loopingcall.py:125}}
Apr 27 13:01:24.961808 np0000170557 neutron-periodic-workers[106258]: DEBUG dbcounter [-] [106258] Writing DB stats neutron:SELECT=1 {{(pid=106258) stat_writer /opt/stack/data/venv/lib/python3.12/site-packages/dbcounter.py:115}}
