Mar 03 22:56:09.617436 np0000157723 systemd[1]: Starting devstack@n-api-meta.service - Devstack devstack@n-api-meta.service...
Mar 03 22:56:09.626689 np0000157723 devstack@n-api-meta.service[108434]: [uWSGI] getting INI configuration from /etc/nova/nova-metadata-uwsgi.ini
Mar 03 22:56:09.626689 np0000157723 devstack@n-api-meta.service[108434]: open("./http_plugin.so"): No such file or directory [core/utils.c line 3709]
Mar 03 22:56:09.626689 np0000157723 devstack@n-api-meta.service[108434]: !!! UNABLE to load uWSGI plugin: ./http_plugin.so: cannot open shared object file: No such file or directory !!!
Mar 03 22:56:09.626689 np0000157723 devstack@n-api-meta.service[108434]: open("./python3_plugin.so"): No such file or directory [core/utils.c line 3709]
Mar 03 22:56:09.626689 np0000157723 devstack@n-api-meta.service[108434]: !!! UNABLE to load uWSGI plugin: ./python3_plugin.so: cannot open shared object file: No such file or directory !!!
Mar 03 22:56:09.627709 np0000157723 devstack@n-api-meta.service[108434]: *** Starting uWSGI 2.0.31 (64bit) on [Tue Mar 3 22:56:09 2026] ***
Mar 03 22:56:09.627709 np0000157723 devstack@n-api-meta.service[108434]: compiled with version: 13.3.0 on 03 March 2026 22:46:14
Mar 03 22:56:09.627709 np0000157723 devstack@n-api-meta.service[108434]: os: Linux-6.8.0-101-generic #101-Ubuntu SMP PREEMPT_DYNAMIC Mon Feb 9 10:15:05 UTC 2026
Mar 03 22:56:09.627709 np0000157723 devstack@n-api-meta.service[108434]: nodename: np0000157723
Mar 03 22:56:09.627709 np0000157723 devstack@n-api-meta.service[108434]: machine: x86_64
Mar 03 22:56:09.627709 np0000157723 devstack@n-api-meta.service[108434]: clock source: unix
Mar 03 22:56:09.627709 np0000157723 devstack@n-api-meta.service[108434]: pcre jit disabled
Mar 03 22:56:09.627709 np0000157723 devstack@n-api-meta.service[108434]: detected number of CPU cores: 16
Mar 03 22:56:09.627709 np0000157723 devstack@n-api-meta.service[108434]: current working directory: /
Mar 03 22:56:09.627709 np0000157723 devstack@n-api-meta.service[108434]: detected binary path: /opt/stack/data/venv/bin/uwsgi
Mar 03 22:56:09.627709 np0000157723 devstack@n-api-meta.service[108434]: your processes number limit is 256923
Mar 03 22:56:09.627709 np0000157723 devstack@n-api-meta.service[108434]: your memory page size is 4096 bytes
Mar 03 22:56:09.627709 np0000157723 devstack@n-api-meta.service[108434]: detected max file descriptor number: 2048
Mar 03 22:56:09.627709 np0000157723 devstack@n-api-meta.service[108434]: lock engine: pthread robust mutexes
Mar 03 22:56:09.627709 np0000157723 devstack@n-api-meta.service[108434]: thunder lock: enabled
Mar 03 22:56:09.627709 np0000157723 devstack@n-api-meta.service[108434]: uWSGI http bound on 0.0.0.0:8775 fd 5
Mar 03 22:56:09.627709 np0000157723 devstack@n-api-meta.service[108434]: uwsgi socket 0 bound to TCP address 127.0.0.1:45155 (port auto-assigned) fd 4
Mar 03 22:56:09.627709 np0000157723 devstack@n-api-meta.service[108434]: Python version: 3.12.3 (main, Jan 22 2026, 20:57:42) [GCC 13.3.0]
Mar 03 22:56:09.627709 np0000157723 devstack@n-api-meta.service[108434]: PEP 405 virtualenv detected: /opt/stack/data/venv
Mar 03 22:56:09.627709 np0000157723 devstack@n-api-meta.service[108434]: Set PythonHome to /opt/stack/data/venv
Mar 03 22:56:09.664199 np0000157723 devstack@n-api-meta.service[108434]: Python main interpreter initialized at 0x793fb7ea3668
Mar 03 22:56:09.664199 np0000157723 devstack@n-api-meta.service[108434]: python threads support enabled
Mar 03 22:56:09.664199 np0000157723 devstack@n-api-meta.service[108434]: your server socket listen backlog is limited to 100 connections
Mar 03 22:56:09.664199 np0000157723 devstack@n-api-meta.service[108434]: your mercy for graceful operations on workers is 80 seconds
Mar 03 22:56:09.664690 np0000157723 devstack@n-api-meta.service[108434]: mapped 671795 bytes (656 KB) for 4 cores
Mar 03 22:56:09.664875 np0000157723 devstack@n-api-meta.service[108434]: *** Operational MODE: preforking ***
Mar 03 22:56:09.665091 np0000157723 devstack@n-api-meta.service[108434]: *** uWSGI is running in multiple interpreter mode ***
Mar 03 22:56:09.665091 np0000157723 devstack@n-api-meta.service[108434]: spawned uWSGI master process (pid: 108434)
Mar 03 22:56:09.665431 np0000157723 systemd[1]: Started devstack@n-api-meta.service - Devstack devstack@n-api-meta.service.
Mar 03 22:56:09.665692 np0000157723 devstack@n-api-meta.service[108434]: spawned uWSGI worker 1 (pid: 108435, cores: 1)
Mar 03 22:56:09.666343 np0000157723 devstack@n-api-meta.service[108434]: spawned uWSGI worker 2 (pid: 108436, cores: 1)
Mar 03 22:56:09.666798 np0000157723 devstack@n-api-meta.service[108434]: spawned uWSGI worker 3 (pid: 108437, cores: 1)
Mar 03 22:56:09.667251 np0000157723 devstack@n-api-meta.service[108434]: spawned uWSGI worker 4 (pid: 108438, cores: 1)
Mar 03 22:56:09.667733 np0000157723 devstack@n-api-meta.service[108434]: spawned uWSGI http 1 (pid: 108439)
Mar 03 22:56:09.667733 np0000157723 devstack@n-api-meta.service[108434]: running "unix_signal:15 gracefully_kill_them_all" (master-start)...
Mar 03 22:56:10.004187 np0000157723 devstack@n-api-meta.service[108435]: Service is starting with native threading. This is currently experimental. Do not use it in production without first testing it in pre-production.
Mar 03 22:56:10.008138 np0000157723 devstack@n-api-meta.service[108437]: Service is starting with native threading. This is currently experimental. Do not use it in production without first testing it in pre-production.
Mar 03 22:56:10.038385 np0000157723 devstack@n-api-meta.service[108438]: Service is starting with native threading. This is currently experimental. Do not use it in production without first testing it in pre-production.
Mar 03 22:56:10.049659 np0000157723 devstack@n-api-meta.service[108436]: Service is starting with native threading. This is currently experimental. Do not use it in production without first testing it in pre-production.
Mar 03 22:56:11.361983 np0000157723 devstack@n-api-meta.service[108435]: INFO dbcounter [None req-9e6b530c-10b1-44c5-b8e4-eeab37d99f9c None None] Registered counter for database nova_api
Mar 03 22:56:11.375718 np0000157723 devstack@n-api-meta.service[108435]: DEBUG oslo_db.sqlalchemy.engines [None req-9e6b530c-10b1-44c5-b8e4-eeab37d99f9c None None] MySQL server mode set to STRICT_TRANS_TABLES,STRICT_ALL_TABLES,NO_ZERO_IN_DATE,NO_ZERO_DATE,ERROR_FOR_DIVISION_BY_ZERO,TRADITIONAL,NO_ENGINE_SUBSTITUTION {{(pid=108435) _check_effective_sql_mode /opt/stack/data/venv/lib/python3.12/site-packages/oslo_db/sqlalchemy/engines.py:325}}
Mar 03 22:56:11.400100 np0000157723 devstack@n-api-meta.service[108438]: INFO dbcounter [None req-02df365a-0878-4666-a8a7-a109ff07e16d None None] Registered counter for database nova_api
Mar 03 22:56:11.408793 np0000157723 devstack@n-api-meta.service[108435]: DEBUG dbcounter [-] [108435] Writer thread running {{(pid=108435) stat_writer /opt/stack/data/venv/lib/python3.12/site-packages/dbcounter.py:102}}
Mar 03 22:56:11.411254 np0000157723 devstack@n-api-meta.service[108435]: DEBUG nova.context [None req-9e6b530c-10b1-44c5-b8e4-eeab37d99f9c None None] Found 2 cells: 00000000-0000-0000-0000-000000000000(cell0),d7e565b7-81e8-487f-a183-20b8d0fd876b(cell1) {{(pid=108435) load_cells /opt/stack/nova/nova/context.py:509}}
Mar 03 22:56:11.411479 np0000157723 devstack@n-api-meta.service[108435]: INFO nova.utils [None req-9e6b530c-10b1-44c5-b8e4-eeab37d99f9c None None] The cell worker thread pool MainProcess.cell_worker is initialized
Mar 03 22:56:11.413292 np0000157723 devstack@n-api-meta.service[108435]: DEBUG oslo_concurrency.lockutils [None req-9e6b530c-10b1-44c5-b8e4-eeab37d99f9c None None] Acquiring lock "00000000-0000-0000-0000-000000000000" by "nova.context.set_target_cell..get_or_set_cached_cell_and_set_connections" {{(pid=108435) inner /opt/stack/data/venv/lib/python3.12/site-packages/oslo_concurrency/lockutils.py:506}}
Mar 03 22:56:11.413425 np0000157723 devstack@n-api-meta.service[108435]: DEBUG oslo_concurrency.lockutils [None req-9e6b530c-10b1-44c5-b8e4-eeab37d99f9c None None] Lock "00000000-0000-0000-0000-000000000000" acquired by "nova.context.set_target_cell..get_or_set_cached_cell_and_set_connections" :: waited 0.000s {{(pid=108435) inner /opt/stack/data/venv/lib/python3.12/site-packages/oslo_concurrency/lockutils.py:519}}
Mar 03 22:56:11.413799 np0000157723 devstack@n-api-meta.service[108435]: DEBUG oslo_concurrency.lockutils [None req-9e6b530c-10b1-44c5-b8e4-eeab37d99f9c None None] Lock "00000000-0000-0000-0000-000000000000" "released" by "nova.context.set_target_cell..get_or_set_cached_cell_and_set_connections" :: held 0.000s {{(pid=108435) inner /opt/stack/data/venv/lib/python3.12/site-packages/oslo_concurrency/lockutils.py:538}}
Mar 03 22:56:11.414672 np0000157723 devstack@n-api-meta.service[108435]: DEBUG oslo_concurrency.lockutils [None req-9e6b530c-10b1-44c5-b8e4-eeab37d99f9c None None] Acquiring lock "d7e565b7-81e8-487f-a183-20b8d0fd876b" by "nova.context.set_target_cell..get_or_set_cached_cell_and_set_connections" {{(pid=108435) inner /opt/stack/data/venv/lib/python3.12/site-packages/oslo_concurrency/lockutils.py:506}}
Mar 03 22:56:11.414835 np0000157723 devstack@n-api-meta.service[108435]: DEBUG oslo_concurrency.lockutils [None req-9e6b530c-10b1-44c5-b8e4-eeab37d99f9c None None] Lock "d7e565b7-81e8-487f-a183-20b8d0fd876b" acquired by "nova.context.set_target_cell..get_or_set_cached_cell_and_set_connections" :: waited 0.000s {{(pid=108435) inner /opt/stack/data/venv/lib/python3.12/site-packages/oslo_concurrency/lockutils.py:519}}
Mar 03 22:56:11.415622 np0000157723 devstack@n-api-meta.service[108435]: DEBUG oslo_concurrency.lockutils [None req-9e6b530c-10b1-44c5-b8e4-eeab37d99f9c None None] Lock "d7e565b7-81e8-487f-a183-20b8d0fd876b" "released" by "nova.context.set_target_cell..get_or_set_cached_cell_and_set_connections" :: held 0.001s {{(pid=108435) inner /opt/stack/data/venv/lib/python3.12/site-packages/oslo_concurrency/lockutils.py:538}}
Mar 03 22:56:11.417981 np0000157723 devstack@n-api-meta.service[108438]: DEBUG oslo_db.sqlalchemy.engines [None req-02df365a-0878-4666-a8a7-a109ff07e16d None None] MySQL server mode set to STRICT_TRANS_TABLES,STRICT_ALL_TABLES,NO_ZERO_IN_DATE,NO_ZERO_DATE,ERROR_FOR_DIVISION_BY_ZERO,TRADITIONAL,NO_ENGINE_SUBSTITUTION {{(pid=108438) _check_effective_sql_mode /opt/stack/data/venv/lib/python3.12/site-packages/oslo_db/sqlalchemy/engines.py:325}}
Mar 03 22:56:11.418230 np0000157723 devstack@n-api-meta.service[108435]: INFO dbcounter [None req-9e6b530c-10b1-44c5-b8e4-eeab37d99f9c None None] Registered counter for database nova_cell0
Mar 03 22:56:11.421365 np0000157723 devstack@n-api-meta.service[108437]: INFO dbcounter [None req-91a2be3d-c02b-435d-a702-5360ee91a455 None None] Registered counter for database nova_api
Mar 03 22:56:11.424552 np0000157723 devstack@n-api-meta.service[108435]: INFO dbcounter [None req-9e6b530c-10b1-44c5-b8e4-eeab37d99f9c None None] Registered counter for database nova_cell1
Mar 03 22:56:11.431052 np0000157723 devstack@n-api-meta.service[108436]: INFO dbcounter [None req-8159ef20-3283-4649-9239-459dbd7ed434 None None] Registered counter for database nova_api
Mar 03 22:56:11.434333 np0000157723 devstack@n-api-meta.service[108435]: DEBUG oslo_db.sqlalchemy.engines [None req-9e6b530c-10b1-44c5-b8e4-eeab37d99f9c None None] MySQL server mode set to STRICT_TRANS_TABLES,STRICT_ALL_TABLES,NO_ZERO_IN_DATE,NO_ZERO_DATE,ERROR_FOR_DIVISION_BY_ZERO,TRADITIONAL,NO_ENGINE_SUBSTITUTION {{(pid=108435) _check_effective_sql_mode /opt/stack/data/venv/lib/python3.12/site-packages/oslo_db/sqlalchemy/engines.py:325}}
Mar 03 22:56:11.442613 np0000157723 devstack@n-api-meta.service[108435]: DEBUG oslo_db.sqlalchemy.engines [None req-9e6b530c-10b1-44c5-b8e4-eeab37d99f9c None None] MySQL server mode set to STRICT_TRANS_TABLES,STRICT_ALL_TABLES,NO_ZERO_IN_DATE,NO_ZERO_DATE,ERROR_FOR_DIVISION_BY_ZERO,TRADITIONAL,NO_ENGINE_SUBSTITUTION {{(pid=108435) _check_effective_sql_mode /opt/stack/data/venv/lib/python3.12/site-packages/oslo_db/sqlalchemy/engines.py:325}}
Mar 03 22:56:11.446675 np0000157723 devstack@n-api-meta.service[108437]: DEBUG oslo_db.sqlalchemy.engines [None req-91a2be3d-c02b-435d-a702-5360ee91a455 None None] MySQL server mode set to STRICT_TRANS_TABLES,STRICT_ALL_TABLES,NO_ZERO_IN_DATE,NO_ZERO_DATE,ERROR_FOR_DIVISION_BY_ZERO,TRADITIONAL,NO_ENGINE_SUBSTITUTION {{(pid=108437) _check_effective_sql_mode /opt/stack/data/venv/lib/python3.12/site-packages/oslo_db/sqlalchemy/engines.py:325}}
Mar 03 22:56:11.452739 np0000157723 devstack@n-api-meta.service[108438]: DEBUG dbcounter [-] [108438] Writer thread running {{(pid=108438) stat_writer /opt/stack/data/venv/lib/python3.12/site-packages/dbcounter.py:102}}
Mar 03 22:56:11.452853 np0000157723 devstack@n-api-meta.service[108436]: DEBUG oslo_db.sqlalchemy.engines [None req-8159ef20-3283-4649-9239-459dbd7ed434 None None] MySQL server mode set to STRICT_TRANS_TABLES,STRICT_ALL_TABLES,NO_ZERO_IN_DATE,NO_ZERO_DATE,ERROR_FOR_DIVISION_BY_ZERO,TRADITIONAL,NO_ENGINE_SUBSTITUTION {{(pid=108436) _check_effective_sql_mode /opt/stack/data/venv/lib/python3.12/site-packages/oslo_db/sqlalchemy/engines.py:325}}
Mar 03 22:56:11.455258 np0000157723 devstack@n-api-meta.service[108438]: DEBUG nova.context [None req-02df365a-0878-4666-a8a7-a109ff07e16d None None] Found 2 cells: 00000000-0000-0000-0000-000000000000(cell0),d7e565b7-81e8-487f-a183-20b8d0fd876b(cell1) {{(pid=108438) load_cells /opt/stack/nova/nova/context.py:509}}
Mar 03 22:56:11.455479 np0000157723 devstack@n-api-meta.service[108438]: INFO nova.utils [None req-02df365a-0878-4666-a8a7-a109ff07e16d None None] The cell worker thread pool MainProcess.cell_worker is initialized
Mar 03 22:56:11.457237 np0000157723 devstack@n-api-meta.service[108438]: DEBUG oslo_concurrency.lockutils [None req-02df365a-0878-4666-a8a7-a109ff07e16d None None] Acquiring lock "00000000-0000-0000-0000-000000000000" by "nova.context.set_target_cell..get_or_set_cached_cell_and_set_connections" {{(pid=108438) inner /opt/stack/data/venv/lib/python3.12/site-packages/oslo_concurrency/lockutils.py:506}}
Mar 03 22:56:11.457395 np0000157723 devstack@n-api-meta.service[108438]: DEBUG oslo_concurrency.lockutils [None req-02df365a-0878-4666-a8a7-a109ff07e16d None None] Lock "00000000-0000-0000-0000-000000000000" acquired by "nova.context.set_target_cell..get_or_set_cached_cell_and_set_connections" :: waited 0.000s {{(pid=108438) inner /opt/stack/data/venv/lib/python3.12/site-packages/oslo_concurrency/lockutils.py:519}}
Mar 03 22:56:11.457745 np0000157723 devstack@n-api-meta.service[108438]: DEBUG oslo_concurrency.lockutils [None req-02df365a-0878-4666-a8a7-a109ff07e16d None None] Lock "00000000-0000-0000-0000-000000000000" "released" by "nova.context.set_target_cell..get_or_set_cached_cell_and_set_connections" :: held 0.000s {{(pid=108438) inner /opt/stack/data/venv/lib/python3.12/site-packages/oslo_concurrency/lockutils.py:538}}
Mar 03 22:56:11.458404 np0000157723 devstack@n-api-meta.service[108438]: DEBUG oslo_concurrency.lockutils [None req-02df365a-0878-4666-a8a7-a109ff07e16d None None] Acquiring lock "d7e565b7-81e8-487f-a183-20b8d0fd876b" by "nova.context.set_target_cell..get_or_set_cached_cell_and_set_connections" {{(pid=108438) inner /opt/stack/data/venv/lib/python3.12/site-packages/oslo_concurrency/lockutils.py:506}}
Mar 03 22:56:11.458550 np0000157723 devstack@n-api-meta.service[108438]: DEBUG oslo_concurrency.lockutils [None req-02df365a-0878-4666-a8a7-a109ff07e16d None None] Lock "d7e565b7-81e8-487f-a183-20b8d0fd876b" acquired by "nova.context.set_target_cell..get_or_set_cached_cell_and_set_connections" :: waited 0.000s {{(pid=108438) inner /opt/stack/data/venv/lib/python3.12/site-packages/oslo_concurrency/lockutils.py:519}}
Mar 03 22:56:11.459379 np0000157723 devstack@n-api-meta.service[108438]: DEBUG oslo_concurrency.lockutils [None req-02df365a-0878-4666-a8a7-a109ff07e16d None None] Lock "d7e565b7-81e8-487f-a183-20b8d0fd876b" "released" by "nova.context.set_target_cell..get_or_set_cached_cell_and_set_connections" :: held 0.001s {{(pid=108438) inner /opt/stack/data/venv/lib/python3.12/site-packages/oslo_concurrency/lockutils.py:538}}
Mar 03 22:56:11.462480 np0000157723 devstack@n-api-meta.service[108438]: INFO dbcounter [None req-02df365a-0878-4666-a8a7-a109ff07e16d None None] Registered counter for database nova_cell0
Mar 03 22:56:11.468255 np0000157723 devstack@n-api-meta.service[108438]: INFO dbcounter [None req-02df365a-0878-4666-a8a7-a109ff07e16d None None] Registered counter for database nova_cell1
Mar 03 22:56:11.478193 np0000157723 devstack@n-api-meta.service[108438]: DEBUG oslo_db.sqlalchemy.engines [None req-02df365a-0878-4666-a8a7-a109ff07e16d None None] MySQL server mode set to STRICT_TRANS_TABLES,STRICT_ALL_TABLES,NO_ZERO_IN_DATE,NO_ZERO_DATE,ERROR_FOR_DIVISION_BY_ZERO,TRADITIONAL,NO_ENGINE_SUBSTITUTION {{(pid=108438) _check_effective_sql_mode /opt/stack/data/venv/lib/python3.12/site-packages/oslo_db/sqlalchemy/engines.py:325}}
Mar 03 22:56:11.480391 np0000157723 devstack@n-api-meta.service[108437]: DEBUG dbcounter [-] [108437] Writer thread running {{(pid=108437) stat_writer /opt/stack/data/venv/lib/python3.12/site-packages/dbcounter.py:102}}
Mar 03 22:56:11.482733 np0000157723 devstack@n-api-meta.service[108437]: DEBUG nova.context [None req-91a2be3d-c02b-435d-a702-5360ee91a455 None None] Found 2 cells: 00000000-0000-0000-0000-000000000000(cell0),d7e565b7-81e8-487f-a183-20b8d0fd876b(cell1) {{(pid=108437) load_cells /opt/stack/nova/nova/context.py:509}}
Mar 03 22:56:11.482967 np0000157723 devstack@n-api-meta.service[108437]: INFO nova.utils [None req-91a2be3d-c02b-435d-a702-5360ee91a455 None None] The cell worker thread pool MainProcess.cell_worker is initialized
Mar 03 22:56:11.483074 np0000157723 devstack@n-api-meta.service[108438]: DEBUG oslo_db.sqlalchemy.engines [None req-02df365a-0878-4666-a8a7-a109ff07e16d None None] MySQL server mode set to STRICT_TRANS_TABLES,STRICT_ALL_TABLES,NO_ZERO_IN_DATE,NO_ZERO_DATE,ERROR_FOR_DIVISION_BY_ZERO,TRADITIONAL,NO_ENGINE_SUBSTITUTION {{(pid=108438) _check_effective_sql_mode /opt/stack/data/venv/lib/python3.12/site-packages/oslo_db/sqlalchemy/engines.py:325}}
Mar 03 22:56:11.484696 np0000157723 devstack@n-api-meta.service[108437]: DEBUG oslo_concurrency.lockutils [None req-91a2be3d-c02b-435d-a702-5360ee91a455 None None] Acquiring lock "00000000-0000-0000-0000-000000000000" by "nova.context.set_target_cell..get_or_set_cached_cell_and_set_connections" {{(pid=108437) inner /opt/stack/data/venv/lib/python3.12/site-packages/oslo_concurrency/lockutils.py:506}}
Mar 03 22:56:11.484871 np0000157723 devstack@n-api-meta.service[108437]: DEBUG oslo_concurrency.lockutils [None req-91a2be3d-c02b-435d-a702-5360ee91a455 None None] Lock "00000000-0000-0000-0000-000000000000" acquired by "nova.context.set_target_cell..get_or_set_cached_cell_and_set_connections" :: waited 0.000s {{(pid=108437) inner /opt/stack/data/venv/lib/python3.12/site-packages/oslo_concurrency/lockutils.py:519}}
Mar 03 22:56:11.485224 np0000157723 devstack@n-api-meta.service[108437]: DEBUG oslo_concurrency.lockutils [None req-91a2be3d-c02b-435d-a702-5360ee91a455 None None] Lock "00000000-0000-0000-0000-000000000000" "released" by "nova.context.set_target_cell..get_or_set_cached_cell_and_set_connections" :: held 0.000s {{(pid=108437) inner /opt/stack/data/venv/lib/python3.12/site-packages/oslo_concurrency/lockutils.py:538}}
Mar 03 22:56:11.485983 np0000157723 devstack@n-api-meta.service[108437]: DEBUG oslo_concurrency.lockutils [None req-91a2be3d-c02b-435d-a702-5360ee91a455 None None] Acquiring lock "d7e565b7-81e8-487f-a183-20b8d0fd876b" by "nova.context.set_target_cell..get_or_set_cached_cell_and_set_connections" {{(pid=108437) inner /opt/stack/data/venv/lib/python3.12/site-packages/oslo_concurrency/lockutils.py:506}}
Mar 03 22:56:11.486118 np0000157723 devstack@n-api-meta.service[108437]: DEBUG oslo_concurrency.lockutils [None req-91a2be3d-c02b-435d-a702-5360ee91a455 None None] Lock "d7e565b7-81e8-487f-a183-20b8d0fd876b" acquired by "nova.context.set_target_cell..get_or_set_cached_cell_and_set_connections" :: waited 0.000s {{(pid=108437) inner /opt/stack/data/venv/lib/python3.12/site-packages/oslo_concurrency/lockutils.py:519}}
Mar 03 22:56:11.486976 np0000157723 devstack@n-api-meta.service[108437]: DEBUG oslo_concurrency.lockutils [None req-91a2be3d-c02b-435d-a702-5360ee91a455 None None] Lock "d7e565b7-81e8-487f-a183-20b8d0fd876b" "released" by "nova.context.set_target_cell..get_or_set_cached_cell_and_set_connections" :: held 0.001s {{(pid=108437) inner /opt/stack/data/venv/lib/python3.12/site-packages/oslo_concurrency/lockutils.py:538}}
Mar 03 22:56:11.489382 np0000157723 devstack@n-api-meta.service[108436]: DEBUG dbcounter [-] [108436] Writer thread running {{(pid=108436) stat_writer /opt/stack/data/venv/lib/python3.12/site-packages/dbcounter.py:102}}
Mar 03 22:56:11.489937 np0000157723 devstack@n-api-meta.service[108437]: INFO dbcounter [None req-91a2be3d-c02b-435d-a702-5360ee91a455 None None] Registered counter for database nova_cell0
Mar 03 22:56:11.491503 np0000157723 devstack@n-api-meta.service[108436]: DEBUG nova.context [None req-8159ef20-3283-4649-9239-459dbd7ed434 None None] Found 2 cells: 00000000-0000-0000-0000-000000000000(cell0),d7e565b7-81e8-487f-a183-20b8d0fd876b(cell1) {{(pid=108436) load_cells /opt/stack/nova/nova/context.py:509}}
Mar 03 22:56:11.491885 np0000157723 devstack@n-api-meta.service[108436]: INFO nova.utils [None req-8159ef20-3283-4649-9239-459dbd7ed434 None None] The cell worker thread pool MainProcess.cell_worker is initialized
Mar 03 22:56:11.494252 np0000157723 devstack@n-api-meta.service[108436]: DEBUG oslo_concurrency.lockutils [None req-8159ef20-3283-4649-9239-459dbd7ed434 None None] Acquiring lock "00000000-0000-0000-0000-000000000000" by "nova.context.set_target_cell..get_or_set_cached_cell_and_set_connections" {{(pid=108436) inner /opt/stack/data/venv/lib/python3.12/site-packages/oslo_concurrency/lockutils.py:506}}
Mar 03 22:56:11.494479 np0000157723 devstack@n-api-meta.service[108436]: DEBUG oslo_concurrency.lockutils [None req-8159ef20-3283-4649-9239-459dbd7ed434 None None] Lock "00000000-0000-0000-0000-000000000000" acquired by "nova.context.set_target_cell..get_or_set_cached_cell_and_set_connections" :: waited 0.000s {{(pid=108436) inner /opt/stack/data/venv/lib/python3.12/site-packages/oslo_concurrency/lockutils.py:519}}
Mar 03 22:56:11.494991 np0000157723 devstack@n-api-meta.service[108436]: DEBUG oslo_concurrency.lockutils [None req-8159ef20-3283-4649-9239-459dbd7ed434 None None] Lock "00000000-0000-0000-0000-000000000000" "released" by "nova.context.set_target_cell..get_or_set_cached_cell_and_set_connections" :: held 0.001s {{(pid=108436) inner /opt/stack/data/venv/lib/python3.12/site-packages/oslo_concurrency/lockutils.py:538}}
Mar 03 22:56:11.495339 np0000157723 devstack@n-api-meta.service[108437]: INFO dbcounter [None req-91a2be3d-c02b-435d-a702-5360ee91a455 None None] Registered counter for database nova_cell1
Mar 03 22:56:11.495928 np0000157723 devstack@n-api-meta.service[108436]: DEBUG oslo_concurrency.lockutils [None req-8159ef20-3283-4649-9239-459dbd7ed434 None None] Acquiring lock "d7e565b7-81e8-487f-a183-20b8d0fd876b" by "nova.context.set_target_cell..get_or_set_cached_cell_and_set_connections" {{(pid=108436) inner /opt/stack/data/venv/lib/python3.12/site-packages/oslo_concurrency/lockutils.py:506}}
Mar 03 22:56:11.496134 np0000157723 devstack@n-api-meta.service[108436]: DEBUG oslo_concurrency.lockutils [None req-8159ef20-3283-4649-9239-459dbd7ed434 None None] Lock "d7e565b7-81e8-487f-a183-20b8d0fd876b" acquired by "nova.context.set_target_cell..get_or_set_cached_cell_and_set_connections" :: waited 0.000s {{(pid=108436) inner /opt/stack/data/venv/lib/python3.12/site-packages/oslo_concurrency/lockutils.py:519}}
Mar 03 22:56:11.497279 np0000157723 devstack@n-api-meta.service[108436]: DEBUG oslo_concurrency.lockutils [None req-8159ef20-3283-4649-9239-459dbd7ed434 None None] Lock "d7e565b7-81e8-487f-a183-20b8d0fd876b" "released" by "nova.context.set_target_cell..get_or_set_cached_cell_and_set_connections" :: held 0.001s {{(pid=108436) inner /opt/stack/data/venv/lib/python3.12/site-packages/oslo_concurrency/lockutils.py:538}}
Mar 03 22:56:11.500526 np0000157723 devstack@n-api-meta.service[108436]: INFO dbcounter [None req-8159ef20-3283-4649-9239-459dbd7ed434 None None] Registered counter for database nova_cell0
Mar 03 22:56:11.503948 np0000157723 devstack@n-api-meta.service[108437]: DEBUG oslo_db.sqlalchemy.engines [None req-91a2be3d-c02b-435d-a702-5360ee91a455 None None] MySQL server mode set to STRICT_TRANS_TABLES,STRICT_ALL_TABLES,NO_ZERO_IN_DATE,NO_ZERO_DATE,ERROR_FOR_DIVISION_BY_ZERO,TRADITIONAL,NO_ENGINE_SUBSTITUTION {{(pid=108437) _check_effective_sql_mode /opt/stack/data/venv/lib/python3.12/site-packages/oslo_db/sqlalchemy/engines.py:325}}
Mar 03 22:56:11.506493 np0000157723 devstack@n-api-meta.service[108436]: INFO dbcounter [None req-8159ef20-3283-4649-9239-459dbd7ed434 None None] Registered counter for database nova_cell1
Mar 03 22:56:11.515621 np0000157723 devstack@n-api-meta.service[108436]: DEBUG oslo_db.sqlalchemy.engines [None req-8159ef20-3283-4649-9239-459dbd7ed434 None None] MySQL server mode set to STRICT_TRANS_TABLES,STRICT_ALL_TABLES,NO_ZERO_IN_DATE,NO_ZERO_DATE,ERROR_FOR_DIVISION_BY_ZERO,TRADITIONAL,NO_ENGINE_SUBSTITUTION {{(pid=108436) _check_effective_sql_mode /opt/stack/data/venv/lib/python3.12/site-packages/oslo_db/sqlalchemy/engines.py:325}}
Mar 03 22:56:11.517660 np0000157723 devstack@n-api-meta.service[108437]: DEBUG oslo_db.sqlalchemy.engines [None req-91a2be3d-c02b-435d-a702-5360ee91a455 None None] MySQL server mode set to STRICT_TRANS_TABLES,STRICT_ALL_TABLES,NO_ZERO_IN_DATE,NO_ZERO_DATE,ERROR_FOR_DIVISION_BY_ZERO,TRADITIONAL,NO_ENGINE_SUBSTITUTION {{(pid=108437) _check_effective_sql_mode /opt/stack/data/venv/lib/python3.12/site-packages/oslo_db/sqlalchemy/engines.py:325}}
Mar 03 22:56:11.526918 np0000157723 devstack@n-api-meta.service[108436]: DEBUG oslo_db.sqlalchemy.engines [None req-8159ef20-3283-4649-9239-459dbd7ed434 None None] MySQL server mode set to STRICT_TRANS_TABLES,STRICT_ALL_TABLES,NO_ZERO_IN_DATE,NO_ZERO_DATE,ERROR_FOR_DIVISION_BY_ZERO,TRADITIONAL,NO_ENGINE_SUBSTITUTION {{(pid=108436) _check_effective_sql_mode /opt/stack/data/venv/lib/python3.12/site-packages/oslo_db/sqlalchemy/engines.py:325}}
Mar 03 22:56:11.540124 np0000157723 devstack@n-api-meta.service[108435]: DEBUG dbcounter [-] [108435] Writer thread running {{(pid=108435) stat_writer /opt/stack/data/venv/lib/python3.12/site-packages/dbcounter.py:102}}
Mar 03 22:56:11.541913 np0000157723 devstack@n-api-meta.service[108435]: DEBUG dbcounter [-] [108435] Writer thread running {{(pid=108435) stat_writer /opt/stack/data/venv/lib/python3.12/site-packages/dbcounter.py:102}}
Mar 03 22:56:11.545140 np0000157723 devstack@n-api-meta.service[108435]: INFO dbcounter [None req-9e6b530c-10b1-44c5-b8e4-eeab37d99f9c None None] Registered counter for database nova_cell0
Mar 03 22:56:11.555743 np0000157723 devstack@n-api-meta.service[108435]: DEBUG oslo_db.sqlalchemy.engines [None req-9e6b530c-10b1-44c5-b8e4-eeab37d99f9c None None] MySQL server mode set to STRICT_TRANS_TABLES,STRICT_ALL_TABLES,NO_ZERO_IN_DATE,NO_ZERO_DATE,ERROR_FOR_DIVISION_BY_ZERO,TRADITIONAL,NO_ENGINE_SUBSTITUTION {{(pid=108435) _check_effective_sql_mode /opt/stack/data/venv/lib/python3.12/site-packages/oslo_db/sqlalchemy/engines.py:325}}
Mar 03 22:56:11.567156 np0000157723 devstack@n-api-meta.service[108435]: DEBUG dbcounter [-] [108435] Writer thread running {{(pid=108435) stat_writer /opt/stack/data/venv/lib/python3.12/site-packages/dbcounter.py:102}}
Mar 03 22:56:11.588036 np0000157723 devstack@n-api-meta.service[108438]: DEBUG dbcounter [-] [108438] Writer thread running {{(pid=108438) stat_writer /opt/stack/data/venv/lib/python3.12/site-packages/dbcounter.py:102}}
Mar 03 22:56:11.595511 np0000157723 devstack@n-api-meta.service[108438]: DEBUG dbcounter [-] [108438] Writer thread running {{(pid=108438) stat_writer /opt/stack/data/venv/lib/python3.12/site-packages/dbcounter.py:102}}
Mar 03 22:56:11.600345 np0000157723 devstack@n-api-meta.service[108438]: INFO dbcounter [None req-02df365a-0878-4666-a8a7-a109ff07e16d None None] Registered counter for database nova_cell0
Mar 03 22:56:11.605491 np0000157723 devstack@n-api-meta.service[108437]: DEBUG dbcounter [-] [108437] Writer thread running {{(pid=108437) stat_writer /opt/stack/data/venv/lib/python3.12/site-packages/dbcounter.py:102}}
Mar 03 22:56:11.609140 np0000157723 devstack@n-api-meta.service[108435]: WARNING nova.api.metadata.handler [None req-9e6b530c-10b1-44c5-b8e4-eeab37d99f9c None None] metadata_proxy_shared_secret is not configured, the metadata information returned by the proxy cannot be trusted
Mar 03 22:56:11.610996 np0000157723 devstack@n-api-meta.service[108437]: DEBUG dbcounter [-] [108437] Writer thread running {{(pid=108437) stat_writer /opt/stack/data/venv/lib/python3.12/site-packages/dbcounter.py:102}}
Mar 03 22:56:11.611051 np0000157723 devstack@n-api-meta.service[108438]: DEBUG oslo_db.sqlalchemy.engines [None req-02df365a-0878-4666-a8a7-a109ff07e16d None None] MySQL server mode set to STRICT_TRANS_TABLES,STRICT_ALL_TABLES,NO_ZERO_IN_DATE,NO_ZERO_DATE,ERROR_FOR_DIVISION_BY_ZERO,TRADITIONAL,NO_ENGINE_SUBSTITUTION {{(pid=108438) _check_effective_sql_mode /opt/stack/data/venv/lib/python3.12/site-packages/oslo_db/sqlalchemy/engines.py:325}}
Mar 03 22:56:11.611340 np0000157723 devstack@n-api-meta.service[108435]: DEBUG nova.api.openstack.wsgi_app [None req-9e6b530c-10b1-44c5-b8e4-eeab37d99f9c None None] ******************************************************************************** {{(pid=108435) log_opt_values /opt/stack/data/venv/lib/python3.12/site-packages/oslo_config/cfg.py:2979}}
Mar 03 22:56:11.611402 np0000157723 devstack@n-api-meta.service[108436]: DEBUG dbcounter [-] [108436] Writer thread running {{(pid=108436) stat_writer /opt/stack/data/venv/lib/python3.12/site-packages/dbcounter.py:102}}
Mar 03 22:56:11.611466 np0000157723 devstack@n-api-meta.service[108435]: DEBUG nova.api.openstack.wsgi_app [None req-9e6b530c-10b1-44c5-b8e4-eeab37d99f9c None None] Configuration options gathered from: {{(pid=108435) log_opt_values /opt/stack/data/venv/lib/python3.12/site-packages/oslo_config/cfg.py:2980}}
Mar 03 22:56:11.611578 np0000157723 devstack@n-api-meta.service[108435]: DEBUG nova.api.openstack.wsgi_app [None req-9e6b530c-10b1-44c5-b8e4-eeab37d99f9c None None] command line args: [] {{(pid=108435) log_opt_values /opt/stack/data/venv/lib/python3.12/site-packages/oslo_config/cfg.py:2981}}
Mar 03 22:56:11.611731 np0000157723 devstack@n-api-meta.service[108435]: DEBUG nova.api.openstack.wsgi_app [None req-9e6b530c-10b1-44c5-b8e4-eeab37d99f9c None None] config files: ['/etc/nova/api-paste.ini', '/etc/nova/nova.conf'] {{(pid=108435) log_opt_values /opt/stack/data/venv/lib/python3.12/site-packages/oslo_config/cfg.py:2982}}
Mar 03 22:56:11.611868 np0000157723 devstack@n-api-meta.service[108435]: DEBUG nova.api.openstack.wsgi_app [None req-9e6b530c-10b1-44c5-b8e4-eeab37d99f9c None None] ================================================================================ {{(pid=108435) log_opt_values /opt/stack/data/venv/lib/python3.12/site-packages/oslo_config/cfg.py:2987}}
Mar 03 22:56:11.612049 np0000157723 devstack@n-api-meta.service[108435]: DEBUG nova.api.openstack.wsgi_app [None req-9e6b530c-10b1-44c5-b8e4-eeab37d99f9c None None] allow_resize_to_same_host = True {{(pid=108435) log_opt_values /opt/stack/data/venv/lib/python3.12/site-packages/oslo_config/cfg.py:2995}}
Mar 03 22:56:11.612243 np0000157723 devstack@n-api-meta.service[108435]: DEBUG nova.api.openstack.wsgi_app [None req-9e6b530c-10b1-44c5-b8e4-eeab37d99f9c None None] arq_binding_timeout = 300 {{(pid=108435) log_opt_values /opt/stack/data/venv/lib/python3.12/site-packages/oslo_config/cfg.py:2995}}
Mar 03 22:56:11.612311 np0000157723 devstack@n-api-meta.service[108435]: DEBUG nova.api.openstack.wsgi_app [None req-9e6b530c-10b1-44c5-b8e4-eeab37d99f9c None None] block_device_allocate_retries = 60 {{(pid=108435) log_opt_values /opt/stack/data/venv/lib/python3.12/site-packages/oslo_config/cfg.py:2995}}
Mar 03 22:56:11.612452 np0000157723 devstack@n-api-meta.service[108435]: DEBUG nova.api.openstack.wsgi_app [None req-9e6b530c-10b1-44c5-b8e4-eeab37d99f9c None None] block_device_allocate_retries_interval = 3 {{(pid=108435) log_opt_values /opt/stack/data/venv/lib/python3.12/site-packages/oslo_config/cfg.py:2995}}
Mar 03 22:56:11.612578 np0000157723 devstack@n-api-meta.service[108435]: DEBUG nova.api.openstack.wsgi_app [None req-9e6b530c-10b1-44c5-b8e4-eeab37d99f9c None None] cell_worker_thread_pool_size = 5 {{(pid=108435) log_opt_values /opt/stack/data/venv/lib/python3.12/site-packages/oslo_config/cfg.py:2995}}
Mar 03 22:56:11.612698 np0000157723 devstack@n-api-meta.service[108435]: DEBUG nova.api.openstack.wsgi_app [None req-9e6b530c-10b1-44c5-b8e4-eeab37d99f9c None None] cert = self.pem {{(pid=108435) log_opt_values /opt/stack/data/venv/lib/python3.12/site-packages/oslo_config/cfg.py:2995}}
Mar 03 22:56:11.612867 np0000157723 devstack@n-api-meta.service[108435]: DEBUG nova.api.openstack.wsgi_app [None req-9e6b530c-10b1-44c5-b8e4-eeab37d99f9c None None] compute_driver = libvirt.LibvirtDriver {{(pid=108435) log_opt_values /opt/stack/data/venv/lib/python3.12/site-packages/oslo_config/cfg.py:2995}}
Mar 03 22:56:11.612983 np0000157723 devstack@n-api-meta.service[108435]: DEBUG nova.api.openstack.wsgi_app [None req-9e6b530c-10b1-44c5-b8e4-eeab37d99f9c None None] compute_monitors = [] {{(pid=108435) log_opt_values /opt/stack/data/venv/lib/python3.12/site-packages/oslo_config/cfg.py:2995}}
Mar 03 22:56:11.613114 np0000157723 devstack@n-api-meta.service[108435]: DEBUG nova.api.openstack.wsgi_app [None req-9e6b530c-10b1-44c5-b8e4-eeab37d99f9c None None] config_dir = [] {{(pid=108435) log_opt_values /opt/stack/data/venv/lib/python3.12/site-packages/oslo_config/cfg.py:2995}}
Mar 03 22:56:11.613246 np0000157723 devstack@n-api-meta.service[108435]: DEBUG nova.api.openstack.wsgi_app [None req-9e6b530c-10b1-44c5-b8e4-eeab37d99f9c None None] config_drive_format = iso9660 {{(pid=108435) log_opt_values /opt/stack/data/venv/lib/python3.12/site-packages/oslo_config/cfg.py:2995}}
Mar 03 22:56:11.613352 np0000157723 devstack@n-api-meta.service[108435]: DEBUG nova.api.openstack.wsgi_app [None req-9e6b530c-10b1-44c5-b8e4-eeab37d99f9c None None] config_file = ['/etc/nova/api-paste.ini', '/etc/nova/nova.conf'] {{(pid=108435) log_opt_values /opt/stack/data/venv/lib/python3.12/site-packages/oslo_config/cfg.py:2995}}
Mar 03 22:56:11.613480 np0000157723 devstack@n-api-meta.service[108435]: DEBUG nova.api.openstack.wsgi_app [None req-9e6b530c-10b1-44c5-b8e4-eeab37d99f9c None None] config_source = [] {{(pid=108435) log_opt_values /opt/stack/data/venv/lib/python3.12/site-packages/oslo_config/cfg.py:2995}}
Mar 03 22:56:11.613619 np0000157723 devstack@n-api-meta.service[108435]: DEBUG nova.api.openstack.wsgi_app [None req-9e6b530c-10b1-44c5-b8e4-eeab37d99f9c None None] console_host = np0000157723 {{(pid=108435) log_opt_values /opt/stack/data/venv/lib/python3.12/site-packages/oslo_config/cfg.py:2995}}
Mar 03 22:56:11.613763 np0000157723 devstack@n-api-meta.service[108435]: DEBUG nova.api.openstack.wsgi_app [None req-9e6b530c-10b1-44c5-b8e4-eeab37d99f9c None None] control_exchange = nova {{(pid=108435) log_opt_values /opt/stack/data/venv/lib/python3.12/site-packages/oslo_config/cfg.py:2995}}
Mar 03 22:56:11.614087 np0000157723 devstack@n-api-meta.service[108435]: DEBUG nova.api.openstack.wsgi_app [None req-9e6b530c-10b1-44c5-b8e4-eeab37d99f9c None None] cpu_allocation_ratio = None {{(pid=108435) log_opt_values /opt/stack/data/venv/lib/python3.12/site-packages/oslo_config/cfg.py:2995}}
Mar 03 22:56:11.614206 np0000157723 devstack@n-api-meta.service[108435]: DEBUG nova.api.openstack.wsgi_app [None req-9e6b530c-10b1-44c5-b8e4-eeab37d99f9c None None] daemon = False {{(pid=108435) log_opt_values /opt/stack/data/venv/lib/python3.12/site-packages/oslo_config/cfg.py:2995}}
Mar 03 22:56:11.614339 np0000157723 devstack@n-api-meta.service[108435]: DEBUG nova.api.openstack.wsgi_app [None req-9e6b530c-10b1-44c5-b8e4-eeab37d99f9c None None] debug = True {{(pid=108435) log_opt_values /opt/stack/data/venv/lib/python3.12/site-packages/oslo_config/cfg.py:2995}}
Mar 03 22:56:11.614471 np0000157723 devstack@n-api-meta.service[108435]: DEBUG nova.api.openstack.wsgi_app [None req-9e6b530c-10b1-44c5-b8e4-eeab37d99f9c None None] default_access_ip_network_name = None {{(pid=108435) log_opt_values /opt/stack/data/venv/lib/python3.12/site-packages/oslo_config/cfg.py:2995}}
Mar 03 22:56:11.614592 np0000157723 devstack@n-api-meta.service[108435]: DEBUG nova.api.openstack.wsgi_app [None req-9e6b530c-10b1-44c5-b8e4-eeab37d99f9c None None] default_availability_zone = nova {{(pid=108435) log_opt_values /opt/stack/data/venv/lib/python3.12/site-packages/oslo_config/cfg.py:2995}}
Mar 03 22:56:11.614729 np0000157723 devstack@n-api-meta.service[108435]: DEBUG nova.api.openstack.wsgi_app [None req-9e6b530c-10b1-44c5-b8e4-eeab37d99f9c None None] default_ephemeral_format = ext4 {{(pid=108435) log_opt_values /opt/stack/data/venv/lib/python3.12/site-packages/oslo_config/cfg.py:2995}}
Mar 03 22:56:11.614868 np0000157723 devstack@n-api-meta.service[108435]: DEBUG nova.api.openstack.wsgi_app [None req-9e6b530c-10b1-44c5-b8e4-eeab37d99f9c None None] default_green_pool_size = 1000 {{(pid=108435) log_opt_values /opt/stack/data/venv/lib/python3.12/site-packages/oslo_config/cfg.py:2995}}
Mar 03 22:56:11.615079 np0000157723 devstack@n-api-meta.service[108437]: INFO dbcounter [None req-91a2be3d-c02b-435d-a702-5360ee91a455 None None] Registered counter for database nova_cell0
Mar 03 22:56:11.615127 np0000157723 devstack@n-api-meta.service[108435]: DEBUG nova.api.openstack.wsgi_app [None req-9e6b530c-10b1-44c5-b8e4-eeab37d99f9c None None] default_log_levels = ['amqp=WARN', 'boto=WARN', 'sqlalchemy=WARN', 'suds=INFO', 'oslo.messaging=INFO', 'oslo_messaging=INFO', 'iso8601=WARN', 'requests.packages.urllib3.connectionpool=WARN', 'urllib3.connectionpool=WARN', 'websocket=WARN', 'requests.packages.urllib3.util.retry=WARN', 'urllib3.util.retry=WARN', 'keystonemiddleware=WARN', 'routes.middleware=WARN', 'stevedore=WARN', 'taskflow=WARN', 'keystoneauth=WARN', 'oslo.cache=INFO', 'oslo_policy=INFO', 'dogpile.core.dogpile=INFO', 'glanceclient=WARN', 'oslo.privsep.daemon=INFO'] {{(pid=108435) log_opt_values /opt/stack/data/venv/lib/python3.12/site-packages/oslo_config/cfg.py:2995}}
Mar 03 22:56:11.615224 np0000157723 devstack@n-api-meta.service[108435]: DEBUG nova.api.openstack.wsgi_app [None req-9e6b530c-10b1-44c5-b8e4-eeab37d99f9c None None] default_schedule_zone = None {{(pid=108435) log_opt_values /opt/stack/data/venv/lib/python3.12/site-packages/oslo_config/cfg.py:2995}}
Mar 03 22:56:11.615318 np0000157723 devstack@n-api-meta.service[108435]: DEBUG nova.api.openstack.wsgi_app [None req-9e6b530c-10b1-44c5-b8e4-eeab37d99f9c None None] default_thread_pool_size = 10 {{(pid=108435) log_opt_values /opt/stack/data/venv/lib/python3.12/site-packages/oslo_config/cfg.py:2995}}
Mar 03 22:56:11.615440 np0000157723 devstack@n-api-meta.service[108435]: DEBUG nova.api.openstack.wsgi_app [None req-9e6b530c-10b1-44c5-b8e4-eeab37d99f9c None None] disk_allocation_ratio = None {{(pid=108435) log_opt_values /opt/stack/data/venv/lib/python3.12/site-packages/oslo_config/cfg.py:2995}}
Mar 03 22:56:11.615566 np0000157723 devstack@n-api-meta.service[108435]: DEBUG nova.api.openstack.wsgi_app [None req-9e6b530c-10b1-44c5-b8e4-eeab37d99f9c None None] enable_new_services = True {{(pid=108435) log_opt_values /opt/stack/data/venv/lib/python3.12/site-packages/oslo_config/cfg.py:2995}}
Mar 03 22:56:11.615698 np0000157723 devstack@n-api-meta.service[108435]: DEBUG nova.api.openstack.wsgi_app [None req-9e6b530c-10b1-44c5-b8e4-eeab37d99f9c None None] flat_injected = False {{(pid=108435) log_opt_values /opt/stack/data/venv/lib/python3.12/site-packages/oslo_config/cfg.py:2995}}
Mar 03 22:56:11.615858 np0000157723 devstack@n-api-meta.service[108435]: DEBUG nova.api.openstack.wsgi_app [None req-9e6b530c-10b1-44c5-b8e4-eeab37d99f9c None None] force_config_drive = False {{(pid=108435) log_opt_values /opt/stack/data/venv/lib/python3.12/site-packages/oslo_config/cfg.py:2995}}
Mar 03 22:56:11.615982 np0000157723 devstack@n-api-meta.service[108435]: DEBUG nova.api.openstack.wsgi_app [None req-9e6b530c-10b1-44c5-b8e4-eeab37d99f9c None None] force_raw_images = True {{(pid=108435) log_opt_values /opt/stack/data/venv/lib/python3.12/site-packages/oslo_config/cfg.py:2995}}
Mar 03 22:56:11.616117 np0000157723 devstack@n-api-meta.service[108435]: DEBUG nova.api.openstack.wsgi_app [None req-9e6b530c-10b1-44c5-b8e4-eeab37d99f9c None None] graceful_shutdown_timeout = 5 {{(pid=108435) log_opt_values /opt/stack/data/venv/lib/python3.12/site-packages/oslo_config/cfg.py:2995}}
Mar 03 22:56:11.616244 np0000157723 devstack@n-api-meta.service[108435]: DEBUG nova.api.openstack.wsgi_app [None req-9e6b530c-10b1-44c5-b8e4-eeab37d99f9c None None] heal_instance_info_cache_interval = -1 {{(pid=108435) log_opt_values /opt/stack/data/venv/lib/python3.12/site-packages/oslo_config/cfg.py:2995}}
Mar 03 22:56:11.616414 np0000157723 devstack@n-api-meta.service[108435]: DEBUG nova.api.openstack.wsgi_app [None req-9e6b530c-10b1-44c5-b8e4-eeab37d99f9c None None] host = np0000157723 {{(pid=108435) log_opt_values /opt/stack/data/venv/lib/python3.12/site-packages/oslo_config/cfg.py:2995}}
Mar 03 22:56:11.616547 np0000157723 devstack@n-api-meta.service[108435]: DEBUG nova.api.openstack.wsgi_app [None req-9e6b530c-10b1-44c5-b8e4-eeab37d99f9c None None] initial_cpu_allocation_ratio = 4.0 {{(pid=108435) log_opt_values /opt/stack/data/venv/lib/python3.12/site-packages/oslo_config/cfg.py:2995}}
Mar 03 22:56:11.616674 np0000157723 devstack@n-api-meta.service[108435]: DEBUG nova.api.openstack.wsgi_app [None req-9e6b530c-10b1-44c5-b8e4-eeab37d99f9c None None] initial_disk_allocation_ratio = 1.0 {{(pid=108435) log_opt_values /opt/stack/data/venv/lib/python3.12/site-packages/oslo_config/cfg.py:2995}}
Mar 03 22:56:11.616824 np0000157723 devstack@n-api-meta.service[108435]: DEBUG nova.api.openstack.wsgi_app [None req-9e6b530c-10b1-44c5-b8e4-eeab37d99f9c None None] initial_ram_allocation_ratio = 1.0 {{(pid=108435) log_opt_values /opt/stack/data/venv/lib/python3.12/site-packages/oslo_config/cfg.py:2995}}
Mar 03 22:56:11.616991 np0000157723 devstack@n-api-meta.service[108435]: DEBUG nova.api.openstack.wsgi_app [None req-9e6b530c-10b1-44c5-b8e4-eeab37d99f9c None None] injected_network_template = /opt/stack/nova/nova/virt/interfaces.template {{(pid=108435) log_opt_values /opt/stack/data/venv/lib/python3.12/site-packages/oslo_config/cfg.py:2995}}
Mar 03 22:56:11.617118 np0000157723 devstack@n-api-meta.service[108435]: DEBUG nova.api.openstack.wsgi_app [None req-9e6b530c-10b1-44c5-b8e4-eeab37d99f9c None None] instance_build_timeout = 0 {{(pid=108435) log_opt_values /opt/stack/data/venv/lib/python3.12/site-packages/oslo_config/cfg.py:2995}}
Mar 03 22:56:11.617228 np0000157723 devstack@n-api-meta.service[108436]: DEBUG dbcounter [-] [108436] Writer thread running {{(pid=108436) stat_writer /opt/stack/data/venv/lib/python3.12/site-packages/dbcounter.py:102}}
Mar 03 22:56:11.617273 np0000157723 devstack@n-api-meta.service[108435]: DEBUG nova.api.openstack.wsgi_app [None req-9e6b530c-10b1-44c5-b8e4-eeab37d99f9c None None] instance_delete_interval = 300 {{(pid=108435) log_opt_values /opt/stack/data/venv/lib/python3.12/site-packages/oslo_config/cfg.py:2995}}
Mar 03 22:56:11.617372 np0000157723 devstack@n-api-meta.service[108435]: DEBUG nova.api.openstack.wsgi_app [None req-9e6b530c-10b1-44c5-b8e4-eeab37d99f9c None None] instance_format = [instance: %(uuid)s] {{(pid=108435) log_opt_values /opt/stack/data/venv/lib/python3.12/site-packages/oslo_config/cfg.py:2995}}
Mar 03 22:56:11.617502 np0000157723 devstack@n-api-meta.service[108435]: DEBUG nova.api.openstack.wsgi_app [None req-9e6b530c-10b1-44c5-b8e4-eeab37d99f9c None None] instance_name_template = instance-%08x {{(pid=108435) log_opt_values /opt/stack/data/venv/lib/python3.12/site-packages/oslo_config/cfg.py:2995}}
Mar 03 22:56:11.617627 np0000157723 devstack@n-api-meta.service[108435]: DEBUG nova.api.openstack.wsgi_app [None req-9e6b530c-10b1-44c5-b8e4-eeab37d99f9c None None] instance_usage_audit = False {{(pid=108435) log_opt_values /opt/stack/data/venv/lib/python3.12/site-packages/oslo_config/cfg.py:2995}}
Mar 03 22:56:11.617763 np0000157723 devstack@n-api-meta.service[108435]: DEBUG nova.api.openstack.wsgi_app [None req-9e6b530c-10b1-44c5-b8e4-eeab37d99f9c None None] instance_usage_audit_period = month {{(pid=108435) log_opt_values /opt/stack/data/venv/lib/python3.12/site-packages/oslo_config/cfg.py:2995}}
Mar 03 22:56:11.617910 np0000157723 devstack@n-api-meta.service[108435]: DEBUG nova.api.openstack.wsgi_app [None req-9e6b530c-10b1-44c5-b8e4-eeab37d99f9c None None] instance_uuid_format = [instance: %(uuid)s] {{(pid=108435) log_opt_values /opt/stack/data/venv/lib/python3.12/site-packages/oslo_config/cfg.py:2995}}
Mar 03 22:56:11.618039 np0000157723 devstack@n-api-meta.service[108435]: DEBUG nova.api.openstack.wsgi_app [None req-9e6b530c-10b1-44c5-b8e4-eeab37d99f9c None None] instances_path = /opt/stack/data/nova/instances {{(pid=108435) log_opt_values /opt/stack/data/venv/lib/python3.12/site-packages/oslo_config/cfg.py:2995}}
Mar 03 22:56:11.618172 np0000157723 devstack@n-api-meta.service[108435]: DEBUG nova.api.openstack.wsgi_app [None req-9e6b530c-10b1-44c5-b8e4-eeab37d99f9c None None] internal_service_availability_zone = internal {{(pid=108435) log_opt_values /opt/stack/data/venv/lib/python3.12/site-packages/oslo_config/cfg.py:2995}}
Mar 03 22:56:11.618295 np0000157723 devstack@n-api-meta.service[108435]: DEBUG nova.api.openstack.wsgi_app [None req-9e6b530c-10b1-44c5-b8e4-eeab37d99f9c None None] key = None {{(pid=108435) log_opt_values /opt/stack/data/venv/lib/python3.12/site-packages/oslo_config/cfg.py:2995}}
Mar 03 22:56:11.618423 np0000157723 devstack@n-api-meta.service[108435]: DEBUG nova.api.openstack.wsgi_app [None req-9e6b530c-10b1-44c5-b8e4-eeab37d99f9c None None] live_migration_retry_count = 30 {{(pid=108435) log_opt_values /opt/stack/data/venv/lib/python3.12/site-packages/oslo_config/cfg.py:2995}}
Mar 03 22:56:11.618558 np0000157723 devstack@n-api-meta.service[108435]: DEBUG nova.api.openstack.wsgi_app [None req-9e6b530c-10b1-44c5-b8e4-eeab37d99f9c None None] log_color = False {{(pid=108435) log_opt_values /opt/stack/data/venv/lib/python3.12/site-packages/oslo_config/cfg.py:2995}}
Mar 03 22:56:11.618727 np0000157723 devstack@n-api-meta.service[108435]: DEBUG nova.api.openstack.wsgi_app [None req-9e6b530c-10b1-44c5-b8e4-eeab37d99f9c None None] log_config_append = None {{(pid=108435) log_opt_values /opt/stack/data/venv/lib/python3.12/site-packages/oslo_config/cfg.py:2995}}
Mar 03 22:56:11.618861 np0000157723 devstack@n-api-meta.service[108435]: DEBUG nova.api.openstack.wsgi_app [None req-9e6b530c-10b1-44c5-b8e4-eeab37d99f9c None None] log_date_format = %Y-%m-%d %H:%M:%S {{(pid=108435) log_opt_values /opt/stack/data/venv/lib/python3.12/site-packages/oslo_config/cfg.py:2995}}
Mar 03 22:56:11.618989 np0000157723 devstack@n-api-meta.service[108435]: DEBUG nova.api.openstack.wsgi_app [None req-9e6b530c-10b1-44c5-b8e4-eeab37d99f9c None None] log_dir = None {{(pid=108435) log_opt_values /opt/stack/data/venv/lib/python3.12/site-packages/oslo_config/cfg.py:2995}}
Mar 03 22:56:11.619114 np0000157723 devstack@n-api-meta.service[108435]: DEBUG nova.api.openstack.wsgi_app [None req-9e6b530c-10b1-44c5-b8e4-eeab37d99f9c None None] log_file = None {{(pid=108435) log_opt_values /opt/stack/data/venv/lib/python3.12/site-packages/oslo_config/cfg.py:2995}}
Mar 03 22:56:11.619214 np0000157723 devstack@n-api-meta.service[108435]: DEBUG nova.api.openstack.wsgi_app [None req-9e6b530c-10b1-44c5-b8e4-eeab37d99f9c None None] log_options = True {{(pid=108435) log_opt_values /opt/stack/data/venv/lib/python3.12/site-packages/oslo_config/cfg.py:2995}}
Mar 03 22:56:11.619340 np0000157723 devstack@n-api-meta.service[108435]: DEBUG nova.api.openstack.wsgi_app [None req-9e6b530c-10b1-44c5-b8e4-eeab37d99f9c None None] log_rotate_interval = 1 {{(pid=108435) log_opt_values /opt/stack/data/venv/lib/python3.12/site-packages/oslo_config/cfg.py:2995}}
Mar 03 22:56:11.619472 np0000157723 devstack@n-api-meta.service[108435]: DEBUG nova.api.openstack.wsgi_app [None req-9e6b530c-10b1-44c5-b8e4-eeab37d99f9c None None] log_rotate_interval_type = days {{(pid=108435) log_opt_values /opt/stack/data/venv/lib/python3.12/site-packages/oslo_config/cfg.py:2995}}
Mar 03 22:56:11.619604 np0000157723 devstack@n-api-meta.service[108435]: DEBUG nova.api.openstack.wsgi_app [None req-9e6b530c-10b1-44c5-b8e4-eeab37d99f9c None None] log_rotation_type = none {{(pid=108435) log_opt_values /opt/stack/data/venv/lib/python3.12/site-packages/oslo_config/cfg.py:2995}}
Mar 03 22:56:11.619705 np0000157723 devstack@n-api-meta.service[108435]: DEBUG nova.api.openstack.wsgi_app [None req-9e6b530c-10b1-44c5-b8e4-eeab37d99f9c None None] logging_context_format_string = %(color)s%(levelname)s %(name)s [%(global_request_id)s %(request_id)s %(project_name)s %(user_name)s%(color)s] %(instance)s%(color)s%(message)s {{(pid=108435) log_opt_values /opt/stack/data/venv/lib/python3.12/site-packages/oslo_config/cfg.py:2995}}
