2026-08-23 15:53:07.838 7 INFO neutron.db.ovn_revision_numbers_db [None req-ce3a6dba-2dbd-4338-ad83-46ef9c4523fd 8b2c39a403a74e7cbc79c4523c4f1bd9 7aea60d03f074b51be311e806516acd8 - - default default] Successfully bumped revision number for resource 6e1545e3-6f32-4caf-a312-b51c1e5949dd (type: ports) to 1 [pid: 7|app: 0|req: 796/1616] 10.0.0.233 () {34 vars in 670 bytes} [Sun Aug 23 15:53:07 2026] POST /v2.0/networks => generated 667 bytes in 675 msecs (HTTP/1.1 201) 4 headers in 162 bytes (1 switches on core 0)
2026-08-23 15:53:08.372 8 INFO neutron.db.ovn_revision_numbers_db [None req-a9e493ef-2223-4cd4-9b50-bf8c7cabe217 be4a0a02f9a3408f9d78a65f222309ef 1f4c1084cf174fe6a6db10759a721850 - - default default] Successfully bumped revision number for resource 030270e8-d6ab-436f-b2f0-323af7f21f05 (type: security_groups) to 1
2026-08-23 15:53:08.385 8 INFO neutron.db.ovn_revision_numbers_db [None req-a9e493ef-2223-4cd4-9b50-bf8c7cabe217 be4a0a02f9a3408f9d78a65f222309ef 1f4c1084cf174fe6a6db10759a721850 - - default default] Successfully bumped revision number for resource 08fedf4c-10fc-4834-a74b-68d259aaca7d (type: security_group_rules) to 0
2026-08-23 15:53:08.398 8 INFO neutron.db.ovn_revision_numbers_db [None req-a9e493ef-2223-4cd4-9b50-bf8c7cabe217 be4a0a02f9a3408f9d78a65f222309ef 1f4c1084cf174fe6a6db10759a721850 - - default default] Successfully bumped revision number for resource 596af384-5cab-4503-9f11-8fd882679dd7 (type: security_group_rules) to 0
2026-08-23 15:53:08.410 8 INFO neutron.db.ovn_revision_numbers_db [None req-a9e493ef-2223-4cd4-9b50-bf8c7cabe217 be4a0a02f9a3408f9d78a65f222309ef 1f4c1084cf174fe6a6db10759a721850 - - default default] Successfully bumped revision number for resource 8b51f9d3-0f60-44d0-9390-fef91b5b1976 (type: security_group_rules) to 0
2026-08-23 15:53:08.421 8 INFO neutron.db.ovn_revision_numbers_db [None req-a9e493ef-2223-4cd4-9b50-bf8c7cabe217 be4a0a02f9a3408f9d78a65f222309ef 1f4c1084cf174fe6a6db10759a721850 - - default default] Successfully bumped revision number for resource cb372884-38e9-4ecb-9f16-12bf1a0b78f1 (type: security_group_rules) to 0 [pid: 8|app: 0|req: 821/1617] 10.0.0.233 () {32 vars in 774 bytes} [Sun Aug 23 15:53:08 2026] GET /v2.0/security-groups?tenant_id=7eb57883e435405c874cf0c2ae32587c&name=default => generated 2925 bytes in 293 msecs (HTTP/1.1 200) 4 headers in 158 bytes (1 switches on core 0)
2026-08-23 15:53:08.468 7 INFO neutron.notifiers.nova [-] Nova event matching ['req-a0f03b31-7d8c-4962-ae84-8c41022e63f8'] response: {'server_uuid': '70119ee3-b270-4d89-aefb-f9e3aa09f277', 'name': 'network-vif-deleted', 'tag': '4952b077-8262-4d87-a0ad-cf6a2973f2ab', 'status': 'completed', 'code': 200}
2026-08-23 15:53:08.501 7 WARNING neutron.scheduler.dhcp_agent_scheduler [None req-4958f994-24d7-4405-b9df-eafd3eefa189 8b2c39a403a74e7cbc79c4523c4f1bd9 7aea60d03f074b51be311e806516acd8 - - default default] No more DHCP agents
2026-08-23 15:53:08.503 7 WARNING neutron.api.rpc.agentnotifiers.dhcp_rpc_agent_api [None req-4958f994-24d7-4405-b9df-eafd3eefa189 8b2c39a403a74e7cbc79c4523c4f1bd9 7aea60d03f074b51be311e806516acd8 - - default default] Unable to schedule network 3a084cb8-6172-4d94-8eac-2ca27ee218df: no agents available; will retry on subsequent port and subnet creation events.
2026-08-23 15:53:08.528 7 INFO neutron.db.ovn_revision_numbers_db [None req-4958f994-24d7-4405-b9df-eafd3eefa189 8b2c39a403a74e7cbc79c4523c4f1bd9 7aea60d03f074b51be311e806516acd8 - - default default] Successfully bumped revision number for resource 3485cade-3faf-47e0-8fba-443ab69792c8 (type: subnets) to 0 [pid: 7|app: 0|req: 797/1618] 10.0.0.233 () {34 vars in 669 bytes} [Sun Aug 23 15:53:08 2026] POST /v2.0/subnets => generated 673 bytes in 244 msecs (HTTP/1.1 201) 4 headers in 162 bytes (1 switches on core 0) [pid: 7|app: 0|req: 798/1619] 10.0.0.9 () {34 vars in 988 bytes} [Sun Aug 23 15:53:08 2026] GET /v2.0/ports?device_id=70119ee3-b270-4d89-aefb-f9e3aa09f277 => generated 12 bytes in 23 msecs (HTTP/1.1 200) 4 headers in 156 bytes (1 switches on core 0)
2026-08-23 15:53:08.664 7 INFO neutron.db.segments_db [None req-0fa38b27-e447-47a8-900f-deeb1f12d249 8b2c39a403a74e7cbc79c4523c4f1bd9 7aea60d03f074b51be311e806516acd8 - - default default] Added segment bbb6e754-b935-4224-9e88-e9982a0f0e77 of type geneve for network 4945ac5f-a62d-4efc-91fc-a48c552c5066 [pid: 8|app: 0|req: 822/1620] 10.0.0.233 () {32 vars in 740 bytes} [Sun Aug 23 15:53:08 2026] DELETE /v2.0/security-groups/030270e8-d6ab-436f-b2f0-323af7f21f05 => generated 0 bytes in 211 msecs (HTTP/1.1 204) 2 headers in 112 bytes (1 switches on core 0)
2026-08-23 15:53:08.773 7 INFO neutron.db.ovn_revision_numbers_db [None req-0fa38b27-e447-47a8-900f-deeb1f12d249 8b2c39a403a74e7cbc79c4523c4f1bd9 7aea60d03f074b51be311e806516acd8 - - default default] Successfully bumped revision number for resource 4945ac5f-a62d-4efc-91fc-a48c552c5066 (type: networks) to 1
2026-08-23 15:53:08.938 7 WARNING neutron.scheduler.dhcp_agent_scheduler [None req-0fa38b27-e447-47a8-900f-deeb1f12d249 8b2c39a403a74e7cbc79c4523c4f1bd9 7aea60d03f074b51be311e806516acd8 - - default default] No more DHCP agents
2026-08-23 15:53:08.939 7 WARNING neutron.api.rpc.agentnotifiers.dhcp_rpc_agent_api [None req-0fa38b27-e447-47a8-900f-deeb1f12d249 8b2c39a403a74e7cbc79c4523c4f1bd9 7aea60d03f074b51be311e806516acd8 - - default default] Unable to schedule network 4945ac5f-a62d-4efc-91fc-a48c552c5066: no agents available; will retry on subsequent port and subnet creation events.
2026-08-23 15:53:08.982 8 INFO neutron.plugins.ml2.drivers.ovn.mech_driver.mech_driver [None req-972165c1-0e1a-4e75-9d5c-1a814ed882c9 - - - - - -] OVN reports status down for port: c68a6a8b-d9be-4f2b-a791-1a17291327f4
2026-08-23 15:53:09.016 7 INFO neutron.db.ovn_revision_numbers_db [None req-0fa38b27-e447-47a8-900f-deeb1f12d249 8b2c39a403a74e7cbc79c4523c4f1bd9 7aea60d03f074b51be311e806516acd8 - - default default] Successfully bumped revision number for resource c68a6a8b-d9be-4f2b-a791-1a17291327f4 (type: ports) to 1 [pid: 7|app: 0|req: 799/1621] 10.0.0.233 () {34 vars in 670 bytes} [Sun Aug 23 15:53:08 2026] POST /v2.0/networks => generated 666 bytes in 465 msecs (HTTP/1.1 201) 4 headers in 162 bytes (1 switches on core 0)
2026-08-23 15:53:09.167 8 INFO neutron.db.ovn_revision_numbers_db [None req-b5b746a4-3299-45b3-bf8c-1659790da5f4 8b2c39a403a74e7cbc79c4523c4f1bd9 7aea60d03f074b51be311e806516acd8 - - default default] Successfully bumped revision number for resource 4945ac5f-a62d-4efc-91fc-a48c552c5066 (type: networks) to 2 [pid: 8|app: 0|req: 823/1622] 10.0.0.233 () {34 vars in 743 bytes} [Sun Aug 23 15:53:09 2026] PUT /v2.0/networks/4945ac5f-a62d-4efc-91fc-a48c552c5066 => generated 636 bytes in 129 msecs (HTTP/1.1 200) 4 headers in 157 bytes (1 switches on core 0)
2026-08-23 15:53:09.377 8 WARNING neutron.scheduler.dhcp_agent_scheduler [None req-7586cdb4-6b00-4e71-a920-a09137836f06 8b2c39a403a74e7cbc79c4523c4f1bd9 7aea60d03f074b51be311e806516acd8 - - default default] No more DHCP agents
2026-08-23 15:53:09.378 8 WARNING neutron.api.rpc.agentnotifiers.dhcp_rpc_agent_api [None req-7586cdb4-6b00-4e71-a920-a09137836f06 8b2c39a403a74e7cbc79c4523c4f1bd9 7aea60d03f074b51be311e806516acd8 - - default default] Unable to schedule network 4945ac5f-a62d-4efc-91fc-a48c552c5066: no agents available; will retry on subsequent port and subnet creation events.
2026-08-23 15:53:09.405 8 INFO neutron.db.ovn_revision_numbers_db [None req-7586cdb4-6b00-4e71-a920-a09137836f06 8b2c39a403a74e7cbc79c4523c4f1bd9 7aea60d03f074b51be311e806516acd8 - - default default] Successfully bumped revision number for resource e8331449-95ad-4625-8e50-4d8be64fe139 (type: subnets) to 0 [pid: 8|app: 0|req: 825/1625] 10.0.0.233 () {34 vars in 669 bytes} [Sun Aug 23 15:53:09 2026] POST /v2.0/subnets => generated 646 bytes in 239 msecs (HTTP/1.1 201) 4 headers in 162 bytes (1 switches on core 0) [pid: 8|app: 0|req: 826/1626] 10.0.0.9 () {34 vars in 988 bytes} [Sun Aug 23 15:53:09 2026] GET /v2.0/ports?device_id=70119ee3-b270-4d89-aefb-f9e3aa09f277 => generated 12 bytes in 25 msecs (HTTP/1.1 200) 4 headers in 156 bytes (1 switches on core 0)
2026-08-23 15:53:10.046 7 INFO neutron.db.ovn_revision_numbers_db [None req-c73021cf-6f47-47cc-b36d-4f7df0d1b324 - - - - - -] Successfully bumped revision number for resource c68a6a8b-d9be-4f2b-a791-1a17291327f4 (type: ports) to 2
2026-08-23 15:53:10.078 7 INFO neutron.db.ovn_revision_numbers_db [None req-c73021cf-6f47-47cc-b36d-4f7df0d1b324 - - - - - -] Successfully bumped revision number for resource e8331449-95ad-4625-8e50-4d8be64fe139 (type: subnets) to 1 [pid: 7|app: 0|req: 801/1627] 10.0.0.233 () {34 vars in 741 bytes} [Sun Aug 23 15:53:09 2026] PUT /v2.0/subnets/e8331449-95ad-4625-8e50-4d8be64fe139 => generated 656 bytes in 656 msecs (HTTP/1.1 200) 4 headers in 157 bytes (1 switches on core 0)
2026-08-23 15:53:10.222 8 INFO neutron_taas.services.taas.taas_plugin [None req-ba836dfc-877a-4bb3-aa45-57c9a4e81495 8b2c39a403a74e7cbc79c4523c4f1bd9 7aea60d03f074b51be311e806516acd8 - - default default] TaaS: Handle Delete Port: c68a6a8b-d9be-4f2b-a791-1a17291327f4
2026-08-23 15:53:10.225 8 INFO neutron_taas.services.taas.tap_mirror_plugin [None req-ba836dfc-877a-4bb3-aa45-57c9a4e81495 8b2c39a403a74e7cbc79c4523c4f1bd9 7aea60d03f074b51be311e806516acd8 - - default default] Tap Mirror: Handle Delete Port: c68a6a8b-d9be-4f2b-a791-1a17291327f4
2026-08-23 15:53:10.506 8 INFO neutron.services.segments.plugin [-] Segment bbb6e754-b935-4224-9e88-e9982a0f0e77 resource provider aggregate not found
2026-08-23 15:53:10.514 8 INFO neutron.services.segments.plugin [-] Segment bbb6e754-b935-4224-9e88-e9982a0f0e77 resource provider aggregate not found
2026-08-23 15:53:10.519 8 INFO neutron.services.segments.plugin [-] Segment bbb6e754-b935-4224-9e88-e9982a0f0e77 resource provider not found; error: Placement Client Error (4xx): {"errors": [{"status": 404, "title": "Not Found", "detail": "The resource could not be found.\n\n No resource provider with uuid bbb6e754-b935-4224-9e88-e9982a0f0e77 found for delete ", "request_id": "req-ab02a816-2044-49d3-b317-bfbea5bac2db"}]}
2026-08-23 15:53:10.534 8 INFO neutron.services.segments.plugin [-] Segment bbb6e754-b935-4224-9e88-e9982a0f0e77 resource provider not found; error: Placement Client Error (4xx): {"errors": [{"status": 404, "title": "Not Found", "detail": "The resource could not be found.\n\n No resource provider with uuid bbb6e754-b935-4224-9e88-e9982a0f0e77 found for delete ", "request_id": "req-73237740-5f68-41c5-8190-9be5531e5127"}]} [pid: 8|app: 0|req: 827/1628] 10.0.0.233 () {32 vars in 726 bytes} [Sun Aug 23 15:53:10 2026] DELETE /v2.0/networks/4945ac5f-a62d-4efc-91fc-a48c552c5066 => generated 0 bytes in 467 msecs (HTTP/1.1 204) 3 headers in 131 bytes (1 switches on core 0)
2026-08-23 15:53:10.569 8 INFO neutron.pecan_wsgi.hooks.translation [None req-afaeeaca-b7a6-465a-953a-066c4ded9759 8b2c39a403a74e7cbc79c4523c4f1bd9 7aea60d03f074b51be311e806516acd8 - - default default] DELETE failed (client error): The resource could not be found. [pid: 8|app: 0|req: 828/1629] 10.0.0.233 () {32 vars in 726 bytes} [Sun Aug 23 15:53:10 2026] DELETE /v2.0/networks/4945ac5f-a62d-4efc-91fc-a48c552c5066 => generated 138 bytes in 12 msecs (HTTP/1.1 404) 4 headers in 164 bytes (1 switches on core 0) [pid: 8|app: 0|req: 829/1630] 10.0.0.233 () {32 vars in 694 bytes} [Sun Aug 23 15:53:10 2026] GET /v2.0/networks?router%3Aexternal=True => generated 689 bytes in 46 msecs (HTTP/1.1 200) 4 headers in 157 bytes (1 switches on core 0) [pid: 8|app: 0|req: 830/1631] 10.0.0.233 () {32 vars in 742 bytes} [Sun Aug 23 15:53:10 2026] GET /v2.0/subnets?network_id=84f2eb19-d1bf-48e1-9058-7b55c2efaea5 => generated 649 bytes in 42 msecs (HTTP/1.1 200) 4 headers in 157 bytes (1 switches on core 0) [pid: 8|app: 0|req: 831/1632] 10.0.0.233 () {32 vars in 653 bytes} [Sun Aug 23 15:53:10 2026] GET /v2.0/extensions => generated 20541 bytes in 6 msecs (HTTP/1.1 200) 4 headers in 159 bytes (1 switches on core 0) [pid: 8|app: 0|req: 832/1633] 10.0.0.233 () {32 vars in 649 bytes} [Sun Aug 23 15:53:10 2026] GET /v2.0/networks => generated 1389 bytes in 54 msecs (HTTP/1.1 200) 4 headers in 158 bytes (1 switches on core 0)
2026-08-23 15:53:10.753 7 INFO neutron.db.ovn_revision_numbers_db [None req-2eddae2a-eb63-4494-9637-8693bd5b671a be4a0a02f9a3408f9d78a65f222309ef 1f4c1084cf174fe6a6db10759a721850 - - default default] Successfully bumped revision number for resource 38fee3c3-ada4-4096-aa83-76044b79fdb1 (type: security_groups) to 1
2026-08-23 15:53:10.775 7 INFO neutron.db.ovn_revision_numbers_db [None req-2eddae2a-eb63-4494-9637-8693bd5b671a be4a0a02f9a3408f9d78a65f222309ef 1f4c1084cf174fe6a6db10759a721850 - - default default] Successfully bumped revision number for resource 499236ba-9882-44e5-99bd-f673d359fab0 (type: security_group_rules) to 0
2026-08-23 15:53:10.785 7 INFO neutron.db.ovn_revision_numbers_db [None req-2eddae2a-eb63-4494-9637-8693bd5b671a be4a0a02f9a3408f9d78a65f222309ef 1f4c1084cf174fe6a6db10759a721850 - - default default] Successfully bumped revision number for resource 77451777-f0cd-4f31-915d-dc7c7ac9a97e (type: security_group_rules) to 0
2026-08-23 15:53:10.796 7 INFO neutron.db.ovn_revision_numbers_db [None req-2eddae2a-eb63-4494-9637-8693bd5b671a be4a0a02f9a3408f9d78a65f222309ef 1f4c1084cf174fe6a6db10759a721850 - - default default] Successfully bumped revision number for resource aa0862e1-28d6-48ae-ba82-2874d98a6962 (type: security_group_rules) to 0
2026-08-23 15:53:10.809 7 INFO neutron.db.ovn_revision_numbers_db [None req-2eddae2a-eb63-4494-9637-8693bd5b671a be4a0a02f9a3408f9d78a65f222309ef 1f4c1084cf174fe6a6db10759a721850 - - default default] Successfully bumped revision number for resource bd8c2ab9-4f96-4ec0-8044-c433656444a8 (type: security_group_rules) to 0 [pid: 7|app: 0|req: 802/1634] 10.0.0.233 () {32 vars in 774 bytes} [Sun Aug 23 15:53:10 2026] GET /v2.0/security-groups?tenant_id=f75c62b5d57c40f0845977699b244b74&name=default => generated 2925 bytes in 422 msecs (HTTP/1.1 200) 4 headers in 158 bytes (1 switches on core 0) [pid: 7|app: 0|req: 803/1635] 10.0.0.233 () {32 vars in 647 bytes} [Sun Aug 23 15:53:10 2026] GET /v2.0/subnets => generated 1312 bytes in 29 msecs (HTTP/1.1 200) 4 headers in 158 bytes (1 switches on core 0)
2026-08-23 15:53:11.016 8 INFO neutron_taas.services.taas.taas_plugin [None req-8f662b9c-27f6-4987-8d69-cccb634ee3a7 be4a0a02f9a3408f9d78a65f222309ef 1f4c1084cf174fe6a6db10759a721850 - - default default] TaaS: Handle Delete Port: 58571ea0-2971-49c7-a65b-93c2e020d60f
2026-08-23 15:53:11.023 8 INFO neutron_taas.services.taas.tap_mirror_plugin [None req-8f662b9c-27f6-4987-8d69-cccb634ee3a7 be4a0a02f9a3408f9d78a65f222309ef 1f4c1084cf174fe6a6db10759a721850 - - default default] Tap Mirror: Handle Delete Port: 58571ea0-2971-49c7-a65b-93c2e020d60f [pid: 7|app: 0|req: 804/1636] 10.0.0.233 () {32 vars in 740 bytes} [Sun Aug 23 15:53:10 2026] DELETE /v2.0/security-groups/38fee3c3-ada4-4096-aa83-76044b79fdb1 => generated 0 bytes in 242 msecs (HTTP/1.1 204) 2 headers in 112 bytes (1 switches on core 0) [pid: 7|app: 0|req: 805/1637] 10.0.0.233 () {32 vars in 723 bytes} [Sun Aug 23 15:53:11 2026] GET /v2.0/networks/3a084cb8-6172-4d94-8eac-2ca27ee218df => generated 711 bytes in 42 msecs (HTTP/1.1 200) 4 headers in 157 bytes (1 switches on core 0)
2026-08-23 15:53:11.542 7 INFO neutron.db.ovn_revision_numbers_db [None req-bbec1aee-bfaa-43a8-98c8-e1f455e25e13 be4a0a02f9a3408f9d78a65f222309ef 1f4c1084cf174fe6a6db10759a721850 - - default default] Successfully bumped revision number for resource a0ff60b8-c96b-4e09-b27e-76c098c31da6 (type: security_groups) to 1
2026-08-23 15:53:11.552 7 INFO neutron.db.ovn_revision_numbers_db [None req-bbec1aee-bfaa-43a8-98c8-e1f455e25e13 be4a0a02f9a3408f9d78a65f222309ef 1f4c1084cf174fe6a6db10759a721850 - - default default] Successfully bumped revision number for resource 8642e83d-0d53-4c46-a0a8-eb9cb1b25c27 (type: security_group_rules) to 0
2026-08-23 15:53:11.568 7 INFO neutron.db.ovn_revision_numbers_db [None req-bbec1aee-bfaa-43a8-98c8-e1f455e25e13 be4a0a02f9a3408f9d78a65f222309ef 1f4c1084cf174fe6a6db10759a721850 - - default default] Successfully bumped revision number for resource 92ae3863-b1bb-4432-8b92-97524c85f816 (type: security_group_rules) to 0
2026-08-23 15:53:11.582 7 INFO neutron.db.ovn_revision_numbers_db [None req-bbec1aee-bfaa-43a8-98c8-e1f455e25e13 be4a0a02f9a3408f9d78a65f222309ef 1f4c1084cf174fe6a6db10759a721850 - - default default] Successfully bumped revision number for resource b1ab5bc2-3da2-42f7-99a9-587b3579e5f7 (type: security_group_rules) to 0
2026-08-23 15:53:11.595 7 INFO neutron.db.ovn_revision_numbers_db [None req-bbec1aee-bfaa-43a8-98c8-e1f455e25e13 be4a0a02f9a3408f9d78a65f222309ef 1f4c1084cf174fe6a6db10759a721850 - - default default] Successfully bumped revision number for resource f4a86469-e3a3-4c1f-94fc-5ba9cfd2cccf (type: security_group_rules) to 0 [pid: 7|app: 0|req: 806/1638] 10.0.0.233 () {32 vars in 774 bytes} [Sun Aug 23 15:53:11 2026] GET /v2.0/security-groups?tenant_id=95eac5be56a84facb027a3e69e0dc504&name=default => generated 2925 bytes in 474 msecs (HTTP/1.1 200) 4 headers in 158 bytes (1 switches on core 0) [pid: 7|app: 0|req: 807/1639] 10.0.0.233 () {32 vars in 721 bytes} [Sun Aug 23 15:53:11 2026] GET /v2.0/subnets/3485cade-3faf-47e0-8fba-443ab69792c8 => generated 673 bytes in 18 msecs (HTTP/1.1 200) 4 headers in 157 bytes (1 switches on core 0) [pid: 8|app: 0|req: 833/1640] 10.0.0.233 () {34 vars in 789 bytes} [Sun Aug 23 15:53:10 2026] PUT /v2.0/routers/b1761a62-0dd7-4c83-928b-211b47ce371c/remove_router_interface => generated 309 bytes in 1096 msecs (HTTP/1.1 200) 4 headers in 157 bytes (1 switches on core 0) /var/lib/openstack/lib/python3.12/site-packages/pycadf/identifier.py:70: UserWarning: Invalid uuid: neutron. To ensure interoperability, identifiers should be a valid uuid. warnings.warn(('Invalid uuid: %s. To ensure interoperability, '
2026-08-23 15:53:11.866 8 INFO neutron.pecan_wsgi.hooks.translation [None req-7948ab34-0d46-4cf2-9364-79e8ebbcda3b 8b2c39a403a74e7cbc79c4523c4f1bd9 7aea60d03f074b51be311e806516acd8 - - default default] DELETE failed (client error): The resource could not be found. [pid: 8|app: 0|req: 834/1641] 10.0.0.233 () {32 vars in 724 bytes} [Sun Aug 23 15:53:11 2026] DELETE /v2.0/subnets/e8331449-95ad-4625-8e50-4d8be64fe139 => generated 136 bytes in 28 msecs (HTTP/1.1 404) 4 headers in 164 bytes (1 switches on core 0) [pid: 7|app: 0|req: 808/1642] 10.0.0.233 () {32 vars in 740 bytes} [Sun Aug 23 15:53:11 2026] DELETE /v2.0/security-groups/a0ff60b8-c96b-4e09-b27e-76c098c31da6 => generated 0 bytes in 207 msecs (HTTP/1.1 204) 2 headers in 112 bytes (1 switches on core 0)
2026-08-23 15:53:11.881 7 INFO neutron.pecan_wsgi.hooks.translation [None req-b82c9d26-3d12-46f4-a623-e2a76a7e3ed2 8b2c39a403a74e7cbc79c4523c4f1bd9 7aea60d03f074b51be311e806516acd8 - - default default] DELETE failed (client error): The resource could not be found. [pid: 7|app: 0|req: 809/1643] 10.0.0.233 () {32 vars in 726 bytes} [Sun Aug 23 15:53:11 2026] DELETE /v2.0/networks/4945ac5f-a62d-4efc-91fc-a48c552c5066 => generated 138 bytes in 10 msecs (HTTP/1.1 404) 4 headers in 164 bytes (1 switches on core 0) [pid: 7|app: 0|req: 810/1644] 10.0.0.233 () {32 vars in 724 bytes} [Sun Aug 23 15:53:11 2026] DELETE /v2.0/subnets/3485cade-3faf-47e0-8fba-443ab69792c8 => generated 0 bytes in 122 msecs (HTTP/1.1 204) 3 headers in 131 bytes (1 switches on core 0)
2026-08-23 15:53:12.118 7 INFO neutron_taas.services.taas.taas_plugin [None req-a59d94c6-f1bf-45b0-a97f-16613fcc2362 8b2c39a403a74e7cbc79c4523c4f1bd9 7aea60d03f074b51be311e806516acd8 - - default default] TaaS: Handle Delete Port: 6e1545e3-6f32-4caf-a312-b51c1e5949dd
2026-08-23 15:53:12.120 7 INFO neutron_taas.services.taas.tap_mirror_plugin [None req-a59d94c6-f1bf-45b0-a97f-16613fcc2362 8b2c39a403a74e7cbc79c4523c4f1bd9 7aea60d03f074b51be311e806516acd8 - - default default] Tap Mirror: Handle Delete Port: 6e1545e3-6f32-4caf-a312-b51c1e5949dd
2026-08-23 15:53:12.198 8 INFO neutron_taas.services.taas.taas_plugin [None req-03da0d9b-8102-4428-ad1b-2fd5728a5cb1 be4a0a02f9a3408f9d78a65f222309ef 1f4c1084cf174fe6a6db10759a721850 - - default default] TaaS: Handle Delete Port: b5cf994a-0773-47e8-ab0f-efbe1e0cfcc0
2026-08-23 15:53:12.209 8 INFO neutron_taas.services.taas.tap_mirror_plugin [None req-03da0d9b-8102-4428-ad1b-2fd5728a5cb1 be4a0a02f9a3408f9d78a65f222309ef 1f4c1084cf174fe6a6db10759a721850 - - default default] Tap Mirror: Handle Delete Port: b5cf994a-0773-47e8-ab0f-efbe1e0cfcc0
2026-08-23 15:53:12.291 7 INFO neutron.services.segments.plugin [-] Segment e62eafed-54a0-45c6-abe8-15b14b258841 resource provider aggregate not found
2026-08-23 15:53:12.293 7 INFO neutron.services.segments.plugin [-] Segment e62eafed-54a0-45c6-abe8-15b14b258841 resource provider aggregate not found
2026-08-23 15:53:12.318 7 INFO neutron.services.segments.plugin [-] Segment e62eafed-54a0-45c6-abe8-15b14b258841 resource provider not found; error: Placement Client Error (4xx): {"errors": [{"status": 404, "title": "Not Found", "detail": "The resource could not be found.\n\n No resource provider with uuid e62eafed-54a0-45c6-abe8-15b14b258841 found for delete ", "request_id": "req-25eb4d59-05ca-470c-bb48-a3639175f40d"}]}
2026-08-23 15:53:12.322 7 INFO neutron.services.segments.plugin [-] Segment e62eafed-54a0-45c6-abe8-15b14b258841 resource provider not found; error: Placement Client Error (4xx): {"errors": [{"status": 404, "title": "Not Found", "detail": "The resource could not be found.\n\n No resource provider with uuid e62eafed-54a0-45c6-abe8-15b14b258841 found for delete ", "request_id": "req-590a4f6f-9bee-4928-ab1b-ba1f89e3068a"}]} [pid: 7|app: 0|req: 811/1645] 10.0.0.233 () {32 vars in 726 bytes} [Sun Aug 23 15:53:12 2026] DELETE /v2.0/networks/3a084cb8-6172-4d94-8eac-2ca27ee218df => generated 0 bytes in 334 msecs (HTTP/1.1 204) 3 headers in 131 bytes (1 switches on core 0) [pid: 8|app: 0|req: 835/1646] 10.0.0.233 () {32 vars in 724 bytes} [Sun Aug 23 15:53:11 2026] DELETE /v2.0/routers/b1761a62-0dd7-4c83-928b-211b47ce371c => generated 0 bytes in 750 msecs (HTTP/1.1 204) 2 headers in 112 bytes (1 switches on core 0) [pid: 7|app: 0|req: 812/1647] 10.0.0.233 () {32 vars in 724 bytes} [Sun Aug 23 15:53:12 2026] DELETE /v2.0/subnets/632fc8cc-6089-4492-a59e-136304964306 => generated 0 bytes in 161 msecs (HTTP/1.1 204) 3 headers in 131 bytes (1 switches on core 0) [pid: 7|app: 0|req: 813/1648] 10.0.0.233 () {32 vars in 774 bytes} [Sun Aug 23 15:53:12 2026] GET /v2.0/security-groups?tenant_id=7aea60d03f074b51be311e806516acd8&name=default => generated 2925 bytes in 147 msecs (HTTP/1.1 200) 4 headers in 158 bytes (1 switches on core 0)
2026-08-23 15:53:13.020 8 INFO neutron.db.ovn_revision_numbers_db [None req-38a23d26-0781-4314-85dd-a31e3fa96485 be4a0a02f9a3408f9d78a65f222309ef 1f4c1084cf174fe6a6db10759a721850 - - default default] Successfully bumped revision number for resource eafa090b-d03f-4bd2-8c66-94c5ac2f7a68 (type: security_groups) to 1
2026-08-23 15:53:13.030 8 INFO neutron.db.ovn_revision_numbers_db [None req-38a23d26-0781-4314-85dd-a31e3fa96485 be4a0a02f9a3408f9d78a65f222309ef 1f4c1084cf174fe6a6db10759a721850 - - default default] Successfully bumped revision number for resource 3145d209-261f-4bfb-af55-f84bae189463 (type: security_group_rules) to 0
2026-08-23 15:53:13.040 8 INFO neutron.db.ovn_revision_numbers_db [None req-38a23d26-0781-4314-85dd-a31e3fa96485 be4a0a02f9a3408f9d78a65f222309ef 1f4c1084cf174fe6a6db10759a721850 - - default default] Successfully bumped revision number for resource 45f34f86-e379-44e8-b123-e7a024031d18 (type: security_group_rules) to 0
2026-08-23 15:53:13.052 7 INFO neutron_taas.services.taas.taas_plugin [None req-53376050-df05-41fb-8506-0ea291c6fa2d be4a0a02f9a3408f9d78a65f222309ef 1f4c1084cf174fe6a6db10759a721850 - - default default] TaaS: Handle Delete Port: e9a9a573-5b75-45e7-82c0-b91dd2d11c62
2026-08-23 15:53:13.053 8 INFO neutron.db.ovn_revision_numbers_db [None req-38a23d26-0781-4314-85dd-a31e3fa96485 be4a0a02f9a3408f9d78a65f222309ef 1f4c1084cf174fe6a6db10759a721850 - - default default] Successfully bumped revision number for resource 779561b4-1cd3-46ec-9f83-a9b61d8fbe43 (type: security_group_rules) to 0
2026-08-23 15:53:13.055 7 INFO neutron_taas.services.taas.tap_mirror_plugin [None req-53376050-df05-41fb-8506-0ea291c6fa2d be4a0a02f9a3408f9d78a65f222309ef 1f4c1084cf174fe6a6db10759a721850 - - default default] Tap Mirror: Handle Delete Port: e9a9a573-5b75-45e7-82c0-b91dd2d11c62
2026-08-23 15:53:13.077 8 INFO neutron.db.ovn_revision_numbers_db [None req-38a23d26-0781-4314-85dd-a31e3fa96485 be4a0a02f9a3408f9d78a65f222309ef 1f4c1084cf174fe6a6db10759a721850 - - default default] Successfully bumped revision number for resource 8c1e7d6c-a6a2-4ffe-81bc-a2ee52c41c89 (type: security_group_rules) to 0
2026-08-23 15:53:13.155 8 INFO neutron.db.segments_db [None req-38a23d26-0781-4314-85dd-a31e3fa96485 be4a0a02f9a3408f9d78a65f222309ef 1f4c1084cf174fe6a6db10759a721850 - - default default] Added segment d23cf972-b8b1-4d72-b59c-b39f7923e020 of type geneve for network b118eb8e-da8a-42bf-b4e9-22d8dcfe1f44
2026-08-23 15:53:13.262 8 INFO neutron.db.ovn_revision_numbers_db [None req-38a23d26-0781-4314-85dd-a31e3fa96485 be4a0a02f9a3408f9d78a65f222309ef 1f4c1084cf174fe6a6db10759a721850 - - default default] Successfully bumped revision number for resource b118eb8e-da8a-42bf-b4e9-22d8dcfe1f44 (type: networks) to 1 [pid: 7|app: 0|req: 814/1649] 10.0.0.233 () {32 vars in 726 bytes} [Sun Aug 23 15:53:12 2026] DELETE /v2.0/networks/9ff7a100-3dbf-4ea3-9c35-760eca9e42ae => generated 0 bytes in 344 msecs (HTTP/1.1 204) 3 headers in 131 bytes (1 switches on core 0)
2026-08-23 15:53:13.411 8 WARNING neutron.scheduler.dhcp_agent_scheduler [None req-38a23d26-0781-4314-85dd-a31e3fa96485 be4a0a02f9a3408f9d78a65f222309ef 1f4c1084cf174fe6a6db10759a721850 - - default default] No more DHCP agents
2026-08-23 15:53:13.412 8 WARNING neutron.api.rpc.agentnotifiers.dhcp_rpc_agent_api [None req-38a23d26-0781-4314-85dd-a31e3fa96485 be4a0a02f9a3408f9d78a65f222309ef 1f4c1084cf174fe6a6db10759a721850 - - default default] Unable to schedule network b118eb8e-da8a-42bf-b4e9-22d8dcfe1f44: no agents available; will retry on subsequent port and subnet creation events.
2026-08-23 15:53:13.468 8 INFO neutron.plugins.ml2.drivers.ovn.mech_driver.mech_driver [None req-972165c1-0e1a-4e75-9d5c-1a814ed882c9 - - - - - -] OVN reports status down for port: b308984a-6670-4b2b-838a-d056d01ea899 [pid: 7|app: 0|req: 815/1650] 10.0.0.233 () {32 vars in 740 bytes} [Sun Aug 23 15:53:13 2026] DELETE /v2.0/security-groups/e48ab3d9-a8b3-456f-b038-477d76551b73 => generated 0 bytes in 236 msecs (HTTP/1.1 204) 2 headers in 112 bytes (1 switches on core 0) [pid: 7|app: 0|req: 816/1651] 10.0.0.233 () {32 vars in 774 bytes} [Sun Aug 23 15:53:13 2026] GET /v2.0/security-groups?tenant_id=12cf97d097ec407fbcc59e95f7fae526&name=default => generated 2925 bytes in 24 msecs (HTTP/1.1 200) 4 headers in 158 bytes (1 switches on core 0)
2026-08-23 15:53:13.540 8 INFO neutron.db.ovn_revision_numbers_db [None req-38a23d26-0781-4314-85dd-a31e3fa96485 be4a0a02f9a3408f9d78a65f222309ef 1f4c1084cf174fe6a6db10759a721850 - - default default] Successfully bumped revision number for resource b308984a-6670-4b2b-838a-d056d01ea899 (type: ports) to 1 [pid: 8|app: 0|req: 836/1652] 10.0.0.233 () {34 vars in 671 bytes} [Sun Aug 23 15:53:12 2026] POST /v2.0/networks => generated 763 bytes in 861 msecs (HTTP/1.1 201) 4 headers in 162 bytes (1 switches on core 0)
2026-08-23 15:53:13.741 8 WARNING neutron.scheduler.dhcp_agent_scheduler [None req-709a4a8f-726f-43e4-b73f-7ecb5f2a27c4 be4a0a02f9a3408f9d78a65f222309ef 1f4c1084cf174fe6a6db10759a721850 - - default default] No more DHCP agents
2026-08-23 15:53:13.742 8 WARNING neutron.api.rpc.agentnotifiers.dhcp_rpc_agent_api [None req-709a4a8f-726f-43e4-b73f-7ecb5f2a27c4 be4a0a02f9a3408f9d78a65f222309ef 1f4c1084cf174fe6a6db10759a721850 - - default default] Unable to schedule network b118eb8e-da8a-42bf-b4e9-22d8dcfe1f44: no agents available; will retry on subsequent port and subnet creation events. [pid: 7|app: 0|req: 817/1653] 10.0.0.233 () {32 vars in 740 bytes} [Sun Aug 23 15:53:13 2026] DELETE /v2.0/security-groups/cd5b68b1-0f3c-4ce7-a232-c90aa669e969 => generated 0 bytes in 246 msecs (HTTP/1.1 204) 2 headers in 112 bytes (1 switches on core 0)
2026-08-23 15:53:14.205 8 INFO neutron.db.ovn_revision_numbers_db [None req-55812ebe-153d-4ad7-b469-f78f7c8598fe - - - - - -] Successfully bumped revision number for resource b308984a-6670-4b2b-838a-d056d01ea899 (type: ports) to 2
2026-08-23 15:53:14.242 8 INFO neutron.db.ovn_revision_numbers_db [None req-55812ebe-153d-4ad7-b469-f78f7c8598fe - - - - - -] Successfully bumped revision number for resource 7420a535-d6fa-48b3-b0fa-b5ca5046c811 (type: subnets) to 0 [pid: 8|app: 0|req: 837/1654] 10.0.0.233 () {34 vars in 669 bytes} [Sun Aug 23 15:53:13 2026] POST /v2.0/subnets => generated 688 bytes in 669 msecs (HTTP/1.1 201) 4 headers in 162 bytes (1 switches on core 0)
2026-08-23 15:53:14.339 7 INFO neutron.services.segments.plugin [-] Segment 407b430a-46ce-4d95-8a1c-433ad1af861d resource provider aggregate not found
2026-08-23 15:53:14.345 7 INFO neutron.services.segments.plugin [-] Segment 407b430a-46ce-4d95-8a1c-433ad1af861d resource provider aggregate not found
2026-08-23 15:53:14.355 7 INFO neutron.services.segments.plugin [-] Segment 407b430a-46ce-4d95-8a1c-433ad1af861d resource provider not found; error: Placement Client Error (4xx): {"errors": [{"status": 404, "title": "Not Found", "detail": "The resource could not be found.\n\n No resource provider with uuid 407b430a-46ce-4d95-8a1c-433ad1af861d found for delete ", "request_id": "req-a386299e-869f-4757-b890-6fe5ae58d1f4"}]}
2026-08-23 15:53:14.366 7 INFO neutron.services.segments.plugin [-] Segment 407b430a-46ce-4d95-8a1c-433ad1af861d resource provider not found; error: Placement Client Error (4xx): {"errors": [{"status": 404, "title": "Not Found", "detail": "The resource could not be found.\n\n No resource provider with uuid 407b430a-46ce-4d95-8a1c-433ad1af861d found for delete ", "request_id": "req-f7f897a3-cddb-49de-820a-37eccbffac3f"}]}
2026-08-23 15:53:14.678 7 WARNING neutron.scheduler.dhcp_agent_scheduler [None req-9f093ab0-5aea-4980-ae50-0f87254b5353 be4a0a02f9a3408f9d78a65f222309ef 1f4c1084cf174fe6a6db10759a721850 - - default default] No more DHCP agents
2026-08-23 15:53:14.679 7 WARNING neutron.api.rpc.agentnotifiers.dhcp_rpc_agent_api [None req-9f093ab0-5aea-4980-ae50-0f87254b5353 be4a0a02f9a3408f9d78a65f222309ef 1f4c1084cf174fe6a6db10759a721850 - - default default] Unable to schedule network 84f2eb19-d1bf-48e1-9058-7b55c2efaea5: no agents available; will retry on subsequent port and subnet creation events.
2026-08-23 15:53:14.821 7 INFO neutron.plugins.ml2.drivers.ovn.mech_driver.mech_driver [None req-8747ae3f-7ec1-4520-ada1-e9174b78a971 - - - - - -] OVN reports status down for port: 7ab6fd32-c305-4601-8fda-5d00db788192
2026-08-23 15:53:14.893 7 INFO neutron.db.ovn_revision_numbers_db [None req-9f093ab0-5aea-4980-ae50-0f87254b5353 be4a0a02f9a3408f9d78a65f222309ef 1f4c1084cf174fe6a6db10759a721850 - - default default] Successfully bumped revision number for resource 7ab6fd32-c305-4601-8fda-5d00db788192 (type: ports) to 1
2026-08-23 15:53:15.077 8 INFO neutron.db.ovn_revision_numbers_db [None req-20b99033-a560-4bae-95d5-b638386a7e33 c061678ae7ba40ddad05257bbc25bf83 00d09723d4314069b4705c790a22723e - - default default] Successfully bumped revision number for resource 2b8924ca-e8ad-45e9-904e-c11793da6a1e (type: security_groups) to 1
2026-08-23 15:53:15.090 8 INFO neutron.db.ovn_revision_numbers_db [None req-20b99033-a560-4bae-95d5-b638386a7e33 c061678ae7ba40ddad05257bbc25bf83 00d09723d4314069b4705c790a22723e - - default default] Successfully bumped revision number for resource 08ab59c2-0047-474c-8cfd-b2ffd0547dbd (type: security_group_rules) to 0
2026-08-23 15:53:15.102 8 INFO neutron.db.ovn_revision_numbers_db [None req-20b99033-a560-4bae-95d5-b638386a7e33 c061678ae7ba40ddad05257bbc25bf83 00d09723d4314069b4705c790a22723e - - default default] Successfully bumped revision number for resource 556faa00-abb2-4514-8d2d-650c69ead44a (type: security_group_rules) to 0
2026-08-23 15:53:15.122 8 INFO neutron.db.ovn_revision_numbers_db [None req-20b99033-a560-4bae-95d5-b638386a7e33 c061678ae7ba40ddad05257bbc25bf83 00d09723d4314069b4705c790a22723e - - default default] Successfully bumped revision number for resource 57bd719e-0ef1-4fbb-b77d-5f83f29de15c (type: security_group_rules) to 0
2026-08-23 15:53:15.135 8 INFO neutron.db.ovn_revision_numbers_db [None req-20b99033-a560-4bae-95d5-b638386a7e33 c061678ae7ba40ddad05257bbc25bf83 00d09723d4314069b4705c790a22723e - - default default] Successfully bumped revision number for resource 948aceee-c298-49bd-a31a-f9c26f8a58ae (type: security_group_rules) to 0
2026-08-23 15:53:15.241 8 INFO neutron.db.segments_db [None req-20b99033-a560-4bae-95d5-b638386a7e33 c061678ae7ba40ddad05257bbc25bf83 00d09723d4314069b4705c790a22723e - - default default] Added segment d35a6f90-c754-4565-bf1e-c08fb376634d of type geneve for network 46c1afcd-71fa-4590-b29b-8b32e69e2643
2026-08-23 15:53:15.359 8 INFO neutron.db.ovn_revision_numbers_db [None req-20b99033-a560-4bae-95d5-b638386a7e33 c061678ae7ba40ddad05257bbc25bf83 00d09723d4314069b4705c790a22723e - - default default] Successfully bumped revision number for resource 46c1afcd-71fa-4590-b29b-8b32e69e2643 (type: networks) to 1
2026-08-23 15:53:15.516 8 WARNING neutron.scheduler.dhcp_agent_scheduler [None req-20b99033-a560-4bae-95d5-b638386a7e33 c061678ae7ba40ddad05257bbc25bf83 00d09723d4314069b4705c790a22723e - - default default] No more DHCP agents
2026-08-23 15:53:15.517 8 WARNING neutron.api.rpc.agentnotifiers.dhcp_rpc_agent_api [None req-20b99033-a560-4bae-95d5-b638386a7e33 c061678ae7ba40ddad05257bbc25bf83 00d09723d4314069b4705c790a22723e - - default default] Unable to schedule network 46c1afcd-71fa-4590-b29b-8b32e69e2643: no agents available; will retry on subsequent port and subnet creation events.
2026-08-23 15:53:15.571 8 INFO neutron.plugins.ml2.drivers.ovn.mech_driver.mech_driver [None req-972165c1-0e1a-4e75-9d5c-1a814ed882c9 - - - - - -] OVN reports status down for port: e58b327e-06c9-45a7-83fa-2868693cfd75
2026-08-23 15:53:15.598 7 INFO neutron.plugins.ml2.drivers.ovn.mech_driver.ovsdb.commands [None req-dc73f10b-8198-4aac-aecb-218db2b7caa4 - - - - - -] Schedule LRP lrp-7ab6fd32-c305-4601-8fda-5d00db788192 on gateway 1564be04-71cf-4f4e-b549-5f730a7b415c with priority 1
2026-08-23 15:53:15.647 7 INFO neutron.plugins.ml2.drivers.ovn.mech_driver.mech_driver [None req-8747ae3f-7ec1-4520-ada1-e9174b78a971 - - - - - -] OVN reports status up for port: 7ab6fd32-c305-4601-8fda-5d00db788192
2026-08-23 15:53:15.656 7 INFO neutron.plugins.ml2.drivers.ovn.mech_driver.ovsdb.ovsdb_monitor [None req-ca234c52-52a3-483f-bbd8-2d6c6d424ce1 - - - - - -] Router ee34bd3e-19b8-4a39-a6eb-13260378a9e4 is bound to host instance
2026-08-23 15:53:15.664 8 INFO neutron.db.ovn_revision_numbers_db [None req-20b99033-a560-4bae-95d5-b638386a7e33 c061678ae7ba40ddad05257bbc25bf83 00d09723d4314069b4705c790a22723e - - default default] Successfully bumped revision number for resource e58b327e-06c9-45a7-83fa-2868693cfd75 (type: ports) to 1 [pid: 8|app: 0|req: 838/1655] 10.0.0.233 () {34 vars in 671 bytes} [Sun Aug 23 15:53:14 2026] POST /v2.0/networks => generated 651 bytes in 1041 msecs (HTTP/1.1 201) 4 headers in 162 bytes (1 switches on core 0)
2026-08-23 15:53:15.712 7 INFO neutron.plugins.ml2.plugin [None req-8747ae3f-7ec1-4520-ada1-e9174b78a971 - - - - - -] Attempt 1 to provision port 7ab6fd32-c305-4601-8fda-5d00db788192
2026-08-23 15:53:15.738 7 INFO neutron.db.ovn_revision_numbers_db [None req-9f093ab0-5aea-4980-ae50-0f87254b5353 be4a0a02f9a3408f9d78a65f222309ef 1f4c1084cf174fe6a6db10759a721850 - - default default] Successfully bumped revision number for resource 7ab6fd32-c305-4601-8fda-5d00db788192 (type: router_ports) to 1
2026-08-23 15:53:15.996 7 INFO neutron.db.ovn_revision_numbers_db [None req-9f093ab0-5aea-4980-ae50-0f87254b5353 be4a0a02f9a3408f9d78a65f222309ef 1f4c1084cf174fe6a6db10759a721850 - - default default] Successfully bumped revision number for resource ee34bd3e-19b8-4a39-a6eb-13260378a9e4 (type: routers) to 2 [pid: 7|app: 0|req: 818/1656] 10.0.0.233 () {34 vars in 669 bytes} [Sun Aug 23 15:53:14 2026] POST /v2.0/routers => generated 966 bytes in 1794 msecs (HTTP/1.1 201) 4 headers in 162 bytes (1 switches on core 0)
2026-08-23 15:53:16.132 8 INFO neutron.db.ovn_revision_numbers_db [None req-9f7f289a-3f76-45c6-804e-7b2981ef2297 f557665da50742f085be9cc87e9aac5c 6e832ea906984d8c831a763016e5b6af - - default default] Successfully bumped revision number for resource 7da68c2a-5d5d-4e2c-a5e7-c625ea43ad63 (type: security_groups) to 1
2026-08-23 15:53:16.158 8 INFO neutron.db.ovn_revision_numbers_db [None req-9f7f289a-3f76-45c6-804e-7b2981ef2297 f557665da50742f085be9cc87e9aac5c 6e832ea906984d8c831a763016e5b6af - - default default] Successfully bumped revision number for resource 3e76c87a-c3c1-4c96-9294-dce84ef82af7 (type: security_group_rules) to 0
2026-08-23 15:53:16.170 8 INFO neutron.db.ovn_revision_numbers_db [None req-9f7f289a-3f76-45c6-804e-7b2981ef2297 f557665da50742f085be9cc87e9aac5c 6e832ea906984d8c831a763016e5b6af - - default default] Successfully bumped revision number for resource 6bfb9c24-ad46-455e-ad13-901c0ed9d98d (type: security_group_rules) to 0
2026-08-23 15:53:16.184 8 INFO neutron.db.ovn_revision_numbers_db [None req-9f7f289a-3f76-45c6-804e-7b2981ef2297 f557665da50742f085be9cc87e9aac5c 6e832ea906984d8c831a763016e5b6af - - default default] Successfully bumped revision number for resource 6e488f95-a726-41e8-bec8-7098163bb62f (type: security_group_rules) to 0
2026-08-23 15:53:16.195 8 INFO neutron.db.ovn_revision_numbers_db [None req-9f7f289a-3f76-45c6-804e-7b2981ef2297 f557665da50742f085be9cc87e9aac5c 6e832ea906984d8c831a763016e5b6af - - default default] Successfully bumped revision number for resource d7b49486-b0fc-45c4-8d63-b1b44ec2b7c0 (type: security_group_rules) to 0
2026-08-23 15:53:16.294 8 INFO neutron.db.ovn_revision_numbers_db [None req-9f7f289a-3f76-45c6-804e-7b2981ef2297 f557665da50742f085be9cc87e9aac5c 6e832ea906984d8c831a763016e5b6af - - default default] Successfully bumped revision number for resource 572f855b-fa0b-4652-a309-71919022f66b (type: security_groups) to 1
2026-08-23 15:53:16.305 8 INFO neutron.db.ovn_revision_numbers_db [None req-9f7f289a-3f76-45c6-804e-7b2981ef2297 f557665da50742f085be9cc87e9aac5c 6e832ea906984d8c831a763016e5b6af - - default default] Successfully bumped revision number for resource 0da037f7-466e-4fb9-9cc8-2ea2b7bc543c (type: security_group_rules) to 0
2026-08-23 15:53:16.317 8 INFO neutron.db.ovn_revision_numbers_db [None req-9f7f289a-3f76-45c6-804e-7b2981ef2297 f557665da50742f085be9cc87e9aac5c 6e832ea906984d8c831a763016e5b6af - - default default] Successfully bumped revision number for resource dbb0fcb6-d8d4-47aa-a4cf-df39f985f56a (type: security_group_rules) to 0 [pid: 8|app: 0|req: 839/1657] 10.0.0.233 () {34 vars in 684 bytes} [Sun Aug 23 15:53:15 2026] POST /v2.0/security-groups => generated 1624 bytes in 659 msecs (HTTP/1.1 201) 4 headers in 163 bytes (1 switches on core 0)
2026-08-23 15:53:16.866 8 WARNING neutron.scheduler.dhcp_agent_scheduler [None req-e027953c-c7aa-4f94-b0eb-1779d6c7e1cd be4a0a02f9a3408f9d78a65f222309ef 1f4c1084cf174fe6a6db10759a721850 - - default default] No more DHCP agents
2026-08-23 15:53:16.869 8 WARNING neutron.api.rpc.agentnotifiers.dhcp_rpc_agent_api [None req-e027953c-c7aa-4f94-b0eb-1779d6c7e1cd be4a0a02f9a3408f9d78a65f222309ef 1f4c1084cf174fe6a6db10759a721850 - - default default] Unable to schedule network b118eb8e-da8a-42bf-b4e9-22d8dcfe1f44: no agents available; will retry on subsequent port and subnet creation events.
2026-08-23 15:53:16.890 7 WARNING neutron.scheduler.dhcp_agent_scheduler [None req-2a0b54fe-b107-4a33-b7e5-fde0110a55ea c061678ae7ba40ddad05257bbc25bf83 00d09723d4314069b4705c790a22723e - - default default] No more DHCP agents
2026-08-23 15:53:16.894 7 WARNING neutron.api.rpc.agentnotifiers.dhcp_rpc_agent_api [None req-2a0b54fe-b107-4a33-b7e5-fde0110a55ea c061678ae7ba40ddad05257bbc25bf83 00d09723d4314069b4705c790a22723e - - default default] Unable to schedule network 84f2eb19-d1bf-48e1-9058-7b55c2efaea5: no agents available; will retry on subsequent port and subnet creation events.
2026-08-23 15:53:17.034 8 INFO neutron.db.ovn_revision_numbers_db [None req-e027953c-c7aa-4f94-b0eb-1779d6c7e1cd be4a0a02f9a3408f9d78a65f222309ef 1f4c1084cf174fe6a6db10759a721850 - - default default] Successfully bumped revision number for resource 3540e694-71ce-44c2-a18f-ac843c001855 (type: ports) to 1
2026-08-23 15:53:17.153 8 INFO neutron.plugins.ml2.drivers.ovn.mech_driver.mech_driver [None req-972165c1-0e1a-4e75-9d5c-1a814ed882c9 - - - - - -] OVN reports status down for port: 0ab7ba4e-3321-4f20-947c-f2ca52c09b68
2026-08-23 15:53:17.195 7 INFO neutron.db.ovn_revision_numbers_db [None req-2a0b54fe-b107-4a33-b7e5-fde0110a55ea c061678ae7ba40ddad05257bbc25bf83 00d09723d4314069b4705c790a22723e - - default default] Successfully bumped revision number for resource 0ab7ba4e-3321-4f20-947c-f2ca52c09b68 (type: ports) to 1
2026-08-23 15:53:17.542 7 INFO neutron.db.ovn_revision_numbers_db [None req-d8074151-4c59-4554-80f2-bc7028e1eae1 - - - - - -] Successfully bumped revision number for resource 7ab6fd32-c305-4601-8fda-5d00db788192 (type: ports) to 4
2026-08-23 15:53:17.755 8 WARNING neutron.scheduler.dhcp_agent_scheduler [None req-e027953c-c7aa-4f94-b0eb-1779d6c7e1cd be4a0a02f9a3408f9d78a65f222309ef 1f4c1084cf174fe6a6db10759a721850 - - default default] No more DHCP agents
2026-08-23 15:53:17.756 8 WARNING neutron.api.rpc.agentnotifiers.dhcp_rpc_agent_api [None req-e027953c-c7aa-4f94-b0eb-1779d6c7e1cd be4a0a02f9a3408f9d78a65f222309ef 1f4c1084cf174fe6a6db10759a721850 - - default default] Unable to schedule network b118eb8e-da8a-42bf-b4e9-22d8dcfe1f44: no agents available; will retry on subsequent port and subnet creation events.
2026-08-23 15:53:18.234 8 INFO neutron.db.ovn_revision_numbers_db [None req-e027953c-c7aa-4f94-b0eb-1779d6c7e1cd be4a0a02f9a3408f9d78a65f222309ef 1f4c1084cf174fe6a6db10759a721850 - - default default] Successfully bumped revision number for resource 3540e694-71ce-44c2-a18f-ac843c001855 (type: router_ports) to 1 [pid: 8|app: 0|req: 840/1658] 10.0.0.233 () {34 vars in 783 bytes} [Sun Aug 23 15:53:16 2026] PUT /v2.0/routers/ee34bd3e-19b8-4a39-a6eb-13260378a9e4/add_router_interface => generated 309 bytes in 1878 msecs (HTTP/1.1 200) 4 headers in 157 bytes (1 switches on core 0) [pid: 8|app: 0|req: 841/1659] 10.0.0.233 () {32 vars in 663 bytes} [Sun Aug 23 15:53:18 2026] GET /v2.0/security-groups => generated 4529 bytes in 25 msecs (HTTP/1.1 200) 4 headers in 158 bytes (1 switches on core 0)
2026-08-23 15:53:18.339 8 INFO neutron.db.ovn_revision_numbers_db [None req-d26110fe-04d7-4e2f-98e4-aac101727848 f557665da50742f085be9cc87e9aac5c 6e832ea906984d8c831a763016e5b6af - - default default] Successfully bumped revision number for resource 572f855b-fa0b-4652-a309-71919022f66b (type: security_groups) to 2 [pid: 8|app: 0|req: 842/1660] 10.0.0.233 () {34 vars in 758 bytes} [Sun Aug 23 15:53:18 2026] PUT /v2.0/security-groups/572f855b-fa0b-4652-a309-71919022f66b => generated 1664 bytes in 94 msecs (HTTP/1.1 200) 4 headers in 158 bytes (1 switches on core 0) [pid: 8|app: 0|req: 843/1661] 10.0.0.233 () {32 vars in 737 bytes} [Sun Aug 23 15:53:18 2026] GET /v2.0/security-groups/572f855b-fa0b-4652-a309-71919022f66b => generated 1664 bytes in 24 msecs (HTTP/1.1 200) 4 headers in 158 bytes (1 switches on core 0)
2026-08-23 15:53:18.443 7 INFO neutron.plugins.ml2.drivers.ovn.mech_driver.ovsdb.commands [None req-dc73f10b-8198-4aac-aecb-218db2b7caa4 - - - - - -] Schedule LRP lrp-0ab7ba4e-3321-4f20-947c-f2ca52c09b68 on gateway 1564be04-71cf-4f4e-b549-5f730a7b415c with priority 1
2026-08-23 15:53:18.513 8 INFO neutron.plugins.ml2.drivers.ovn.mech_driver.mech_driver [None req-972165c1-0e1a-4e75-9d5c-1a814ed882c9 - - - - - -] OVN reports status up for port: 0ab7ba4e-3321-4f20-947c-f2ca52c09b68
2026-08-23 15:53:18.519 7 INFO neutron.plugins.ml2.drivers.ovn.mech_driver.mech_driver [None req-8747ae3f-7ec1-4520-ada1-e9174b78a971 - - - - - -] OVN reports status down for port: 3540e694-71ce-44c2-a18f-ac843c001855
2026-08-23 15:53:18.521 7 INFO neutron.db.ovn_revision_numbers_db [None req-d8074151-4c59-4554-80f2-bc7028e1eae1 - - - - - -] Successfully bumped revision number for resource 7ab6fd32-c305-4601-8fda-5d00db788192 (type: ports) to 5
2026-08-23 15:53:18.536 8 INFO neutron.plugins.ml2.plugin [None req-972165c1-0e1a-4e75-9d5c-1a814ed882c9 - - - - - -] Attempt 1 to provision port 0ab7ba4e-3321-4f20-947c-f2ca52c09b68 [pid: 8|app: 0|req: 844/1662] 10.0.0.233 () {32 vars in 740 bytes} [Sun Aug 23 15:53:18 2026] DELETE /v2.0/security-groups/572f855b-fa0b-4652-a309-71919022f66b => generated 0 bytes in 194 msecs (HTTP/1.1 204) 2 headers in 112 bytes (1 switches on core 0)
2026-08-23 15:53:18.617 7 INFO neutron.db.ovn_revision_numbers_db [None req-2a0b54fe-b107-4a33-b7e5-fde0110a55ea c061678ae7ba40ddad05257bbc25bf83 00d09723d4314069b4705c790a22723e - - default default] Successfully bumped revision number for resource 0ab7ba4e-3321-4f20-947c-f2ca52c09b68 (type: router_ports) to 1 [pid: 8|app: 0|req: 845/1663] 10.0.0.233 () {32 vars in 663 bytes} [Sun Aug 23 15:53:18 2026] GET /v2.0/security-groups => generated 2925 bytes in 55 msecs (HTTP/1.1 200) 4 headers in 158 bytes (1 switches on core 0)
2026-08-23 15:53:18.669 8 INFO neutron.api.v2.resource [None req-669731d5-1609-46a2-a7a6-6bc592aac4f4 f557665da50742f085be9cc87e9aac5c 6e832ea906984d8c831a763016e5b6af - - default default] delete failed (client error): The resource could not be found. [pid: 8|app: 0|req: 846/1664] 10.0.0.233 () {32 vars in 740 bytes} [Sun Aug 23 15:53:18 2026] DELETE /v2.0/security-groups/572f855b-fa0b-4652-a309-71919022f66b => generated 146 bytes in 16 msecs (HTTP/1.1 404) 4 headers in 164 bytes (1 switches on core 0)
2026-08-23 15:53:18.694 7 WARNING neutron.plugins.ml2.drivers.ovn.mech_driver.ovsdb.ovn_client [None req-8747ae3f-7ec1-4520-ada1-e9174b78a971 - - - - - -] Logical_Switch_Port %s host information not removed, the port state is up
2026-08-23 15:53:18.696 7 INFO neutron.plugins.ml2.drivers.ovn.mech_driver.mech_driver [None req-8747ae3f-7ec1-4520-ada1-e9174b78a971 - - - - - -] OVN reports status up for port: 3540e694-71ce-44c2-a18f-ac843c001855
2026-08-23 15:53:18.722 7 INFO neutron.plugins.ml2.plugin [None req-8747ae3f-7ec1-4520-ada1-e9174b78a971 - - - - - -] Attempt 1 to provision port 3540e694-71ce-44c2-a18f-ac843c001855
2026-08-23 15:53:18.809 7 INFO neutron.plugins.ml2.drivers.ovn.mech_driver.ovsdb.ovsdb_monitor [None req-d8074151-4c59-4554-80f2-bc7028e1eae1 - - - - - -] Router b0f5cd38-19f0-444e-b03a-2e3e2656109b is bound to host instance
2026-08-23 15:53:18.831 8 INFO neutron.db.ovn_revision_numbers_db [None req-7910302a-8404-45eb-a51c-0e058b327aa6 f557665da50742f085be9cc87e9aac5c 6e832ea906984d8c831a763016e5b6af - - default default] Successfully bumped revision number for resource 91d17d72-f34b-4e0d-88d6-37801289aeab (type: security_groups) to 1
2026-08-23 15:53:18.845 8 INFO neutron.db.ovn_revision_numbers_db [None req-7910302a-8404-45eb-a51c-0e058b327aa6 f557665da50742f085be9cc87e9aac5c 6e832ea906984d8c831a763016e5b6af - - default default] Successfully bumped revision number for resource 6d0da775-3118-4641-9088-87eca5c01510 (type: security_group_rules) to 0
2026-08-23 15:53:18.861 8 INFO neutron.db.ovn_revision_numbers_db [None req-7910302a-8404-45eb-a51c-0e058b327aa6 f557665da50742f085be9cc87e9aac5c 6e832ea906984d8c831a763016e5b6af - - default default] Successfully bumped revision number for resource a5ff9747-4302-4231-aa93-91dc70991f38 (type: security_group_rules) to 0 [pid: 8|app: 0|req: 847/1665] 10.0.0.233 () {34 vars in 684 bytes} [Sun Aug 23 15:53:18 2026] POST /v2.0/security-groups => generated 1625 bytes in 230 msecs (HTTP/1.1 201) 4 headers in 163 bytes (1 switches on core 0)
2026-08-23 15:53:18.906 7 INFO neutron.db.ovn_revision_numbers_db [None req-2a0b54fe-b107-4a33-b7e5-fde0110a55ea c061678ae7ba40ddad05257bbc25bf83 00d09723d4314069b4705c790a22723e - - default default] Successfully bumped revision number for resource b0f5cd38-19f0-444e-b03a-2e3e2656109b (type: routers) to 2 [pid: 7|app: 0|req: 819/1666] 10.0.0.233 () {34 vars in 669 bytes} [Sun Aug 23 15:53:16 2026] POST /v2.0/routers => generated 954 bytes in 2897 msecs (HTTP/1.1 201) 4 headers in 162 bytes (1 switches on core 0)
