2026-08-23 15:53:38.585 8 WARNING neutron.api.rpc.agentnotifiers.dhcp_rpc_agent_api [None req-e14268b6-7a5c-45a5-8861-93c2d909bb7c 9b63c979b2294eb2acc9abe07b87d528 b67a3e63850a462da0dd1ea5b5638e8e - - default default] Unable to schedule network 84e5c0b7-6569-40ea-8cd5-4f5e7d3e8ff6: no agents available; will retry on subsequent port and subnet creation events.
2026-08-23 15:53:38.653 7 INFO neutron.notifiers.nova [-] Nova event matching ['req-a6d74edd-e4d8-4a30-b4f3-d9d4af8b9ee1'] response: {'server_uuid': '9973d29e-0eea-4672-960e-337b1deb0964', 'name': 'network-vif-plugged', 'status': 'completed', 'tag': '9f8505f2-90a3-427b-8844-791555623baa', 'code': 200}
2026-08-23 15:53:38.701 8 INFO neutron.plugins.ml2.drivers.ovn.mech_driver.mech_driver [None req-5483aff9-a33d-46db-9df7-ac1b724903ae - - - - - -] OVN reports status down for port: e401112a-9162-44d2-b205-e5473777d7bb [pid: 7|app: 0|req: 901/1823] 162.253.55.186 () {34 vars in 1012 bytes} [Sun Aug 23 15:53:38 2026] GET /v2.0/networks/b118eb8e-da8a-42bf-b4e9-22d8dcfe1f44?fields=segments => generated 14 bytes in 147 msecs (HTTP/1.1 200) 4 headers in 156 bytes (1 switches on core 0)
2026-08-23 15:53:38.775 8 INFO neutron.db.ovn_revision_numbers_db [None req-e14268b6-7a5c-45a5-8861-93c2d909bb7c 9b63c979b2294eb2acc9abe07b87d528 b67a3e63850a462da0dd1ea5b5638e8e - - default default] Successfully bumped revision number for resource e401112a-9162-44d2-b205-e5473777d7bb (type: ports) to 1 [pid: 8|app: 0|req: 923/1824] 10.0.0.233 () {34 vars in 665 bytes} [Sun Aug 23 15:53:38 2026] POST /v2.0/ports => generated 965 bytes in 599 msecs (HTTP/1.1 201) 4 headers in 162 bytes (1 switches on core 0) /var/lib/openstack/lib/python3.12/site-packages/pycadf/identifier.py:70: UserWarning: Invalid uuid: neutron. To ensure interoperability, identifiers should be a valid uuid. warnings.warn(('Invalid uuid: %s. To ensure interoperability, ' [pid: 8|app: 0|req: 924/1825] 10.0.0.9 () {34 vars in 988 bytes} [Sun Aug 23 15:53:38 2026] GET /v2.0/ports?device_id=1ec53823-efb2-43cb-afe1-ec18b0be8587 => generated 1012 bytes in 46 msecs (HTTP/1.1 200) 4 headers in 158 bytes (1 switches on core 0)
2026-08-23 15:53:39.012 8 INFO neutron_taas.services.taas.taas_plugin [None req-35255512-78dc-4cb1-99bc-afebfa14d8a2 9b63c979b2294eb2acc9abe07b87d528 b67a3e63850a462da0dd1ea5b5638e8e - - default default] TaaS: Handle Delete Port: e401112a-9162-44d2-b205-e5473777d7bb
2026-08-23 15:53:39.015 8 INFO neutron_taas.services.taas.tap_mirror_plugin [None req-35255512-78dc-4cb1-99bc-afebfa14d8a2 9b63c979b2294eb2acc9abe07b87d528 b67a3e63850a462da0dd1ea5b5638e8e - - default default] Tap Mirror: Handle Delete Port: e401112a-9162-44d2-b205-e5473777d7bb [pid: 8|app: 0|req: 925/1826] 10.0.0.233 () {32 vars in 720 bytes} [Sun Aug 23 15:53:38 2026] DELETE /v2.0/ports/e401112a-9162-44d2-b205-e5473777d7bb => generated 0 bytes in 256 msecs (HTTP/1.1 204) 3 headers in 131 bytes (1 switches on core 0) [pid: 7|app: 0|req: 902/1827] 162.253.55.186 () {34 vars in 1112 bytes} [Sun Aug 23 15:53:38 2026] GET /v2.0/networks/b118eb8e-da8a-42bf-b4e9-22d8dcfe1f44?fields=provider%3Aphysical_network&fields=provider%3Anetwork_type => generated 79 bytes in 607 msecs (HTTP/1.1 200) 4 headers in 156 bytes (1 switches on core 0) [pid: 7|app: 0|req: 903/1828] 10.0.0.9 () {34 vars in 1118 bytes} [Sun Aug 23 15:53:39 2026] GET /v2.0/security-groups?id=69f0f478-a7aa-46d2-bc1c-e6809d686d82&id=77910801-c2ea-43b9-bcd4-38928a6383d5&fields=id&fields=name => generated 206 bytes in 79 msecs (HTTP/1.1 200) 4 headers in 157 bytes (1 switches on core 0)
2026-08-23 15:53:39.437 7 INFO neutron.db.ovn_revision_numbers_db [None req-c10907e2-c7a2-4d45-9d02-bbb43662e348 - - - - - -] Successfully bumped revision number for resource 9f8505f2-90a3-427b-8844-791555623baa (type: ports) to 5
2026-08-23 15:53:39.466 7 INFO neutron.pecan_wsgi.hooks.translation [None req-0912b95e-00f3-461b-b5a2-5a37e0cb8f27 9b63c979b2294eb2acc9abe07b87d528 b67a3e63850a462da0dd1ea5b5638e8e - - default default] DELETE failed (client error): The resource could not be found.
2026-08-23 15:53:39.471 8 INFO neutron.db.ovn_revision_numbers_db [None req-97ce39cf-8f75-4539-9fb7-6e4dfb3960e1 e1b4eccfcdcb4356aaa2a71706424a3d 92023e012e8c4b09814c55e077b131d6 - - default default] Successfully bumped revision number for resource 974b04eb-c3d3-4a9c-ac2c-f41ee66931fb (type: security_groups) to 1 [pid: 7|app: 0|req: 904/1829] 10.0.0.233 () {32 vars in 720 bytes} [Sun Aug 23 15:53:39 2026] DELETE /v2.0/ports/e401112a-9162-44d2-b205-e5473777d7bb => generated 132 bytes in 50 msecs (HTTP/1.1 404) 4 headers in 164 bytes (1 switches on core 0)
2026-08-23 15:53:39.487 8 INFO neutron.db.ovn_revision_numbers_db [None req-97ce39cf-8f75-4539-9fb7-6e4dfb3960e1 e1b4eccfcdcb4356aaa2a71706424a3d 92023e012e8c4b09814c55e077b131d6 - - default default] Successfully bumped revision number for resource 145b4003-04dc-4d57-ab6e-ba7ff84ce0e9 (type: security_group_rules) to 0
2026-08-23 15:53:39.502 8 INFO neutron.db.ovn_revision_numbers_db [None req-97ce39cf-8f75-4539-9fb7-6e4dfb3960e1 e1b4eccfcdcb4356aaa2a71706424a3d 92023e012e8c4b09814c55e077b131d6 - - default default] Successfully bumped revision number for resource 31c6af8a-cf80-4258-8e2c-559651ea211f (type: security_group_rules) to 0
2026-08-23 15:53:39.518 8 INFO neutron.db.ovn_revision_numbers_db [None req-97ce39cf-8f75-4539-9fb7-6e4dfb3960e1 e1b4eccfcdcb4356aaa2a71706424a3d 92023e012e8c4b09814c55e077b131d6 - - default default] Successfully bumped revision number for resource 58267226-80c9-4aa7-b674-8ac817f648bd (type: security_group_rules) to 0
2026-08-23 15:53:39.535 8 INFO neutron.db.ovn_revision_numbers_db [None req-97ce39cf-8f75-4539-9fb7-6e4dfb3960e1 e1b4eccfcdcb4356aaa2a71706424a3d 92023e012e8c4b09814c55e077b131d6 - - default default] Successfully bumped revision number for resource 6fff4ae2-69c8-413c-84d4-d38c8812ec6b (type: security_group_rules) to 0 [pid: 7|app: 0|req: 907/1832] 10.0.0.9 () {34 vars in 988 bytes} [Sun Aug 23 15:53:39 2026] GET /v2.0/ports?device_id=9973d29e-0eea-4672-960e-337b1deb0964 => generated 971 bytes in 88 msecs (HTTP/1.1 200) 4 headers in 157 bytes (1 switches on core 0) /var/lib/openstack/lib/python3.12/site-packages/pycadf/identifier.py:70: UserWarning: Invalid uuid: neutron. To ensure interoperability, identifiers should be a valid uuid. warnings.warn(('Invalid uuid: %s. To ensure interoperability, '
2026-08-23 15:53:39.610 7 INFO neutron.pecan_wsgi.hooks.translation [None req-608534ad-7fc1-4f6e-a849-0defa063579d 9b63c979b2294eb2acc9abe07b87d528 b67a3e63850a462da0dd1ea5b5638e8e - - default default] GET failed (client error): The resource could not be found. [pid: 7|app: 0|req: 908/1833] 10.0.0.233 () {32 vars in 717 bytes} [Sun Aug 23 15:53:39 2026] GET /v2.0/ports/e401112a-9162-44d2-b205-e5473777d7bb => generated 132 bytes in 39 msecs (HTTP/1.1 404) 4 headers in 164 bytes (1 switches on core 0)
2026-08-23 15:53:39.613 8 INFO neutron.db.segments_db [None req-97ce39cf-8f75-4539-9fb7-6e4dfb3960e1 e1b4eccfcdcb4356aaa2a71706424a3d 92023e012e8c4b09814c55e077b131d6 - - default default] Added segment 4389f18e-794c-4dce-b234-1e975dc29925 of type geneve for network 0ec439f5-e194-467d-a450-92a0eabbcfc8 [pid: 7|app: 0|req: 909/1834] 10.0.0.9 () {34 vars in 1038 bytes} [Sun Aug 23 15:53:39 2026] GET /v2.0/security-groups?id=6c0d7bb6-f1f0-40ad-9a0e-c425f9f4904e&fields=id&fields=name => generated 113 bytes in 27 msecs (HTTP/1.1 200) 4 headers in 157 bytes (1 switches on core 0)
2026-08-23 15:53:39.721 8 INFO neutron.db.ovn_revision_numbers_db [None req-97ce39cf-8f75-4539-9fb7-6e4dfb3960e1 e1b4eccfcdcb4356aaa2a71706424a3d 92023e012e8c4b09814c55e077b131d6 - - default default] Successfully bumped revision number for resource 0ec439f5-e194-467d-a450-92a0eabbcfc8 (type: networks) to 1 [pid: 7|app: 0|req: 910/1835] 10.0.0.233 () {32 vars in 724 bytes} [Sun Aug 23 15:53:39 2026] DELETE /v2.0/subnets/1ec6aa3c-22ab-40b7-9675-69e913856f01 => generated 0 bytes in 158 msecs (HTTP/1.1 204) 3 headers in 131 bytes (1 switches on core 0)
2026-08-23 15:53:39.921 8 WARNING neutron.scheduler.dhcp_agent_scheduler [None req-97ce39cf-8f75-4539-9fb7-6e4dfb3960e1 e1b4eccfcdcb4356aaa2a71706424a3d 92023e012e8c4b09814c55e077b131d6 - - default default] No more DHCP agents
2026-08-23 15:53:39.922 8 WARNING neutron.api.rpc.agentnotifiers.dhcp_rpc_agent_api [None req-97ce39cf-8f75-4539-9fb7-6e4dfb3960e1 e1b4eccfcdcb4356aaa2a71706424a3d 92023e012e8c4b09814c55e077b131d6 - - default default] Unable to schedule network 0ec439f5-e194-467d-a450-92a0eabbcfc8: no agents available; will retry on subsequent port and subnet creation events.
2026-08-23 15:53:39.945 7 INFO neutron_taas.services.taas.taas_plugin [None req-f42e30fe-e7b5-4c17-8a98-28a7e9233ff8 9b63c979b2294eb2acc9abe07b87d528 b67a3e63850a462da0dd1ea5b5638e8e - - default default] TaaS: Handle Delete Port: e41eab39-63ca-4b7f-a106-9f5fd1cb38c4
2026-08-23 15:53:39.948 7 INFO neutron_taas.services.taas.tap_mirror_plugin [None req-f42e30fe-e7b5-4c17-8a98-28a7e9233ff8 9b63c979b2294eb2acc9abe07b87d528 b67a3e63850a462da0dd1ea5b5638e8e - - default default] Tap Mirror: Handle Delete Port: e41eab39-63ca-4b7f-a106-9f5fd1cb38c4
2026-08-23 15:53:40.009 8 INFO neutron.db.ovn_revision_numbers_db [None req-97ce39cf-8f75-4539-9fb7-6e4dfb3960e1 e1b4eccfcdcb4356aaa2a71706424a3d 92023e012e8c4b09814c55e077b131d6 - - default default] Successfully bumped revision number for resource 5ae3580c-e472-4b4d-bae9-659f59e453ea (type: ports) to 1
2026-08-23 15:53:40.022 7 INFO neutron.plugins.ml2.drivers.ovn.mech_driver.mech_driver [None req-cb808c21-908c-43f8-9d49-73094b0ba593 - - - - - -] OVN reports status down for port: 5ae3580c-e472-4b4d-bae9-659f59e453ea [pid: 8|app: 0|req: 926/1836] 10.0.0.233 () {34 vars in 670 bytes} [Sun Aug 23 15:53:39 2026] POST /v2.0/networks => generated 748 bytes in 893 msecs (HTTP/1.1 201) 4 headers in 162 bytes (1 switches on core 0)
2026-08-23 15:53:40.179 8 WARNING neutron.scheduler.dhcp_agent_scheduler [None req-117d0db5-fe57-4805-a2cc-99463249914c e1b4eccfcdcb4356aaa2a71706424a3d 92023e012e8c4b09814c55e077b131d6 - - default default] No more DHCP agents
2026-08-23 15:53:40.180 8 WARNING neutron.api.rpc.agentnotifiers.dhcp_rpc_agent_api [None req-117d0db5-fe57-4805-a2cc-99463249914c e1b4eccfcdcb4356aaa2a71706424a3d 92023e012e8c4b09814c55e077b131d6 - - default default] Unable to schedule network 0ec439f5-e194-467d-a450-92a0eabbcfc8: no agents available; will retry on subsequent port and subnet creation events.
2026-08-23 15:53:40.237 7 INFO neutron.services.segments.plugin [-] Segment 3cb4621b-571b-4b2b-bff9-5f95ab5de018 resource provider aggregate not found
2026-08-23 15:53:40.242 7 INFO neutron.services.segments.plugin [-] Segment 3cb4621b-571b-4b2b-bff9-5f95ab5de018 resource provider aggregate not found
2026-08-23 15:53:40.264 7 INFO neutron.services.segments.plugin [-] Segment 3cb4621b-571b-4b2b-bff9-5f95ab5de018 resource provider not found; error: Placement Client Error (4xx): {"errors": [{"status": 404, "title": "Not Found", "detail": "The resource could not be found.\n\n No resource provider with uuid 3cb4621b-571b-4b2b-bff9-5f95ab5de018 found for delete ", "request_id": "req-e3800afd-a91e-4bed-9c44-0c96713576a6"}]}
2026-08-23 15:53:40.269 7 INFO neutron.services.segments.plugin [-] Segment 3cb4621b-571b-4b2b-bff9-5f95ab5de018 resource provider not found; error: Placement Client Error (4xx): {"errors": [{"status": 404, "title": "Not Found", "detail": "The resource could not be found.\n\n No resource provider with uuid 3cb4621b-571b-4b2b-bff9-5f95ab5de018 found for delete ", "request_id": "req-47b81eea-e02d-4461-8508-68a5ab38e148"}]} [pid: 7|app: 0|req: 911/1837] 10.0.0.233 () {32 vars in 726 bytes} [Sun Aug 23 15:53:39 2026] DELETE /v2.0/networks/84e5c0b7-6569-40ea-8cd5-4f5e7d3e8ff6 => generated 0 bytes in 469 msecs (HTTP/1.1 204) 3 headers in 131 bytes (1 switches on core 0) [pid: 7|app: 0|req: 912/1838] 162.253.55.186 () {34 vars in 994 bytes} [Sun Aug 23 15:53:40 2026] GET /v2.0/ports?device_id=1ec53823-efb2-43cb-afe1-ec18b0be8587 => generated 1250 bytes in 29 msecs (HTTP/1.1 200) 4 headers in 158 bytes (1 switches on core 0)
2026-08-23 15:53:40.395 7 INFO neutron.db.segments_db [None req-c2b75659-f121-4d6a-a0ad-0c24a3466578 9b63c979b2294eb2acc9abe07b87d528 b67a3e63850a462da0dd1ea5b5638e8e - - default default] Added segment 094d06df-103e-4e4f-ba61-332877f499d2 of type geneve for network 48dcf98e-074b-48d4-adc6-6666702bb29c
2026-08-23 15:53:40.506 7 INFO neutron.db.ovn_revision_numbers_db [None req-c2b75659-f121-4d6a-a0ad-0c24a3466578 9b63c979b2294eb2acc9abe07b87d528 b67a3e63850a462da0dd1ea5b5638e8e - - default default] Successfully bumped revision number for resource 48dcf98e-074b-48d4-adc6-6666702bb29c (type: networks) to 1
2026-08-23 15:53:40.654 8 INFO neutron.db.ovn_revision_numbers_db [None req-29307a2a-de83-40cd-b18d-23d32c636329 - - - - - -] Successfully bumped revision number for resource 5ae3580c-e472-4b4d-bae9-659f59e453ea (type: ports) to 2
2026-08-23 15:53:40.708 8 INFO neutron.db.ovn_revision_numbers_db [None req-29307a2a-de83-40cd-b18d-23d32c636329 - - - - - -] Successfully bumped revision number for resource a886bb82-ac55-4b47-a56a-13d2d774157c (type: subnets) to 0
2026-08-23 15:53:40.713 7 WARNING neutron.scheduler.dhcp_agent_scheduler [None req-c2b75659-f121-4d6a-a0ad-0c24a3466578 9b63c979b2294eb2acc9abe07b87d528 b67a3e63850a462da0dd1ea5b5638e8e - - default default] No more DHCP agents
2026-08-23 15:53:40.716 7 WARNING neutron.api.rpc.agentnotifiers.dhcp_rpc_agent_api [None req-c2b75659-f121-4d6a-a0ad-0c24a3466578 9b63c979b2294eb2acc9abe07b87d528 b67a3e63850a462da0dd1ea5b5638e8e - - default default] Unable to schedule network 48dcf98e-074b-48d4-adc6-6666702bb29c: no agents available; will retry on subsequent port and subnet creation events. [pid: 8|app: 0|req: 927/1839] 10.0.0.233 () {34 vars in 669 bytes} [Sun Aug 23 15:53:40 2026] POST /v2.0/subnets => generated 644 bytes in 693 msecs (HTTP/1.1 201) 4 headers in 162 bytes (1 switches on core 0)
2026-08-23 15:53:40.770 7 INFO neutron.plugins.ml2.drivers.ovn.mech_driver.mech_driver [None req-cb808c21-908c-43f8-9d49-73094b0ba593 - - - - - -] OVN reports status down for port: 536fcfbf-6132-4b2e-8b67-976d673dd864 [pid: 8|app: 0|req: 928/1840] 162.253.55.186 () {34 vars in 1124 bytes} [Sun Aug 23 15:53:40 2026] GET /v2.0/security-groups?id=69f0f478-a7aa-46d2-bc1c-e6809d686d82&id=77910801-c2ea-43b9-bcd4-38928a6383d5&fields=id&fields=name => generated 206 bytes in 49 msecs (HTTP/1.1 200) 4 headers in 157 bytes (1 switches on core 0)
2026-08-23 15:53:40.822 7 INFO neutron.db.ovn_revision_numbers_db [None req-c2b75659-f121-4d6a-a0ad-0c24a3466578 9b63c979b2294eb2acc9abe07b87d528 b67a3e63850a462da0dd1ea5b5638e8e - - default default] Successfully bumped revision number for resource 536fcfbf-6132-4b2e-8b67-976d673dd864 (type: ports) to 1 [pid: 8|app: 0|req: 929/1841] 10.0.0.9 () {34 vars in 988 bytes} [Sun Aug 23 15:53:40 2026] GET /v2.0/ports?device_id=1ec53823-efb2-43cb-afe1-ec18b0be8587 => generated 1012 bytes in 55 msecs (HTTP/1.1 200) 4 headers in 158 bytes (1 switches on core 0) [pid: 7|app: 0|req: 913/1842] 10.0.0.233 () {34 vars in 670 bytes} [Sun Aug 23 15:53:40 2026] POST /v2.0/networks => generated 655 bytes in 546 msecs (HTTP/1.1 201) 4 headers in 162 bytes (1 switches on core 0)
2026-08-23 15:53:40.881 7 WARNING neutron.api.v2.base [None req-ea0385da-fd2c-4c85-8b0e-e119deae9f53 e1b4eccfcdcb4356aaa2a71706424a3d 92023e012e8c4b09814c55e077b131d6 - - default default] An exception happened while processing the request body. The exception message is [Invalid input for target_tenant. Reason: 'None' is not a valid string.].: webob.exc.HTTPBadRequest: Invalid input for target_tenant. Reason: 'None' is not a valid string.
2026-08-23 15:53:40.881 7 INFO neutron.api.v2.resource [None req-ea0385da-fd2c-4c85-8b0e-e119deae9f53 e1b4eccfcdcb4356aaa2a71706424a3d 92023e012e8c4b09814c55e077b131d6 - - default default] create failed (client error): Invalid input for target_tenant. Reason: 'None' is not a valid string. [pid: 7|app: 0|req: 914/1843] 10.0.0.233 () {34 vars in 681 bytes} [Sun Aug 23 15:53:40 2026] POST /v2.0/rbac-policies => generated 143 bytes in 21 msecs (HTTP/1.1 400) 4 headers in 166 bytes (1 switches on core 0)
2026-08-23 15:53:40.935 8 INFO neutron.plugins.ml2.drivers.ovn.mech_driver.mech_driver [None req-5483aff9-a33d-46db-9df7-ac1b724903ae - - - - - -] OVN reports status up for port: e65a5369-8ed8-4d41-8209-40bfc3e0c191 [pid: 7|app: 0|req: 915/1844] 10.0.0.9 () {34 vars in 1118 bytes} [Sun Aug 23 15:53:40 2026] GET /v2.0/security-groups?id=69f0f478-a7aa-46d2-bc1c-e6809d686d82&id=77910801-c2ea-43b9-bcd4-38928a6383d5&fields=id&fields=name => generated 206 bytes in 74 msecs (HTTP/1.1 200) 4 headers in 157 bytes (1 switches on core 0) [pid: 8|app: 0|req: 930/1845] 10.0.0.9 () {34 vars in 988 bytes} [Sun Aug 23 15:53:40 2026] GET /v2.0/ports?device_id=9973d29e-0eea-4672-960e-337b1deb0964 => generated 971 bytes in 124 msecs (HTTP/1.1 200) 4 headers in 157 bytes (1 switches on core 0)
2026-08-23 15:53:40.982 8 INFO neutron.plugins.ml2.plugin [None req-5483aff9-a33d-46db-9df7-ac1b724903ae - - - - - -] Attempt 1 to provision port e65a5369-8ed8-4d41-8209-40bfc3e0c191
2026-08-23 15:53:40.993 7 INFO neutron.notifiers.nova [-] Nova event matching ['req-e04b874c-f456-4e2b-b71c-7a1188f9ed3c'] response: {'server_uuid': '9973d29e-0eea-4672-960e-337b1deb0964', 'name': 'network-vif-plugged', 'status': 'completed', 'tag': '9f8505f2-90a3-427b-8844-791555623baa', 'code': 200}
2026-08-23 15:53:41.192 8 INFO neutron.notifiers.nova [-] Nova event matching ['req-52a0e29f-4e38-460e-b84d-ddb84e945f4a'] response: {'server_uuid': '1ec53823-efb2-43cb-afe1-ec18b0be8587', 'name': 'network-vif-plugged', 'status': 'completed', 'tag': 'e65a5369-8ed8-4d41-8209-40bfc3e0c191', 'code': 200}
2026-08-23 15:53:41.217 7 WARNING neutron.scheduler.dhcp_agent_scheduler [None req-7607040d-56b2-4d0f-baa8-bc5373261806 9b63c979b2294eb2acc9abe07b87d528 b67a3e63850a462da0dd1ea5b5638e8e - - default default] No more DHCP agents
2026-08-23 15:53:41.219 7 WARNING neutron.api.rpc.agentnotifiers.dhcp_rpc_agent_api [None req-7607040d-56b2-4d0f-baa8-bc5373261806 9b63c979b2294eb2acc9abe07b87d528 b67a3e63850a462da0dd1ea5b5638e8e - - default default] Unable to schedule network 48dcf98e-074b-48d4-adc6-6666702bb29c: no agents available; will retry on subsequent port and subnet creation events.
2026-08-23 15:53:41.265 7 INFO neutron.db.ovn_revision_numbers_db [None req-7607040d-56b2-4d0f-baa8-bc5373261806 9b63c979b2294eb2acc9abe07b87d528 b67a3e63850a462da0dd1ea5b5638e8e - - default default] Successfully bumped revision number for resource d3aae762-11b1-40f7-b1ea-3ad9d9611c87 (type: subnets) to 0 [pid: 7|app: 0|req: 916/1846] 10.0.0.233 () {34 vars in 669 bytes} [Sun Aug 23 15:53:40 2026] POST /v2.0/subnets => generated 646 bytes in 324 msecs (HTTP/1.1 201) 4 headers in 162 bytes (1 switches on core 0)
2026-08-23 15:53:41.289 8 INFO neutron_taas.services.taas.taas_plugin [None req-6997d1a1-55fb-47a8-a1d2-13f7f1533c17 e1b4eccfcdcb4356aaa2a71706424a3d 92023e012e8c4b09814c55e077b131d6 - - default default] TaaS: Handle Delete Port: 5ae3580c-e472-4b4d-bae9-659f59e453ea
2026-08-23 15:53:41.296 8 INFO neutron_taas.services.taas.tap_mirror_plugin [None req-6997d1a1-55fb-47a8-a1d2-13f7f1533c17 e1b4eccfcdcb4356aaa2a71706424a3d 92023e012e8c4b09814c55e077b131d6 - - default default] Tap Mirror: Handle Delete Port: 5ae3580c-e472-4b4d-bae9-659f59e453ea [pid: 7|app: 0|req: 917/1847] 10.0.0.9 () {34 vars in 1038 bytes} [Sun Aug 23 15:53:41 2026] GET /v2.0/security-groups?id=6c0d7bb6-f1f0-40ad-9a0e-c425f9f4904e&fields=id&fields=name => generated 113 bytes in 30 msecs (HTTP/1.1 200) 4 headers in 157 bytes (1 switches on core 0)
2026-08-23 15:53:41.485 8 INFO neutron.db.ovn_revision_numbers_db [None req-5483aff9-a33d-46db-9df7-ac1b724903ae - - - - - -] Successfully bumped revision number for resource e65a5369-8ed8-4d41-8209-40bfc3e0c191 (type: ports) to 5
2026-08-23 15:53:41.644 7 WARNING neutron.scheduler.dhcp_agent_scheduler [None req-5ae3700e-befb-40f2-b34c-f63f3f5013bd 9b63c979b2294eb2acc9abe07b87d528 b67a3e63850a462da0dd1ea5b5638e8e - - default default] No more DHCP agents
2026-08-23 15:53:41.645 7 WARNING neutron.api.rpc.agentnotifiers.dhcp_rpc_agent_api [None req-5ae3700e-befb-40f2-b34c-f63f3f5013bd 9b63c979b2294eb2acc9abe07b87d528 b67a3e63850a462da0dd1ea5b5638e8e - - default default] Unable to schedule network 48dcf98e-074b-48d4-adc6-6666702bb29c: no agents available; will retry on subsequent port and subnet creation events.
2026-08-23 15:53:41.746 8 INFO neutron.plugins.ml2.drivers.ovn.mech_driver.mech_driver [None req-6ac2bb96-c766-44b5-9af1-8ee128effffa - - - - - -] OVN reports status down for port: c903a77b-5e47-4b18-823a-45d9d122d72c
2026-08-23 15:53:41.750 7 INFO neutron.db.ovn_revision_numbers_db [None req-5ae3700e-befb-40f2-b34c-f63f3f5013bd 9b63c979b2294eb2acc9abe07b87d528 b67a3e63850a462da0dd1ea5b5638e8e - - default default] Successfully bumped revision number for resource c903a77b-5e47-4b18-823a-45d9d122d72c (type: ports) to 1 [pid: 7|app: 0|req: 918/1848] 10.0.0.233 () {34 vars in 665 bytes} [Sun Aug 23 15:53:41 2026] POST /v2.0/ports => generated 928 bytes in 460 msecs (HTTP/1.1 201) 4 headers in 162 bytes (1 switches on core 0) [pid: 7|app: 0|req: 919/1849] 10.0.0.9 () {34 vars in 988 bytes} [Sun Aug 23 15:53:41 2026] GET /v2.0/ports?device_id=9973d29e-0eea-4672-960e-337b1deb0964 => generated 971 bytes in 40 msecs (HTTP/1.1 200) 4 headers in 157 bytes (1 switches on core 0)
2026-08-23 15:53:41.838 8 INFO neutron.services.segments.plugin [-] Segment 4389f18e-794c-4dce-b234-1e975dc29925 resource provider aggregate not found
2026-08-23 15:53:41.844 8 INFO neutron.services.segments.plugin [-] Segment 4389f18e-794c-4dce-b234-1e975dc29925 resource provider aggregate not found
2026-08-23 15:53:41.864 8 INFO neutron.services.segments.plugin [-] Segment 4389f18e-794c-4dce-b234-1e975dc29925 resource provider not found; error: Placement Client Error (4xx): {"errors": [{"status": 404, "title": "Not Found", "detail": "The resource could not be found.\n\n No resource provider with uuid 4389f18e-794c-4dce-b234-1e975dc29925 found for delete ", "request_id": "req-1815034e-53b5-4020-a475-c2333491188e"}]}
2026-08-23 15:53:41.877 8 INFO neutron.services.segments.plugin [-] Segment 4389f18e-794c-4dce-b234-1e975dc29925 resource provider not found; error: Placement Client Error (4xx): {"errors": [{"status": 404, "title": "Not Found", "detail": "The resource could not be found.\n\n No resource provider with uuid 4389f18e-794c-4dce-b234-1e975dc29925 found for delete ", "request_id": "req-2bef57dd-3dd0-431c-af8d-fea79a7b43b9"}]} [pid: 8|app: 0|req: 931/1850] 10.0.0.233 () {32 vars in 726 bytes} [Sun Aug 23 15:53:40 2026] DELETE /v2.0/networks/0ec439f5-e194-467d-a450-92a0eabbcfc8 => generated 0 bytes in 947 msecs (HTTP/1.1 204) 3 headers in 131 bytes (1 switches on core 0) /var/lib/openstack/lib/python3.12/site-packages/pycadf/identifier.py:70: UserWarning: Invalid uuid: neutron. To ensure interoperability, identifiers should be a valid uuid. warnings.warn(('Invalid uuid: %s. To ensure interoperability, ' [pid: 8|app: 0|req: 932/1851] 10.0.0.9 () {34 vars in 1038 bytes} [Sun Aug 23 15:53:41 2026] GET /v2.0/security-groups?id=6c0d7bb6-f1f0-40ad-9a0e-c425f9f4904e&fields=id&fields=name => generated 113 bytes in 33 msecs (HTTP/1.1 200) 4 headers in 157 bytes (1 switches on core 0)
2026-08-23 15:53:41.961 7 INFO neutron_taas.services.taas.taas_plugin [None req-ca82b9ca-a8ca-4e9b-b407-406f4a3d2a0f 9b63c979b2294eb2acc9abe07b87d528 b67a3e63850a462da0dd1ea5b5638e8e - - default default] TaaS: Handle Delete Port: c903a77b-5e47-4b18-823a-45d9d122d72c
2026-08-23 15:53:41.964 7 INFO neutron_taas.services.taas.tap_mirror_plugin [None req-ca82b9ca-a8ca-4e9b-b407-406f4a3d2a0f 9b63c979b2294eb2acc9abe07b87d528 b67a3e63850a462da0dd1ea5b5638e8e - - default default] Tap Mirror: Handle Delete Port: c903a77b-5e47-4b18-823a-45d9d122d72c
2026-08-23 15:53:42.044 8 INFO neutron.db.segments_db [None req-17e254c5-88c9-4a8f-8f5b-58784f5aff94 e1b4eccfcdcb4356aaa2a71706424a3d 92023e012e8c4b09814c55e077b131d6 - - default default] Added segment 455a9311-db7a-4306-aa99-873ae1f2dce9 of type geneve for network c04dd6fd-b8ed-4f0f-b668-4e85028093f9 [pid: 7|app: 0|req: 920/1852] 10.0.0.233 () {32 vars in 720 bytes} [Sun Aug 23 15:53:41 2026] DELETE /v2.0/ports/c903a77b-5e47-4b18-823a-45d9d122d72c => generated 0 bytes in 314 msecs (HTTP/1.1 204) 3 headers in 131 bytes (1 switches on core 0)
2026-08-23 15:53:42.160 8 INFO neutron.db.ovn_revision_numbers_db [None req-17e254c5-88c9-4a8f-8f5b-58784f5aff94 e1b4eccfcdcb4356aaa2a71706424a3d 92023e012e8c4b09814c55e077b131d6 - - default default] Successfully bumped revision number for resource c04dd6fd-b8ed-4f0f-b668-4e85028093f9 (type: networks) to 1 [pid: 7|app: 0|req: 921/1853] 10.0.0.233 () {32 vars in 736 bytes} [Sun Aug 23 15:53:42 2026] GET /v2.0/ports?device_id=9973d29e-0eea-4672-960e-337b1deb0964 => generated 1209 bytes in 44 msecs (HTTP/1.1 200) 4 headers in 158 bytes (1 switches on core 0) [pid: 7|app: 0|req: 922/1854] 10.0.0.9 () {34 vars in 988 bytes} [Sun Aug 23 15:53:42 2026] GET /v2.0/ports?device_id=1ec53823-efb2-43cb-afe1-ec18b0be8587 => generated 1014 bytes in 73 msecs (HTTP/1.1 200) 4 headers in 158 bytes (1 switches on core 0)
2026-08-23 15:53:42.269 7 INFO neutron.pecan_wsgi.hooks.translation [None req-df1349a5-1838-42b3-a69a-076a4d15e38d 9b63c979b2294eb2acc9abe07b87d528 b67a3e63850a462da0dd1ea5b5638e8e - - default default] GET failed (client error): The resource could not be found. [pid: 7|app: 0|req: 923/1855] 10.0.0.233 () {32 vars in 717 bytes} [Sun Aug 23 15:53:42 2026] GET /v2.0/ports/c903a77b-5e47-4b18-823a-45d9d122d72c => generated 132 bytes in 24 msecs (HTTP/1.1 404) 4 headers in 164 bytes (1 switches on core 0)
2026-08-23 15:53:42.330 8 WARNING neutron.scheduler.dhcp_agent_scheduler [None req-17e254c5-88c9-4a8f-8f5b-58784f5aff94 e1b4eccfcdcb4356aaa2a71706424a3d 92023e012e8c4b09814c55e077b131d6 - - default default] No more DHCP agents
2026-08-23 15:53:42.332 8 WARNING neutron.api.rpc.agentnotifiers.dhcp_rpc_agent_api [None req-17e254c5-88c9-4a8f-8f5b-58784f5aff94 e1b4eccfcdcb4356aaa2a71706424a3d 92023e012e8c4b09814c55e077b131d6 - - default default] Unable to schedule network c04dd6fd-b8ed-4f0f-b668-4e85028093f9: no agents available; will retry on subsequent port and subnet creation events.
2026-08-23 15:53:42.394 8 INFO neutron.plugins.ml2.drivers.ovn.mech_driver.mech_driver [None req-6ac2bb96-c766-44b5-9af1-8ee128effffa - - - - - -] OVN reports status down for port: fa7dbf88-a65a-481a-8e76-b5528fff14b5
2026-08-23 15:53:42.453 8 INFO neutron.db.ovn_revision_numbers_db [None req-17e254c5-88c9-4a8f-8f5b-58784f5aff94 e1b4eccfcdcb4356aaa2a71706424a3d 92023e012e8c4b09814c55e077b131d6 - - default default] Successfully bumped revision number for resource fa7dbf88-a65a-481a-8e76-b5528fff14b5 (type: ports) to 1 [pid: 8|app: 0|req: 933/1856] 10.0.0.233 () {34 vars in 670 bytes} [Sun Aug 23 15:53:41 2026] POST /v2.0/networks => generated 749 bytes in 556 msecs (HTTP/1.1 201) 4 headers in 162 bytes (1 switches on core 0)
2026-08-23 15:53:42.544 7 WARNING neutron.scheduler.dhcp_agent_scheduler [None req-1adb11b2-850b-4831-96b3-bd1b67213d6c c061678ae7ba40ddad05257bbc25bf83 00d09723d4314069b4705c790a22723e - - default default] No more DHCP agents
2026-08-23 15:53:42.545 7 WARNING neutron.api.rpc.agentnotifiers.dhcp_rpc_agent_api [None req-1adb11b2-850b-4831-96b3-bd1b67213d6c c061678ae7ba40ddad05257bbc25bf83 00d09723d4314069b4705c790a22723e - - default default] Unable to schedule network 84f2eb19-d1bf-48e1-9058-7b55c2efaea5: no agents available; will retry on subsequent port and subnet creation events. [pid: 8|app: 0|req: 934/1857] 10.0.0.9 () {34 vars in 1118 bytes} [Sun Aug 23 15:53:42 2026] GET /v2.0/security-groups?id=69f0f478-a7aa-46d2-bc1c-e6809d686d82&id=77910801-c2ea-43b9-bcd4-38928a6383d5&fields=id&fields=name => generated 206 bytes in 50 msecs (HTTP/1.1 200) 4 headers in 157 bytes (1 switches on core 0) [pid: 8|app: 0|req: 935/1858] 10.0.0.233 () {32 vars in 724 bytes} [Sun Aug 23 15:53:42 2026] DELETE /v2.0/subnets/d3aae762-11b1-40f7-b1ea-3ad9d9611c87 => generated 0 bytes in 157 msecs (HTTP/1.1 204) 3 headers in 131 bytes (1 switches on core 0)
2026-08-23 15:53:42.842 8 WARNING neutron.scheduler.dhcp_agent_scheduler [None req-6ed3b89e-3553-4b45-9da7-166d69daa82e e1b4eccfcdcb4356aaa2a71706424a3d 92023e012e8c4b09814c55e077b131d6 - - default default] No more DHCP agents
2026-08-23 15:53:42.843 8 WARNING neutron.api.rpc.agentnotifiers.dhcp_rpc_agent_api [None req-6ed3b89e-3553-4b45-9da7-166d69daa82e e1b4eccfcdcb4356aaa2a71706424a3d 92023e012e8c4b09814c55e077b131d6 - - default default] Unable to schedule network c04dd6fd-b8ed-4f0f-b668-4e85028093f9: no agents available; will retry on subsequent port and subnet creation events.
2026-08-23 15:53:43.266 8 INFO neutron.notifiers.nova [-] Nova event matching ['req-342bcce0-4c61-4608-b634-6a90ec2b98e2'] response: {'server_uuid': '1ec53823-efb2-43cb-afe1-ec18b0be8587', 'name': 'network-vif-plugged', 'status': 'completed', 'tag': 'e65a5369-8ed8-4d41-8209-40bfc3e0c191', 'code': 200}
2026-08-23 15:53:43.292 8 INFO neutron.db.ovn_revision_numbers_db [None req-62042c8b-1497-4a06-b510-b52b85e2b8a0 - - - - - -] Successfully bumped revision number for resource fa7dbf88-a65a-481a-8e76-b5528fff14b5 (type: ports) to 2
2026-08-23 15:53:43.324 8 INFO neutron.db.ovn_revision_numbers_db [None req-62042c8b-1497-4a06-b510-b52b85e2b8a0 - - - - - -] Successfully bumped revision number for resource b586f8cc-1b12-42aa-9b49-a0a5f83705b9 (type: subnets) to 0 [pid: 8|app: 0|req: 936/1859] 10.0.0.233 () {34 vars in 669 bytes} [Sun Aug 23 15:53:42 2026] POST /v2.0/subnets => generated 647 bytes in 631 msecs (HTTP/1.1 201) 4 headers in 162 bytes (1 switches on core 0) /var/lib/openstack/lib/python3.12/site-packages/pycadf/identifier.py:70: UserWarning: Invalid uuid: neutron. To ensure interoperability, identifiers should be a valid uuid. warnings.warn(('Invalid uuid: %s. To ensure interoperability, '
2026-08-23 15:53:43.359 7 INFO neutron.db.ovn_revision_numbers_db [None req-1adb11b2-850b-4831-96b3-bd1b67213d6c c061678ae7ba40ddad05257bbc25bf83 00d09723d4314069b4705c790a22723e - - default default] Successfully bumped revision number for resource 22d178e0-fb21-4622-bb8e-fbd5c1abd928 (type: floatingips) to 1
2026-08-23 15:53:43.359 7 INFO neutron.db.l3_db [None req-1adb11b2-850b-4831-96b3-bd1b67213d6c c061678ae7ba40ddad05257bbc25bf83 00d09723d4314069b4705c790a22723e - - default default] Floating IP 22d178e0-fb21-4622-bb8e-fbd5c1abd928 associated. External IP: 10.96.250.217, port: 9f8505f2-90a3-427b-8844-791555623baa. [pid: 7|app: 0|req: 924/1860] 10.0.0.233 () {34 vars in 677 bytes} [Sun Aug 23 15:53:42 2026] POST /v2.0/floatingips => generated 855 bytes in 1133 msecs (HTTP/1.1 201) 4 headers in 162 bytes (1 switches on core 0)
2026-08-23 15:53:43.416 7 WARNING neutron.api.v2.base [None req-62a9be52-50f1-41ed-aba5-74b8be2f844a e1b4eccfcdcb4356aaa2a71706424a3d 92023e012e8c4b09814c55e077b131d6 - - default default] An exception happened while processing the request body. The exception message is [Invalid input for target_tenant. Reason: '1234123412341234123412341234123412341234123412341234123412341234123412341234123412341234123412341234123412341234123412341234123412341234123412341234123412341234123412341234123412341234123412341234123412341234123412341234123412341234123412341234123412341234123412341234123412341234123412341234123412341234123412341234123412341234123412341234123412341234123412341234123412341234123412341234123412341234' exceeds maximum length of 255.].: webob.exc.HTTPBadRequest: Invalid input for target_tenant. Reason: '1234123412341234123412341234123412341234123412341234123412341234123412341234123412341234123412341234123412341234123412341234123412341234123412341234123412341234123412341234123412341234123412341234123412341234123412341234123412341234123412341234123412341234123412341234123412341234123412341234123412341234123412341234123412341234123412341234123412341234123412341234123412341234123412341234123412341234' exceeds maximum length of 255.
2026-08-23 15:53:43.418 7 INFO neutron.api.v2.resource [None req-62a9be52-50f1-41ed-aba5-74b8be2f844a e1b4eccfcdcb4356aaa2a71706424a3d 92023e012e8c4b09814c55e077b131d6 - - default default] create failed (client error): Invalid input for target_tenant. Reason: '1234123412341234123412341234123412341234123412341234123412341234123412341234123412341234123412341234123412341234123412341234123412341234123412341234123412341234123412341234123412341234123412341234123412341234123412341234123412341234123412341234123412341234123412341234123412341234123412341234123412341234123412341234123412341234123412341234123412341234123412341234123412341234123412341234123412341234' exceeds maximum length of 255. [pid: 7|app: 0|req: 925/1861] 10.0.0.233 () {34 vars in 681 bytes} [Sun Aug 23 15:53:43 2026] POST /v2.0/rbac-policies => generated 547 bytes in 13 msecs (HTTP/1.1 400) 4 headers in 166 bytes (1 switches on core 0)
2026-08-23 15:53:43.452 7 INFO neutron.notifiers.nova [-] Nova event matching ['req-7261e83c-733b-420c-b40b-9ae98d7aaf77'] response: {'name': 'network-changed', 'server_uuid': '9973d29e-0eea-4672-960e-337b1deb0964', 'tag': '9f8505f2-90a3-427b-8844-791555623baa', 'status': 'completed', 'code': 200} [pid: 7|app: 0|req: 926/1862] 10.0.0.233 () {32 vars in 729 bytes} [Sun Aug 23 15:53:43 2026] GET /v2.0/floatingips/22d178e0-fb21-4622-bb8e-fbd5c1abd928 => generated 857 bytes in 39 msecs (HTTP/1.1 200) 4 headers in 157 bytes (1 switches on core 0)
2026-08-23 15:53:43.467 8 INFO neutron_taas.services.taas.taas_plugin [None req-ef1f6ad0-12aa-41e1-afcc-5873a6260052 9b63c979b2294eb2acc9abe07b87d528 b67a3e63850a462da0dd1ea5b5638e8e - - default default] TaaS: Handle Delete Port: 536fcfbf-6132-4b2e-8b67-976d673dd864
2026-08-23 15:53:43.470 8 INFO neutron_taas.services.taas.tap_mirror_plugin [None req-ef1f6ad0-12aa-41e1-afcc-5873a6260052 9b63c979b2294eb2acc9abe07b87d528 b67a3e63850a462da0dd1ea5b5638e8e - - default default] Tap Mirror: Handle Delete Port: 536fcfbf-6132-4b2e-8b67-976d673dd864
2026-08-23 15:53:43.640 7 INFO neutron_taas.services.taas.taas_plugin [None req-df3debf3-5e5e-4144-b33c-be72d56b2669 e1b4eccfcdcb4356aaa2a71706424a3d 92023e012e8c4b09814c55e077b131d6 - - default default] TaaS: Handle Delete Port: fa7dbf88-a65a-481a-8e76-b5528fff14b5
2026-08-23 15:53:43.642 7 INFO neutron_taas.services.taas.tap_mirror_plugin [None req-df3debf3-5e5e-4144-b33c-be72d56b2669 e1b4eccfcdcb4356aaa2a71706424a3d 92023e012e8c4b09814c55e077b131d6 - - default default] Tap Mirror: Handle Delete Port: fa7dbf88-a65a-481a-8e76-b5528fff14b5 [pid: 8|app: 0|req: 937/1863] 10.0.0.233 () {32 vars in 726 bytes} [Sun Aug 23 15:53:43 2026] DELETE /v2.0/networks/48dcf98e-074b-48d4-adc6-6666702bb29c => generated 0 bytes in 356 msecs (HTTP/1.1 204) 3 headers in 131 bytes (1 switches on core 0) [pid: 8|app: 0|req: 938/1864] 10.0.0.9 () {34 vars in 988 bytes} [Sun Aug 23 15:53:43 2026] GET /v2.0/ports?device_id=1ec53823-efb2-43cb-afe1-ec18b0be8587 => generated 1014 bytes in 78 msecs (HTTP/1.1 200) 4 headers in 158 bytes (1 switches on core 0)
2026-08-23 15:53:43.909 8 INFO neutron.services.segments.plugin [-] Segment 094d06df-103e-4e4f-ba61-332877f499d2 resource provider aggregate not found
2026-08-23 15:53:43.914 8 INFO neutron.services.segments.plugin [-] Segment 094d06df-103e-4e4f-ba61-332877f499d2 resource provider aggregate not found
2026-08-23 15:53:43.928 8 INFO neutron.services.segments.plugin [-] Segment 094d06df-103e-4e4f-ba61-332877f499d2 resource provider not found; error: Placement Client Error (4xx): {"errors": [{"status": 404, "title": "Not Found", "detail": "The resource could not be found.\n\n No resource provider with uuid 094d06df-103e-4e4f-ba61-332877f499d2 found for delete ", "request_id": "req-a64e2d30-2f3a-4529-ad17-aca1a429202c"}]}
2026-08-23 15:53:43.944 8 INFO neutron.services.segments.plugin [-] Segment 094d06df-103e-4e4f-ba61-332877f499d2 resource provider not found; error: Placement Client Error (4xx): {"errors": [{"status": 404, "title": "Not Found", "detail": "The resource could not be found.\n\n No resource provider with uuid 094d06df-103e-4e4f-ba61-332877f499d2 found for delete ", "request_id": "req-f9d35b05-ed1d-47ec-824a-56cf01a0fd7c"}]}
2026-08-23 15:53:43.973 7 INFO neutron.services.segments.plugin [-] Segment 455a9311-db7a-4306-aa99-873ae1f2dce9 resource provider aggregate not found
2026-08-23 15:53:43.976 7 INFO neutron.services.segments.plugin [-] Segment 455a9311-db7a-4306-aa99-873ae1f2dce9 resource provider aggregate not found
2026-08-23 15:53:43.990 7 INFO neutron.services.segments.plugin [-] Segment 455a9311-db7a-4306-aa99-873ae1f2dce9 resource provider not found; error: Placement Client Error (4xx): {"errors": [{"status": 404, "title": "Not Found", "detail": "The resource could not be found.\n\n No resource provider with uuid 455a9311-db7a-4306-aa99-873ae1f2dce9 found for delete ", "request_id": "req-ed40a073-3b8e-4afd-8909-4ec51f639b28"}]}
2026-08-23 15:53:43.992 7 INFO neutron.services.segments.plugin [-] Segment 455a9311-db7a-4306-aa99-873ae1f2dce9 resource provider not found; error: Placement Client Error (4xx): {"errors": [{"status": 404, "title": "Not Found", "detail": "The resource could not be found.\n\n No resource provider with uuid 455a9311-db7a-4306-aa99-873ae1f2dce9 found for delete ", "request_id": "req-e6a04e63-56d5-4bdc-a8aa-9e96915cfd96"}]} [pid: 7|app: 0|req: 927/1865] 10.0.0.233 () {32 vars in 726 bytes} [Sun Aug 23 15:53:43 2026] DELETE /v2.0/networks/c04dd6fd-b8ed-4f0f-b668-4e85028093f9 => generated 0 bytes in 565 msecs (HTTP/1.1 204) 3 headers in 131 bytes (1 switches on core 0)
2026-08-23 15:53:44.037 8 WARNING neutron.scheduler.dhcp_agent_scheduler [None req-c01c0550-1f4d-4e9b-8978-e6f904de430f 9b63c979b2294eb2acc9abe07b87d528 b67a3e63850a462da0dd1ea5b5638e8e - - default default] No more DHCP agents
2026-08-23 15:53:44.038 8 WARNING neutron.api.rpc.agentnotifiers.dhcp_rpc_agent_api [None req-c01c0550-1f4d-4e9b-8978-e6f904de430f 9b63c979b2294eb2acc9abe07b87d528 b67a3e63850a462da0dd1ea5b5638e8e - - default default] Unable to schedule network c0364624-4235-4f41-b74c-e920dac2c380: no agents available; will retry on subsequent port and subnet creation events. [pid: 7|app: 0|req: 928/1866] 10.0.0.9 () {34 vars in 1118 bytes} [Sun Aug 23 15:53:44 2026] GET /v2.0/security-groups?id=69f0f478-a7aa-46d2-bc1c-e6809d686d82&id=77910801-c2ea-43b9-bcd4-38928a6383d5&fields=id&fields=name => generated 206 bytes in 31 msecs (HTTP/1.1 200) 4 headers in 157 bytes (1 switches on core 0)
2026-08-23 15:53:44.113 7 INFO neutron.plugins.ml2.drivers.ovn.mech_driver.mech_driver [None req-cb808c21-908c-43f8-9d49-73094b0ba593 - - - - - -] OVN reports status down for port: 150e205b-fe6b-487c-a45e-1734775df58c
2026-08-23 15:53:44.129 8 INFO neutron.db.ovn_revision_numbers_db [None req-c01c0550-1f4d-4e9b-8978-e6f904de430f 9b63c979b2294eb2acc9abe07b87d528 b67a3e63850a462da0dd1ea5b5638e8e - - default default] Successfully bumped revision number for resource 150e205b-fe6b-487c-a45e-1734775df58c (type: ports) to 1 [pid: 7|app: 0|req: 929/1867] 162.253.55.186 () {34 vars in 1080 bytes} [Sun Aug 23 15:53:44 2026] GET /v2.0/ports?tenant_id=00d09723d4314069b4705c790a22723e&device_id=9973d29e-0eea-4672-960e-337b1deb0964 => generated 1209 bytes in 84 msecs (HTTP/1.1 200) 4 headers in 158 bytes (1 switches on core 0) [pid: 8|app: 0|req: 939/1868] 10.0.0.233 () {34 vars in 665 bytes} [Sun Aug 23 15:53:43 2026] POST /v2.0/ports => generated 778 bytes in 402 msecs (HTTP/1.1 201) 4 headers in 162 bytes (1 switches on core 0) /var/lib/openstack/lib/python3.12/site-packages/pycadf/identifier.py:70: UserWarning: Invalid uuid: neutron. To ensure interoperability, identifiers should be a valid uuid. warnings.warn(('Invalid uuid: %s. To ensure interoperability, ' [pid: 8|app: 0|req: 940/1869] 10.0.0.9 () {34 vars in 988 bytes} [Sun Aug 23 15:53:44 2026] GET /v2.0/ports?device_id=1ec53823-efb2-43cb-afe1-ec18b0be8587 => generated 1014 bytes in 38 msecs (HTTP/1.1 200) 4 headers in 158 bytes (1 switches on core 0)
2026-08-23 15:53:44.254 7 INFO neutron.db.segments_db [None req-ade6c8b9-131c-4da6-84c8-c177a6427823 e1b4eccfcdcb4356aaa2a71706424a3d 92023e012e8c4b09814c55e077b131d6 - - default default] Added segment e96f95ba-ff72-44a0-93c3-98546f25d900 of type geneve for network 9606b240-c955-45e7-8394-a3894bd46a97 [pid: 8|app: 0|req: 941/1870] 162.253.55.186 () {34 vars in 986 bytes} [Sun Aug 23 15:53:44 2026] GET /v2.0/networks?id=46c1afcd-71fa-4590-b29b-8b32e69e2643 => generated 797 bytes in 37 msecs (HTTP/1.1 200) 4 headers in 157 bytes (1 switches on core 0)
2026-08-23 15:53:44.384 7 INFO neutron.db.ovn_revision_numbers_db [None req-ade6c8b9-131c-4da6-84c8-c177a6427823 e1b4eccfcdcb4356aaa2a71706424a3d 92023e012e8c4b09814c55e077b131d6 - - default default] Successfully bumped revision number for resource 9606b240-c955-45e7-8394-a3894bd46a97 (type: networks) to 1
2026-08-23 15:53:44.473 7 INFO neutron.plugins.ml2.drivers.ovn.mech_driver.mech_driver [None req-cb808c21-908c-43f8-9d49-73094b0ba593 - - - - - -] OVN reports status down for port: 150e205b-fe6b-487c-a45e-1734775df58c
2026-08-23 15:53:44.479 8 INFO neutron.db.ovn_revision_numbers_db [None req-9fabc4d1-d947-42c0-871e-ada43995975c 9b63c979b2294eb2acc9abe07b87d528 b67a3e63850a462da0dd1ea5b5638e8e - - default default] Successfully bumped revision number for resource 150e205b-fe6b-487c-a45e-1734775df58c (type: ports) to 2 [pid: 8|app: 0|req: 942/1871] 10.0.0.233 () {34 vars in 737 bytes} [Sun Aug 23 15:53:44 2026] PUT /v2.0/ports/150e205b-fe6b-487c-a45e-1734775df58c => generated 752 bytes in 241 msecs (HTTP/1.1 200) 4 headers in 157 bytes (1 switches on core 0) /var/lib/openstack/lib/python3.12/site-packages/pycadf/identifier.py:70: UserWarning: Invalid uuid: neutron. To ensure interoperability, identifiers should be a valid uuid. warnings.warn(('Invalid uuid: %s. To ensure interoperability, '
2026-08-23 15:53:44.581 7 WARNING neutron.scheduler.dhcp_agent_scheduler [None req-ade6c8b9-131c-4da6-84c8-c177a6427823 e1b4eccfcdcb4356aaa2a71706424a3d 92023e012e8c4b09814c55e077b131d6 - - default default] No more DHCP agents
2026-08-23 15:53:44.582 7 WARNING neutron.api.rpc.agentnotifiers.dhcp_rpc_agent_api [None req-ade6c8b9-131c-4da6-84c8-c177a6427823 e1b4eccfcdcb4356aaa2a71706424a3d 92023e012e8c4b09814c55e077b131d6 - - default default] Unable to schedule network 9606b240-c955-45e7-8394-a3894bd46a97: no agents available; will retry on subsequent port and subnet creation events.
2026-08-23 15:53:44.649 7 INFO neutron.plugins.ml2.drivers.ovn.mech_driver.mech_driver [None req-cb808c21-908c-43f8-9d49-73094b0ba593 - - - - - -] OVN reports status down for port: 6e1100ce-dfa3-4628-bc83-0150dd7fa4bc
2026-08-23 15:53:44.705 7 INFO neutron.db.ovn_revision_numbers_db [None req-ade6c8b9-131c-4da6-84c8-c177a6427823 e1b4eccfcdcb4356aaa2a71706424a3d 92023e012e8c4b09814c55e077b131d6 - - default default] Successfully bumped revision number for resource 6e1100ce-dfa3-4628-bc83-0150dd7fa4bc (type: ports) to 1 [pid: 7|app: 0|req: 930/1872] 10.0.0.233 () {34 vars in 670 bytes} [Sun Aug 23 15:53:44 2026] POST /v2.0/networks => generated 748 bytes in 597 msecs (HTTP/1.1 201) 4 headers in 162 bytes (1 switches on core 0) [pid: 7|app: 0|req: 931/1873] 162.253.55.186 () {34 vars in 1058 bytes} [Sun Aug 23 15:53:44 2026] GET /v2.0/floatingips?fixed_ip_address=10.100.0.9&port_id=9f8505f2-90a3-427b-8844-791555623baa => generated 860 bytes in 69 msecs (HTTP/1.1 200) 4 headers in 157 bytes (1 switches on core 0)
2026-08-23 15:53:44.947 7 INFO neutron_taas.services.taas.taas_plugin [None req-972f51ec-550a-417b-a4a0-22875cff2be7 9b63c979b2294eb2acc9abe07b87d528 b67a3e63850a462da0dd1ea5b5638e8e - - default default] TaaS: Handle Delete Port: 150e205b-fe6b-487c-a45e-1734775df58c
2026-08-23 15:53:44.950 7 INFO neutron_taas.services.taas.tap_mirror_plugin [None req-972f51ec-550a-417b-a4a0-22875cff2be7 9b63c979b2294eb2acc9abe07b87d528 b67a3e63850a462da0dd1ea5b5638e8e - - default default] Tap Mirror: Handle Delete Port: 150e205b-fe6b-487c-a45e-1734775df58c [pid: 7|app: 0|req: 932/1874] 10.0.0.233 () {32 vars in 720 bytes} [Sun Aug 23 15:53:44 2026] DELETE /v2.0/ports/150e205b-fe6b-487c-a45e-1734775df58c => generated 0 bytes in 248 msecs (HTTP/1.1 204) 3 headers in 131 bytes (1 switches on core 0)
2026-08-23 15:53:45.185 7 WARNING neutron.scheduler.dhcp_agent_scheduler [None req-c779e236-4147-4582-8924-defceca3e201 e1b4eccfcdcb4356aaa2a71706424a3d 92023e012e8c4b09814c55e077b131d6 - - default default] No more DHCP agents
2026-08-23 15:53:45.186 7 WARNING neutron.api.rpc.agentnotifiers.dhcp_rpc_agent_api [None req-c779e236-4147-4582-8924-defceca3e201 e1b4eccfcdcb4356aaa2a71706424a3d 92023e012e8c4b09814c55e077b131d6 - - default default] Unable to schedule network 9606b240-c955-45e7-8394-a3894bd46a97: no agents available; will retry on subsequent port and subnet creation events.
2026-08-23 15:53:45.436 8 INFO neutron.db.ovn_revision_numbers_db [None req-fa352edd-c7f6-4782-861f-e772a8551220 c328238a35f94a8fa5269a127af5684b 199003132e2549b6aef551a6d82be67c - - default default] Successfully bumped revision number for resource 5c373880-544e-45d9-a005-b204884ff24b (type: floatingips) to 1
2026-08-23 15:53:45.564 8 INFO neutron.db.ovn_revision_numbers_db [None req-fa352edd-c7f6-4782-861f-e772a8551220 c328238a35f94a8fa5269a127af5684b 199003132e2549b6aef551a6d82be67c - - default default] Successfully bumped revision number for resource 5c373880-544e-45d9-a005-b204884ff24b (type: floatingips) to 2
2026-08-23 15:53:45.564 8 INFO neutron.db.l3_db [None req-fa352edd-c7f6-4782-861f-e772a8551220 c328238a35f94a8fa5269a127af5684b 199003132e2549b6aef551a6d82be67c - - default default] Floating IP 5c373880-544e-45d9-a005-b204884ff24b associated. External IP: 10.96.250.212, port: e65a5369-8ed8-4d41-8209-40bfc3e0c191. [pid: 8|app: 0|req: 943/1875] 10.0.0.233 () {34 vars in 749 bytes} [Sun Aug 23 15:53:44 2026] PUT /v2.0/floatingips/5c373880-544e-45d9-a005-b204884ff24b => generated 856 bytes in 1118 msecs (HTTP/1.1 200) 4 headers in 157 bytes (1 switches on core 0) /var/lib/openstack/lib/python3.12/site-packages/pycadf/identifier.py:70: UserWarning: Invalid uuid: neutron. To ensure interoperability, identifiers should be a valid uuid. warnings.warn(('Invalid uuid: %s. To ensure interoperability, '
2026-08-23 15:53:45.642 7 INFO neutron.db.ovn_revision_numbers_db [None req-fac4e599-c3ef-4776-bca2-0f1a4d06c00d - - - - - -] Successfully bumped revision number for resource 6e1100ce-dfa3-4628-bc83-0150dd7fa4bc (type: ports) to 2 [pid: 8|app: 0|req: 944/1876] 162.253.55.186 () {34 vars in 984 bytes} [Sun Aug 23 15:53:45 2026] GET /v2.0/subnets?id=c4889713-c367-4a1c-8ac3-648d17197d69 => generated 677 bytes in 42 msecs (HTTP/1.1 200) 4 headers in 157 bytes (1 switches on core 0)
2026-08-23 15:53:45.668 8 INFO neutron.notifiers.nova [-] Nova event matching ['req-0fe29241-13c4-44d4-9674-80e1f1c24f32'] response: {'name': 'network-changed', 'server_uuid': '1ec53823-efb2-43cb-afe1-ec18b0be8587', 'tag': 'e65a5369-8ed8-4d41-8209-40bfc3e0c191', 'status': 'completed', 'code': 200}
2026-08-23 15:53:45.676 7 INFO neutron.db.ovn_revision_numbers_db [None req-fac4e599-c3ef-4776-bca2-0f1a4d06c00d - - - - - -] Successfully bumped revision number for resource bcdeee07-7fa5-4a71-812f-4b4d7904961d (type: subnets) to 0 [pid: 7|app: 0|req: 933/1877] 10.0.0.233 () {34 vars in 669 bytes} [Sun Aug 23 15:53:45 2026] POST /v2.0/subnets => generated 647 bytes in 636 msecs (HTTP/1.1 201) 4 headers in 162 bytes (1 switches on core 0) [pid: 8|app: 0|req: 945/1878] 10.0.0.233 () {32 vars in 643 bytes} [Sun Aug 23 15:53:45 2026] GET /v2.0/ports => generated 1538 bytes in 43 msecs (HTTP/1.1 200) 4 headers in 158 bytes (1 switches on core 0) [pid: 7|app: 0|req: 934/1879] 162.253.55.186 () {34 vars in 1052 bytes} [Sun Aug 23 15:53:45 2026] GET /v2.0/ports?network_id=46c1afcd-71fa-4590-b29b-8b32e69e2643&device_owner=network%3Adhcp => generated 12 bytes in 19 msecs (HTTP/1.1 200) 4 headers in 156 bytes (1 switches on core 0)
2026-08-23 15:53:45.728 7 INFO neutron.pecan_wsgi.hooks.translation [None req-7cb415b0-06ca-4a3c-910e-4e42eb23dc62 9b63c979b2294eb2acc9abe07b87d528 b67a3e63850a462da0dd1ea5b5638e8e - - default default] GET failed (client error): The resource could not be found. [pid: 7|app: 0|req: 935/1880] 10.0.0.233 () {32 vars in 717 bytes} [Sun Aug 23 15:53:45 2026] GET /v2.0/ports/150e205b-fe6b-487c-a45e-1734775df58c => generated 132 bytes in 15 msecs (HTTP/1.1 404) 4 headers in 164 bytes (1 switches on core 0) [pid: 7|app: 0|req: 936/1881] 162.253.55.186 () {34 vars in 1012 bytes} [Sun Aug 23 15:53:45 2026] GET /v2.0/networks/46c1afcd-71fa-4590-b29b-8b32e69e2643?fields=segments => generated 14 bytes in 36 msecs (HTTP/1.1 200) 4 headers in 156 bytes (1 switches on core 0) [pid: 7|app: 0|req: 937/1882] 10.0.0.233 () {32 vars in 643 bytes} [Sun Aug 23 15:53:45 2026] GET /v2.0/ports => generated 1538 bytes in 54 msecs (HTTP/1.1 200) 4 headers in 158 bytes (1 switches on core 0) [pid: 7|app: 0|req: 938/1883] 162.253.55.186 () {34 vars in 1112 bytes} [Sun Aug 23 15:53:45 2026] GET /v2.0/networks/46c1afcd-71fa-4590-b29b-8b32e69e2643?fields=provider%3Aphysical_network&fields=provider%3Anetwork_type => generated 79 bytes in 42 msecs (HTTP/1.1 200) 4 headers in 156 bytes (1 switches on core 0) [pid: 7|app: 0|req: 939/1884] 10.0.0.233 () {32 vars in 717 bytes} [Sun Aug 23 15:53:45 2026] GET /v2.0/ports/81e6cd81-d471-4037-aea7-6cf4699ba784 => generated 779 bytes in 35 msecs (HTTP/1.1 200) 4 headers in 157 bytes (1 switches on core 0)
