2026-08-23 15:52:41.656 8 INFO neutron.services.segments.plugin [-] Segment b23e0394-0f2a-4e69-ba5e-111ad7992a5c resource provider aggregate not found
2026-08-23 15:52:41.667 7 INFO neutron_taas.services.taas.taas_plugin [None req-0efd29b8-2830-4ffa-8df4-c43c6552bbae 2ee56c1ea47940ba8171bde987396c92 2c2f6ae093f8426b849ebb7e2a3b9149 - - default default] TaaS: Handle Delete Port: 970ee218-d6c4-4879-92f5-005b84738f50
2026-08-23 15:52:41.669 8 INFO neutron.services.segments.plugin [-] Segment d2923980-2610-4aec-9fac-d5d282405263 resource provider aggregate not found
2026-08-23 15:52:41.670 7 INFO neutron_taas.services.taas.tap_mirror_plugin [None req-0efd29b8-2830-4ffa-8df4-c43c6552bbae 2ee56c1ea47940ba8171bde987396c92 2c2f6ae093f8426b849ebb7e2a3b9149 - - default default] Tap Mirror: Handle Delete Port: 970ee218-d6c4-4879-92f5-005b84738f50
2026-08-23 15:52:41.683 8 INFO neutron.services.segments.plugin [-] Segment b23e0394-0f2a-4e69-ba5e-111ad7992a5c resource provider not found; error: Placement Client Error (4xx): {"errors": [{"status": 404, "title": "Not Found", "detail": "The resource could not be found.\n\n No resource provider with uuid b23e0394-0f2a-4e69-ba5e-111ad7992a5c found for delete ", "request_id": "req-1b3ee5ed-3fa5-4b89-9bbd-7bb35a3094f8"}]}
2026-08-23 15:52:41.685 8 INFO neutron.services.segments.plugin [-] Segment d2923980-2610-4aec-9fac-d5d282405263 resource provider not found; error: Placement Client Error (4xx): {"errors": [{"status": 404, "title": "Not Found", "detail": "The resource could not be found.\n\n No resource provider with uuid d2923980-2610-4aec-9fac-d5d282405263 found for delete ", "request_id": "req-7619d7c0-f25c-46c7-b147-3228e9430ebf"}]}
2026-08-23 15:52:41.705 8 INFO neutron.services.segments.plugin [-] Segment d2923980-2610-4aec-9fac-d5d282405263 resource provider aggregate not found
2026-08-23 15:52:41.725 8 INFO neutron.services.segments.plugin [-] Segment d2923980-2610-4aec-9fac-d5d282405263 resource provider not found; error: Placement Client Error (4xx): {"errors": [{"status": 404, "title": "Not Found", "detail": "The resource could not be found.\n\n No resource provider with uuid d2923980-2610-4aec-9fac-d5d282405263 found for delete ", "request_id": "req-c01b5c66-b07f-4199-acbb-3b1f38d25f3e"}]}
2026-08-23 15:52:41.729 8 WARNING neutron.scheduler.dhcp_agent_scheduler [None req-414e06a0-f508-4e05-92d4-a4804cf1b1fe 7c73152ef590411da444a3aeb0bd2f08 eade1058a0b646db952f6f28116a8bfb - - default default] No more DHCP agents
2026-08-23 15:52:41.732 8 WARNING neutron.api.rpc.agentnotifiers.dhcp_rpc_agent_api [None req-414e06a0-f508-4e05-92d4-a4804cf1b1fe 7c73152ef590411da444a3aeb0bd2f08 eade1058a0b646db952f6f28116a8bfb - - default default] Unable to schedule network cb05f0e3-51c0-4fc7-b194-6c75e09cdb8c: no agents available; will retry on subsequent port and subnet creation events.
2026-08-23 15:52:41.824 7 INFO neutron.plugins.ml2.drivers.ovn.mech_driver.mech_driver [None req-2be94481-4087-4dc3-b576-15866b3a403a - - - - - -] OVN reports status down for port: 18cd6df3-c0a6-4d5d-b704-9470c26217ca
2026-08-23 15:52:41.855 8 INFO neutron.db.ovn_revision_numbers_db [None req-414e06a0-f508-4e05-92d4-a4804cf1b1fe 7c73152ef590411da444a3aeb0bd2f08 eade1058a0b646db952f6f28116a8bfb - - default default] Successfully bumped revision number for resource 18cd6df3-c0a6-4d5d-b704-9470c26217ca (type: ports) to 1 [pid: 8|app: 0|req: 743/1431] 10.0.0.233 () {34 vars in 670 bytes} [Sun Aug 23 15:52:41 2026] POST /v2.0/networks => generated 672 bytes in 600 msecs (HTTP/1.1 201) 4 headers in 162 bytes (1 switches on core 0) [pid: 7|app: 0|req: 689/1432] 10.0.0.233 () {32 vars in 720 bytes} [Sun Aug 23 15:52:41 2026] DELETE /v2.0/ports/970ee218-d6c4-4879-92f5-005b84738f50 => generated 0 bytes in 462 msecs (HTTP/1.1 204) 3 headers in 131 bytes (1 switches on core 0)
2026-08-23 15:52:41.980 8 INFO neutron.db.segments_db [None req-85104d8e-140c-415b-aa96-1885a3c8358b 7c73152ef590411da444a3aeb0bd2f08 eade1058a0b646db952f6f28116a8bfb - - default default] Added segment e611f345-15c8-42b2-9d8f-4aabaaee0a8c of type geneve for network 4fd385a9-1125-4292-a4bf-8675ecc962cf [pid: 7|app: 0|req: 690/1433] 10.0.0.233 () {32 vars in 736 bytes} [Sun Aug 23 15:52:41 2026] GET /v2.0/ports?device_id=a4bcee82-a4bf-4460-8446-b6becfa45f41 => generated 946 bytes in 43 msecs (HTTP/1.1 200) 4 headers in 157 bytes (1 switches on core 0)
2026-08-23 15:52:42.111 8 INFO neutron.db.ovn_revision_numbers_db [None req-85104d8e-140c-415b-aa96-1885a3c8358b 7c73152ef590411da444a3aeb0bd2f08 eade1058a0b646db952f6f28116a8bfb - - default default] Successfully bumped revision number for resource 4fd385a9-1125-4292-a4bf-8675ecc962cf (type: networks) to 1
2026-08-23 15:52:42.272 8 WARNING neutron.scheduler.dhcp_agent_scheduler [None req-85104d8e-140c-415b-aa96-1885a3c8358b 7c73152ef590411da444a3aeb0bd2f08 eade1058a0b646db952f6f28116a8bfb - - default default] No more DHCP agents
2026-08-23 15:52:42.273 8 WARNING neutron.api.rpc.agentnotifiers.dhcp_rpc_agent_api [None req-85104d8e-140c-415b-aa96-1885a3c8358b 7c73152ef590411da444a3aeb0bd2f08 eade1058a0b646db952f6f28116a8bfb - - default default] Unable to schedule network 4fd385a9-1125-4292-a4bf-8675ecc962cf: no agents available; will retry on subsequent port and subnet creation events.
2026-08-23 15:52:42.352 8 INFO neutron.db.ovn_revision_numbers_db [None req-85104d8e-140c-415b-aa96-1885a3c8358b 7c73152ef590411da444a3aeb0bd2f08 eade1058a0b646db952f6f28116a8bfb - - default default] Successfully bumped revision number for resource 0076e599-b05d-49a8-ba30-64a9f5c6b94a (type: ports) to 1
2026-08-23 15:52:42.371 7 INFO neutron_taas.services.taas.taas_plugin [None req-83fbf222-9774-4e23-9825-4ba9d14e386c 2ee56c1ea47940ba8171bde987396c92 2c2f6ae093f8426b849ebb7e2a3b9149 - - default default] TaaS: Handle Delete Port: 264dbdc0-a2aa-4a0f-9464-44998f99a25c [pid: 8|app: 0|req: 744/1434] 10.0.0.233 () {34 vars in 670 bytes} [Sun Aug 23 15:52:41 2026] POST /v2.0/networks => generated 673 bytes in 480 msecs (HTTP/1.1 201) 4 headers in 162 bytes (1 switches on core 0)
2026-08-23 15:52:42.374 7 INFO neutron_taas.services.taas.tap_mirror_plugin [None req-83fbf222-9774-4e23-9825-4ba9d14e386c 2ee56c1ea47940ba8171bde987396c92 2c2f6ae093f8426b849ebb7e2a3b9149 - - default default] Tap Mirror: Handle Delete Port: 264dbdc0-a2aa-4a0f-9464-44998f99a25c
2026-08-23 15:52:42.598 8 INFO neutron.db.ovn_revision_numbers_db [None req-535e7edc-0da4-47c1-a7a9-561094a43a18 be4a0a02f9a3408f9d78a65f222309ef 1f4c1084cf174fe6a6db10759a721850 - - default default] Successfully bumped revision number for resource cd5b68b1-0f3c-4ce7-a232-c90aa669e969 (type: security_groups) to 1
2026-08-23 15:52:42.610 8 INFO neutron.db.ovn_revision_numbers_db [None req-535e7edc-0da4-47c1-a7a9-561094a43a18 be4a0a02f9a3408f9d78a65f222309ef 1f4c1084cf174fe6a6db10759a721850 - - default default] Successfully bumped revision number for resource 973067e8-b1fe-4da4-9423-906c713f830c (type: security_group_rules) to 0
2026-08-23 15:52:42.620 8 INFO neutron.db.ovn_revision_numbers_db [None req-535e7edc-0da4-47c1-a7a9-561094a43a18 be4a0a02f9a3408f9d78a65f222309ef 1f4c1084cf174fe6a6db10759a721850 - - default default] Successfully bumped revision number for resource a1b4f2dd-6d10-4d52-acd5-a71d943b61fc (type: security_group_rules) to 0
2026-08-23 15:52:42.648 8 INFO neutron.db.ovn_revision_numbers_db [None req-535e7edc-0da4-47c1-a7a9-561094a43a18 be4a0a02f9a3408f9d78a65f222309ef 1f4c1084cf174fe6a6db10759a721850 - - default default] Successfully bumped revision number for resource a6dcd106-14c8-4350-99f2-5adb163cb29a (type: security_group_rules) to 0
2026-08-23 15:52:42.678 8 INFO neutron.db.ovn_revision_numbers_db [None req-535e7edc-0da4-47c1-a7a9-561094a43a18 be4a0a02f9a3408f9d78a65f222309ef 1f4c1084cf174fe6a6db10759a721850 - - default default] Successfully bumped revision number for resource f91464f0-d001-4c8b-8da8-56fcb2d3d8bd (type: security_group_rules) to 0
2026-08-23 15:52:42.778 8 INFO neutron.db.segments_db [None req-535e7edc-0da4-47c1-a7a9-561094a43a18 be4a0a02f9a3408f9d78a65f222309ef 1f4c1084cf174fe6a6db10759a721850 - - default default] Added segment 407b430a-46ce-4d95-8a1c-433ad1af861d of type geneve for network 9ff7a100-3dbf-4ea3-9c35-760eca9e42ae
2026-08-23 15:52:42.920 8 INFO neutron.db.ovn_revision_numbers_db [None req-535e7edc-0da4-47c1-a7a9-561094a43a18 be4a0a02f9a3408f9d78a65f222309ef 1f4c1084cf174fe6a6db10759a721850 - - default default] Successfully bumped revision number for resource 9ff7a100-3dbf-4ea3-9c35-760eca9e42ae (type: networks) to 1 [pid: 7|app: 0|req: 691/1435] 10.0.0.233 () {34 vars in 789 bytes} [Sun Aug 23 15:52:42 2026] PUT /v2.0/routers/a4bcee82-a4bf-4460-8446-b6becfa45f41/remove_router_interface => generated 309 bytes in 952 msecs (HTTP/1.1 200) 4 headers in 157 bytes (1 switches on core 0) /var/lib/openstack/lib/python3.12/site-packages/pycadf/identifier.py:70: UserWarning: Invalid uuid: neutron. To ensure interoperability, identifiers should be a valid uuid. warnings.warn(('Invalid uuid: %s. To ensure interoperability, '
2026-08-23 15:52:43.107 8 WARNING neutron.scheduler.dhcp_agent_scheduler [None req-535e7edc-0da4-47c1-a7a9-561094a43a18 be4a0a02f9a3408f9d78a65f222309ef 1f4c1084cf174fe6a6db10759a721850 - - default default] No more DHCP agents
2026-08-23 15:52:43.109 8 WARNING neutron.api.rpc.agentnotifiers.dhcp_rpc_agent_api [None req-535e7edc-0da4-47c1-a7a9-561094a43a18 be4a0a02f9a3408f9d78a65f222309ef 1f4c1084cf174fe6a6db10759a721850 - - default default] Unable to schedule network 9ff7a100-3dbf-4ea3-9c35-760eca9e42ae: no agents available; will retry on subsequent port and subnet creation events.
2026-08-23 15:52:43.189 7 INFO neutron.plugins.ml2.drivers.ovn.mech_driver.mech_driver [None req-2be94481-4087-4dc3-b576-15866b3a403a - - - - - -] OVN reports status down for port: e9a9a573-5b75-45e7-82c0-b91dd2d11c62
2026-08-23 15:52:43.199 8 INFO neutron.db.ovn_revision_numbers_db [None req-535e7edc-0da4-47c1-a7a9-561094a43a18 be4a0a02f9a3408f9d78a65f222309ef 1f4c1084cf174fe6a6db10759a721850 - - default default] Successfully bumped revision number for resource e9a9a573-5b75-45e7-82c0-b91dd2d11c62 (type: ports) to 1 [pid: 8|app: 0|req: 745/1436] 10.0.0.233 () {34 vars in 671 bytes} [Sun Aug 23 15:52:42 2026] POST /v2.0/networks => generated 767 bytes in 849 msecs (HTTP/1.1 201) 4 headers in 162 bytes (1 switches on core 0)
2026-08-23 15:52:43.268 8 WARNING neutron.plugins.ml2.drivers.ovn.mech_driver.ovsdb.ovn_client [None req-972165c1-0e1a-4e75-9d5c-1a814ed882c9 - - - - - -] No port found with ID 264dbdc0-a2aa-4a0f-9464-44998f99a25c: RuntimeError: No port found with ID 264dbdc0-a2aa-4a0f-9464-44998f99a25c
2026-08-23 15:52:43.286 8 INFO neutron.plugins.ml2.drivers.ovn.mech_driver.mech_driver [None req-972165c1-0e1a-4e75-9d5c-1a814ed882c9 - - - - - -] OVN reports status down for port: 77b2735a-f846-4050-886b-108acb83dc3e
2026-08-23 15:52:43.311 8 INFO neutron.plugins.ml2.drivers.ovn.mech_driver.mech_driver [None req-972165c1-0e1a-4e75-9d5c-1a814ed882c9 - - - - - -] OVN reports status down for port: c02cd920-a5f3-4e23-818a-72b239cef756
2026-08-23 15:52:43.338 8 INFO neutron.plugins.ml2.drivers.ovn.mech_driver.mech_driver [None req-972165c1-0e1a-4e75-9d5c-1a814ed882c9 - - - - - -] OVN reports status down for port: e6e161f2-e8c9-4a15-a727-433f55fe1d90
2026-08-23 15:52:43.426 8 INFO neutron.plugins.ml2.drivers.ovn.mech_driver.mech_driver [None req-972165c1-0e1a-4e75-9d5c-1a814ed882c9 - - - - - -] OVN reports status down for port: 0076e599-b05d-49a8-ba30-64a9f5c6b94a
2026-08-23 15:52:43.435 7 WARNING neutron.scheduler.dhcp_agent_scheduler [None req-b981b65d-9c10-4ce8-95dc-6e43a7d63204 7c73152ef590411da444a3aeb0bd2f08 eade1058a0b646db952f6f28116a8bfb - - default default] No more DHCP agents
2026-08-23 15:52:43.436 7 WARNING neutron.api.rpc.agentnotifiers.dhcp_rpc_agent_api [None req-b981b65d-9c10-4ce8-95dc-6e43a7d63204 7c73152ef590411da444a3aeb0bd2f08 eade1058a0b646db952f6f28116a8bfb - - default default] Unable to schedule network cb05f0e3-51c0-4fc7-b194-6c75e09cdb8c: no agents available; will retry on subsequent port and subnet creation events.
2026-08-23 15:52:43.487 7 INFO neutron.plugins.ml2.drivers.ovn.mech_driver.mech_driver [None req-2be94481-4087-4dc3-b576-15866b3a403a - - - - - -] OVN reports status down for port: 7084ee8e-6000-4276-a45b-152b90fef336
2026-08-23 15:52:43.541 7 INFO neutron.db.ovn_revision_numbers_db [None req-b981b65d-9c10-4ce8-95dc-6e43a7d63204 7c73152ef590411da444a3aeb0bd2f08 eade1058a0b646db952f6f28116a8bfb - - default default] Successfully bumped revision number for resource 7084ee8e-6000-4276-a45b-152b90fef336 (type: ports) to 1
2026-08-23 15:52:43.601 7 WARNING neutron.scheduler.dhcp_agent_scheduler [None req-b981b65d-9c10-4ce8-95dc-6e43a7d63204 7c73152ef590411da444a3aeb0bd2f08 eade1058a0b646db952f6f28116a8bfb - - default default] No more DHCP agents
2026-08-23 15:52:43.602 7 WARNING neutron.api.rpc.agentnotifiers.dhcp_rpc_agent_api [None req-b981b65d-9c10-4ce8-95dc-6e43a7d63204 7c73152ef590411da444a3aeb0bd2f08 eade1058a0b646db952f6f28116a8bfb - - default default] Unable to schedule network 4fd385a9-1125-4292-a4bf-8675ecc962cf: no agents available; will retry on subsequent port and subnet creation events.
2026-08-23 15:52:43.664 7 INFO neutron.plugins.ml2.drivers.ovn.mech_driver.mech_driver [None req-2be94481-4087-4dc3-b576-15866b3a403a - - - - - -] OVN reports status down for port: b371db3e-dbc3-4d82-9da6-feaed34938d5
2026-08-23 15:52:43.720 7 INFO neutron.db.ovn_revision_numbers_db [None req-b981b65d-9c10-4ce8-95dc-6e43a7d63204 7c73152ef590411da444a3aeb0bd2f08 eade1058a0b646db952f6f28116a8bfb - - default default] Successfully bumped revision number for resource b371db3e-dbc3-4d82-9da6-feaed34938d5 (type: ports) to 1
2026-08-23 15:52:43.727 8 INFO neutron_taas.services.taas.taas_plugin [None req-b62eafb1-5a5e-462f-93b5-a282104ed3cf 2ee56c1ea47940ba8171bde987396c92 2c2f6ae093f8426b849ebb7e2a3b9149 - - default default] TaaS: Handle Delete Port: df4c13cb-45cc-4144-b8d6-7e9bb50fae68
2026-08-23 15:52:43.729 8 INFO neutron_taas.services.taas.tap_mirror_plugin [None req-b62eafb1-5a5e-462f-93b5-a282104ed3cf 2ee56c1ea47940ba8171bde987396c92 2c2f6ae093f8426b849ebb7e2a3b9149 - - default default] Tap Mirror: Handle Delete Port: df4c13cb-45cc-4144-b8d6-7e9bb50fae68 [pid: 7|app: 0|req: 692/1437] 10.0.0.233 () {34 vars in 665 bytes} [Sun Aug 23 15:52:42 2026] POST /v2.0/ports => generated 1505 bytes in 886 msecs (HTTP/1.1 201) 4 headers in 163 bytes (1 switches on core 0) /var/lib/openstack/lib/python3.12/site-packages/pycadf/identifier.py:70: UserWarning: Invalid uuid: neutron. To ensure interoperability, identifiers should be a valid uuid. warnings.warn(('Invalid uuid: %s. To ensure interoperability, '
2026-08-23 15:52:44.021 7 WARNING neutron.scheduler.dhcp_agent_scheduler [None req-6908126f-0fb2-48f4-b3d2-331d8aa040b7 be4a0a02f9a3408f9d78a65f222309ef 1f4c1084cf174fe6a6db10759a721850 - - default default] No more DHCP agents
2026-08-23 15:52:44.022 7 WARNING neutron.api.rpc.agentnotifiers.dhcp_rpc_agent_api [None req-6908126f-0fb2-48f4-b3d2-331d8aa040b7 be4a0a02f9a3408f9d78a65f222309ef 1f4c1084cf174fe6a6db10759a721850 - - default default] Unable to schedule network 9ff7a100-3dbf-4ea3-9c35-760eca9e42ae: no agents available; will retry on subsequent port and subnet creation events. [pid: 8|app: 0|req: 746/1438] 10.0.0.233 () {32 vars in 724 bytes} [Sun Aug 23 15:52:43 2026] DELETE /v2.0/routers/a4bcee82-a4bf-4460-8446-b6becfa45f41 => generated 0 bytes in 895 msecs (HTTP/1.1 204) 2 headers in 112 bytes (1 switches on core 0) /var/lib/openstack/lib/python3.12/site-packages/pycadf/identifier.py:70: UserWarning: Invalid uuid: neutron. To ensure interoperability, identifiers should be a valid uuid. warnings.warn(('Invalid uuid: %s. To ensure interoperability, ' [pid: 8|app: 0|req: 747/1439] 10.0.0.233 () {32 vars in 643 bytes} [Sun Aug 23 15:52:44 2026] GET /v2.0/ports => generated 3017 bytes in 137 msecs (HTTP/1.1 200) 4 headers in 158 bytes (1 switches on core 0) [pid: 8|app: 0|req: 748/1440] 10.0.0.233 () {32 vars in 724 bytes} [Sun Aug 23 15:52:44 2026] DELETE /v2.0/subnets/834e4a1c-bd5d-4b0c-bb3f-eea6b1cbc004 => generated 0 bytes in 122 msecs (HTTP/1.1 204) 3 headers in 131 bytes (1 switches on core 0)
2026-08-23 15:52:44.469 7 INFO neutron.db.ovn_revision_numbers_db [None req-4db9b3e0-d103-4627-88ff-af8bd4e05688 - - - - - -] Successfully bumped revision number for resource e9a9a573-5b75-45e7-82c0-b91dd2d11c62 (type: ports) to 2
2026-08-23 15:52:44.500 7 INFO neutron.db.ovn_revision_numbers_db [None req-4db9b3e0-d103-4627-88ff-af8bd4e05688 - - - - - -] Successfully bumped revision number for resource 632fc8cc-6089-4492-a59e-136304964306 (type: subnets) to 0
2026-08-23 15:52:44.505 8 INFO neutron_taas.services.taas.taas_plugin [None req-e09c68a3-4083-490d-b970-debe9fc553c9 7c73152ef590411da444a3aeb0bd2f08 eade1058a0b646db952f6f28116a8bfb - - default default] TaaS: Handle Delete Port: 7084ee8e-6000-4276-a45b-152b90fef336
2026-08-23 15:52:44.520 8 INFO neutron_taas.services.taas.tap_mirror_plugin [None req-e09c68a3-4083-490d-b970-debe9fc553c9 7c73152ef590411da444a3aeb0bd2f08 eade1058a0b646db952f6f28116a8bfb - - default default] Tap Mirror: Handle Delete Port: 7084ee8e-6000-4276-a45b-152b90fef336 [pid: 7|app: 0|req: 693/1441] 10.0.0.233 () {34 vars in 669 bytes} [Sun Aug 23 15:52:43 2026] POST /v2.0/subnets => generated 692 bytes in 650 msecs (HTTP/1.1 201) 4 headers in 162 bytes (1 switches on core 0) [pid: 8|app: 0|req: 749/1442] 10.0.0.233 () {32 vars in 720 bytes} [Sun Aug 23 15:52:44 2026] DELETE /v2.0/ports/7084ee8e-6000-4276-a45b-152b90fef336 => generated 0 bytes in 256 msecs (HTTP/1.1 204) 3 headers in 131 bytes (1 switches on core 0)
2026-08-23 15:52:44.652 7 INFO neutron_taas.services.taas.taas_plugin [None req-e97f5224-84ef-4f63-b140-518dc8ad4a56 2ee56c1ea47940ba8171bde987396c92 2c2f6ae093f8426b849ebb7e2a3b9149 - - default default] TaaS: Handle Delete Port: 41ffbf6c-4899-4c6f-8af7-10c7c064b875
2026-08-23 15:52:44.654 7 INFO neutron_taas.services.taas.tap_mirror_plugin [None req-e97f5224-84ef-4f63-b140-518dc8ad4a56 2ee56c1ea47940ba8171bde987396c92 2c2f6ae093f8426b849ebb7e2a3b9149 - - default default] Tap Mirror: Handle Delete Port: 41ffbf6c-4899-4c6f-8af7-10c7c064b875
2026-08-23 15:52:44.876 7 INFO neutron.services.segments.plugin [-] Segment c340658a-5296-4562-a9b4-4619f7dc282d resource provider aggregate not found
2026-08-23 15:52:44.883 7 INFO neutron.services.segments.plugin [-] Segment c340658a-5296-4562-a9b4-4619f7dc282d resource provider aggregate not found
2026-08-23 15:52:44.900 7 INFO neutron.services.segments.plugin [-] Segment c340658a-5296-4562-a9b4-4619f7dc282d resource provider not found; error: Placement Client Error (4xx): {"errors": [{"status": 404, "title": "Not Found", "detail": "The resource could not be found.\n\n No resource provider with uuid c340658a-5296-4562-a9b4-4619f7dc282d found for delete ", "request_id": "req-7d8e1664-c4f5-44a8-8b7b-df1faec77d99"}]}
2026-08-23 15:52:44.908 7 INFO neutron.services.segments.plugin [-] Segment c340658a-5296-4562-a9b4-4619f7dc282d resource provider not found; error: Placement Client Error (4xx): {"errors": [{"status": 404, "title": "Not Found", "detail": "The resource could not be found.\n\n No resource provider with uuid c340658a-5296-4562-a9b4-4619f7dc282d found for delete ", "request_id": "req-83f91bda-a0fb-4dcd-ab11-59e9479c7d5c"}]} [pid: 7|app: 0|req: 694/1443] 10.0.0.233 () {32 vars in 726 bytes} [Sun Aug 23 15:52:44 2026] DELETE /v2.0/networks/91698fb9-ae66-493c-8de2-9ce13e772001 => generated 0 bytes in 416 msecs (HTTP/1.1 204) 3 headers in 131 bytes (1 switches on core 0)
2026-08-23 15:52:45.061 7 INFO neutron_taas.services.taas.taas_plugin [None req-43fc853d-7ff9-41e2-9a51-05afd8b2fd1e 7c73152ef590411da444a3aeb0bd2f08 eade1058a0b646db952f6f28116a8bfb - - default default] TaaS: Handle Delete Port: b371db3e-dbc3-4d82-9da6-feaed34938d5
2026-08-23 15:52:45.065 7 INFO neutron_taas.services.taas.tap_mirror_plugin [None req-43fc853d-7ff9-41e2-9a51-05afd8b2fd1e 7c73152ef590411da444a3aeb0bd2f08 eade1058a0b646db952f6f28116a8bfb - - default default] Tap Mirror: Handle Delete Port: b371db3e-dbc3-4d82-9da6-feaed34938d5
2026-08-23 15:52:45.118 8 WARNING neutron.scheduler.dhcp_agent_scheduler [None req-947d1e10-080b-4c17-9035-cbd2c6fc735c be4a0a02f9a3408f9d78a65f222309ef 1f4c1084cf174fe6a6db10759a721850 - - default default] No more DHCP agents
2026-08-23 15:52:45.119 8 WARNING neutron.api.rpc.agentnotifiers.dhcp_rpc_agent_api [None req-947d1e10-080b-4c17-9035-cbd2c6fc735c be4a0a02f9a3408f9d78a65f222309ef 1f4c1084cf174fe6a6db10759a721850 - - default default] Unable to schedule network 84f2eb19-d1bf-48e1-9058-7b55c2efaea5: no agents available; will retry on subsequent port and subnet creation events. [pid: 7|app: 0|req: 695/1444] 10.0.0.233 () {32 vars in 720 bytes} [Sun Aug 23 15:52:44 2026] DELETE /v2.0/ports/b371db3e-dbc3-4d82-9da6-feaed34938d5 => generated 0 bytes in 286 msecs (HTTP/1.1 204) 3 headers in 131 bytes (1 switches on core 0)
2026-08-23 15:52:45.315 7 INFO neutron.plugins.ml2.drivers.ovn.mech_driver.mech_driver [None req-2be94481-4087-4dc3-b576-15866b3a403a - - - - - -] OVN reports status down for port: b5cf994a-0773-47e8-ab0f-efbe1e0cfcc0
2026-08-23 15:52:45.341 8 INFO neutron.db.ovn_revision_numbers_db [None req-947d1e10-080b-4c17-9035-cbd2c6fc735c be4a0a02f9a3408f9d78a65f222309ef 1f4c1084cf174fe6a6db10759a721850 - - default default] Successfully bumped revision number for resource b5cf994a-0773-47e8-ab0f-efbe1e0cfcc0 (type: ports) to 1 [pid: 7|app: 0|req: 696/1445] 10.0.0.233 () {32 vars in 643 bytes} [Sun Aug 23 15:52:45 2026] GET /v2.0/ports => generated 1523 bytes in 137 msecs (HTTP/1.1 200) 4 headers in 158 bytes (1 switches on core 0)
2026-08-23 15:52:45.513 7 INFO neutron.db.segments_db [None req-40163da6-eb22-42b7-993c-b2a9eda5b88a 7c73152ef590411da444a3aeb0bd2f08 eade1058a0b646db952f6f28116a8bfb - - default default] Added segment e133611c-f785-44b5-9470-88fd491692eb of type geneve for network fdd8dab7-617d-4153-bdc4-f38613010e03
2026-08-23 15:52:45.631 7 INFO neutron.db.ovn_revision_numbers_db [None req-40163da6-eb22-42b7-993c-b2a9eda5b88a 7c73152ef590411da444a3aeb0bd2f08 eade1058a0b646db952f6f28116a8bfb - - default default] Successfully bumped revision number for resource fdd8dab7-617d-4153-bdc4-f38613010e03 (type: networks) to 1
2026-08-23 15:52:45.783 7 WARNING neutron.scheduler.dhcp_agent_scheduler [None req-40163da6-eb22-42b7-993c-b2a9eda5b88a 7c73152ef590411da444a3aeb0bd2f08 eade1058a0b646db952f6f28116a8bfb - - default default] No more DHCP agents
2026-08-23 15:52:45.784 7 WARNING neutron.api.rpc.agentnotifiers.dhcp_rpc_agent_api [None req-40163da6-eb22-42b7-993c-b2a9eda5b88a 7c73152ef590411da444a3aeb0bd2f08 eade1058a0b646db952f6f28116a8bfb - - default default] Unable to schedule network fdd8dab7-617d-4153-bdc4-f38613010e03: no agents available; will retry on subsequent port and subnet creation events.
2026-08-23 15:52:45.886 7 INFO neutron.plugins.ml2.drivers.ovn.mech_driver.mech_driver [None req-2be94481-4087-4dc3-b576-15866b3a403a - - - - - -] OVN reports status down for port: fed538e3-6c94-46aa-aba8-6081d464efc5
2026-08-23 15:52:45.953 7 INFO neutron.db.ovn_revision_numbers_db [None req-40163da6-eb22-42b7-993c-b2a9eda5b88a 7c73152ef590411da444a3aeb0bd2f08 eade1058a0b646db952f6f28116a8bfb - - default default] Successfully bumped revision number for resource fed538e3-6c94-46aa-aba8-6081d464efc5 (type: ports) to 1 [pid: 7|app: 0|req: 697/1446] 10.0.0.233 () {34 vars in 670 bytes} [Sun Aug 23 15:52:45 2026] POST /v2.0/networks => generated 672 bytes in 628 msecs (HTTP/1.1 201) 4 headers in 162 bytes (1 switches on core 0)
2026-08-23 15:52:46.088 8 INFO neutron.plugins.ml2.drivers.ovn.mech_driver.ovsdb.commands [None req-5c483c76-acf8-4f4f-8550-37a2b9ca5060 - - - - - -] Schedule LRP lrp-b5cf994a-0773-47e8-ab0f-efbe1e0cfcc0 on gateway 1564be04-71cf-4f4e-b549-5f730a7b415c with priority 1
2026-08-23 15:52:46.174 7 INFO neutron.plugins.ml2.drivers.ovn.mech_driver.mech_driver [None req-2be94481-4087-4dc3-b576-15866b3a403a - - - - - -] OVN reports status up for port: b5cf994a-0773-47e8-ab0f-efbe1e0cfcc0
2026-08-23 15:52:46.190 8 INFO neutron.db.ovn_revision_numbers_db [None req-947d1e10-080b-4c17-9035-cbd2c6fc735c be4a0a02f9a3408f9d78a65f222309ef 1f4c1084cf174fe6a6db10759a721850 - - default default] Successfully bumped revision number for resource b5cf994a-0773-47e8-ab0f-efbe1e0cfcc0 (type: router_ports) to 1
2026-08-23 15:52:46.227 7 INFO neutron.plugins.ml2.drivers.ovn.mech_driver.ovsdb.ovsdb_monitor [None req-8aa868b2-502c-4dda-b73e-72853334bcf3 - - - - - -] Router b1761a62-0dd7-4c83-928b-211b47ce371c is bound to host instance
2026-08-23 15:52:46.255 7 INFO neutron.plugins.ml2.plugin [None req-2be94481-4087-4dc3-b576-15866b3a403a - - - - - -] Attempt 1 to provision port b5cf994a-0773-47e8-ab0f-efbe1e0cfcc0
2026-08-23 15:52:46.303 8 INFO neutron.db.ovn_revision_numbers_db [None req-947d1e10-080b-4c17-9035-cbd2c6fc735c be4a0a02f9a3408f9d78a65f222309ef 1f4c1084cf174fe6a6db10759a721850 - - default default] Successfully bumped revision number for resource b1761a62-0dd7-4c83-928b-211b47ce371c (type: routers) to 2 [pid: 7|app: 0|req: 698/1447] 10.0.0.233 () {32 vars in 774 bytes} [Sun Aug 23 15:52:46 2026] GET /v2.0/security-groups?tenant_id=2c2f6ae093f8426b849ebb7e2a3b9149&name=default => generated 2925 bytes in 294 msecs (HTTP/1.1 200) 4 headers in 158 bytes (1 switches on core 0) [pid: 8|app: 0|req: 750/1448] 10.0.0.233 () {34 vars in 669 bytes} [Sun Aug 23 15:52:44 2026] POST /v2.0/routers => generated 970 bytes in 1690 msecs (HTTP/1.1 201) 4 headers in 162 bytes (1 switches on core 0) [pid: 8|app: 0|req: 751/1449] 10.0.0.233 () {32 vars in 740 bytes} [Sun Aug 23 15:52:46 2026] DELETE /v2.0/security-groups/f7035bd4-74e4-4c83-9731-c1e3621600bc => generated 0 bytes in 239 msecs (HTTP/1.1 204) 2 headers in 112 bytes (1 switches on core 0)
2026-08-23 15:52:46.620 7 INFO neutron.db.segments_db [None req-3463a983-f145-444c-bd12-43b5630890bd 7c73152ef590411da444a3aeb0bd2f08 eade1058a0b646db952f6f28116a8bfb - - default default] Added segment b5e3e4b8-8738-470c-8d9d-31f7c1d3856d of type geneve for network 6519b79a-0a53-4527-a89f-eb5e6f4c521e
2026-08-23 15:52:46.877 7 INFO neutron.db.ovn_revision_numbers_db [None req-3463a983-f145-444c-bd12-43b5630890bd 7c73152ef590411da444a3aeb0bd2f08 eade1058a0b646db952f6f28116a8bfb - - default default] Successfully bumped revision number for resource 6519b79a-0a53-4527-a89f-eb5e6f4c521e (type: networks) to 1
2026-08-23 15:52:47.124 8 WARNING neutron.scheduler.dhcp_agent_scheduler [None req-2728f370-c8e3-43c2-8751-931db577a346 be4a0a02f9a3408f9d78a65f222309ef 1f4c1084cf174fe6a6db10759a721850 - - default default] No more DHCP agents
2026-08-23 15:52:47.125 8 WARNING neutron.api.rpc.agentnotifiers.dhcp_rpc_agent_api [None req-2728f370-c8e3-43c2-8751-931db577a346 be4a0a02f9a3408f9d78a65f222309ef 1f4c1084cf174fe6a6db10759a721850 - - default default] Unable to schedule network 9ff7a100-3dbf-4ea3-9c35-760eca9e42ae: no agents available; will retry on subsequent port and subnet creation events.
2026-08-23 15:52:47.178 7 WARNING neutron.scheduler.dhcp_agent_scheduler [None req-3463a983-f145-444c-bd12-43b5630890bd 7c73152ef590411da444a3aeb0bd2f08 eade1058a0b646db952f6f28116a8bfb - - default default] No more DHCP agents
2026-08-23 15:52:47.180 7 WARNING neutron.api.rpc.agentnotifiers.dhcp_rpc_agent_api [None req-3463a983-f145-444c-bd12-43b5630890bd 7c73152ef590411da444a3aeb0bd2f08 eade1058a0b646db952f6f28116a8bfb - - default default] Unable to schedule network 6519b79a-0a53-4527-a89f-eb5e6f4c521e: no agents available; will retry on subsequent port and subnet creation events.
2026-08-23 15:52:47.251 8 INFO neutron.db.ovn_revision_numbers_db [None req-2728f370-c8e3-43c2-8751-931db577a346 be4a0a02f9a3408f9d78a65f222309ef 1f4c1084cf174fe6a6db10759a721850 - - default default] Successfully bumped revision number for resource 58571ea0-2971-49c7-a65b-93c2e020d60f (type: ports) to 1
2026-08-23 15:52:47.370 7 INFO neutron.db.ovn_revision_numbers_db [None req-3463a983-f145-444c-bd12-43b5630890bd 7c73152ef590411da444a3aeb0bd2f08 eade1058a0b646db952f6f28116a8bfb - - default default] Successfully bumped revision number for resource ea0b143b-ef83-4fc4-afc0-c36ff488a4de (type: ports) to 1 [pid: 7|app: 0|req: 699/1450] 10.0.0.233 () {34 vars in 670 bytes} [Sun Aug 23 15:52:46 2026] POST /v2.0/networks => generated 672 bytes in 1116 msecs (HTTP/1.1 201) 4 headers in 162 bytes (1 switches on core 0)
2026-08-23 15:52:47.789 7 INFO neutron.db.ovn_revision_numbers_db [None req-ca234c52-52a3-483f-bbd8-2d6c6d424ce1 - - - - - -] Successfully bumped revision number for resource b5cf994a-0773-47e8-ab0f-efbe1e0cfcc0 (type: ports) to 4
2026-08-23 15:52:47.941 8 WARNING neutron.scheduler.dhcp_agent_scheduler [None req-2728f370-c8e3-43c2-8751-931db577a346 be4a0a02f9a3408f9d78a65f222309ef 1f4c1084cf174fe6a6db10759a721850 - - default default] No more DHCP agents
2026-08-23 15:52:47.942 8 WARNING neutron.api.rpc.agentnotifiers.dhcp_rpc_agent_api [None req-2728f370-c8e3-43c2-8751-931db577a346 be4a0a02f9a3408f9d78a65f222309ef 1f4c1084cf174fe6a6db10759a721850 - - default default] Unable to schedule network 9ff7a100-3dbf-4ea3-9c35-760eca9e42ae: no agents available; will retry on subsequent port and subnet creation events.
2026-08-23 15:52:48.350 8 INFO neutron.db.ovn_revision_numbers_db [None req-2728f370-c8e3-43c2-8751-931db577a346 be4a0a02f9a3408f9d78a65f222309ef 1f4c1084cf174fe6a6db10759a721850 - - default default] Successfully bumped revision number for resource 58571ea0-2971-49c7-a65b-93c2e020d60f (type: router_ports) to 1 [pid: 8|app: 0|req: 752/1451] 10.0.0.233 () {34 vars in 783 bytes} [Sun Aug 23 15:52:46 2026] PUT /v2.0/routers/b1761a62-0dd7-4c83-928b-211b47ce371c/add_router_interface => generated 309 bytes in 1791 msecs (HTTP/1.1 200) 4 headers in 157 bytes (1 switches on core 0)
2026-08-23 15:52:48.556 8 INFO neutron.db.ovn_revision_numbers_db [None req-474f347b-103a-4d65-a427-4bc24c593eb1 be4a0a02f9a3408f9d78a65f222309ef 1f4c1084cf174fe6a6db10759a721850 - - default default] Successfully bumped revision number for resource d41d4dfa-2199-42d7-9a99-94c7a5095dda (type: security_groups) to 1
2026-08-23 15:52:48.571 8 INFO neutron.db.ovn_revision_numbers_db [None req-474f347b-103a-4d65-a427-4bc24c593eb1 be4a0a02f9a3408f9d78a65f222309ef 1f4c1084cf174fe6a6db10759a721850 - - default default] Successfully bumped revision number for resource 85e10bc0-8636-4849-b723-0c2c6c083e6f (type: security_group_rules) to 0
2026-08-23 15:52:48.589 8 INFO neutron.db.ovn_revision_numbers_db [None req-474f347b-103a-4d65-a427-4bc24c593eb1 be4a0a02f9a3408f9d78a65f222309ef 1f4c1084cf174fe6a6db10759a721850 - - default default] Successfully bumped revision number for resource 9138bf0d-3a88-4c9d-ba87-2ddaffedfc9b (type: security_group_rules) to 0
2026-08-23 15:52:48.600 8 INFO neutron.db.ovn_revision_numbers_db [None req-474f347b-103a-4d65-a427-4bc24c593eb1 be4a0a02f9a3408f9d78a65f222309ef 1f4c1084cf174fe6a6db10759a721850 - - default default] Successfully bumped revision number for resource 98398df6-dad5-49bf-af5c-8971033fd972 (type: security_group_rules) to 0
2026-08-23 15:52:48.617 7 INFO neutron.db.ovn_revision_numbers_db [None req-ca234c52-52a3-483f-bbd8-2d6c6d424ce1 - - - - - -] Successfully bumped revision number for resource b5cf994a-0773-47e8-ab0f-efbe1e0cfcc0 (type: ports) to 5
2026-08-23 15:52:48.623 8 INFO neutron.db.ovn_revision_numbers_db [None req-474f347b-103a-4d65-a427-4bc24c593eb1 be4a0a02f9a3408f9d78a65f222309ef 1f4c1084cf174fe6a6db10759a721850 - - default default] Successfully bumped revision number for resource 993ebda0-3881-4303-a576-4f3dcfb5ca66 (type: security_group_rules) to 0 [pid: 8|app: 0|req: 753/1452] 10.0.0.233 () {32 vars in 774 bytes} [Sun Aug 23 15:52:48 2026] GET /v2.0/security-groups?tenant_id=80bf4547ccaf4c5c958e03957db3545d&name=default => generated 2925 bytes in 302 msecs (HTTP/1.1 200) 4 headers in 158 bytes (1 switches on core 0)
2026-08-23 15:52:48.742 7 WARNING neutron.scheduler.dhcp_agent_scheduler [None req-f5b33a1d-c8ba-4de4-bf63-f382a7110bc1 7c73152ef590411da444a3aeb0bd2f08 eade1058a0b646db952f6f28116a8bfb - - default default] No more DHCP agents
2026-08-23 15:52:48.745 7 WARNING neutron.api.rpc.agentnotifiers.dhcp_rpc_agent_api [None req-f5b33a1d-c8ba-4de4-bf63-f382a7110bc1 7c73152ef590411da444a3aeb0bd2f08 eade1058a0b646db952f6f28116a8bfb - - default default] Unable to schedule network fdd8dab7-617d-4153-bdc4-f38613010e03: no agents available; will retry on subsequent port and subnet creation events.
2026-08-23 15:52:48.804 7 INFO neutron.db.ovn_revision_numbers_db [None req-f5b33a1d-c8ba-4de4-bf63-f382a7110bc1 7c73152ef590411da444a3aeb0bd2f08 eade1058a0b646db952f6f28116a8bfb - - default default] Successfully bumped revision number for resource 4f940550-e8dd-4353-8f16-61ff65e6c214 (type: subnets) to 0
2026-08-23 15:52:48.852 7 WARNING neutron.scheduler.dhcp_agent_scheduler [None req-f5b33a1d-c8ba-4de4-bf63-f382a7110bc1 7c73152ef590411da444a3aeb0bd2f08 eade1058a0b646db952f6f28116a8bfb - - default default] No more DHCP agents
2026-08-23 15:52:48.855 7 WARNING neutron.api.rpc.agentnotifiers.dhcp_rpc_agent_api [None req-f5b33a1d-c8ba-4de4-bf63-f382a7110bc1 7c73152ef590411da444a3aeb0bd2f08 eade1058a0b646db952f6f28116a8bfb - - default default] Unable to schedule network 6519b79a-0a53-4527-a89f-eb5e6f4c521e: no agents available; will retry on subsequent port and subnet creation events.
2026-08-23 15:52:48.894 7 INFO neutron.db.ovn_revision_numbers_db [None req-f5b33a1d-c8ba-4de4-bf63-f382a7110bc1 7c73152ef590411da444a3aeb0bd2f08 eade1058a0b646db952f6f28116a8bfb - - default default] Successfully bumped revision number for resource 79dbeb1a-5d93-41ad-a2ee-ec8c0cc252fc (type: subnets) to 0
2026-08-23 15:52:48.913 7 INFO neutron.plugins.ml2.drivers.ovn.mech_driver.mech_driver [None req-2be94481-4087-4dc3-b576-15866b3a403a - - - - - -] OVN reports status down for port: 58571ea0-2971-49c7-a65b-93c2e020d60f [pid: 7|app: 0|req: 700/1453] 10.0.0.233 () {34 vars in 669 bytes} [Sun Aug 23 15:52:47 2026] POST /v2.0/subnets => generated 1324 bytes in 1021 msecs (HTTP/1.1 201) 4 headers in 163 bytes (1 switches on core 0)
2026-08-23 15:52:48.934 8 INFO neutron.db.ovn_revision_numbers_db [None req-f90c2ad5-f327-44d8-b66b-05f2cde26038 facf005de9644b78936e002b49a629a6 b237622dd2604cbd9c24a7d7e48af9a1 - - default default] Successfully bumped revision number for resource 6e35a1b3-4a9a-4949-a6bb-154170c80d51 (type: security_groups) to 1
2026-08-23 15:52:48.946 8 INFO neutron.db.ovn_revision_numbers_db [None req-f90c2ad5-f327-44d8-b66b-05f2cde26038 facf005de9644b78936e002b49a629a6 b237622dd2604cbd9c24a7d7e48af9a1 - - default default] Successfully bumped revision number for resource 3186b8df-9d0a-47e8-9c2c-a18ef0a0e194 (type: security_group_rules) to 0
2026-08-23 15:52:48.959 8 INFO neutron.db.ovn_revision_numbers_db [None req-f90c2ad5-f327-44d8-b66b-05f2cde26038 facf005de9644b78936e002b49a629a6 b237622dd2604cbd9c24a7d7e48af9a1 - - default default] Successfully bumped revision number for resource 37a9e7d0-88d9-4e43-bef3-743da70182c6 (type: security_group_rules) to 0
2026-08-23 15:52:48.971 8 INFO neutron.db.ovn_revision_numbers_db [None req-f90c2ad5-f327-44d8-b66b-05f2cde26038 facf005de9644b78936e002b49a629a6 b237622dd2604cbd9c24a7d7e48af9a1 - - default default] Successfully bumped revision number for resource dd4cf8aa-bcf0-4c4f-aa9e-f7ec8cc91884 (type: security_group_rules) to 0
2026-08-23 15:52:48.982 8 INFO neutron.db.ovn_revision_numbers_db [None req-f90c2ad5-f327-44d8-b66b-05f2cde26038 facf005de9644b78936e002b49a629a6 b237622dd2604cbd9c24a7d7e48af9a1 - - default default] Successfully bumped revision number for resource eca76d1d-1ff2-4895-ba58-9b3bd39e7bb1 (type: security_group_rules) to 0
2026-08-23 15:52:48.996 7 WARNING neutron.plugins.ml2.drivers.ovn.mech_driver.ovsdb.ovn_client [None req-2be94481-4087-4dc3-b576-15866b3a403a - - - - - -] Logical_Switch_Port %s host information not removed, the port state is up
2026-08-23 15:52:48.996 7 INFO neutron.plugins.ml2.drivers.ovn.mech_driver.mech_driver [None req-2be94481-4087-4dc3-b576-15866b3a403a - - - - - -] OVN reports status down for port: ea0b143b-ef83-4fc4-afc0-c36ff488a4de
2026-08-23 15:52:49.074 8 INFO neutron.db.segments_db [None req-f90c2ad5-f327-44d8-b66b-05f2cde26038 facf005de9644b78936e002b49a629a6 b237622dd2604cbd9c24a7d7e48af9a1 - - default default] Added segment 07e38832-b37d-4967-8f05-1e965c9a4ddf of type geneve for network 75e65a4d-0bcc-4ffb-84f7-16b2da30b6f7
2026-08-23 15:52:49.110 7 INFO neutron.plugins.ml2.drivers.ovn.mech_driver.mech_driver [None req-2be94481-4087-4dc3-b576-15866b3a403a - - - - - -] OVN reports status up for port: 58571ea0-2971-49c7-a65b-93c2e020d60f
2026-08-23 15:52:49.130 7 INFO neutron.plugins.ml2.plugin [None req-2be94481-4087-4dc3-b576-15866b3a403a - - - - - -] Attempt 1 to provision port 58571ea0-2971-49c7-a65b-93c2e020d60f
2026-08-23 15:52:49.172 8 INFO neutron.db.ovn_revision_numbers_db [None req-f90c2ad5-f327-44d8-b66b-05f2cde26038 facf005de9644b78936e002b49a629a6 b237622dd2604cbd9c24a7d7e48af9a1 - - default default] Successfully bumped revision number for resource 75e65a4d-0bcc-4ffb-84f7-16b2da30b6f7 (type: networks) to 1
2026-08-23 15:52:49.321 8 WARNING neutron.scheduler.dhcp_agent_scheduler [None req-f90c2ad5-f327-44d8-b66b-05f2cde26038 facf005de9644b78936e002b49a629a6 b237622dd2604cbd9c24a7d7e48af9a1 - - default default] No more DHCP agents
2026-08-23 15:52:49.322 8 WARNING neutron.api.rpc.agentnotifiers.dhcp_rpc_agent_api [None req-f90c2ad5-f327-44d8-b66b-05f2cde26038 facf005de9644b78936e002b49a629a6 b237622dd2604cbd9c24a7d7e48af9a1 - - default default] Unable to schedule network 75e65a4d-0bcc-4ffb-84f7-16b2da30b6f7: no agents available; will retry on subsequent port and subnet creation events.
2026-08-23 15:52:49.404 8 INFO neutron.db.ovn_revision_numbers_db [None req-f90c2ad5-f327-44d8-b66b-05f2cde26038 facf005de9644b78936e002b49a629a6 b237622dd2604cbd9c24a7d7e48af9a1 - - default default] Successfully bumped revision number for resource 9e39f662-e452-440d-bc12-5042c4982c28 (type: ports) to 1 [pid: 8|app: 0|req: 754/1454] 10.0.0.233 () {34 vars in 670 bytes} [Sun Aug 23 15:52:48 2026] POST /v2.0/networks => generated 663 bytes in 766 msecs (HTTP/1.1 201) 4 headers in 162 bytes (1 switches on core 0) [pid: 7|app: 0|req: 701/1455] 10.0.0.233 () {32 vars in 740 bytes} [Sun Aug 23 15:52:48 2026] DELETE /v2.0/security-groups/d41d4dfa-2199-42d7-9a99-94c7a5095dda => generated 0 bytes in 528 msecs (HTTP/1.1 204) 2 headers in 112 bytes (1 switches on core 0) [pid: 8|app: 0|req: 755/1456] 10.0.0.233 () {32 vars in 647 bytes} [Sun Aug 23 15:52:49 2026] GET /v2.0/subnets => generated 1960 bytes in 44 msecs (HTTP/1.1 200) 4 headers in 158 bytes (1 switches on core 0) [pid: 7|app: 0|req: 702/1457] 10.0.0.9 () {34 vars in 980 bytes} [Sun Aug 23 15:52:49 2026] GET /v2.0/networks?id=9ff7a100-3dbf-4ea3-9c35-760eca9e42ae => generated 715 bytes in 91 msecs (HTTP/1.1 200) 4 headers in 157 bytes (1 switches on core 0)
2026-08-23 15:52:49.679 8 WARNING neutron.scheduler.dhcp_agent_scheduler [None req-e1486172-ff8f-473d-b412-61707f392687 facf005de9644b78936e002b49a629a6 b237622dd2604cbd9c24a7d7e48af9a1 - - default default] No more DHCP agents
2026-08-23 15:52:49.680 8 WARNING neutron.api.rpc.agentnotifiers.dhcp_rpc_agent_api [None req-e1486172-ff8f-473d-b412-61707f392687 facf005de9644b78936e002b49a629a6 b237622dd2604cbd9c24a7d7e48af9a1 - - default default] Unable to schedule network 75e65a4d-0bcc-4ffb-84f7-16b2da30b6f7: no agents available; will retry on subsequent port and subnet creation events.
2026-08-23 15:52:49.756 8 INFO neutron.db.ovn_revision_numbers_db [None req-e1486172-ff8f-473d-b412-61707f392687 facf005de9644b78936e002b49a629a6 b237622dd2604cbd9c24a7d7e48af9a1 - - default default] Successfully bumped revision number for resource 33e8e258-bff4-4789-884f-6d3d71cf0a85 (type: ports) to 1 [pid: 8|app: 0|req: 756/1458] 10.0.0.233 () {34 vars in 665 bytes} [Sun Aug 23 15:52:49 2026] POST /v2.0/ports => generated 775 bytes in 336 msecs (HTTP/1.1 201) 4 headers in 162 bytes (1 switches on core 0) /var/lib/openstack/lib/python3.12/site-packages/pycadf/identifier.py:70: UserWarning: Invalid uuid: neutron. To ensure interoperability, identifiers should be a valid uuid. warnings.warn(('Invalid uuid: %s. To ensure interoperability, '
2026-08-23 15:52:49.819 7 INFO neutron.db.ovn_revision_numbers_db [None req-2be94481-4087-4dc3-b576-15866b3a403a - - - - - -] Successfully bumped revision number for resource 58571ea0-2971-49c7-a65b-93c2e020d60f (type: ports) to 2 [pid: 8|app: 0|req: 757/1459] 10.0.0.9 () {34 vars in 963 bytes} [Sun Aug 23 15:52:49 2026] GET /v2.0/quotas/12cf97d097ec407fbcc59e95f7fae526 => generated 292 bytes in 16 msecs (HTTP/1.1 200) 4 headers in 157 bytes (1 switches on core 0) [pid: 7|app: 0|req: 703/1460] 10.0.0.233 () {32 vars in 724 bytes} [Sun Aug 23 15:52:49 2026] DELETE /v2.0/subnets/4f940550-e8dd-4353-8f16-61ff65e6c214 => generated 0 bytes in 362 msecs (HTTP/1.1 204) 3 headers in 131 bytes (1 switches on core 0)
2026-08-23 15:52:49.966 8 INFO neutron.db.segments_db [None req-a1425633-b838-45f2-9f3b-dc93e72c3f5d facf005de9644b78936e002b49a629a6 b237622dd2604cbd9c24a7d7e48af9a1 - - default default] Added segment f8dda773-25f3-475d-816c-a4a11ada9e79 of type geneve for network 96ae3267-5fc8-43cf-a9a1-11f370f4efbf [pid: 7|app: 0|req: 704/1461] 10.0.0.9 () {34 vars in 1000 bytes} [Sun Aug 23 15:52:49 2026] GET /v2.0/ports?tenant_id=12cf97d097ec407fbcc59e95f7fae526&fields=id => generated 103 bytes in 129 msecs (HTTP/1.1 200) 4 headers in 157 bytes (1 switches on core 0)
2026-08-23 15:52:50.080 8 INFO neutron.db.ovn_revision_numbers_db [None req-a1425633-b838-45f2-9f3b-dc93e72c3f5d facf005de9644b78936e002b49a629a6 b237622dd2604cbd9c24a7d7e48af9a1 - - default default] Successfully bumped revision number for resource 96ae3267-5fc8-43cf-a9a1-11f370f4efbf (type: networks) to 1 [pid: 7|app: 0|req: 705/1462] 10.0.0.233 () {32 vars in 724 bytes} [Sun Aug 23 15:52:50 2026] DELETE /v2.0/subnets/79dbeb1a-5d93-41ad-a2ee-ec8c0cc252fc => generated 0 bytes in 147 msecs (HTTP/1.1 204) 3 headers in 131 bytes (1 switches on core 0) [pid: 7|app: 0|req: 706/1463] 10.0.0.9 () {34 vars in 1006 bytes} [Sun Aug 23 15:52:50 2026] GET /v2.0/networks/9ff7a100-3dbf-4ea3-9c35-760eca9e42ae?fields=segments => generated 14 bytes in 41 msecs (HTTP/1.1 200) 4 headers in 156 bytes (1 switches on core 0)
2026-08-23 15:52:50.246 8 WARNING neutron.scheduler.dhcp_agent_scheduler [None req-a1425633-b838-45f2-9f3b-dc93e72c3f5d facf005de9644b78936e002b49a629a6 b237622dd2604cbd9c24a7d7e48af9a1 - - default default] No more DHCP agents
2026-08-23 15:52:50.248 8 WARNING neutron.api.rpc.agentnotifiers.dhcp_rpc_agent_api [None req-a1425633-b838-45f2-9f3b-dc93e72c3f5d facf005de9644b78936e002b49a629a6 b237622dd2604cbd9c24a7d7e48af9a1 - - default default] Unable to schedule network 96ae3267-5fc8-43cf-a9a1-11f370f4efbf: no agents available; will retry on subsequent port and subnet creation events. [pid: 7|app: 0|req: 707/1464] 10.0.0.233 () {32 vars in 647 bytes} [Sun Aug 23 15:52:50 2026] GET /v2.0/subnets => generated 649 bytes in 48 msecs (HTTP/1.1 200) 4 headers in 157 bytes (1 switches on core 0)
2026-08-23 15:52:50.327 8 INFO neutron.db.ovn_revision_numbers_db [None req-a1425633-b838-45f2-9f3b-dc93e72c3f5d facf005de9644b78936e002b49a629a6 b237622dd2604cbd9c24a7d7e48af9a1 - - default default] Successfully bumped revision number for resource 8eef54a6-1729-433b-8143-f9547a3d5ce9 (type: ports) to 1 [pid: 7|app: 0|req: 708/1465] 10.0.0.9 () {34 vars in 1106 bytes} [Sun Aug 23 15:52:50 2026] GET /v2.0/networks/9ff7a100-3dbf-4ea3-9c35-760eca9e42ae?fields=provider%3Aphysical_network&fields=provider%3Anetwork_type => generated 79 bytes in 69 msecs (HTTP/1.1 200) 4 headers in 156 bytes (1 switches on core 0) [pid: 8|app: 0|req: 758/1466] 10.0.0.233 () {34 vars in 670 bytes} [Sun Aug 23 15:52:49 2026] POST /v2.0/networks => generated 651 bytes in 524 msecs (HTTP/1.1 201) 4 headers in 162 bytes (1 switches on core 0)
2026-08-23 15:52:50.467 7 INFO neutron_taas.services.taas.taas_plugin [None req-768172fc-04d5-4318-b59a-9c4db9b425be 7c73152ef590411da444a3aeb0bd2f08 eade1058a0b646db952f6f28116a8bfb - - default default] TaaS: Handle Delete Port: ea0b143b-ef83-4fc4-afc0-c36ff488a4de
2026-08-23 15:52:50.470 7 INFO neutron_taas.services.taas.tap_mirror_plugin [None req-768172fc-04d5-4318-b59a-9c4db9b425be 7c73152ef590411da444a3aeb0bd2f08 eade1058a0b646db952f6f28116a8bfb - - default default] Tap Mirror: Handle Delete Port: ea0b143b-ef83-4fc4-afc0-c36ff488a4de
2026-08-23 15:52:50.512 8 WARNING neutron.scheduler.dhcp_agent_scheduler [None req-ae7787bd-0858-41f5-a6f0-1b9eed63e983 facf005de9644b78936e002b49a629a6 b237622dd2604cbd9c24a7d7e48af9a1 - - default default] No more DHCP agents
2026-08-23 15:52:50.513 8 WARNING neutron.api.rpc.agentnotifiers.dhcp_rpc_agent_api [None req-ae7787bd-0858-41f5-a6f0-1b9eed63e983 facf005de9644b78936e002b49a629a6 b237622dd2604cbd9c24a7d7e48af9a1 - - default default] Unable to schedule network 96ae3267-5fc8-43cf-a9a1-11f370f4efbf: no agents available; will retry on subsequent port and subnet creation events.
2026-08-23 15:52:50.658 7 INFO neutron.services.segments.plugin [-] Segment b5e3e4b8-8738-470c-8d9d-31f7c1d3856d resource provider aggregate not found
2026-08-23 15:52:50.665 7 INFO neutron.services.segments.plugin [-] Segment b5e3e4b8-8738-470c-8d9d-31f7c1d3856d resource provider aggregate not found
2026-08-23 15:52:50.679 7 INFO neutron.services.segments.plugin [-] Segment b5e3e4b8-8738-470c-8d9d-31f7c1d3856d resource provider not found; error: Placement Client Error (4xx): {"errors": [{"status": 404, "title": "Not Found", "detail": "The resource could not be found.\n\n No resource provider with uuid b5e3e4b8-8738-470c-8d9d-31f7c1d3856d found for delete ", "request_id": "req-788b8a22-83e0-49fc-bb32-00f98ba439bb"}]}
2026-08-23 15:52:50.685 7 INFO neutron.services.segments.plugin [-] Segment b5e3e4b8-8738-470c-8d9d-31f7c1d3856d resource provider not found; error: Placement Client Error (4xx): {"errors": [{"status": 404, "title": "Not Found", "detail": "The resource could not be found.\n\n No resource provider with uuid b5e3e4b8-8738-470c-8d9d-31f7c1d3856d found for delete ", "request_id": "req-1db59045-fe97-4e17-b4ce-3c8456d9a076"}]} [pid: 7|app: 0|req: 709/1467] 10.0.0.233 () {32 vars in 726 bytes} [Sun Aug 23 15:52:50 2026] DELETE /v2.0/networks/6519b79a-0a53-4527-a89f-eb5e6f4c521e => generated 0 bytes in 343 msecs (HTTP/1.1 204) 3 headers in 131 bytes (1 switches on core 0) [pid: 7|app: 0|req: 710/1468] 10.0.0.9 () {34 vars in 988 bytes} [Sun Aug 23 15:52:50 2026] GET /v2.0/ports?device_id=70119ee3-b270-4d89-aefb-f9e3aa09f277 => generated 12 bytes in 22 msecs (HTTP/1.1 200) 4 headers in 156 bytes (1 switches on core 0)
2026-08-23 15:52:50.842 7 INFO neutron_taas.services.taas.taas_plugin [None req-ee414c0c-8846-4ccc-b316-83f48663cbe2 7c73152ef590411da444a3aeb0bd2f08 eade1058a0b646db952f6f28116a8bfb - - default default] TaaS: Handle Delete Port: fed538e3-6c94-46aa-aba8-6081d464efc5
2026-08-23 15:52:50.847 7 INFO neutron_taas.services.taas.tap_mirror_plugin [None req-ee414c0c-8846-4ccc-b316-83f48663cbe2 7c73152ef590411da444a3aeb0bd2f08 eade1058a0b646db952f6f28116a8bfb - - default default] Tap Mirror: Handle Delete Port: fed538e3-6c94-46aa-aba8-6081d464efc5
2026-08-23 15:52:50.985 8 INFO neutron.db.ovn_revision_numbers_db [None req-59e0469e-6ea4-4906-9e14-4bea5a4230f8 - - - - - -] Successfully bumped revision number for resource 8eef54a6-1729-433b-8143-f9547a3d5ce9 (type: ports) to 2
2026-08-23 15:52:51.006 8 INFO neutron.db.ovn_revision_numbers_db [None req-59e0469e-6ea4-4906-9e14-4bea5a4230f8 - - - - - -] Successfully bumped revision number for resource 14ceae9d-0663-47bc-a9ac-c976a59a83c1 (type: subnets) to 0 [pid: 8|app: 0|req: 759/1469] 10.0.0.233 () {34 vars in 669 bytes} [Sun Aug 23 15:52:50 2026] POST /v2.0/subnets => generated 626 bytes in 666 msecs (HTTP/1.1 201) 4 headers in 162 bytes (1 switches on core 0) [pid: 7|app: 0|req: 711/1470] 10.0.0.233 () {32 vars in 726 bytes} [Sun Aug 23 15:52:50 2026] DELETE /v2.0/networks/fdd8dab7-617d-4153-bdc4-f38613010e03 => generated 0 bytes in 380 msecs (HTTP/1.1 204) 3 headers in 131 bytes (1 switches on core 0)
2026-08-23 15:52:51.204 7 INFO neutron_taas.services.taas.taas_plugin [None req-e2a7e367-4b6f-43e3-a45f-7c78fc53b1a8 7c73152ef590411da444a3aeb0bd2f08 eade1058a0b646db952f6f28116a8bfb - - default default] TaaS: Handle Delete Port: 0076e599-b05d-49a8-ba30-64a9f5c6b94a
2026-08-23 15:52:51.206 7 INFO neutron_taas.services.taas.tap_mirror_plugin [None req-e2a7e367-4b6f-43e3-a45f-7c78fc53b1a8 7c73152ef590411da444a3aeb0bd2f08 eade1058a0b646db952f6f28116a8bfb - - default default] Tap Mirror: Handle Delete Port: 0076e599-b05d-49a8-ba30-64a9f5c6b94a
2026-08-23 15:52:51.349 8 WARNING neutron.scheduler.dhcp_agent_scheduler [None req-1d837884-5d61-4d0b-9de8-962692283b2c facf005de9644b78936e002b49a629a6 b237622dd2604cbd9c24a7d7e48af9a1 - - default default] No more DHCP agents
2026-08-23 15:52:51.350 8 WARNING neutron.api.rpc.agentnotifiers.dhcp_rpc_agent_api [None req-1d837884-5d61-4d0b-9de8-962692283b2c facf005de9644b78936e002b49a629a6 b237622dd2604cbd9c24a7d7e48af9a1 - - default default] Unable to schedule network 96ae3267-5fc8-43cf-a9a1-11f370f4efbf: no agents available; will retry on subsequent port and subnet creation events. [pid: 7|app: 0|req: 712/1471] 10.0.0.233 () {32 vars in 726 bytes} [Sun Aug 23 15:52:51 2026] DELETE /v2.0/networks/4fd385a9-1125-4292-a4bf-8675ecc962cf => generated 0 bytes in 306 msecs (HTTP/1.1 204) 3 headers in 131 bytes (1 switches on core 0)
