2026-08-23 15:53:19.037 8 INFO neutron.db.ovn_revision_numbers_db [None req-8e29ab5d-c5b3-4f64-b4ff-ece44f2493e6 f557665da50742f085be9cc87e9aac5c 6e832ea906984d8c831a763016e5b6af - - default default] Successfully bumped revision number for resource eaa73ce3-c0e6-4cfb-9a7d-c780ccf5110d (type: security_group_rules) to 0 [pid: 8|app: 0|req: 848/1667] 10.0.0.233 () {34 vars in 695 bytes} [Sun Aug 23 15:53:18 2026] POST /v2.0/security-group-rules => generated 601 bytes in 159 msecs (HTTP/1.1 201) 4 headers in 162 bytes (1 switches on core 0) [pid: 8|app: 0|req: 849/1668] 10.0.0.233 () {32 vars in 747 bytes} [Sun Aug 23 15:53:19 2026] GET /v2.0/security-group-rules/eaa73ce3-c0e6-4cfb-9a7d-c780ccf5110d => generated 601 bytes in 18 msecs (HTTP/1.1 200) 4 headers in 157 bytes (1 switches on core 0) [pid: 8|app: 0|req: 850/1669] 10.0.0.233 () {32 vars in 673 bytes} [Sun Aug 23 15:53:19 2026] GET /v2.0/security-group-rules => generated 4138 bytes in 72 msecs (HTTP/1.1 200) 4 headers in 158 bytes (1 switches on core 0) [pid: 7|app: 0|req: 820/1670] 10.0.0.233 () {32 vars in 776 bytes} [Sun Aug 23 15:53:18 2026] GET /v2.0/subnets?project_id=00d09723d4314069b4705c790a22723e&cidr=10.100.0.0%2F28 => generated 14 bytes in 235 msecs (HTTP/1.1 200) 4 headers in 156 bytes (1 switches on core 0) [pid: 8|app: 0|req: 851/1671] 10.0.0.233 () {32 vars in 750 bytes} [Sun Aug 23 15:53:19 2026] DELETE /v2.0/security-group-rules/eaa73ce3-c0e6-4cfb-9a7d-c780ccf5110d => generated 0 bytes in 108 msecs (HTTP/1.1 204) 2 headers in 112 bytes (1 switches on core 0) [pid: 8|app: 0|req: 852/1672] 10.0.0.233 () {32 vars in 694 bytes} [Sun Aug 23 15:53:19 2026] GET /v2.0/networks?router%3Aexternal=True => generated 791 bytes in 40 msecs (HTTP/1.1 200) 4 headers in 157 bytes (1 switches on core 0) [pid: 8|app: 0|req: 853/1673] 10.0.0.233 () {32 vars in 673 bytes} [Sun Aug 23 15:53:19 2026] GET /v2.0/security-group-rules => generated 3560 bytes in 50 msecs (HTTP/1.1 200) 4 headers in 158 bytes (1 switches on core 0) [pid: 8|app: 0|req: 854/1674] 10.0.0.233 () {32 vars in 784 bytes} [Sun Aug 23 15:53:19 2026] GET /v2.0/subnets?network_id=84f2eb19-d1bf-48e1-9058-7b55c2efaea5&cidr=10.100.0.0%2F28 => generated 14 bytes in 22 msecs (HTTP/1.1 200) 4 headers in 156 bytes (1 switches on core 0)
2026-08-23 15:53:19.517 8 INFO neutron.db.ovn_revision_numbers_db [None req-a48e60df-c52c-405d-85a0-ddc6e44e5bac be4a0a02f9a3408f9d78a65f222309ef 1f4c1084cf174fe6a6db10759a721850 - - default default] Successfully bumped revision number for resource c8d22cff-511f-4ab3-a2b1-d9f9628a8785 (type: security_groups) to 1
2026-08-23 15:53:19.528 8 INFO neutron.db.ovn_revision_numbers_db [None req-a48e60df-c52c-405d-85a0-ddc6e44e5bac be4a0a02f9a3408f9d78a65f222309ef 1f4c1084cf174fe6a6db10759a721850 - - default default] Successfully bumped revision number for resource 33b009ff-3482-4f76-8e92-b0d18f5bd2fd (type: security_group_rules) to 0
2026-08-23 15:53:19.537 8 INFO neutron.db.ovn_revision_numbers_db [None req-a48e60df-c52c-405d-85a0-ddc6e44e5bac be4a0a02f9a3408f9d78a65f222309ef 1f4c1084cf174fe6a6db10759a721850 - - default default] Successfully bumped revision number for resource 9b2d6016-2c71-412b-bcac-4335d209f8e5 (type: security_group_rules) to 0
2026-08-23 15:53:19.551 8 INFO neutron.db.ovn_revision_numbers_db [None req-a48e60df-c52c-405d-85a0-ddc6e44e5bac be4a0a02f9a3408f9d78a65f222309ef 1f4c1084cf174fe6a6db10759a721850 - - default default] Successfully bumped revision number for resource e14c3e88-0547-4f6a-95c8-60fe55d5829c (type: security_group_rules) to 0
2026-08-23 15:53:19.562 8 INFO neutron.db.ovn_revision_numbers_db [None req-a48e60df-c52c-405d-85a0-ddc6e44e5bac be4a0a02f9a3408f9d78a65f222309ef 1f4c1084cf174fe6a6db10759a721850 - - default default] Successfully bumped revision number for resource eaacf3b4-e538-4675-8749-f707c1337e2a (type: security_group_rules) to 0
2026-08-23 15:53:19.604 7 INFO neutron.db.ovn_revision_numbers_db [None req-8148743e-d47e-4965-8ff3-8f97cf210186 be4a0a02f9a3408f9d78a65f222309ef 1f4c1084cf174fe6a6db10759a721850 - - default default] Successfully bumped revision number for resource bc40eaba-6cf9-4dc5-aa32-13f239cc9172 (type: security_groups) to 1
2026-08-23 15:53:19.632 7 INFO neutron.db.ovn_revision_numbers_db [None req-8148743e-d47e-4965-8ff3-8f97cf210186 be4a0a02f9a3408f9d78a65f222309ef 1f4c1084cf174fe6a6db10759a721850 - - default default] Successfully bumped revision number for resource 17d1e03a-91f4-4a81-9000-355909385f5b (type: security_group_rules) to 0
2026-08-23 15:53:19.636 8 INFO neutron.db.segments_db [None req-a48e60df-c52c-405d-85a0-ddc6e44e5bac be4a0a02f9a3408f9d78a65f222309ef 1f4c1084cf174fe6a6db10759a721850 - - default default] Added segment fbc10563-6613-4f79-8f77-9269ece9e7d2 of type geneve for network 50134df6-b639-42ae-918d-cf76a493004b
2026-08-23 15:53:19.659 7 INFO neutron.db.ovn_revision_numbers_db [None req-8148743e-d47e-4965-8ff3-8f97cf210186 be4a0a02f9a3408f9d78a65f222309ef 1f4c1084cf174fe6a6db10759a721850 - - default default] Successfully bumped revision number for resource 77c5c931-c0f7-4fbc-bfee-7668a744792f (type: security_group_rules) to 0
2026-08-23 15:53:19.698 7 INFO neutron.db.ovn_revision_numbers_db [None req-8148743e-d47e-4965-8ff3-8f97cf210186 be4a0a02f9a3408f9d78a65f222309ef 1f4c1084cf174fe6a6db10759a721850 - - default default] Successfully bumped revision number for resource c8b3663e-9877-46f2-95ef-df76873f56ac (type: security_group_rules) to 0
2026-08-23 15:53:19.727 7 INFO neutron.db.ovn_revision_numbers_db [None req-8148743e-d47e-4965-8ff3-8f97cf210186 be4a0a02f9a3408f9d78a65f222309ef 1f4c1084cf174fe6a6db10759a721850 - - default default] Successfully bumped revision number for resource ce586bc3-c36d-4ce2-b9f7-a4f89e9a3cb2 (type: security_group_rules) to 0
2026-08-23 15:53:19.729 8 INFO neutron.db.ovn_revision_numbers_db [None req-a48e60df-c52c-405d-85a0-ddc6e44e5bac be4a0a02f9a3408f9d78a65f222309ef 1f4c1084cf174fe6a6db10759a721850 - - default default] Successfully bumped revision number for resource 50134df6-b639-42ae-918d-cf76a493004b (type: networks) to 1 [pid: 7|app: 0|req: 821/1675] 10.0.0.233 () {32 vars in 774 bytes} [Sun Aug 23 15:53:19 2026] GET /v2.0/security-groups?tenant_id=dfae89e4673244b3afc5d729f185256f&name=default => generated 2925 bytes in 659 msecs (HTTP/1.1 200) 4 headers in 158 bytes (1 switches on core 0)
2026-08-23 15:53:19.928 8 WARNING neutron.scheduler.dhcp_agent_scheduler [None req-a48e60df-c52c-405d-85a0-ddc6e44e5bac be4a0a02f9a3408f9d78a65f222309ef 1f4c1084cf174fe6a6db10759a721850 - - default default] No more DHCP agents
2026-08-23 15:53:19.929 8 WARNING neutron.api.rpc.agentnotifiers.dhcp_rpc_agent_api [None req-a48e60df-c52c-405d-85a0-ddc6e44e5bac be4a0a02f9a3408f9d78a65f222309ef 1f4c1084cf174fe6a6db10759a721850 - - default default] Unable to schedule network 50134df6-b639-42ae-918d-cf76a493004b: no agents available; will retry on subsequent port and subnet creation events.
2026-08-23 15:53:20.008 8 INFO neutron.db.ovn_revision_numbers_db [None req-a48e60df-c52c-405d-85a0-ddc6e44e5bac be4a0a02f9a3408f9d78a65f222309ef 1f4c1084cf174fe6a6db10759a721850 - - default default] Successfully bumped revision number for resource 615be6e0-902d-418f-82ba-2dcc7a19da19 (type: ports) to 1
2026-08-23 15:53:20.019 7 INFO neutron.db.ovn_revision_numbers_db [None req-8747ae3f-7ec1-4520-ada1-e9174b78a971 - - - - - -] Successfully bumped revision number for resource 3540e694-71ce-44c2-a18f-ac843c001855 (type: ports) to 2 [pid: 8|app: 0|req: 855/1676] 10.0.0.233 () {34 vars in 671 bytes} [Sun Aug 23 15:53:19 2026] POST /v2.0/networks => generated 762 bytes in 642 msecs (HTTP/1.1 201) 4 headers in 162 bytes (1 switches on core 0)
2026-08-23 15:53:20.224 8 WARNING neutron.scheduler.dhcp_agent_scheduler [None req-4c502e44-230e-40b6-b24b-5db27e1d7792 c061678ae7ba40ddad05257bbc25bf83 00d09723d4314069b4705c790a22723e - - default default] No more DHCP agents
2026-08-23 15:53:20.225 8 WARNING neutron.api.rpc.agentnotifiers.dhcp_rpc_agent_api [None req-4c502e44-230e-40b6-b24b-5db27e1d7792 c061678ae7ba40ddad05257bbc25bf83 00d09723d4314069b4705c790a22723e - - default default] Unable to schedule network 46c1afcd-71fa-4590-b29b-8b32e69e2643: no agents available; will retry on subsequent port and subnet creation events.
2026-08-23 15:53:20.255 7 INFO neutron.db.ovn_revision_numbers_db [None req-85a76253-36a4-4532-80d8-bfa363db3bbd f557665da50742f085be9cc87e9aac5c 6e832ea906984d8c831a763016e5b6af - - default default] Successfully bumped revision number for resource 23587bec-b3a8-428c-9ecb-2de582bf72f7 (type: security_group_rules) to 0 [pid: 7|app: 0|req: 822/1677] 10.0.0.233 () {34 vars in 695 bytes} [Sun Aug 23 15:53:19 2026] POST /v2.0/security-group-rules => generated 601 bytes in 481 msecs (HTTP/1.1 201) 4 headers in 162 bytes (1 switches on core 0)
2026-08-23 15:53:20.691 8 INFO neutron.db.ovn_revision_numbers_db [None req-07d15e9a-d298-4ffc-8820-1d46d9edae35 - - - - - -] Successfully bumped revision number for resource e58b327e-06c9-45a7-83fa-2868693cfd75 (type: ports) to 2
2026-08-23 15:53:20.724 8 INFO neutron.db.ovn_revision_numbers_db [None req-07d15e9a-d298-4ffc-8820-1d46d9edae35 - - - - - -] Successfully bumped revision number for resource c4889713-c367-4a1c-8ac3-648d17197d69 (type: subnets) to 0 [pid: 7|app: 0|req: 823/1678] 10.0.0.233 () {32 vars in 740 bytes} [Sun Aug 23 15:53:20 2026] DELETE /v2.0/security-groups/bc40eaba-6cf9-4dc5-aa32-13f239cc9172 => generated 0 bytes in 399 msecs (HTTP/1.1 204) 2 headers in 112 bytes (1 switches on core 0) [pid: 8|app: 0|req: 856/1679] 10.0.0.233 () {34 vars in 669 bytes} [Sun Aug 23 15:53:20 2026] POST /v2.0/subnets => generated 656 bytes in 714 msecs (HTTP/1.1 201) 4 headers in 162 bytes (1 switches on core 0) [pid: 8|app: 0|req: 857/1680] 10.0.0.233 () {32 vars in 747 bytes} [Sun Aug 23 15:53:20 2026] GET /v2.0/security-group-rules/23587bec-b3a8-428c-9ecb-2de582bf72f7 => generated 601 bytes in 16 msecs (HTTP/1.1 200) 4 headers in 157 bytes (1 switches on core 0)
2026-08-23 15:53:20.806 7 INFO neutron.db.ovn_revision_numbers_db [None req-e1d05802-cfad-4ae2-b696-7f8f6d9000f2 - - - - - -] Successfully bumped revision number for resource 0ab7ba4e-3321-4f20-947c-f2ca52c09b68 (type: ports) to 4
2026-08-23 15:53:21.042 7 WARNING neutron.scheduler.dhcp_agent_scheduler [None req-a02d58ba-e26c-44da-9f93-9322bc600e36 be4a0a02f9a3408f9d78a65f222309ef 1f4c1084cf174fe6a6db10759a721850 - - default default] No more DHCP agents
2026-08-23 15:53:21.046 7 WARNING neutron.api.rpc.agentnotifiers.dhcp_rpc_agent_api [None req-a02d58ba-e26c-44da-9f93-9322bc600e36 be4a0a02f9a3408f9d78a65f222309ef 1f4c1084cf174fe6a6db10759a721850 - - default default] Unable to schedule network 50134df6-b639-42ae-918d-cf76a493004b: no agents available; will retry on subsequent port and subnet creation events.
2026-08-23 15:53:21.330 8 WARNING neutron.scheduler.dhcp_agent_scheduler [None req-2ef02241-f74d-43ad-96ed-72d5de543b85 c061678ae7ba40ddad05257bbc25bf83 00d09723d4314069b4705c790a22723e - - default default] No more DHCP agents
2026-08-23 15:53:21.332 8 WARNING neutron.api.rpc.agentnotifiers.dhcp_rpc_agent_api [None req-2ef02241-f74d-43ad-96ed-72d5de543b85 c061678ae7ba40ddad05257bbc25bf83 00d09723d4314069b4705c790a22723e - - default default] Unable to schedule network 46c1afcd-71fa-4590-b29b-8b32e69e2643: no agents available; will retry on subsequent port and subnet creation events.
2026-08-23 15:53:21.475 7 INFO neutron.db.ovn_revision_numbers_db [None req-e1d05802-cfad-4ae2-b696-7f8f6d9000f2 - - - - - -] Successfully bumped revision number for resource 0ab7ba4e-3321-4f20-947c-f2ca52c09b68 (type: ports) to 5
2026-08-23 15:53:21.480 8 INFO neutron.db.ovn_revision_numbers_db [None req-2ef02241-f74d-43ad-96ed-72d5de543b85 c061678ae7ba40ddad05257bbc25bf83 00d09723d4314069b4705c790a22723e - - default default] Successfully bumped revision number for resource 8da3109e-4702-40e6-b4b8-09f8a4eaafbe (type: ports) to 1
2026-08-23 15:53:21.683 8 INFO neutron.plugins.ml2.drivers.ovn.mech_driver.mech_driver [None req-972165c1-0e1a-4e75-9d5c-1a814ed882c9 - - - - - -] OVN reports status down for port: 8da3109e-4702-40e6-b4b8-09f8a4eaafbe
2026-08-23 15:53:21.745 7 INFO neutron.db.ovn_revision_numbers_db [None req-51bb1ae4-971c-4e96-969a-11283c529264 - - - - - -] Successfully bumped revision number for resource 615be6e0-902d-418f-82ba-2dcc7a19da19 (type: ports) to 2
2026-08-23 15:53:21.780 7 INFO neutron.db.ovn_revision_numbers_db [None req-51bb1ae4-971c-4e96-969a-11283c529264 - - - - - -] Successfully bumped revision number for resource f9c15899-6e9f-42ae-bbbf-5769c4b3ff27 (type: subnets) to 0 [pid: 7|app: 0|req: 824/1681] 10.0.0.233 () {34 vars in 669 bytes} [Sun Aug 23 15:53:20 2026] POST /v2.0/subnets => generated 688 bytes in 1062 msecs (HTTP/1.1 201) 4 headers in 162 bytes (1 switches on core 0) [pid: 7|app: 0|req: 825/1682] 10.0.0.233 () {32 vars in 673 bytes} [Sun Aug 23 15:53:21 2026] GET /v2.0/security-group-rules => generated 4138 bytes in 69 msecs (HTTP/1.1 200) 4 headers in 158 bytes (1 switches on core 0)
2026-08-23 15:53:21.989 7 INFO neutron.db.ovn_revision_numbers_db [None req-d9761fa1-983b-4a88-ad0a-7394372bc458 be4a0a02f9a3408f9d78a65f222309ef 1f4c1084cf174fe6a6db10759a721850 - - default default] Successfully bumped revision number for resource 43a9daee-e3aa-489f-91e8-a30ec37d4123 (type: security_groups) to 1
2026-08-23 15:53:22.005 7 INFO neutron.db.ovn_revision_numbers_db [None req-d9761fa1-983b-4a88-ad0a-7394372bc458 be4a0a02f9a3408f9d78a65f222309ef 1f4c1084cf174fe6a6db10759a721850 - - default default] Successfully bumped revision number for resource 0d1ae9bc-3cc0-4df5-b53b-fe73310c7925 (type: security_group_rules) to 0
2026-08-23 15:53:22.014 7 INFO neutron.db.ovn_revision_numbers_db [None req-d9761fa1-983b-4a88-ad0a-7394372bc458 be4a0a02f9a3408f9d78a65f222309ef 1f4c1084cf174fe6a6db10759a721850 - - default default] Successfully bumped revision number for resource 7d7a5b42-11a4-4c28-8afc-8cc103415fe8 (type: security_group_rules) to 0
2026-08-23 15:53:22.026 7 INFO neutron.db.ovn_revision_numbers_db [None req-d9761fa1-983b-4a88-ad0a-7394372bc458 be4a0a02f9a3408f9d78a65f222309ef 1f4c1084cf174fe6a6db10759a721850 - - default default] Successfully bumped revision number for resource db0c2f8f-7865-4a3c-ad06-d1f9af910ac0 (type: security_group_rules) to 0
2026-08-23 15:53:22.036 7 INFO neutron.db.ovn_revision_numbers_db [None req-d9761fa1-983b-4a88-ad0a-7394372bc458 be4a0a02f9a3408f9d78a65f222309ef 1f4c1084cf174fe6a6db10759a721850 - - default default] Successfully bumped revision number for resource e7817fff-fda2-4a47-af6b-fd358e038969 (type: security_group_rules) to 0 [pid: 7|app: 0|req: 826/1683] 10.0.0.233 () {32 vars in 774 bytes} [Sun Aug 23 15:53:21 2026] GET /v2.0/security-groups?tenant_id=80970c1a88164a9296b12a46018b7bb0&name=default => generated 2925 bytes in 197 msecs (HTTP/1.1 200) 4 headers in 158 bytes (1 switches on core 0)
2026-08-23 15:53:22.154 8 INFO neutron.plugins.ml2.drivers.ovn.mech_driver.mech_driver [None req-972165c1-0e1a-4e75-9d5c-1a814ed882c9 - - - - - -] OVN reports status up for port: 8da3109e-4702-40e6-b4b8-09f8a4eaafbe
2026-08-23 15:53:22.182 8 INFO neutron.plugins.ml2.plugin [None req-972165c1-0e1a-4e75-9d5c-1a814ed882c9 - - - - - -] Attempt 1 to provision port 8da3109e-4702-40e6-b4b8-09f8a4eaafbe
2026-08-23 15:53:22.290 8 WARNING neutron.scheduler.dhcp_agent_scheduler [None req-2ef02241-f74d-43ad-96ed-72d5de543b85 c061678ae7ba40ddad05257bbc25bf83 00d09723d4314069b4705c790a22723e - - default default] No more DHCP agents
2026-08-23 15:53:22.293 8 WARNING neutron.api.rpc.agentnotifiers.dhcp_rpc_agent_api [None req-2ef02241-f74d-43ad-96ed-72d5de543b85 c061678ae7ba40ddad05257bbc25bf83 00d09723d4314069b4705c790a22723e - - default default] Unable to schedule network 46c1afcd-71fa-4590-b29b-8b32e69e2643: no agents available; will retry on subsequent port and subnet creation events.
2026-08-23 15:53:22.451 7 WARNING neutron.scheduler.dhcp_agent_scheduler [None req-7e4d34f1-843b-4ac9-8183-2197d76b0606 be4a0a02f9a3408f9d78a65f222309ef 1f4c1084cf174fe6a6db10759a721850 - - default default] No more DHCP agents
2026-08-23 15:53:22.452 7 WARNING neutron.api.rpc.agentnotifiers.dhcp_rpc_agent_api [None req-7e4d34f1-843b-4ac9-8183-2197d76b0606 be4a0a02f9a3408f9d78a65f222309ef 1f4c1084cf174fe6a6db10759a721850 - - default default] Unable to schedule network 84f2eb19-d1bf-48e1-9058-7b55c2efaea5: no agents available; will retry on subsequent port and subnet creation events.
2026-08-23 15:53:22.583 7 INFO neutron.db.ovn_revision_numbers_db [None req-7e4d34f1-843b-4ac9-8183-2197d76b0606 be4a0a02f9a3408f9d78a65f222309ef 1f4c1084cf174fe6a6db10759a721850 - - default default] Successfully bumped revision number for resource 7ec4919b-a801-44c6-ad2f-fa9651397bbf (type: ports) to 1
2026-08-23 15:53:22.893 8 INFO neutron.db.ovn_revision_numbers_db [None req-972165c1-0e1a-4e75-9d5c-1a814ed882c9 - - - - - -] Successfully bumped revision number for resource 8da3109e-4702-40e6-b4b8-09f8a4eaafbe (type: ports) to 2
2026-08-23 15:53:23.099 8 INFO neutron.db.ovn_revision_numbers_db [None req-2ef02241-f74d-43ad-96ed-72d5de543b85 c061678ae7ba40ddad05257bbc25bf83 00d09723d4314069b4705c790a22723e - - default default] Successfully bumped revision number for resource 8da3109e-4702-40e6-b4b8-09f8a4eaafbe (type: router_ports) to 1 [pid: 8|app: 0|req: 858/1684] 10.0.0.233 () {34 vars in 783 bytes} [Sun Aug 23 15:53:20 2026] PUT /v2.0/routers/b0f5cd38-19f0-444e-b03a-2e3e2656109b/add_router_interface => generated 309 bytes in 2339 msecs (HTTP/1.1 200) 4 headers in 157 bytes (1 switches on core 0) [pid: 8|app: 0|req: 859/1685] 10.0.0.233 () {32 vars in 750 bytes} [Sun Aug 23 15:53:23 2026] DELETE /v2.0/security-group-rules/23587bec-b3a8-428c-9ecb-2de582bf72f7 => generated 0 bytes in 111 msecs (HTTP/1.1 204) 2 headers in 112 bytes (1 switches on core 0)
2026-08-23 15:53:23.219 7 INFO neutron.plugins.ml2.drivers.ovn.mech_driver.ovsdb.commands [None req-dc73f10b-8198-4aac-aecb-218db2b7caa4 - - - - - -] Schedule LRP lrp-7ec4919b-a801-44c6-ad2f-fa9651397bbf on gateway 1564be04-71cf-4f4e-b549-5f730a7b415c with priority 1
2026-08-23 15:53:23.281 7 INFO neutron.plugins.ml2.drivers.ovn.mech_driver.ovsdb.ovsdb_monitor [None req-e1d05802-cfad-4ae2-b696-7f8f6d9000f2 - - - - - -] Router 092a7677-6801-40e8-b62e-7595dbc2e80f is bound to host instance
2026-08-23 15:53:23.316 7 INFO neutron.db.ovn_revision_numbers_db [None req-7e4d34f1-843b-4ac9-8183-2197d76b0606 be4a0a02f9a3408f9d78a65f222309ef 1f4c1084cf174fe6a6db10759a721850 - - default default] Successfully bumped revision number for resource 7ec4919b-a801-44c6-ad2f-fa9651397bbf (type: router_ports) to 1
2026-08-23 15:53:23.468 7 INFO neutron.db.ovn_revision_numbers_db [None req-7e4d34f1-843b-4ac9-8183-2197d76b0606 be4a0a02f9a3408f9d78a65f222309ef 1f4c1084cf174fe6a6db10759a721850 - - default default] Successfully bumped revision number for resource 092a7677-6801-40e8-b62e-7595dbc2e80f (type: routers) to 2 [pid: 8|app: 0|req: 860/1686] 10.0.0.233 () {32 vars in 740 bytes} [Sun Aug 23 15:53:23 2026] DELETE /v2.0/security-groups/43a9daee-e3aa-489f-91e8-a30ec37d4123 => generated 0 bytes in 259 msecs (HTTP/1.1 204) 2 headers in 112 bytes (1 switches on core 0) [pid: 7|app: 0|req: 827/1687] 10.0.0.233 () {34 vars in 669 bytes} [Sun Aug 23 15:53:22 2026] POST /v2.0/routers => generated 966 bytes in 1428 msecs (HTTP/1.1 201) 4 headers in 162 bytes (1 switches on core 0) [pid: 8|app: 0|req: 861/1688] 10.0.0.233 () {32 vars in 649 bytes} [Sun Aug 23 15:53:23 2026] GET /v2.0/networks => generated 4661 bytes in 57 msecs (HTTP/1.1 200) 4 headers in 158 bytes (1 switches on core 0) [pid: 7|app: 0|req: 828/1689] 10.0.0.233 () {32 vars in 673 bytes} [Sun Aug 23 15:53:23 2026] GET /v2.0/security-group-rules => generated 3560 bytes in 97 msecs (HTTP/1.1 200) 4 headers in 158 bytes (1 switches on core 0) [pid: 7|app: 0|req: 829/1690] 10.0.0.233 () {32 vars in 647 bytes} [Sun Aug 23 15:53:23 2026] GET /v2.0/subnets => generated 3328 bytes in 76 msecs (HTTP/1.1 200) 4 headers in 158 bytes (1 switches on core 0)
2026-08-23 15:53:23.738 7 INFO neutron.db.securitygroups_db [None req-412c72a0-4fe6-4bca-9199-4708dd085b9b f557665da50742f085be9cc87e9aac5c 6e832ea906984d8c831a763016e5b6af - - default default] Project 6e832ea906984d8c831a763016e5b6af added a security group rule with legacy IPv6 ICMP protocol name icmp, ipv6-icmp should be used instead. It was automatically converted.
2026-08-23 15:53:23.901 7 INFO neutron.db.ovn_revision_numbers_db [None req-412c72a0-4fe6-4bca-9199-4708dd085b9b f557665da50742f085be9cc87e9aac5c 6e832ea906984d8c831a763016e5b6af - - default default] Successfully bumped revision number for resource f5cf48c8-3468-4f25-8ba6-0317c32cfd7a (type: security_group_rules) to 0
2026-08-23 15:53:23.951 8 WARNING neutron.scheduler.dhcp_agent_scheduler [None req-dc77584b-b5f4-495f-bc18-1a29b0f38c12 be4a0a02f9a3408f9d78a65f222309ef 1f4c1084cf174fe6a6db10759a721850 - - default default] No more DHCP agents
2026-08-23 15:53:23.952 8 WARNING neutron.api.rpc.agentnotifiers.dhcp_rpc_agent_api [None req-dc77584b-b5f4-495f-bc18-1a29b0f38c12 be4a0a02f9a3408f9d78a65f222309ef 1f4c1084cf174fe6a6db10759a721850 - - default default] Unable to schedule network 50134df6-b639-42ae-918d-cf76a493004b: no agents available; will retry on subsequent port and subnet creation events. [pid: 7|app: 0|req: 830/1691] 10.0.0.233 () {34 vars in 695 bytes} [Sun Aug 23 15:53:23 2026] POST /v2.0/security-group-rules => generated 607 bytes in 287 msecs (HTTP/1.1 201) 4 headers in 162 bytes (1 switches on core 0)
2026-08-23 15:53:24.099 8 INFO neutron.db.ovn_revision_numbers_db [None req-dc77584b-b5f4-495f-bc18-1a29b0f38c12 be4a0a02f9a3408f9d78a65f222309ef 1f4c1084cf174fe6a6db10759a721850 - - default default] Successfully bumped revision number for resource 0026fc83-e052-46b6-8068-abc73efa3428 (type: ports) to 1 [pid: 7|app: 0|req: 831/1692] 10.0.0.233 () {32 vars in 647 bytes} [Sun Aug 23 15:53:23 2026] GET /v2.0/routers => generated 2899 bytes in 143 msecs (HTTP/1.1 200) 4 headers in 158 bytes (1 switches on core 0) [pid: 7|app: 0|req: 832/1693] 10.0.0.233 () {32 vars in 747 bytes} [Sun Aug 23 15:53:24 2026] GET /v2.0/security-group-rules/f5cf48c8-3468-4f25-8ba6-0317c32cfd7a => generated 607 bytes in 28 msecs (HTTP/1.1 200) 4 headers in 157 bytes (1 switches on core 0) [pid: 7|app: 0|req: 833/1694] 10.0.0.233 () {32 vars in 673 bytes} [Sun Aug 23 15:53:24 2026] GET /v2.0/security-group-rules => generated 4144 bytes in 107 msecs (HTTP/1.1 200) 4 headers in 158 bytes (1 switches on core 0)
2026-08-23 15:53:24.494 7 INFO neutron.db.ovn_revision_numbers_db [None req-0301bd8d-ea30-4a6e-b036-10b61e3f967f c061678ae7ba40ddad05257bbc25bf83 00d09723d4314069b4705c790a22723e - - default default] Successfully bumped revision number for resource 6c0d7bb6-f1f0-40ad-9a0e-c425f9f4904e (type: security_groups) to 1
2026-08-23 15:53:24.514 7 INFO neutron.db.ovn_revision_numbers_db [None req-0301bd8d-ea30-4a6e-b036-10b61e3f967f c061678ae7ba40ddad05257bbc25bf83 00d09723d4314069b4705c790a22723e - - default default] Successfully bumped revision number for resource 2118fb72-0138-4bd5-aebc-8279163423c4 (type: security_group_rules) to 0
2026-08-23 15:53:24.538 7 INFO neutron.db.ovn_revision_numbers_db [None req-0301bd8d-ea30-4a6e-b036-10b61e3f967f c061678ae7ba40ddad05257bbc25bf83 00d09723d4314069b4705c790a22723e - - default default] Successfully bumped revision number for resource 8796e4fa-1f33-4cbe-b7ab-cd198548821e (type: security_group_rules) to 0 [pid: 7|app: 0|req: 834/1695] 10.0.0.233 () {34 vars in 685 bytes} [Sun Aug 23 15:53:24 2026] POST /v2.0/security-groups => generated 1673 bytes in 373 msecs (HTTP/1.1 201) 4 headers in 163 bytes (1 switches on core 0)
2026-08-23 15:53:24.687 8 WARNING neutron.scheduler.dhcp_agent_scheduler [None req-dc77584b-b5f4-495f-bc18-1a29b0f38c12 be4a0a02f9a3408f9d78a65f222309ef 1f4c1084cf174fe6a6db10759a721850 - - default default] No more DHCP agents
2026-08-23 15:53:24.688 8 WARNING neutron.api.rpc.agentnotifiers.dhcp_rpc_agent_api [None req-dc77584b-b5f4-495f-bc18-1a29b0f38c12 be4a0a02f9a3408f9d78a65f222309ef 1f4c1084cf174fe6a6db10759a721850 - - default default] Unable to schedule network 50134df6-b639-42ae-918d-cf76a493004b: no agents available; will retry on subsequent port and subnet creation events.
2026-08-23 15:53:24.751 7 INFO neutron.db.ovn_revision_numbers_db [None req-c270360d-7c4f-48ce-a75e-326d3bcb35c4 - - - - - -] Successfully bumped revision number for resource 7ec4919b-a801-44c6-ad2f-fa9651397bbf (type: ports) to 4 [pid: 7|app: 0|req: 837/1698] 10.0.0.233 () {32 vars in 750 bytes} [Sun Aug 23 15:53:24 2026] DELETE /v2.0/security-group-rules/f5cf48c8-3468-4f25-8ba6-0317c32cfd7a => generated 0 bytes in 188 msecs (HTTP/1.1 204) 2 headers in 112 bytes (1 switches on core 0)
2026-08-23 15:53:25.130 7 INFO neutron.db.ovn_revision_numbers_db [None req-4eea7b76-a698-412c-92fd-3f5f9338ac26 c061678ae7ba40ddad05257bbc25bf83 00d09723d4314069b4705c790a22723e - - default default] Successfully bumped revision number for resource 522e93bd-2ebe-4fc3-a7b1-98a8960118c2 (type: security_group_rules) to 0 [pid: 7|app: 0|req: 838/1699] 10.0.0.233 () {34 vars in 695 bytes} [Sun Aug 23 15:53:24 2026] POST /v2.0/security-group-rules => generated 597 bytes in 388 msecs (HTTP/1.1 201) 4 headers in 162 bytes (1 switches on core 0)
2026-08-23 15:53:25.223 8 INFO neutron.db.ovn_revision_numbers_db [None req-dc77584b-b5f4-495f-bc18-1a29b0f38c12 be4a0a02f9a3408f9d78a65f222309ef 1f4c1084cf174fe6a6db10759a721850 - - default default] Successfully bumped revision number for resource 0026fc83-e052-46b6-8068-abc73efa3428 (type: router_ports) to 1 [pid: 8|app: 0|req: 862/1700] 10.0.0.233 () {34 vars in 783 bytes} [Sun Aug 23 15:53:23 2026] PUT /v2.0/routers/092a7677-6801-40e8-b62e-7595dbc2e80f/add_router_interface => generated 309 bytes in 1694 msecs (HTTP/1.1 200) 4 headers in 157 bytes (1 switches on core 0)
2026-08-23 15:53:25.321 7 INFO neutron.db.ovn_revision_numbers_db [None req-c270360d-7c4f-48ce-a75e-326d3bcb35c4 - - - - - -] Successfully bumped revision number for resource 7ec4919b-a801-44c6-ad2f-fa9651397bbf (type: ports) to 5 [pid: 7|app: 0|req: 839/1701] 10.0.0.233 () {32 vars in 673 bytes} [Sun Aug 23 15:53:25 2026] GET /v2.0/security-group-rules => generated 3560 bytes in 134 msecs (HTTP/1.1 200) 4 headers in 158 bytes (1 switches on core 0)
2026-08-23 15:53:25.366 8 INFO neutron.db.ovn_revision_numbers_db [None req-af93b312-9429-40b7-a5d6-c4f523534294 c061678ae7ba40ddad05257bbc25bf83 00d09723d4314069b4705c790a22723e - - default default] Successfully bumped revision number for resource f22ccc7a-b5f1-40d1-975e-61dcc148344e (type: security_group_rules) to 0 [pid: 8|app: 0|req: 863/1702] 10.0.0.233 () {34 vars in 695 bytes} [Sun Aug 23 15:53:25 2026] POST /v2.0/security-group-rules => generated 596 bytes in 170 msecs (HTTP/1.1 201) 4 headers in 162 bytes (1 switches on core 0)
2026-08-23 15:53:25.446 7 WARNING neutron.plugins.ml2.drivers.ovn.mech_driver.ovsdb.ovn_client [None req-c10907e2-c7a2-4d45-9d02-bbb43662e348 - - - - - -] No hosting information found for port 3540e694-71ce-44c2-a18f-ac843c001855: RuntimeError: No hosting information found for port 3540e694-71ce-44c2-a18f-ac843c001855
2026-08-23 15:53:25.549 8 INFO neutron.db.ovn_revision_numbers_db [None req-1d5cc71a-5c9d-4728-a6fd-2fd5f6b9a399 c061678ae7ba40ddad05257bbc25bf83 00d09723d4314069b4705c790a22723e - - default default] Successfully bumped revision number for resource c156619c-941c-4cd3-8cb6-3c7659048b18 (type: security_group_rules) to 0 [pid: 8|app: 0|req: 864/1703] 10.0.0.233 () {34 vars in 695 bytes} [Sun Aug 23 15:53:25 2026] POST /v2.0/security-group-rules => generated 602 bytes in 182 msecs (HTTP/1.1 201) 4 headers in 162 bytes (1 switches on core 0)
2026-08-23 15:53:25.655 7 INFO neutron.db.ovn_revision_numbers_db [None req-c10907e2-c7a2-4d45-9d02-bbb43662e348 - - - - - -] Successfully bumped revision number for resource 3540e694-71ce-44c2-a18f-ac843c001855 (type: router_ports) to 2 [pid: 7|app: 0|req: 840/1704] 10.0.0.233 () {32 vars in 740 bytes} [Sun Aug 23 15:53:25 2026] DELETE /v2.0/security-groups/91d17d72-f34b-4e0d-88d6-37801289aeab => generated 0 bytes in 362 msecs (HTTP/1.1 204) 2 headers in 112 bytes (1 switches on core 0)
2026-08-23 15:53:25.707 7 INFO neutron.plugins.ml2.drivers.ovn.mech_driver.mech_driver [None req-c10907e2-c7a2-4d45-9d02-bbb43662e348 - - - - - -] OVN reports status down for port: 615be6e0-902d-418f-82ba-2dcc7a19da19
2026-08-23 15:53:25.774 8 INFO neutron.db.ovn_revision_numbers_db [None req-341ae6ce-9129-4a6c-9f98-3be7e58ef28f c061678ae7ba40ddad05257bbc25bf83 00d09723d4314069b4705c790a22723e - - default default] Successfully bumped revision number for resource 06224d2e-6f40-48b7-b07b-6ab4171acb98 (type: security_group_rules) to 0 [pid: 7|app: 0|req: 841/1705] 10.0.0.233 () {32 vars in 663 bytes} [Sun Aug 23 15:53:25 2026] GET /v2.0/security-groups => generated 2925 bytes in 66 msecs (HTTP/1.1 200) 4 headers in 158 bytes (1 switches on core 0) [pid: 8|app: 0|req: 865/1706] 10.0.0.233 () {34 vars in 695 bytes} [Sun Aug 23 15:53:25 2026] POST /v2.0/security-group-rules => generated 601 bytes in 224 msecs (HTTP/1.1 201) 4 headers in 162 bytes (1 switches on core 0) [pid: 8|app: 0|req: 866/1707] 10.0.0.233 () {32 vars in 663 bytes} [Sun Aug 23 15:53:25 2026] GET /v2.0/security-groups => generated 2925 bytes in 38 msecs (HTTP/1.1 200) 4 headers in 158 bytes (1 switches on core 0)
2026-08-23 15:53:25.894 8 INFO neutron.db.securitygroups_db [None req-1d7c43e6-2647-458e-a480-bff06d52b267 c061678ae7ba40ddad05257bbc25bf83 00d09723d4314069b4705c790a22723e - - default default] Project 00d09723d4314069b4705c790a22723e added a security group rule with legacy IPv6 ICMP protocol name icmp, ipv6-icmp should be used instead. It was automatically converted.
2026-08-23 15:53:26.008 8 INFO neutron.db.ovn_revision_numbers_db [None req-1d7c43e6-2647-458e-a480-bff06d52b267 c061678ae7ba40ddad05257bbc25bf83 00d09723d4314069b4705c790a22723e - - default default] Successfully bumped revision number for resource 7eb155fc-90b8-4e0c-8600-e37e62e14ffd (type: security_group_rules) to 0
2026-08-23 15:53:26.023 7 INFO neutron.db.ovn_revision_numbers_db [None req-c2de421c-dcb0-4de5-8038-53989998a981 be4a0a02f9a3408f9d78a65f222309ef 1f4c1084cf174fe6a6db10759a721850 - - default default] Successfully bumped revision number for resource 91f65df8-488f-49b8-875b-da942c2d5014 (type: security_groups) to 1
2026-08-23 15:53:26.039 7 INFO neutron.db.ovn_revision_numbers_db [None req-c2de421c-dcb0-4de5-8038-53989998a981 be4a0a02f9a3408f9d78a65f222309ef 1f4c1084cf174fe6a6db10759a721850 - - default default] Successfully bumped revision number for resource 28a31fa6-08ea-4ec8-a3ba-70d59126723e (type: security_group_rules) to 0 [pid: 8|app: 0|req: 867/1708] 10.0.0.233 () {34 vars in 695 bytes} [Sun Aug 23 15:53:25 2026] POST /v2.0/security-group-rules => generated 607 bytes in 193 msecs (HTTP/1.1 201) 4 headers in 162 bytes (1 switches on core 0)
2026-08-23 15:53:26.050 7 INFO neutron.db.ovn_revision_numbers_db [None req-c2de421c-dcb0-4de5-8038-53989998a981 be4a0a02f9a3408f9d78a65f222309ef 1f4c1084cf174fe6a6db10759a721850 - - default default] Successfully bumped revision number for resource 51333d2d-29be-47a5-8e06-4f6ce08a4043 (type: security_group_rules) to 0
2026-08-23 15:53:26.063 7 INFO neutron.db.ovn_revision_numbers_db [None req-c2de421c-dcb0-4de5-8038-53989998a981 be4a0a02f9a3408f9d78a65f222309ef 1f4c1084cf174fe6a6db10759a721850 - - default default] Successfully bumped revision number for resource 5cd297a8-f9ff-4e25-8a39-6689741f4c58 (type: security_group_rules) to 0
2026-08-23 15:53:26.081 7 INFO neutron.db.ovn_revision_numbers_db [None req-c2de421c-dcb0-4de5-8038-53989998a981 be4a0a02f9a3408f9d78a65f222309ef 1f4c1084cf174fe6a6db10759a721850 - - default default] Successfully bumped revision number for resource 71b66d38-e4bd-40b6-8cd9-24d050e85226 (type: security_group_rules) to 0 [pid: 7|app: 0|req: 842/1709] 10.0.0.233 () {32 vars in 774 bytes} [Sun Aug 23 15:53:25 2026] GET /v2.0/security-groups?tenant_id=07c2744f9e634e258ac3ea54d1a963ed&name=default => generated 2925 bytes in 337 msecs (HTTP/1.1 200) 4 headers in 158 bytes (1 switches on core 0)
2026-08-23 15:53:26.144 7 INFO neutron.db.securitygroups_db [None req-aad090d4-b4d7-4205-a0f3-7c72bf8a96db c061678ae7ba40ddad05257bbc25bf83 00d09723d4314069b4705c790a22723e - - default default] Project 00d09723d4314069b4705c790a22723e added a security group rule with legacy IPv6 ICMP protocol name icmp, ipv6-icmp should be used instead. It was automatically converted.
2026-08-23 15:53:26.171 8 INFO neutron.db.ovn_revision_numbers_db [None req-b7794355-f887-49d5-bda5-04dfee2ecd37 c328238a35f94a8fa5269a127af5684b 199003132e2549b6aef551a6d82be67c - - default default] Successfully bumped revision number for resource 69f0f478-a7aa-46d2-bc1c-e6809d686d82 (type: security_groups) to 1
2026-08-23 15:53:26.182 8 INFO neutron.db.ovn_revision_numbers_db [None req-b7794355-f887-49d5-bda5-04dfee2ecd37 c328238a35f94a8fa5269a127af5684b 199003132e2549b6aef551a6d82be67c - - default default] Successfully bumped revision number for resource 13fd7077-dfb3-4d24-a4b8-aad5bf721fd3 (type: security_group_rules) to 0
2026-08-23 15:53:26.194 8 INFO neutron.db.ovn_revision_numbers_db [None req-b7794355-f887-49d5-bda5-04dfee2ecd37 c328238a35f94a8fa5269a127af5684b 199003132e2549b6aef551a6d82be67c - - default default] Successfully bumped revision number for resource 89f12a92-419b-4d3b-a060-ed9d7a6687e4 (type: security_group_rules) to 0 [pid: 8|app: 0|req: 868/1710] 10.0.0.233 () {34 vars in 685 bytes} [Sun Aug 23 15:53:26 2026] POST /v2.0/security-groups => generated 1673 bytes in 177 msecs (HTTP/1.1 201) 4 headers in 163 bytes (1 switches on core 0)
2026-08-23 15:53:26.277 7 INFO neutron.db.ovn_revision_numbers_db [None req-aad090d4-b4d7-4205-a0f3-7c72bf8a96db c061678ae7ba40ddad05257bbc25bf83 00d09723d4314069b4705c790a22723e - - default default] Successfully bumped revision number for resource 2b1bc050-16c6-439d-93a6-19649e6bdf73 (type: security_group_rules) to 0 [pid: 7|app: 0|req: 843/1711] 10.0.0.233 () {34 vars in 695 bytes} [Sun Aug 23 15:53:26 2026] POST /v2.0/security-group-rules => generated 606 bytes in 187 msecs (HTTP/1.1 201) 4 headers in 162 bytes (1 switches on core 0)
2026-08-23 15:53:26.440 7 INFO neutron.db.ovn_revision_numbers_db [None req-26d79b93-a9a2-4d6b-8d1f-638928a0624f c328238a35f94a8fa5269a127af5684b 199003132e2549b6aef551a6d82be67c - - default default] Successfully bumped revision number for resource b01f5100-ce6f-438a-89a1-bb69ac7a7f13 (type: security_group_rules) to 0 [pid: 8|app: 0|req: 869/1712] 10.0.0.233 () {32 vars in 740 bytes} [Sun Aug 23 15:53:26 2026] DELETE /v2.0/security-groups/91f65df8-488f-49b8-875b-da942c2d5014 => generated 0 bytes in 225 msecs (HTTP/1.1 204) 2 headers in 112 bytes (1 switches on core 0) [pid: 7|app: 0|req: 844/1713] 10.0.0.233 () {34 vars in 695 bytes} [Sun Aug 23 15:53:26 2026] POST /v2.0/security-group-rules => generated 597 bytes in 166 msecs (HTTP/1.1 201) 4 headers in 162 bytes (1 switches on core 0)
2026-08-23 15:53:26.593 7 INFO neutron.db.ovn_revision_numbers_db [None req-4f8f8b44-35bd-4cc3-ba3b-c9c832662e4d c328238a35f94a8fa5269a127af5684b 199003132e2549b6aef551a6d82be67c - - default default] Successfully bumped revision number for resource e4bab658-bc86-4716-868f-cb4d95e410fa (type: security_group_rules) to 0 [pid: 7|app: 0|req: 845/1714] 10.0.0.233 () {34 vars in 695 bytes} [Sun Aug 23 15:53:26 2026] POST /v2.0/security-group-rules => generated 596 bytes in 151 msecs (HTTP/1.1 201) 4 headers in 162 bytes (1 switches on core 0) [pid: 8|app: 0|req: 870/1715] 10.0.0.233 () {32 vars in 774 bytes} [Sun Aug 23 15:53:26 2026] GET /v2.0/security-groups?tenant_id=6e832ea906984d8c831a763016e5b6af&name=default => generated 2925 bytes in 218 msecs (HTTP/1.1 200) 4 headers in 158 bytes (1 switches on core 0) [pid: 8|app: 0|req: 871/1716] 10.0.0.233 () {32 vars in 649 bytes} [Sun Aug 23 15:53:26 2026] GET /v2.0/networks => generated 1373 bytes in 142 msecs (HTTP/1.1 200) 4 headers in 158 bytes (1 switches on core 0)
2026-08-23 15:53:26.816 7 INFO neutron.db.ovn_revision_numbers_db [None req-ea86b51d-698f-4d6b-bdc2-38046391a773 c328238a35f94a8fa5269a127af5684b 199003132e2549b6aef551a6d82be67c - - default default] Successfully bumped revision number for resource dcc97805-03b0-4b3d-a065-6f40e1fa0cfa (type: security_group_rules) to 0 [pid: 7|app: 0|req: 846/1717] 10.0.0.233 () {34 vars in 695 bytes} [Sun Aug 23 15:53:26 2026] POST /v2.0/security-group-rules => generated 602 bytes in 238 msecs (HTTP/1.1 201) 4 headers in 162 bytes (1 switches on core 0)
2026-08-23 15:53:27.007 7 INFO neutron.db.ovn_revision_numbers_db [None req-2f6df02c-cb53-4e6b-a7d9-7bc5e73741d9 c328238a35f94a8fa5269a127af5684b 199003132e2549b6aef551a6d82be67c - - default default] Successfully bumped revision number for resource f913bcfd-0b12-452e-b8c9-4f379436925c (type: security_group_rules) to 0 [pid: 8|app: 0|req: 872/1718] 10.0.0.233 () {32 vars in 740 bytes} [Sun Aug 23 15:53:26 2026] DELETE /v2.0/security-groups/7da68c2a-5d5d-4e2c-a5e7-c625ea43ad63 => generated 0 bytes in 255 msecs (HTTP/1.1 204) 2 headers in 112 bytes (1 switches on core 0) [pid: 7|app: 0|req: 847/1719] 10.0.0.233 () {34 vars in 695 bytes} [Sun Aug 23 15:53:26 2026] POST /v2.0/security-group-rules => generated 601 bytes in 193 msecs (HTTP/1.1 201) 4 headers in 162 bytes (1 switches on core 0) [pid: 8|app: 0|req: 873/1720] 10.0.0.9 () {34 vars in 1096 bytes} [Sun Aug 23 15:53:27 2026] GET /v2.0/security-groups?name=tempest-secgroup-smoke-646556028&fields=id&tenant_id=00d09723d4314069b4705c790a22723e => generated 69 bytes in 35 msecs (HTTP/1.1 200) 4 headers in 156 bytes (1 switches on core 0)
2026-08-23 15:53:27.109 7 INFO neutron.db.securitygroups_db [None req-f6cf0ee3-27fb-41c0-9c2c-5c2f8bd49f18 c328238a35f94a8fa5269a127af5684b 199003132e2549b6aef551a6d82be67c - - default default] Project 199003132e2549b6aef551a6d82be67c added a security group rule with legacy IPv6 ICMP protocol name icmp, ipv6-icmp should be used instead. It was automatically converted. [pid: 8|app: 0|req: 874/1721] 10.0.0.9 () {34 vars in 980 bytes} [Sun Aug 23 15:53:27 2026] GET /v2.0/networks?id=46c1afcd-71fa-4590-b29b-8b32e69e2643 => generated 698 bytes in 37 msecs (HTTP/1.1 200) 4 headers in 157 bytes (1 switches on core 0) [pid: 8|app: 0|req: 875/1722] 10.0.0.9 () {34 vars in 963 bytes} [Sun Aug 23 15:53:27 2026] GET /v2.0/quotas/00d09723d4314069b4705c790a22723e => generated 292 bytes in 16 msecs (HTTP/1.1 200) 4 headers in 157 bytes (1 switches on core 0)
2026-08-23 15:53:27.218 7 INFO neutron.db.ovn_revision_numbers_db [None req-f6cf0ee3-27fb-41c0-9c2c-5c2f8bd49f18 c328238a35f94a8fa5269a127af5684b 199003132e2549b6aef551a6d82be67c - - default default] Successfully bumped revision number for resource 2aee0e0e-b316-48ba-8aa4-93774cd1e763 (type: security_group_rules) to 0 [pid: 7|app: 0|req: 848/1723] 10.0.0.233 () {34 vars in 695 bytes} [Sun Aug 23 15:53:27 2026] POST /v2.0/security-group-rules => generated 607 bytes in 181 msecs (HTTP/1.1 201) 4 headers in 162 bytes (1 switches on core 0) [pid: 8|app: 0|req: 876/1724] 10.0.0.9 () {34 vars in 1000 bytes} [Sun Aug 23 15:53:27 2026] GET /v2.0/ports?tenant_id=00d09723d4314069b4705c790a22723e&fields=id => generated 103 bytes in 75 msecs (HTTP/1.1 200) 4 headers in 157 bytes (1 switches on core 0)
2026-08-23 15:53:27.297 7 INFO neutron.db.securitygroups_db [None req-8414d650-79d4-4523-9091-31eff6f6983b c328238a35f94a8fa5269a127af5684b 199003132e2549b6aef551a6d82be67c - - default default] Project 199003132e2549b6aef551a6d82be67c added a security group rule with legacy IPv6 ICMP protocol name icmp, ipv6-icmp should be used instead. It was automatically converted.
2026-08-23 15:53:27.410 7 INFO neutron.db.ovn_revision_numbers_db [None req-8414d650-79d4-4523-9091-31eff6f6983b c328238a35f94a8fa5269a127af5684b 199003132e2549b6aef551a6d82be67c - - default default] Successfully bumped revision number for resource 3234a2cd-8bf6-48b7-8253-937852023b60 (type: security_group_rules) to 0 [pid: 7|app: 0|req: 849/1725] 10.0.0.233 () {34 vars in 695 bytes} [Sun Aug 23 15:53:27 2026] POST /v2.0/security-group-rules => generated 606 bytes in 181 msecs (HTTP/1.1 201) 4 headers in 162 bytes (1 switches on core 0) [pid: 8|app: 0|req: 877/1726] 10.0.0.9 () {34 vars in 905 bytes} [Sun Aug 23 15:53:27 2026] GET /v2.0/extensions => generated 20541 bytes in 41 msecs (HTTP/1.1 200) 4 headers in 159 bytes (1 switches on core 0) [pid: 7|app: 0|req: 850/1727] 10.0.0.9 () {34 vars in 1006 bytes} [Sun Aug 23 15:53:27 2026] GET /v2.0/networks/46c1afcd-71fa-4590-b29b-8b32e69e2643?fields=segments => generated 14 bytes in 40 msecs (HTTP/1.1 200) 4 headers in 156 bytes (1 switches on core 0) [pid: 8|app: 0|req: 878/1728] 10.0.0.9 () {34 vars in 1106 bytes} [Sun Aug 23 15:53:27 2026] GET /v2.0/networks/46c1afcd-71fa-4590-b29b-8b32e69e2643?fields=provider%3Aphysical_network&fields=provider%3Anetwork_type => generated 79 bytes in 50 msecs (HTTP/1.1 200) 4 headers in 156 bytes (1 switches on core 0) [pid: 8|app: 0|req: 879/1729] 10.0.0.9 () {34 vars in 988 bytes} [Sun Aug 23 15:53:27 2026] GET /v2.0/ports?device_id=9973d29e-0eea-4672-960e-337b1deb0964 => generated 12 bytes in 22 msecs (HTTP/1.1 200) 4 headers in 156 bytes (1 switches on core 0)
2026-08-23 15:53:28.011 7 INFO neutron.db.ovn_revision_numbers_db [None req-f876647f-f1fa-43f2-b52d-2b3f750743fe c328238a35f94a8fa5269a127af5684b 199003132e2549b6aef551a6d82be67c - - default default] Successfully bumped revision number for resource 77910801-c2ea-43b9-bcd4-38928a6383d5 (type: security_groups) to 1
2026-08-23 15:53:28.023 7 INFO neutron.db.ovn_revision_numbers_db [None req-f876647f-f1fa-43f2-b52d-2b3f750743fe c328238a35f94a8fa5269a127af5684b 199003132e2549b6aef551a6d82be67c - - default default] Successfully bumped revision number for resource 3113121d-f731-4144-b815-eb70e263ebc1 (type: security_group_rules) to 0
2026-08-23 15:53:28.033 7 INFO neutron.db.ovn_revision_numbers_db [None req-f876647f-f1fa-43f2-b52d-2b3f750743fe c328238a35f94a8fa5269a127af5684b 199003132e2549b6aef551a6d82be67c - - default default] Successfully bumped revision number for resource a4bcb8c6-88f5-466d-a160-69e35659295d (type: security_group_rules) to 0 [pid: 7|app: 0|req: 851/1730] 10.0.0.233 () {34 vars in 685 bytes} [Sun Aug 23 15:53:27 2026] POST /v2.0/security-groups => generated 1661 bytes in 206 msecs (HTTP/1.1 201) 4 headers in 163 bytes (1 switches on core 0)
2026-08-23 15:53:28.092 8 WARNING neutron.plugins.ml2.drivers.ovn.mech_driver.ovsdb.ovn_client [None req-b3d1711a-104b-4b05-be13-d2fcf92f0af4 - - - - - -] No hosting information found for port 8da3109e-4702-40e6-b4b8-09f8a4eaafbe: RuntimeError: No hosting information found for port 8da3109e-4702-40e6-b4b8-09f8a4eaafbe
2026-08-23 15:53:28.092 8 INFO neutron.plugins.ml2.drivers.ovn.mech_driver.mech_driver [None req-b3d1711a-104b-4b05-be13-d2fcf92f0af4 - - - - - -] OVN reports status down for port: 7ec4919b-a801-44c6-ad2f-fa9651397bbf
2026-08-23 15:53:28.203 7 INFO neutron.db.ovn_revision_numbers_db [None req-504ad135-a6a7-44e3-9bbb-268652708a46 c328238a35f94a8fa5269a127af5684b 199003132e2549b6aef551a6d82be67c - - default default] Successfully bumped revision number for resource 0b7bcaf3-870e-4bc9-9464-88e2a011b464 (type: security_group_rules) to 0 [pid: 7|app: 0|req: 852/1731] 10.0.0.233 () {34 vars in 695 bytes} [Sun Aug 23 15:53:28 2026] POST /v2.0/security-group-rules => generated 597 bytes in 161 msecs (HTTP/1.1 201) 4 headers in 162 bytes (1 switches on core 0)
2026-08-23 15:53:28.378 7 INFO neutron.db.ovn_revision_numbers_db [None req-79a361c6-a546-4f4c-a238-b081f16ac9b5 c328238a35f94a8fa5269a127af5684b 199003132e2549b6aef551a6d82be67c - - default default] Successfully bumped revision number for resource ca1ed4ef-27ae-4e95-b5b8-df7ef1c80394 (type: security_group_rules) to 0 [pid: 7|app: 0|req: 853/1732] 10.0.0.233 () {34 vars in 695 bytes} [Sun Aug 23 15:53:28 2026] POST /v2.0/security-group-rules => generated 602 bytes in 164 msecs (HTTP/1.1 201) 4 headers in 162 bytes (1 switches on core 0)
2026-08-23 15:53:28.546 8 INFO neutron.db.ovn_revision_numbers_db [None req-8df2c9cb-d77d-4b03-937b-ae0efb56b4ac 90e14ed0397148488b09d360b55034f9 ab86e78c1685438d9cf33e8f6d51bc24 - - default default] Successfully bumped revision number for resource d0809aee-715b-4f69-a2bb-39d570c3ea4f (type: security_groups) to 1
2026-08-23 15:53:28.577 8 INFO neutron.db.ovn_revision_numbers_db [None req-8df2c9cb-d77d-4b03-937b-ae0efb56b4ac 90e14ed0397148488b09d360b55034f9 ab86e78c1685438d9cf33e8f6d51bc24 - - default default] Successfully bumped revision number for resource 4abb4235-47c5-4bbb-8d5b-585a334331c1 (type: security_group_rules) to 0
2026-08-23 15:53:28.607 8 INFO neutron.db.ovn_revision_numbers_db [None req-b3d1711a-104b-4b05-be13-d2fcf92f0af4 - - - - - -] Successfully bumped revision number for resource 7ec4919b-a801-44c6-ad2f-fa9651397bbf (type: ports) to 6
2026-08-23 15:53:28.609 8 INFO neutron.db.ovn_revision_numbers_db [None req-8df2c9cb-d77d-4b03-937b-ae0efb56b4ac 90e14ed0397148488b09d360b55034f9 ab86e78c1685438d9cf33e8f6d51bc24 - - default default] Successfully bumped revision number for resource 5f645987-80f6-4c78-81d4-7c553f887b65 (type: security_group_rules) to 0
2026-08-23 15:53:28.632 8 INFO neutron.db.ovn_revision_numbers_db [None req-8df2c9cb-d77d-4b03-937b-ae0efb56b4ac 90e14ed0397148488b09d360b55034f9 ab86e78c1685438d9cf33e8f6d51bc24 - - default default] Successfully bumped revision number for resource 9135189d-d370-400a-81c5-59aa303c739a (type: security_group_rules) to 0
2026-08-23 15:53:28.656 8 INFO neutron.db.ovn_revision_numbers_db [None req-8df2c9cb-d77d-4b03-937b-ae0efb56b4ac 90e14ed0397148488b09d360b55034f9 ab86e78c1685438d9cf33e8f6d51bc24 - - default default] Successfully bumped revision number for resource b23ed381-7993-422e-8196-dc0d29121714 (type: security_group_rules) to 0
2026-08-23 15:53:28.657 7 WARNING neutron.scheduler.dhcp_agent_scheduler [None req-51ccc37c-d10f-49f6-b72e-042b1f556def c328238a35f94a8fa5269a127af5684b 199003132e2549b6aef551a6d82be67c - - default default] No more DHCP agents
2026-08-23 15:53:28.658 7 WARNING neutron.api.rpc.agentnotifiers.dhcp_rpc_agent_api [None req-51ccc37c-d10f-49f6-b72e-042b1f556def c328238a35f94a8fa5269a127af5684b 199003132e2549b6aef551a6d82be67c - - default default] Unable to schedule network 84f2eb19-d1bf-48e1-9058-7b55c2efaea5: no agents available; will retry on subsequent port and subnet creation events.
2026-08-23 15:53:28.757 8 WARNING neutron.plugins.ml2.drivers.ovn.mech_driver.ovsdb.ovn_client [None req-2807e151-ff56-445e-abf5-52918925f8f0 - - - - - -] Logical_Switch_Port %s host information not removed, the port state is up
2026-08-23 15:53:28.799 8 INFO neutron.db.segments_db [None req-8df2c9cb-d77d-4b03-937b-ae0efb56b4ac 90e14ed0397148488b09d360b55034f9 ab86e78c1685438d9cf33e8f6d51bc24 - - default default] Added segment 4015c5ff-4ccd-43c2-be43-4d09f747b63d of type geneve for network 954bdf52-7fb6-49e4-a7d4-ab233579bb98
2026-08-23 15:53:28.917 8 INFO neutron.db.ovn_revision_numbers_db [None req-2807e151-ff56-445e-abf5-52918925f8f0 - - - - - -] Successfully bumped revision number for resource 8da3109e-4702-40e6-b4b8-09f8a4eaafbe (type: router_ports) to 2
2026-08-23 15:53:28.918 8 INFO neutron.plugins.ml2.drivers.ovn.mech_driver.mech_driver [None req-2807e151-ff56-445e-abf5-52918925f8f0 - - - - - -] OVN reports status up for port: 7ec4919b-a801-44c6-ad2f-fa9651397bbf
2026-08-23 15:53:28.939 8 INFO neutron.plugins.ml2.plugin [None req-2807e151-ff56-445e-abf5-52918925f8f0 - - - - - -] Attempt 1 to provision port 7ec4919b-a801-44c6-ad2f-fa9651397bbf
2026-08-23 15:53:28.972 8 INFO neutron.db.ovn_revision_numbers_db [None req-8df2c9cb-d77d-4b03-937b-ae0efb56b4ac 90e14ed0397148488b09d360b55034f9 ab86e78c1685438d9cf33e8f6d51bc24 - - default default] Successfully bumped revision number for resource 954bdf52-7fb6-49e4-a7d4-ab233579bb98 (type: networks) to 1 [pid: 7|app: 0|req: 854/1733] 10.0.0.233 () {34 vars in 676 bytes} [Sun Aug 23 15:53:28 2026] POST /v2.0/floatingips => generated 552 bytes in 566 msecs (HTTP/1.1 201) 4 headers in 162 bytes (1 switches on core 0) [pid: 7|app: 0|req: 855/1734] 10.0.0.9 () {34 vars in 988 bytes} [Sun Aug 23 15:53:28 2026] GET /v2.0/ports?device_id=9973d29e-0eea-4672-960e-337b1deb0964 => generated 12 bytes in 21 msecs (HTTP/1.1 200) 4 headers in 156 bytes (1 switches on core 0) [pid: 7|app: 0|req: 856/1735] 10.0.0.9 () {34 vars in 1098 bytes} [Sun Aug 23 15:53:29 2026] GET /v2.0/security-groups?name=tempest-securitygroup--1876824516&fields=id&tenant_id=199003132e2549b6aef551a6d82be67c => generated 69 bytes in 29 msecs (HTTP/1.1 200) 4 headers in 156 bytes (1 switches on core 0) [pid: 7|app: 0|req: 857/1736] 10.0.0.9 () {34 vars in 1096 bytes} [Sun Aug 23 15:53:29 2026] GET /v2.0/security-groups?name=tempest-secgroup-smoke-169603638&fields=id&tenant_id=199003132e2549b6aef551a6d82be67c => generated 69 bytes in 36 msecs (HTTP/1.1 200) 4 headers in 156 bytes (1 switches on core 0) [pid: 7|app: 0|req: 858/1737] 10.0.0.9 () {34 vars in 980 bytes} [Sun Aug 23 15:53:29 2026] GET /v2.0/networks?id=b118eb8e-da8a-42bf-b4e9-22d8dcfe1f44 => generated 711 bytes in 47 msecs (HTTP/1.1 200) 4 headers in 157 bytes (1 switches on core 0) [pid: 7|app: 0|req: 859/1738] 10.0.0.9 () {34 vars in 963 bytes} [Sun Aug 23 15:53:29 2026] GET /v2.0/quotas/199003132e2549b6aef551a6d82be67c => generated 292 bytes in 9 msecs (HTTP/1.1 200) 4 headers in 157 bytes (1 switches on core 0)
2026-08-23 15:53:29.278 8 WARNING neutron.scheduler.dhcp_agent_scheduler [None req-8df2c9cb-d77d-4b03-937b-ae0efb56b4ac 90e14ed0397148488b09d360b55034f9 ab86e78c1685438d9cf33e8f6d51bc24 - - default default] No more DHCP agents
