May 07 03:38:30.239255 np0000172410 devstack@neutron-api.service[103155]: INFO neutron.api.extensions [None req-466e054e-5c5a-43d8-b1b2-7bba97910bef None None] Loaded extension: auto-allocated-topology
May 07 03:38:30.239369 np0000172410 devstack@neutron-api.service[103152]: INFO neutron.plugins.ml2.managers [None req-15dc56aa-7112-4e5f-b610-21975d526432 None None] Initializing extension driver 'port_security'
May 07 03:38:30.239450 np0000172410 devstack@neutron-api.service[103153]: INFO neutron.api.extensions [None req-e9b801e9-cf56-4fa8-97aa-7b248b291c9c None None] Initializing extension manager.
May 07 03:38:30.239485 np0000172410 devstack@neutron-api.service[103155]: DEBUG neutron.api.extensions [None req-466e054e-5c5a-43d8-b1b2-7bba97910bef None None] Loading extension file: availability_zone.py {{(pid=103155) _load_all_extensions_from_path /opt/stack/neutron/neutron/api/extensions.py:449}}
May 07 03:38:30.239520 np0000172410 devstack@neutron-api.service[103152]: INFO neutron.plugins.ml2.extensions.port_security [None req-15dc56aa-7112-4e5f-b610-21975d526432 None None] PortSecurityExtensionDriver initialization complete
May 07 03:38:30.239520 np0000172410 devstack@neutron-api.service[103152]: INFO neutron.plugins.ml2.managers [None req-15dc56aa-7112-4e5f-b610-21975d526432 None None] Initializing extension driver 'qos'
May 07 03:38:30.239520 np0000172410 devstack@neutron-api.service[103152]: DEBUG neutron.plugins.ml2.extensions.qos [None req-15dc56aa-7112-4e5f-b610-21975d526432 None None] QosExtensionDriver initialization complete {{(pid=103152) initialize /opt/stack/neutron/neutron/plugins/ml2/extensions/qos.py:31}}
May 07 03:38:30.239601 np0000172410 devstack@neutron-api.service[103153]: DEBUG neutron.api.extensions [None req-e9b801e9-cf56-4fa8-97aa-7b248b291c9c None None] Loading extension file: __init__.py {{(pid=103153) _load_all_extensions_from_path /opt/stack/neutron/neutron/api/extensions.py:449}}
May 07 03:38:30.239635 np0000172410 devstack@neutron-api.service[103155]: DEBUG neutron.api.extensions [None req-466e054e-5c5a-43d8-b1b2-7bba97910bef None None] Ext name="Availability Zone" alias="availability_zone" description="The availability zone extension." updated="2015-01-01T10:00:00-00:00" {{(pid=103155) _check_extension /opt/stack/neutron/neutron/api/extensions.py:415}}
May 07 03:38:30.239680 np0000172410 devstack@neutron-api.service[103153]: DEBUG neutron.api.extensions [None req-e9b801e9-cf56-4fa8-97aa-7b248b291c9c None None] Loading extension file: __pycache__ {{(pid=103153) _load_all_extensions_from_path /opt/stack/neutron/neutron/api/extensions.py:449}}
May 07 03:38:30.239715 np0000172410 devstack@neutron-api.service[103152]: INFO neutron.plugins.ml2.managers [None req-15dc56aa-7112-4e5f-b610-21975d526432 None None] Initializing mechanism driver 'ovn'
May 07 03:38:30.239753 np0000172410 devstack@neutron-api.service[103155]: INFO neutron.api.extensions [None req-466e054e-5c5a-43d8-b1b2-7bba97910bef None None] Loaded extension: availability_zone
May 07 03:38:30.239784 np0000172410 devstack@neutron-api.service[103153]: DEBUG neutron.api.extensions [None req-e9b801e9-cf56-4fa8-97aa-7b248b291c9c None None] Loading extension file: address_group.py {{(pid=103153) _load_all_extensions_from_path /opt/stack/neutron/neutron/api/extensions.py:449}}
May 07 03:38:30.239817 np0000172410 devstack@neutron-api.service[103152]: INFO neutron.plugins.ml2.drivers.ovn.mech_driver.mech_driver [None req-15dc56aa-7112-4e5f-b610-21975d526432 None None] Starting OVNMechanismDriver
May 07 03:38:30.239849 np0000172410 devstack@neutron-api.service[103155]: DEBUG neutron.api.extensions [None req-466e054e-5c5a-43d8-b1b2-7bba97910bef None None] Loading extension file: availability_zone_filter.py {{(pid=103155) _load_all_extensions_from_path /opt/stack/neutron/neutron/api/extensions.py:449}}
May 07 03:38:30.239849 np0000172410 devstack@neutron-api.service[103155]: DEBUG neutron.api.extensions [None req-466e054e-5c5a-43d8-b1b2-7bba97910bef None None] Ext name="Availability Zone Filter Extension" alias="availability_zone_filter" description="Add filter parameters to AvailabilityZone resource" updated="2018-06-22T10:00:00-00:00" {{(pid=103155) _check_extension /opt/stack/neutron/neutron/api/extensions.py:415}}
May 07 03:38:30.239910 np0000172410 devstack@neutron-api.service[103153]: DEBUG neutron.api.extensions [None req-e9b801e9-cf56-4fa8-97aa-7b248b291c9c None None] Ext name="Address group" alias="address-group" description="Support address group" updated="2020-07-15T10:00:00-00:00" {{(pid=103153) _check_extension /opt/stack/neutron/neutron/api/extensions.py:415}}
May 07 03:38:30.239945 np0000172410 devstack@neutron-api.service[103155]: INFO neutron.api.extensions [None req-466e054e-5c5a-43d8-b1b2-7bba97910bef None None] Extension availability_zone_filter not supported by any of loaded plugins
May 07 03:38:30.239945 np0000172410 devstack@neutron-api.service[103155]: DEBUG neutron.api.extensions [None req-466e054e-5c5a-43d8-b1b2-7bba97910bef None None] Loading extension file: data_plane_status.py {{(pid=103155) _load_all_extensions_from_path /opt/stack/neutron/neutron/api/extensions.py:449}}
May 07 03:38:30.240014 np0000172410 devstack@neutron-api.service[103153]: INFO neutron.api.extensions [None req-e9b801e9-cf56-4fa8-97aa-7b248b291c9c None None] Loaded extension: address-group
May 07 03:38:30.240088 np0000172410 devstack@neutron-api.service[103153]: DEBUG neutron.api.extensions [None req-e9b801e9-cf56-4fa8-97aa-7b248b291c9c None None] Loading extension file: address_scope.py {{(pid=103153) _load_all_extensions_from_path /opt/stack/neutron/neutron/api/extensions.py:449}}
May 07 03:38:30.240125 np0000172410 devstack@neutron-api.service[103155]: DEBUG neutron.api.extensions [None req-466e054e-5c5a-43d8-b1b2-7bba97910bef None None] Ext name="Port data plane status extension" alias="data-plane-status" description="Expose status of underlying data plane" updated="2017-01-24T10:00:00-00:00" {{(pid=103155) _check_extension /opt/stack/neutron/neutron/api/extensions.py:415}}
May 07 03:38:30.240306 np0000172410 devstack@neutron-api.service[103155]: INFO neutron.api.extensions [None req-466e054e-5c5a-43d8-b1b2-7bba97910bef None None] Extension data-plane-status not supported by any of loaded plugins
May 07 03:38:30.240395 np0000172410 devstack@neutron-api.service[103155]: DEBUG neutron.api.extensions [None req-466e054e-5c5a-43d8-b1b2-7bba97910bef None None] Loading extension file: default_subnetpools.py {{(pid=103155) _load_all_extensions_from_path /opt/stack/neutron/neutron/api/extensions.py:449}}
May 07 03:38:30.240434 np0000172410 devstack@neutron-api.service[103153]: DEBUG neutron.api.extensions [None req-e9b801e9-cf56-4fa8-97aa-7b248b291c9c None None] Ext name="Address scope" alias="address-scope" description="Address scopes extension." updated="2015-07-26T10:00:00-00:00" {{(pid=103153) _check_extension /opt/stack/neutron/neutron/api/extensions.py:415}}
May 07 03:38:30.240613 np0000172410 devstack@neutron-api.service[103153]: INFO neutron.api.extensions [None req-e9b801e9-cf56-4fa8-97aa-7b248b291c9c None None] Loaded extension: address-scope
May 07 03:38:30.240666 np0000172410 devstack@neutron-api.service[103155]: DEBUG neutron.api.extensions [None req-466e054e-5c5a-43d8-b1b2-7bba97910bef None None] Ext name="Default Subnetpools" alias="default-subnetpools" description="Provides ability to mark and use a subnetpool as the default." updated="2016-02-18T18:00:00-00:00" {{(pid=103155) _check_extension /opt/stack/neutron/neutron/api/extensions.py:415}}
May 07 03:38:30.240703 np0000172410 devstack@neutron-api.service[103153]: DEBUG neutron.api.extensions [None req-e9b801e9-cf56-4fa8-97aa-7b248b291c9c None None] Loading extension file: admin_state_down_before_update.py {{(pid=103153) _load_all_extensions_from_path /opt/stack/neutron/neutron/api/extensions.py:449}}
May 07 03:38:30.240799 np0000172410 devstack@neutron-api.service[103155]: INFO neutron.api.extensions [None req-466e054e-5c5a-43d8-b1b2-7bba97910bef None None] Loaded extension: default-subnetpools
May 07 03:38:30.240885 np0000172410 devstack@neutron-api.service[103155]: DEBUG neutron.api.extensions [None req-466e054e-5c5a-43d8-b1b2-7bba97910bef None None] Loading extension file: dhcpagentscheduler.py {{(pid=103155) _load_all_extensions_from_path /opt/stack/neutron/neutron/api/extensions.py:449}}
May 07 03:38:30.240936 np0000172410 devstack@neutron-api.service[103153]: DEBUG neutron.api.extensions [None req-e9b801e9-cf56-4fa8-97aa-7b248b291c9c None None] Ext name="Enforce Router's Admin State Down Before Update Extension" alias="router-admin-state-down-before-update" description="Ensure that the admin state of a router is DOWN (admin_state_up=False) before updating the distributed attribute" updated="2019-07-02T15:56:00" {{(pid=103153) _check_extension /opt/stack/neutron/neutron/api/extensions.py:415}}
May 07 03:38:30.241005 np0000172410 devstack@neutron-api.service[103152]: DEBUG neutron_lib.callbacks.manager [None req-15dc56aa-7112-4e5f-b610-21975d526432 None None] Subscribe: > process before_spawn 55550000, False {{(pid=103152) subscribe /opt/stack/data/venv/lib/python3.12/site-packages/neutron_lib/callbacks/manager.py:52}}
May 07 03:38:30.241114 np0000172410 devstack@neutron-api.service[103153]: INFO neutron.api.extensions [None req-e9b801e9-cf56-4fa8-97aa-7b248b291c9c None None] Extension router-admin-state-down-before-update not supported by any of loaded plugins
May 07 03:38:30.241140 np0000172410 devstack@neutron-api.service[103152]: DEBUG neutron_lib.callbacks.manager [None req-15dc56aa-7112-4e5f-b610-21975d526432 None None] Subscribe: > process after_init 55550000, True {{(pid=103152) subscribe /opt/stack/data/venv/lib/python3.12/site-packages/neutron_lib/callbacks/manager.py:52}}
May 07 03:38:30.241204 np0000172410 devstack@neutron-api.service[103153]: DEBUG neutron.api.extensions [None req-e9b801e9-cf56-4fa8-97aa-7b248b291c9c None None] Loading extension file: agent.py {{(pid=103153) _load_all_extensions_from_path /opt/stack/neutron/neutron/api/extensions.py:449}}
May 07 03:38:30.241272 np0000172410 devstack@neutron-api.service[103155]: DEBUG neutron.api.extensions [None req-466e054e-5c5a-43d8-b1b2-7bba97910bef None None] Ext name="DHCP Agent Scheduler" alias="dhcp_agent_scheduler" description="Schedule networks among dhcp agents" updated="2013-02-07T10:00:00-00:00" {{(pid=103155) _check_extension /opt/stack/neutron/neutron/api/extensions.py:415}}
May 07 03:38:30.241302 np0000172410 devstack@neutron-api.service[103152]: DEBUG neutron_lib.callbacks.manager [None req-15dc56aa-7112-4e5f-b610-21975d526432 None None] Subscribe: > segment after_create 55550000, False {{(pid=103152) subscribe /opt/stack/data/venv/lib/python3.12/site-packages/neutron_lib/callbacks/manager.py:52}}
May 07 03:38:30.241381 np0000172410 devstack@neutron-api.service[103152]: DEBUG neutron_lib.callbacks.manager [None req-15dc56aa-7112-4e5f-b610-21975d526432 None None] Subscribe: > segment after_create 55550000, False {{(pid=103152) subscribe /opt/stack/data/venv/lib/python3.12/site-packages/neutron_lib/callbacks/manager.py:52}}
May 07 03:38:30.241446 np0000172410 devstack@neutron-api.service[103155]: INFO neutron.api.extensions [None req-466e054e-5c5a-43d8-b1b2-7bba97910bef None None] Loaded extension: dhcp_agent_scheduler
May 07 03:38:30.241486 np0000172410 devstack@neutron-api.service[103152]: DEBUG neutron_lib.callbacks.manager [None req-15dc56aa-7112-4e5f-b610-21975d526432 None None] Subscribe: > segment after_delete 55550000, False {{(pid=103152) subscribe /opt/stack/data/venv/lib/python3.12/site-packages/neutron_lib/callbacks/manager.py:52}}
May 07 03:38:30.241673 np0000172410 devstack@neutron-api.service[103153]: DEBUG neutron.api.extensions [None req-e9b801e9-cf56-4fa8-97aa-7b248b291c9c None None] Ext name="agent" alias="agent" description="The agent management extension." updated="2013-02-03T10:00:00-00:00" {{(pid=103153) _check_extension /opt/stack/neutron/neutron/api/extensions.py:415}}
May 07 03:38:30.241714 np0000172410 devstack@neutron-api.service[103155]: DEBUG neutron.api.extensions [None req-466e054e-5c5a-43d8-b1b2-7bba97910bef None None] Loading extension file: dns.py {{(pid=103155) _load_all_extensions_from_path /opt/stack/neutron/neutron/api/extensions.py:449}}
May 07 03:38:30.241753 np0000172410 devstack@neutron-api.service[103152]: DEBUG neutron_lib.callbacks.manager [None req-15dc56aa-7112-4e5f-b610-21975d526432 None None] Subscribe: > allowed_address_pair before_create 55550000, False {{(pid=103152) subscribe /opt/stack/data/venv/lib/python3.12/site-packages/neutron_lib/callbacks/manager.py:52}}
May 07 03:38:30.241753 np0000172410 devstack@neutron-api.service[103152]: DEBUG neutron_lib.callbacks.manager [None req-15dc56aa-7112-4e5f-b610-21975d526432 None None] Subscribe: > security_group precommit_create 55550000, False {{(pid=103152) subscribe /opt/stack/data/venv/lib/python3.12/site-packages/neutron_lib/callbacks/manager.py:52}}
May 07 03:38:30.241808 np0000172410 devstack@neutron-api.service[103153]: INFO neutron.api.extensions [None req-e9b801e9-cf56-4fa8-97aa-7b248b291c9c None None] Loaded extension: agent
May 07 03:38:30.241832 np0000172410 devstack@neutron-api.service[103155]: DEBUG neutron.api.extensions [None req-466e054e-5c5a-43d8-b1b2-7bba97910bef None None] Ext name="DNS Integration" alias="dns-integration" description="Provides integration with DNS." updated="2015-08-15T18:00:00-00:00" {{(pid=103155) _check_extension /opt/stack/neutron/neutron/api/extensions.py:415}}
May 07 03:38:30.241858 np0000172410 devstack@neutron-api.service[103152]: DEBUG neutron_lib.callbacks.manager [None req-15dc56aa-7112-4e5f-b610-21975d526432 None None] Subscribe: > security_group after_update 55550000, False {{(pid=103152) subscribe /opt/stack/data/venv/lib/python3.12/site-packages/neutron_lib/callbacks/manager.py:52}}
May 07 03:38:30.241895 np0000172410 devstack@neutron-api.service[103153]: DEBUG neutron.api.extensions [None req-e9b801e9-cf56-4fa8-97aa-7b248b291c9c None None] Loading extension file: agent_resources_synced.py {{(pid=103153) _load_all_extensions_from_path /opt/stack/neutron/neutron/api/extensions.py:449}}
May 07 03:38:30.241921 np0000172410 devstack@neutron-api.service[103152]: DEBUG neutron_lib.callbacks.manager [None req-15dc56aa-7112-4e5f-b610-21975d526432 None None] Subscribe: > security_group after_create 55550000, False {{(pid=103152) subscribe /opt/stack/data/venv/lib/python3.12/site-packages/neutron_lib/callbacks/manager.py:52}}
May 07 03:38:30.241948 np0000172410 devstack@neutron-api.service[103155]: INFO neutron.api.extensions [None req-466e054e-5c5a-43d8-b1b2-7bba97910bef None None] Loaded extension: dns-integration
May 07 03:38:30.241995 np0000172410 devstack@neutron-api.service[103152]: DEBUG neutron_lib.callbacks.manager [None req-15dc56aa-7112-4e5f-b610-21975d526432 None None] Subscribe: > security_group precommit_delete 55550000, False {{(pid=103152) subscribe /opt/stack/data/venv/lib/python3.12/site-packages/neutron_lib/callbacks/manager.py:52}}
May 07 03:38:30.242024 np0000172410 devstack@neutron-api.service[103155]: DEBUG neutron.api.extensions [None req-466e054e-5c5a-43d8-b1b2-7bba97910bef None None] Loading extension file: dns_domain_ports.py {{(pid=103155) _load_all_extensions_from_path /opt/stack/neutron/neutron/api/extensions.py:449}}
May 07 03:38:30.242051 np0000172410 devstack@neutron-api.service[103153]: DEBUG neutron.api.extensions [None req-e9b801e9-cf56-4fa8-97aa-7b248b291c9c None None] Ext name="Agent's Resource View Synced to Placement" alias="agent-resources-synced" description="Stores success/failure of last sync to Placement" updated="2018-12-19T00:00:00-00:00" {{(pid=103153) _check_extension /opt/stack/neutron/neutron/api/extensions.py:415}}
May 07 03:38:30.242099 np0000172410 devstack@neutron-api.service[103152]: DEBUG neutron_lib.callbacks.manager [None req-15dc56aa-7112-4e5f-b610-21975d526432 None None] Subscribe: > security_group after_delete 55550000, False {{(pid=103152) subscribe /opt/stack/data/venv/lib/python3.12/site-packages/neutron_lib/callbacks/manager.py:52}}
May 07 03:38:30.242203 np0000172410 devstack@neutron-api.service[103152]: DEBUG neutron_lib.callbacks.manager [None req-15dc56aa-7112-4e5f-b610-21975d526432 None None] Subscribe: > security_group_rule precommit_create 55550000, False {{(pid=103152) subscribe /opt/stack/data/venv/lib/python3.12/site-packages/neutron_lib/callbacks/manager.py:52}}
May 07 03:38:30.242248 np0000172410 devstack@neutron-api.service[103153]: INFO neutron.api.extensions [None req-e9b801e9-cf56-4fa8-97aa-7b248b291c9c None None] Extension agent-resources-synced not supported by any of loaded plugins
May 07 03:38:30.242275 np0000172410 devstack@neutron-api.service[103155]: DEBUG neutron.api.extensions [None req-466e054e-5c5a-43d8-b1b2-7bba97910bef None None] Ext name="dns_domain for ports" alias="dns-domain-ports" description="Allows the DNS domain to be specified for a network port." updated="2017-04-24T10:00:00-00:00" {{(pid=103155) _check_extension /opt/stack/neutron/neutron/api/extensions.py:415}}
May 07 03:38:30.242318 np0000172410 devstack@neutron-api.service[103153]: DEBUG neutron.api.extensions [None req-e9b801e9-cf56-4fa8-97aa-7b248b291c9c None None] Loading extension file: agent_sort_key.py {{(pid=103153) _load_all_extensions_from_path /opt/stack/neutron/neutron/api/extensions.py:449}}
May 07 03:38:30.242353 np0000172410 devstack@neutron-api.service[103152]: DEBUG neutron_lib.callbacks.manager [None req-15dc56aa-7112-4e5f-b610-21975d526432 None None] Subscribe: > security_group_rule after_create 55550000, False {{(pid=103152) subscribe /opt/stack/data/venv/lib/python3.12/site-packages/neutron_lib/callbacks/manager.py:52}}
May 07 03:38:30.242423 np0000172410 devstack@neutron-api.service[103155]: INFO neutron.api.extensions [None req-466e054e-5c5a-43d8-b1b2-7bba97910bef None None] Loaded extension: dns-domain-ports
May 07 03:38:30.242450 np0000172410 devstack@neutron-api.service[103152]: DEBUG neutron_lib.callbacks.manager [None req-15dc56aa-7112-4e5f-b610-21975d526432 None None] Subscribe: > security_group_rule before_delete 55550000, False {{(pid=103152) subscribe /opt/stack/data/venv/lib/python3.12/site-packages/neutron_lib/callbacks/manager.py:52}}
May 07 03:38:30.242514 np0000172410 devstack@neutron-api.service[103155]: DEBUG neutron.api.extensions [None req-466e054e-5c5a-43d8-b1b2-7bba97910bef None None] Loading extension file: dns_integration_domain_keywords.py {{(pid=103155) _load_all_extensions_from_path /opt/stack/neutron/neutron/api/extensions.py:449}}
May 07 03:38:30.242545 np0000172410 devstack@neutron-api.service[103152]: DEBUG neutron_lib.callbacks.manager [None req-15dc56aa-7112-4e5f-b610-21975d526432 None None] Subscribe: > address_group after_create 55550000, False {{(pid=103152) subscribe /opt/stack/data/venv/lib/python3.12/site-packages/neutron_lib/callbacks/manager.py:52}}
May 07 03:38:30.242571 np0000172410 devstack@neutron-api.service[103153]: DEBUG neutron.api.extensions [None req-e9b801e9-cf56-4fa8-97aa-7b248b291c9c None None] Ext name="Agents Sort Key" alias="agent_sort_key" description="Enabling the keyword sort_key for sorting in agents." updated="2013-02-03T10:00:00-00:00" {{(pid=103153) _check_extension /opt/stack/neutron/neutron/api/extensions.py:415}}
May 07 03:38:30.242623 np0000172410 devstack@neutron-api.service[103152]: DEBUG neutron_lib.callbacks.manager [None req-15dc56aa-7112-4e5f-b610-21975d526432 None None] Subscribe: > address_group after_update 55550000, False {{(pid=103152) subscribe /opt/stack/data/venv/lib/python3.12/site-packages/neutron_lib/callbacks/manager.py:52}}
May 07 03:38:30.242723 np0000172410 devstack@neutron-api.service[103152]: DEBUG neutron_lib.callbacks.manager [None req-15dc56aa-7112-4e5f-b610-21975d526432 None None] Subscribe: > address_group after_delete 55550000, False {{(pid=103152) subscribe /opt/stack/data/venv/lib/python3.12/site-packages/neutron_lib/callbacks/manager.py:52}}
May 07 03:38:30.242752 np0000172410 devstack@neutron-api.service[103155]: DEBUG neutron.api.extensions [None req-466e054e-5c5a-43d8-b1b2-7bba97910bef None None] Ext name="DNS domain names with keywords allowed" alias="dns-integration-domain-keywords" description="Allows to use keywords like , , and as DNS domain name" updated="2020-06-15T18:00:00-00:00" {{(pid=103155) _check_extension /opt/stack/neutron/neutron/api/extensions.py:415}}
May 07 03:38:30.242780 np0000172410 devstack@neutron-api.service[103153]: INFO neutron.api.extensions [None req-e9b801e9-cf56-4fa8-97aa-7b248b291c9c None None] Extension agent_sort_key not supported by any of loaded plugins
May 07 03:38:30.242831 np0000172410 devstack@neutron-api.service[103153]: DEBUG neutron.api.extensions [None req-e9b801e9-cf56-4fa8-97aa-7b248b291c9c None None] Loading extension file: allowedaddresspairs.py {{(pid=103153) _load_all_extensions_from_path /opt/stack/neutron/neutron/api/extensions.py:449}}
May 07 03:38:30.242910 np0000172410 devstack@neutron-api.service[103155]: INFO neutron.api.extensions [None req-466e054e-5c5a-43d8-b1b2-7bba97910bef None None] Loaded extension: dns-integration-domain-keywords
May 07 03:38:30.242938 np0000172410 devstack@neutron-api.service[103152]: DEBUG neutron_lib.callbacks.manager [None req-15dc56aa-7112-4e5f-b610-21975d526432 None None] Subscribe: > qos_plugin after_init 55550000, False {{(pid=103152) subscribe /opt/stack/data/venv/lib/python3.12/site-packages/neutron_lib/callbacks/manager.py:52}}
May 07 03:38:30.243004 np0000172410 devstack@neutron-api.service[103155]: DEBUG neutron.api.extensions [None req-466e054e-5c5a-43d8-b1b2-7bba97910bef None None] Loading extension file: dvr.py {{(pid=103155) _load_all_extensions_from_path /opt/stack/neutron/neutron/api/extensions.py:449}}
May 07 03:38:30.243144 np0000172410 devstack@neutron-api.service[103152]: DEBUG neutron_lib.callbacks.manager [None req-15dc56aa-7112-4e5f-b610-21975d526432 None None] Subscribe: > trunk_plugin after_init 55550000, False {{(pid=103152) subscribe /opt/stack/data/venv/lib/python3.12/site-packages/neutron_lib/callbacks/manager.py:52}}
May 07 03:38:30.243334 np0000172410 devstack@neutron-api.service[103155]: DEBUG neutron.api.extensions [None req-466e054e-5c5a-43d8-b1b2-7bba97910bef None None] Ext name="Distributed Virtual Router" alias="dvr" description="Enables configuration of Distributed Virtual Routers." updated="2014-06-1T10:00:00-00:00" {{(pid=103155) _check_extension /opt/stack/neutron/neutron/api/extensions.py:415}}
May 07 03:38:30.243396 np0000172410 devstack@neutron-api.service[103152]: DEBUG neutron_lib.callbacks.manager [None req-15dc56aa-7112-4e5f-b610-21975d526432 None None] Subscribe: > logging-plugin after_init 55550000, False {{(pid=103152) subscribe /opt/stack/data/venv/lib/python3.12/site-packages/neutron_lib/callbacks/manager.py:52}}
May 07 03:38:30.243505 np0000172410 devstack@neutron-api.service[103155]: INFO neutron.api.extensions [None req-466e054e-5c5a-43d8-b1b2-7bba97910bef None None] Extension dvr not supported by any of loaded plugins
May 07 03:38:30.243595 np0000172410 devstack@neutron-api.service[103155]: DEBUG neutron.api.extensions [None req-466e054e-5c5a-43d8-b1b2-7bba97910bef None None] Loading extension file: ecmp_routes.py {{(pid=103155) _load_all_extensions_from_path /opt/stack/neutron/neutron/api/extensions.py:449}}
May 07 03:38:30.243622 np0000172410 devstack@neutron-api.service[103153]: DEBUG neutron.api.extensions [None req-e9b801e9-cf56-4fa8-97aa-7b248b291c9c None None] Ext name="Allowed Address Pairs" alias="allowed-address-pairs" description="Provides allowed address pairs" updated="2013-07-23T10:00:00-00:00" {{(pid=103153) _check_extension /opt/stack/neutron/neutron/api/extensions.py:415}}
May 07 03:38:30.243823 np0000172410 devstack@neutron-api.service[103155]: DEBUG neutron.api.extensions [None req-466e054e-5c5a-43d8-b1b2-7bba97910bef None None] Ext name="Equal Cost Multipath Routing" alias="ecmp_routes" description="Allows traffic to reach thesame destination via multiple different links " updated="2020-11-26T18:00:00-00:00" {{(pid=103155) _check_extension /opt/stack/neutron/neutron/api/extensions.py:415}}
May 07 03:38:30.243859 np0000172410 devstack@neutron-api.service[103153]: INFO neutron.api.extensions [None req-e9b801e9-cf56-4fa8-97aa-7b248b291c9c None None] Loaded extension: allowed-address-pairs
May 07 03:38:30.243883 np0000172410 devstack@neutron-api.service[103152]: INFO neutron.services.logapi.drivers.ovn.driver [None req-15dc56aa-7112-4e5f-b610-21975d526432 None None] OVN logging driver registered
May 07 03:38:30.243929 np0000172410 devstack@neutron-api.service[103153]: DEBUG neutron.api.extensions [None req-e9b801e9-cf56-4fa8-97aa-7b248b291c9c None None] Loading extension file: auto_allocated_topology.py {{(pid=103153) _load_all_extensions_from_path /opt/stack/neutron/neutron/api/extensions.py:449}}
May 07 03:38:30.243994 np0000172410 devstack@neutron-api.service[103155]: INFO neutron.api.extensions [None req-466e054e-5c5a-43d8-b1b2-7bba97910bef None None] Extension ecmp_routes not supported by any of loaded plugins
May 07 03:38:30.244083 np0000172410 devstack@neutron-api.service[103155]: DEBUG neutron.api.extensions [None req-466e054e-5c5a-43d8-b1b2-7bba97910bef None None] Loading extension file: empty_string_filtering.py {{(pid=103155) _load_all_extensions_from_path /opt/stack/neutron/neutron/api/extensions.py:449}}
May 07 03:38:30.244182 np0000172410 devstack@neutron-api.service[103153]: DEBUG neutron.api.extensions [None req-e9b801e9-cf56-4fa8-97aa-7b248b291c9c None None] Ext name="Auto Allocated Topology Services" alias="auto-allocated-topology" description="Auto Allocated Topology Services." updated="2016-01-01T00:00:00-00:00" {{(pid=103153) _check_extension /opt/stack/neutron/neutron/api/extensions.py:415}}
May 07 03:38:30.244335 np0000172410 devstack@neutron-api.service[103155]: DEBUG neutron.api.extensions [None req-466e054e-5c5a-43d8-b1b2-7bba97910bef None None] Ext name="Empty String Filtering Extension" alias="empty-string-filtering" description="Allow filtering by attributes with empty string value" updated="2018-05-01T10:00:00-00:00" {{(pid=103155) _check_extension /opt/stack/neutron/neutron/api/extensions.py:415}}
May 07 03:38:30.244375 np0000172410 devstack@neutron-api.service[103153]: INFO neutron.api.extensions [None req-e9b801e9-cf56-4fa8-97aa-7b248b291c9c None None] Loaded extension: auto-allocated-topology
May 07 03:38:30.244462 np0000172410 devstack@neutron-api.service[103153]: DEBUG neutron.api.extensions [None req-e9b801e9-cf56-4fa8-97aa-7b248b291c9c None None] Loading extension file: availability_zone.py {{(pid=103153) _load_all_extensions_from_path /opt/stack/neutron/neutron/api/extensions.py:449}}
May 07 03:38:30.244506 np0000172410 devstack@neutron-api.service[103155]: INFO neutron.api.extensions [None req-466e054e-5c5a-43d8-b1b2-7bba97910bef None None] Loaded extension: empty-string-filtering
May 07 03:38:30.244595 np0000172410 devstack@neutron-api.service[103155]: DEBUG neutron.api.extensions [None req-466e054e-5c5a-43d8-b1b2-7bba97910bef None None] Loading extension file: expose_l3_conntrack_helper.py {{(pid=103155) _load_all_extensions_from_path /opt/stack/neutron/neutron/api/extensions.py:449}}
May 07 03:38:30.244738 np0000172410 devstack@neutron-api.service[103153]: DEBUG neutron.api.extensions [None req-e9b801e9-cf56-4fa8-97aa-7b248b291c9c None None] Ext name="Availability Zone" alias="availability_zone" description="The availability zone extension." updated="2015-01-01T10:00:00-00:00" {{(pid=103153) _check_extension /opt/stack/neutron/neutron/api/extensions.py:415}}
May 07 03:38:30.244825 np0000172410 devstack@neutron-api.service[103155]: DEBUG neutron.api.extensions [None req-466e054e-5c5a-43d8-b1b2-7bba97910bef None None] Ext name="Expose CT target rules for conntrack helper" alias="expose-l3-conntrack-helper" description="Expose allow adding CT target rules for conntrack helper" updated="2019-04-04T10:00:00-00:00" {{(pid=103155) _check_extension /opt/stack/neutron/neutron/api/extensions.py:415}}
May 07 03:38:30.244911 np0000172410 devstack@neutron-api.service[103153]: INFO neutron.api.extensions [None req-e9b801e9-cf56-4fa8-97aa-7b248b291c9c None None] Loaded extension: availability_zone
May 07 03:38:30.244994 np0000172410 devstack@neutron-api.service[103155]: INFO neutron.api.extensions [None req-466e054e-5c5a-43d8-b1b2-7bba97910bef None None] Extension expose-l3-conntrack-helper not supported by any of loaded plugins
May 07 03:38:30.245021 np0000172410 devstack@neutron-api.service[103153]: DEBUG neutron.api.extensions [None req-e9b801e9-cf56-4fa8-97aa-7b248b291c9c None None] Loading extension file: availability_zone_filter.py {{(pid=103153) _load_all_extensions_from_path /opt/stack/neutron/neutron/api/extensions.py:449}}
May 07 03:38:30.245086 np0000172410 devstack@neutron-api.service[103155]: DEBUG neutron.api.extensions [None req-466e054e-5c5a-43d8-b1b2-7bba97910bef None None] Loading extension file: expose_port_forwarding_in_fip.py {{(pid=103155) _load_all_extensions_from_path /opt/stack/neutron/neutron/api/extensions.py:449}}
May 07 03:38:30.245227 np0000172410 devstack@neutron-api.service[103153]: DEBUG neutron.api.extensions [None req-e9b801e9-cf56-4fa8-97aa-7b248b291c9c None None] Ext name="Availability Zone Filter Extension" alias="availability_zone_filter" description="Add filter parameters to AvailabilityZone resource" updated="2018-06-22T10:00:00-00:00" {{(pid=103153) _check_extension /opt/stack/neutron/neutron/api/extensions.py:415}}
May 07 03:38:30.245333 np0000172410 devstack@neutron-api.service[103155]: DEBUG neutron.api.extensions [None req-466e054e-5c5a-43d8-b1b2-7bba97910bef None None] Ext name="Expose Floating IP port forwardings" alias="expose-port-forwarding-in-fip" description="Expose port forwarding fields in floating IP response" updated="2018-06-28T16:00:00-00:00" {{(pid=103155) _check_extension /opt/stack/neutron/neutron/api/extensions.py:415}}
May 07 03:38:30.245372 np0000172410 devstack@neutron-api.service[103152]: DEBUG neutron.plugins.ml2.plugin [None req-15dc56aa-7112-4e5f-b610-21975d526432 None None] neutron.plugins.ml2.plugin.Ml2Plugin method _start_rpc_notifiers called with arguments () {} {{(pid=103152) wrapper /opt/stack/data/venv/lib/python3.12/site-packages/oslo_log/helpers.py:77}}
May 07 03:38:30.245464 np0000172410 devstack@neutron-api.service[103153]: INFO neutron.api.extensions [None req-e9b801e9-cf56-4fa8-97aa-7b248b291c9c None None] Extension availability_zone_filter not supported by any of loaded plugins
May 07 03:38:30.245490 np0000172410 devstack@neutron-api.service[103153]: DEBUG neutron.api.extensions [None req-e9b801e9-cf56-4fa8-97aa-7b248b291c9c None None] Loading extension file: data_plane_status.py {{(pid=103153) _load_all_extensions_from_path /opt/stack/neutron/neutron/api/extensions.py:449}}
May 07 03:38:30.245526 np0000172410 devstack@neutron-api.service[103155]: INFO neutron.api.extensions [None req-466e054e-5c5a-43d8-b1b2-7bba97910bef None None] Extension expose-port-forwarding-in-fip not supported by any of loaded plugins
May 07 03:38:30.245592 np0000172410 devstack@neutron-api.service[103155]: DEBUG neutron.api.extensions [None req-466e054e-5c5a-43d8-b1b2-7bba97910bef None None] Loading extension file: external_net.py {{(pid=103155) _load_all_extensions_from_path /opt/stack/neutron/neutron/api/extensions.py:449}}
May 07 03:38:30.245621 np0000172410 devstack@neutron-api.service[103152]: DEBUG neutron_lib.callbacks.manager [None req-15dc56aa-7112-4e5f-b610-21975d526432 None None] Subscribe: > port after_create 55550000, False {{(pid=103152) subscribe /opt/stack/data/venv/lib/python3.12/site-packages/neutron_lib/callbacks/manager.py:52}}
May 07 03:38:30.245712 np0000172410 devstack@neutron-api.service[103153]: DEBUG neutron.api.extensions [None req-e9b801e9-cf56-4fa8-97aa-7b248b291c9c None None] Ext name="Port data plane status extension" alias="data-plane-status" description="Expose status of underlying data plane" updated="2017-01-24T10:00:00-00:00" {{(pid=103153) _check_extension /opt/stack/neutron/neutron/api/extensions.py:415}}
May 07 03:38:30.245739 np0000172410 devstack@neutron-api.service[103152]: DEBUG neutron_lib.callbacks.manager [None req-15dc56aa-7112-4e5f-b610-21975d526432 None None] Subscribe: > port after_update 55550000, False {{(pid=103152) subscribe /opt/stack/data/venv/lib/python3.12/site-packages/neutron_lib/callbacks/manager.py:52}}
May 07 03:38:30.245821 np0000172410 devstack@neutron-api.service[103155]: DEBUG neutron.api.extensions [None req-466e054e-5c5a-43d8-b1b2-7bba97910bef None None] Ext name="Neutron external network" alias="external-net" description="Adds external network attribute to network resource." updated="2013-01-14T10:00:00-00:00" {{(pid=103155) _check_extension /opt/stack/neutron/neutron/api/extensions.py:415}}
May 07 03:38:30.245854 np0000172410 devstack@neutron-api.service[103152]: DEBUG neutron_lib.callbacks.manager [None req-15dc56aa-7112-4e5f-b610-21975d526432 None None] Subscribe: > port after_delete 55550000, False {{(pid=103152) subscribe /opt/stack/data/venv/lib/python3.12/site-packages/neutron_lib/callbacks/manager.py:52}}
May 07 03:38:30.245881 np0000172410 devstack@neutron-api.service[103153]: INFO neutron.api.extensions [None req-e9b801e9-cf56-4fa8-97aa-7b248b291c9c None None] Extension data-plane-status not supported by any of loaded plugins
May 07 03:38:30.245933 np0000172410 devstack@neutron-api.service[103152]: DEBUG neutron_lib.callbacks.manager [None req-15dc56aa-7112-4e5f-b610-21975d526432 None None] Subscribe: > subnet after_create 55550000, False {{(pid=103152) subscribe /opt/stack/data/venv/lib/python3.12/site-packages/neutron_lib/callbacks/manager.py:52}}
May 07 03:38:30.245961 np0000172410 devstack@neutron-api.service[103153]: DEBUG neutron.api.extensions [None req-e9b801e9-cf56-4fa8-97aa-7b248b291c9c None None] Loading extension file: default_subnetpools.py {{(pid=103153) _load_all_extensions_from_path /opt/stack/neutron/neutron/api/extensions.py:449}}
May 07 03:38:30.245986 np0000172410 devstack@neutron-api.service[103155]: INFO neutron.api.extensions [None req-466e054e-5c5a-43d8-b1b2-7bba97910bef None None] Loaded extension: external-net
May 07 03:38:30.246040 np0000172410 devstack@neutron-api.service[103152]: DEBUG neutron_lib.callbacks.manager [None req-15dc56aa-7112-4e5f-b610-21975d526432 None None] Subscribe: > subnet after_update 55550000, False {{(pid=103152) subscribe /opt/stack/data/venv/lib/python3.12/site-packages/neutron_lib/callbacks/manager.py:52}}
May 07 03:38:30.246068 np0000172410 devstack@neutron-api.service[103155]: DEBUG neutron.api.extensions [None req-466e054e-5c5a-43d8-b1b2-7bba97910bef None None] Loading extension file: extra_dhcp_opt.py {{(pid=103155) _load_all_extensions_from_path /opt/stack/neutron/neutron/api/extensions.py:449}}
May 07 03:38:30.246145 np0000172410 devstack@neutron-api.service[103152]: DEBUG neutron_lib.callbacks.manager [None req-15dc56aa-7112-4e5f-b610-21975d526432 None None] Subscribe: > subnet after_delete 55550000, False {{(pid=103152) subscribe /opt/stack/data/venv/lib/python3.12/site-packages/neutron_lib/callbacks/manager.py:52}}
May 07 03:38:30.246184 np0000172410 devstack@neutron-api.service[103153]: DEBUG neutron.api.extensions [None req-e9b801e9-cf56-4fa8-97aa-7b248b291c9c None None] Ext name="Default Subnetpools" alias="default-subnetpools" description="Provides ability to mark and use a subnetpool as the default." updated="2016-02-18T18:00:00-00:00" {{(pid=103153) _check_extension /opt/stack/neutron/neutron/api/extensions.py:415}}
May 07 03:38:30.246263 np0000172410 devstack@neutron-api.service[103152]: DEBUG neutron_lib.callbacks.manager [None req-15dc56aa-7112-4e5f-b610-21975d526432 None None] Subscribe: > network after_create 55550000, False {{(pid=103152) subscribe /opt/stack/data/venv/lib/python3.12/site-packages/neutron_lib/callbacks/manager.py:52}}
May 07 03:38:30.246318 np0000172410 devstack@neutron-api.service[103155]: DEBUG neutron.api.extensions [None req-466e054e-5c5a-43d8-b1b2-7bba97910bef None None] Ext name="Neutron Extra DHCP options" alias="extra_dhcp_opt" description="Extra options configuration for DHCP. For example PXE boot options to DHCP clients can be specified (e.g. tftp-server, server-ip-address, bootfile-name)" updated="2013-03-17T12:00:00-00:00" {{(pid=103155) _check_extension /opt/stack/neutron/neutron/api/extensions.py:415}}
May 07 03:38:30.246367 np0000172410 devstack@neutron-api.service[103153]: INFO neutron.api.extensions [None req-e9b801e9-cf56-4fa8-97aa-7b248b291c9c None None] Loaded extension: default-subnetpools
May 07 03:38:30.246393 np0000172410 devstack@neutron-api.service[103152]: DEBUG neutron_lib.callbacks.manager [None req-15dc56aa-7112-4e5f-b610-21975d526432 None None] Subscribe: > network after_update 55550000, False {{(pid=103152) subscribe /opt/stack/data/venv/lib/python3.12/site-packages/neutron_lib/callbacks/manager.py:52}}
May 07 03:38:30.246453 np0000172410 devstack@neutron-api.service[103153]: DEBUG neutron.api.extensions [None req-e9b801e9-cf56-4fa8-97aa-7b248b291c9c None None] Loading extension file: dhcpagentscheduler.py {{(pid=103153) _load_all_extensions_from_path /opt/stack/neutron/neutron/api/extensions.py:449}}
May 07 03:38:30.246484 np0000172410 devstack@neutron-api.service[103152]: DEBUG neutron_lib.callbacks.manager [None req-15dc56aa-7112-4e5f-b610-21975d526432 None None] Subscribe: > network after_delete 55550000, False {{(pid=103152) subscribe /opt/stack/data/venv/lib/python3.12/site-packages/neutron_lib/callbacks/manager.py:52}}
May 07 03:38:30.246518 np0000172410 devstack@neutron-api.service[103155]: INFO neutron.api.extensions [None req-466e054e-5c5a-43d8-b1b2-7bba97910bef None None] Loaded extension: extra_dhcp_opt
May 07 03:38:30.246567 np0000172410 devstack@neutron-api.service[103152]: DEBUG neutron_lib.callbacks.manager [None req-15dc56aa-7112-4e5f-b610-21975d526432 None None] Subscribe: > security_group after_create 55550000, False {{(pid=103152) subscribe /opt/stack/data/venv/lib/python3.12/site-packages/neutron_lib/callbacks/manager.py:52}}
May 07 03:38:30.246596 np0000172410 devstack@neutron-api.service[103155]: DEBUG neutron.api.extensions [None req-466e054e-5c5a-43d8-b1b2-7bba97910bef None None] Loading extension file: extraroute.py {{(pid=103155) _load_all_extensions_from_path /opt/stack/neutron/neutron/api/extensions.py:449}}
May 07 03:38:30.246666 np0000172410 devstack@neutron-api.service[103152]: DEBUG neutron_lib.callbacks.manager [None req-15dc56aa-7112-4e5f-b610-21975d526432 None None] Subscribe: > security_group after_update 55550000, False {{(pid=103152) subscribe /opt/stack/data/venv/lib/python3.12/site-packages/neutron_lib/callbacks/manager.py:52}}
May 07 03:38:30.246763 np0000172410 devstack@neutron-api.service[103152]: DEBUG neutron_lib.callbacks.manager [None req-15dc56aa-7112-4e5f-b610-21975d526432 None None] Subscribe: > security_group after_delete 55550000, False {{(pid=103152) subscribe /opt/stack/data/venv/lib/python3.12/site-packages/neutron_lib/callbacks/manager.py:52}}
May 07 03:38:30.246790 np0000172410 devstack@neutron-api.service[103155]: DEBUG neutron.api.extensions [None req-466e054e-5c5a-43d8-b1b2-7bba97910bef None None] Ext name="Neutron Extra Route" alias="extraroute" description="Extra routes configuration for L3 router" updated="2013-02-01T10:00:00-00:00" {{(pid=103155) _check_extension /opt/stack/neutron/neutron/api/extensions.py:415}}
May 07 03:38:30.246822 np0000172410 devstack@neutron-api.service[103153]: DEBUG neutron.api.extensions [None req-e9b801e9-cf56-4fa8-97aa-7b248b291c9c None None] Ext name="DHCP Agent Scheduler" alias="dhcp_agent_scheduler" description="Schedule networks among dhcp agents" updated="2013-02-07T10:00:00-00:00" {{(pid=103153) _check_extension /opt/stack/neutron/neutron/api/extensions.py:415}}
May 07 03:38:30.246861 np0000172410 devstack@neutron-api.service[103152]: DEBUG neutron_lib.callbacks.manager [None req-15dc56aa-7112-4e5f-b610-21975d526432 None None] Subscribe: > security_group_rule after_create 55550000, False {{(pid=103152) subscribe /opt/stack/data/venv/lib/python3.12/site-packages/neutron_lib/callbacks/manager.py:52}}
May 07 03:38:30.246958 np0000172410 devstack@neutron-api.service[103155]: INFO neutron.api.extensions [None req-466e054e-5c5a-43d8-b1b2-7bba97910bef None None] Loaded extension: extraroute
May 07 03:38:30.246985 np0000172410 devstack@neutron-api.service[103152]: DEBUG neutron_lib.callbacks.manager [None req-15dc56aa-7112-4e5f-b610-21975d526432 None None] Subscribe: > security_group_rule after_update 55550000, False {{(pid=103152) subscribe /opt/stack/data/venv/lib/python3.12/site-packages/neutron_lib/callbacks/manager.py:52}}
May 07 03:38:30.247016 np0000172410 devstack@neutron-api.service[103153]: INFO neutron.api.extensions [None req-e9b801e9-cf56-4fa8-97aa-7b248b291c9c None None] Loaded extension: dhcp_agent_scheduler
May 07 03:38:30.247040 np0000172410 devstack@neutron-api.service[103155]: DEBUG neutron.api.extensions [None req-466e054e-5c5a-43d8-b1b2-7bba97910bef None None] Loading extension file: extraroute_atomic.py {{(pid=103155) _load_all_extensions_from_path /opt/stack/neutron/neutron/api/extensions.py:449}}
May 07 03:38:30.247110 np0000172410 devstack@neutron-api.service[103152]: DEBUG neutron_lib.callbacks.manager [None req-15dc56aa-7112-4e5f-b610-21975d526432 None None] Subscribe: > security_group_rule after_delete 55550000, False {{(pid=103152) subscribe /opt/stack/data/venv/lib/python3.12/site-packages/neutron_lib/callbacks/manager.py:52}}
May 07 03:38:30.247141 np0000172410 devstack@neutron-api.service[103153]: DEBUG neutron.api.extensions [None req-e9b801e9-cf56-4fa8-97aa-7b248b291c9c None None] Loading extension file: dns.py {{(pid=103153) _load_all_extensions_from_path /opt/stack/neutron/neutron/api/extensions.py:449}}
May 07 03:38:30.247213 np0000172410 devstack@neutron-api.service[103152]: DEBUG neutron_lib.callbacks.manager [None req-15dc56aa-7112-4e5f-b610-21975d526432 None None] Subscribe: > address_group after_create 55550000, False {{(pid=103152) subscribe /opt/stack/data/venv/lib/python3.12/site-packages/neutron_lib/callbacks/manager.py:52}}
May 07 03:38:30.247326 np0000172410 devstack@neutron-api.service[103155]: DEBUG neutron.api.extensions [None req-466e054e-5c5a-43d8-b1b2-7bba97910bef None None] Ext name="Atomically add/remove extra routes" alias="extraroute-atomic" description="Edit extra routes of a router on server side by atomically adding/removing extra routes" updated="2019-07-10T00:00:00+00:00" {{(pid=103155) _check_extension /opt/stack/neutron/neutron/api/extensions.py:415}}
May 07 03:38:30.247356 np0000172410 devstack@neutron-api.service[103152]: DEBUG neutron_lib.callbacks.manager [None req-15dc56aa-7112-4e5f-b610-21975d526432 None None] Subscribe: > address_group after_update 55550000, False {{(pid=103152) subscribe /opt/stack/data/venv/lib/python3.12/site-packages/neutron_lib/callbacks/manager.py:52}}
May 07 03:38:30.247393 np0000172410 devstack@neutron-api.service[103153]: DEBUG neutron.api.extensions [None req-e9b801e9-cf56-4fa8-97aa-7b248b291c9c None None] Ext name="DNS Integration" alias="dns-integration" description="Provides integration with DNS." updated="2015-08-15T18:00:00-00:00" {{(pid=103153) _check_extension /opt/stack/neutron/neutron/api/extensions.py:415}}
May 07 03:38:30.247425 np0000172410 devstack@neutron-api.service[103152]: DEBUG neutron_lib.callbacks.manager [None req-15dc56aa-7112-4e5f-b610-21975d526432 None None] Subscribe: > address_group after_delete 55550000, False {{(pid=103152) subscribe /opt/stack/data/venv/lib/python3.12/site-packages/neutron_lib/callbacks/manager.py:52}}
May 07 03:38:30.247496 np0000172410 devstack@neutron-api.service[103155]: INFO neutron.api.extensions [None req-466e054e-5c5a-43d8-b1b2-7bba97910bef None None] Loaded extension: extraroute-atomic
May 07 03:38:30.247524 np0000172410 devstack@neutron-api.service[103153]: INFO neutron.api.extensions [None req-e9b801e9-cf56-4fa8-97aa-7b248b291c9c None None] Loaded extension: dns-integration
May 07 03:38:30.247548 np0000172410 devstack@neutron-api.service[103152]: DEBUG neutron.plugins.ml2.ovo_rpc [None req-15dc56aa-7112-4e5f-b610-21975d526432 None None] ML2 OVO RPC backend initialized. {{(pid=103152) __init__ /opt/stack/neutron/neutron/plugins/ml2/ovo_rpc.py:117}}
May 07 03:38:30.247586 np0000172410 devstack@neutron-api.service[103155]: DEBUG neutron.api.extensions [None req-466e054e-5c5a-43d8-b1b2-7bba97910bef None None] Loading extension file: filter_validation.py {{(pid=103155) _load_all_extensions_from_path /opt/stack/neutron/neutron/api/extensions.py:449}}
May 07 03:38:30.247622 np0000172410 devstack@neutron-api.service[103153]: DEBUG neutron.api.extensions [None req-e9b801e9-cf56-4fa8-97aa-7b248b291c9c None None] Loading extension file: dns_domain_ports.py {{(pid=103153) _load_all_extensions_from_path /opt/stack/neutron/neutron/api/extensions.py:449}}
May 07 03:38:30.247807 np0000172410 devstack@neutron-api.service[103153]: DEBUG neutron.api.extensions [None req-e9b801e9-cf56-4fa8-97aa-7b248b291c9c None None] Ext name="dns_domain for ports" alias="dns-domain-ports" description="Allows the DNS domain to be specified for a network port." updated="2017-04-24T10:00:00-00:00" {{(pid=103153) _check_extension /opt/stack/neutron/neutron/api/extensions.py:415}}
May 07 03:38:30.247876 np0000172410 devstack@neutron-api.service[103155]: DEBUG neutron.api.extensions [None req-466e054e-5c5a-43d8-b1b2-7bba97910bef None None] Ext name="Filter parameters validation" alias="filter-validation" description="Provides validation on filter parameters." updated="2018-07-04T10:00:00-00:00" {{(pid=103155) _check_extension /opt/stack/neutron/neutron/api/extensions.py:415}}
May 07 03:38:30.247977 np0000172410 devstack@neutron-api.service[103153]: INFO neutron.api.extensions [None req-e9b801e9-cf56-4fa8-97aa-7b248b291c9c None None] Loaded extension: dns-domain-ports
May 07 03:38:30.248049 np0000172410 devstack@neutron-api.service[103155]: INFO neutron.api.extensions [None req-466e054e-5c5a-43d8-b1b2-7bba97910bef None None] Loaded extension: filter-validation
May 07 03:38:30.248077 np0000172410 devstack@neutron-api.service[103153]: DEBUG neutron.api.extensions [None req-e9b801e9-cf56-4fa8-97aa-7b248b291c9c None None] Loading extension file: dns_integration_domain_keywords.py {{(pid=103153) _load_all_extensions_from_path /opt/stack/neutron/neutron/api/extensions.py:449}}
May 07 03:38:30.248140 np0000172410 devstack@neutron-api.service[103155]: DEBUG neutron.api.extensions [None req-466e054e-5c5a-43d8-b1b2-7bba97910bef None None] Loading extension file: fip_pf_description.py {{(pid=103155) _load_all_extensions_from_path /opt/stack/neutron/neutron/api/extensions.py:449}}
May 07 03:38:30.248302 np0000172410 devstack@neutron-api.service[103153]: DEBUG neutron.api.extensions [None req-e9b801e9-cf56-4fa8-97aa-7b248b291c9c None None] Ext name="DNS domain names with keywords allowed" alias="dns-integration-domain-keywords" description="Allows to use keywords like , , and as DNS domain name" updated="2020-06-15T18:00:00-00:00" {{(pid=103153) _check_extension /opt/stack/neutron/neutron/api/extensions.py:415}}
May 07 03:38:30.248385 np0000172410 devstack@neutron-api.service[103155]: DEBUG neutron.api.extensions [None req-466e054e-5c5a-43d8-b1b2-7bba97910bef None None] Ext name="Floating IP Port Forwarding new attribute description" alias="floating-ip-port-forwarding-description" description="Add a description field to Port Forwarding rules" updated="2019-11-01T10:00:00-00:00" {{(pid=103155) _check_extension /opt/stack/neutron/neutron/api/extensions.py:415}}
May 07 03:38:30.248473 np0000172410 devstack@neutron-api.service[103153]: INFO neutron.api.extensions [None req-e9b801e9-cf56-4fa8-97aa-7b248b291c9c None None] Loaded extension: dns-integration-domain-keywords
May 07 03:38:30.248553 np0000172410 devstack@neutron-api.service[103155]: INFO neutron.api.extensions [None req-466e054e-5c5a-43d8-b1b2-7bba97910bef None None] Extension floating-ip-port-forwarding-description not supported by any of loaded plugins
May 07 03:38:30.248589 np0000172410 devstack@neutron-api.service[103153]: DEBUG neutron.api.extensions [None req-e9b801e9-cf56-4fa8-97aa-7b248b291c9c None None] Loading extension file: dvr.py {{(pid=103153) _load_all_extensions_from_path /opt/stack/neutron/neutron/api/extensions.py:449}}
May 07 03:38:30.248644 np0000172410 devstack@neutron-api.service[103155]: DEBUG neutron.api.extensions [None req-466e054e-5c5a-43d8-b1b2-7bba97910bef None None] Loading extension file: fip_pf_detail.py {{(pid=103155) _load_all_extensions_from_path /opt/stack/neutron/neutron/api/extensions.py:449}}
May 07 03:38:30.248809 np0000172410 devstack@neutron-api.service[103153]: DEBUG neutron.api.extensions [None req-e9b801e9-cf56-4fa8-97aa-7b248b291c9c None None] Ext name="Distributed Virtual Router" alias="dvr" description="Enables configuration of Distributed Virtual Routers." updated="2014-06-1T10:00:00-00:00" {{(pid=103153) _check_extension /opt/stack/neutron/neutron/api/extensions.py:415}}
May 07 03:38:30.248869 np0000172410 devstack@neutron-api.service[103155]: DEBUG neutron.api.extensions [None req-466e054e-5c5a-43d8-b1b2-7bba97910bef None None] Ext name="Floating IP port forwarding detail" alias="floating-ip-port-forwarding-detail" description="Allow list floating ip return more port forwarding data, include'id' and 'internal_port_id'" updated="2022-05-06T10:00:00-00:00" {{(pid=103155) _check_extension /opt/stack/neutron/neutron/api/extensions.py:415}}
May 07 03:38:30.248977 np0000172410 devstack@neutron-api.service[103153]: INFO neutron.api.extensions [None req-e9b801e9-cf56-4fa8-97aa-7b248b291c9c None None] Extension dvr not supported by any of loaded plugins
