2026-05-12 17:40:32.308 7 INFO cinder.api.openstack.wsgi [None req-db501c92-b323-4a3f-b72a-4f36591209e7 3acf3b822afb4aa89cd9335cc084e7b6 b556785f03e24099bde7d34a16315435 - - default default] GET http://cinder-api.openstack.svc.cluster.local:8776/v3/b556785f03e24099bde7d34a16315435/os-quota-sets/a1132b066d924b0c81bc88ac8a53e2c8?usage=true
2026-05-12 17:40:32.331 7 INFO cinder.api.openstack.wsgi [None req-db501c92-b323-4a3f-b72a-4f36591209e7 3acf3b822afb4aa89cd9335cc084e7b6 b556785f03e24099bde7d34a16315435 - - default default] http://cinder-api.openstack.svc.cluster.local:8776/v3/b556785f03e24099bde7d34a16315435/os-quota-sets/a1132b066d924b0c81bc88ac8a53e2c8?usage=true returned with HTTP 200 [pid: 7|app: 0|req: 372/739] 10.0.0.76 () {28 vars in 734 bytes} [Tue May 12 17:40:32 2026] GET /v3/b556785f03e24099bde7d34a16315435/os-quota-sets/a1132b066d924b0c81bc88ac8a53e2c8?usage=true => generated 847 bytes in 31 msecs (HTTP/1.1 200) 7 headers in 285 bytes (1 switches on core 0)
2026-05-12 17:40:32.349 8 INFO cinder.api.openstack.wsgi [None req-06e6f125-386a-4f05-b111-c3c823a575ad 3acf3b822afb4aa89cd9335cc084e7b6 b556785f03e24099bde7d34a16315435 - - default default] GET http://cinder-api.openstack.svc.cluster.local:8776/v3/b556785f03e24099bde7d34a16315435/os-quota-sets/b52114d94f84459eb9edb415a45e7d40?usage=true
2026-05-12 17:40:32.363 8 INFO cinder.api.openstack.wsgi [None req-06e6f125-386a-4f05-b111-c3c823a575ad 3acf3b822afb4aa89cd9335cc084e7b6 b556785f03e24099bde7d34a16315435 - - default default] http://cinder-api.openstack.svc.cluster.local:8776/v3/b556785f03e24099bde7d34a16315435/os-quota-sets/b52114d94f84459eb9edb415a45e7d40?usage=true returned with HTTP 200 [pid: 8|app: 0|req: 368/740] 10.0.0.76 () {28 vars in 734 bytes} [Tue May 12 17:40:32 2026] GET /v3/b556785f03e24099bde7d34a16315435/os-quota-sets/b52114d94f84459eb9edb415a45e7d40?usage=true => generated 847 bytes in 23 msecs (HTTP/1.1 200) 7 headers in 285 bytes (1 switches on core 0)
2026-05-12 17:40:32.377 7 INFO cinder.api.openstack.wsgi [None req-a54f6906-c18e-4667-beca-6d0e47473a11 3acf3b822afb4aa89cd9335cc084e7b6 b556785f03e24099bde7d34a16315435 - - default default] GET http://cinder-api.openstack.svc.cluster.local:8776/v3/b556785f03e24099bde7d34a16315435/os-quota-sets/b53c7c33903a424ca86f9ff5ea694ca5?usage=true
2026-05-12 17:40:32.399 7 INFO cinder.api.openstack.wsgi [None req-a54f6906-c18e-4667-beca-6d0e47473a11 3acf3b822afb4aa89cd9335cc084e7b6 b556785f03e24099bde7d34a16315435 - - default default] http://cinder-api.openstack.svc.cluster.local:8776/v3/b556785f03e24099bde7d34a16315435/os-quota-sets/b53c7c33903a424ca86f9ff5ea694ca5?usage=true returned with HTTP 200 [pid: 7|app: 0|req: 373/741] 10.0.0.76 () {28 vars in 734 bytes} [Tue May 12 17:40:32 2026] GET /v3/b556785f03e24099bde7d34a16315435/os-quota-sets/b53c7c33903a424ca86f9ff5ea694ca5?usage=true => generated 845 bytes in 30 msecs (HTTP/1.1 200) 7 headers in 285 bytes (1 switches on core 0)
2026-05-12 17:40:32.410 8 INFO cinder.api.openstack.wsgi [None req-a2eb5596-0ac8-4765-8ea4-34faeb8edefb 3acf3b822afb4aa89cd9335cc084e7b6 b556785f03e24099bde7d34a16315435 - - default default] GET http://cinder-api.openstack.svc.cluster.local:8776/v3/b556785f03e24099bde7d34a16315435/os-quota-sets/b556785f03e24099bde7d34a16315435?usage=true
2026-05-12 17:40:32.430 8 INFO cinder.api.openstack.wsgi [None req-a2eb5596-0ac8-4765-8ea4-34faeb8edefb 3acf3b822afb4aa89cd9335cc084e7b6 b556785f03e24099bde7d34a16315435 - - default default] http://cinder-api.openstack.svc.cluster.local:8776/v3/b556785f03e24099bde7d34a16315435/os-quota-sets/b556785f03e24099bde7d34a16315435?usage=true returned with HTTP 200 [pid: 8|app: 0|req: 369/742] 10.0.0.76 () {28 vars in 734 bytes} [Tue May 12 17:40:32 2026] GET /v3/b556785f03e24099bde7d34a16315435/os-quota-sets/b556785f03e24099bde7d34a16315435?usage=true => generated 845 bytes in 27 msecs (HTTP/1.1 200) 7 headers in 285 bytes (1 switches on core 0)
2026-05-12 17:40:32.442 7 INFO cinder.api.openstack.wsgi [None req-5c25ec31-dc8a-40d1-abfd-365e9f9da648 3acf3b822afb4aa89cd9335cc084e7b6 b556785f03e24099bde7d34a16315435 - - default default] GET http://cinder-api.openstack.svc.cluster.local:8776/v3/b556785f03e24099bde7d34a16315435/os-services
2026-05-12 17:40:32.447 7 INFO cinder.api.openstack.wsgi [None req-5c25ec31-dc8a-40d1-abfd-365e9f9da648 3acf3b822afb4aa89cd9335cc084e7b6 b556785f03e24099bde7d34a16315435 - - default default] http://cinder-api.openstack.svc.cluster.local:8776/v3/b556785f03e24099bde7d34a16315435/os-services returned with HTTP 200 [pid: 7|app: 0|req: 374/743] 10.0.0.76 () {28 vars in 643 bytes} [Tue May 12 17:40:32 2026] GET /v3/b556785f03e24099bde7d34a16315435/os-services => generated 646 bytes in 12 msecs (HTTP/1.1 200) 7 headers in 285 bytes (1 switches on core 0)
2026-05-12 17:40:32.454 8 INFO cinder.api.openstack.wsgi [None req-2151ff55-c319-4500-8111-a15a13563e00 3acf3b822afb4aa89cd9335cc084e7b6 b556785f03e24099bde7d34a16315435 - - default default] GET http://cinder-api.openstack.svc.cluster.local:8776/v3/b556785f03e24099bde7d34a16315435/volumes/detail?all_tenants=true
2026-05-12 17:40:32.461 8 INFO cinder.volume.api [None req-2151ff55-c319-4500-8111-a15a13563e00 3acf3b822afb4aa89cd9335cc084e7b6 b556785f03e24099bde7d34a16315435 - - default default] Get all volumes completed successfully.
2026-05-12 17:40:32.463 8 INFO cinder.api.openstack.wsgi [None req-2151ff55-c319-4500-8111-a15a13563e00 3acf3b822afb4aa89cd9335cc084e7b6 b556785f03e24099bde7d34a16315435 - - default default] http://cinder-api.openstack.svc.cluster.local:8776/v3/b556785f03e24099bde7d34a16315435/volumes/detail?all_tenants=true returned with HTTP 200 [pid: 8|app: 0|req: 370/744] 10.0.0.76 () {28 vars in 682 bytes} [Tue May 12 17:40:32 2026] GET /v3/b556785f03e24099bde7d34a16315435/volumes/detail?all_tenants=true => generated 15 bytes in 13 msecs (HTTP/1.1 200) 7 headers in 284 bytes (1 switches on core 0)
2026-05-12 17:40:32.474 7 INFO cinder.api.openstack.wsgi [None req-347f3be9-7395-46e4-9d30-948acb220bdb 3acf3b822afb4aa89cd9335cc084e7b6 b556785f03e24099bde7d34a16315435 - - default default] GET http://cinder-api.openstack.svc.cluster.local:8776/v3/b556785f03e24099bde7d34a16315435/scheduler-stats/get_pools?detail=true
2026-05-12 17:40:32.979 7 INFO cinder.api.openstack.wsgi [None req-347f3be9-7395-46e4-9d30-948acb220bdb 3acf3b822afb4aa89cd9335cc084e7b6 b556785f03e24099bde7d34a16315435 - - default default] http://cinder-api.openstack.svc.cluster.local:8776/v3/b556785f03e24099bde7d34a16315435/scheduler-stats/get_pools?detail=true returned with HTTP 200 [pid: 7|app: 0|req: 375/745] 10.0.0.76 () {28 vars in 694 bytes} [Tue May 12 17:40:32 2026] GET /v3/b556785f03e24099bde7d34a16315435/scheduler-stats/get_pools?detail=true => generated 670 bytes in 512 msecs (HTTP/1.1 200) 7 headers in 285 bytes (1 switches on core 0)
2026-05-12 17:40:37.743 7 INFO cinder.api.openstack.wsgi [None req-347f3be9-7395-46e4-9d30-948acb220bdb 3acf3b822afb4aa89cd9335cc084e7b6 b556785f03e24099bde7d34a16315435 - - default default] GET http://10.0.0.87:8776/
2026-05-12 17:40:37.743 8 INFO cinder.api.openstack.wsgi [None req-2151ff55-c319-4500-8111-a15a13563e00 3acf3b822afb4aa89cd9335cc084e7b6 b556785f03e24099bde7d34a16315435 - - default default] GET http://10.0.0.87:8776/
2026-05-12 17:40:37.744 7 INFO cinder.api.openstack.wsgi [None req-347f3be9-7395-46e4-9d30-948acb220bdb 3acf3b822afb4aa89cd9335cc084e7b6 b556785f03e24099bde7d34a16315435 - - default default] http://10.0.0.87:8776/ returned with HTTP 300
2026-05-12 17:40:37.744 8 INFO cinder.api.openstack.wsgi [None req-2151ff55-c319-4500-8111-a15a13563e00 3acf3b822afb4aa89cd9335cc084e7b6 b556785f03e24099bde7d34a16315435 - - default default] http://10.0.0.87:8776/ returned with HTTP 300
2026-05-12 17:40:47.743 7 INFO cinder.api.openstack.wsgi [None req-347f3be9-7395-46e4-9d30-948acb220bdb 3acf3b822afb4aa89cd9335cc084e7b6 b556785f03e24099bde7d34a16315435 - - default default] GET http://10.0.0.87:8776/
2026-05-12 17:40:47.744 7 INFO cinder.api.openstack.wsgi [None req-347f3be9-7395-46e4-9d30-948acb220bdb 3acf3b822afb4aa89cd9335cc084e7b6 b556785f03e24099bde7d34a16315435 - - default default] http://10.0.0.87:8776/ returned with HTTP 300
2026-05-12 17:40:47.744 8 INFO cinder.api.openstack.wsgi [None req-2151ff55-c319-4500-8111-a15a13563e00 3acf3b822afb4aa89cd9335cc084e7b6 b556785f03e24099bde7d34a16315435 - - default default] GET http://10.0.0.87:8776/
2026-05-12 17:40:47.745 8 INFO cinder.api.openstack.wsgi [None req-2151ff55-c319-4500-8111-a15a13563e00 3acf3b822afb4aa89cd9335cc084e7b6 b556785f03e24099bde7d34a16315435 - - default default] http://10.0.0.87:8776/ returned with HTTP 300
2026-05-12 17:40:57.742 7 INFO cinder.api.openstack.wsgi [None req-347f3be9-7395-46e4-9d30-948acb220bdb 3acf3b822afb4aa89cd9335cc084e7b6 b556785f03e24099bde7d34a16315435 - - default default] GET http://10.0.0.87:8776/
2026-05-12 17:40:57.743 7 INFO cinder.api.openstack.wsgi [None req-347f3be9-7395-46e4-9d30-948acb220bdb 3acf3b822afb4aa89cd9335cc084e7b6 b556785f03e24099bde7d34a16315435 - - default default] http://10.0.0.87:8776/ returned with HTTP 300
2026-05-12 17:40:57.743 8 INFO cinder.api.openstack.wsgi [None req-2151ff55-c319-4500-8111-a15a13563e00 3acf3b822afb4aa89cd9335cc084e7b6 b556785f03e24099bde7d34a16315435 - - default default] GET http://10.0.0.87:8776/
2026-05-12 17:40:57.745 8 INFO cinder.api.openstack.wsgi [None req-2151ff55-c319-4500-8111-a15a13563e00 3acf3b822afb4aa89cd9335cc084e7b6 b556785f03e24099bde7d34a16315435 - - default default] http://10.0.0.87:8776/ returned with HTTP 300
2026-05-12 17:41:07.743 8 INFO cinder.api.openstack.wsgi [None req-2151ff55-c319-4500-8111-a15a13563e00 3acf3b822afb4aa89cd9335cc084e7b6 b556785f03e24099bde7d34a16315435 - - default default] GET http://10.0.0.87:8776/
2026-05-12 17:41:07.743 8 INFO cinder.api.openstack.wsgi [None req-2151ff55-c319-4500-8111-a15a13563e00 3acf3b822afb4aa89cd9335cc084e7b6 b556785f03e24099bde7d34a16315435 - - default default] http://10.0.0.87:8776/ returned with HTTP 300
2026-05-12 17:41:07.744 7 INFO cinder.api.openstack.wsgi [None req-347f3be9-7395-46e4-9d30-948acb220bdb 3acf3b822afb4aa89cd9335cc084e7b6 b556785f03e24099bde7d34a16315435 - - default default] GET http://10.0.0.87:8776/
2026-05-12 17:41:07.745 7 INFO cinder.api.openstack.wsgi [None req-347f3be9-7395-46e4-9d30-948acb220bdb 3acf3b822afb4aa89cd9335cc084e7b6 b556785f03e24099bde7d34a16315435 - - default default] http://10.0.0.87:8776/ returned with HTTP 300
2026-05-12 17:41:17.742 7 INFO cinder.api.openstack.wsgi [None req-347f3be9-7395-46e4-9d30-948acb220bdb 3acf3b822afb4aa89cd9335cc084e7b6 b556785f03e24099bde7d34a16315435 - - default default] GET http://10.0.0.87:8776/
2026-05-12 17:41:17.742 8 INFO cinder.api.openstack.wsgi [None req-2151ff55-c319-4500-8111-a15a13563e00 3acf3b822afb4aa89cd9335cc084e7b6 b556785f03e24099bde7d34a16315435 - - default default] GET http://10.0.0.87:8776/
2026-05-12 17:41:17.743 7 INFO cinder.api.openstack.wsgi [None req-347f3be9-7395-46e4-9d30-948acb220bdb 3acf3b822afb4aa89cd9335cc084e7b6 b556785f03e24099bde7d34a16315435 - - default default] http://10.0.0.87:8776/ returned with HTTP 300
2026-05-12 17:41:17.743 8 INFO cinder.api.openstack.wsgi [None req-2151ff55-c319-4500-8111-a15a13563e00 3acf3b822afb4aa89cd9335cc084e7b6 b556785f03e24099bde7d34a16315435 - - default default] http://10.0.0.87:8776/ returned with HTTP 300
2026-05-12 17:41:27.743 7 INFO cinder.api.openstack.wsgi [None req-347f3be9-7395-46e4-9d30-948acb220bdb 3acf3b822afb4aa89cd9335cc084e7b6 b556785f03e24099bde7d34a16315435 - - default default] GET http://10.0.0.87:8776/
2026-05-12 17:41:27.743 8 INFO cinder.api.openstack.wsgi [None req-2151ff55-c319-4500-8111-a15a13563e00 3acf3b822afb4aa89cd9335cc084e7b6 b556785f03e24099bde7d34a16315435 - - default default] GET http://10.0.0.87:8776/
2026-05-12 17:41:27.744 7 INFO cinder.api.openstack.wsgi [None req-347f3be9-7395-46e4-9d30-948acb220bdb 3acf3b822afb4aa89cd9335cc084e7b6 b556785f03e24099bde7d34a16315435 - - default default] http://10.0.0.87:8776/ returned with HTTP 300
2026-05-12 17:41:27.744 8 INFO cinder.api.openstack.wsgi [None req-2151ff55-c319-4500-8111-a15a13563e00 3acf3b822afb4aa89cd9335cc084e7b6 b556785f03e24099bde7d34a16315435 - - default default] http://10.0.0.87:8776/ returned with HTTP 300
2026-05-12 17:41:32.039 7 INFO cinder.api.openstack.wsgi [None req-f61ff542-1756-4033-b5b5-c10e9587143f 3acf3b822afb4aa89cd9335cc084e7b6 b556785f03e24099bde7d34a16315435 - - default default] GET http://cinder-api.openstack.svc.cluster.local:8776/v3/b556785f03e24099bde7d34a16315435/os-services
2026-05-12 17:41:32.044 7 INFO cinder.api.openstack.wsgi [None req-f61ff542-1756-4033-b5b5-c10e9587143f 3acf3b822afb4aa89cd9335cc084e7b6 b556785f03e24099bde7d34a16315435 - - default default] http://cinder-api.openstack.svc.cluster.local:8776/v3/b556785f03e24099bde7d34a16315435/os-services returned with HTTP 200 [pid: 7|app: 0|req: 382/758] 10.0.0.76 () {28 vars in 643 bytes} [Tue May 12 17:41:31 2026] GET /v3/b556785f03e24099bde7d34a16315435/os-services => generated 646 bytes in 95 msecs (HTTP/1.1 200) 7 headers in 285 bytes (1 switches on core 0)
2026-05-12 17:41:32.057 8 INFO cinder.api.openstack.wsgi [None req-ff7f3655-1955-49df-8486-921349507b95 3acf3b822afb4aa89cd9335cc084e7b6 b556785f03e24099bde7d34a16315435 - - default default] GET http://cinder-api.openstack.svc.cluster.local:8776/v3/b556785f03e24099bde7d34a16315435/scheduler-stats/get_pools?detail=true
2026-05-12 17:41:32.560 8 INFO cinder.api.openstack.wsgi [None req-ff7f3655-1955-49df-8486-921349507b95 3acf3b822afb4aa89cd9335cc084e7b6 b556785f03e24099bde7d34a16315435 - - default default] http://cinder-api.openstack.svc.cluster.local:8776/v3/b556785f03e24099bde7d34a16315435/scheduler-stats/get_pools?detail=true returned with HTTP 200 [pid: 8|app: 0|req: 377/759] 10.0.0.76 () {28 vars in 694 bytes} [Tue May 12 17:41:32 2026] GET /v3/b556785f03e24099bde7d34a16315435/scheduler-stats/get_pools?detail=true => generated 670 bytes in 511 msecs (HTTP/1.1 200) 7 headers in 285 bytes (1 switches on core 0)
2026-05-12 17:41:32.573 7 INFO cinder.api.openstack.wsgi [None req-03281d31-b9c4-402e-9c1d-1afd2fa932dd 3acf3b822afb4aa89cd9335cc084e7b6 b556785f03e24099bde7d34a16315435 - - default default] GET http://cinder-api.openstack.svc.cluster.local:8776/v3/b556785f03e24099bde7d34a16315435/snapshots?all_tenants=true
2026-05-12 17:41:32.579 7 INFO cinder.volume.api [None req-03281d31-b9c4-402e-9c1d-1afd2fa932dd 3acf3b822afb4aa89cd9335cc084e7b6 b556785f03e24099bde7d34a16315435 - - default default] Get all snapshots completed successfully.
2026-05-12 17:41:32.579 7 INFO cinder.api.openstack.wsgi [None req-03281d31-b9c4-402e-9c1d-1afd2fa932dd 3acf3b822afb4aa89cd9335cc084e7b6 b556785f03e24099bde7d34a16315435 - - default default] http://cinder-api.openstack.svc.cluster.local:8776/v3/b556785f03e24099bde7d34a16315435/snapshots?all_tenants=true returned with HTTP 200 [pid: 7|app: 0|req: 383/760] 10.0.0.76 () {28 vars in 672 bytes} [Tue May 12 17:41:32 2026] GET /v3/b556785f03e24099bde7d34a16315435/snapshots?all_tenants=true => generated 17 bytes in 13 msecs (HTTP/1.1 200) 7 headers in 284 bytes (1 switches on core 0)
2026-05-12 17:41:32.596 8 INFO cinder.api.openstack.wsgi [None req-aa1a704b-1d7f-46ac-b115-040efdab12c4 3acf3b822afb4aa89cd9335cc084e7b6 b556785f03e24099bde7d34a16315435 - - default default] GET http://cinder-api.openstack.svc.cluster.local:8776/v3/b556785f03e24099bde7d34a16315435/volumes/detail?all_tenants=true
2026-05-12 17:41:32.604 8 INFO cinder.volume.api [None req-aa1a704b-1d7f-46ac-b115-040efdab12c4 3acf3b822afb4aa89cd9335cc084e7b6 b556785f03e24099bde7d34a16315435 - - default default] Get all volumes completed successfully.
2026-05-12 17:41:32.605 8 INFO cinder.api.openstack.wsgi [None req-aa1a704b-1d7f-46ac-b115-040efdab12c4 3acf3b822afb4aa89cd9335cc084e7b6 b556785f03e24099bde7d34a16315435 - - default default] http://cinder-api.openstack.svc.cluster.local:8776/v3/b556785f03e24099bde7d34a16315435/volumes/detail?all_tenants=true returned with HTTP 200 [pid: 8|app: 0|req: 378/761] 10.0.0.76 () {28 vars in 682 bytes} [Tue May 12 17:41:32 2026] GET /v3/b556785f03e24099bde7d34a16315435/volumes/detail?all_tenants=true => generated 15 bytes in 18 msecs (HTTP/1.1 200) 7 headers in 284 bytes (1 switches on core 0)
2026-05-12 17:41:32.661 7 INFO cinder.api.openstack.wsgi [None req-bacd69e9-e3cd-4979-bdba-69e57d1da65e 3acf3b822afb4aa89cd9335cc084e7b6 b556785f03e24099bde7d34a16315435 - - default default] GET http://cinder-api.openstack.svc.cluster.local:8776/v3/b556785f03e24099bde7d34a16315435/os-quota-sets/0bf86b9bb4e14c919477654886cff820?usage=true
2026-05-12 17:41:32.684 7 INFO cinder.api.openstack.wsgi [None req-bacd69e9-e3cd-4979-bdba-69e57d1da65e 3acf3b822afb4aa89cd9335cc084e7b6 b556785f03e24099bde7d34a16315435 - - default default] http://cinder-api.openstack.svc.cluster.local:8776/v3/b556785f03e24099bde7d34a16315435/os-quota-sets/0bf86b9bb4e14c919477654886cff820?usage=true returned with HTTP 200 [pid: 7|app: 0|req: 384/762] 10.0.0.76 () {28 vars in 734 bytes} [Tue May 12 17:41:32 2026] GET /v3/b556785f03e24099bde7d34a16315435/os-quota-sets/0bf86b9bb4e14c919477654886cff820?usage=true => generated 847 bytes in 31 msecs (HTTP/1.1 200) 7 headers in 285 bytes (1 switches on core 0)
2026-05-12 17:41:32.701 8 INFO cinder.api.openstack.wsgi [None req-93a908f7-1a56-4c69-b71e-6f4f7da91d21 3acf3b822afb4aa89cd9335cc084e7b6 b556785f03e24099bde7d34a16315435 - - default default] GET http://cinder-api.openstack.svc.cluster.local:8776/v3/b556785f03e24099bde7d34a16315435/os-quota-sets/1283b4d3884d483395e715c9f0885595?usage=true
2026-05-12 17:41:32.723 8 INFO cinder.api.openstack.wsgi [None req-93a908f7-1a56-4c69-b71e-6f4f7da91d21 3acf3b822afb4aa89cd9335cc084e7b6 b556785f03e24099bde7d34a16315435 - - default default] http://cinder-api.openstack.svc.cluster.local:8776/v3/b556785f03e24099bde7d34a16315435/os-quota-sets/1283b4d3884d483395e715c9f0885595?usage=true returned with HTTP 200 [pid: 8|app: 0|req: 379/763] 10.0.0.76 () {28 vars in 734 bytes} [Tue May 12 17:41:32 2026] GET /v3/b556785f03e24099bde7d34a16315435/os-quota-sets/1283b4d3884d483395e715c9f0885595?usage=true => generated 847 bytes in 33 msecs (HTTP/1.1 200) 7 headers in 285 bytes (1 switches on core 0)
2026-05-12 17:41:32.734 7 INFO cinder.api.openstack.wsgi [None req-6db5fc29-7c2f-4405-bf8a-cc9bff704cc4 3acf3b822afb4aa89cd9335cc084e7b6 b556785f03e24099bde7d34a16315435 - - default default] GET http://cinder-api.openstack.svc.cluster.local:8776/v3/b556785f03e24099bde7d34a16315435/os-quota-sets/1578889cde3f415d85e78a74a6c0cdb1?usage=true
2026-05-12 17:41:32.756 7 INFO cinder.api.openstack.wsgi [None req-6db5fc29-7c2f-4405-bf8a-cc9bff704cc4 3acf3b822afb4aa89cd9335cc084e7b6 b556785f03e24099bde7d34a16315435 - - default default] http://cinder-api.openstack.svc.cluster.local:8776/v3/b556785f03e24099bde7d34a16315435/os-quota-sets/1578889cde3f415d85e78a74a6c0cdb1?usage=true returned with HTTP 200 [pid: 7|app: 0|req: 385/764] 10.0.0.76 () {28 vars in 734 bytes} [Tue May 12 17:41:32 2026] GET /v3/b556785f03e24099bde7d34a16315435/os-quota-sets/1578889cde3f415d85e78a74a6c0cdb1?usage=true => generated 847 bytes in 30 msecs (HTTP/1.1 200) 7 headers in 285 bytes (1 switches on core 0)
2026-05-12 17:41:32.767 8 INFO cinder.api.openstack.wsgi [None req-b52780d5-e03d-4f7a-b0e3-50bfda54dd64 3acf3b822afb4aa89cd9335cc084e7b6 b556785f03e24099bde7d34a16315435 - - default default] GET http://cinder-api.openstack.svc.cluster.local:8776/v3/b556785f03e24099bde7d34a16315435/os-quota-sets/2850de78213044d6a55fc2a29c7aad68?usage=true
2026-05-12 17:41:32.788 8 INFO cinder.api.openstack.wsgi [None req-b52780d5-e03d-4f7a-b0e3-50bfda54dd64 3acf3b822afb4aa89cd9335cc084e7b6 b556785f03e24099bde7d34a16315435 - - default default] http://cinder-api.openstack.svc.cluster.local:8776/v3/b556785f03e24099bde7d34a16315435/os-quota-sets/2850de78213044d6a55fc2a29c7aad68?usage=true returned with HTTP 200 [pid: 8|app: 0|req: 380/765] 10.0.0.76 () {28 vars in 734 bytes} [Tue May 12 17:41:32 2026] GET /v3/b556785f03e24099bde7d34a16315435/os-quota-sets/2850de78213044d6a55fc2a29c7aad68?usage=true => generated 847 bytes in 28 msecs (HTTP/1.1 200) 7 headers in 285 bytes (1 switches on core 0)
2026-05-12 17:41:32.799 7 INFO cinder.api.openstack.wsgi [None req-158dfb94-df45-417e-9e0c-46e92633ca14 3acf3b822afb4aa89cd9335cc084e7b6 b556785f03e24099bde7d34a16315435 - - default default] GET http://cinder-api.openstack.svc.cluster.local:8776/v3/b556785f03e24099bde7d34a16315435/os-quota-sets/4a16f898ee4e44ce827f5acd59aed498?usage=true
2026-05-12 17:41:32.829 7 INFO cinder.api.openstack.wsgi [None req-158dfb94-df45-417e-9e0c-46e92633ca14 3acf3b822afb4aa89cd9335cc084e7b6 b556785f03e24099bde7d34a16315435 - - default default] http://cinder-api.openstack.svc.cluster.local:8776/v3/b556785f03e24099bde7d34a16315435/os-quota-sets/4a16f898ee4e44ce827f5acd59aed498?usage=true returned with HTTP 200 [pid: 7|app: 0|req: 386/766] 10.0.0.76 () {28 vars in 734 bytes} [Tue May 12 17:41:32 2026] GET /v3/b556785f03e24099bde7d34a16315435/os-quota-sets/4a16f898ee4e44ce827f5acd59aed498?usage=true => generated 847 bytes in 39 msecs (HTTP/1.1 200) 7 headers in 285 bytes (1 switches on core 0)
2026-05-12 17:41:32.841 8 INFO cinder.api.openstack.wsgi [None req-60967d2d-0941-49bc-ba20-f033dd00f60e 3acf3b822afb4aa89cd9335cc084e7b6 b556785f03e24099bde7d34a16315435 - - default default] GET http://cinder-api.openstack.svc.cluster.local:8776/v3/b556785f03e24099bde7d34a16315435/os-quota-sets/4bd7d4f842c04571ae4d728bc0178299?usage=true
2026-05-12 17:41:32.862 8 INFO cinder.api.openstack.wsgi [None req-60967d2d-0941-49bc-ba20-f033dd00f60e 3acf3b822afb4aa89cd9335cc084e7b6 b556785f03e24099bde7d34a16315435 - - default default] http://cinder-api.openstack.svc.cluster.local:8776/v3/b556785f03e24099bde7d34a16315435/os-quota-sets/4bd7d4f842c04571ae4d728bc0178299?usage=true returned with HTTP 200 [pid: 8|app: 0|req: 381/767] 10.0.0.76 () {28 vars in 734 bytes} [Tue May 12 17:41:32 2026] GET /v3/b556785f03e24099bde7d34a16315435/os-quota-sets/4bd7d4f842c04571ae4d728bc0178299?usage=true => generated 847 bytes in 29 msecs (HTTP/1.1 200) 7 headers in 285 bytes (1 switches on core 0)
2026-05-12 17:41:32.875 7 INFO cinder.api.openstack.wsgi [None req-149c849c-54f8-427e-b37b-c6407a9fd4f3 3acf3b822afb4aa89cd9335cc084e7b6 b556785f03e24099bde7d34a16315435 - - default default] GET http://cinder-api.openstack.svc.cluster.local:8776/v3/b556785f03e24099bde7d34a16315435/os-quota-sets/4c725ad35c924c21809a181a378d7235?usage=true
2026-05-12 17:41:32.906 7 INFO cinder.api.openstack.wsgi [None req-149c849c-54f8-427e-b37b-c6407a9fd4f3 3acf3b822afb4aa89cd9335cc084e7b6 b556785f03e24099bde7d34a16315435 - - default default] http://cinder-api.openstack.svc.cluster.local:8776/v3/b556785f03e24099bde7d34a16315435/os-quota-sets/4c725ad35c924c21809a181a378d7235?usage=true returned with HTTP 200 [pid: 7|app: 0|req: 387/768] 10.0.0.76 () {28 vars in 734 bytes} [Tue May 12 17:41:32 2026] GET /v3/b556785f03e24099bde7d34a16315435/os-quota-sets/4c725ad35c924c21809a181a378d7235?usage=true => generated 847 bytes in 41 msecs (HTTP/1.1 200) 7 headers in 285 bytes (1 switches on core 0)
2026-05-12 17:41:32.919 8 INFO cinder.api.openstack.wsgi [None req-898a2d26-584a-4972-a9c8-d6aa7c218e77 3acf3b822afb4aa89cd9335cc084e7b6 b556785f03e24099bde7d34a16315435 - - default default] GET http://cinder-api.openstack.svc.cluster.local:8776/v3/b556785f03e24099bde7d34a16315435/os-quota-sets/78b026eae74443d487c9433f0f373a1a?usage=true
2026-05-12 17:41:32.946 8 INFO cinder.api.openstack.wsgi [None req-898a2d26-584a-4972-a9c8-d6aa7c218e77 3acf3b822afb4aa89cd9335cc084e7b6 b556785f03e24099bde7d34a16315435 - - default default] http://cinder-api.openstack.svc.cluster.local:8776/v3/b556785f03e24099bde7d34a16315435/os-quota-sets/78b026eae74443d487c9433f0f373a1a?usage=true returned with HTTP 200 [pid: 8|app: 0|req: 382/769] 10.0.0.76 () {28 vars in 734 bytes} [Tue May 12 17:41:32 2026] GET /v3/b556785f03e24099bde7d34a16315435/os-quota-sets/78b026eae74443d487c9433f0f373a1a?usage=true => generated 847 bytes in 35 msecs (HTTP/1.1 200) 7 headers in 285 bytes (1 switches on core 0)
2026-05-12 17:41:32.960 7 INFO cinder.api.openstack.wsgi [None req-511d3298-3b0e-4a35-b5ca-569e8f14e613 3acf3b822afb4aa89cd9335cc084e7b6 b556785f03e24099bde7d34a16315435 - - default default] GET http://cinder-api.openstack.svc.cluster.local:8776/v3/b556785f03e24099bde7d34a16315435/os-quota-sets/7f5cbfbfe30948949e598c02c44a799d?usage=true
2026-05-12 17:41:32.986 7 INFO cinder.api.openstack.wsgi [None req-511d3298-3b0e-4a35-b5ca-569e8f14e613 3acf3b822afb4aa89cd9335cc084e7b6 b556785f03e24099bde7d34a16315435 - - default default] http://cinder-api.openstack.svc.cluster.local:8776/v3/b556785f03e24099bde7d34a16315435/os-quota-sets/7f5cbfbfe30948949e598c02c44a799d?usage=true returned with HTTP 200 [pid: 7|app: 0|req: 388/770] 10.0.0.76 () {28 vars in 734 bytes} [Tue May 12 17:41:32 2026] GET /v3/b556785f03e24099bde7d34a16315435/os-quota-sets/7f5cbfbfe30948949e598c02c44a799d?usage=true => generated 847 bytes in 34 msecs (HTTP/1.1 200) 7 headers in 285 bytes (1 switches on core 0)
2026-05-12 17:41:32.998 8 INFO cinder.api.openstack.wsgi [None req-c28614c9-7cc5-4d0b-b1ee-a267962da234 3acf3b822afb4aa89cd9335cc084e7b6 b556785f03e24099bde7d34a16315435 - - default default] GET http://cinder-api.openstack.svc.cluster.local:8776/v3/b556785f03e24099bde7d34a16315435/os-quota-sets/a420a926a1fe47b4aef8d7db58e8af0c?usage=true
2026-05-12 17:41:33.019 8 INFO cinder.api.openstack.wsgi [None req-c28614c9-7cc5-4d0b-b1ee-a267962da234 3acf3b822afb4aa89cd9335cc084e7b6 b556785f03e24099bde7d34a16315435 - - default default] http://cinder-api.openstack.svc.cluster.local:8776/v3/b556785f03e24099bde7d34a16315435/os-quota-sets/a420a926a1fe47b4aef8d7db58e8af0c?usage=true returned with HTTP 200 [pid: 8|app: 0|req: 383/771] 10.0.0.76 () {28 vars in 734 bytes} [Tue May 12 17:41:32 2026] GET /v3/b556785f03e24099bde7d34a16315435/os-quota-sets/a420a926a1fe47b4aef8d7db58e8af0c?usage=true => generated 847 bytes in 28 msecs (HTTP/1.1 200) 7 headers in 285 bytes (1 switches on core 0)
2026-05-12 17:41:33.032 7 INFO cinder.api.openstack.wsgi [None req-b4bd88ad-4b1f-4b1c-a861-85b8f4e9319f 3acf3b822afb4aa89cd9335cc084e7b6 b556785f03e24099bde7d34a16315435 - - default default] GET http://cinder-api.openstack.svc.cluster.local:8776/v3/b556785f03e24099bde7d34a16315435/os-quota-sets/a6f90e9ea3b342fb958630d2678a88aa?usage=true
2026-05-12 17:41:33.058 7 INFO cinder.api.openstack.wsgi [None req-b4bd88ad-4b1f-4b1c-a861-85b8f4e9319f 3acf3b822afb4aa89cd9335cc084e7b6 b556785f03e24099bde7d34a16315435 - - default default] http://cinder-api.openstack.svc.cluster.local:8776/v3/b556785f03e24099bde7d34a16315435/os-quota-sets/a6f90e9ea3b342fb958630d2678a88aa?usage=true returned with HTTP 200 [pid: 7|app: 0|req: 389/772] 10.0.0.76 () {28 vars in 734 bytes} [Tue May 12 17:41:33 2026] GET /v3/b556785f03e24099bde7d34a16315435/os-quota-sets/a6f90e9ea3b342fb958630d2678a88aa?usage=true => generated 847 bytes in 34 msecs (HTTP/1.1 200) 7 headers in 285 bytes (1 switches on core 0)
2026-05-12 17:41:33.068 8 INFO cinder.api.openstack.wsgi [None req-1303db76-2a12-44bd-a4e5-22244716429e 3acf3b822afb4aa89cd9335cc084e7b6 b556785f03e24099bde7d34a16315435 - - default default] GET http://cinder-api.openstack.svc.cluster.local:8776/v3/b556785f03e24099bde7d34a16315435/os-quota-sets/a89fb9565de441cda0647244c6a174f7?usage=true
2026-05-12 17:41:33.089 8 INFO cinder.api.openstack.wsgi [None req-1303db76-2a12-44bd-a4e5-22244716429e 3acf3b822afb4aa89cd9335cc084e7b6 b556785f03e24099bde7d34a16315435 - - default default] http://cinder-api.openstack.svc.cluster.local:8776/v3/b556785f03e24099bde7d34a16315435/os-quota-sets/a89fb9565de441cda0647244c6a174f7?usage=true returned with HTTP 200 [pid: 8|app: 0|req: 384/773] 10.0.0.76 () {28 vars in 734 bytes} [Tue May 12 17:41:33 2026] GET /v3/b556785f03e24099bde7d34a16315435/os-quota-sets/a89fb9565de441cda0647244c6a174f7?usage=true => generated 847 bytes in 27 msecs (HTTP/1.1 200) 7 headers in 285 bytes (1 switches on core 0)
2026-05-12 17:41:33.101 7 INFO cinder.api.openstack.wsgi [None req-b9080bad-42ff-464c-8f8b-b91bb0e6a982 3acf3b822afb4aa89cd9335cc084e7b6 b556785f03e24099bde7d34a16315435 - - default default] GET http://cinder-api.openstack.svc.cluster.local:8776/v3/b556785f03e24099bde7d34a16315435/os-quota-sets/b52114d94f84459eb9edb415a45e7d40?usage=true
2026-05-12 17:41:33.118 7 INFO cinder.api.openstack.wsgi [None req-b9080bad-42ff-464c-8f8b-b91bb0e6a982 3acf3b822afb4aa89cd9335cc084e7b6 b556785f03e24099bde7d34a16315435 - - default default] http://cinder-api.openstack.svc.cluster.local:8776/v3/b556785f03e24099bde7d34a16315435/os-quota-sets/b52114d94f84459eb9edb415a45e7d40?usage=true returned with HTTP 200 [pid: 7|app: 0|req: 390/774] 10.0.0.76 () {28 vars in 734 bytes} [Tue May 12 17:41:33 2026] GET /v3/b556785f03e24099bde7d34a16315435/os-quota-sets/b52114d94f84459eb9edb415a45e7d40?usage=true => generated 847 bytes in 25 msecs (HTTP/1.1 200) 7 headers in 285 bytes (1 switches on core 0)
2026-05-12 17:41:33.130 8 INFO cinder.api.openstack.wsgi [None req-cd57047f-f646-42bb-8933-e8f16a82ecf6 3acf3b822afb4aa89cd9335cc084e7b6 b556785f03e24099bde7d34a16315435 - - default default] GET http://cinder-api.openstack.svc.cluster.local:8776/v3/b556785f03e24099bde7d34a16315435/os-quota-sets/b53c7c33903a424ca86f9ff5ea694ca5?usage=true
2026-05-12 17:41:33.154 8 INFO cinder.api.openstack.wsgi [None req-cd57047f-f646-42bb-8933-e8f16a82ecf6 3acf3b822afb4aa89cd9335cc084e7b6 b556785f03e24099bde7d34a16315435 - - default default] http://cinder-api.openstack.svc.cluster.local:8776/v3/b556785f03e24099bde7d34a16315435/os-quota-sets/b53c7c33903a424ca86f9ff5ea694ca5?usage=true returned with HTTP 200 [pid: 8|app: 0|req: 385/775] 10.0.0.76 () {28 vars in 734 bytes} [Tue May 12 17:41:33 2026] GET /v3/b556785f03e24099bde7d34a16315435/os-quota-sets/b53c7c33903a424ca86f9ff5ea694ca5?usage=true => generated 845 bytes in 32 msecs (HTTP/1.1 200) 7 headers in 285 bytes (1 switches on core 0)
2026-05-12 17:41:33.166 7 INFO cinder.api.openstack.wsgi [None req-077173ce-a7d7-4858-a161-2582e889ee73 3acf3b822afb4aa89cd9335cc084e7b6 b556785f03e24099bde7d34a16315435 - - default default] GET http://cinder-api.openstack.svc.cluster.local:8776/v3/b556785f03e24099bde7d34a16315435/os-quota-sets/b556785f03e24099bde7d34a16315435?usage=true
2026-05-12 17:41:33.191 7 INFO cinder.api.openstack.wsgi [None req-077173ce-a7d7-4858-a161-2582e889ee73 3acf3b822afb4aa89cd9335cc084e7b6 b556785f03e24099bde7d34a16315435 - - default default] http://cinder-api.openstack.svc.cluster.local:8776/v3/b556785f03e24099bde7d34a16315435/os-quota-sets/b556785f03e24099bde7d34a16315435?usage=true returned with HTTP 200 [pid: 7|app: 0|req: 391/776] 10.0.0.76 () {28 vars in 734 bytes} [Tue May 12 17:41:33 2026] GET /v3/b556785f03e24099bde7d34a16315435/os-quota-sets/b556785f03e24099bde7d34a16315435?usage=true => generated 845 bytes in 34 msecs (HTTP/1.1 200) 7 headers in 285 bytes (1 switches on core 0)
2026-05-12 17:41:33.202 8 INFO cinder.api.openstack.wsgi [None req-f9269d14-c307-44c7-82f1-3551cc1f1637 3acf3b822afb4aa89cd9335cc084e7b6 b556785f03e24099bde7d34a16315435 - - default default] GET http://cinder-api.openstack.svc.cluster.local:8776/v3/b556785f03e24099bde7d34a16315435/os-quota-sets/f7acd2f5571d4e6990e6509b96860b3b?usage=true
2026-05-12 17:41:33.226 8 INFO cinder.api.openstack.wsgi [None req-f9269d14-c307-44c7-82f1-3551cc1f1637 3acf3b822afb4aa89cd9335cc084e7b6 b556785f03e24099bde7d34a16315435 - - default default] http://cinder-api.openstack.svc.cluster.local:8776/v3/b556785f03e24099bde7d34a16315435/os-quota-sets/f7acd2f5571d4e6990e6509b96860b3b?usage=true returned with HTTP 200 [pid: 8|app: 0|req: 386/777] 10.0.0.76 () {28 vars in 734 bytes} [Tue May 12 17:41:33 2026] GET /v3/b556785f03e24099bde7d34a16315435/os-quota-sets/f7acd2f5571d4e6990e6509b96860b3b?usage=true => generated 847 bytes in 31 msecs (HTTP/1.1 200) 7 headers in 285 bytes (1 switches on core 0)
2026-05-12 17:41:33.237 7 INFO cinder.api.openstack.wsgi [None req-4b394afd-74ce-447e-b342-9ae5affad6e2 3acf3b822afb4aa89cd9335cc084e7b6 b556785f03e24099bde7d34a16315435 - - default default] GET http://cinder-api.openstack.svc.cluster.local:8776/v3/b556785f03e24099bde7d34a16315435/volumes/detail?all_tenants=true
2026-05-12 17:41:33.246 7 INFO cinder.volume.api [None req-4b394afd-74ce-447e-b342-9ae5affad6e2 3acf3b822afb4aa89cd9335cc084e7b6 b556785f03e24099bde7d34a16315435 - - default default] Get all volumes completed successfully.
2026-05-12 17:41:33.248 7 INFO cinder.api.openstack.wsgi [None req-4b394afd-74ce-447e-b342-9ae5affad6e2 3acf3b822afb4aa89cd9335cc084e7b6 b556785f03e24099bde7d34a16315435 - - default default] http://cinder-api.openstack.svc.cluster.local:8776/v3/b556785f03e24099bde7d34a16315435/volumes/detail?all_tenants=true returned with HTTP 200 [pid: 7|app: 0|req: 392/778] 10.0.0.76 () {28 vars in 682 bytes} [Tue May 12 17:41:33 2026] GET /v3/b556785f03e24099bde7d34a16315435/volumes/detail?all_tenants=true => generated 15 bytes in 18 msecs (HTTP/1.1 200) 7 headers in 284 bytes (1 switches on core 0)
2026-05-12 17:41:37.743 7 INFO cinder.api.openstack.wsgi [None req-4b394afd-74ce-447e-b342-9ae5affad6e2 3acf3b822afb4aa89cd9335cc084e7b6 b556785f03e24099bde7d34a16315435 - - default default] GET http://10.0.0.87:8776/
2026-05-12 17:41:37.743 8 INFO cinder.api.openstack.wsgi [None req-f9269d14-c307-44c7-82f1-3551cc1f1637 3acf3b822afb4aa89cd9335cc084e7b6 b556785f03e24099bde7d34a16315435 - - default default] GET http://10.0.0.87:8776/
2026-05-12 17:41:37.744 8 INFO cinder.api.openstack.wsgi [None req-f9269d14-c307-44c7-82f1-3551cc1f1637 3acf3b822afb4aa89cd9335cc084e7b6 b556785f03e24099bde7d34a16315435 - - default default] http://10.0.0.87:8776/ returned with HTTP 300
2026-05-12 17:41:37.744 7 INFO cinder.api.openstack.wsgi [None req-4b394afd-74ce-447e-b342-9ae5affad6e2 3acf3b822afb4aa89cd9335cc084e7b6 b556785f03e24099bde7d34a16315435 - - default default] http://10.0.0.87:8776/ returned with HTTP 300
2026-05-12 17:41:47.742 8 INFO cinder.api.openstack.wsgi [None req-f9269d14-c307-44c7-82f1-3551cc1f1637 3acf3b822afb4aa89cd9335cc084e7b6 b556785f03e24099bde7d34a16315435 - - default default] GET http://10.0.0.87:8776/
2026-05-12 17:41:47.743 7 INFO cinder.api.openstack.wsgi [None req-4b394afd-74ce-447e-b342-9ae5affad6e2 3acf3b822afb4aa89cd9335cc084e7b6 b556785f03e24099bde7d34a16315435 - - default default] GET http://10.0.0.87:8776/
2026-05-12 17:41:47.743 8 INFO cinder.api.openstack.wsgi [None req-f9269d14-c307-44c7-82f1-3551cc1f1637 3acf3b822afb4aa89cd9335cc084e7b6 b556785f03e24099bde7d34a16315435 - - default default] http://10.0.0.87:8776/ returned with HTTP 300
2026-05-12 17:41:47.745 7 INFO cinder.api.openstack.wsgi [None req-4b394afd-74ce-447e-b342-9ae5affad6e2 3acf3b822afb4aa89cd9335cc084e7b6 b556785f03e24099bde7d34a16315435 - - default default] http://10.0.0.87:8776/ returned with HTTP 300
2026-05-12 17:41:57.743 8 INFO cinder.api.openstack.wsgi [None req-f9269d14-c307-44c7-82f1-3551cc1f1637 3acf3b822afb4aa89cd9335cc084e7b6 b556785f03e24099bde7d34a16315435 - - default default] GET http://10.0.0.87:8776/
2026-05-12 17:41:57.744 7 INFO cinder.api.openstack.wsgi [None req-4b394afd-74ce-447e-b342-9ae5affad6e2 3acf3b822afb4aa89cd9335cc084e7b6 b556785f03e24099bde7d34a16315435 - - default default] GET http://10.0.0.87:8776/
2026-05-12 17:41:57.745 8 INFO cinder.api.openstack.wsgi [None req-f9269d14-c307-44c7-82f1-3551cc1f1637 3acf3b822afb4aa89cd9335cc084e7b6 b556785f03e24099bde7d34a16315435 - - default default] http://10.0.0.87:8776/ returned with HTTP 300
2026-05-12 17:41:57.745 7 INFO cinder.api.openstack.wsgi [None req-4b394afd-74ce-447e-b342-9ae5affad6e2 3acf3b822afb4aa89cd9335cc084e7b6 b556785f03e24099bde7d34a16315435 - - default default] http://10.0.0.87:8776/ returned with HTTP 300
2026-05-12 17:42:01.362 8 INFO cinder.api.openstack.wsgi [None req-9ba73a32-8921-4c95-89ca-a42c60f13727 3acf3b822afb4aa89cd9335cc084e7b6 b556785f03e24099bde7d34a16315435 - - default default] POST http://cinder-api.openstack.svc.cluster.local:8776/v3/b556785f03e24099bde7d34a16315435/volumes
2026-05-12 17:42:01.452 8 INFO cinder.api.v3.volumes [None req-9ba73a32-8921-4c95-89ca-a42c60f13727 3acf3b822afb4aa89cd9335cc084e7b6 b556785f03e24099bde7d34a16315435 - - default default] Create volume of 16 GB
2026-05-12 17:42:01.457 8 INFO cinder.volume.api [None req-9ba73a32-8921-4c95-89ca-a42c60f13727 3acf3b822afb4aa89cd9335cc084e7b6 b556785f03e24099bde7d34a16315435 - - default default] Availability Zones retrieved successfully.
2026-05-12 17:42:01.652 8 INFO cinder.volume.api [None req-9ba73a32-8921-4c95-89ca-a42c60f13727 3acf3b822afb4aa89cd9335cc084e7b6 b556785f03e24099bde7d34a16315435 - - default default] Create volume request issued successfully.
2026-05-12 17:42:01.653 8 INFO cinder.api.openstack.wsgi [None req-9ba73a32-8921-4c95-89ca-a42c60f13727 3acf3b822afb4aa89cd9335cc084e7b6 b556785f03e24099bde7d34a16315435 - - default default] http://cinder-api.openstack.svc.cluster.local:8776/v3/b556785f03e24099bde7d34a16315435/volumes returned with HTTP 202 /var/lib/openstack/lib/python3.12/site-packages/pycadf/timestamp.py:28: DeprecationWarning: datetime.datetime.utcnow() is deprecated and scheduled for removal in a future version. Use timezone-aware objects to represent datetimes in UTC: datetime.datetime.now(datetime.UTC). utc_datetime = pytz.utc.localize(datetime.datetime.utcnow()) [pid: 8|app: 0|req: 390/785] 199.19.213.250 () {34 vars in 733 bytes} [Tue May 12 17:42:01 2026] POST /v3/b556785f03e24099bde7d34a16315435/volumes => generated 846 bytes in 456 msecs (HTTP/1.1 202) 7 headers in 291 bytes (1 switches on core 0)
2026-05-12 17:42:01.666 7 INFO cinder.api.openstack.wsgi [req-9ba73a32-8921-4c95-89ca-a42c60f13727 req-89073cb0-1e2c-41d2-a782-e60c2e3a129c 3acf3b822afb4aa89cd9335cc084e7b6 b556785f03e24099bde7d34a16315435 - - default default] GET http://cinder-api.openstack.svc.cluster.local:8776/v3/b556785f03e24099bde7d34a16315435/volumes/dc47bda5-4989-4d77-b1ac-dfcb2bb11a92 /var/lib/openstack/lib/python3.12/site-packages/oslo_context/context.py:100: DeprecationWarning: Policy enforcement is depending on the value of is_admin. This key is deprecated. Please update your policy file to use the standard policy values. warnings.warn('Policy enforcement is depending on the value of '
2026-05-12 17:42:01.707 7 INFO cinder.volume.api [req-9ba73a32-8921-4c95-89ca-a42c60f13727 req-89073cb0-1e2c-41d2-a782-e60c2e3a129c 3acf3b822afb4aa89cd9335cc084e7b6 b556785f03e24099bde7d34a16315435 - - default default] Volume info retrieved successfully.
2026-05-12 17:42:01.711 7 INFO cinder.api.openstack.wsgi [req-9ba73a32-8921-4c95-89ca-a42c60f13727 req-89073cb0-1e2c-41d2-a782-e60c2e3a129c 3acf3b822afb4aa89cd9335cc084e7b6 b556785f03e24099bde7d34a16315435 - - default default] http://cinder-api.openstack.svc.cluster.local:8776/v3/b556785f03e24099bde7d34a16315435/volumes/dc47bda5-4989-4d77-b1ac-dfcb2bb11a92 returned with HTTP 200 /var/lib/openstack/lib/python3.12/site-packages/pycadf/timestamp.py:28: DeprecationWarning: datetime.datetime.utcnow() is deprecated and scheduled for removal in a future version. Use timezone-aware objects to represent datetimes in UTC: datetime.datetime.now(datetime.UTC). utc_datetime = pytz.utc.localize(datetime.datetime.utcnow()) [pid: 7|app: 0|req: 396/786] 199.19.213.250 () {32 vars in 824 bytes} [Tue May 12 17:42:01 2026] GET /v3/b556785f03e24099bde7d34a16315435/volumes/dc47bda5-4989-4d77-b1ac-dfcb2bb11a92 => generated 1025 bytes in 50 msecs (HTTP/1.1 200) 7 headers in 286 bytes (1 switches on core 0) /var/lib/openstack/lib/python3.12/site-packages/pycadf/identifier.py:71: UserWarning: Invalid uuid: cinderv3. To ensure interoperability, identifiers should be a valid uuid. warnings.warn(('Invalid uuid: %s. To ensure interoperability, '
2026-05-12 17:42:02.636 8 INFO cinder.api.openstack.wsgi [None req-b69406f2-3ea6-44a3-af00-0b3503360acd 821a0b20843446f8986cb8b239e66eb8 eadae8c43686412fbd9e795b8287fce4 - - default default] POST http://cinder-api.openstack.svc.cluster.local:8776/v3/eadae8c43686412fbd9e795b8287fce4/volumes
2026-05-12 17:42:02.639 8 INFO cinder.api.v3.volumes [None req-b69406f2-3ea6-44a3-af00-0b3503360acd 821a0b20843446f8986cb8b239e66eb8 eadae8c43686412fbd9e795b8287fce4 - - default default] Create volume of 1 GB /var/lib/openstack/lib/python3.12/site-packages/oslo_context/context.py:100: DeprecationWarning: Policy enforcement is depending on the value of is_admin. This key is deprecated. Please update your policy file to use the standard policy values. warnings.warn('Policy enforcement is depending on the value of '
2026-05-12 17:42:02.644 8 INFO cinder.volume.api [None req-b69406f2-3ea6-44a3-af00-0b3503360acd 821a0b20843446f8986cb8b239e66eb8 eadae8c43686412fbd9e795b8287fce4 - - default default] Availability Zones retrieved successfully.
2026-05-12 17:42:02.813 8 INFO cinder.volume.api [None req-b69406f2-3ea6-44a3-af00-0b3503360acd 821a0b20843446f8986cb8b239e66eb8 eadae8c43686412fbd9e795b8287fce4 - - default default] Create volume request issued successfully.
2026-05-12 17:42:02.814 8 INFO cinder.api.openstack.wsgi [None req-b69406f2-3ea6-44a3-af00-0b3503360acd 821a0b20843446f8986cb8b239e66eb8 eadae8c43686412fbd9e795b8287fce4 - - default default] http://cinder-api.openstack.svc.cluster.local:8776/v3/eadae8c43686412fbd9e795b8287fce4/volumes returned with HTTP 202 /var/lib/openstack/lib/python3.12/site-packages/pycadf/timestamp.py:28: DeprecationWarning: datetime.datetime.utcnow() is deprecated and scheduled for removal in a future version. Use timezone-aware objects to represent datetimes in UTC: datetime.datetime.now(datetime.UTC). utc_datetime = pytz.utc.localize(datetime.datetime.utcnow()) [pid: 8|app: 0|req: 391/787] 10.0.0.169 () {34 vars in 721 bytes} [Tue May 12 17:42:02 2026] POST /v3/eadae8c43686412fbd9e795b8287fce4/volumes => generated 861 bytes in 295 msecs (HTTP/1.1 202) 7 headers in 291 bytes (1 switches on core 0) /var/lib/openstack/lib/python3.12/site-packages/pycadf/identifier.py:71: UserWarning: Invalid uuid: cinderv3. To ensure interoperability, identifiers should be a valid uuid. warnings.warn(('Invalid uuid: %s. To ensure interoperability, '
2026-05-12 17:42:02.834 7 INFO cinder.api.openstack.wsgi [None req-838437d0-8ba6-4fa5-831a-761a626ca78a 821a0b20843446f8986cb8b239e66eb8 eadae8c43686412fbd9e795b8287fce4 - - default default] GET http://cinder-api.openstack.svc.cluster.local:8776/v3/eadae8c43686412fbd9e795b8287fce4/volumes/78adb44a-8ba6-40a7-92f9-ecc2918093a1 /var/lib/openstack/lib/python3.12/site-packages/oslo_context/context.py:100: DeprecationWarning: Policy enforcement is depending on the value of is_admin. This key is deprecated. Please update your policy file to use the standard policy values. warnings.warn('Policy enforcement is depending on the value of '
2026-05-12 17:42:02.848 7 INFO cinder.volume.api [None req-838437d0-8ba6-4fa5-831a-761a626ca78a 821a0b20843446f8986cb8b239e66eb8 eadae8c43686412fbd9e795b8287fce4 - - default default] Volume info retrieved successfully.
2026-05-12 17:42:02.854 7 INFO cinder.api.openstack.wsgi [None req-838437d0-8ba6-4fa5-831a-761a626ca78a 821a0b20843446f8986cb8b239e66eb8 eadae8c43686412fbd9e795b8287fce4 - - default default] http://cinder-api.openstack.svc.cluster.local:8776/v3/eadae8c43686412fbd9e795b8287fce4/volumes/78adb44a-8ba6-40a7-92f9-ecc2918093a1 returned with HTTP 200 /var/lib/openstack/lib/python3.12/site-packages/pycadf/timestamp.py:28: DeprecationWarning: datetime.datetime.utcnow() is deprecated and scheduled for removal in a future version. Use timezone-aware objects to represent datetimes in UTC: datetime.datetime.now(datetime.UTC). utc_datetime = pytz.utc.localize(datetime.datetime.utcnow()) [pid: 7|app: 0|req: 397/788] 10.0.0.169 () {32 vars in 774 bytes} [Tue May 12 17:42:02 2026] GET /v3/eadae8c43686412fbd9e795b8287fce4/volumes/78adb44a-8ba6-40a7-92f9-ecc2918093a1 => generated 929 bytes in 25 msecs (HTTP/1.1 200) 7 headers in 285 bytes (1 switches on core 0) /var/lib/openstack/lib/python3.12/site-packages/pycadf/identifier.py:71: UserWarning: Invalid uuid: cinderv3. To ensure interoperability, identifiers should be a valid uuid. warnings.warn(('Invalid uuid: %s. To ensure interoperability, '
2026-05-12 17:42:03.878 8 INFO cinder.api.openstack.wsgi [None req-3697fb66-f6ba-4b1f-8b94-2361d8cb48dd 821a0b20843446f8986cb8b239e66eb8 eadae8c43686412fbd9e795b8287fce4 - - default default] GET http://cinder-api.openstack.svc.cluster.local:8776/v3/eadae8c43686412fbd9e795b8287fce4/volumes/78adb44a-8ba6-40a7-92f9-ecc2918093a1 /var/lib/openstack/lib/python3.12/site-packages/oslo_context/context.py:100: DeprecationWarning: Policy enforcement is depending on the value of is_admin. This key is deprecated. Please update your policy file to use the standard policy values. warnings.warn('Policy enforcement is depending on the value of '
2026-05-12 17:42:03.892 8 INFO cinder.volume.api [None req-3697fb66-f6ba-4b1f-8b94-2361d8cb48dd 821a0b20843446f8986cb8b239e66eb8 eadae8c43686412fbd9e795b8287fce4 - - default default] Volume info retrieved successfully.
2026-05-12 17:42:03.897 8 INFO cinder.api.openstack.wsgi [None req-3697fb66-f6ba-4b1f-8b94-2361d8cb48dd 821a0b20843446f8986cb8b239e66eb8 eadae8c43686412fbd9e795b8287fce4 - - default default] http://cinder-api.openstack.svc.cluster.local:8776/v3/eadae8c43686412fbd9e795b8287fce4/volumes/78adb44a-8ba6-40a7-92f9-ecc2918093a1 returned with HTTP 200 /var/lib/openstack/lib/python3.12/site-packages/pycadf/timestamp.py:28: DeprecationWarning: datetime.datetime.utcnow() is deprecated and scheduled for removal in a future version. Use timezone-aware objects to represent datetimes in UTC: datetime.datetime.now(datetime.UTC). utc_datetime = pytz.utc.localize(datetime.datetime.utcnow()) [pid: 8|app: 0|req: 392/789] 10.0.0.169 () {32 vars in 774 bytes} [Tue May 12 17:42:03 2026] GET /v3/eadae8c43686412fbd9e795b8287fce4/volumes/78adb44a-8ba6-40a7-92f9-ecc2918093a1 => generated 954 bytes in 28 msecs (HTTP/1.1 200) 7 headers in 285 bytes (1 switches on core 0) /var/lib/openstack/lib/python3.12/site-packages/pycadf/identifier.py:71: UserWarning: Invalid uuid: cinderv3. To ensure interoperability, identifiers should be a valid uuid. warnings.warn(('Invalid uuid: %s. To ensure interoperability, '
2026-05-12 17:42:06.724 7 INFO cinder.api.openstack.wsgi [req-9ba73a32-8921-4c95-89ca-a42c60f13727 req-2f1d8e00-bbdf-46e7-8890-b2fb9af89bbc 3acf3b822afb4aa89cd9335cc084e7b6 b556785f03e24099bde7d34a16315435 - - default default] GET http://cinder-api.openstack.svc.cluster.local:8776/v3/b556785f03e24099bde7d34a16315435/volumes/dc47bda5-4989-4d77-b1ac-dfcb2bb11a92 /var/lib/openstack/lib/python3.12/site-packages/oslo_context/context.py:100: DeprecationWarning: Policy enforcement is depending on the value of is_admin. This key is deprecated. Please update your policy file to use the standard policy values. warnings.warn('Policy enforcement is depending on the value of '
2026-05-12 17:42:06.738 7 INFO cinder.volume.api [req-9ba73a32-8921-4c95-89ca-a42c60f13727 req-2f1d8e00-bbdf-46e7-8890-b2fb9af89bbc 3acf3b822afb4aa89cd9335cc084e7b6 b556785f03e24099bde7d34a16315435 - - default default] Volume info retrieved successfully.
2026-05-12 17:42:06.743 7 INFO cinder.api.openstack.wsgi [req-9ba73a32-8921-4c95-89ca-a42c60f13727 req-2f1d8e00-bbdf-46e7-8890-b2fb9af89bbc 3acf3b822afb4aa89cd9335cc084e7b6 b556785f03e24099bde7d34a16315435 - - default default] http://cinder-api.openstack.svc.cluster.local:8776/v3/b556785f03e24099bde7d34a16315435/volumes/dc47bda5-4989-4d77-b1ac-dfcb2bb11a92 returned with HTTP 200 /var/lib/openstack/lib/python3.12/site-packages/pycadf/timestamp.py:28: DeprecationWarning: datetime.datetime.utcnow() is deprecated and scheduled for removal in a future version. Use timezone-aware objects to represent datetimes in UTC: datetime.datetime.now(datetime.UTC). utc_datetime = pytz.utc.localize(datetime.datetime.utcnow()) [pid: 7|app: 0|req: 398/790] 199.19.213.250 () {32 vars in 824 bytes} [Tue May 12 17:42:06 2026] GET /v3/b556785f03e24099bde7d34a16315435/volumes/dc47bda5-4989-4d77-b1ac-dfcb2bb11a92 => generated 1489 bytes in 23 msecs (HTTP/1.1 200) 7 headers in 286 bytes (1 switches on core 0) /var/lib/openstack/lib/python3.12/site-packages/pycadf/identifier.py:71: UserWarning: Invalid uuid: cinderv3. To ensure interoperability, identifiers should be a valid uuid. warnings.warn(('Invalid uuid: %s. To ensure interoperability, '
2026-05-12 17:42:07.245 8 INFO cinder.api.openstack.wsgi [req-1b45f1fc-27ec-449c-9c30-f630d7da8e7f req-2bcdc0ba-5f25-48ae-a98a-55af321735ea 3acf3b822afb4aa89cd9335cc084e7b6 b556785f03e24099bde7d34a16315435 - - default default] GET http://cinder-api.openstack.svc.cluster.local:8776/v3/b556785f03e24099bde7d34a16315435/volumes/dc47bda5-4989-4d77-b1ac-dfcb2bb11a92 /var/lib/openstack/lib/python3.12/site-packages/oslo_context/context.py:100: DeprecationWarning: Policy enforcement is depending on the value of is_admin. This key is deprecated. Please update your policy file to use the standard policy values. warnings.warn('Policy enforcement is depending on the value of '
2026-05-12 17:42:07.258 8 INFO cinder.volume.api [req-1b45f1fc-27ec-449c-9c30-f630d7da8e7f req-2bcdc0ba-5f25-48ae-a98a-55af321735ea 3acf3b822afb4aa89cd9335cc084e7b6 b556785f03e24099bde7d34a16315435 - - default default] Volume info retrieved successfully.
