2026-05-12 17:42:33.317 10 INFO neutron.api.wsgi [None req-e28abfc9-c4ce-4632-b4d4-7a6d577e57c6 182dae1dde0a4267bb868846ba872fb8 2e44ac1f3b824642bb37a1021e345c6f - - default default] 10.0.0.169 "GET /v2.0/trunks/59848c92-5f66-47ec-803e-cd455dfb2930/tags HTTP/1.1" status: 200 len: 245 time: 0.0191150
2026-05-12 17:42:33.359 10 INFO neutron.api.wsgi [None req-019cd01c-3a19-4be4-a86b-2eb61f3573c6 182dae1dde0a4267bb868846ba872fb8 2e44ac1f3b824642bb37a1021e345c6f - - default default] 10.0.0.169 "PUT /v2.0/trunks/59848c92-5f66-47ec-803e-cd455dfb2930/tags HTTP/1.1" status: 200 len: 230 time: 0.0318680
2026-05-12 17:42:33.379 10 INFO neutron.api.wsgi [None req-3c5a3246-4518-4a12-8b12-0e99f03545d4 182dae1dde0a4267bb868846ba872fb8 2e44ac1f3b824642bb37a1021e345c6f - - default default] 10.0.0.169 "GET /v2.0/trunks/59848c92-5f66-47ec-803e-cd455dfb2930/tags HTTP/1.1" status: 200 len: 230 time: 0.0167077
2026-05-12 17:42:33.401 10 INFO neutron.api.wsgi [None req-6db7c298-d3e2-439b-b2d5-2aa2280d7088 182dae1dde0a4267bb868846ba872fb8 2e44ac1f3b824642bb37a1021e345c6f - - default default] 10.0.0.169 "GET /v2.0/trunks/59848c92-5f66-47ec-803e-cd455dfb2930/tags/red HTTP/1.1" status: 204 len: 168 time: 0.0171711
2026-05-12 17:42:33.426 10 INFO neutron.api.v2.resource [None req-a7e64b6d-f74c-46a4-bb11-2ff6fd18968c 182dae1dde0a4267bb868846ba872fb8 2e44ac1f3b824642bb37a1021e345c6f - - default default] show failed (client error): The resource could not be found.
2026-05-12 17:42:33.427 10 INFO neutron.api.wsgi [None req-a7e64b6d-f74c-46a4-bb11-2ff6fd18968c 182dae1dde0a4267bb868846ba872fb8 2e44ac1f3b824642bb37a1021e345c6f - - default default] 10.0.0.169 "GET /v2.0/trunks/59848c92-5f66-47ec-803e-cd455dfb2930/tags/green HTTP/1.1" status: 404 len: 299 time: 0.0208805
2026-05-12 17:42:33.460 10 INFO neutron.api.wsgi [None req-3564f9df-29c3-49b5-a5d4-27925617ea70 182dae1dde0a4267bb868846ba872fb8 2e44ac1f3b824642bb37a1021e345c6f - - default default] 10.0.0.169 "DELETE /v2.0/trunks/59848c92-5f66-47ec-803e-cd455dfb2930/tags/red HTTP/1.1" status: 204 len: 168 time: 0.0289488
2026-05-12 17:42:33.481 9 INFO neutron.api.wsgi [None req-589896b1-b6c2-4d37-bf37-ad2f4063b2c5 182dae1dde0a4267bb868846ba872fb8 2e44ac1f3b824642bb37a1021e345c6f - - default default] 10.0.0.169 "GET /v2.0/trunks/59848c92-5f66-47ec-803e-cd455dfb2930/tags HTTP/1.1" status: 200 len: 223 time: 0.0152574
2026-05-12 17:42:33.508 9 INFO neutron.api.v2.resource [None req-3914e66f-402d-4472-b25b-36072803ab29 182dae1dde0a4267bb868846ba872fb8 2e44ac1f3b824642bb37a1021e345c6f - - default default] delete failed (client error): The resource could not be found.
2026-05-12 17:42:33.510 9 INFO neutron.api.wsgi [None req-3914e66f-402d-4472-b25b-36072803ab29 182dae1dde0a4267bb868846ba872fb8 2e44ac1f3b824642bb37a1021e345c6f - - default default] 10.0.0.169 "DELETE /v2.0/trunks/59848c92-5f66-47ec-803e-cd455dfb2930/tags/green HTTP/1.1" status: 404 len: 299 time: 0.0234082
2026-05-12 17:42:33.541 9 INFO neutron.api.wsgi [None req-15dfbae1-2692-4d92-b70d-007fc5dfb976 182dae1dde0a4267bb868846ba872fb8 2e44ac1f3b824642bb37a1021e345c6f - - default default] 10.0.0.169 "DELETE /v2.0/trunks/59848c92-5f66-47ec-803e-cd455dfb2930/tags HTTP/1.1" status: 204 len: 168 time: 0.0253861
2026-05-12 17:42:33.560 9 INFO neutron.api.wsgi [None req-c8f10c16-b74e-4ea0-975b-6edba1127b0a 182dae1dde0a4267bb868846ba872fb8 2e44ac1f3b824642bb37a1021e345c6f - - default default] 10.0.0.169 "GET /v2.0/trunks/59848c92-5f66-47ec-803e-cd455dfb2930/tags HTTP/1.1" status: 200 len: 205 time: 0.0139670
2026-05-12 17:42:33.577 9 INFO neutron.api.wsgi [None req-bfe73260-b6a0-4f73-abe9-d667dd9a928a 182dae1dde0a4267bb868846ba872fb8 2e44ac1f3b824642bb37a1021e345c6f - - default default] 10.0.0.169 "GET /v2.0/trunks/59848c92-5f66-47ec-803e-cd455dfb2930 HTTP/1.1" status: 200 len: 603 time: 0.0111263
2026-05-12 17:42:33.668 9 INFO neutron.api.wsgi [None req-c1fba166-2450-4de9-b946-0a2d56cc5552 182dae1dde0a4267bb868846ba872fb8 2e44ac1f3b824642bb37a1021e345c6f - - default default] 10.0.0.169 "GET /v2.0/ports/82fa4f23-6558-4754-9324-05a1f3a15753 HTTP/1.1" status: 200 len: 1020 time: 0.0858061
2026-05-12 17:42:33.738 9 INFO neutron.api.wsgi [None req-9b093a7a-097c-4e2a-bf6a-bf5b3eb2bc0a 182dae1dde0a4267bb868846ba872fb8 2e44ac1f3b824642bb37a1021e345c6f - - default default] 10.0.0.169 "DELETE /v2.0/trunks/59848c92-5f66-47ec-803e-cd455dfb2930 HTTP/1.1" status: 204 len: 168 time: 0.0659678
2026-05-12 17:42:33.974 10 INFO neutron.api.wsgi [None req-f7aff072-bbdf-444d-97c2-0ad15c1c24f5 182dae1dde0a4267bb868846ba872fb8 2e44ac1f3b824642bb37a1021e345c6f - - default default] 10.0.0.169 "DELETE /v2.0/ports/82fa4f23-6558-4754-9324-05a1f3a15753 HTTP/1.1" status: 204 len: 168 time: 0.2285969
2026-05-12 17:42:34.300 10 INFO neutron.services.segments.plugin [-] Segment 78f03dea-7464-483e-a073-22d99b1b8741 resource provider aggregate not found
2026-05-12 17:42:34.303 10 INFO neutron.services.segments.plugin [-] Segment 78f03dea-7464-483e-a073-22d99b1b8741 resource provider aggregate not found
2026-05-12 17:42:34.319 10 INFO neutron.api.wsgi [None req-18e850b4-c681-454f-89b8-7eaa02eb815a 182dae1dde0a4267bb868846ba872fb8 2e44ac1f3b824642bb37a1021e345c6f - - default default] 10.0.0.169 "DELETE /v2.0/networks/12bab1cb-d61e-453a-b77a-d0a4533e51d6 HTTP/1.1" status: 204 len: 168 time: 0.3409553
2026-05-12 17:42:34.321 10 INFO neutron.services.segments.plugin [-] Segment 78f03dea-7464-483e-a073-22d99b1b8741 resource provider not found; error: Placement Client Error (4xx): {"errors": [{"status": 404, "title": "Not Found", "detail": "The resource could not be found.\n\n No resource provider with uuid 78f03dea-7464-483e-a073-22d99b1b8741 found for delete ", "request_id": "req-975db35e-66ec-4a65-8391-826cf8d050c6"}]}
2026-05-12 17:42:34.322 10 INFO neutron.services.segments.plugin [-] Segment 78f03dea-7464-483e-a073-22d99b1b8741 resource provider not found; error: Placement Client Error (4xx): {"errors": [{"status": 404, "title": "Not Found", "detail": "The resource could not be found.\n\n No resource provider with uuid 78f03dea-7464-483e-a073-22d99b1b8741 found for delete ", "request_id": "req-8ba12705-8055-4279-926b-89b3ffe6dea2"}]}
2026-05-12 17:42:35.011 9 INFO neutron.api.wsgi [None req-2048a31b-7d7f-43ec-a1fb-22a94ca1abd4 3acf3b822afb4aa89cd9335cc084e7b6 b556785f03e24099bde7d34a16315435 - - default default] 10.0.0.169 "GET /v2.0/security-groups?tenant_id=2e44ac1f3b824642bb37a1021e345c6f&name=default HTTP/1.1" status: 200 len: 3124 time: 0.1128535
2026-05-12 17:42:35.241 9 INFO neutron.api.wsgi [None req-49ad0bca-d9e8-49d5-80f3-7e75d6bd900e 3acf3b822afb4aa89cd9335cc084e7b6 b556785f03e24099bde7d34a16315435 - - default default] 10.0.0.169 "DELETE /v2.0/security-groups/a0f2c58e-78a3-47a7-be4f-5247cb877072 HTTP/1.1" status: 204 len: 168 time: 0.2247436
2026-05-12 17:42:35.527 9 INFO neutron.db.ovn_revision_numbers_db [None req-7ec13d73-af1f-4021-9e8f-bcb87c503558 3acf3b822afb4aa89cd9335cc084e7b6 b556785f03e24099bde7d34a16315435 - - default default] Successfully bumped revision number for resource fd4c39cb-27fd-46a7-8ad0-6b8b1ccc97f4 (type: security_groups) to 1
2026-05-12 17:42:35.537 9 INFO neutron.db.ovn_revision_numbers_db [None req-7ec13d73-af1f-4021-9e8f-bcb87c503558 3acf3b822afb4aa89cd9335cc084e7b6 b556785f03e24099bde7d34a16315435 - - default default] Successfully bumped revision number for resource b373589e-ac54-48cb-b119-b909aeb90dd9 (type: security_group_rules) to 0
2026-05-12 17:42:35.558 9 INFO neutron.db.ovn_revision_numbers_db [None req-7ec13d73-af1f-4021-9e8f-bcb87c503558 3acf3b822afb4aa89cd9335cc084e7b6 b556785f03e24099bde7d34a16315435 - - default default] Successfully bumped revision number for resource b9e626d1-743d-46cb-a8c7-a142ca2e7573 (type: security_group_rules) to 0
2026-05-12 17:42:35.576 9 INFO neutron.db.ovn_revision_numbers_db [None req-7ec13d73-af1f-4021-9e8f-bcb87c503558 3acf3b822afb4aa89cd9335cc084e7b6 b556785f03e24099bde7d34a16315435 - - default default] Successfully bumped revision number for resource bb6fd8c8-bbb3-474c-adcd-d608507fdd6b (type: security_group_rules) to 0
2026-05-12 17:42:35.592 9 INFO neutron.db.ovn_revision_numbers_db [None req-7ec13d73-af1f-4021-9e8f-bcb87c503558 3acf3b822afb4aa89cd9335cc084e7b6 b556785f03e24099bde7d34a16315435 - - default default] Successfully bumped revision number for resource da1c1dff-32b4-454e-a4aa-f0405a4c614d (type: security_group_rules) to 0
2026-05-12 17:42:35.628 9 INFO neutron.api.wsgi [None req-7ec13d73-af1f-4021-9e8f-bcb87c503558 3acf3b822afb4aa89cd9335cc084e7b6 b556785f03e24099bde7d34a16315435 - - default default] 10.0.0.169 "GET /v2.0/security-groups?tenant_id=4f3a7386e80d4962bd663645b03ac727&name=default HTTP/1.1" status: 200 len: 3124 time: 0.2726910
2026-05-12 17:42:35.870 9 INFO neutron.api.wsgi [None req-c4f90b7a-b044-485c-80cf-bfc895e9a33b 3acf3b822afb4aa89cd9335cc084e7b6 b556785f03e24099bde7d34a16315435 - - default default] 10.0.0.169 "DELETE /v2.0/security-groups/fd4c39cb-27fd-46a7-8ad0-6b8b1ccc97f4 HTTP/1.1" status: 204 len: 168 time: 0.2366462
2026-05-12 17:42:39.147 10 WARNING neutron_lib.context [None req-575f99d6-b83d-49bb-ac38-6b853e7e71c3 437087994c4e4be890244c81dde8ce18 e35088289c644aed99b60cbada796e9c - - default default] Method 'is_advsvc' is deprecated since 2023.2 release (neutron-lib 3.8.0) and will be removed once support for the old RBAC API policies will be removed from Neutron. Please use method 'is_service_role' instead.
2026-05-12 17:42:39.295 10 INFO neutron.db.ovn_revision_numbers_db [None req-575f99d6-b83d-49bb-ac38-6b853e7e71c3 437087994c4e4be890244c81dde8ce18 e35088289c644aed99b60cbada796e9c - - default default] Successfully bumped revision number for resource c4f2be26-d4ab-46a4-967a-ba0f9ff41959 (type: security_groups) to 1
2026-05-12 17:42:39.309 10 INFO neutron.db.ovn_revision_numbers_db [None req-575f99d6-b83d-49bb-ac38-6b853e7e71c3 437087994c4e4be890244c81dde8ce18 e35088289c644aed99b60cbada796e9c - - default default] Successfully bumped revision number for resource 3b9669cd-0f81-4bcf-95a9-6285dc01c479 (type: security_group_rules) to 0
2026-05-12 17:42:39.322 10 INFO neutron.db.ovn_revision_numbers_db [None req-575f99d6-b83d-49bb-ac38-6b853e7e71c3 437087994c4e4be890244c81dde8ce18 e35088289c644aed99b60cbada796e9c - - default default] Successfully bumped revision number for resource 68c788d2-623f-4275-bb26-b2168e360e60 (type: security_group_rules) to 0
2026-05-12 17:42:39.336 10 INFO neutron.db.ovn_revision_numbers_db [None req-575f99d6-b83d-49bb-ac38-6b853e7e71c3 437087994c4e4be890244c81dde8ce18 e35088289c644aed99b60cbada796e9c - - default default] Successfully bumped revision number for resource a9215f8a-33e1-48e0-9103-d3246ce4a0e4 (type: security_group_rules) to 0
2026-05-12 17:42:39.351 10 INFO neutron.db.ovn_revision_numbers_db [None req-575f99d6-b83d-49bb-ac38-6b853e7e71c3 437087994c4e4be890244c81dde8ce18 e35088289c644aed99b60cbada796e9c - - default default] Successfully bumped revision number for resource f525b641-647b-477d-98d2-678ef5b55300 (type: security_group_rules) to 0
2026-05-12 17:42:39.720 10 INFO neutron.db.segments_db [None req-575f99d6-b83d-49bb-ac38-6b853e7e71c3 437087994c4e4be890244c81dde8ce18 e35088289c644aed99b60cbada796e9c - - default default] Added segment 41ff2a06-0edf-44d0-973b-fad521d35439 of type geneve for network a42e8659-0548-4491-b55c-d8ba692162ec
2026-05-12 17:42:39.831 10 INFO neutron.db.ovn_revision_numbers_db [None req-575f99d6-b83d-49bb-ac38-6b853e7e71c3 437087994c4e4be890244c81dde8ce18 e35088289c644aed99b60cbada796e9c - - default default] Successfully bumped revision number for resource a42e8659-0548-4491-b55c-d8ba692162ec (type: networks) to 1
2026-05-12 17:42:40.031 10 WARNING neutron.scheduler.dhcp_agent_scheduler [None req-575f99d6-b83d-49bb-ac38-6b853e7e71c3 437087994c4e4be890244c81dde8ce18 e35088289c644aed99b60cbada796e9c - - default default] No more DHCP agents
2026-05-12 17:42:40.032 10 WARNING neutron.api.rpc.agentnotifiers.dhcp_rpc_agent_api [None req-575f99d6-b83d-49bb-ac38-6b853e7e71c3 437087994c4e4be890244c81dde8ce18 e35088289c644aed99b60cbada796e9c - - default default] Unable to schedule network a42e8659-0548-4491-b55c-d8ba692162ec: no agents available; will retry on subsequent port and subnet creation events.
2026-05-12 17:42:40.101 10 INFO neutron.db.ovn_revision_numbers_db [None req-575f99d6-b83d-49bb-ac38-6b853e7e71c3 437087994c4e4be890244c81dde8ce18 e35088289c644aed99b60cbada796e9c - - default default] Successfully bumped revision number for resource da64ef5f-4454-49df-ba7d-e1621857a195 (type: ports) to 1
2026-05-12 17:42:40.132 10 INFO neutron.api.wsgi [None req-575f99d6-b83d-49bb-ac38-6b853e7e71c3 437087994c4e4be890244c81dde8ce18 e35088289c644aed99b60cbada796e9c - - default default] 10.0.0.169 "POST /v2.0/networks HTTP/1.1" status: 201 len: 831 time: 1.1811018
2026-05-12 17:42:40.141 10 WARNING neutron_lib.context [None req-6076a6c6-33f1-48a7-a6a8-60926f1405a7 437087994c4e4be890244c81dde8ce18 e35088289c644aed99b60cbada796e9c - - default default] Method 'is_advsvc' is deprecated since 2023.2 release (neutron-lib 3.8.0) and will be removed once support for the old RBAC API policies will be removed from Neutron. Please use method 'is_service_role' instead.
2026-05-12 17:42:40.153 9 INFO neutron.api.wsgi [-] 10.0.0.145 "GET / HTTP/1.1" status: 200 len: 247 time: 0.0037582
2026-05-12 17:42:40.159 9 INFO neutron.api.wsgi [-] 10.0.0.145 "GET / HTTP/1.1" status: 200 len: 247 time: 0.0040207
2026-05-12 17:42:40.245 10 INFO neutron.db.segments_db [None req-6076a6c6-33f1-48a7-a6a8-60926f1405a7 437087994c4e4be890244c81dde8ce18 e35088289c644aed99b60cbada796e9c - - default default] Added segment b3013379-ead9-407d-9fe6-d2f47336affd of type geneve for network 27fb28cb-f84f-4fc2-9114-aa0f5fcb5f6b
2026-05-12 17:42:40.382 10 INFO neutron.db.ovn_revision_numbers_db [None req-6076a6c6-33f1-48a7-a6a8-60926f1405a7 437087994c4e4be890244c81dde8ce18 e35088289c644aed99b60cbada796e9c - - default default] Successfully bumped revision number for resource 27fb28cb-f84f-4fc2-9114-aa0f5fcb5f6b (type: networks) to 1
2026-05-12 17:42:40.525 10 WARNING neutron.scheduler.dhcp_agent_scheduler [None req-6076a6c6-33f1-48a7-a6a8-60926f1405a7 437087994c4e4be890244c81dde8ce18 e35088289c644aed99b60cbada796e9c - - default default] No more DHCP agents
2026-05-12 17:42:40.527 10 WARNING neutron.api.rpc.agentnotifiers.dhcp_rpc_agent_api [None req-6076a6c6-33f1-48a7-a6a8-60926f1405a7 437087994c4e4be890244c81dde8ce18 e35088289c644aed99b60cbada796e9c - - default default] Unable to schedule network 27fb28cb-f84f-4fc2-9114-aa0f5fcb5f6b: no agents available; will retry on subsequent port and subnet creation events.
2026-05-12 17:42:40.592 10 INFO neutron.db.ovn_revision_numbers_db [None req-6076a6c6-33f1-48a7-a6a8-60926f1405a7 437087994c4e4be890244c81dde8ce18 e35088289c644aed99b60cbada796e9c - - default default] Successfully bumped revision number for resource 2a617994-f052-401c-bbda-b5d6802fe8d5 (type: ports) to 1
2026-05-12 17:42:40.630 10 INFO neutron.api.wsgi [None req-6076a6c6-33f1-48a7-a6a8-60926f1405a7 437087994c4e4be890244c81dde8ce18 e35088289c644aed99b60cbada796e9c - - default default] 10.0.0.169 "POST /v2.0/networks HTTP/1.1" status: 201 len: 831 time: 0.4940333
2026-05-12 17:42:40.687 10 INFO neutron.api.wsgi [None req-6840b214-c830-4d4c-ab6b-b9f877aaf4fa 437087994c4e4be890244c81dde8ce18 e35088289c644aed99b60cbada796e9c - - default default] 10.0.0.169 "PUT /v2.0/networks/a42e8659-0548-4491-b55c-d8ba692162ec/tags HTTP/1.1" status: 200 len: 218 time: 0.0506911
2026-05-12 17:42:40.715 10 INFO neutron.api.wsgi [None req-3e4362c4-d172-4ac0-a6ad-6c64bbb0a641 437087994c4e4be890244c81dde8ce18 e35088289c644aed99b60cbada796e9c - - default default] 10.0.0.169 "GET /v2.0/networks/a42e8659-0548-4491-b55c-d8ba692162ec/tags HTTP/1.1" status: 200 len: 218 time: 0.0228646
2026-05-12 17:42:40.751 10 INFO neutron.api.wsgi [None req-2a1f01b2-69ed-4b1e-a0a3-09d894cf3647 437087994c4e4be890244c81dde8ce18 e35088289c644aed99b60cbada796e9c - - default default] 10.0.0.169 "PUT /v2.0/networks/27fb28cb-f84f-4fc2-9114-aa0f5fcb5f6b/tags HTTP/1.1" status: 200 len: 210 time: 0.0316138
2026-05-12 17:42:40.780 9 INFO neutron.api.wsgi [None req-6873a30a-9da9-412b-91e5-8380a2de856e 437087994c4e4be890244c81dde8ce18 e35088289c644aed99b60cbada796e9c - - default default] 10.0.0.169 "GET /v2.0/networks/27fb28cb-f84f-4fc2-9114-aa0f5fcb5f6b/tags HTTP/1.1" status: 200 len: 210 time: 0.0234120
2026-05-12 17:42:40.816 10 INFO neutron.api.wsgi [None req-e6aa2ac9-b06a-439f-bb97-0ecfea2f3eb0 437087994c4e4be890244c81dde8ce18 e35088289c644aed99b60cbada796e9c - - default default] 10.0.0.169 "PUT /v2.0/networks/27fb28cb-f84f-4fc2-9114-aa0f5fcb5f6b/tags HTTP/1.1" status: 200 len: 205 time: 0.0309575
2026-05-12 17:42:40.842 10 INFO neutron.api.wsgi [None req-1fd932b3-0e82-4de4-8397-6af14dae8eb5 437087994c4e4be890244c81dde8ce18 e35088289c644aed99b60cbada796e9c - - default default] 10.0.0.169 "GET /v2.0/networks/27fb28cb-f84f-4fc2-9114-aa0f5fcb5f6b/tags HTTP/1.1" status: 200 len: 205 time: 0.0212355
2026-05-12 17:42:40.881 9 INFO neutron.api.wsgi [None req-864d9178-9d16-41c4-b786-62970b018538 437087994c4e4be890244c81dde8ce18 e35088289c644aed99b60cbada796e9c - - default default] 10.0.0.169 "GET /v2.0/networks/a42e8659-0548-4491-b55c-d8ba692162ec/tags HTTP/1.1" status: 200 len: 218 time: 0.0335982
2026-05-12 17:42:41.198 9 INFO neutron.services.segments.plugin [-] Segment 41ff2a06-0edf-44d0-973b-fad521d35439 resource provider aggregate not found
2026-05-12 17:42:41.212 9 INFO neutron.services.segments.plugin [-] Segment 41ff2a06-0edf-44d0-973b-fad521d35439 resource provider not found; error: Placement Client Error (4xx): {"errors": [{"status": 404, "title": "Not Found", "detail": "The resource could not be found.\n\n No resource provider with uuid 41ff2a06-0edf-44d0-973b-fad521d35439 found for delete ", "request_id": "req-b4c2cbb3-d06a-4317-af52-51219c8d9b38"}]}
2026-05-12 17:42:41.217 9 INFO neutron.services.segments.plugin [-] Segment 41ff2a06-0edf-44d0-973b-fad521d35439 resource provider aggregate not found
2026-05-12 17:42:41.233 9 INFO neutron.api.wsgi [None req-7e140d4e-050f-420b-8af6-fd2762730307 437087994c4e4be890244c81dde8ce18 e35088289c644aed99b60cbada796e9c - - default default] 10.0.0.169 "DELETE /v2.0/networks/a42e8659-0548-4491-b55c-d8ba692162ec HTTP/1.1" status: 204 len: 168 time: 0.3403838
2026-05-12 17:42:41.233 9 INFO neutron.services.segments.plugin [-] Segment 41ff2a06-0edf-44d0-973b-fad521d35439 resource provider not found; error: Placement Client Error (4xx): {"errors": [{"status": 404, "title": "Not Found", "detail": "The resource could not be found.\n\n No resource provider with uuid 41ff2a06-0edf-44d0-973b-fad521d35439 found for delete ", "request_id": "req-cbde5ead-308b-494c-b9e7-71dcf3b38491"}]}
2026-05-12 17:42:41.266 9 INFO neutron.api.wsgi [req-8529ef6f-e3e0-4da4-933d-968dc853d215 req-51e34447-4de1-4489-a590-656fc80c9daf a80aff6c40d24322ad9160b386e6296b b53c7c33903a424ca86f9ff5ea694ca5 - - 245026527e4e4aa494af50c21c8ce5e1 245026527e4e4aa494af50c21c8ce5e1] 199.19.213.250 "GET /v2.0/ports?device_id=790fc675-e632-4d39-8a16-e47bd8df2b66&fields=binding%3Ahost_id&fields=binding%3Avif_type HTTP/1.1" status: 200 len: 265 time: 0.0262592
2026-05-12 17:42:41.566 10 INFO neutron.services.segments.plugin [-] Segment b3013379-ead9-407d-9fe6-d2f47336affd resource provider aggregate not found
2026-05-12 17:42:41.570 10 INFO neutron.services.segments.plugin [-] Segment b3013379-ead9-407d-9fe6-d2f47336affd resource provider aggregate not found
2026-05-12 17:42:41.585 10 INFO neutron.services.segments.plugin [-] Segment b3013379-ead9-407d-9fe6-d2f47336affd resource provider not found; error: Placement Client Error (4xx): {"errors": [{"status": 404, "title": "Not Found", "detail": "The resource could not be found.\n\n No resource provider with uuid b3013379-ead9-407d-9fe6-d2f47336affd found for delete ", "request_id": "req-4b8b852b-117f-47c3-ae2c-478cf6f8774d"}]}
2026-05-12 17:42:41.587 10 INFO neutron.services.segments.plugin [-] Segment b3013379-ead9-407d-9fe6-d2f47336affd resource provider not found; error: Placement Client Error (4xx): {"errors": [{"status": 404, "title": "Not Found", "detail": "The resource could not be found.\n\n No resource provider with uuid b3013379-ead9-407d-9fe6-d2f47336affd found for delete ", "request_id": "req-586fb1b7-ac58-48a2-bf5c-ac04c6ff2f6f"}]}
2026-05-12 17:42:41.601 10 INFO neutron.api.wsgi [None req-c23125b2-8194-4cb2-9283-e0f65c4e9efb 437087994c4e4be890244c81dde8ce18 e35088289c644aed99b60cbada796e9c - - default default] 10.0.0.169 "DELETE /v2.0/networks/27fb28cb-f84f-4fc2-9114-aa0f5fcb5f6b HTTP/1.1" status: 204 len: 168 time: 0.3585622
2026-05-12 17:42:41.667 9 INFO neutron.db.ovn_revision_numbers_db [None req-8cc241fe-a77d-481d-88f2-ce8b2a078069 3acf3b822afb4aa89cd9335cc084e7b6 b556785f03e24099bde7d34a16315435 - - default default] Successfully bumped revision number for resource 60241367-dae7-4577-bf9f-bdf8671774cc (type: security_groups) to 1
2026-05-12 17:42:41.685 9 INFO neutron.db.ovn_revision_numbers_db [None req-8cc241fe-a77d-481d-88f2-ce8b2a078069 3acf3b822afb4aa89cd9335cc084e7b6 b556785f03e24099bde7d34a16315435 - - default default] Successfully bumped revision number for resource 10652df5-3aa0-4b40-8723-0945d9b1635c (type: security_group_rules) to 0
2026-05-12 17:42:41.704 9 INFO neutron.db.ovn_revision_numbers_db [None req-8cc241fe-a77d-481d-88f2-ce8b2a078069 3acf3b822afb4aa89cd9335cc084e7b6 b556785f03e24099bde7d34a16315435 - - default default] Successfully bumped revision number for resource 5bcf656d-eac0-49ec-bfba-44c93645b5d3 (type: security_group_rules) to 0
2026-05-12 17:42:41.720 9 INFO neutron.db.ovn_revision_numbers_db [None req-8cc241fe-a77d-481d-88f2-ce8b2a078069 3acf3b822afb4aa89cd9335cc084e7b6 b556785f03e24099bde7d34a16315435 - - default default] Successfully bumped revision number for resource e2b5b45d-e08d-4a86-880b-56a486098cb0 (type: security_group_rules) to 0
2026-05-12 17:42:41.737 9 INFO neutron.db.ovn_revision_numbers_db [None req-8cc241fe-a77d-481d-88f2-ce8b2a078069 3acf3b822afb4aa89cd9335cc084e7b6 b556785f03e24099bde7d34a16315435 - - default default] Successfully bumped revision number for resource f6897ab4-071a-4e03-a77d-1b7dda647dd0 (type: security_group_rules) to 0
2026-05-12 17:42:41.777 9 INFO neutron.api.wsgi [None req-8cc241fe-a77d-481d-88f2-ce8b2a078069 3acf3b822afb4aa89cd9335cc084e7b6 b556785f03e24099bde7d34a16315435 - - default default] 10.0.0.169 "GET /v2.0/security-groups?tenant_id=6b0b014228f046099462238425d946a0&name=default HTTP/1.1" status: 200 len: 3124 time: 0.3074381
2026-05-12 17:42:41.965 9 INFO neutron.api.wsgi [None req-0fdbb991-caa2-44c9-bad4-f7bbc6017dec 3acf3b822afb4aa89cd9335cc084e7b6 b556785f03e24099bde7d34a16315435 - - default default] 10.0.0.169 "DELETE /v2.0/security-groups/60241367-dae7-4577-bf9f-bdf8671774cc HTTP/1.1" status: 204 len: 168 time: 0.1800771
2026-05-12 17:42:42.313 9 INFO neutron.api.wsgi [req-8529ef6f-e3e0-4da4-933d-968dc853d215 req-85cb04d7-4492-403c-a0cc-b829ae93c01b a80aff6c40d24322ad9160b386e6296b b53c7c33903a424ca86f9ff5ea694ca5 - - 245026527e4e4aa494af50c21c8ce5e1 245026527e4e4aa494af50c21c8ce5e1] 199.19.213.250 "GET /v2.0/ports?tenant_id=a6f90e9ea3b342fb958630d2678a88aa&device_id=790fc675-e632-4d39-8a16-e47bd8df2b66 HTTP/1.1" status: 200 len: 1634 time: 0.0340071
2026-05-12 17:42:42.513 10 INFO neutron.db.ovn_revision_numbers_db [None req-4d8adf4e-aa70-4f3b-88bd-be02eedd83a3 3acf3b822afb4aa89cd9335cc084e7b6 b556785f03e24099bde7d34a16315435 - - default default] Successfully bumped revision number for resource e7ee3f84-923c-45b4-a6e5-dca372f0bc18 (type: security_groups) to 1
2026-05-12 17:42:42.530 10 INFO neutron.db.ovn_revision_numbers_db [None req-4d8adf4e-aa70-4f3b-88bd-be02eedd83a3 3acf3b822afb4aa89cd9335cc084e7b6 b556785f03e24099bde7d34a16315435 - - default default] Successfully bumped revision number for resource 1e40f1d8-eaed-4263-a266-70528dd982c9 (type: security_group_rules) to 0
2026-05-12 17:42:42.551 10 INFO neutron.db.ovn_revision_numbers_db [None req-4d8adf4e-aa70-4f3b-88bd-be02eedd83a3 3acf3b822afb4aa89cd9335cc084e7b6 b556785f03e24099bde7d34a16315435 - - default default] Successfully bumped revision number for resource 8587ccc3-ed91-401d-8191-3ea7fa0716c8 (type: security_group_rules) to 0
2026-05-12 17:42:42.564 10 INFO neutron.db.ovn_revision_numbers_db [None req-4d8adf4e-aa70-4f3b-88bd-be02eedd83a3 3acf3b822afb4aa89cd9335cc084e7b6 b556785f03e24099bde7d34a16315435 - - default default] Successfully bumped revision number for resource 99fd383b-1bd3-4a81-909f-2117baa46b0f (type: security_group_rules) to 0
2026-05-12 17:42:42.590 10 INFO neutron.db.ovn_revision_numbers_db [None req-4d8adf4e-aa70-4f3b-88bd-be02eedd83a3 3acf3b822afb4aa89cd9335cc084e7b6 b556785f03e24099bde7d34a16315435 - - default default] Successfully bumped revision number for resource 9ce35cef-c109-43a0-951d-7061fbb6d727 (type: security_group_rules) to 0
2026-05-12 17:42:42.643 10 INFO neutron.api.wsgi [None req-4d8adf4e-aa70-4f3b-88bd-be02eedd83a3 3acf3b822afb4aa89cd9335cc084e7b6 b556785f03e24099bde7d34a16315435 - - default default] 10.0.0.169 "GET /v2.0/security-groups?tenant_id=21991af09b42498f863b9618d458a065&name=default HTTP/1.1" status: 200 len: 3124 time: 0.4095514
2026-05-12 17:42:42.863 9 INFO neutron.api.wsgi [req-8529ef6f-e3e0-4da4-933d-968dc853d215 req-945a4b08-d697-4a2b-91f3-cb30b1ef2da7 a80aff6c40d24322ad9160b386e6296b b53c7c33903a424ca86f9ff5ea694ca5 - - 245026527e4e4aa494af50c21c8ce5e1 245026527e4e4aa494af50c21c8ce5e1] 199.19.213.250 "GET /v2.0/networks?id=f2532ef3-e6de-4f76-843c-319090ffe911 HTTP/1.1" status: 200 len: 1003 time: 0.0398343
2026-05-12 17:42:42.866 10 INFO neutron.api.wsgi [None req-e75fefc6-3453-46bd-839a-77f6ca923145 3acf3b822afb4aa89cd9335cc084e7b6 b556785f03e24099bde7d34a16315435 - - default default] 10.0.0.169 "DELETE /v2.0/security-groups/e7ee3f84-923c-45b4-a6e5-dca372f0bc18 HTTP/1.1" status: 204 len: 168 time: 0.2201140
2026-05-12 17:42:42.911 9 INFO neutron.api.wsgi [req-8529ef6f-e3e0-4da4-933d-968dc853d215 req-3c88fe4d-d4b8-4a3b-a623-ca796c4517b1 a80aff6c40d24322ad9160b386e6296b b53c7c33903a424ca86f9ff5ea694ca5 - - 245026527e4e4aa494af50c21c8ce5e1 245026527e4e4aa494af50c21c8ce5e1] 199.19.213.250 "GET /v2.0/floatingips?fixed_ip_address=10.2.1.86&port_id=5cf7265c-5162-44e5-92b1-7d71998bb70f HTTP/1.1" status: 200 len: 1058 time: 0.0437820
2026-05-12 17:42:42.934 9 INFO neutron.api.wsgi [req-8529ef6f-e3e0-4da4-933d-968dc853d215 req-95cbf5fe-78d2-4376-b61f-fd0ffdc8f3c0 a80aff6c40d24322ad9160b386e6296b b53c7c33903a424ca86f9ff5ea694ca5 - - 245026527e4e4aa494af50c21c8ce5e1 245026527e4e4aa494af50c21c8ce5e1] 199.19.213.250 "GET /v2.0/floatingips?fixed_ip_address=fd7b%3Af9f7%3Afff%3A4eca%3A%3A17d&port_id=5cf7265c-5162-44e5-92b1-7d71998bb70f HTTP/1.1" status: 200 len: 217 time: 0.0155971
2026-05-12 17:42:42.973 9 INFO neutron.api.wsgi [req-8529ef6f-e3e0-4da4-933d-968dc853d215 req-70ffe0fd-c165-4efb-a818-9426afca1f50 a80aff6c40d24322ad9160b386e6296b b53c7c33903a424ca86f9ff5ea694ca5 - - 245026527e4e4aa494af50c21c8ce5e1 245026527e4e4aa494af50c21c8ce5e1] 199.19.213.250 "GET /v2.0/subnets?id=afbdde86-c21e-46c5-8a43-410b0fa7ee84&id=aae0fd42-3105-444b-a7bf-9d0aa4d8de48 HTTP/1.1" status: 200 len: 1611 time: 0.0330858
2026-05-12 17:42:42.994 9 INFO neutron.api.wsgi [req-8529ef6f-e3e0-4da4-933d-968dc853d215 req-e6f72212-255e-49e7-86c6-5efe3aefe1a1 a80aff6c40d24322ad9160b386e6296b b53c7c33903a424ca86f9ff5ea694ca5 - - 245026527e4e4aa494af50c21c8ce5e1 245026527e4e4aa494af50c21c8ce5e1] 199.19.213.250 "GET /v2.0/ports?network_id=f2532ef3-e6de-4f76-843c-319090ffe911&device_owner=network%3Adhcp HTTP/1.1" status: 200 len: 210 time: 0.0155573
2026-05-12 17:42:43.015 9 INFO neutron.api.wsgi [req-8529ef6f-e3e0-4da4-933d-968dc853d215 req-858b9e6d-d57f-4c90-8e21-a92923ce6eb6 a80aff6c40d24322ad9160b386e6296b b53c7c33903a424ca86f9ff5ea694ca5 - - 245026527e4e4aa494af50c21c8ce5e1 245026527e4e4aa494af50c21c8ce5e1] 199.19.213.250 "GET /v2.0/ports?network_id=f2532ef3-e6de-4f76-843c-319090ffe911&device_owner=network%3Adhcp HTTP/1.1" status: 200 len: 210 time: 0.0172849
2026-05-12 17:42:43.039 10 INFO neutron.api.wsgi [None req-b629de68-d6fb-4f93-bfba-53a7c5bd5b22 3acf3b822afb4aa89cd9335cc084e7b6 b556785f03e24099bde7d34a16315435 - - default default] 10.0.0.169 "GET /v2.0/security-groups?tenant_id=e35088289c644aed99b60cbada796e9c&name=default HTTP/1.1" status: 200 len: 3124 time: 0.0364318
2026-05-12 17:42:43.063 9 INFO neutron.api.wsgi [req-8529ef6f-e3e0-4da4-933d-968dc853d215 req-8716ab24-4f75-4734-a80c-aafc31484e3a a80aff6c40d24322ad9160b386e6296b b53c7c33903a424ca86f9ff5ea694ca5 - - 245026527e4e4aa494af50c21c8ce5e1 245026527e4e4aa494af50c21c8ce5e1] 199.19.213.250 "GET /v2.0/networks/f2532ef3-e6de-4f76-843c-319090ffe911?fields=segments HTTP/1.1" status: 200 len: 212 time: 0.0425937
2026-05-12 17:42:43.123 9 INFO neutron.api.wsgi [req-8529ef6f-e3e0-4da4-933d-968dc853d215 req-e5772af3-4c95-47ab-ae8c-9e16f5d684d4 a80aff6c40d24322ad9160b386e6296b b53c7c33903a424ca86f9ff5ea694ca5 - - 245026527e4e4aa494af50c21c8ce5e1 245026527e4e4aa494af50c21c8ce5e1] 199.19.213.250 "GET /v2.0/networks/f2532ef3-e6de-4f76-843c-319090ffe911?fields=provider%3Aphysical_network&fields=provider%3Anetwork_type HTTP/1.1" status: 200 len: 277 time: 0.0522692
2026-05-12 17:42:43.287 10 INFO neutron.api.wsgi [None req-59d6ae26-df37-4a95-8b13-4dea8337c94f 3acf3b822afb4aa89cd9335cc084e7b6 b556785f03e24099bde7d34a16315435 - - default default] 10.0.0.169 "DELETE /v2.0/security-groups/c4f2be26-d4ab-46a4-967a-ba0f9ff41959 HTTP/1.1" status: 204 len: 168 time: 0.2426047
2026-05-12 17:42:44.104 9 INFO neutron.db.ovn_revision_numbers_db [None req-5d4c0241-32b9-4dea-9fb5-5994a2644494 3acf3b822afb4aa89cd9335cc084e7b6 b556785f03e24099bde7d34a16315435 - - default default] Successfully bumped revision number for resource adf50cec-725d-43ef-91ba-f2ec331c6e36 (type: security_groups) to 1
2026-05-12 17:42:44.119 9 INFO neutron.db.ovn_revision_numbers_db [None req-5d4c0241-32b9-4dea-9fb5-5994a2644494 3acf3b822afb4aa89cd9335cc084e7b6 b556785f03e24099bde7d34a16315435 - - default default] Successfully bumped revision number for resource 5231d131-6526-4b64-b3ec-b23c4b3622f5 (type: security_group_rules) to 0
2026-05-12 17:42:44.132 9 INFO neutron.db.ovn_revision_numbers_db [None req-5d4c0241-32b9-4dea-9fb5-5994a2644494 3acf3b822afb4aa89cd9335cc084e7b6 b556785f03e24099bde7d34a16315435 - - default default] Successfully bumped revision number for resource 5c19045b-b728-47a8-9106-48c2f5562d52 (type: security_group_rules) to 0
2026-05-12 17:42:44.146 9 INFO neutron.db.ovn_revision_numbers_db [None req-5d4c0241-32b9-4dea-9fb5-5994a2644494 3acf3b822afb4aa89cd9335cc084e7b6 b556785f03e24099bde7d34a16315435 - - default default] Successfully bumped revision number for resource d8b5fcae-ca24-47a5-bc4b-1c0eba675d5a (type: security_group_rules) to 0
2026-05-12 17:42:44.160 9 INFO neutron.db.ovn_revision_numbers_db [None req-5d4c0241-32b9-4dea-9fb5-5994a2644494 3acf3b822afb4aa89cd9335cc084e7b6 b556785f03e24099bde7d34a16315435 - - default default] Successfully bumped revision number for resource da1e580d-bd32-450f-ad1b-e6289accfc6e (type: security_group_rules) to 0
2026-05-12 17:42:44.248 9 INFO neutron.db.segments_db [None req-5d4c0241-32b9-4dea-9fb5-5994a2644494 3acf3b822afb4aa89cd9335cc084e7b6 b556785f03e24099bde7d34a16315435 - - default default] Added segment 7f195dd8-6f45-48f7-9536-1c84d86c0da3 of type geneve for network 1da263fc-905a-4fcf-87fa-9603fb956269
2026-05-12 17:42:44.368 9 INFO neutron.db.ovn_revision_numbers_db [None req-5d4c0241-32b9-4dea-9fb5-5994a2644494 3acf3b822afb4aa89cd9335cc084e7b6 b556785f03e24099bde7d34a16315435 - - default default] Successfully bumped revision number for resource 1da263fc-905a-4fcf-87fa-9603fb956269 (type: networks) to 1
2026-05-12 17:42:44.528 9 WARNING neutron.scheduler.dhcp_agent_scheduler [None req-5d4c0241-32b9-4dea-9fb5-5994a2644494 3acf3b822afb4aa89cd9335cc084e7b6 b556785f03e24099bde7d34a16315435 - - default default] No more DHCP agents
2026-05-12 17:42:44.529 9 WARNING neutron.api.rpc.agentnotifiers.dhcp_rpc_agent_api [None req-5d4c0241-32b9-4dea-9fb5-5994a2644494 3acf3b822afb4aa89cd9335cc084e7b6 b556785f03e24099bde7d34a16315435 - - default default] Unable to schedule network 1da263fc-905a-4fcf-87fa-9603fb956269: no agents available; will retry on subsequent port and subnet creation events.
2026-05-12 17:42:44.587 9 INFO neutron.db.ovn_revision_numbers_db [None req-5d4c0241-32b9-4dea-9fb5-5994a2644494 3acf3b822afb4aa89cd9335cc084e7b6 b556785f03e24099bde7d34a16315435 - - default default] Successfully bumped revision number for resource 52099918-5eb1-4ae3-b41e-e130e3410ec2 (type: ports) to 1
2026-05-12 17:42:44.604 9 INFO neutron.api.wsgi [None req-5d4c0241-32b9-4dea-9fb5-5994a2644494 3acf3b822afb4aa89cd9335cc084e7b6 b556785f03e24099bde7d34a16315435 - - default default] 10.0.0.169 "POST /v2.0/networks HTTP/1.1" status: 201 len: 942 time: 0.7664251
2026-05-12 17:42:44.738 9 WARNING neutron.scheduler.dhcp_agent_scheduler [None req-33471d18-a790-4191-9d99-bd23ad145e38 3acf3b822afb4aa89cd9335cc084e7b6 b556785f03e24099bde7d34a16315435 - - default default] No more DHCP agents
2026-05-12 17:42:44.739 9 WARNING neutron.api.rpc.agentnotifiers.dhcp_rpc_agent_api [None req-33471d18-a790-4191-9d99-bd23ad145e38 3acf3b822afb4aa89cd9335cc084e7b6 b556785f03e24099bde7d34a16315435 - - default default] Unable to schedule network 1da263fc-905a-4fcf-87fa-9603fb956269: no agents available; will retry on subsequent port and subnet creation events.
2026-05-12 17:42:45.187 9 INFO neutron.db.ovn_revision_numbers_db [None req-70ec3526-eeb0-4ea4-966a-a398fc12db78 - - - - - -] Successfully bumped revision number for resource 52099918-5eb1-4ae3-b41e-e130e3410ec2 (type: ports) to 2
2026-05-12 17:42:45.216 9 INFO neutron.db.ovn_revision_numbers_db [None req-70ec3526-eeb0-4ea4-966a-a398fc12db78 - - - - - -] Successfully bumped revision number for resource 8845744d-ce52-4077-87d2-c2589c93ff35 (type: subnets) to 0
2026-05-12 17:42:45.230 9 INFO neutron.api.wsgi [None req-33471d18-a790-4191-9d99-bd23ad145e38 3acf3b822afb4aa89cd9335cc084e7b6 b556785f03e24099bde7d34a16315435 - - default default] 10.0.0.169 "POST /v2.0/subnets HTTP/1.1" status: 201 len: 886 time: 0.6202767
2026-05-12 17:42:45.611 9 WARNING neutron.scheduler.dhcp_agent_scheduler [None req-c443714e-d6a7-4dbe-8dc4-276ce6600084 3acf3b822afb4aa89cd9335cc084e7b6 b556785f03e24099bde7d34a16315435 - - default default] No more DHCP agents
2026-05-12 17:42:45.612 9 WARNING neutron.api.rpc.agentnotifiers.dhcp_rpc_agent_api [None req-c443714e-d6a7-4dbe-8dc4-276ce6600084 3acf3b822afb4aa89cd9335cc084e7b6 b556785f03e24099bde7d34a16315435 - - default default] Unable to schedule network 656895dc-1916-4840-a405-dc6ef476c484: no agents available; will retry on subsequent port and subnet creation events.
2026-05-12 17:42:45.743 9 INFO neutron.db.ovn_revision_numbers_db [None req-c443714e-d6a7-4dbe-8dc4-276ce6600084 3acf3b822afb4aa89cd9335cc084e7b6 b556785f03e24099bde7d34a16315435 - - default default] Successfully bumped revision number for resource 03428e0c-c6d3-46a6-bca7-ecd3f3026f82 (type: ports) to 1
2026-05-12 17:42:46.266 9 INFO neutron.plugins.ml2.drivers.ovn.mech_driver.ovsdb.commands [None req-6c4d92fe-d2bf-49e4-95da-664aa03a7cd2 - - - - - -] Schedule LRP lrp-03428e0c-c6d3-46a6-bca7-ecd3f3026f82 on gateway bb0913bd-9cb3-4b5a-a2a8-6a2203fefec3 with priority 1
2026-05-12 17:42:46.279 10 INFO neutron.plugins.ml2.drivers.ovn.mech_driver.mech_driver [None req-d8855e18-2a78-4315-8f81-08a07df91614 - - - - - -] OVN reports status up for port: 03428e0c-c6d3-46a6-bca7-ecd3f3026f82
2026-05-12 17:42:46.291 10 INFO neutron.plugins.ml2.drivers.ovn.mech_driver.ovsdb.ovsdb_monitor [None req-55d511b9-7725-4ef6-b19d-8923357ee1e8 - - - - - -] Router fcfd235e-0b37-42d7-a1b6-1c6b3200cde3 is bound to host instance
2026-05-12 17:42:46.295 10 INFO neutron.plugins.ml2.plugin [None req-d8855e18-2a78-4315-8f81-08a07df91614 - - - - - -] Attempt 1 to provision port 03428e0c-c6d3-46a6-bca7-ecd3f3026f82
2026-05-12 17:42:46.310 9 INFO neutron.db.ovn_revision_numbers_db [None req-c443714e-d6a7-4dbe-8dc4-276ce6600084 3acf3b822afb4aa89cd9335cc084e7b6 b556785f03e24099bde7d34a16315435 - - default default] Successfully bumped revision number for resource 03428e0c-c6d3-46a6-bca7-ecd3f3026f82 (type: router_ports) to 1
2026-05-12 17:42:46.385 9 INFO neutron.db.ovn_revision_numbers_db [None req-c443714e-d6a7-4dbe-8dc4-276ce6600084 3acf3b822afb4aa89cd9335cc084e7b6 b556785f03e24099bde7d34a16315435 - - default default] Successfully bumped revision number for resource fcfd235e-0b37-42d7-a1b6-1c6b3200cde3 (type: routers) to 2
2026-05-12 17:42:46.401 9 INFO neutron.api.wsgi [None req-c443714e-d6a7-4dbe-8dc4-276ce6600084 3acf3b822afb4aa89cd9335cc084e7b6 b556785f03e24099bde7d34a16315435 - - default default] 10.0.0.169 "POST /v2.0/routers HTTP/1.1" status: 201 len: 1164 time: 1.1653833
2026-05-12 17:42:46.719 10 INFO neutron.db.ovn_revision_numbers_db [None req-8a5b1195-4c3a-4ace-b56f-9509955a98c0 - - - - - -] Successfully bumped revision number for resource 03428e0c-c6d3-46a6-bca7-ecd3f3026f82 (type: ports) to 1
2026-05-12 17:42:46.764 9 WARNING neutron.scheduler.dhcp_agent_scheduler [None req-21895e0e-8d70-4620-87d8-44f607de38c6 3acf3b822afb4aa89cd9335cc084e7b6 b556785f03e24099bde7d34a16315435 - - default default] No more DHCP agents
2026-05-12 17:42:46.765 9 WARNING neutron.api.rpc.agentnotifiers.dhcp_rpc_agent_api [None req-21895e0e-8d70-4620-87d8-44f607de38c6 3acf3b822afb4aa89cd9335cc084e7b6 b556785f03e24099bde7d34a16315435 - - default default] Unable to schedule network 1da263fc-905a-4fcf-87fa-9603fb956269: no agents available; will retry on subsequent port and subnet creation events.
2026-05-12 17:42:46.915 9 INFO neutron.db.ovn_revision_numbers_db [None req-21895e0e-8d70-4620-87d8-44f607de38c6 3acf3b822afb4aa89cd9335cc084e7b6 b556785f03e24099bde7d34a16315435 - - default default] Successfully bumped revision number for resource e1376b28-7513-4ccc-871b-838626481b97 (type: ports) to 1
2026-05-12 17:42:47.010 10 INFO neutron.db.ovn_revision_numbers_db [None req-8a5b1195-4c3a-4ace-b56f-9509955a98c0 - - - - - -] Successfully bumped revision number for resource 03428e0c-c6d3-46a6-bca7-ecd3f3026f82 (type: ports) to 4
2026-05-12 17:42:47.239 10 INFO neutron.db.ovn_revision_numbers_db [None req-8a5b1195-4c3a-4ace-b56f-9509955a98c0 - - - - - -] Successfully bumped revision number for resource 03428e0c-c6d3-46a6-bca7-ecd3f3026f82 (type: ports) to 5
2026-05-12 17:42:47.513 9 INFO neutron.db.ovn_revision_numbers_db [None req-21895e0e-8d70-4620-87d8-44f607de38c6 3acf3b822afb4aa89cd9335cc084e7b6 b556785f03e24099bde7d34a16315435 - - default default] Successfully bumped revision number for resource e1376b28-7513-4ccc-871b-838626481b97 (type: ports) to 1
2026-05-12 17:42:47.565 9 WARNING neutron.scheduler.dhcp_agent_scheduler [None req-21895e0e-8d70-4620-87d8-44f607de38c6 3acf3b822afb4aa89cd9335cc084e7b6 b556785f03e24099bde7d34a16315435 - - default default] No more DHCP agents
2026-05-12 17:42:47.566 9 WARNING neutron.api.rpc.agentnotifiers.dhcp_rpc_agent_api [None req-21895e0e-8d70-4620-87d8-44f607de38c6 3acf3b822afb4aa89cd9335cc084e7b6 b556785f03e24099bde7d34a16315435 - - default default] Unable to schedule network 1da263fc-905a-4fcf-87fa-9603fb956269: no agents available; will retry on subsequent port and subnet creation events.
2026-05-12 17:42:48.135 9 INFO neutron.db.ovn_revision_numbers_db [None req-21895e0e-8d70-4620-87d8-44f607de38c6 3acf3b822afb4aa89cd9335cc084e7b6 b556785f03e24099bde7d34a16315435 - - default default] Successfully bumped revision number for resource e1376b28-7513-4ccc-871b-838626481b97 (type: router_ports) to 1
2026-05-12 17:42:48.142 9 INFO neutron.api.wsgi [None req-21895e0e-8d70-4620-87d8-44f607de38c6 3acf3b822afb4aa89cd9335cc084e7b6 b556785f03e24099bde7d34a16315435 - - default default] 10.0.0.169 "PUT /v2.0/routers/fcfd235e-0b37-42d7-a1b6-1c6b3200cde3/add_router_interface HTTP/1.1" status: 200 len: 503 time: 1.7354643
2026-05-12 17:42:49.160 10 INFO neutron.plugins.ml2.drivers.ovn.mech_driver.mech_driver [None req-d8855e18-2a78-4315-8f81-08a07df91614 - - - - - -] OVN reports status up for port: e1376b28-7513-4ccc-871b-838626481b97
2026-05-12 17:42:49.166 10 INFO neutron.plugins.ml2.plugin [None req-d8855e18-2a78-4315-8f81-08a07df91614 - - - - - -] Attempt 1 to provision port e1376b28-7513-4ccc-871b-838626481b97
2026-05-12 17:42:49.307 9 INFO neutron.db.ovn_revision_numbers_db [None req-1f2c366d-ba22-4490-a23a-7b1fc8cb3e30 3acf3b822afb4aa89cd9335cc084e7b6 b556785f03e24099bde7d34a16315435 - - default default] Successfully bumped revision number for resource ffc1ad27-b726-42c2-ae9e-99af77385db4 (type: security_groups) to 1
2026-05-12 17:42:49.318 9 INFO neutron.db.ovn_revision_numbers_db [None req-1f2c366d-ba22-4490-a23a-7b1fc8cb3e30 3acf3b822afb4aa89cd9335cc084e7b6 b556785f03e24099bde7d34a16315435 - - default default] Successfully bumped revision number for resource 02d8a05e-eeaf-4661-93ed-d8df1074dbe6 (type: security_group_rules) to 0
2026-05-12 17:42:49.330 9 INFO neutron.db.ovn_revision_numbers_db [None req-1f2c366d-ba22-4490-a23a-7b1fc8cb3e30 3acf3b822afb4aa89cd9335cc084e7b6 b556785f03e24099bde7d34a16315435 - - default default] Successfully bumped revision number for resource 8dc3ca18-0db1-45a0-ac09-b3838d78ef16 (type: security_group_rules) to 0
2026-05-12 17:42:49.341 9 INFO neutron.db.ovn_revision_numbers_db [None req-1f2c366d-ba22-4490-a23a-7b1fc8cb3e30 3acf3b822afb4aa89cd9335cc084e7b6 b556785f03e24099bde7d34a16315435 - - default default] Successfully bumped revision number for resource b2ab3e91-87c7-4b07-b7af-ba39c0e133c6 (type: security_group_rules) to 0
2026-05-12 17:42:49.352 9 INFO neutron.db.ovn_revision_numbers_db [None req-1f2c366d-ba22-4490-a23a-7b1fc8cb3e30 3acf3b822afb4aa89cd9335cc084e7b6 b556785f03e24099bde7d34a16315435 - - default default] Successfully bumped revision number for resource bf357a7f-e273-497f-9ff0-a89a4e1ad0c3 (type: security_group_rules) to 0
2026-05-12 17:42:49.414 9 INFO neutron.db.segments_db [None req-1f2c366d-ba22-4490-a23a-7b1fc8cb3e30 3acf3b822afb4aa89cd9335cc084e7b6 b556785f03e24099bde7d34a16315435 - - default default] Added segment c5e558c4-c66f-4d16-bb8e-469629388ba3 of type geneve for network 4eda7697-0d08-4f4d-ba25-b5452906f14b
2026-05-12 17:42:49.516 9 INFO neutron.db.ovn_revision_numbers_db [None req-1f2c366d-ba22-4490-a23a-7b1fc8cb3e30 3acf3b822afb4aa89cd9335cc084e7b6 b556785f03e24099bde7d34a16315435 - - default default] Successfully bumped revision number for resource 4eda7697-0d08-4f4d-ba25-b5452906f14b (type: networks) to 1
2026-05-12 17:42:49.543 10 INFO neutron.db.ovn_revision_numbers_db [None req-d8855e18-2a78-4315-8f81-08a07df91614 - - - - - -] Successfully bumped revision number for resource e1376b28-7513-4ccc-871b-838626481b97 (type: ports) to 2
2026-05-12 17:42:49.661 9 WARNING neutron.scheduler.dhcp_agent_scheduler [None req-1f2c366d-ba22-4490-a23a-7b1fc8cb3e30 3acf3b822afb4aa89cd9335cc084e7b6 b556785f03e24099bde7d34a16315435 - - default default] No more DHCP agents
2026-05-12 17:42:49.662 9 WARNING neutron.api.rpc.agentnotifiers.dhcp_rpc_agent_api [None req-1f2c366d-ba22-4490-a23a-7b1fc8cb3e30 3acf3b822afb4aa89cd9335cc084e7b6 b556785f03e24099bde7d34a16315435 - - default default] Unable to schedule network 4eda7697-0d08-4f4d-ba25-b5452906f14b: no agents available; will retry on subsequent port and subnet creation events.
2026-05-12 17:42:49.722 9 INFO neutron.db.ovn_revision_numbers_db [None req-1f2c366d-ba22-4490-a23a-7b1fc8cb3e30 3acf3b822afb4aa89cd9335cc084e7b6 b556785f03e24099bde7d34a16315435 - - default default] Successfully bumped revision number for resource 67539dfb-74f3-4984-954d-81d579887279 (type: ports) to 1
2026-05-12 17:42:49.743 9 INFO neutron.api.wsgi [None req-1f2c366d-ba22-4490-a23a-7b1fc8cb3e30 3acf3b822afb4aa89cd9335cc084e7b6 b556785f03e24099bde7d34a16315435 - - default default] 10.0.0.169 "POST /v2.0/networks HTTP/1.1" status: 201 len: 942 time: 0.5707834
2026-05-12 17:42:49.878 9 WARNING neutron.scheduler.dhcp_agent_scheduler [None req-920987fa-a0d7-4dab-9d34-7b9c51cafcad 3acf3b822afb4aa89cd9335cc084e7b6 b556785f03e24099bde7d34a16315435 - - default default] No more DHCP agents
2026-05-12 17:42:49.880 9 WARNING neutron.api.rpc.agentnotifiers.dhcp_rpc_agent_api [None req-920987fa-a0d7-4dab-9d34-7b9c51cafcad 3acf3b822afb4aa89cd9335cc084e7b6 b556785f03e24099bde7d34a16315435 - - default default] Unable to schedule network 4eda7697-0d08-4f4d-ba25-b5452906f14b: no agents available; will retry on subsequent port and subnet creation events.
2026-05-12 17:42:50.318 9 INFO neutron.db.ovn_revision_numbers_db [None req-e3f2d604-e92a-47da-9459-5988a54512cc - - - - - -] Successfully bumped revision number for resource 67539dfb-74f3-4984-954d-81d579887279 (type: ports) to 2
2026-05-12 17:42:50.350 9 INFO neutron.db.ovn_revision_numbers_db [None req-e3f2d604-e92a-47da-9459-5988a54512cc - - - - - -] Successfully bumped revision number for resource 6c5e984d-a708-4b6a-ad4d-7c664fce5d0b (type: subnets) to 0
2026-05-12 17:42:50.364 9 INFO neutron.api.wsgi [None req-920987fa-a0d7-4dab-9d34-7b9c51cafcad 3acf3b822afb4aa89cd9335cc084e7b6 b556785f03e24099bde7d34a16315435 - - default default] 10.0.0.169 "POST /v2.0/subnets HTTP/1.1" status: 201 len: 886 time: 0.6157901
2026-05-12 17:42:50.801 9 WARNING neutron.scheduler.dhcp_agent_scheduler [None req-d430fc4c-cdc3-473e-bc6a-48dbd957d2b5 3acf3b822afb4aa89cd9335cc084e7b6 b556785f03e24099bde7d34a16315435 - - default default] No more DHCP agents
2026-05-12 17:42:50.802 9 WARNING neutron.api.rpc.agentnotifiers.dhcp_rpc_agent_api [None req-d430fc4c-cdc3-473e-bc6a-48dbd957d2b5 3acf3b822afb4aa89cd9335cc084e7b6 b556785f03e24099bde7d34a16315435 - - default default] Unable to schedule network 656895dc-1916-4840-a405-dc6ef476c484: no agents available; will retry on subsequent port and subnet creation events.
2026-05-12 17:42:50.912 9 INFO neutron.db.ovn_revision_numbers_db [None req-d430fc4c-cdc3-473e-bc6a-48dbd957d2b5 3acf3b822afb4aa89cd9335cc084e7b6 b556785f03e24099bde7d34a16315435 - - default default] Successfully bumped revision number for resource 8b690ad4-598f-4190-a58a-5c5a4d221cd1 (type: ports) to 1
2026-05-12 17:42:51.513 9 INFO neutron.plugins.ml2.drivers.ovn.mech_driver.ovsdb.commands [None req-6c4d92fe-d2bf-49e4-95da-664aa03a7cd2 - - - - - -] Schedule LRP lrp-8b690ad4-598f-4190-a58a-5c5a4d221cd1 on gateway bb0913bd-9cb3-4b5a-a2a8-6a2203fefec3 with priority 1
2026-05-12 17:42:51.547 9 INFO neutron.plugins.ml2.drivers.ovn.mech_driver.ovsdb.ovsdb_monitor [None req-7612daf0-88f7-4768-92b5-2c3eb51a5b83 - - - - - -] Router 9eceb727-066d-4fb8-b894-0cb83441fb37 is bound to host instance
2026-05-12 17:42:51.559 9 INFO neutron.db.ovn_revision_numbers_db [None req-d430fc4c-cdc3-473e-bc6a-48dbd957d2b5 3acf3b822afb4aa89cd9335cc084e7b6 b556785f03e24099bde7d34a16315435 - - default default] Successfully bumped revision number for resource 8b690ad4-598f-4190-a58a-5c5a4d221cd1 (type: router_ports) to 1
2026-05-12 17:42:51.631 9 INFO neutron.db.ovn_revision_numbers_db [None req-d430fc4c-cdc3-473e-bc6a-48dbd957d2b5 3acf3b822afb4aa89cd9335cc084e7b6 b556785f03e24099bde7d34a16315435 - - default default] Successfully bumped revision number for resource 9eceb727-066d-4fb8-b894-0cb83441fb37 (type: routers) to 2
2026-05-12 17:42:51.645 9 INFO neutron.api.wsgi [None req-d430fc4c-cdc3-473e-bc6a-48dbd957d2b5 3acf3b822afb4aa89cd9335cc084e7b6 b556785f03e24099bde7d34a16315435 - - default default] 10.0.0.169 "POST /v2.0/routers HTTP/1.1" status: 201 len: 1164 time: 1.2762651
2026-05-12 17:42:51.958 9 INFO neutron.db.ovn_revision_numbers_db [None req-4c5f5998-d085-4f12-88e5-df0fc2aaabd4 - - - - - -] Successfully bumped revision number for resource 8b690ad4-598f-4190-a58a-5c5a4d221cd1 (type: ports) to 1
2026-05-12 17:42:52.124 10 WARNING neutron.scheduler.dhcp_agent_scheduler [None req-64c06106-602a-4f87-9482-5ca13323b719 3acf3b822afb4aa89cd9335cc084e7b6 b556785f03e24099bde7d34a16315435 - - default default] No more DHCP agents
2026-05-12 17:42:52.126 10 WARNING neutron.api.rpc.agentnotifiers.dhcp_rpc_agent_api [None req-64c06106-602a-4f87-9482-5ca13323b719 3acf3b822afb4aa89cd9335cc084e7b6 b556785f03e24099bde7d34a16315435 - - default default] Unable to schedule network 4eda7697-0d08-4f4d-ba25-b5452906f14b: no agents available; will retry on subsequent port and subnet creation events.
2026-05-12 17:42:52.245 10 INFO neutron.db.ovn_revision_numbers_db [None req-64c06106-602a-4f87-9482-5ca13323b719 3acf3b822afb4aa89cd9335cc084e7b6 b556785f03e24099bde7d34a16315435 - - default default] Successfully bumped revision number for resource 32529247-900f-4345-af1c-25f6443aca72 (type: ports) to 1
2026-05-12 17:42:52.269 9 INFO neutron.db.ovn_revision_numbers_db [None req-4c5f5998-d085-4f12-88e5-df0fc2aaabd4 - - - - - -] Successfully bumped revision number for resource 8b690ad4-598f-4190-a58a-5c5a4d221cd1 (type: ports) to 4
2026-05-12 17:42:52.547 9 INFO neutron.db.ovn_revision_numbers_db [None req-4c5f5998-d085-4f12-88e5-df0fc2aaabd4 - - - - - -] Successfully bumped revision number for resource 8b690ad4-598f-4190-a58a-5c5a4d221cd1 (type: ports) to 5
2026-05-12 17:42:52.798 10 INFO neutron.db.ovn_revision_numbers_db [None req-64c06106-602a-4f87-9482-5ca13323b719 3acf3b822afb4aa89cd9335cc084e7b6 b556785f03e24099bde7d34a16315435 - - default default] Successfully bumped revision number for resource 32529247-900f-4345-af1c-25f6443aca72 (type: ports) to 1
2026-05-12 17:42:52.862 10 WARNING neutron.scheduler.dhcp_agent_scheduler [None req-64c06106-602a-4f87-9482-5ca13323b719 3acf3b822afb4aa89cd9335cc084e7b6 b556785f03e24099bde7d34a16315435 - - default default] No more DHCP agents
