2026-05-12 17:39:22.455 9 INFO neutron.services.segments.plugin [-] Segment 7b7cf69a-1e83-4934-8268-e40d24122bdb resource provider not found; error: Placement Client Error (4xx): {"errors": [{"status": 404, "title": "Not Found", "detail": "The resource could not be found.\n\n No resource provider with uuid 7b7cf69a-1e83-4934-8268-e40d24122bdb found for delete ", "request_id": "req-89ac615b-2486-43e6-8210-3d4e9be0e639"}]}
2026-05-12 17:39:22.482 9 INFO neutron.api.wsgi [None req-da8022c7-f64a-4541-b532-7558457ddf88 af908a90218441228adf6f3e9766d21d 18a32de8fb694b1d87babc0f826094fe - - default default] 10.0.0.169 "DELETE /v2.0/networks/45a13119-6683-48a1-8fc8-a1f225959f6c HTTP/1.1" status: 204 len: 168 time: 0.3896551
2026-05-12 17:39:22.491 9 INFO neutron.api.wsgi [req-cb741a53-0f25-417d-bdd4-fa7ee17ec615 req-122e6326-3968-4b45-a5b3-cb81c77d46c1 f52360746e69488ca011ab4b3ebb1235 3d9dd961b4294a1babc5063f1d09ac8f - - default default] 10.0.0.119 "GET /v2.0/security-groups?id=8e17c7aa-08c9-4daa-9379-f7d5d335da62&fields=id&fields=name HTTP/1.1" status: 200 len: 312 time: 0.0349519
2026-05-12 17:39:22.594 10 INFO neutron.api.wsgi [req-c350d614-df5c-4297-aa0d-19962f23ad4d req-8e09dccc-5bac-478b-a945-ab7fc0db1e05 f52360746e69488ca011ab4b3ebb1235 3d9dd961b4294a1babc5063f1d09ac8f - - default default] 10.0.0.119 "GET /v2.0/ports?device_id=5cf3f226-6135-49ea-8bab-b562d2a0c1af HTTP/1.1" status: 200 len: 1174 time: 0.0313325
2026-05-12 17:39:22.810 9 INFO neutron.notifiers.nova [-] Nova event matching ['req-aca34021-2334-41ad-b6dc-837cc62a9b99'] response: {'server_uuid': '5cf3f226-6135-49ea-8bab-b562d2a0c1af', 'name': 'network-vif-plugged', 'status': 'completed', 'tag': '0d464f5d-4647-4094-a6dd-dffe138cd0c1', 'code': 200}
2026-05-12 17:39:22.992 10 INFO neutron.services.segments.plugin [-] Segment 5d053d68-5b16-45c4-a0b5-a48f8e71cd70 resource provider aggregate not found
2026-05-12 17:39:23.005 10 INFO neutron.services.segments.plugin [-] Segment 5d053d68-5b16-45c4-a0b5-a48f8e71cd70 resource provider aggregate not found
2026-05-12 17:39:23.009 10 INFO neutron.services.segments.plugin [-] Segment 5d053d68-5b16-45c4-a0b5-a48f8e71cd70 resource provider not found; error: Placement Client Error (4xx): {"errors": [{"status": 404, "title": "Not Found", "detail": "The resource could not be found.\n\n No resource provider with uuid 5d053d68-5b16-45c4-a0b5-a48f8e71cd70 found for delete ", "request_id": "req-6863ae22-202a-4955-b3d8-4fc36b90c954"}]}
2026-05-12 17:39:23.021 10 INFO neutron.services.segments.plugin [-] Segment 5d053d68-5b16-45c4-a0b5-a48f8e71cd70 resource provider not found; error: Placement Client Error (4xx): {"errors": [{"status": 404, "title": "Not Found", "detail": "The resource could not be found.\n\n No resource provider with uuid 5d053d68-5b16-45c4-a0b5-a48f8e71cd70 found for delete ", "request_id": "req-9e034043-d547-486d-a7c3-6bf2fd9c2db3"}]}
2026-05-12 17:39:23.065 10 INFO neutron.api.wsgi [None req-8a22a425-099d-4551-9455-88b70b593525 924e117230fc4232abe1b588111dacbd 9b31785bde5f47fe95d07215773a6c6a - - default default] 10.0.0.169 "DELETE /v2.0/networks/30f18646-8f00-4319-a10d-0e51fc5b49f4 HTTP/1.1" status: 204 len: 168 time: 0.6559353
2026-05-12 17:39:23.094 9 INFO neutron.api.wsgi [None req-ba5771f7-81d0-4a70-a339-6092046c7f77 3acf3b822afb4aa89cd9335cc084e7b6 b556785f03e24099bde7d34a16315435 - - default default] 10.0.0.169 "GET /v2.0/security-groups?tenant_id=18a32de8fb694b1d87babc0f826094fe&name=default HTTP/1.1" status: 200 len: 3120 time: 0.1174133
2026-05-12 17:39:23.129 9 INFO neutron.db.ovn_revision_numbers_db [None req-7dd34295-6a83-4913-a383-27088f42dc48 3acf3b822afb4aa89cd9335cc084e7b6 b556785f03e24099bde7d34a16315435 - - default default] Successfully bumped revision number for resource bfc9decb-832c-441c-b13f-a4de685123a1 (type: security_groups) to 1
2026-05-12 17:39:23.143 9 INFO neutron.db.ovn_revision_numbers_db [None req-7dd34295-6a83-4913-a383-27088f42dc48 3acf3b822afb4aa89cd9335cc084e7b6 b556785f03e24099bde7d34a16315435 - - default default] Successfully bumped revision number for resource 2e9c5c44-99a8-467e-aa8c-3b79c71472b0 (type: security_group_rules) to 0
2026-05-12 17:39:23.160 9 INFO neutron.db.ovn_revision_numbers_db [None req-7dd34295-6a83-4913-a383-27088f42dc48 3acf3b822afb4aa89cd9335cc084e7b6 b556785f03e24099bde7d34a16315435 - - default default] Successfully bumped revision number for resource a02bbc5e-ce39-4553-8eb3-65f6bade008c (type: security_group_rules) to 0
2026-05-12 17:39:23.179 9 INFO neutron.db.ovn_revision_numbers_db [None req-7dd34295-6a83-4913-a383-27088f42dc48 3acf3b822afb4aa89cd9335cc084e7b6 b556785f03e24099bde7d34a16315435 - - default default] Successfully bumped revision number for resource c9798660-aa07-4b85-9a4d-4c3f97979b69 (type: security_group_rules) to 0
2026-05-12 17:39:23.195 9 INFO neutron.db.ovn_revision_numbers_db [None req-7dd34295-6a83-4913-a383-27088f42dc48 3acf3b822afb4aa89cd9335cc084e7b6 b556785f03e24099bde7d34a16315435 - - default default] Successfully bumped revision number for resource cf2df411-be96-4b42-9b70-a8c13908d5ee (type: security_group_rules) to 0
2026-05-12 17:39:23.238 9 INFO neutron.api.wsgi [None req-7dd34295-6a83-4913-a383-27088f42dc48 3acf3b822afb4aa89cd9335cc084e7b6 b556785f03e24099bde7d34a16315435 - - default default] 10.0.0.169 "GET /v2.0/security-groups?tenant_id=16260c1f825f4837895e12faf48dc0da&name=default HTTP/1.1" status: 200 len: 3120 time: 0.4218481
2026-05-12 17:39:23.456 10 INFO neutron.db.ovn_revision_numbers_db [None req-6e863008-8055-4de2-a41b-40e0af322015 f52360746e69488ca011ab4b3ebb1235 3d9dd961b4294a1babc5063f1d09ac8f - - default default] Successfully bumped revision number for resource 963d584e-1843-4354-b8ed-c013d728ffeb (type: floatingips) to 1
2026-05-12 17:39:23.509 9 INFO neutron.api.wsgi [None req-a6ede971-b46a-423a-be3b-e2c338c98c93 3acf3b822afb4aa89cd9335cc084e7b6 b556785f03e24099bde7d34a16315435 - - default default] 10.0.0.169 "DELETE /v2.0/security-groups/bfc9decb-832c-441c-b13f-a4de685123a1 HTTP/1.1" status: 204 len: 168 time: 0.2638345
2026-05-12 17:39:23.538 10 INFO neutron.api.wsgi [None req-93ac1e7c-2390-4377-8c0b-7538cb5c17e5 3acf3b822afb4aa89cd9335cc084e7b6 b556785f03e24099bde7d34a16315435 - - default default] 10.0.0.169 "DELETE /v2.0/security-groups/0727f649-882d-428e-8e13-ba1df2621bc7 HTTP/1.1" status: 204 len: 168 time: 0.4384863
2026-05-12 17:39:23.613 10 INFO neutron.db.ovn_revision_numbers_db [None req-6e863008-8055-4de2-a41b-40e0af322015 f52360746e69488ca011ab4b3ebb1235 3d9dd961b4294a1babc5063f1d09ac8f - - default default] Successfully bumped revision number for resource 963d584e-1843-4354-b8ed-c013d728ffeb (type: floatingips) to 2
2026-05-12 17:39:23.613 10 INFO neutron.db.l3_db [None req-6e863008-8055-4de2-a41b-40e0af322015 f52360746e69488ca011ab4b3ebb1235 3d9dd961b4294a1babc5063f1d09ac8f - - default default] Floating IP 963d584e-1843-4354-b8ed-c013d728ffeb associated. External IP: 10.96.250.211, port: 0d464f5d-4647-4094-a6dd-dffe138cd0c1.
2026-05-12 17:39:23.646 10 INFO neutron.api.wsgi [None req-6e863008-8055-4de2-a41b-40e0af322015 f52360746e69488ca011ab4b3ebb1235 3d9dd961b4294a1babc5063f1d09ac8f - - default default] 10.0.0.169 "PUT /v2.0/floatingips/963d584e-1843-4354-b8ed-c013d728ffeb HTTP/1.1" status: 200 len: 1050 time: 1.0439918
2026-05-12 17:39:23.666 10 INFO neutron.api.wsgi [None req-659277d1-bb2d-483f-b64e-6eda74338e29 924e117230fc4232abe1b588111dacbd 9b31785bde5f47fe95d07215773a6c6a - - default default] 10.0.0.169 "DELETE /v2.0/networks/7a599f45-13ee-419a-9775-149de24c7e49 HTTP/1.1" status: 204 len: 168 time: 0.5959539
2026-05-12 17:39:23.698 10 INFO neutron.notifiers.nova [-] Nova event matching ['req-eddb4494-fc75-4043-97a3-592071901556'] response: {'name': 'network-changed', 'server_uuid': '5cf3f226-6135-49ea-8bab-b562d2a0c1af', 'tag': '0d464f5d-4647-4094-a6dd-dffe138cd0c1', 'status': 'completed', 'code': 200}
2026-05-12 17:39:23.759 10 INFO neutron.api.wsgi [req-b94688c6-af3e-407a-a1f5-47b7f12b70c0 req-53e35f1f-ee53-4d65-bb44-bed75cf9d7de f52360746e69488ca011ab4b3ebb1235 3d9dd961b4294a1babc5063f1d09ac8f - - default default] 10.0.0.119 "GET /v2.0/ports?device_id=5cf3f226-6135-49ea-8bab-b562d2a0c1af HTTP/1.1" status: 200 len: 1174 time: 0.0785983
2026-05-12 17:39:23.806 10 INFO neutron.api.wsgi [req-b94688c6-af3e-407a-a1f5-47b7f12b70c0 req-856b562f-9002-4946-bfc0-7f2f307540b7 f52360746e69488ca011ab4b3ebb1235 3d9dd961b4294a1babc5063f1d09ac8f - - default default] 10.0.0.119 "GET /v2.0/security-groups?id=8e17c7aa-08c9-4daa-9379-f7d5d335da62&fields=id&fields=name HTTP/1.1" status: 200 len: 312 time: 0.0378816
2026-05-12 17:39:23.999 10 INFO neutron.api.wsgi [None req-f287a913-8ed4-4041-9bb4-d9c569ae47db 924e117230fc4232abe1b588111dacbd 9b31785bde5f47fe95d07215773a6c6a - - default default] 10.0.0.169 "DELETE /v2.0/networks/8eb7fc66-6a26-4940-9d36-87c2dfcd7939 HTTP/1.1" status: 204 len: 168 time: 0.3295999 /var/lib/openstack/lib/python3.12/site-packages/pycadf/identifier.py:71: UserWarning: Invalid uuid: neutron. To ensure interoperability, identifiers should be a valid uuid. warnings.warn(('Invalid uuid: %s. To ensure interoperability, '
2026-05-12 17:39:24.096 9 INFO neutron.api.wsgi [req-040ee637-3529-4549-9b4a-670ed0e9bd7a req-dccb3fe3-fc12-4a95-9b6f-1e3a4fd96309 f52360746e69488ca011ab4b3ebb1235 3d9dd961b4294a1babc5063f1d09ac8f - - default default] 10.0.0.119 "GET /v2.0/ports?device_id=5cf3f226-6135-49ea-8bab-b562d2a0c1af HTTP/1.1" status: 200 len: 1174 time: 0.0421982
2026-05-12 17:39:24.152 9 INFO neutron.api.wsgi [req-040ee637-3529-4549-9b4a-670ed0e9bd7a req-0183b2f9-ee48-400b-ab38-32e0b27572e2 f52360746e69488ca011ab4b3ebb1235 3d9dd961b4294a1babc5063f1d09ac8f - - default default] 10.0.0.119 "GET /v2.0/security-groups?id=8e17c7aa-08c9-4daa-9379-f7d5d335da62&fields=id&fields=name HTTP/1.1" status: 200 len: 312 time: 0.0548656
2026-05-12 17:39:24.248 9 INFO neutron.api.wsgi [req-756dd945-0a54-4896-9c22-14edfe90bf76 req-56fc35dd-b553-468b-a2fc-85a214e538ec a80aff6c40d24322ad9160b386e6296b b53c7c33903a424ca86f9ff5ea694ca5 - - 245026527e4e4aa494af50c21c8ce5e1 245026527e4e4aa494af50c21c8ce5e1] 199.19.213.250 "GET /v2.0/ports?tenant_id=3d9dd961b4294a1babc5063f1d09ac8f&device_id=5cf3f226-6135-49ea-8bab-b562d2a0c1af HTTP/1.1" status: 200 len: 1413 time: 0.0377572
2026-05-12 17:39:24.308 9 INFO neutron.api.wsgi [req-756dd945-0a54-4896-9c22-14edfe90bf76 req-be2a7378-c469-4698-a446-a8a339b48bb0 a80aff6c40d24322ad9160b386e6296b b53c7c33903a424ca86f9ff5ea694ca5 - - 245026527e4e4aa494af50c21c8ce5e1 245026527e4e4aa494af50c21c8ce5e1] 199.19.213.250 "GET /v2.0/networks?id=bf157110-ac8b-49a7-bf64-53d5d57bcef6 HTTP/1.1" status: 200 len: 966 time: 0.0565434
2026-05-12 17:39:24.339 10 INFO neutron.api.wsgi [None req-bdf11b3e-a701-464b-8a10-88dfbe33f48a 924e117230fc4232abe1b588111dacbd 9b31785bde5f47fe95d07215773a6c6a - - default default] 10.0.0.169 "DELETE /v2.0/networks/5cf93989-ab9d-4b1d-b46f-7af94be520eb HTTP/1.1" status: 204 len: 168 time: 0.3369296
2026-05-12 17:39:24.345 9 INFO neutron.api.wsgi [req-756dd945-0a54-4896-9c22-14edfe90bf76 req-942fe6a6-a376-4839-a82b-d9ee1a73e145 a80aff6c40d24322ad9160b386e6296b b53c7c33903a424ca86f9ff5ea694ca5 - - 245026527e4e4aa494af50c21c8ce5e1 245026527e4e4aa494af50c21c8ce5e1] 199.19.213.250 "GET /v2.0/floatingips?fixed_ip_address=10.100.0.11&port_id=0d464f5d-4647-4094-a6dd-dffe138cd0c1 HTTP/1.1" status: 200 len: 1060 time: 0.0325649
2026-05-12 17:39:24.370 9 INFO neutron.api.wsgi [req-756dd945-0a54-4896-9c22-14edfe90bf76 req-2fadae85-4919-441b-91b6-5ae1fcf49e40 a80aff6c40d24322ad9160b386e6296b b53c7c33903a424ca86f9ff5ea694ca5 - - 245026527e4e4aa494af50c21c8ce5e1 245026527e4e4aa494af50c21c8ce5e1] 199.19.213.250 "GET /v2.0/subnets?id=6d85f17e-17cc-45e9-95d7-e82ea918f919 HTTP/1.1" status: 200 len: 886 time: 0.0221453
2026-05-12 17:39:24.404 9 INFO neutron.api.wsgi [req-756dd945-0a54-4896-9c22-14edfe90bf76 req-9e88b420-0a95-4cdb-9e93-250da2229be5 a80aff6c40d24322ad9160b386e6296b b53c7c33903a424ca86f9ff5ea694ca5 - - 245026527e4e4aa494af50c21c8ce5e1 245026527e4e4aa494af50c21c8ce5e1] 199.19.213.250 "GET /v2.0/ports?network_id=bf157110-ac8b-49a7-bf64-53d5d57bcef6&device_owner=network%3Adhcp HTTP/1.1" status: 200 len: 210 time: 0.0281563
2026-05-12 17:39:24.446 9 INFO neutron.api.wsgi [req-756dd945-0a54-4896-9c22-14edfe90bf76 req-47fd9868-d09d-4b77-87b0-0c20708324ab a80aff6c40d24322ad9160b386e6296b b53c7c33903a424ca86f9ff5ea694ca5 - - 245026527e4e4aa494af50c21c8ce5e1 245026527e4e4aa494af50c21c8ce5e1] 199.19.213.250 "GET /v2.0/networks/bf157110-ac8b-49a7-bf64-53d5d57bcef6?fields=segments HTTP/1.1" status: 200 len: 212 time: 0.0349450
2026-05-12 17:39:24.496 9 INFO neutron.api.wsgi [req-756dd945-0a54-4896-9c22-14edfe90bf76 req-06070eef-2c3d-40ce-a715-12c4e0ad39c6 a80aff6c40d24322ad9160b386e6296b b53c7c33903a424ca86f9ff5ea694ca5 - - 245026527e4e4aa494af50c21c8ce5e1 245026527e4e4aa494af50c21c8ce5e1] 199.19.213.250 "GET /v2.0/networks/bf157110-ac8b-49a7-bf64-53d5d57bcef6?fields=provider%3Aphysical_network&fields=provider%3Anetwork_type HTTP/1.1" status: 200 len: 277 time: 0.0462599
2026-05-12 17:39:24.548 9 INFO neutron.plugins.ml2.drivers.ovn.mech_driver.mech_driver [None req-fec06c3a-040e-4761-9cb5-3397ad51b546 - - - - - -] OVN reports status down for port: 0d464f5d-4647-4094-a6dd-dffe138cd0c1
2026-05-12 17:39:24.841 9 INFO neutron.db.ovn_revision_numbers_db [None req-fec06c3a-040e-4761-9cb5-3397ad51b546 - - - - - -] Successfully bumped revision number for resource 0d464f5d-4647-4094-a6dd-dffe138cd0c1 (type: ports) to 6
2026-05-12 17:39:24.867 9 INFO neutron.notifiers.nova [-] Nova event matching ['req-ddb3ffd5-dd95-491f-877a-20a5eab0d64b'] response: {'server_uuid': '5cf3f226-6135-49ea-8bab-b562d2a0c1af', 'name': 'network-vif-unplugged', 'status': 'completed', 'tag': '0d464f5d-4647-4094-a6dd-dffe138cd0c1', 'code': 200}
2026-05-12 17:39:25.027 10 INFO neutron.services.segments.plugin [-] Segment 269a11e2-91e9-4cda-b6d1-1c3bd46113a6 resource provider aggregate not found
2026-05-12 17:39:25.039 10 INFO neutron.services.segments.plugin [-] Segment 269a11e2-91e9-4cda-b6d1-1c3bd46113a6 resource provider aggregate not found
2026-05-12 17:39:25.044 10 INFO neutron.services.segments.plugin [-] Segment 269a11e2-91e9-4cda-b6d1-1c3bd46113a6 resource provider not found; error: Placement Client Error (4xx): {"errors": [{"status": 404, "title": "Not Found", "detail": "The resource could not be found.\n\n No resource provider with uuid 269a11e2-91e9-4cda-b6d1-1c3bd46113a6 found for delete ", "request_id": "req-53233814-0337-489d-b7e7-08a2089fca1b"}]}
2026-05-12 17:39:25.051 10 INFO neutron.services.segments.plugin [-] Segment 269a11e2-91e9-4cda-b6d1-1c3bd46113a6 resource provider not found; error: Placement Client Error (4xx): {"errors": [{"status": 404, "title": "Not Found", "detail": "The resource could not be found.\n\n No resource provider with uuid 269a11e2-91e9-4cda-b6d1-1c3bd46113a6 found for delete ", "request_id": "req-ebdc504a-2c33-4a39-9cac-de5ddfed9af5"}]}
2026-05-12 17:39:25.058 10 INFO neutron.services.segments.plugin [-] Segment 18a04a06-71f3-4f24-a2a2-81c432eb3144 resource provider aggregate not found
2026-05-12 17:39:25.066 10 INFO neutron.services.segments.plugin [-] Segment 18a04a06-71f3-4f24-a2a2-81c432eb3144 resource provider aggregate not found
2026-05-12 17:39:25.070 10 INFO neutron.services.segments.plugin [-] Segment 18a04a06-71f3-4f24-a2a2-81c432eb3144 resource provider not found; error: Placement Client Error (4xx): {"errors": [{"status": 404, "title": "Not Found", "detail": "The resource could not be found.\n\n No resource provider with uuid 18a04a06-71f3-4f24-a2a2-81c432eb3144 found for delete ", "request_id": "req-2323c7d6-19ba-4b8d-812e-4296a3a44644"}]}
2026-05-12 17:39:25.080 10 INFO neutron.api.wsgi [None req-eacf6a3f-42d9-4021-be47-5fdc40b09b14 3acf3b822afb4aa89cd9335cc084e7b6 b556785f03e24099bde7d34a16315435 - - default default] 10.0.0.169 "GET /v2.0/security-groups?tenant_id=9b31785bde5f47fe95d07215773a6c6a&name=default HTTP/1.1" status: 200 len: 3120 time: 0.2179012
2026-05-12 17:39:25.083 10 INFO neutron.services.segments.plugin [-] Segment 65b879dd-5e73-4185-94fd-97bd4d58eb73 resource provider aggregate not found
2026-05-12 17:39:25.086 10 INFO neutron.services.segments.plugin [-] Segment 18a04a06-71f3-4f24-a2a2-81c432eb3144 resource provider not found; error: Placement Client Error (4xx): {"errors": [{"status": 404, "title": "Not Found", "detail": "The resource could not be found.\n\n No resource provider with uuid 18a04a06-71f3-4f24-a2a2-81c432eb3144 found for delete ", "request_id": "req-ce22be62-5374-4803-b7da-04be82a4db1c"}]} /var/lib/openstack/lib/python3.12/site-packages/pycadf/identifier.py:71: UserWarning: Invalid uuid: neutron. To ensure interoperability, identifiers should be a valid uuid. warnings.warn(('Invalid uuid: %s. To ensure interoperability, '
2026-05-12 17:39:25.094 10 INFO neutron.services.segments.plugin [-] Segment 65b879dd-5e73-4185-94fd-97bd4d58eb73 resource provider not found; error: Placement Client Error (4xx): {"errors": [{"status": 404, "title": "Not Found", "detail": "The resource could not be found.\n\n No resource provider with uuid 65b879dd-5e73-4185-94fd-97bd4d58eb73 found for delete ", "request_id": "req-876c98e0-43d9-47fa-926d-a2ab910f3394"}]}
2026-05-12 17:39:25.095 10 INFO neutron.services.segments.plugin [-] Segment 65b879dd-5e73-4185-94fd-97bd4d58eb73 resource provider aggregate not found
2026-05-12 17:39:25.105 10 INFO neutron.services.segments.plugin [-] Segment 65b879dd-5e73-4185-94fd-97bd4d58eb73 resource provider not found; error: Placement Client Error (4xx): {"errors": [{"status": 404, "title": "Not Found", "detail": "The resource could not be found.\n\n No resource provider with uuid 65b879dd-5e73-4185-94fd-97bd4d58eb73 found for delete ", "request_id": "req-cb7b3150-253d-44dc-839b-6f22b3029300"}]}
2026-05-12 17:39:25.150 9 INFO neutron.api.wsgi [-] 10.0.0.145 "GET / HTTP/1.1" status: 200 len: 247 time: 0.0013826
2026-05-12 17:39:25.152 9 INFO neutron.api.wsgi [-] 10.0.0.145 "GET / HTTP/1.1" status: 200 len: 247 time: 0.0011556
2026-05-12 17:39:25.247 9 INFO neutron.api.wsgi [req-76c7c4e3-d477-4a4c-8d35-506c7338b530 req-a19fd491-b9d2-477f-816f-7612bf2b090a f52360746e69488ca011ab4b3ebb1235 3d9dd961b4294a1babc5063f1d09ac8f - - default default] 10.0.0.119 "GET /v2.0/ports?device_id=5cf3f226-6135-49ea-8bab-b562d2a0c1af HTTP/1.1" status: 200 len: 1172 time: 0.0331731
2026-05-12 17:39:25.292 9 INFO neutron.api.wsgi [req-76c7c4e3-d477-4a4c-8d35-506c7338b530 req-5758d0dd-4d1b-4b1e-89ba-1bdb9803031f f52360746e69488ca011ab4b3ebb1235 3d9dd961b4294a1babc5063f1d09ac8f - - default default] 10.0.0.119 "GET /v2.0/security-groups?id=8e17c7aa-08c9-4daa-9379-f7d5d335da62&fields=id&fields=name HTTP/1.1" status: 200 len: 312 time: 0.0372887
2026-05-12 17:39:25.312 9 INFO neutron.api.wsgi [None req-5af7b5aa-d0c6-4c64-b575-b1c3e70e0ba2 3acf3b822afb4aa89cd9335cc084e7b6 b556785f03e24099bde7d34a16315435 - - default default] 10.0.0.169 "DELETE /v2.0/security-groups/59a7cac2-70ea-46d4-aba6-4e37cf4e553f HTTP/1.1" status: 204 len: 168 time: 0.2278960
2026-05-12 17:39:25.362 10 WARNING neutron_lib.context [None req-bb8e8441-24a8-423c-ba75-861336da0f9c b7dd9948a5c24a30b03f69d4b41e0149 02cd7d6d799c415cb53d9c19fc16593e - - default default] Method 'is_advsvc' is deprecated since 2023.2 release (neutron-lib 3.8.0) and will be removed once support for the old RBAC API policies will be removed from Neutron. Please use method 'is_service_role' instead.
2026-05-12 17:39:25.474 10 INFO neutron.db.ovn_revision_numbers_db [None req-bb8e8441-24a8-423c-ba75-861336da0f9c b7dd9948a5c24a30b03f69d4b41e0149 02cd7d6d799c415cb53d9c19fc16593e - - default default] Successfully bumped revision number for resource 76618528-3655-43c3-abd3-a6345f671352 (type: security_groups) to 1
2026-05-12 17:39:25.485 10 INFO neutron.db.ovn_revision_numbers_db [None req-bb8e8441-24a8-423c-ba75-861336da0f9c b7dd9948a5c24a30b03f69d4b41e0149 02cd7d6d799c415cb53d9c19fc16593e - - default default] Successfully bumped revision number for resource 0d425334-4249-4b69-9d4d-684ca0a93f37 (type: security_group_rules) to 0
2026-05-12 17:39:25.502 10 INFO neutron.db.ovn_revision_numbers_db [None req-bb8e8441-24a8-423c-ba75-861336da0f9c b7dd9948a5c24a30b03f69d4b41e0149 02cd7d6d799c415cb53d9c19fc16593e - - default default] Successfully bumped revision number for resource 8daff7f6-093e-4103-9e50-b4eb840c9408 (type: security_group_rules) to 0
2026-05-12 17:39:25.518 10 INFO neutron.db.ovn_revision_numbers_db [None req-bb8e8441-24a8-423c-ba75-861336da0f9c b7dd9948a5c24a30b03f69d4b41e0149 02cd7d6d799c415cb53d9c19fc16593e - - default default] Successfully bumped revision number for resource adb5f72b-8e86-49a4-a26a-2b73a74739c1 (type: security_group_rules) to 0
2026-05-12 17:39:25.536 10 INFO neutron.db.ovn_revision_numbers_db [None req-bb8e8441-24a8-423c-ba75-861336da0f9c b7dd9948a5c24a30b03f69d4b41e0149 02cd7d6d799c415cb53d9c19fc16593e - - default default] Successfully bumped revision number for resource b64ffc86-ee46-4a6b-bdbf-112c5b5d4e49 (type: security_group_rules) to 0
2026-05-12 17:39:25.604 10 INFO neutron.db.segments_db [None req-bb8e8441-24a8-423c-ba75-861336da0f9c b7dd9948a5c24a30b03f69d4b41e0149 02cd7d6d799c415cb53d9c19fc16593e - - default default] Added segment 67334f4a-8739-47da-806c-fcc98610387d of type geneve for network d013b0c6-60c2-4f89-a68d-dffcf91803fd
2026-05-12 17:39:25.704 10 INFO neutron.db.ovn_revision_numbers_db [None req-bb8e8441-24a8-423c-ba75-861336da0f9c b7dd9948a5c24a30b03f69d4b41e0149 02cd7d6d799c415cb53d9c19fc16593e - - default default] Successfully bumped revision number for resource d013b0c6-60c2-4f89-a68d-dffcf91803fd (type: networks) to 1
2026-05-12 17:39:25.807 9 INFO neutron.api.wsgi [req-e7d1260b-d6bd-4077-9b8f-29e980656640 req-090a95e8-b2a9-4e85-a53d-d75aa6498594 f52360746e69488ca011ab4b3ebb1235 3d9dd961b4294a1babc5063f1d09ac8f - - default default] 199.19.213.250 "GET /v2.0/ports?device_id=5cf3f226-6135-49ea-8bab-b562d2a0c1af HTTP/1.1" status: 200 len: 1172 time: 0.0353041
2026-05-12 17:39:25.869 10 WARNING neutron.scheduler.dhcp_agent_scheduler [None req-bb8e8441-24a8-423c-ba75-861336da0f9c b7dd9948a5c24a30b03f69d4b41e0149 02cd7d6d799c415cb53d9c19fc16593e - - default default] No more DHCP agents
2026-05-12 17:39:25.871 10 WARNING neutron.api.rpc.agentnotifiers.dhcp_rpc_agent_api [None req-bb8e8441-24a8-423c-ba75-861336da0f9c b7dd9948a5c24a30b03f69d4b41e0149 02cd7d6d799c415cb53d9c19fc16593e - - default default] Unable to schedule network d013b0c6-60c2-4f89-a68d-dffcf91803fd: no agents available; will retry on subsequent port and subnet creation events.
2026-05-12 17:39:25.936 10 INFO neutron.db.ovn_revision_numbers_db [None req-bb8e8441-24a8-423c-ba75-861336da0f9c b7dd9948a5c24a30b03f69d4b41e0149 02cd7d6d799c415cb53d9c19fc16593e - - default default] Successfully bumped revision number for resource c1788731-9d44-4577-af40-6a71ae844a74 (type: ports) to 1
2026-05-12 17:39:25.958 10 INFO neutron.api.wsgi [None req-bb8e8441-24a8-423c-ba75-861336da0f9c b7dd9948a5c24a30b03f69d4b41e0149 02cd7d6d799c415cb53d9c19fc16593e - - default default] 10.0.0.169 "POST /v2.0/networks HTTP/1.1" status: 201 len: 842 time: 0.6859536
2026-05-12 17:39:25.994 10 WARNING neutron_lib.context [None req-c63b24ff-ee9e-4ba1-94cd-3d3404f37e37 b7dd9948a5c24a30b03f69d4b41e0149 02cd7d6d799c415cb53d9c19fc16593e - - default default] Method 'is_advsvc' is deprecated since 2023.2 release (neutron-lib 3.8.0) and will be removed once support for the old RBAC API policies will be removed from Neutron. Please use method 'is_service_role' instead.
2026-05-12 17:39:26.107 9 INFO neutron.db.l3_db [req-e7d1260b-d6bd-4077-9b8f-29e980656640 req-1aa165dc-f05e-464d-940a-6ed769ff6fe7 f52360746e69488ca011ab4b3ebb1235 3d9dd961b4294a1babc5063f1d09ac8f - - default default] Floating IP 963d584e-1843-4354-b8ed-c013d728ffeb disassociated. External IP: 10.96.250.211, port: 0d464f5d-4647-4094-a6dd-dffe138cd0c1.
2026-05-12 17:39:26.172 10 WARNING neutron.scheduler.dhcp_agent_scheduler [None req-c63b24ff-ee9e-4ba1-94cd-3d3404f37e37 b7dd9948a5c24a30b03f69d4b41e0149 02cd7d6d799c415cb53d9c19fc16593e - - default default] No more DHCP agents
2026-05-12 17:39:26.173 10 WARNING neutron.api.rpc.agentnotifiers.dhcp_rpc_agent_api [None req-c63b24ff-ee9e-4ba1-94cd-3d3404f37e37 b7dd9948a5c24a30b03f69d4b41e0149 02cd7d6d799c415cb53d9c19fc16593e - - default default] Unable to schedule network d013b0c6-60c2-4f89-a68d-dffcf91803fd: no agents available; will retry on subsequent port and subnet creation events.
2026-05-12 17:39:26.231 9 INFO neutron.api.wsgi [req-e7d1260b-d6bd-4077-9b8f-29e980656640 req-1aa165dc-f05e-464d-940a-6ed769ff6fe7 f52360746e69488ca011ab4b3ebb1235 3d9dd961b4294a1babc5063f1d09ac8f - - default default] 199.19.213.250 "DELETE /v2.0/ports/0d464f5d-4647-4094-a6dd-dffe138cd0c1 HTTP/1.1" status: 204 len: 173 time: 0.4201877
2026-05-12 17:39:26.380 10 INFO neutron.api.wsgi [req-5174499e-1630-4861-ae4e-fa4217839819 req-0ccf40c1-3bd9-4f57-a09b-576a702101be f52360746e69488ca011ab4b3ebb1235 3d9dd961b4294a1babc5063f1d09ac8f - - default default] 10.0.0.119 "GET /v2.0/ports?device_id=5cf3f226-6135-49ea-8bab-b562d2a0c1af HTTP/1.1" status: 200 len: 210 time: 0.0213120
2026-05-12 17:39:26.549 10 INFO neutron.db.ovn_revision_numbers_db [None req-9db1e60d-65aa-4c70-be77-c5342342fc6a - - - - - -] Successfully bumped revision number for resource c1788731-9d44-4577-af40-6a71ae844a74 (type: ports) to 2
2026-05-12 17:39:26.580 10 INFO neutron.db.ovn_revision_numbers_db [None req-9db1e60d-65aa-4c70-be77-c5342342fc6a - - - - - -] Successfully bumped revision number for resource c3049ffc-170e-4c50-ac2b-e7e249fbfb98 (type: subnets) to 0
2026-05-12 17:39:26.594 10 INFO neutron.api.wsgi [None req-c63b24ff-ee9e-4ba1-94cd-3d3404f37e37 b7dd9948a5c24a30b03f69d4b41e0149 02cd7d6d799c415cb53d9c19fc16593e - - default default] 10.0.0.169 "POST /v2.0/subnets HTTP/1.1" status: 201 len: 840 time: 0.6033821
2026-05-12 17:39:26.604 10 WARNING neutron_lib.context [None req-a7004e77-86b1-4816-a71a-6b68d4115495 b7dd9948a5c24a30b03f69d4b41e0149 02cd7d6d799c415cb53d9c19fc16593e - - default default] Method 'is_advsvc' is deprecated since 2023.2 release (neutron-lib 3.8.0) and will be removed once support for the old RBAC API policies will be removed from Neutron. Please use method 'is_service_role' instead.
2026-05-12 17:39:26.684 10 INFO neutron.db.segments_db [None req-a7004e77-86b1-4816-a71a-6b68d4115495 b7dd9948a5c24a30b03f69d4b41e0149 02cd7d6d799c415cb53d9c19fc16593e - - default default] Added segment 91e77b16-8d46-459b-93bc-d8b137f94aa2 of type geneve for network 5c8ddd07-1648-4497-840e-58e367eff6ac
2026-05-12 17:39:26.799 10 INFO neutron.db.ovn_revision_numbers_db [None req-a7004e77-86b1-4816-a71a-6b68d4115495 b7dd9948a5c24a30b03f69d4b41e0149 02cd7d6d799c415cb53d9c19fc16593e - - default default] Successfully bumped revision number for resource 5c8ddd07-1648-4497-840e-58e367eff6ac (type: networks) to 1
2026-05-12 17:39:26.914 9 INFO neutron.notifiers.nova [-] Nova event matching ['req-283e6183-eb41-4625-9fbb-bd7ee6827100'] response: {'server_uuid': '5cf3f226-6135-49ea-8bab-b562d2a0c1af', 'name': 'network-vif-unplugged', 'status': 'completed', 'tag': '0d464f5d-4647-4094-a6dd-dffe138cd0c1', 'code': 200}
2026-05-12 17:39:26.915 9 INFO neutron.notifiers.nova [-] Nova event matching ['req-283e6183-eb41-4625-9fbb-bd7ee6827100'] response: {'server_uuid': '5cf3f226-6135-49ea-8bab-b562d2a0c1af', 'name': 'network-vif-deleted', 'tag': '0d464f5d-4647-4094-a6dd-dffe138cd0c1', 'status': 'completed', 'code': 200}
2026-05-12 17:39:26.966 10 WARNING neutron.scheduler.dhcp_agent_scheduler [None req-a7004e77-86b1-4816-a71a-6b68d4115495 b7dd9948a5c24a30b03f69d4b41e0149 02cd7d6d799c415cb53d9c19fc16593e - - default default] No more DHCP agents
2026-05-12 17:39:26.967 10 WARNING neutron.api.rpc.agentnotifiers.dhcp_rpc_agent_api [None req-a7004e77-86b1-4816-a71a-6b68d4115495 b7dd9948a5c24a30b03f69d4b41e0149 02cd7d6d799c415cb53d9c19fc16593e - - default default] Unable to schedule network 5c8ddd07-1648-4497-840e-58e367eff6ac: no agents available; will retry on subsequent port and subnet creation events.
2026-05-12 17:39:27.027 10 INFO neutron.db.ovn_revision_numbers_db [None req-a7004e77-86b1-4816-a71a-6b68d4115495 b7dd9948a5c24a30b03f69d4b41e0149 02cd7d6d799c415cb53d9c19fc16593e - - default default] Successfully bumped revision number for resource 16a6df4b-13e3-4f90-9c11-5b7364d12709 (type: ports) to 1
2026-05-12 17:39:27.050 10 INFO neutron.api.wsgi [None req-a7004e77-86b1-4816-a71a-6b68d4115495 b7dd9948a5c24a30b03f69d4b41e0149 02cd7d6d799c415cb53d9c19fc16593e - - default default] 10.0.0.169 "POST /v2.0/networks HTTP/1.1" status: 201 len: 843 time: 0.4499762
2026-05-12 17:39:27.183 10 INFO neutron.db.ovn_revision_numbers_db [None req-6a16a74c-98a5-4fd6-8c74-51793ade1b62 b7dd9948a5c24a30b03f69d4b41e0149 02cd7d6d799c415cb53d9c19fc16593e - - default default] Successfully bumped revision number for resource 5c8ddd07-1648-4497-840e-58e367eff6ac (type: networks) to 2
2026-05-12 17:39:27.187 10 INFO neutron.api.wsgi [None req-6a16a74c-98a5-4fd6-8c74-51793ade1b62 b7dd9948a5c24a30b03f69d4b41e0149 02cd7d6d799c415cb53d9c19fc16593e - - default default] 10.0.0.169 "PUT /v2.0/networks/5c8ddd07-1648-4497-840e-58e367eff6ac HTTP/1.1" status: 200 len: 792 time: 0.1328959
2026-05-12 17:39:27.208 10 WARNING neutron_lib.context [None req-d18368ab-6431-4a0a-b620-ecb2a5bf136a b7dd9948a5c24a30b03f69d4b41e0149 02cd7d6d799c415cb53d9c19fc16593e - - default default] Method 'is_advsvc' is deprecated since 2023.2 release (neutron-lib 3.8.0) and will be removed once support for the old RBAC API policies will be removed from Neutron. Please use method 'is_service_role' instead. /var/lib/openstack/lib/python3.12/site-packages/pycadf/identifier.py:71: UserWarning: Invalid uuid: neutron. To ensure interoperability, identifiers should be a valid uuid. warnings.warn(('Invalid uuid: %s. To ensure interoperability, '
2026-05-12 17:39:27.243 9 WARNING neutron_lib.context [None req-cc4f94a5-938a-487e-9674-b60efcf4fc16 4910210db8cb47278b7d9b22a84f7d9b 650ed24a3dae47adb3a692445bd94c3f - - default default] Method 'is_advsvc' is deprecated since 2023.2 release (neutron-lib 3.8.0) and will be removed once support for the old RBAC API policies will be removed from Neutron. Please use method 'is_service_role' instead.
2026-05-12 17:39:27.381 9 INFO neutron.db.ovn_revision_numbers_db [None req-cc4f94a5-938a-487e-9674-b60efcf4fc16 4910210db8cb47278b7d9b22a84f7d9b 650ed24a3dae47adb3a692445bd94c3f - - default default] Successfully bumped revision number for resource a75ab9b2-7829-4f42-9ba4-a830b0fa78b5 (type: security_groups) to 1
2026-05-12 17:39:27.390 10 WARNING neutron.scheduler.dhcp_agent_scheduler [None req-d18368ab-6431-4a0a-b620-ecb2a5bf136a b7dd9948a5c24a30b03f69d4b41e0149 02cd7d6d799c415cb53d9c19fc16593e - - default default] No more DHCP agents
2026-05-12 17:39:27.391 10 WARNING neutron.api.rpc.agentnotifiers.dhcp_rpc_agent_api [None req-d18368ab-6431-4a0a-b620-ecb2a5bf136a b7dd9948a5c24a30b03f69d4b41e0149 02cd7d6d799c415cb53d9c19fc16593e - - default default] Unable to schedule network 5c8ddd07-1648-4497-840e-58e367eff6ac: no agents available; will retry on subsequent port and subnet creation events.
2026-05-12 17:39:27.396 9 INFO neutron.db.ovn_revision_numbers_db [None req-cc4f94a5-938a-487e-9674-b60efcf4fc16 4910210db8cb47278b7d9b22a84f7d9b 650ed24a3dae47adb3a692445bd94c3f - - default default] Successfully bumped revision number for resource 06195537-f32e-4ab6-ab33-753555703ddc (type: security_group_rules) to 0
2026-05-12 17:39:27.409 9 INFO neutron.db.ovn_revision_numbers_db [None req-cc4f94a5-938a-487e-9674-b60efcf4fc16 4910210db8cb47278b7d9b22a84f7d9b 650ed24a3dae47adb3a692445bd94c3f - - default default] Successfully bumped revision number for resource 73205006-ca6b-478e-bce1-025d0d3ccb3b (type: security_group_rules) to 0
2026-05-12 17:39:27.430 9 INFO neutron.db.ovn_revision_numbers_db [None req-cc4f94a5-938a-487e-9674-b60efcf4fc16 4910210db8cb47278b7d9b22a84f7d9b 650ed24a3dae47adb3a692445bd94c3f - - default default] Successfully bumped revision number for resource ea5b8cbe-56ce-4d18-8b56-76664302500c (type: security_group_rules) to 0
2026-05-12 17:39:27.445 9 INFO neutron.db.ovn_revision_numbers_db [None req-cc4f94a5-938a-487e-9674-b60efcf4fc16 4910210db8cb47278b7d9b22a84f7d9b 650ed24a3dae47adb3a692445bd94c3f - - default default] Successfully bumped revision number for resource ed2ea27d-56ac-4fbc-9923-7fafdc0f2498 (type: security_group_rules) to 0
2026-05-12 17:39:27.460 10 INFO neutron.api.wsgi [req-eb91b4e2-2688-4add-856f-6f565609a120 req-96c1cbc4-2f39-4454-b1aa-b06ba89c5fd2 f52360746e69488ca011ab4b3ebb1235 3d9dd961b4294a1babc5063f1d09ac8f - - default default] 10.0.0.119 "GET /v2.0/ports?device_id=5cf3f226-6135-49ea-8bab-b562d2a0c1af HTTP/1.1" status: 200 len: 210 time: 0.0171118
2026-05-12 17:39:27.511 9 INFO neutron.db.segments_db [None req-cc4f94a5-938a-487e-9674-b60efcf4fc16 4910210db8cb47278b7d9b22a84f7d9b 650ed24a3dae47adb3a692445bd94c3f - - default default] Added segment 6aa04a7b-aebf-4c10-a710-817f561cafce of type geneve for network 9cb9ae06-a91b-48fb-b837-ae41c94a1016
2026-05-12 17:39:27.632 9 INFO neutron.db.ovn_revision_numbers_db [None req-cc4f94a5-938a-487e-9674-b60efcf4fc16 4910210db8cb47278b7d9b22a84f7d9b 650ed24a3dae47adb3a692445bd94c3f - - default default] Successfully bumped revision number for resource 9cb9ae06-a91b-48fb-b837-ae41c94a1016 (type: networks) to 1
2026-05-12 17:39:27.639 9 INFO neutron.db.ovn_revision_numbers_db [None req-a68bcaf1-0b06-4e75-896c-d544d82afe5a 3acf3b822afb4aa89cd9335cc084e7b6 b556785f03e24099bde7d34a16315435 - - default default] Successfully bumped revision number for resource 144413fa-746f-4bc6-9444-8ce27bbeabf7 (type: security_groups) to 1
2026-05-12 17:39:27.658 9 INFO neutron.db.ovn_revision_numbers_db [None req-a68bcaf1-0b06-4e75-896c-d544d82afe5a 3acf3b822afb4aa89cd9335cc084e7b6 b556785f03e24099bde7d34a16315435 - - default default] Successfully bumped revision number for resource 08ec85ba-8c21-4b38-80d3-0fdc2e3a05a4 (type: security_group_rules) to 0
2026-05-12 17:39:27.672 9 INFO neutron.db.ovn_revision_numbers_db [None req-a68bcaf1-0b06-4e75-896c-d544d82afe5a 3acf3b822afb4aa89cd9335cc084e7b6 b556785f03e24099bde7d34a16315435 - - default default] Successfully bumped revision number for resource 4c20e046-3df4-4270-8f47-b60a7d517d51 (type: security_group_rules) to 0
2026-05-12 17:39:27.688 9 INFO neutron.db.ovn_revision_numbers_db [None req-a68bcaf1-0b06-4e75-896c-d544d82afe5a 3acf3b822afb4aa89cd9335cc084e7b6 b556785f03e24099bde7d34a16315435 - - default default] Successfully bumped revision number for resource b1407097-317a-4ca6-84e0-0fa8532712a1 (type: security_group_rules) to 0
2026-05-12 17:39:27.703 9 INFO neutron.db.ovn_revision_numbers_db [None req-a68bcaf1-0b06-4e75-896c-d544d82afe5a 3acf3b822afb4aa89cd9335cc084e7b6 b556785f03e24099bde7d34a16315435 - - default default] Successfully bumped revision number for resource d2df1b39-cc99-44c5-bd4e-0cf25e5cefce (type: security_group_rules) to 0
2026-05-12 17:39:27.747 9 INFO neutron.api.wsgi [None req-a68bcaf1-0b06-4e75-896c-d544d82afe5a 3acf3b822afb4aa89cd9335cc084e7b6 b556785f03e24099bde7d34a16315435 - - default default] 10.0.0.169 "GET /v2.0/security-groups?tenant_id=9cd354dbcc05416498fd3cb203a20e69&name=default HTTP/1.1" status: 200 len: 3120 time: 0.3230758
2026-05-12 17:39:27.812 10 INFO neutron.db.ovn_revision_numbers_db [None req-9842c69e-3975-466c-b3ea-1fa3d25850bc - - - - - -] Successfully bumped revision number for resource 16a6df4b-13e3-4f90-9c11-5b7364d12709 (type: ports) to 2
2026-05-12 17:39:27.817 9 WARNING neutron.scheduler.dhcp_agent_scheduler [None req-cc4f94a5-938a-487e-9674-b60efcf4fc16 4910210db8cb47278b7d9b22a84f7d9b 650ed24a3dae47adb3a692445bd94c3f - - default default] No more DHCP agents
2026-05-12 17:39:27.820 9 WARNING neutron.api.rpc.agentnotifiers.dhcp_rpc_agent_api [None req-cc4f94a5-938a-487e-9674-b60efcf4fc16 4910210db8cb47278b7d9b22a84f7d9b 650ed24a3dae47adb3a692445bd94c3f - - default default] Unable to schedule network 9cb9ae06-a91b-48fb-b837-ae41c94a1016: no agents available; will retry on subsequent port and subnet creation events.
2026-05-12 17:39:27.841 10 INFO neutron.db.ovn_revision_numbers_db [None req-9842c69e-3975-466c-b3ea-1fa3d25850bc - - - - - -] Successfully bumped revision number for resource 81cdef69-9855-4fab-a680-83e92636637e (type: subnets) to 0
2026-05-12 17:39:27.857 10 INFO neutron.api.wsgi [None req-d18368ab-6431-4a0a-b620-ecb2a5bf136a b7dd9948a5c24a30b03f69d4b41e0149 02cd7d6d799c415cb53d9c19fc16593e - - default default] 10.0.0.169 "POST /v2.0/subnets HTTP/1.1" status: 201 len: 825 time: 0.6570549
2026-05-12 17:39:27.910 9 INFO neutron.db.ovn_revision_numbers_db [None req-cc4f94a5-938a-487e-9674-b60efcf4fc16 4910210db8cb47278b7d9b22a84f7d9b 650ed24a3dae47adb3a692445bd94c3f - - default default] Successfully bumped revision number for resource 417eb815-7375-4b20-804b-ea5697af700a (type: ports) to 1
2026-05-12 17:39:27.938 9 INFO neutron.api.wsgi [None req-cc4f94a5-938a-487e-9674-b60efcf4fc16 4910210db8cb47278b7d9b22a84f7d9b 650ed24a3dae47adb3a692445bd94c3f - - default default] 10.0.0.169 "POST /v2.0/networks HTTP/1.1" status: 201 len: 847 time: 0.9030960
2026-05-12 17:39:27.948 9 WARNING neutron_lib.context [None req-794daa83-111b-469c-9735-8c0ea471e7ab 4910210db8cb47278b7d9b22a84f7d9b 650ed24a3dae47adb3a692445bd94c3f - - default default] Method 'is_advsvc' is deprecated since 2023.2 release (neutron-lib 3.8.0) and will be removed once support for the old RBAC API policies will be removed from Neutron. Please use method 'is_service_role' instead.
2026-05-12 17:39:28.003 9 INFO neutron.api.wsgi [None req-5fee6c40-7549-41ac-af39-566d0ccdee8f 3acf3b822afb4aa89cd9335cc084e7b6 b556785f03e24099bde7d34a16315435 - - default default] 10.0.0.169 "DELETE /v2.0/security-groups/144413fa-746f-4bc6-9444-8ce27bbeabf7 HTTP/1.1" status: 204 len: 168 time: 0.2517884
2026-05-12 17:39:28.102 10 INFO neutron.db.ovn_revision_numbers_db [None req-ddb6f7e9-9d56-4962-945d-c8141bf77622 b7dd9948a5c24a30b03f69d4b41e0149 02cd7d6d799c415cb53d9c19fc16593e - - default default] Successfully bumped revision number for resource 81cdef69-9855-4fab-a680-83e92636637e (type: subnets) to 1
2026-05-12 17:39:28.105 10 INFO neutron.api.wsgi [None req-ddb6f7e9-9d56-4962-945d-c8141bf77622 b7dd9948a5c24a30b03f69d4b41e0149 02cd7d6d799c415cb53d9c19fc16593e - - default default] 10.0.0.169 "PUT /v2.0/subnets/81cdef69-9855-4fab-a680-83e92636637e HTTP/1.1" status: 200 len: 830 time: 0.2444828
2026-05-12 17:39:28.177 9 WARNING neutron.scheduler.dhcp_agent_scheduler [None req-794daa83-111b-469c-9735-8c0ea471e7ab 4910210db8cb47278b7d9b22a84f7d9b 650ed24a3dae47adb3a692445bd94c3f - - default default] No more DHCP agents
2026-05-12 17:39:28.182 9 WARNING neutron.api.rpc.agentnotifiers.dhcp_rpc_agent_api [None req-794daa83-111b-469c-9735-8c0ea471e7ab 4910210db8cb47278b7d9b22a84f7d9b 650ed24a3dae47adb3a692445bd94c3f - - default default] Unable to schedule network 9cb9ae06-a91b-48fb-b837-ae41c94a1016: no agents available; will retry on subsequent port and subnet creation events.
2026-05-12 17:39:28.256 9 INFO neutron.db.ovn_revision_numbers_db [None req-794daa83-111b-469c-9735-8c0ea471e7ab 4910210db8cb47278b7d9b22a84f7d9b 650ed24a3dae47adb3a692445bd94c3f - - default default] Successfully bumped revision number for resource 908e4b42-c112-4975-b773-ef84930e4abf (type: ports) to 1
2026-05-12 17:39:28.280 9 INFO neutron.api.wsgi [None req-794daa83-111b-469c-9735-8c0ea471e7ab 4910210db8cb47278b7d9b22a84f7d9b 650ed24a3dae47adb3a692445bd94c3f - - default default] 10.0.0.169 "POST /v2.0/ports HTTP/1.1" status: 201 len: 977 time: 0.3379781 /var/lib/openstack/lib/python3.12/site-packages/pycadf/identifier.py:71: UserWarning: Invalid uuid: neutron. To ensure interoperability, identifiers should be a valid uuid. warnings.warn(('Invalid uuid: %s. To ensure interoperability, '
2026-05-12 17:39:28.291 9 WARNING neutron_lib.context [None req-ef676944-eb10-44e7-b1a3-16591989931a 4910210db8cb47278b7d9b22a84f7d9b 650ed24a3dae47adb3a692445bd94c3f - - default default] Method 'is_advsvc' is deprecated since 2023.2 release (neutron-lib 3.8.0) and will be removed once support for the old RBAC API policies will be removed from Neutron. Please use method 'is_service_role' instead.
2026-05-12 17:39:28.602 9 INFO neutron.api.wsgi [req-35ab3631-d5c9-4f73-9420-3fc072d73cbe req-5653e63b-11b6-4b54-ab78-f2ee3b6764db f52360746e69488ca011ab4b3ebb1235 3d9dd961b4294a1babc5063f1d09ac8f - - default default] 10.0.0.119 "GET /v2.0/ports?device_id=5cf3f226-6135-49ea-8bab-b562d2a0c1af HTTP/1.1" status: 200 len: 210 time: 0.0271037
2026-05-12 17:39:28.644 9 INFO neutron.db.segments_db [None req-ef676944-eb10-44e7-b1a3-16591989931a 4910210db8cb47278b7d9b22a84f7d9b 650ed24a3dae47adb3a692445bd94c3f - - default default] Added segment 268beac7-dd4c-4271-a918-b57d018a5fe5 of type geneve for network 314ad888-7324-4cff-92e5-0f987df868e9
2026-05-12 17:39:28.795 9 INFO neutron.db.ovn_revision_numbers_db [None req-ef676944-eb10-44e7-b1a3-16591989931a 4910210db8cb47278b7d9b22a84f7d9b 650ed24a3dae47adb3a692445bd94c3f - - default default] Successfully bumped revision number for resource 314ad888-7324-4cff-92e5-0f987df868e9 (type: networks) to 1
2026-05-12 17:39:28.911 9 INFO neutron.services.segments.plugin [-] Segment 91e77b16-8d46-459b-93bc-d8b137f94aa2 resource provider aggregate not found
2026-05-12 17:39:28.914 9 INFO neutron.services.segments.plugin [-] Segment 91e77b16-8d46-459b-93bc-d8b137f94aa2 resource provider aggregate not found
2026-05-12 17:39:28.926 9 INFO neutron.services.segments.plugin [-] Segment 91e77b16-8d46-459b-93bc-d8b137f94aa2 resource provider not found; error: Placement Client Error (4xx): {"errors": [{"status": 404, "title": "Not Found", "detail": "The resource could not be found.\n\n No resource provider with uuid 91e77b16-8d46-459b-93bc-d8b137f94aa2 found for delete ", "request_id": "req-5ec21639-7d03-4ba1-9629-9d3952c33999"}]}
2026-05-12 17:39:28.930 9 INFO neutron.services.segments.plugin [-] Segment 91e77b16-8d46-459b-93bc-d8b137f94aa2 resource provider not found; error: Placement Client Error (4xx): {"errors": [{"status": 404, "title": "Not Found", "detail": "The resource could not be found.\n\n No resource provider with uuid 91e77b16-8d46-459b-93bc-d8b137f94aa2 found for delete ", "request_id": "req-301e823c-fee0-4091-ba21-aa41fe9b08f5"}]}
2026-05-12 17:39:28.939 9 INFO neutron.api.wsgi [None req-0fd4882b-dceb-439b-a83b-c2ddf39d223e b7dd9948a5c24a30b03f69d4b41e0149 02cd7d6d799c415cb53d9c19fc16593e - - default default] 10.0.0.169 "DELETE /v2.0/networks/5c8ddd07-1648-4497-840e-58e367eff6ac HTTP/1.1" status: 204 len: 168 time: 0.8289602
2026-05-12 17:39:28.953 10 INFO neutron.pecan_wsgi.hooks.translation [None req-1dc8d2e2-f3d8-44f9-9bb7-f8e7ed84eb06 b7dd9948a5c24a30b03f69d4b41e0149 02cd7d6d799c415cb53d9c19fc16593e - - default default] DELETE failed (client error): The resource could not be found.
2026-05-12 17:39:28.956 10 INFO neutron.api.wsgi [None req-1dc8d2e2-f3d8-44f9-9bb7-f8e7ed84eb06 b7dd9948a5c24a30b03f69d4b41e0149 02cd7d6d799c415cb53d9c19fc16593e - - default default] 10.0.0.169 "DELETE /v2.0/networks/5c8ddd07-1648-4497-840e-58e367eff6ac HTTP/1.1" status: 404 len: 339 time: 0.0118957
2026-05-12 17:39:28.971 9 WARNING neutron.scheduler.dhcp_agent_scheduler [None req-ef676944-eb10-44e7-b1a3-16591989931a 4910210db8cb47278b7d9b22a84f7d9b 650ed24a3dae47adb3a692445bd94c3f - - default default] No more DHCP agents
2026-05-12 17:39:28.972 9 WARNING neutron.api.rpc.agentnotifiers.dhcp_rpc_agent_api [None req-ef676944-eb10-44e7-b1a3-16591989931a 4910210db8cb47278b7d9b22a84f7d9b 650ed24a3dae47adb3a692445bd94c3f - - default default] Unable to schedule network 314ad888-7324-4cff-92e5-0f987df868e9: no agents available; will retry on subsequent port and subnet creation events.
2026-05-12 17:39:29.019 10 INFO neutron.api.wsgi [None req-7c0f5ec4-7197-4f6e-a3ec-6afede359c75 b7dd9948a5c24a30b03f69d4b41e0149 02cd7d6d799c415cb53d9c19fc16593e - - default default] 10.0.0.169 "GET /v2.0/networks?router%3Aexternal=True HTTP/1.1" status: 200 len: 845 time: 0.0563886
2026-05-12 17:39:29.043 9 INFO neutron.db.ovn_revision_numbers_db [None req-ef676944-eb10-44e7-b1a3-16591989931a 4910210db8cb47278b7d9b22a84f7d9b 650ed24a3dae47adb3a692445bd94c3f - - default default] Successfully bumped revision number for resource da40dbfd-d89d-4e81-b994-3079b8517e2d (type: ports) to 1
2026-05-12 17:39:29.051 9 INFO neutron.api.wsgi [None req-cec79aff-4bfd-4d82-98fc-040ede4b6f14 b7dd9948a5c24a30b03f69d4b41e0149 02cd7d6d799c415cb53d9c19fc16593e - - default default] 10.0.0.169 "GET /v2.0/subnets?network_id=656895dc-1916-4840-a405-dc6ef476c484 HTTP/1.1" status: 200 len: 843 time: 0.0267570
2026-05-12 17:39:29.062 10 INFO neutron.api.wsgi [None req-70a45bf6-bc26-4368-9c16-78a6cd308460 b7dd9948a5c24a30b03f69d4b41e0149 02cd7d6d799c415cb53d9c19fc16593e - - default default] 10.0.0.169 "GET /v2.0/extensions HTTP/1.1" status: 200 len: 19293 time: 0.0039735
2026-05-12 17:39:29.064 9 INFO neutron.api.wsgi [None req-ef676944-eb10-44e7-b1a3-16591989931a 4910210db8cb47278b7d9b22a84f7d9b 650ed24a3dae47adb3a692445bd94c3f - - default default] 10.0.0.169 "POST /v2.0/networks HTTP/1.1" status: 201 len: 834 time: 0.7776134
2026-05-12 17:39:29.075 9 WARNING neutron_lib.context [None req-52cdb84a-5038-4110-bc49-d5417e60f11d 4910210db8cb47278b7d9b22a84f7d9b 650ed24a3dae47adb3a692445bd94c3f - - default default] Method 'is_advsvc' is deprecated since 2023.2 release (neutron-lib 3.8.0) and will be removed once support for the old RBAC API policies will be removed from Neutron. Please use method 'is_service_role' instead.
2026-05-12 17:39:29.109 10 INFO neutron.api.wsgi [None req-4f5bf9de-6105-4e77-835a-ac7dbe06030b b7dd9948a5c24a30b03f69d4b41e0149 02cd7d6d799c415cb53d9c19fc16593e - - default default] 10.0.0.169 "GET /v2.0/networks HTTP/1.1" status: 200 len: 1503 time: 0.0419586
2026-05-12 17:39:29.150 9 INFO neutron.api.wsgi [None req-d7ad9ae2-77b7-451a-9858-92977e9a8ec4 b7dd9948a5c24a30b03f69d4b41e0149 02cd7d6d799c415cb53d9c19fc16593e - - default default] 10.0.0.169 "GET /v2.0/subnets HTTP/1.1" status: 200 len: 1475 time: 0.0334761
2026-05-12 17:39:29.209 10 INFO neutron.api.wsgi [None req-4eb62a70-b0de-4b34-b14b-aeba09606d22 b7dd9948a5c24a30b03f69d4b41e0149 02cd7d6d799c415cb53d9c19fc16593e - - default default] 10.0.0.169 "GET /v2.0/networks/d013b0c6-60c2-4f89-a68d-dffcf91803fd HTTP/1.1" status: 200 len: 862 time: 0.0488009
2026-05-12 17:39:29.241 10 INFO neutron.api.wsgi [None req-d42f7a5c-c45e-4d34-b928-6e9c3c05b4ff b7dd9948a5c24a30b03f69d4b41e0149 02cd7d6d799c415cb53d9c19fc16593e - - default default] 10.0.0.169 "GET /v2.0/subnets/c3049ffc-170e-4c50-ac2b-e7e249fbfb98 HTTP/1.1" status: 200 len: 835 time: 0.0264034
2026-05-12 17:39:29.258 9 INFO neutron.pecan_wsgi.hooks.translation [None req-94a680f5-f819-4c32-8b3f-95cfde40d2c4 b7dd9948a5c24a30b03f69d4b41e0149 02cd7d6d799c415cb53d9c19fc16593e - - default default] DELETE failed (client error): The resource could not be found.
2026-05-12 17:39:29.260 9 INFO neutron.api.wsgi [None req-94a680f5-f819-4c32-8b3f-95cfde40d2c4 b7dd9948a5c24a30b03f69d4b41e0149 02cd7d6d799c415cb53d9c19fc16593e - - default default] 10.0.0.169 "DELETE /v2.0/subnets/81cdef69-9855-4fab-a680-83e92636637e HTTP/1.1" status: 404 len: 337 time: 0.0134633
2026-05-12 17:39:29.274 9 INFO neutron.pecan_wsgi.hooks.translation [None req-2702dfa0-67fe-4398-a79e-0aa2b175d52c b7dd9948a5c24a30b03f69d4b41e0149 02cd7d6d799c415cb53d9c19fc16593e - - default default] DELETE failed (client error): The resource could not be found.
2026-05-12 17:39:29.276 9 INFO neutron.api.wsgi [None req-2702dfa0-67fe-4398-a79e-0aa2b175d52c b7dd9948a5c24a30b03f69d4b41e0149 02cd7d6d799c415cb53d9c19fc16593e - - default default] 10.0.0.169 "DELETE /v2.0/networks/5c8ddd07-1648-4497-840e-58e367eff6ac HTTP/1.1" status: 404 len: 339 time: 0.0105445
2026-05-12 17:39:29.287 9 WARNING neutron.scheduler.dhcp_agent_scheduler [None req-52cdb84a-5038-4110-bc49-d5417e60f11d 4910210db8cb47278b7d9b22a84f7d9b 650ed24a3dae47adb3a692445bd94c3f - - default default] No more DHCP agents
2026-05-12 17:39:29.288 9 WARNING neutron.api.rpc.agentnotifiers.dhcp_rpc_agent_api [None req-52cdb84a-5038-4110-bc49-d5417e60f11d 4910210db8cb47278b7d9b22a84f7d9b 650ed24a3dae47adb3a692445bd94c3f - - default default] Unable to schedule network 314ad888-7324-4cff-92e5-0f987df868e9: no agents available; will retry on subsequent port and subnet creation events.
2026-05-12 17:39:29.314 9 INFO neutron.db.ovn_revision_numbers_db [None req-52cdb84a-5038-4110-bc49-d5417e60f11d 4910210db8cb47278b7d9b22a84f7d9b 650ed24a3dae47adb3a692445bd94c3f - - default default] Successfully bumped revision number for resource a0b9f044-eeb3-4f9c-a7f6-4cb3c5e86d7f (type: subnets) to 0
2026-05-12 17:39:29.330 9 INFO neutron.api.wsgi [None req-52cdb84a-5038-4110-bc49-d5417e60f11d 4910210db8cb47278b7d9b22a84f7d9b 650ed24a3dae47adb3a692445bd94c3f - - default default] 10.0.0.169 "POST /v2.0/subnets HTTP/1.1" status: 201 len: 845 time: 0.2589128
2026-05-12 17:39:29.339 9 WARNING neutron_lib.context [None req-c4ccbd97-b7d5-448e-a858-e690b1f27596 4910210db8cb47278b7d9b22a84f7d9b 650ed24a3dae47adb3a692445bd94c3f - - default default] Method 'is_advsvc' is deprecated since 2023.2 release (neutron-lib 3.8.0) and will be removed once support for the old RBAC API policies will be removed from Neutron. Please use method 'is_service_role' instead.
2026-05-12 17:39:29.442 10 INFO neutron.api.wsgi [None req-715543fa-ced6-4022-a027-29b386fc1a50 b7dd9948a5c24a30b03f69d4b41e0149 02cd7d6d799c415cb53d9c19fc16593e - - default default] 10.0.0.169 "DELETE /v2.0/subnets/c3049ffc-170e-4c50-ac2b-e7e249fbfb98 HTTP/1.1" status: 204 len: 168 time: 0.1624594
