2026-05-12 17:38:19.445 10 WARNING neutron.api.rpc.agentnotifiers.dhcp_rpc_agent_api [None req-808e9b0d-9bc1-4c38-bd72-fdfbb07a8225 3acf3b822afb4aa89cd9335cc084e7b6 b556785f03e24099bde7d34a16315435 - - default default] Unable to schedule network 7e7566df-c779-4160-b5f1-4a650fa1e75f: no agents available; will retry on subsequent port and subnet creation events.
2026-05-12 17:38:19.800 10 INFO neutron.db.ovn_revision_numbers_db [None req-41783100-c150-46f7-86ae-12458a48f3bd - - - - - -] Successfully bumped revision number for resource 4c14cfe8-a16d-46bb-9942-efb48a1e6273 (type: ports) to 2
2026-05-12 17:38:19.826 10 INFO neutron.db.ovn_revision_numbers_db [None req-41783100-c150-46f7-86ae-12458a48f3bd - - - - - -] Successfully bumped revision number for resource 16065343-f40c-438d-8aa8-ede2ebe82283 (type: subnets) to 0
2026-05-12 17:38:19.840 10 INFO neutron.api.wsgi [None req-808e9b0d-9bc1-4c38-bd72-fdfbb07a8225 3acf3b822afb4aa89cd9335cc084e7b6 b556785f03e24099bde7d34a16315435 - - default default] 10.0.0.169 "POST /v2.0/subnets HTTP/1.1" status: 201 len: 891 time: 0.5267856
2026-05-12 17:38:19.876 9 INFO neutron.db.ovn_revision_numbers_db [req-bbd5c6cb-1fc1-4616-89ab-b4285cd19909 req-fec545ab-4bc2-4b9d-8d59-846c0f027af6 a80aff6c40d24322ad9160b386e6296b b53c7c33903a424ca86f9ff5ea694ca5 - - 245026527e4e4aa494af50c21c8ce5e1 245026527e4e4aa494af50c21c8ce5e1] Successfully bumped revision number for resource d982ea60-45d8-4d10-ac0b-bafa5148f5ec (type: ports) to 2 /var/lib/openstack/lib/python3.12/site-packages/pycadf/identifier.py:71: UserWarning: Invalid uuid: neutron. To ensure interoperability, identifiers should be a valid uuid. warnings.warn(('Invalid uuid: %s. To ensure interoperability, '
2026-05-12 17:38:20.050 9 INFO neutron.api.wsgi [req-65243c6a-65d6-4a7c-b28e-c46ef0d8cda5 req-0900bb4e-17ec-40d0-9e2a-e9ea5aee549e 1e1def05ee3d45cc8381a1e2772212e0 0e577fdbcbb1412eb7e1170e2d4dcaba - - default default] 10.0.0.119 "GET /v2.0/ports?device_id=63403d5a-fdd4-4842-a087-658a3f6664d0 HTTP/1.1" status: 200 len: 210 time: 0.0203474
2026-05-12 17:38:20.064 9 INFO neutron.db.ovn_revision_numbers_db [req-bbd5c6cb-1fc1-4616-89ab-b4285cd19909 req-fec545ab-4bc2-4b9d-8d59-846c0f027af6 a80aff6c40d24322ad9160b386e6296b b53c7c33903a424ca86f9ff5ea694ca5 - - 245026527e4e4aa494af50c21c8ce5e1 245026527e4e4aa494af50c21c8ce5e1] Successfully bumped revision number for resource d982ea60-45d8-4d10-ac0b-bafa5148f5ec (type: ports) to 4
2026-05-12 17:38:20.084 9 INFO neutron.api.wsgi [req-bbd5c6cb-1fc1-4616-89ab-b4285cd19909 req-fec545ab-4bc2-4b9d-8d59-846c0f027af6 a80aff6c40d24322ad9160b386e6296b b53c7c33903a424ca86f9ff5ea694ca5 - - 245026527e4e4aa494af50c21c8ce5e1 245026527e4e4aa494af50c21c8ce5e1] 199.19.213.250 "PUT /v2.0/ports/d982ea60-45d8-4d10-ac0b-bafa5148f5ec HTTP/1.1" status: 200 len: 1404 time: 0.5751631
2026-05-12 17:38:20.138 10 INFO neutron.api.wsgi [req-f8c31b77-58df-46b7-b4aa-847755c2ab67 req-46fd8abf-fcc3-4ce8-9077-93d33561f261 44c73ccc12a9455192c0cc39a789f10f 825da91212db4bbbabd8310bcf4d7ea7 - - default default] 10.0.0.119 "GET /v2.0/ports?device_id=218fdb5b-2ea4-4bc9-b3c6-333bb040d7a2 HTTP/1.1" status: 200 len: 210 time: 0.0258529
2026-05-12 17:38:20.233 10 WARNING neutron.scheduler.dhcp_agent_scheduler [None req-d0b6c695-e0ad-4407-a69e-dae761f8c40e 3acf3b822afb4aa89cd9335cc084e7b6 b556785f03e24099bde7d34a16315435 - - default default] No more DHCP agents
2026-05-12 17:38:20.234 10 WARNING neutron.api.rpc.agentnotifiers.dhcp_rpc_agent_api [None req-d0b6c695-e0ad-4407-a69e-dae761f8c40e 3acf3b822afb4aa89cd9335cc084e7b6 b556785f03e24099bde7d34a16315435 - - default default] Unable to schedule network 656895dc-1916-4840-a405-dc6ef476c484: no agents available; will retry on subsequent port and subnet creation events.
2026-05-12 17:38:20.357 10 INFO neutron.db.ovn_revision_numbers_db [None req-d0b6c695-e0ad-4407-a69e-dae761f8c40e 3acf3b822afb4aa89cd9335cc084e7b6 b556785f03e24099bde7d34a16315435 - - default default] Successfully bumped revision number for resource 90acf816-9c41-416c-946c-1827fad15185 (type: ports) to 1
2026-05-12 17:38:20.465 9 INFO neutron.api.wsgi [req-85f88b24-83a7-41e2-bd68-0845fa2b6217 req-f8234629-2be7-46fd-a29b-49d1bbd26608 520736532032408796322b40f436b8dc 105083a76363470a99c78c3fe6a239fb - - default default] 10.0.0.119 "GET /v2.0/ports?device_id=bafc9fdd-81d5-4091-99ba-d3ccd65ec237 HTTP/1.1" status: 200 len: 1168 time: 0.0692110
2026-05-12 17:38:20.518 9 INFO neutron.notifiers.nova [-] Nova event matching ['req-44ee8896-d8f4-413a-9408-600199be9cd0'] response: {'name': 'network-changed', 'server_uuid': 'bafc9fdd-81d5-4091-99ba-d3ccd65ec237', 'tag': 'd982ea60-45d8-4d10-ac0b-bafa5148f5ec', 'status': 'completed', 'code': 200}
2026-05-12 17:38:20.534 9 INFO neutron.api.wsgi [req-85f88b24-83a7-41e2-bd68-0845fa2b6217 req-4fb82176-7153-4fae-98ba-f57431e7ce3f 520736532032408796322b40f436b8dc 105083a76363470a99c78c3fe6a239fb - - default default] 10.0.0.119 "GET /v2.0/security-groups?id=0996b43d-1192-4579-bbb3-441bb62e96ea&fields=id&fields=name HTTP/1.1" status: 200 len: 312 time: 0.0627761
2026-05-12 17:38:20.854 10 INFO neutron.plugins.ml2.drivers.ovn.mech_driver.ovsdb.commands [None req-74f3d9c2-cae2-4467-bb17-cba65fdcba46 - - - - - -] Schedule LRP lrp-90acf816-9c41-416c-946c-1827fad15185 on gateway bb0913bd-9cb3-4b5a-a2a8-6a2203fefec3 with priority 1
2026-05-12 17:38:20.881 10 INFO neutron.plugins.ml2.drivers.ovn.mech_driver.ovsdb.ovsdb_monitor [None req-491bdb0d-a4ed-4e56-9095-5ae883dff63b - - - - - -] Router 69555f3d-da18-4f05-b2a5-de9396ad41cc is bound to host instance
2026-05-12 17:38:20.920 10 INFO neutron.db.ovn_revision_numbers_db [None req-d0b6c695-e0ad-4407-a69e-dae761f8c40e 3acf3b822afb4aa89cd9335cc084e7b6 b556785f03e24099bde7d34a16315435 - - default default] Successfully bumped revision number for resource 90acf816-9c41-416c-946c-1827fad15185 (type: router_ports) to 1
2026-05-12 17:38:20.986 10 INFO neutron.db.ovn_revision_numbers_db [None req-d0b6c695-e0ad-4407-a69e-dae761f8c40e 3acf3b822afb4aa89cd9335cc084e7b6 b556785f03e24099bde7d34a16315435 - - default default] Successfully bumped revision number for resource 69555f3d-da18-4f05-b2a5-de9396ad41cc (type: routers) to 2
2026-05-12 17:38:21.000 10 INFO neutron.api.wsgi [None req-d0b6c695-e0ad-4407-a69e-dae761f8c40e 3acf3b822afb4aa89cd9335cc084e7b6 b556785f03e24099bde7d34a16315435 - - default default] 10.0.0.169 "POST /v2.0/routers HTTP/1.1" status: 201 len: 1169 time: 1.1538928
2026-05-12 17:38:21.094 9 INFO neutron.api.wsgi [req-5c4bf26c-f5da-4d4e-bef4-1ac08c0e8d1b req-c5332b8d-365a-40ad-ba11-06c75e189448 a80aff6c40d24322ad9160b386e6296b b53c7c33903a424ca86f9ff5ea694ca5 - - 245026527e4e4aa494af50c21c8ce5e1 245026527e4e4aa494af50c21c8ce5e1] 199.19.213.250 "GET /v2.0/ports?tenant_id=105083a76363470a99c78c3fe6a239fb&device_id=bafc9fdd-81d5-4091-99ba-d3ccd65ec237 HTTP/1.1" status: 200 len: 1407 time: 0.0562017
2026-05-12 17:38:21.130 10 INFO neutron.api.wsgi [req-9a713e24-c694-4630-aa85-43200f9951f1 req-57efc538-1df6-47ab-b2a2-fe315b7aac82 1e1def05ee3d45cc8381a1e2772212e0 0e577fdbcbb1412eb7e1170e2d4dcaba - - default default] 10.0.0.119 "GET /v2.0/ports?device_id=63403d5a-fdd4-4842-a087-658a3f6664d0 HTTP/1.1" status: 200 len: 210 time: 0.0170591
2026-05-12 17:38:21.307 9 INFO neutron.api.wsgi [req-d2ce6581-a65f-4bd2-a5a4-8b59f93f1018 req-68b33827-ff8a-4cd3-89fc-115e92045b14 44c73ccc12a9455192c0cc39a789f10f 825da91212db4bbbabd8310bcf4d7ea7 - - default default] 10.0.0.119 "GET /v2.0/ports?device_id=218fdb5b-2ea4-4bc9-b3c6-333bb040d7a2 HTTP/1.1" status: 200 len: 210 time: 0.0380332
2026-05-12 17:38:21.333 10 INFO neutron.db.ovn_revision_numbers_db [None req-a415dd80-dbbc-4280-ac93-1e45d30fe794 - - - - - -] Successfully bumped revision number for resource 90acf816-9c41-416c-946c-1827fad15185 (type: ports) to 1
2026-05-12 17:38:21.333 9 INFO neutron.api.wsgi [req-5c4bf26c-f5da-4d4e-bef4-1ac08c0e8d1b req-2b382055-2cd7-4af6-8729-d0b5ad94e434 a80aff6c40d24322ad9160b386e6296b b53c7c33903a424ca86f9ff5ea694ca5 - - 245026527e4e4aa494af50c21c8ce5e1 245026527e4e4aa494af50c21c8ce5e1] 199.19.213.250 "GET /v2.0/networks?tenant_id=105083a76363470a99c78c3fe6a239fb&shared=False HTTP/1.1" status: 200 len: 973 time: 0.2280059
2026-05-12 17:38:21.337 9 INFO neutron.api.wsgi [req-11e13974-ab17-4314-a4bf-86b6e0e1cb8c req-10c78019-7d40-466e-96ad-77a7fca83cf5 1e1def05ee3d45cc8381a1e2772212e0 0e577fdbcbb1412eb7e1170e2d4dcaba - - default default] 199.19.213.250 "GET /v2.0/networks?id=16b60881-3331-4b6b-af34-9bd4ff21e0e6 HTTP/1.1" status: 200 len: 882 time: 0.2327929
2026-05-12 17:38:21.411 9 INFO neutron.api.wsgi [req-11e13974-ab17-4314-a4bf-86b6e0e1cb8c req-fbb59f5b-aa1a-4a4a-934b-d92ea53efbcb 1e1def05ee3d45cc8381a1e2772212e0 0e577fdbcbb1412eb7e1170e2d4dcaba - - default default] 199.19.213.250 "GET /v2.0/security-groups?fields=id&fields=name&tenant_id=0e577fdbcbb1412eb7e1170e2d4dcaba HTTP/1.1" status: 200 len: 379 time: 0.0642576
2026-05-12 17:38:21.416 9 INFO neutron.api.wsgi [req-5c4bf26c-f5da-4d4e-bef4-1ac08c0e8d1b req-a94cd1c6-f7c0-4adc-8134-bbbef7a47d7a a80aff6c40d24322ad9160b386e6296b b53c7c33903a424ca86f9ff5ea694ca5 - - 245026527e4e4aa494af50c21c8ce5e1 245026527e4e4aa494af50c21c8ce5e1] 199.19.213.250 "GET /v2.0/networks?shared=True HTTP/1.1" status: 200 len: 952 time: 0.0723405
2026-05-12 17:38:21.421 9 WARNING neutron_lib.context [req-11e13974-ab17-4314-a4bf-86b6e0e1cb8c req-4e518cc5-dfe8-48f1-960d-aa80378b2e5d 1e1def05ee3d45cc8381a1e2772212e0 0e577fdbcbb1412eb7e1170e2d4dcaba - - default default] Method 'is_advsvc' is deprecated since 2023.2 release (neutron-lib 3.8.0) and will be removed once support for the old RBAC API policies will be removed from Neutron. Please use method 'is_service_role' instead.
2026-05-12 17:38:21.649 10 INFO neutron.api.wsgi [req-615d4094-8d88-4314-930d-91ad680422b8 req-905d7404-bb77-4089-900f-4af1d4c8b54c 520736532032408796322b40f436b8dc 105083a76363470a99c78c3fe6a239fb - - default default] 10.0.0.119 "GET /v2.0/ports?device_id=bafc9fdd-81d5-4091-99ba-d3ccd65ec237 HTTP/1.1" status: 200 len: 1168 time: 0.0573721
2026-05-12 17:38:21.698 10 INFO neutron.db.ovn_revision_numbers_db [None req-a415dd80-dbbc-4280-ac93-1e45d30fe794 - - - - - -] Successfully bumped revision number for resource 90acf816-9c41-416c-946c-1827fad15185 (type: ports) to 4
2026-05-12 17:38:21.703 10 INFO neutron.api.wsgi [req-615d4094-8d88-4314-930d-91ad680422b8 req-64f547ae-e6d7-4c33-9fe9-ce88c536897a 520736532032408796322b40f436b8dc 105083a76363470a99c78c3fe6a239fb - - default default] 10.0.0.119 "GET /v2.0/security-groups?id=0996b43d-1192-4579-bbb3-441bb62e96ea&fields=id&fields=name HTTP/1.1" status: 200 len: 312 time: 0.0472171
2026-05-12 17:38:21.711 10 WARNING neutron.plugins.ml2.drivers.ovn.mech_driver.ovsdb.ovn_client [None req-99070eb5-d322-457e-9f3b-b272e7b1ee9e - - - - - -] No hosting information found for port 367a3dff-89db-44b5-b24e-b20553a407c3: RuntimeError: No hosting information found for port 367a3dff-89db-44b5-b24e-b20553a407c3
2026-05-12 17:38:21.765 9 WARNING neutron.scheduler.dhcp_agent_scheduler [None req-b99defff-da97-4619-afe5-4c902b271ade 3acf3b822afb4aa89cd9335cc084e7b6 b556785f03e24099bde7d34a16315435 - - default default] No more DHCP agents
2026-05-12 17:38:21.767 9 WARNING neutron.api.rpc.agentnotifiers.dhcp_rpc_agent_api [None req-b99defff-da97-4619-afe5-4c902b271ade 3acf3b822afb4aa89cd9335cc084e7b6 b556785f03e24099bde7d34a16315435 - - default default] Unable to schedule network 7e7566df-c779-4160-b5f1-4a650fa1e75f: no agents available; will retry on subsequent port and subnet creation events.
2026-05-12 17:38:21.769 9 WARNING neutron.scheduler.dhcp_agent_scheduler [req-11e13974-ab17-4314-a4bf-86b6e0e1cb8c req-4e518cc5-dfe8-48f1-960d-aa80378b2e5d 1e1def05ee3d45cc8381a1e2772212e0 0e577fdbcbb1412eb7e1170e2d4dcaba - - default default] No more DHCP agents
2026-05-12 17:38:21.775 9 WARNING neutron.api.rpc.agentnotifiers.dhcp_rpc_agent_api [req-11e13974-ab17-4314-a4bf-86b6e0e1cb8c req-4e518cc5-dfe8-48f1-960d-aa80378b2e5d 1e1def05ee3d45cc8381a1e2772212e0 0e577fdbcbb1412eb7e1170e2d4dcaba - - default default] Unable to schedule network 16b60881-3331-4b6b-af34-9bd4ff21e0e6: no agents available; will retry on subsequent port and subnet creation events.
2026-05-12 17:38:21.891 9 INFO neutron.db.ovn_revision_numbers_db [None req-b99defff-da97-4619-afe5-4c902b271ade 3acf3b822afb4aa89cd9335cc084e7b6 b556785f03e24099bde7d34a16315435 - - default default] Successfully bumped revision number for resource e1671152-7ad7-4719-84b2-80a90518837c (type: ports) to 1
2026-05-12 17:38:21.897 9 INFO neutron.db.ovn_revision_numbers_db [req-11e13974-ab17-4314-a4bf-86b6e0e1cb8c req-4e518cc5-dfe8-48f1-960d-aa80378b2e5d 1e1def05ee3d45cc8381a1e2772212e0 0e577fdbcbb1412eb7e1170e2d4dcaba - - default default] Successfully bumped revision number for resource 42df8d5c-51fc-4367-8469-7068cfd4de23 (type: ports) to 1
2026-05-12 17:38:21.924 9 INFO neutron.api.wsgi [req-11e13974-ab17-4314-a4bf-86b6e0e1cb8c req-4e518cc5-dfe8-48f1-960d-aa80378b2e5d 1e1def05ee3d45cc8381a1e2772212e0 0e577fdbcbb1412eb7e1170e2d4dcaba - - default default] 199.19.213.250 "POST /v2.0/ports HTTP/1.1" status: 201 len: 1162 time: 0.5073488 /var/lib/openstack/lib/python3.12/site-packages/pycadf/identifier.py:71: UserWarning: Invalid uuid: neutron. To ensure interoperability, identifiers should be a valid uuid. warnings.warn(('Invalid uuid: %s. To ensure interoperability, '
2026-05-12 17:38:21.968 10 INFO neutron.db.ovn_revision_numbers_db [None req-99070eb5-d322-457e-9f3b-b272e7b1ee9e - - - - - -] Successfully bumped revision number for resource 367a3dff-89db-44b5-b24e-b20553a407c3 (type: router_ports) to 2
2026-05-12 17:38:21.976 10 INFO neutron.plugins.ml2.drivers.ovn.mech_driver.mech_driver [None req-99070eb5-d322-457e-9f3b-b272e7b1ee9e - - - - - -] OVN reports status up for port: 108f2a0f-2566-412d-be68-ff614b4faec5
2026-05-12 17:38:21.983 10 INFO neutron.plugins.ml2.plugin [None req-99070eb5-d322-457e-9f3b-b272e7b1ee9e - - - - - -] Attempt 1 to provision port 108f2a0f-2566-412d-be68-ff614b4faec5
2026-05-12 17:38:22.158 10 INFO neutron.db.ovn_revision_numbers_db [None req-a415dd80-dbbc-4280-ac93-1e45d30fe794 - - - - - -] Successfully bumped revision number for resource 90acf816-9c41-416c-946c-1827fad15185 (type: ports) to 5 /var/lib/openstack/lib/python3.12/site-packages/pycadf/identifier.py:71: UserWarning: Invalid uuid: neutron. To ensure interoperability, identifiers should be a valid uuid. warnings.warn(('Invalid uuid: %s. To ensure interoperability, '
2026-05-12 17:38:22.322 9 INFO neutron.api.wsgi [req-b53abfb9-c7ed-4d1f-b065-3cc479e53408 req-9096ca7e-84cc-4707-8911-eb849348bdd1 1e1def05ee3d45cc8381a1e2772212e0 0e577fdbcbb1412eb7e1170e2d4dcaba - - default default] 10.0.0.119 "GET /v2.0/ports?device_id=63403d5a-fdd4-4842-a087-658a3f6664d0 HTTP/1.1" status: 200 len: 1172 time: 0.1166098
2026-05-12 17:38:22.345 10 INFO neutron.db.ovn_revision_numbers_db [None req-99070eb5-d322-457e-9f3b-b272e7b1ee9e - - - - - -] Successfully bumped revision number for resource 108f2a0f-2566-412d-be68-ff614b4faec5 (type: ports) to 2
2026-05-12 17:38:22.363 9 INFO neutron.db.ovn_revision_numbers_db [req-11e13974-ab17-4314-a4bf-86b6e0e1cb8c req-d365e3e6-861f-45cd-8629-84d944e3cee6 a80aff6c40d24322ad9160b386e6296b b53c7c33903a424ca86f9ff5ea694ca5 - - 245026527e4e4aa494af50c21c8ce5e1 245026527e4e4aa494af50c21c8ce5e1] Successfully bumped revision number for resource 42df8d5c-51fc-4367-8469-7068cfd4de23 (type: ports) to 2
2026-05-12 17:38:22.377 9 INFO neutron.api.wsgi [req-b53abfb9-c7ed-4d1f-b065-3cc479e53408 req-7e567cf0-1a0e-4daf-a998-31d9593a4c31 1e1def05ee3d45cc8381a1e2772212e0 0e577fdbcbb1412eb7e1170e2d4dcaba - - default default] 10.0.0.119 "GET /v2.0/security-groups?id=ae94d055-46ca-4f92-984d-0b1ae35381db&fields=id&fields=name HTTP/1.1" status: 200 len: 312 time: 0.0463254
2026-05-12 17:38:22.379 10 INFO neutron.api.wsgi [req-90671e1d-5ffa-468e-b6ff-9b5597c330e4 req-899acadb-169f-4f8c-8090-3fefa6d7785d 44c73ccc12a9455192c0cc39a789f10f 825da91212db4bbbabd8310bcf4d7ea7 - - default default] 10.0.0.119 "GET /v2.0/ports?device_id=218fdb5b-2ea4-4bc9-b3c6-333bb040d7a2 HTTP/1.1" status: 200 len: 210 time: 0.0199707
2026-05-12 17:38:22.479 9 INFO neutron.api.wsgi [req-bbd5c6cb-1fc1-4616-89ab-b4285cd19909 req-9bad5d45-b9f2-458f-bb9e-456c9c3435e5 a80aff6c40d24322ad9160b386e6296b b53c7c33903a424ca86f9ff5ea694ca5 - - 245026527e4e4aa494af50c21c8ce5e1 245026527e4e4aa494af50c21c8ce5e1] 199.19.213.250 "GET /v2.0/ports?tenant_id=105083a76363470a99c78c3fe6a239fb&device_id=bafc9fdd-81d5-4091-99ba-d3ccd65ec237 HTTP/1.1" status: 200 len: 1407 time: 0.0505157
2026-05-12 17:38:22.518 9 INFO neutron.api.wsgi [req-bbd5c6cb-1fc1-4616-89ab-b4285cd19909 req-0740c8c5-40cb-4920-9cfe-d2196c485978 a80aff6c40d24322ad9160b386e6296b b53c7c33903a424ca86f9ff5ea694ca5 - - 245026527e4e4aa494af50c21c8ce5e1 245026527e4e4aa494af50c21c8ce5e1] 199.19.213.250 "GET /v2.0/floatingips?fixed_ip_address=10.100.0.3&port_id=d982ea60-45d8-4d10-ac0b-bafa5148f5ec HTTP/1.1" status: 200 len: 217 time: 0.0326126
2026-05-12 17:38:22.564 9 INFO neutron.api.wsgi [req-bbd5c6cb-1fc1-4616-89ab-b4285cd19909 req-5d701463-716f-4370-824f-9f3d32ea46cb a80aff6c40d24322ad9160b386e6296b b53c7c33903a424ca86f9ff5ea694ca5 - - 245026527e4e4aa494af50c21c8ce5e1 245026527e4e4aa494af50c21c8ce5e1] 199.19.213.250 "GET /v2.0/subnets?id=887df305-f64f-46d1-bd96-5f11914431c4 HTTP/1.1" status: 200 len: 892 time: 0.0388587
2026-05-12 17:38:22.570 9 INFO neutron.plugins.ml2.drivers.ovn.mech_driver.mech_driver [None req-12928a7a-6902-4a97-abb9-0ff8c07622a7 - - - - - -] OVN reports status up for port: e1671152-7ad7-4719-84b2-80a90518837c /var/lib/openstack/lib/python3.12/site-packages/pycadf/identifier.py:71: UserWarning: Invalid uuid: neutron. To ensure interoperability, identifiers should be a valid uuid. warnings.warn(('Invalid uuid: %s. To ensure interoperability, '
2026-05-12 17:38:22.605 9 INFO neutron.api.wsgi [req-bbd5c6cb-1fc1-4616-89ab-b4285cd19909 req-abcd1f54-7c52-42a3-bcea-d9f6044ecf03 a80aff6c40d24322ad9160b386e6296b b53c7c33903a424ca86f9ff5ea694ca5 - - 245026527e4e4aa494af50c21c8ce5e1 245026527e4e4aa494af50c21c8ce5e1] 199.19.213.250 "GET /v2.0/ports?network_id=be27f8d9-af31-4c38-a856-5e7b75080648&device_owner=network%3Adhcp HTTP/1.1" status: 200 len: 210 time: 0.0327237
2026-05-12 17:38:22.606 9 INFO neutron.plugins.ml2.plugin [None req-12928a7a-6902-4a97-abb9-0ff8c07622a7 - - - - - -] Attempt 1 to provision port e1671152-7ad7-4719-84b2-80a90518837c
2026-05-12 17:38:22.624 9 INFO neutron.db.ovn_revision_numbers_db [None req-b99defff-da97-4619-afe5-4c902b271ade 3acf3b822afb4aa89cd9335cc084e7b6 b556785f03e24099bde7d34a16315435 - - default default] Successfully bumped revision number for resource e1671152-7ad7-4719-84b2-80a90518837c (type: ports) to 1
2026-05-12 17:38:22.690 9 INFO neutron.api.wsgi [req-bbd5c6cb-1fc1-4616-89ab-b4285cd19909 req-d4018195-03a8-4679-a453-ad4550c80b1f a80aff6c40d24322ad9160b386e6296b b53c7c33903a424ca86f9ff5ea694ca5 - - 245026527e4e4aa494af50c21c8ce5e1 245026527e4e4aa494af50c21c8ce5e1] 199.19.213.250 "GET /v2.0/networks/be27f8d9-af31-4c38-a856-5e7b75080648?fields=segments HTTP/1.1" status: 200 len: 212 time: 0.0757172
2026-05-12 17:38:22.735 9 WARNING neutron.scheduler.dhcp_agent_scheduler [None req-b99defff-da97-4619-afe5-4c902b271ade 3acf3b822afb4aa89cd9335cc084e7b6 b556785f03e24099bde7d34a16315435 - - default default] No more DHCP agents
2026-05-12 17:38:22.740 9 WARNING neutron.api.rpc.agentnotifiers.dhcp_rpc_agent_api [None req-b99defff-da97-4619-afe5-4c902b271ade 3acf3b822afb4aa89cd9335cc084e7b6 b556785f03e24099bde7d34a16315435 - - default default] Unable to schedule network 7e7566df-c779-4160-b5f1-4a650fa1e75f: no agents available; will retry on subsequent port and subnet creation events.
2026-05-12 17:38:22.760 9 INFO neutron.db.ovn_revision_numbers_db [req-11e13974-ab17-4314-a4bf-86b6e0e1cb8c req-d365e3e6-861f-45cd-8629-84d944e3cee6 a80aff6c40d24322ad9160b386e6296b b53c7c33903a424ca86f9ff5ea694ca5 - - 245026527e4e4aa494af50c21c8ce5e1 245026527e4e4aa494af50c21c8ce5e1] Successfully bumped revision number for resource 42df8d5c-51fc-4367-8469-7068cfd4de23 (type: ports) to 4
2026-05-12 17:38:22.815 9 INFO neutron.api.wsgi [req-bbd5c6cb-1fc1-4616-89ab-b4285cd19909 req-930bc56c-1097-4f9f-b401-bdc509962806 a80aff6c40d24322ad9160b386e6296b b53c7c33903a424ca86f9ff5ea694ca5 - - 245026527e4e4aa494af50c21c8ce5e1 245026527e4e4aa494af50c21c8ce5e1] 199.19.213.250 "GET /v2.0/networks/be27f8d9-af31-4c38-a856-5e7b75080648?fields=provider%3Aphysical_network&fields=provider%3Anetwork_type HTTP/1.1" status: 200 len: 277 time: 0.1037915
2026-05-12 17:38:22.829 9 INFO neutron.api.wsgi [req-11e13974-ab17-4314-a4bf-86b6e0e1cb8c req-d365e3e6-861f-45cd-8629-84d944e3cee6 a80aff6c40d24322ad9160b386e6296b b53c7c33903a424ca86f9ff5ea694ca5 - - 245026527e4e4aa494af50c21c8ce5e1 245026527e4e4aa494af50c21c8ce5e1] 199.19.213.250 "PUT /v2.0/ports/42df8d5c-51fc-4367-8469-7068cfd4de23 HTTP/1.1" status: 200 len: 1408 time: 0.9001374
2026-05-12 17:38:22.853 9 INFO neutron.api.wsgi [req-b37d3ccf-e487-4336-accb-838aeea752ad req-5a511128-8f69-409b-9df0-1a1f01a269ff 520736532032408796322b40f436b8dc 105083a76363470a99c78c3fe6a239fb - - default default] 10.0.0.119 "GET /v2.0/ports?device_id=bafc9fdd-81d5-4091-99ba-d3ccd65ec237 HTTP/1.1" status: 200 len: 1168 time: 0.0988846
2026-05-12 17:38:22.859 9 INFO neutron.notifiers.nova [-] Nova event matching ['req-af478372-ca41-4a19-9e92-d7d535ee92d6'] response: {'name': 'network-changed', 'server_uuid': '63403d5a-fdd4-4842-a087-658a3f6664d0', 'tag': '42df8d5c-51fc-4367-8469-7068cfd4de23', 'status': 'completed', 'code': 200}
2026-05-12 17:38:22.906 9 INFO neutron.api.wsgi [req-b37d3ccf-e487-4336-accb-838aeea752ad req-e11325e1-4cc7-47f0-a4f9-ba56781c3de7 520736532032408796322b40f436b8dc 105083a76363470a99c78c3fe6a239fb - - default default] 10.0.0.119 "GET /v2.0/security-groups?id=0996b43d-1192-4579-bbb3-441bb62e96ea&fields=id&fields=name HTTP/1.1" status: 200 len: 312 time: 0.0450652
2026-05-12 17:38:23.099 9 INFO neutron.db.ovn_revision_numbers_db [None req-12928a7a-6902-4a97-abb9-0ff8c07622a7 - - - - - -] Successfully bumped revision number for resource e1671152-7ad7-4719-84b2-80a90518837c (type: ports) to 2
2026-05-12 17:38:23.272 9 INFO neutron.api.wsgi [req-968f1e67-97fe-4b2e-b034-2d6fc161a0cb req-dbb45098-8616-4e05-b6ea-03d6c9f80912 44c73ccc12a9455192c0cc39a789f10f 825da91212db4bbbabd8310bcf4d7ea7 - - default default] 199.19.213.250 "GET /v2.0/networks?id=8dfd4374-224c-41b3-ae82-7d310d703de5 HTTP/1.1" status: 200 len: 879 time: 0.0467007
2026-05-12 17:38:23.463 9 INFO neutron.api.wsgi [req-fc9c62c3-83a2-42cd-943c-d7d3ca6742d3 req-e93cdc83-7a0b-4f19-b8e1-bc0886a1ace5 44c73ccc12a9455192c0cc39a789f10f 825da91212db4bbbabd8310bcf4d7ea7 - - default default] 10.0.0.119 "GET /v2.0/ports?device_id=218fdb5b-2ea4-4bc9-b3c6-333bb040d7a2 HTTP/1.1" status: 200 len: 210 time: 0.0261838
2026-05-12 17:38:23.478 9 INFO neutron.api.wsgi [req-e4fe5640-050c-4a13-8b88-a16cbd2a3c1a req-8dfec86a-cce8-4cfe-bbb8-f868f51773c8 a80aff6c40d24322ad9160b386e6296b b53c7c33903a424ca86f9ff5ea694ca5 - - 245026527e4e4aa494af50c21c8ce5e1 245026527e4e4aa494af50c21c8ce5e1] 199.19.213.250 "GET /v2.0/ports?tenant_id=0e577fdbcbb1412eb7e1170e2d4dcaba&device_id=63403d5a-fdd4-4842-a087-658a3f6664d0 HTTP/1.1" status: 200 len: 1411 time: 0.0525558
2026-05-12 17:38:23.503 9 INFO neutron.api.wsgi [req-968f1e67-97fe-4b2e-b034-2d6fc161a0cb req-355b2a03-407f-4415-9430-8ab924a07e30 44c73ccc12a9455192c0cc39a789f10f 825da91212db4bbbabd8310bcf4d7ea7 - - default default] 199.19.213.250 "GET /v2.0/security-groups?fields=id&fields=name&tenant_id=825da91212db4bbbabd8310bcf4d7ea7 HTTP/1.1" status: 200 len: 379 time: 0.2232726
2026-05-12 17:38:23.507 10 INFO neutron.api.wsgi [req-fb70373f-b3bb-4078-81dc-223197dda2ea req-61f2bdb1-701a-4ac7-b927-1ebbb0610a50 1e1def05ee3d45cc8381a1e2772212e0 0e577fdbcbb1412eb7e1170e2d4dcaba - - default default] 10.0.0.119 "GET /v2.0/ports?device_id=63403d5a-fdd4-4842-a087-658a3f6664d0 HTTP/1.1" status: 200 len: 1172 time: 0.0672774
2026-05-12 17:38:23.519 9 WARNING neutron_lib.context [req-968f1e67-97fe-4b2e-b034-2d6fc161a0cb req-f74bcd91-e162-4685-b9e7-7df55185997d 44c73ccc12a9455192c0cc39a789f10f 825da91212db4bbbabd8310bcf4d7ea7 - - default default] Method 'is_advsvc' is deprecated since 2023.2 release (neutron-lib 3.8.0) and will be removed once support for the old RBAC API policies will be removed from Neutron. Please use method 'is_service_role' instead.
2026-05-12 17:38:23.538 10 INFO neutron.api.wsgi [req-fb70373f-b3bb-4078-81dc-223197dda2ea req-eb7596ea-1385-4026-88ba-1b9f076c17fb 1e1def05ee3d45cc8381a1e2772212e0 0e577fdbcbb1412eb7e1170e2d4dcaba - - default default] 10.0.0.119 "GET /v2.0/security-groups?id=ae94d055-46ca-4f92-984d-0b1ae35381db&fields=id&fields=name HTTP/1.1" status: 200 len: 312 time: 0.0265849
2026-05-12 17:38:23.564 9 INFO neutron.api.wsgi [req-e4fe5640-050c-4a13-8b88-a16cbd2a3c1a req-689921a3-2014-4102-9e1b-3c4f4a095598 a80aff6c40d24322ad9160b386e6296b b53c7c33903a424ca86f9ff5ea694ca5 - - 245026527e4e4aa494af50c21c8ce5e1 245026527e4e4aa494af50c21c8ce5e1] 199.19.213.250 "GET /v2.0/networks?tenant_id=0e577fdbcbb1412eb7e1170e2d4dcaba&shared=False HTTP/1.1" status: 200 len: 981 time: 0.0793591
2026-05-12 17:38:23.640 9 INFO neutron.api.wsgi [req-e4fe5640-050c-4a13-8b88-a16cbd2a3c1a req-09fc1a3f-70d6-4b62-9770-e2bd02cd100d a80aff6c40d24322ad9160b386e6296b b53c7c33903a424ca86f9ff5ea694ca5 - - 245026527e4e4aa494af50c21c8ce5e1 245026527e4e4aa494af50c21c8ce5e1] 199.19.213.250 "GET /v2.0/networks?shared=True HTTP/1.1" status: 200 len: 952 time: 0.0677574
2026-05-12 17:38:23.814 9 INFO neutron.db.ovn_revision_numbers_db [None req-b99defff-da97-4619-afe5-4c902b271ade 3acf3b822afb4aa89cd9335cc084e7b6 b556785f03e24099bde7d34a16315435 - - default default] Successfully bumped revision number for resource e1671152-7ad7-4719-84b2-80a90518837c (type: router_ports) to 1
2026-05-12 17:38:23.819 9 INFO neutron.api.wsgi [None req-b99defff-da97-4619-afe5-4c902b271ade 3acf3b822afb4aa89cd9335cc084e7b6 b556785f03e24099bde7d34a16315435 - - default default] 10.0.0.169 "PUT /v2.0/routers/69555f3d-da18-4f05-b2a5-de9396ad41cc/add_router_interface HTTP/1.1" status: 200 len: 503 time: 2.8134208
2026-05-12 17:38:23.859 9 WARNING neutron.scheduler.dhcp_agent_scheduler [req-968f1e67-97fe-4b2e-b034-2d6fc161a0cb req-f74bcd91-e162-4685-b9e7-7df55185997d 44c73ccc12a9455192c0cc39a789f10f 825da91212db4bbbabd8310bcf4d7ea7 - - default default] No more DHCP agents
2026-05-12 17:38:23.860 9 WARNING neutron.api.rpc.agentnotifiers.dhcp_rpc_agent_api [req-968f1e67-97fe-4b2e-b034-2d6fc161a0cb req-f74bcd91-e162-4685-b9e7-7df55185997d 44c73ccc12a9455192c0cc39a789f10f 825da91212db4bbbabd8310bcf4d7ea7 - - default default] Unable to schedule network 8dfd4374-224c-41b3-ae82-7d310d703de5: no agents available; will retry on subsequent port and subnet creation events.
2026-05-12 17:38:23.949 9 INFO neutron.db.ovn_revision_numbers_db [req-968f1e67-97fe-4b2e-b034-2d6fc161a0cb req-f74bcd91-e162-4685-b9e7-7df55185997d 44c73ccc12a9455192c0cc39a789f10f 825da91212db4bbbabd8310bcf4d7ea7 - - default default] Successfully bumped revision number for resource f5986106-e26b-435b-a92a-4890f8131f68 (type: ports) to 1 /var/lib/openstack/lib/python3.12/site-packages/pycadf/identifier.py:71: UserWarning: Invalid uuid: neutron. To ensure interoperability, identifiers should be a valid uuid. warnings.warn(('Invalid uuid: %s. To ensure interoperability, '
2026-05-12 17:38:23.977 9 INFO neutron.api.wsgi [req-968f1e67-97fe-4b2e-b034-2d6fc161a0cb req-f74bcd91-e162-4685-b9e7-7df55185997d 44c73ccc12a9455192c0cc39a789f10f 825da91212db4bbbabd8310bcf4d7ea7 - - default default] 199.19.213.250 "POST /v2.0/ports HTTP/1.1" status: 201 len: 1158 time: 0.4700816
2026-05-12 17:38:23.991 9 INFO neutron.api.wsgi [req-6f003af3-ab5d-42ed-80b9-737f37340ad0 req-e6cf9cbc-3cce-42e7-a9b0-19c5a84d34ef 520736532032408796322b40f436b8dc 105083a76363470a99c78c3fe6a239fb - - default default] 10.0.0.119 "GET /v2.0/ports?device_id=bafc9fdd-81d5-4091-99ba-d3ccd65ec237 HTTP/1.1" status: 200 len: 1168 time: 0.0329971
2026-05-12 17:38:24.034 9 INFO neutron.api.wsgi [req-6f003af3-ab5d-42ed-80b9-737f37340ad0 req-4b421f48-1150-4f52-bf86-602bc8ff40ff 520736532032408796322b40f436b8dc 105083a76363470a99c78c3fe6a239fb - - default default] 10.0.0.119 "GET /v2.0/security-groups?id=0996b43d-1192-4579-bbb3-441bb62e96ea&fields=id&fields=name HTTP/1.1" status: 200 len: 312 time: 0.0372336
2026-05-12 17:38:24.250 10 WARNING neutron_lib.context [req-0d0e9e50-fbf2-4396-a756-ba40029628a9 req-d191c2e6-9436-42ad-8d5b-22f0e52af0cc 9fbb50cb1dcc425480e3a8d69f6937b2 ae9555427c554f38ad0b2a32404acd6b - - default default] Method 'is_advsvc' is deprecated since 2023.2 release (neutron-lib 3.8.0) and will be removed once support for the old RBAC API policies will be removed from Neutron. Please use method 'is_service_role' instead.
2026-05-12 17:38:24.348 10 INFO neutron.db.ovn_revision_numbers_db [req-0d0e9e50-fbf2-4396-a756-ba40029628a9 req-d191c2e6-9436-42ad-8d5b-22f0e52af0cc 9fbb50cb1dcc425480e3a8d69f6937b2 ae9555427c554f38ad0b2a32404acd6b - - default default] Successfully bumped revision number for resource 0f5eaf60-377a-4c1d-8317-7aeb6b9aff1e (type: security_groups) to 1
2026-05-12 17:38:24.355 9 INFO neutron.db.ovn_revision_numbers_db [req-968f1e67-97fe-4b2e-b034-2d6fc161a0cb req-93f5cb6e-2e9c-4058-b022-4d86723050de a80aff6c40d24322ad9160b386e6296b b53c7c33903a424ca86f9ff5ea694ca5 - - 245026527e4e4aa494af50c21c8ce5e1 245026527e4e4aa494af50c21c8ce5e1] Successfully bumped revision number for resource f5986106-e26b-435b-a92a-4890f8131f68 (type: ports) to 2
2026-05-12 17:38:24.360 10 INFO neutron.db.ovn_revision_numbers_db [req-0d0e9e50-fbf2-4396-a756-ba40029628a9 req-d191c2e6-9436-42ad-8d5b-22f0e52af0cc 9fbb50cb1dcc425480e3a8d69f6937b2 ae9555427c554f38ad0b2a32404acd6b - - default default] Successfully bumped revision number for resource 5844d090-5bce-4def-b037-49219500f0f6 (type: security_group_rules) to 0
2026-05-12 17:38:24.373 10 INFO neutron.db.ovn_revision_numbers_db [req-0d0e9e50-fbf2-4396-a756-ba40029628a9 req-d191c2e6-9436-42ad-8d5b-22f0e52af0cc 9fbb50cb1dcc425480e3a8d69f6937b2 ae9555427c554f38ad0b2a32404acd6b - - default default] Successfully bumped revision number for resource 77453917-cd2d-4a87-b7e0-ed4434287603 (type: security_group_rules) to 0
2026-05-12 17:38:24.407 10 INFO neutron.api.wsgi [req-0d0e9e50-fbf2-4396-a756-ba40029628a9 req-d191c2e6-9436-42ad-8d5b-22f0e52af0cc 9fbb50cb1dcc425480e3a8d69f6937b2 ae9555427c554f38ad0b2a32404acd6b - - default default] 10.0.0.119 "POST /v2.0/security-groups HTTP/1.1" status: 201 len: 1887 time: 0.1611841 /var/lib/openstack/lib/python3.12/site-packages/pycadf/identifier.py:71: UserWarning: Invalid uuid: neutron. To ensure interoperability, identifiers should be a valid uuid. warnings.warn(('Invalid uuid: %s. To ensure interoperability, '
2026-05-12 17:38:24.433 9 WARNING neutron_lib.context [req-9a1ab919-5093-47ed-8b47-61e809517f9f req-6a1d9564-b6be-4684-bf66-76f3e7f9f00b 9fbb50cb1dcc425480e3a8d69f6937b2 ae9555427c554f38ad0b2a32404acd6b - - default default] Method 'is_advsvc' is deprecated since 2023.2 release (neutron-lib 3.8.0) and will be removed once support for the old RBAC API policies will be removed from Neutron. Please use method 'is_service_role' instead.
2026-05-12 17:38:24.575 9 INFO neutron.db.ovn_revision_numbers_db [req-9a1ab919-5093-47ed-8b47-61e809517f9f req-6a1d9564-b6be-4684-bf66-76f3e7f9f00b 9fbb50cb1dcc425480e3a8d69f6937b2 ae9555427c554f38ad0b2a32404acd6b - - default default] Successfully bumped revision number for resource 8deddda4-cf07-4d0a-ae30-805ed8a336ae (type: security_groups) to 1
2026-05-12 17:38:24.577 9 INFO neutron.db.ovn_revision_numbers_db [req-968f1e67-97fe-4b2e-b034-2d6fc161a0cb req-93f5cb6e-2e9c-4058-b022-4d86723050de a80aff6c40d24322ad9160b386e6296b b53c7c33903a424ca86f9ff5ea694ca5 - - 245026527e4e4aa494af50c21c8ce5e1 245026527e4e4aa494af50c21c8ce5e1] Successfully bumped revision number for resource f5986106-e26b-435b-a92a-4890f8131f68 (type: ports) to 4
2026-05-12 17:38:24.581 10 INFO neutron.api.wsgi [req-87106171-45e7-4934-88b1-18af551eb48a req-b183257f-3885-4e85-93f7-5d96e24931f0 44c73ccc12a9455192c0cc39a789f10f 825da91212db4bbbabd8310bcf4d7ea7 - - default default] 10.0.0.119 "GET /v2.0/ports?device_id=218fdb5b-2ea4-4bc9-b3c6-333bb040d7a2 HTTP/1.1" status: 200 len: 1168 time: 0.0682559
2026-05-12 17:38:24.600 9 INFO neutron.api.wsgi [req-968f1e67-97fe-4b2e-b034-2d6fc161a0cb req-93f5cb6e-2e9c-4058-b022-4d86723050de a80aff6c40d24322ad9160b386e6296b b53c7c33903a424ca86f9ff5ea694ca5 - - 245026527e4e4aa494af50c21c8ce5e1 245026527e4e4aa494af50c21c8ce5e1] 199.19.213.250 "PUT /v2.0/ports/f5986106-e26b-435b-a92a-4890f8131f68 HTTP/1.1" status: 200 len: 1404 time: 0.5938454
2026-05-12 17:38:24.600 9 INFO neutron.db.ovn_revision_numbers_db [req-9a1ab919-5093-47ed-8b47-61e809517f9f req-6a1d9564-b6be-4684-bf66-76f3e7f9f00b 9fbb50cb1dcc425480e3a8d69f6937b2 ae9555427c554f38ad0b2a32404acd6b - - default default] Successfully bumped revision number for resource 8ce51801-8ae9-422f-821b-8f4a3577fbcd (type: security_group_rules) to 0
2026-05-12 17:38:24.612 9 INFO neutron.db.ovn_revision_numbers_db [req-9a1ab919-5093-47ed-8b47-61e809517f9f req-6a1d9564-b6be-4684-bf66-76f3e7f9f00b 9fbb50cb1dcc425480e3a8d69f6937b2 ae9555427c554f38ad0b2a32404acd6b - - default default] Successfully bumped revision number for resource dbf30628-ba7f-4647-be6d-b768c65c6c3f (type: security_group_rules) to 0
2026-05-12 17:38:24.644 9 INFO neutron.api.wsgi [req-9a1ab919-5093-47ed-8b47-61e809517f9f req-6a1d9564-b6be-4684-bf66-76f3e7f9f00b 9fbb50cb1dcc425480e3a8d69f6937b2 ae9555427c554f38ad0b2a32404acd6b - - default default] 10.0.0.119 "POST /v2.0/security-groups HTTP/1.1" status: 201 len: 1886 time: 0.2172477
2026-05-12 17:38:24.646 10 INFO neutron.api.wsgi [req-87106171-45e7-4934-88b1-18af551eb48a req-37999237-40f3-4277-a6e5-3e7854eddbdc 44c73ccc12a9455192c0cc39a789f10f 825da91212db4bbbabd8310bcf4d7ea7 - - default default] 10.0.0.119 "GET /v2.0/security-groups?id=303b66fe-dde8-490c-a532-873074c5a2ba&fields=id&fields=name HTTP/1.1" status: 200 len: 312 time: 0.0581396 /var/lib/openstack/lib/python3.12/site-packages/pycadf/identifier.py:71: UserWarning: Invalid uuid: neutron. To ensure interoperability, identifiers should be a valid uuid. warnings.warn(('Invalid uuid: %s. To ensure interoperability, '
2026-05-12 17:38:24.683 9 INFO neutron.api.wsgi [req-11e13974-ab17-4314-a4bf-86b6e0e1cb8c req-ab6ea895-a896-48e7-acaa-c42846080436 a80aff6c40d24322ad9160b386e6296b b53c7c33903a424ca86f9ff5ea694ca5 - - 245026527e4e4aa494af50c21c8ce5e1 245026527e4e4aa494af50c21c8ce5e1] 199.19.213.250 "GET /v2.0/ports?tenant_id=0e577fdbcbb1412eb7e1170e2d4dcaba&device_id=63403d5a-fdd4-4842-a087-658a3f6664d0 HTTP/1.1" status: 200 len: 1411 time: 0.0309842
2026-05-12 17:38:24.684 10 WARNING neutron_lib.context [req-1da782e8-55cd-4f35-a702-ad23f652f68d req-29044457-8fad-4304-8cc8-59675e4eedad 9fbb50cb1dcc425480e3a8d69f6937b2 ae9555427c554f38ad0b2a32404acd6b - - default default] Method 'is_advsvc' is deprecated since 2023.2 release (neutron-lib 3.8.0) and will be removed once support for the old RBAC API policies will be removed from Neutron. Please use method 'is_service_role' instead.
2026-05-12 17:38:24.714 9 INFO neutron.api.wsgi [req-11e13974-ab17-4314-a4bf-86b6e0e1cb8c req-5081404a-04ba-46ac-8d72-69fe221d7366 a80aff6c40d24322ad9160b386e6296b b53c7c33903a424ca86f9ff5ea694ca5 - - 245026527e4e4aa494af50c21c8ce5e1 245026527e4e4aa494af50c21c8ce5e1] 199.19.213.250 "GET /v2.0/floatingips?fixed_ip_address=10.100.0.12&port_id=42df8d5c-51fc-4367-8469-7068cfd4de23 HTTP/1.1" status: 200 len: 217 time: 0.0146434
2026-05-12 17:38:24.742 9 INFO neutron.api.wsgi [req-ee9c33a3-5cf4-4547-856f-ea9a36329463 req-a66cca61-b3f1-4972-8878-12da2e245a5e 1e1def05ee3d45cc8381a1e2772212e0 0e577fdbcbb1412eb7e1170e2d4dcaba - - default default] 10.0.0.119 "GET /v2.0/ports?device_id=63403d5a-fdd4-4842-a087-658a3f6664d0 HTTP/1.1" status: 200 len: 1172 time: 0.0277433
2026-05-12 17:38:24.745 9 INFO neutron.api.wsgi [req-11e13974-ab17-4314-a4bf-86b6e0e1cb8c req-6f7f5bdd-0a55-4219-8a40-36b0b4f32c4a a80aff6c40d24322ad9160b386e6296b b53c7c33903a424ca86f9ff5ea694ca5 - - 245026527e4e4aa494af50c21c8ce5e1 245026527e4e4aa494af50c21c8ce5e1] 199.19.213.250 "GET /v2.0/subnets?id=96d027b5-10fa-49fb-845e-e84c8f814e77 HTTP/1.1" status: 200 len: 900 time: 0.0252397
2026-05-12 17:38:24.778 9 INFO neutron.api.wsgi [req-ee9c33a3-5cf4-4547-856f-ea9a36329463 req-63e1b66b-1623-465a-b8d9-9b02487bbcfc 1e1def05ee3d45cc8381a1e2772212e0 0e577fdbcbb1412eb7e1170e2d4dcaba - - default default] 10.0.0.119 "GET /v2.0/security-groups?id=ae94d055-46ca-4f92-984d-0b1ae35381db&fields=id&fields=name HTTP/1.1" status: 200 len: 312 time: 0.0294569
2026-05-12 17:38:24.796 9 INFO neutron.api.wsgi [req-11e13974-ab17-4314-a4bf-86b6e0e1cb8c req-cf05a92f-c173-4e0d-97b7-9ae0580dc8da a80aff6c40d24322ad9160b386e6296b b53c7c33903a424ca86f9ff5ea694ca5 - - 245026527e4e4aa494af50c21c8ce5e1 245026527e4e4aa494af50c21c8ce5e1] 199.19.213.250 "GET /v2.0/ports?network_id=16b60881-3331-4b6b-af34-9bd4ff21e0e6&device_owner=network%3Adhcp HTTP/1.1" status: 200 len: 210 time: 0.0161424
2026-05-12 17:38:24.808 10 INFO neutron.db.ovn_revision_numbers_db [req-1da782e8-55cd-4f35-a702-ad23f652f68d req-29044457-8fad-4304-8cc8-59675e4eedad 9fbb50cb1dcc425480e3a8d69f6937b2 ae9555427c554f38ad0b2a32404acd6b - - default default] Successfully bumped revision number for resource cf5ca104-96ef-4f5c-933f-8b4e867f042b (type: security_groups) to 1
2026-05-12 17:38:24.820 10 INFO neutron.db.ovn_revision_numbers_db [req-1da782e8-55cd-4f35-a702-ad23f652f68d req-29044457-8fad-4304-8cc8-59675e4eedad 9fbb50cb1dcc425480e3a8d69f6937b2 ae9555427c554f38ad0b2a32404acd6b - - default default] Successfully bumped revision number for resource 90d395ee-5695-40ea-83cd-b73dd83d29d2 (type: security_group_rules) to 0
2026-05-12 17:38:24.829 9 INFO neutron.api.wsgi [req-11e13974-ab17-4314-a4bf-86b6e0e1cb8c req-54a3a970-60bc-4b50-96df-93624b09f586 a80aff6c40d24322ad9160b386e6296b b53c7c33903a424ca86f9ff5ea694ca5 - - 245026527e4e4aa494af50c21c8ce5e1 245026527e4e4aa494af50c21c8ce5e1] 199.19.213.250 "GET /v2.0/networks/16b60881-3331-4b6b-af34-9bd4ff21e0e6?fields=segments HTTP/1.1" status: 200 len: 212 time: 0.0279880
2026-05-12 17:38:24.831 10 INFO neutron.db.ovn_revision_numbers_db [req-1da782e8-55cd-4f35-a702-ad23f652f68d req-29044457-8fad-4304-8cc8-59675e4eedad 9fbb50cb1dcc425480e3a8d69f6937b2 ae9555427c554f38ad0b2a32404acd6b - - default default] Successfully bumped revision number for resource c0d52d2a-fefc-4ed1-9cbe-18430be1b532 (type: security_group_rules) to 0
2026-05-12 17:38:24.864 10 INFO neutron.api.wsgi [req-1da782e8-55cd-4f35-a702-ad23f652f68d req-29044457-8fad-4304-8cc8-59675e4eedad 9fbb50cb1dcc425480e3a8d69f6937b2 ae9555427c554f38ad0b2a32404acd6b - - default default] 10.0.0.119 "POST /v2.0/security-groups HTTP/1.1" status: 201 len: 1886 time: 0.1880209
2026-05-12 17:38:24.871 9 INFO neutron.api.wsgi [req-11e13974-ab17-4314-a4bf-86b6e0e1cb8c req-1613c202-ee5d-4e64-bc12-0169047fea20 a80aff6c40d24322ad9160b386e6296b b53c7c33903a424ca86f9ff5ea694ca5 - - 245026527e4e4aa494af50c21c8ce5e1 245026527e4e4aa494af50c21c8ce5e1] 199.19.213.250 "GET /v2.0/networks/16b60881-3331-4b6b-af34-9bd4ff21e0e6?fields=provider%3Aphysical_network&fields=provider%3Anetwork_type HTTP/1.1" status: 200 len: 277 time: 0.0388958
2026-05-12 17:38:24.930 9 INFO neutron.notifiers.nova [-] Nova event matching ['req-2384d0b9-0d42-4321-bd05-04f85e70ef12'] response: {'name': 'network-changed', 'server_uuid': '218fdb5b-2ea4-4bc9-b3c6-333bb040d7a2', 'tag': 'f5986106-e26b-435b-a92a-4890f8131f68', 'status': 'completed', 'code': 200}
2026-05-12 17:38:24.940 10 INFO neutron.api.wsgi [req-30aa385f-7eba-4c66-bc56-df2b51fb4bf5 req-8118e165-a414-4ff0-9a2c-78c56b31fd61 9fbb50cb1dcc425480e3a8d69f6937b2 ae9555427c554f38ad0b2a32404acd6b - - default default] 10.0.0.119 "GET /v2.0/security-groups?tenant_id=ae9555427c554f38ad0b2a32404acd6b HTTP/1.1" status: 200 len: 8109 time: 0.0439119
2026-05-12 17:38:24.975 10 INFO neutron.api.wsgi [req-30aa385f-7eba-4c66-bc56-df2b51fb4bf5 req-110e2292-5a5d-47ce-bcaa-b3f519712506 9fbb50cb1dcc425480e3a8d69f6937b2 ae9555427c554f38ad0b2a32404acd6b - - default default] 10.0.0.119 "GET /v2.0/security-groups/4af7f068-1eb3-4693-8752-c72d009e6609 HTTP/1.1" status: 200 len: 3122 time: 0.0287893
2026-05-12 17:38:25.007 10 INFO neutron.api.wsgi [req-30aa385f-7eba-4c66-bc56-df2b51fb4bf5 req-8fb4391e-18c9-4ac2-8a9d-72919cd65a19 9fbb50cb1dcc425480e3a8d69f6937b2 ae9555427c554f38ad0b2a32404acd6b - - default default] 10.0.0.119 "GET /v2.0/security-groups/4af7f068-1eb3-4693-8752-c72d009e6609 HTTP/1.1" status: 200 len: 3122 time: 0.0268900
2026-05-12 17:38:25.050 9 INFO neutron.api.wsgi [req-20f334c1-c34e-4345-af6b-c6f06e23c809 req-28b8d8a3-ebf6-4032-a1ce-45eceb0f4a6d 9fbb50cb1dcc425480e3a8d69f6937b2 ae9555427c554f38ad0b2a32404acd6b - - default default] 10.0.0.119 "GET /v2.0/security-groups/0f5eaf60-377a-4c1d-8317-7aeb6b9aff1e HTTP/1.1" status: 200 len: 1882 time: 0.0215883
2026-05-12 17:38:25.150 10 INFO neutron.api.wsgi [-] 10.0.0.145 "GET / HTTP/1.1" status: 200 len: 247 time: 0.0011287
2026-05-12 17:38:25.151 10 INFO neutron.api.wsgi [-] 10.0.0.145 "GET / HTTP/1.1" status: 200 len: 247 time: 0.0008900
2026-05-12 17:38:25.160 9 INFO neutron.api.wsgi [req-20f334c1-c34e-4345-af6b-c6f06e23c809 req-43a2164d-a673-49fc-a4f0-04dc7463e69a 9fbb50cb1dcc425480e3a8d69f6937b2 ae9555427c554f38ad0b2a32404acd6b - - default default] 10.0.0.119 "DELETE /v2.0/security-groups/0f5eaf60-377a-4c1d-8317-7aeb6b9aff1e HTTP/1.1" status: 204 len: 173 time: 0.1047831
2026-05-12 17:38:25.160 10 INFO neutron.api.wsgi [req-76035c17-eebb-41bc-be5d-4e1c9ac84d10 req-51d41206-010d-4e06-81f9-769e9bbdafd5 520736532032408796322b40f436b8dc 105083a76363470a99c78c3fe6a239fb - - default default] 10.0.0.119 "GET /v2.0/ports?device_id=bafc9fdd-81d5-4091-99ba-d3ccd65ec237 HTTP/1.1" status: 200 len: 1168 time: 0.0719745
2026-05-12 17:38:25.186 9 INFO neutron.api.v2.resource [req-0737f9b6-a836-46e2-b1f5-8e481b8b7845 req-dc0a0582-8816-45e5-84c8-81e66b29d97c 9fbb50cb1dcc425480e3a8d69f6937b2 ae9555427c554f38ad0b2a32404acd6b - - default default] show failed (client error): The resource could not be found.
2026-05-12 17:38:25.188 9 INFO neutron.api.wsgi [req-0737f9b6-a836-46e2-b1f5-8e481b8b7845 req-dc0a0582-8816-45e5-84c8-81e66b29d97c 9fbb50cb1dcc425480e3a8d69f6937b2 ae9555427c554f38ad0b2a32404acd6b - - default default] 10.0.0.119 "GET /v2.0/security-groups/0f5eaf60-377a-4c1d-8317-7aeb6b9aff1e HTTP/1.1" status: 404 len: 352 time: 0.0104246
2026-05-12 17:38:25.204 10 INFO neutron.api.wsgi [req-76035c17-eebb-41bc-be5d-4e1c9ac84d10 req-4bf90d57-ca47-4f5e-97d5-32d1e6ac7a9a 520736532032408796322b40f436b8dc 105083a76363470a99c78c3fe6a239fb - - default default] 10.0.0.119 "GET /v2.0/security-groups?id=0996b43d-1192-4579-bbb3-441bb62e96ea&fields=id&fields=name HTTP/1.1" status: 200 len: 312 time: 0.0382750
2026-05-12 17:38:25.227 9 INFO neutron.api.wsgi [req-673d57c8-7124-486c-83f3-7f544dccd413 req-7094a720-9f76-4c18-b283-4ef350a420c3 9fbb50cb1dcc425480e3a8d69f6937b2 ae9555427c554f38ad0b2a32404acd6b - - default default] 10.0.0.119 "GET /v2.0/security-groups/8deddda4-cf07-4d0a-ae30-805ed8a336ae HTTP/1.1" status: 200 len: 1881 time: 0.0221519
2026-05-12 17:38:25.324 9 INFO neutron.api.wsgi [req-673d57c8-7124-486c-83f3-7f544dccd413 req-564a2898-b984-4476-92ce-f3c708625f9b 9fbb50cb1dcc425480e3a8d69f6937b2 ae9555427c554f38ad0b2a32404acd6b - - default default] 10.0.0.119 "DELETE /v2.0/security-groups/8deddda4-cf07-4d0a-ae30-805ed8a336ae HTTP/1.1" status: 204 len: 173 time: 0.0908129
2026-05-12 17:38:25.354 10 INFO neutron.api.v2.resource [req-3f0e099f-35af-468e-b53b-4794d6495114 req-d9d5dc07-5c0a-48fa-b8be-675c9eb01d8c 9fbb50cb1dcc425480e3a8d69f6937b2 ae9555427c554f38ad0b2a32404acd6b - - default default] show failed (client error): The resource could not be found.
2026-05-12 17:38:25.354 10 INFO neutron.api.wsgi [req-3f0e099f-35af-468e-b53b-4794d6495114 req-d9d5dc07-5c0a-48fa-b8be-675c9eb01d8c 9fbb50cb1dcc425480e3a8d69f6937b2 ae9555427c554f38ad0b2a32404acd6b - - default default] 10.0.0.119 "GET /v2.0/security-groups/8deddda4-cf07-4d0a-ae30-805ed8a336ae HTTP/1.1" status: 404 len: 352 time: 0.0116427
2026-05-12 17:38:25.395 9 INFO neutron.api.wsgi [req-9026d5d2-5a21-42d7-9a77-a0cafd6a3646 req-925a3e11-09ad-49d2-a5e8-71f19f77c0ef 9fbb50cb1dcc425480e3a8d69f6937b2 ae9555427c554f38ad0b2a32404acd6b - - default default] 10.0.0.119 "GET /v2.0/security-groups/cf5ca104-96ef-4f5c-933f-8b4e867f042b HTTP/1.1" status: 200 len: 1881 time: 0.0205834
2026-05-12 17:38:25.472 9 INFO neutron.api.wsgi [req-9070ca92-707a-4dcf-b7e3-ad15b564c505 req-40733afd-0967-4a27-a176-363ffd43a9e2 a80aff6c40d24322ad9160b386e6296b b53c7c33903a424ca86f9ff5ea694ca5 - - 245026527e4e4aa494af50c21c8ce5e1 245026527e4e4aa494af50c21c8ce5e1] 199.19.213.250 "GET /v2.0/ports?tenant_id=825da91212db4bbbabd8310bcf4d7ea7&device_id=218fdb5b-2ea4-4bc9-b3c6-333bb040d7a2 HTTP/1.1" status: 200 len: 1407 time: 0.0317078
2026-05-12 17:38:25.522 9 INFO neutron.api.wsgi [req-9026d5d2-5a21-42d7-9a77-a0cafd6a3646 req-753f781c-c325-43b2-b461-9f0d90728d69 9fbb50cb1dcc425480e3a8d69f6937b2 ae9555427c554f38ad0b2a32404acd6b - - default default] 10.0.0.119 "DELETE /v2.0/security-groups/cf5ca104-96ef-4f5c-933f-8b4e867f042b HTTP/1.1" status: 204 len: 173 time: 0.1216793
2026-05-12 17:38:25.526 9 INFO neutron.api.wsgi [req-9070ca92-707a-4dcf-b7e3-ad15b564c505 req-d43608af-b677-496b-837a-9cfee77076f7 a80aff6c40d24322ad9160b386e6296b b53c7c33903a424ca86f9ff5ea694ca5 - - 245026527e4e4aa494af50c21c8ce5e1 245026527e4e4aa494af50c21c8ce5e1] 199.19.213.250 "GET /v2.0/networks?tenant_id=825da91212db4bbbabd8310bcf4d7ea7&shared=False HTTP/1.1" status: 200 len: 978 time: 0.0483291
2026-05-12 17:38:25.554 10 INFO neutron.api.v2.resource [req-d6211d27-47fc-4f77-a68d-18f405834c95 req-a10c49f3-4ce4-4d39-abd8-44fae1a68aa6 9fbb50cb1dcc425480e3a8d69f6937b2 ae9555427c554f38ad0b2a32404acd6b - - default default] show failed (client error): The resource could not be found.
2026-05-12 17:38:25.556 10 INFO neutron.api.wsgi [req-d6211d27-47fc-4f77-a68d-18f405834c95 req-a10c49f3-4ce4-4d39-abd8-44fae1a68aa6 9fbb50cb1dcc425480e3a8d69f6937b2 ae9555427c554f38ad0b2a32404acd6b - - default default] 10.0.0.119 "GET /v2.0/security-groups/cf5ca104-96ef-4f5c-933f-8b4e867f042b HTTP/1.1" status: 404 len: 352 time: 0.0127726
2026-05-12 17:38:25.574 9 INFO neutron.api.wsgi [req-9070ca92-707a-4dcf-b7e3-ad15b564c505 req-3a9f3b05-9051-47be-b0aa-e57645a60212 a80aff6c40d24322ad9160b386e6296b b53c7c33903a424ca86f9ff5ea694ca5 - - 245026527e4e4aa494af50c21c8ce5e1 245026527e4e4aa494af50c21c8ce5e1] 199.19.213.250 "GET /v2.0/networks?shared=True HTTP/1.1" status: 200 len: 952 time: 0.0400438
2026-05-12 17:38:25.604 9 INFO neutron.api.wsgi [req-abbb7ca5-2d44-4d71-941f-bdce1d6d077a req-735b1ce8-d201-4a8d-a5f1-b7c25ff0f2a8 9fbb50cb1dcc425480e3a8d69f6937b2 ae9555427c554f38ad0b2a32404acd6b - - default default] 10.0.0.119 "GET /v2.0/security-groups?tenant_id=ae9555427c554f38ad0b2a32404acd6b HTTP/1.1" status: 200 len: 3125 time: 0.0297613
2026-05-12 17:38:25.640 9 INFO neutron.api.wsgi [req-abbb7ca5-2d44-4d71-941f-bdce1d6d077a req-c775700b-fc4e-4ec5-bc30-d0fe712152c3 9fbb50cb1dcc425480e3a8d69f6937b2 ae9555427c554f38ad0b2a32404acd6b - - default default] 10.0.0.119 "GET /v2.0/security-groups/4af7f068-1eb3-4693-8752-c72d009e6609 HTTP/1.1" status: 200 len: 3122 time: 0.0299044
2026-05-12 17:38:25.675 9 INFO neutron.api.wsgi [req-abbb7ca5-2d44-4d71-941f-bdce1d6d077a req-1fa843d2-dc46-49eb-94b9-f67f10cefcf8 9fbb50cb1dcc425480e3a8d69f6937b2 ae9555427c554f38ad0b2a32404acd6b - - default default] 10.0.0.119 "GET /v2.0/security-groups/4af7f068-1eb3-4693-8752-c72d009e6609 HTTP/1.1" status: 200 len: 3122 time: 0.0286562
2026-05-12 17:38:25.715 9 INFO neutron.api.v2.resource [req-5b82e9d5-7dc3-4e28-8f94-306d9f2b5fca req-180914f5-603e-4e1a-b104-5e2ad8f27e98 9fbb50cb1dcc425480e3a8d69f6937b2 ae9555427c554f38ad0b2a32404acd6b - - default default] show failed (client error): The resource could not be found.
2026-05-12 17:38:25.716 9 INFO neutron.api.wsgi [req-5b82e9d5-7dc3-4e28-8f94-306d9f2b5fca req-180914f5-603e-4e1a-b104-5e2ad8f27e98 9fbb50cb1dcc425480e3a8d69f6937b2 ae9555427c554f38ad0b2a32404acd6b - - default default] 10.0.0.119 "GET /v2.0/security-groups/cf5ca104-96ef-4f5c-933f-8b4e867f042b HTTP/1.1" status: 404 len: 352 time: 0.0148795
2026-05-12 17:38:25.740 9 INFO neutron.api.v2.resource [req-9af4733a-601b-4a47-8854-711fb6db2f0a req-c90c1009-7f17-4f2f-ad5f-9f6a38e272e8 9fbb50cb1dcc425480e3a8d69f6937b2 ae9555427c554f38ad0b2a32404acd6b - - default default] show failed (client error): The resource could not be found.
2026-05-12 17:38:25.741 9 INFO neutron.api.wsgi [req-9af4733a-601b-4a47-8854-711fb6db2f0a req-c90c1009-7f17-4f2f-ad5f-9f6a38e272e8 9fbb50cb1dcc425480e3a8d69f6937b2 ae9555427c554f38ad0b2a32404acd6b - - default default] 10.0.0.119 "GET /v2.0/security-groups/8deddda4-cf07-4d0a-ae30-805ed8a336ae HTTP/1.1" status: 404 len: 352 time: 0.0132780
2026-05-12 17:38:25.751 10 INFO neutron.api.wsgi [req-41445a24-09e3-471c-b1d2-9edd7db924bb req-a81c0808-26c1-4f97-b21a-4fe64f0977cd 44c73ccc12a9455192c0cc39a789f10f 825da91212db4bbbabd8310bcf4d7ea7 - - default default] 10.0.0.119 "GET /v2.0/ports?device_id=218fdb5b-2ea4-4bc9-b3c6-333bb040d7a2 HTTP/1.1" status: 200 len: 1168 time: 0.0397043
2026-05-12 17:38:25.764 9 INFO neutron.api.v2.resource [req-9852214e-a0f8-42ab-8f75-f2e3a0e5b042 req-d31d5fff-0c19-4020-862c-22b6f174c61c 9fbb50cb1dcc425480e3a8d69f6937b2 ae9555427c554f38ad0b2a32404acd6b - - default default] show failed (client error): The resource could not be found.
