2026-05-12 17:38:11.140 9 INFO neutron.db.ovn_revision_numbers_db [req-95155c90-1a8c-4648-9447-e6c23e8c6330 req-51f805d8-09fa-4698-a323-ba695600a72a 140bab3c9e7c4fbbbaf523e2cd6a761b e87198387d454276a41e8143924aad2b - - default default] Successfully bumped revision number for resource 89c2366e-a9bd-44be-b8be-f4d1fb6e7ca9 (type: security_groups) to 1
2026-05-12 17:38:11.157 9 INFO neutron.db.ovn_revision_numbers_db [req-95155c90-1a8c-4648-9447-e6c23e8c6330 req-51f805d8-09fa-4698-a323-ba695600a72a 140bab3c9e7c4fbbbaf523e2cd6a761b e87198387d454276a41e8143924aad2b - - default default] Successfully bumped revision number for resource 8aab7752-8391-4629-b874-049dc662547b (type: security_group_rules) to 0
2026-05-12 17:38:11.165 10 INFO neutron.db.ovn_revision_numbers_db [None req-9dbc5e89-e987-437f-9ad0-a00cfc97167c 520736532032408796322b40f436b8dc 105083a76363470a99c78c3fe6a239fb - - default default] Successfully bumped revision number for resource 8820560a-8233-449f-962f-37c1ce744d71 (type: security_group_rules) to 0
2026-05-12 17:38:11.172 9 INFO neutron.api.wsgi [None req-06304ff0-c0b8-4233-8af6-49995b52752e 44c73ccc12a9455192c0cc39a789f10f 825da91212db4bbbabd8310bcf4d7ea7 - - default default] 10.0.0.169 "POST /v2.0/security-groups HTTP/1.1" status: 201 len: 1859 time: 0.1930211
2026-05-12 17:38:11.181 9 WARNING neutron_lib.context [None req-87d54c4c-d581-4955-b5de-f20e5fdefe80 44c73ccc12a9455192c0cc39a789f10f 825da91212db4bbbabd8310bcf4d7ea7 - - default default] Method 'is_advsvc' is deprecated since 2023.2 release (neutron-lib 3.8.0) and will be removed once support for the old RBAC API policies will be removed from Neutron. Please use method 'is_service_role' instead.
2026-05-12 17:38:11.182 9 INFO neutron.db.ovn_revision_numbers_db [req-95155c90-1a8c-4648-9447-e6c23e8c6330 req-51f805d8-09fa-4698-a323-ba695600a72a 140bab3c9e7c4fbbbaf523e2cd6a761b e87198387d454276a41e8143924aad2b - - default default] Successfully bumped revision number for resource de87e4b7-f6c4-44f9-aea8-5167eb3ed775 (type: security_group_rules) to 0
2026-05-12 17:38:11.208 10 INFO neutron.api.wsgi [None req-9dbc5e89-e987-437f-9ad0-a00cfc97167c 520736532032408796322b40f436b8dc 105083a76363470a99c78c3fe6a239fb - - default default] 10.0.0.169 "POST /v2.0/security-group-rules HTTP/1.1" status: 201 len: 796 time: 0.3289199
2026-05-12 17:38:11.217 9 WARNING neutron_lib.context [None req-62bd5b07-056c-4ed8-9602-a7f408ebd5de 520736532032408796322b40f436b8dc 105083a76363470a99c78c3fe6a239fb - - default default] Method 'is_advsvc' is deprecated since 2023.2 release (neutron-lib 3.8.0) and will be removed once support for the old RBAC API policies will be removed from Neutron. Please use method 'is_service_role' instead.
2026-05-12 17:38:11.221 9 INFO neutron.api.wsgi [req-95155c90-1a8c-4648-9447-e6c23e8c6330 req-51f805d8-09fa-4698-a323-ba695600a72a 140bab3c9e7c4fbbbaf523e2cd6a761b e87198387d454276a41e8143924aad2b - - default default] 10.0.0.119 "POST /v2.0/security-groups HTTP/1.1" status: 201 len: 1891 time: 0.2246277
2026-05-12 17:38:11.240 10 INFO neutron.plugins.ml2.drivers.ovn.mech_driver.ovsdb.commands [None req-74f3d9c2-cae2-4467-bb17-cba65fdcba46 - - - - - -] Schedule LRP lrp-f9cabda3-890a-4dc8-82e9-cf39f357d011 on gateway bb0913bd-9cb3-4b5a-a2a8-6a2203fefec3 with priority 1
2026-05-12 17:38:11.276 9 INFO neutron.plugins.ml2.drivers.ovn.mech_driver.ovsdb.ovsdb_monitor [None req-78a934f8-f700-4ac6-9025-3b3a8931d4ba - - - - - -] Router aa0a3430-e17c-403a-80ee-18d86fa1f476 is bound to host instance
2026-05-12 17:38:11.289 10 INFO neutron.db.ovn_revision_numbers_db [None req-e3dcb725-6fa0-4dfa-8018-5e3cca69b97c - - - - - -] Successfully bumped revision number for resource 747200a0-ebdf-4199-821c-95ec6fdb33b7 (type: ports) to 2
2026-05-12 17:38:11.292 10 INFO neutron.db.ovn_revision_numbers_db [None req-b6208c39-b722-4bd3-a451-480aeb4afb4e 3acf3b822afb4aa89cd9335cc084e7b6 b556785f03e24099bde7d34a16315435 - - default default] Successfully bumped revision number for resource f9cabda3-890a-4dc8-82e9-cf39f357d011 (type: router_ports) to 1
2026-05-12 17:38:11.366 10 INFO neutron.db.ovn_revision_numbers_db [None req-b6208c39-b722-4bd3-a451-480aeb4afb4e 3acf3b822afb4aa89cd9335cc084e7b6 b556785f03e24099bde7d34a16315435 - - default default] Successfully bumped revision number for resource aa0a3430-e17c-403a-80ee-18d86fa1f476 (type: routers) to 2
2026-05-12 17:38:11.376 9 INFO neutron.db.ovn_revision_numbers_db [None req-87d54c4c-d581-4955-b5de-f20e5fdefe80 44c73ccc12a9455192c0cc39a789f10f 825da91212db4bbbabd8310bcf4d7ea7 - - default default] Successfully bumped revision number for resource c0920baa-c1c0-4f6f-b5bf-93df11551181 (type: security_group_rules) to 0
2026-05-12 17:38:11.383 10 INFO neutron.api.wsgi [None req-b6208c39-b722-4bd3-a451-480aeb4afb4e 3acf3b822afb4aa89cd9335cc084e7b6 b556785f03e24099bde7d34a16315435 - - default default] 10.0.0.169 "POST /v2.0/routers HTTP/1.1" status: 201 len: 1175 time: 1.8729000
2026-05-12 17:38:11.538 9 INFO neutron.api.wsgi [None req-87d54c4c-d581-4955-b5de-f20e5fdefe80 44c73ccc12a9455192c0cc39a789f10f 825da91212db4bbbabd8310bcf4d7ea7 - - default default] 10.0.0.169 "POST /v2.0/security-group-rules HTTP/1.1" status: 201 len: 796 time: 0.3616741
2026-05-12 17:38:11.540 9 INFO neutron.db.ovn_revision_numbers_db [None req-62bd5b07-056c-4ed8-9602-a7f408ebd5de 520736532032408796322b40f436b8dc 105083a76363470a99c78c3fe6a239fb - - default default] Successfully bumped revision number for resource 0cff35df-04ea-4f2b-acda-d397b59a031b (type: security_group_rules) to 0
2026-05-12 17:38:11.550 10 WARNING neutron_lib.context [None req-a6704812-ee8f-4b96-81ed-4f65d9713551 44c73ccc12a9455192c0cc39a789f10f 825da91212db4bbbabd8310bcf4d7ea7 - - default default] Method 'is_advsvc' is deprecated since 2023.2 release (neutron-lib 3.8.0) and will be removed once support for the old RBAC API policies will be removed from Neutron. Please use method 'is_service_role' instead.
2026-05-12 17:38:11.583 9 INFO neutron.api.wsgi [None req-62bd5b07-056c-4ed8-9602-a7f408ebd5de 520736532032408796322b40f436b8dc 105083a76363470a99c78c3fe6a239fb - - default default] 10.0.0.169 "POST /v2.0/security-group-rules HTTP/1.1" status: 201 len: 801 time: 0.3692694
2026-05-12 17:38:11.595 9 WARNING neutron_lib.context [None req-5ff743da-2146-4b71-acd9-17b3111d720f 520736532032408796322b40f436b8dc 105083a76363470a99c78c3fe6a239fb - - default default] Method 'is_advsvc' is deprecated since 2023.2 release (neutron-lib 3.8.0) and will be removed once support for the old RBAC API policies will be removed from Neutron. Please use method 'is_service_role' instead.
2026-05-12 17:38:11.642 10 INFO neutron.api.wsgi [req-583e7de3-ad4c-44c4-a92a-8729c00ecce1 req-b94a8526-3af7-4de8-94d1-82aa7b8571b6 140bab3c9e7c4fbbbaf523e2cd6a761b e87198387d454276a41e8143924aad2b - - default default] 10.0.0.119 "GET /v2.0/security-groups/89c2366e-a9bd-44be-b8be-f4d1fb6e7ca9 HTTP/1.1" status: 200 len: 1886 time: 0.0631456
2026-05-12 17:38:11.656 10 WARNING neutron_lib.context [req-583e7de3-ad4c-44c4-a92a-8729c00ecce1 req-3c450ed7-023d-4006-8fc4-de004b9a06e6 140bab3c9e7c4fbbbaf523e2cd6a761b e87198387d454276a41e8143924aad2b - - default default] Method 'is_advsvc' is deprecated since 2023.2 release (neutron-lib 3.8.0) and will be removed once support for the old RBAC API policies will be removed from Neutron. Please use method 'is_service_role' instead.
2026-05-12 17:38:11.688 10 INFO neutron.db.ovn_revision_numbers_db [None req-a6704812-ee8f-4b96-81ed-4f65d9713551 44c73ccc12a9455192c0cc39a789f10f 825da91212db4bbbabd8310bcf4d7ea7 - - default default] Successfully bumped revision number for resource 398fc14f-d515-4263-af61-300f4e877756 (type: security_group_rules) to 0
2026-05-12 17:38:11.727 10 INFO neutron.api.wsgi [None req-a6704812-ee8f-4b96-81ed-4f65d9713551 44c73ccc12a9455192c0cc39a789f10f 825da91212db4bbbabd8310bcf4d7ea7 - - default default] 10.0.0.169 "POST /v2.0/security-group-rules HTTP/1.1" status: 201 len: 801 time: 0.1829612
2026-05-12 17:38:11.736 10 WARNING neutron_lib.context [None req-122cbec0-3cb7-44e8-8543-dd29d29e012b 44c73ccc12a9455192c0cc39a789f10f 825da91212db4bbbabd8310bcf4d7ea7 - - default default] Method 'is_advsvc' is deprecated since 2023.2 release (neutron-lib 3.8.0) and will be removed once support for the old RBAC API policies will be removed from Neutron. Please use method 'is_service_role' instead.
2026-05-12 17:38:11.781 10 INFO neutron.db.ovn_revision_numbers_db [req-583e7de3-ad4c-44c4-a92a-8729c00ecce1 req-3c450ed7-023d-4006-8fc4-de004b9a06e6 140bab3c9e7c4fbbbaf523e2cd6a761b e87198387d454276a41e8143924aad2b - - default default] Successfully bumped revision number for resource d4af6849-13fe-4595-b48c-c0f645d0069c (type: security_group_rules) to 0
2026-05-12 17:38:11.813 10 INFO neutron.api.wsgi [req-583e7de3-ad4c-44c4-a92a-8729c00ecce1 req-3c450ed7-023d-4006-8fc4-de004b9a06e6 140bab3c9e7c4fbbbaf523e2cd6a761b e87198387d454276a41e8143924aad2b - - default default] 10.0.0.119 "POST /v2.0/security-group-rules HTTP/1.1" status: 201 len: 818 time: 0.1624691
2026-05-12 17:38:11.857 9 WARNING neutron_lib.context [req-795d672c-205e-492b-8138-b9c9d9d11b31 req-d73edc55-b31a-4d89-a9b8-3de7c3bdd781 140bab3c9e7c4fbbbaf523e2cd6a761b e87198387d454276a41e8143924aad2b - - default default] Method 'is_advsvc' is deprecated since 2023.2 release (neutron-lib 3.8.0) and will be removed once support for the old RBAC API policies will be removed from Neutron. Please use method 'is_service_role' instead.
2026-05-12 17:38:11.954 9 WARNING neutron.scheduler.dhcp_agent_scheduler [None req-5ff743da-2146-4b71-acd9-17b3111d720f 520736532032408796322b40f436b8dc 105083a76363470a99c78c3fe6a239fb - - default default] No more DHCP agents
2026-05-12 17:38:11.967 9 WARNING neutron.api.rpc.agentnotifiers.dhcp_rpc_agent_api [None req-5ff743da-2146-4b71-acd9-17b3111d720f 520736532032408796322b40f436b8dc 105083a76363470a99c78c3fe6a239fb - - default default] Unable to schedule network 656895dc-1916-4840-a405-dc6ef476c484: no agents available; will retry on subsequent port and subnet creation events.
2026-05-12 17:38:12.027 9 INFO neutron.db.ovn_revision_numbers_db [None req-8a6cbc0b-1363-467d-9061-1bf594aeb523 - - - - - -] Successfully bumped revision number for resource f9cabda3-890a-4dc8-82e9-cf39f357d011 (type: ports) to 1
2026-05-12 17:38:12.097 9 INFO neutron.db.ovn_revision_numbers_db [req-795d672c-205e-492b-8138-b9c9d9d11b31 req-d73edc55-b31a-4d89-a9b8-3de7c3bdd781 140bab3c9e7c4fbbbaf523e2cd6a761b e87198387d454276a41e8143924aad2b - - default default] Successfully bumped revision number for resource e20185d2-d310-43bf-9625-063773707749 (type: security_groups) to 1
2026-05-12 17:38:12.126 9 INFO neutron.db.ovn_revision_numbers_db [req-795d672c-205e-492b-8138-b9c9d9d11b31 req-d73edc55-b31a-4d89-a9b8-3de7c3bdd781 140bab3c9e7c4fbbbaf523e2cd6a761b e87198387d454276a41e8143924aad2b - - default default] Successfully bumped revision number for resource 48e6cb78-5a34-4f6f-8c2c-cfe1b9d90ea1 (type: security_group_rules) to 0
2026-05-12 17:38:12.144 9 INFO neutron.db.ovn_revision_numbers_db [req-795d672c-205e-492b-8138-b9c9d9d11b31 req-d73edc55-b31a-4d89-a9b8-3de7c3bdd781 140bab3c9e7c4fbbbaf523e2cd6a761b e87198387d454276a41e8143924aad2b - - default default] Successfully bumped revision number for resource 6ba447cf-7269-4c08-ad73-205295c2eb95 (type: security_group_rules) to 0
2026-05-12 17:38:12.155 9 WARNING neutron.scheduler.dhcp_agent_scheduler [None req-ba279191-ec42-406e-b057-cea96d2c38ec 3acf3b822afb4aa89cd9335cc084e7b6 b556785f03e24099bde7d34a16315435 - - default default] No more DHCP agents
2026-05-12 17:38:12.158 9 WARNING neutron.api.rpc.agentnotifiers.dhcp_rpc_agent_api [None req-ba279191-ec42-406e-b057-cea96d2c38ec 3acf3b822afb4aa89cd9335cc084e7b6 b556785f03e24099bde7d34a16315435 - - default default] Unable to schedule network 16b60881-3331-4b6b-af34-9bd4ff21e0e6: no agents available; will retry on subsequent port and subnet creation events.
2026-05-12 17:38:12.206 9 INFO neutron.api.wsgi [req-795d672c-205e-492b-8138-b9c9d9d11b31 req-d73edc55-b31a-4d89-a9b8-3de7c3bdd781 140bab3c9e7c4fbbbaf523e2cd6a761b e87198387d454276a41e8143924aad2b - - default default] 10.0.0.119 "POST /v2.0/security-groups HTTP/1.1" status: 201 len: 1890 time: 0.3570988
2026-05-12 17:38:12.257 10 INFO neutron.api.wsgi [req-d4b3f00e-ac9d-41a8-aeda-73dfc18973a9 req-0370dc6c-9940-482f-b913-acdb1c9d46dc 140bab3c9e7c4fbbbaf523e2cd6a761b e87198387d454276a41e8143924aad2b - - default default] 10.0.0.119 "GET /v2.0/security-groups/e20185d2-d310-43bf-9625-063773707749 HTTP/1.1" status: 200 len: 1885 time: 0.0281184
2026-05-12 17:38:12.269 10 WARNING neutron_lib.context [req-d4b3f00e-ac9d-41a8-aeda-73dfc18973a9 req-33d2f91e-5300-4077-a8be-dadc3aa6d04c 140bab3c9e7c4fbbbaf523e2cd6a761b e87198387d454276a41e8143924aad2b - - default default] Method 'is_advsvc' is deprecated since 2023.2 release (neutron-lib 3.8.0) and will be removed once support for the old RBAC API policies will be removed from Neutron. Please use method 'is_service_role' instead.
2026-05-12 17:38:12.326 9 INFO neutron.db.ovn_revision_numbers_db [None req-ba279191-ec42-406e-b057-cea96d2c38ec 3acf3b822afb4aa89cd9335cc084e7b6 b556785f03e24099bde7d34a16315435 - - default default] Successfully bumped revision number for resource 108f2a0f-2566-412d-be68-ff614b4faec5 (type: ports) to 1
2026-05-12 17:38:12.393 10 INFO neutron.db.ovn_revision_numbers_db [req-d4b3f00e-ac9d-41a8-aeda-73dfc18973a9 req-33d2f91e-5300-4077-a8be-dadc3aa6d04c 140bab3c9e7c4fbbbaf523e2cd6a761b e87198387d454276a41e8143924aad2b - - default default] Successfully bumped revision number for resource 1596537c-4f7f-4c08-8464-f564442f44c9 (type: security_group_rules) to 0
2026-05-12 17:38:12.393 9 INFO neutron.api.wsgi [None req-5ff743da-2146-4b71-acd9-17b3111d720f 520736532032408796322b40f436b8dc 105083a76363470a99c78c3fe6a239fb - - default default] 10.0.0.169 "POST /v2.0/floatingips HTTP/1.1" status: 201 len: 751 time: 0.8070731
2026-05-12 17:38:12.430 10 INFO neutron.api.wsgi [req-d4b3f00e-ac9d-41a8-aeda-73dfc18973a9 req-33d2f91e-5300-4077-a8be-dadc3aa6d04c 140bab3c9e7c4fbbbaf523e2cd6a761b e87198387d454276a41e8143924aad2b - - default default] 10.0.0.119 "POST /v2.0/security-group-rules HTTP/1.1" status: 201 len: 818 time: 0.1672261
2026-05-12 17:38:12.494 9 INFO neutron.api.wsgi [req-db13a2ee-e16f-429a-af12-7e7034f4588c req-036bc5c7-4274-40b5-a48b-180e0e9048c9 140bab3c9e7c4fbbbaf523e2cd6a761b e87198387d454276a41e8143924aad2b - - default default] 10.0.0.119 "GET /v2.0/security-groups/e20185d2-d310-43bf-9625-063773707749 HTTP/1.1" status: 200 len: 2510 time: 0.0384076
2026-05-12 17:38:12.520 9 INFO neutron.db.ovn_revision_numbers_db [None req-8a6cbc0b-1363-467d-9061-1bf594aeb523 - - - - - -] Successfully bumped revision number for resource f9cabda3-890a-4dc8-82e9-cf39f357d011 (type: ports) to 4
2026-05-12 17:38:12.530 9 WARNING neutron_lib.context [req-db13a2ee-e16f-429a-af12-7e7034f4588c req-acb875b1-ad27-4903-ae4f-9ecbe9e76924 140bab3c9e7c4fbbbaf523e2cd6a761b e87198387d454276a41e8143924aad2b - - default default] Method 'is_advsvc' is deprecated since 2023.2 release (neutron-lib 3.8.0) and will be removed once support for the old RBAC API policies will be removed from Neutron. Please use method 'is_service_role' instead.
2026-05-12 17:38:12.530 10 WARNING neutron.scheduler.dhcp_agent_scheduler [None req-122cbec0-3cb7-44e8-8543-dd29d29e012b 44c73ccc12a9455192c0cc39a789f10f 825da91212db4bbbabd8310bcf4d7ea7 - - default default] No more DHCP agents
2026-05-12 17:38:12.531 10 WARNING neutron.api.rpc.agentnotifiers.dhcp_rpc_agent_api [None req-122cbec0-3cb7-44e8-8543-dd29d29e012b 44c73ccc12a9455192c0cc39a789f10f 825da91212db4bbbabd8310bcf4d7ea7 - - default default] Unable to schedule network 656895dc-1916-4840-a405-dc6ef476c484: no agents available; will retry on subsequent port and subnet creation events.
2026-05-12 17:38:12.736 9 INFO neutron.db.ovn_revision_numbers_db [req-db13a2ee-e16f-429a-af12-7e7034f4588c req-acb875b1-ad27-4903-ae4f-9ecbe9e76924 140bab3c9e7c4fbbbaf523e2cd6a761b e87198387d454276a41e8143924aad2b - - default default] Successfully bumped revision number for resource 7d4ddf58-9f02-49b2-8f73-79d8c7183f9d (type: security_group_rules) to 0
2026-05-12 17:38:12.775 9 INFO neutron.api.wsgi [req-db13a2ee-e16f-429a-af12-7e7034f4588c req-acb875b1-ad27-4903-ae4f-9ecbe9e76924 140bab3c9e7c4fbbbaf523e2cd6a761b e87198387d454276a41e8143924aad2b - - default default] 10.0.0.119 "POST /v2.0/security-group-rules HTTP/1.1" status: 201 len: 823 time: 0.2766013
2026-05-12 17:38:12.783 10 INFO neutron.api.wsgi [None req-122cbec0-3cb7-44e8-8543-dd29d29e012b 44c73ccc12a9455192c0cc39a789f10f 825da91212db4bbbabd8310bcf4d7ea7 - - default default] 10.0.0.169 "POST /v2.0/floatingips HTTP/1.1" status: 201 len: 751 time: 1.0519102
2026-05-12 17:38:12.826 9 INFO neutron.api.wsgi [req-e3ea4924-4458-4094-aa52-630d0568ffe2 req-ce7d1758-9be5-4a66-b88b-9a492e949c55 140bab3c9e7c4fbbbaf523e2cd6a761b e87198387d454276a41e8143924aad2b - - default default] 10.0.0.119 "GET /v2.0/security-groups/e20185d2-d310-43bf-9625-063773707749 HTTP/1.1" status: 200 len: 3140 time: 0.0291312
2026-05-12 17:38:12.827 10 INFO neutron.api.wsgi [req-bbd5c6cb-1fc1-4616-89ab-b4285cd19909 req-827c985b-8475-4d04-b203-79c3efec765c 520736532032408796322b40f436b8dc 105083a76363470a99c78c3fe6a239fb - - default default] 10.0.0.119 "GET /v2.0/security-groups?name=tempest-securitygroup--799074289&fields=id&tenant_id=105083a76363470a99c78c3fe6a239fb HTTP/1.1" status: 200 len: 267 time: 0.0384593
2026-05-12 17:38:12.869 10 INFO neutron.api.wsgi [req-bbd5c6cb-1fc1-4616-89ab-b4285cd19909 req-682a2975-3f50-4715-9f9c-702e03ac596d 520736532032408796322b40f436b8dc 105083a76363470a99c78c3fe6a239fb - - default default] 10.0.0.119 "GET /v2.0/networks?id=be27f8d9-af31-4c38-a856-5e7b75080648 HTTP/1.1" status: 200 len: 874 time: 0.0359869
2026-05-12 17:38:12.879 9 INFO neutron.api.wsgi [req-27393021-75cd-4be7-8e45-76a6de870198 req-e24ea1ba-f8fb-4e9c-9fb7-f237d5e06556 140bab3c9e7c4fbbbaf523e2cd6a761b e87198387d454276a41e8143924aad2b - - default default] 10.0.0.119 "GET /v2.0/security-group-rules/7d4ddf58-9f02-49b2-8f73-79d8c7183f9d HTTP/1.1" status: 200 len: 815 time: 0.0257566
2026-05-12 17:38:12.884 10 INFO neutron.api.wsgi [req-bbd5c6cb-1fc1-4616-89ab-b4285cd19909 req-d31dd93c-6937-499d-b817-f0c819bbcbb4 520736532032408796322b40f436b8dc 105083a76363470a99c78c3fe6a239fb - - default default] 10.0.0.119 "GET /v2.0/quotas/105083a76363470a99c78c3fe6a239fb HTTP/1.1" status: 200 len: 491 time: 0.0085766
2026-05-12 17:38:12.922 9 INFO neutron.api.wsgi [req-27393021-75cd-4be7-8e45-76a6de870198 req-f076a674-cec7-4d61-b8a5-08f3427ab967 140bab3c9e7c4fbbbaf523e2cd6a761b e87198387d454276a41e8143924aad2b - - default default] 10.0.0.119 "GET /v2.0/security-groups/e20185d2-d310-43bf-9625-063773707749 HTTP/1.1" status: 200 len: 3140 time: 0.0358164
2026-05-12 17:38:12.966 9 INFO neutron.db.ovn_revision_numbers_db [None req-8a6cbc0b-1363-467d-9061-1bf594aeb523 - - - - - -] Successfully bumped revision number for resource f9cabda3-890a-4dc8-82e9-cf39f357d011 (type: ports) to 5
2026-05-12 17:38:12.973 10 INFO neutron.api.wsgi [req-bbd5c6cb-1fc1-4616-89ab-b4285cd19909 req-e83a5e8a-2a83-4bbb-b36f-c031c3d93062 520736532032408796322b40f436b8dc 105083a76363470a99c78c3fe6a239fb - - default default] 10.0.0.119 "GET /v2.0/ports?tenant_id=105083a76363470a99c78c3fe6a239fb&fields=id HTTP/1.1" status: 200 len: 302 time: 0.0848529
2026-05-12 17:38:13.072 9 INFO neutron.db.ovn_revision_numbers_db [None req-ba279191-ec42-406e-b057-cea96d2c38ec 3acf3b822afb4aa89cd9335cc084e7b6 b556785f03e24099bde7d34a16315435 - - default default] Successfully bumped revision number for resource 108f2a0f-2566-412d-be68-ff614b4faec5 (type: ports) to 1
2026-05-12 17:38:13.101 9 INFO neutron.api.wsgi [req-27393021-75cd-4be7-8e45-76a6de870198 req-2544be5b-36d6-41a1-840d-4a96e121bb1c 140bab3c9e7c4fbbbaf523e2cd6a761b e87198387d454276a41e8143924aad2b - - default default] 10.0.0.119 "DELETE /v2.0/security-group-rules/7d4ddf58-9f02-49b2-8f73-79d8c7183f9d HTTP/1.1" status: 204 len: 173 time: 0.1727519
2026-05-12 17:38:13.129 9 WARNING neutron.scheduler.dhcp_agent_scheduler [None req-ba279191-ec42-406e-b057-cea96d2c38ec 3acf3b822afb4aa89cd9335cc084e7b6 b556785f03e24099bde7d34a16315435 - - default default] No more DHCP agents
2026-05-12 17:38:13.134 9 WARNING neutron.api.rpc.agentnotifiers.dhcp_rpc_agent_api [None req-ba279191-ec42-406e-b057-cea96d2c38ec 3acf3b822afb4aa89cd9335cc084e7b6 b556785f03e24099bde7d34a16315435 - - default default] Unable to schedule network 16b60881-3331-4b6b-af34-9bd4ff21e0e6: no agents available; will retry on subsequent port and subnet creation events.
2026-05-12 17:38:13.258 9 INFO neutron.api.wsgi [req-5ae3b696-a450-40fe-9e0b-01fdd6b47794 req-c2c6d811-1176-4350-8df4-b0be8480a083 140bab3c9e7c4fbbbaf523e2cd6a761b e87198387d454276a41e8143924aad2b - - default default] 10.0.0.119 "GET /v2.0/security-groups/e20185d2-d310-43bf-9625-063773707749 HTTP/1.1" status: 200 len: 2510 time: 0.1383326
2026-05-12 17:38:13.338 10 INFO neutron.api.wsgi [req-bbd5c6cb-1fc1-4616-89ab-b4285cd19909 req-e100bef6-26ef-4cb0-815d-0e2ddbf7fe6c a80aff6c40d24322ad9160b386e6296b b53c7c33903a424ca86f9ff5ea694ca5 - - 245026527e4e4aa494af50c21c8ce5e1 245026527e4e4aa494af50c21c8ce5e1] 10.0.0.119 "GET /v2.0/extensions HTTP/1.1" status: 200 len: 19298 time: 0.0342834
2026-05-12 17:38:13.379 10 INFO neutron.api.wsgi [req-bbd5c6cb-1fc1-4616-89ab-b4285cd19909 req-b4ab302d-fb3a-47dc-9891-fee7db2789e9 a80aff6c40d24322ad9160b386e6296b b53c7c33903a424ca86f9ff5ea694ca5 - - 245026527e4e4aa494af50c21c8ce5e1 245026527e4e4aa494af50c21c8ce5e1] 10.0.0.119 "GET /v2.0/networks/be27f8d9-af31-4c38-a856-5e7b75080648?fields=segments HTTP/1.1" status: 200 len: 212 time: 0.0346808
2026-05-12 17:38:13.391 9 INFO neutron.api.wsgi [req-5ae3b696-a450-40fe-9e0b-01fdd6b47794 req-86bcef98-9a39-48a0-8174-cd8d70f5920c 140bab3c9e7c4fbbbaf523e2cd6a761b e87198387d454276a41e8143924aad2b - - default default] 10.0.0.119 "DELETE /v2.0/security-groups/e20185d2-d310-43bf-9625-063773707749 HTTP/1.1" status: 204 len: 173 time: 0.1232357
2026-05-12 17:38:13.416 10 INFO neutron.api.wsgi [req-bbd5c6cb-1fc1-4616-89ab-b4285cd19909 req-290ce5a7-4200-4c60-806d-f0ffd2c90824 a80aff6c40d24322ad9160b386e6296b b53c7c33903a424ca86f9ff5ea694ca5 - - 245026527e4e4aa494af50c21c8ce5e1 245026527e4e4aa494af50c21c8ce5e1] 10.0.0.119 "GET /v2.0/networks/be27f8d9-af31-4c38-a856-5e7b75080648?fields=provider%3Aphysical_network&fields=provider%3Anetwork_type HTTP/1.1" status: 200 len: 277 time: 0.0263910
2026-05-12 17:38:13.432 9 INFO neutron.api.wsgi [req-d76a465e-14b3-4fe0-8b2c-09a8bf887bd6 req-85922ecc-2c87-41f5-a3ce-ffed625adfd3 140bab3c9e7c4fbbbaf523e2cd6a761b e87198387d454276a41e8143924aad2b - - default default] 10.0.0.119 "GET /v2.0/security-groups/89c2366e-a9bd-44be-b8be-f4d1fb6e7ca9 HTTP/1.1" status: 200 len: 2511 time: 0.0259979
2026-05-12 17:38:13.566 9 INFO neutron.api.wsgi [req-d76a465e-14b3-4fe0-8b2c-09a8bf887bd6 req-3e90cab8-ad07-4b0f-a66c-9bbefb960aea 140bab3c9e7c4fbbbaf523e2cd6a761b e87198387d454276a41e8143924aad2b - - default default] 10.0.0.119 "DELETE /v2.0/security-groups/89c2366e-a9bd-44be-b8be-f4d1fb6e7ca9 HTTP/1.1" status: 204 len: 173 time: 0.1294096
2026-05-12 17:38:13.593 10 INFO neutron.api.wsgi [req-950028a6-9243-4e20-974b-ff94d9e8a4ae req-1d604167-320a-4b34-9435-0e46c1ecf520 520736532032408796322b40f436b8dc 105083a76363470a99c78c3fe6a239fb - - default default] 10.0.0.119 "GET /v2.0/ports?device_id=bafc9fdd-81d5-4091-99ba-d3ccd65ec237 HTTP/1.1" status: 200 len: 210 time: 0.0350666
2026-05-12 17:38:14.113 9 INFO neutron.db.ovn_revision_numbers_db [None req-ba279191-ec42-406e-b057-cea96d2c38ec 3acf3b822afb4aa89cd9335cc084e7b6 b556785f03e24099bde7d34a16315435 - - default default] Successfully bumped revision number for resource 108f2a0f-2566-412d-be68-ff614b4faec5 (type: router_ports) to 1
2026-05-12 17:38:14.117 9 INFO neutron.api.wsgi [None req-ba279191-ec42-406e-b057-cea96d2c38ec 3acf3b822afb4aa89cd9335cc084e7b6 b556785f03e24099bde7d34a16315435 - - default default] 10.0.0.169 "PUT /v2.0/routers/aa0a3430-e17c-403a-80ee-18d86fa1f476/add_router_interface HTTP/1.1" status: 200 len: 503 time: 2.7261870
2026-05-12 17:38:14.665 10 WARNING neutron_lib.context [None req-58d0dd19-d6cb-42ca-91fe-423120a0b3ce 1e1def05ee3d45cc8381a1e2772212e0 0e577fdbcbb1412eb7e1170e2d4dcaba - - default default] Method 'is_advsvc' is deprecated since 2023.2 release (neutron-lib 3.8.0) and will be removed once support for the old RBAC API policies will be removed from Neutron. Please use method 'is_service_role' instead.
2026-05-12 17:38:14.740 9 INFO neutron.api.wsgi [req-2fcd449f-39ba-43ee-a859-04bdd9e7483c req-f132ac1a-975e-4f02-ae81-77a2dee72e72 520736532032408796322b40f436b8dc 105083a76363470a99c78c3fe6a239fb - - default default] 10.0.0.119 "GET /v2.0/ports?device_id=bafc9fdd-81d5-4091-99ba-d3ccd65ec237 HTTP/1.1" status: 200 len: 210 time: 0.0323508
2026-05-12 17:38:14.788 10 INFO neutron.db.ovn_revision_numbers_db [None req-58d0dd19-d6cb-42ca-91fe-423120a0b3ce 1e1def05ee3d45cc8381a1e2772212e0 0e577fdbcbb1412eb7e1170e2d4dcaba - - default default] Successfully bumped revision number for resource ae94d055-46ca-4f92-984d-0b1ae35381db (type: security_groups) to 1
2026-05-12 17:38:14.806 10 INFO neutron.db.ovn_revision_numbers_db [None req-58d0dd19-d6cb-42ca-91fe-423120a0b3ce 1e1def05ee3d45cc8381a1e2772212e0 0e577fdbcbb1412eb7e1170e2d4dcaba - - default default] Successfully bumped revision number for resource adbedcd9-37b0-4d69-ba31-62cd56f68fc6 (type: security_group_rules) to 0
2026-05-12 17:38:14.816 10 INFO neutron.db.ovn_revision_numbers_db [None req-58d0dd19-d6cb-42ca-91fe-423120a0b3ce 1e1def05ee3d45cc8381a1e2772212e0 0e577fdbcbb1412eb7e1170e2d4dcaba - - default default] Successfully bumped revision number for resource f2e48e59-7e4f-42d5-920b-53ae388b4cab (type: security_group_rules) to 0
2026-05-12 17:38:14.847 10 INFO neutron.api.wsgi [None req-58d0dd19-d6cb-42ca-91fe-423120a0b3ce 1e1def05ee3d45cc8381a1e2772212e0 0e577fdbcbb1412eb7e1170e2d4dcaba - - default default] 10.0.0.169 "POST /v2.0/security-groups HTTP/1.1" status: 201 len: 1860 time: 0.1980879
2026-05-12 17:38:14.856 10 WARNING neutron_lib.context [None req-7ed70d25-04ab-4cbd-a242-4b407dbb0f16 1e1def05ee3d45cc8381a1e2772212e0 0e577fdbcbb1412eb7e1170e2d4dcaba - - default default] Method 'is_advsvc' is deprecated since 2023.2 release (neutron-lib 3.8.0) and will be removed once support for the old RBAC API policies will be removed from Neutron. Please use method 'is_service_role' instead.
2026-05-12 17:38:14.971 10 INFO neutron.db.ovn_revision_numbers_db [None req-7ed70d25-04ab-4cbd-a242-4b407dbb0f16 1e1def05ee3d45cc8381a1e2772212e0 0e577fdbcbb1412eb7e1170e2d4dcaba - - default default] Successfully bumped revision number for resource 1157c729-4051-4db8-a04f-9af80557c97c (type: security_group_rules) to 0
2026-05-12 17:38:15.017 10 INFO neutron.api.wsgi [None req-7ed70d25-04ab-4cbd-a242-4b407dbb0f16 1e1def05ee3d45cc8381a1e2772212e0 0e577fdbcbb1412eb7e1170e2d4dcaba - - default default] 10.0.0.169 "POST /v2.0/security-group-rules HTTP/1.1" status: 201 len: 796 time: 0.1646273
2026-05-12 17:38:15.024 9 WARNING neutron_lib.context [None req-6ec9e8cc-e416-4372-a9d6-9a14bb2597b8 1e1def05ee3d45cc8381a1e2772212e0 0e577fdbcbb1412eb7e1170e2d4dcaba - - default default] Method 'is_advsvc' is deprecated since 2023.2 release (neutron-lib 3.8.0) and will be removed once support for the old RBAC API policies will be removed from Neutron. Please use method 'is_service_role' instead.
2026-05-12 17:38:15.118 9 INFO neutron.api.wsgi [None req-73d1bb42-2e6e-4b73-a40d-b87ac369d465 3acf3b822afb4aa89cd9335cc084e7b6 b556785f03e24099bde7d34a16315435 - - default default] 10.0.0.169 "PUT /v2.0/routers/386bc965-7f62-4b9f-8605-1be58591d238/remove_router_interface HTTP/1.1" status: 200 len: 503 time: 1.5428233
2026-05-12 17:38:15.191 9 INFO neutron.db.ovn_revision_numbers_db [None req-6ec9e8cc-e416-4372-a9d6-9a14bb2597b8 1e1def05ee3d45cc8381a1e2772212e0 0e577fdbcbb1412eb7e1170e2d4dcaba - - default default] Successfully bumped revision number for resource 1f43365e-e3c3-4225-ac79-d33aeb9c30d3 (type: security_group_rules) to 0
2026-05-12 17:38:15.226 9 INFO neutron.api.wsgi [None req-6ec9e8cc-e416-4372-a9d6-9a14bb2597b8 1e1def05ee3d45cc8381a1e2772212e0 0e577fdbcbb1412eb7e1170e2d4dcaba - - default default] 10.0.0.169 "POST /v2.0/security-group-rules HTTP/1.1" status: 201 len: 801 time: 0.2051075 /var/lib/openstack/lib/python3.12/site-packages/pycadf/identifier.py:71: UserWarning: Invalid uuid: neutron. To ensure interoperability, identifiers should be a valid uuid. warnings.warn(('Invalid uuid: %s. To ensure interoperability, '
2026-05-12 17:38:15.237 9 WARNING neutron_lib.context [None req-1ddc7e95-a0b8-4163-a581-9bc9d2040210 1e1def05ee3d45cc8381a1e2772212e0 0e577fdbcbb1412eb7e1170e2d4dcaba - - default default] Method 'is_advsvc' is deprecated since 2023.2 release (neutron-lib 3.8.0) and will be removed once support for the old RBAC API policies will be removed from Neutron. Please use method 'is_service_role' instead.
2026-05-12 17:38:15.419 9 WARNING neutron.scheduler.dhcp_agent_scheduler [None req-1ddc7e95-a0b8-4163-a581-9bc9d2040210 1e1def05ee3d45cc8381a1e2772212e0 0e577fdbcbb1412eb7e1170e2d4dcaba - - default default] No more DHCP agents
2026-05-12 17:38:15.420 9 WARNING neutron.api.rpc.agentnotifiers.dhcp_rpc_agent_api [None req-1ddc7e95-a0b8-4163-a581-9bc9d2040210 1e1def05ee3d45cc8381a1e2772212e0 0e577fdbcbb1412eb7e1170e2d4dcaba - - default default] Unable to schedule network 656895dc-1916-4840-a405-dc6ef476c484: no agents available; will retry on subsequent port and subnet creation events.
2026-05-12 17:38:15.635 9 INFO neutron.api.wsgi [None req-1ddc7e95-a0b8-4163-a581-9bc9d2040210 1e1def05ee3d45cc8381a1e2772212e0 0e577fdbcbb1412eb7e1170e2d4dcaba - - default default] 10.0.0.169 "POST /v2.0/floatingips HTTP/1.1" status: 201 len: 751 time: 0.4040620
2026-05-12 17:38:15.768 10 INFO neutron.api.wsgi [None req-71815cf1-5b24-444d-840a-e0f0d6397b31 3acf3b822afb4aa89cd9335cc084e7b6 b556785f03e24099bde7d34a16315435 - - default default] 10.0.0.169 "DELETE /v2.0/routers/386bc965-7f62-4b9f-8605-1be58591d238 HTTP/1.1" status: 204 len: 168 time: 0.6448302
2026-05-12 17:38:15.920 9 WARNING neutron.plugins.ml2.drivers.ovn.mech_driver.ovsdb.ovn_client [None req-12928a7a-6902-4a97-abb9-0ff8c07622a7 - - - - - -] No hosting information found for port 20b82f1f-1ee6-4db4-ad28-6a51cfad9432: RuntimeError: No hosting information found for port 20b82f1f-1ee6-4db4-ad28-6a51cfad9432
2026-05-12 17:38:15.996 9 INFO neutron.db.ovn_revision_numbers_db [None req-12928a7a-6902-4a97-abb9-0ff8c07622a7 - - - - - -] Successfully bumped revision number for resource 20b82f1f-1ee6-4db4-ad28-6a51cfad9432 (type: router_ports) to 2
2026-05-12 17:38:16.003 10 INFO neutron.api.wsgi [req-47242956-f460-4741-96a2-5ca8580b8581 req-fa6dcd49-0836-48a4-8b6c-3db6c9f70b46 520736532032408796322b40f436b8dc 105083a76363470a99c78c3fe6a239fb - - default default] 10.0.0.119 "GET /v2.0/ports?device_id=bafc9fdd-81d5-4091-99ba-d3ccd65ec237 HTTP/1.1" status: 200 len: 210 time: 0.0199659
2026-05-12 17:38:16.004 10 WARNING neutron.plugins.ml2.drivers.ovn.mech_driver.ovsdb.ovn_client [None req-ca43fb9d-db4f-45dc-8ffc-bfff327d4e39 - - - - - -] No port found with ID 747200a0-ebdf-4199-821c-95ec6fdb33b7: RuntimeError: No port found with ID 747200a0-ebdf-4199-821c-95ec6fdb33b7
2026-05-12 17:38:16.004 10 INFO neutron.plugins.ml2.drivers.ovn.mech_driver.mech_driver [None req-ca43fb9d-db4f-45dc-8ffc-bfff327d4e39 - - - - - -] OVN reports status up for port: 367a3dff-89db-44b5-b24e-b20553a407c3
2026-05-12 17:38:16.012 10 INFO neutron.plugins.ml2.plugin [None req-ca43fb9d-db4f-45dc-8ffc-bfff327d4e39 - - - - - -] Attempt 1 to provision port 367a3dff-89db-44b5-b24e-b20553a407c3
2026-05-12 17:38:16.045 9 INFO neutron.api.wsgi [req-11e13974-ab17-4314-a4bf-86b6e0e1cb8c req-1ef3683b-134c-4c22-aae3-9bf32b4b85d2 1e1def05ee3d45cc8381a1e2772212e0 0e577fdbcbb1412eb7e1170e2d4dcaba - - default default] 10.0.0.119 "GET /v2.0/security-groups?name=tempest-securitygroup--400776607&fields=id&tenant_id=0e577fdbcbb1412eb7e1170e2d4dcaba HTTP/1.1" status: 200 len: 267 time: 0.0388365
2026-05-12 17:38:16.050 9 INFO neutron.plugins.ml2.drivers.ovn.mech_driver.mech_driver [None req-12928a7a-6902-4a97-abb9-0ff8c07622a7 - - - - - -] OVN reports status up for port: f9cabda3-890a-4dc8-82e9-cf39f357d011
2026-05-12 17:38:16.071 9 INFO neutron.plugins.ml2.plugin [None req-12928a7a-6902-4a97-abb9-0ff8c07622a7 - - - - - -] Attempt 1 to provision port f9cabda3-890a-4dc8-82e9-cf39f357d011
2026-05-12 17:38:16.072 10 INFO neutron.api.wsgi [None req-64cbbc82-aa20-415c-87b6-abd34983b998 3acf3b822afb4aa89cd9335cc084e7b6 b556785f03e24099bde7d34a16315435 - - default default] 10.0.0.169 "DELETE /v2.0/subnets/01b53a53-0037-4bf1-8f74-a8d0e9577154 HTTP/1.1" status: 204 len: 168 time: 0.2957213
2026-05-12 17:38:16.109 9 INFO neutron.api.wsgi [req-11e13974-ab17-4314-a4bf-86b6e0e1cb8c req-19c240a0-6558-4b96-9e84-08957e4e963e 1e1def05ee3d45cc8381a1e2772212e0 0e577fdbcbb1412eb7e1170e2d4dcaba - - default default] 10.0.0.119 "GET /v2.0/networks?id=16b60881-3331-4b6b-af34-9bd4ff21e0e6 HTTP/1.1" status: 200 len: 882 time: 0.0562372
2026-05-12 17:38:16.128 9 INFO neutron.api.wsgi [req-11e13974-ab17-4314-a4bf-86b6e0e1cb8c req-270f65e5-19cc-48f6-b677-3f0ea146df46 1e1def05ee3d45cc8381a1e2772212e0 0e577fdbcbb1412eb7e1170e2d4dcaba - - default default] 10.0.0.119 "GET /v2.0/quotas/0e577fdbcbb1412eb7e1170e2d4dcaba HTTP/1.1" status: 200 len: 491 time: 0.0128787
2026-05-12 17:38:16.215 9 INFO neutron.api.wsgi [req-11e13974-ab17-4314-a4bf-86b6e0e1cb8c req-343056ed-8df5-4c4a-b0a4-7acf0b3c9679 1e1def05ee3d45cc8381a1e2772212e0 0e577fdbcbb1412eb7e1170e2d4dcaba - - default default] 10.0.0.119 "GET /v2.0/ports?tenant_id=0e577fdbcbb1412eb7e1170e2d4dcaba&fields=id HTTP/1.1" status: 200 len: 302 time: 0.0813251
2026-05-12 17:38:16.407 10 INFO neutron.db.ovn_revision_numbers_db [None req-ca43fb9d-db4f-45dc-8ffc-bfff327d4e39 - - - - - -] Successfully bumped revision number for resource 367a3dff-89db-44b5-b24e-b20553a407c3 (type: ports) to 2
2026-05-12 17:38:16.483 10 INFO neutron.api.wsgi [None req-2717521e-1dbe-4a91-baa1-bcb949195e34 3acf3b822afb4aa89cd9335cc084e7b6 b556785f03e24099bde7d34a16315435 - - default default] 10.0.0.169 "DELETE /v2.0/networks/5e9c204c-3cc3-4d97-9b89-254038513eaf HTTP/1.1" status: 204 len: 168 time: 0.4057984
2026-05-12 17:38:16.574 9 INFO neutron.api.wsgi [req-11e13974-ab17-4314-a4bf-86b6e0e1cb8c req-5f08af31-0d46-4681-a276-17d1c9b9fd5a a80aff6c40d24322ad9160b386e6296b b53c7c33903a424ca86f9ff5ea694ca5 - - 245026527e4e4aa494af50c21c8ce5e1 245026527e4e4aa494af50c21c8ce5e1] 10.0.0.119 "GET /v2.0/extensions HTTP/1.1" status: 200 len: 19298 time: 0.0430238
2026-05-12 17:38:16.629 9 INFO neutron.api.wsgi [req-11e13974-ab17-4314-a4bf-86b6e0e1cb8c req-0776a04b-9b15-416e-ab46-45b355df0f42 a80aff6c40d24322ad9160b386e6296b b53c7c33903a424ca86f9ff5ea694ca5 - - 245026527e4e4aa494af50c21c8ce5e1 245026527e4e4aa494af50c21c8ce5e1] 10.0.0.119 "GET /v2.0/networks/16b60881-3331-4b6b-af34-9bd4ff21e0e6?fields=segments HTTP/1.1" status: 200 len: 212 time: 0.0493085
2026-05-12 17:38:16.675 9 INFO neutron.api.wsgi [req-11e13974-ab17-4314-a4bf-86b6e0e1cb8c req-df5d96fb-7cbc-4028-8cba-c220b7b87ddd a80aff6c40d24322ad9160b386e6296b b53c7c33903a424ca86f9ff5ea694ca5 - - 245026527e4e4aa494af50c21c8ce5e1 245026527e4e4aa494af50c21c8ce5e1] 10.0.0.119 "GET /v2.0/networks/16b60881-3331-4b6b-af34-9bd4ff21e0e6?fields=provider%3Aphysical_network&fields=provider%3Anetwork_type HTTP/1.1" status: 200 len: 277 time: 0.0387206
2026-05-12 17:38:16.684 10 INFO neutron.api.wsgi [None req-8e519ca4-a538-4bee-9267-2a19365262aa 3acf3b822afb4aa89cd9335cc084e7b6 b556785f03e24099bde7d34a16315435 - - default default] 10.0.0.169 "GET /v2.0/security-groups?tenant_id=e87198387d454276a41e8143924aad2b&name=default HTTP/1.1" status: 200 len: 3116 time: 0.0372255
2026-05-12 17:38:16.838 10 INFO neutron.api.wsgi [req-d8ca550c-868b-4c70-8fa7-a09b400bfe48 req-01842587-f43e-4f32-b427-6d9ba9157aac 1e1def05ee3d45cc8381a1e2772212e0 0e577fdbcbb1412eb7e1170e2d4dcaba - - default default] 10.0.0.119 "GET /v2.0/ports?device_id=63403d5a-fdd4-4842-a087-658a3f6664d0 HTTP/1.1" status: 200 len: 210 time: 0.0231905
2026-05-12 17:38:16.896 10 INFO neutron.api.wsgi [None req-c0fa6041-1caf-4314-a080-19ef5ee27062 3acf3b822afb4aa89cd9335cc084e7b6 b556785f03e24099bde7d34a16315435 - - default default] 10.0.0.169 "DELETE /v2.0/security-groups/9968f6d2-6c82-4f85-a1a6-152ad463964a HTTP/1.1" status: 204 len: 168 time: 0.2080977
2026-05-12 17:38:16.927 10 INFO neutron.services.segments.plugin [-] Segment 4744d183-d38b-4f1a-b93d-043319333dd4 resource provider aggregate not found
2026-05-12 17:38:16.942 10 INFO neutron.services.segments.plugin [-] Segment 4744d183-d38b-4f1a-b93d-043319333dd4 resource provider not found; error: Placement Client Error (4xx): {"errors": [{"status": 404, "title": "Not Found", "detail": "The resource could not be found.\n\n No resource provider with uuid 4744d183-d38b-4f1a-b93d-043319333dd4 found for delete ", "request_id": "req-bd7ac0cf-bb39-4ee9-91ef-b12182ecdb45"}]}
2026-05-12 17:38:16.959 10 INFO neutron.services.segments.plugin [-] Segment 4744d183-d38b-4f1a-b93d-043319333dd4 resource provider aggregate not found
2026-05-12 17:38:16.977 10 INFO neutron.services.segments.plugin [-] Segment 4744d183-d38b-4f1a-b93d-043319333dd4 resource provider not found; error: Placement Client Error (4xx): {"errors": [{"status": 404, "title": "Not Found", "detail": "The resource could not be found.\n\n No resource provider with uuid 4744d183-d38b-4f1a-b93d-043319333dd4 found for delete ", "request_id": "req-e08188f8-24f9-4b36-9cb3-a592ac8d4be3"}]}
2026-05-12 17:38:17.090 9 INFO neutron.api.wsgi [req-ffa58feb-3b0c-4d57-a83b-ef6540d1a7dc req-a3bc32b4-6c9f-4093-9a3a-0e4ffef52b29 520736532032408796322b40f436b8dc 105083a76363470a99c78c3fe6a239fb - - default default] 10.0.0.119 "GET /v2.0/ports?device_id=bafc9fdd-81d5-4091-99ba-d3ccd65ec237 HTTP/1.1" status: 200 len: 210 time: 0.0167294
2026-05-12 17:38:17.451 10 INFO neutron.api.wsgi [req-968f1e67-97fe-4b2e-b034-2d6fc161a0cb req-7af9fbde-d258-45e5-8e5d-c8657b357225 44c73ccc12a9455192c0cc39a789f10f 825da91212db4bbbabd8310bcf4d7ea7 - - default default] 10.0.0.119 "GET /v2.0/security-groups?name=tempest-securitygroup--293928916&fields=id&tenant_id=825da91212db4bbbabd8310bcf4d7ea7 HTTP/1.1" status: 200 len: 267 time: 0.0298455
2026-05-12 17:38:17.502 10 INFO neutron.api.wsgi [req-968f1e67-97fe-4b2e-b034-2d6fc161a0cb req-307ca4f8-31f2-4799-b222-7056ad15c3a9 44c73ccc12a9455192c0cc39a789f10f 825da91212db4bbbabd8310bcf4d7ea7 - - default default] 10.0.0.119 "GET /v2.0/networks?id=8dfd4374-224c-41b3-ae82-7d310d703de5 HTTP/1.1" status: 200 len: 879 time: 0.0431688
2026-05-12 17:38:17.523 10 INFO neutron.api.wsgi [req-968f1e67-97fe-4b2e-b034-2d6fc161a0cb req-02959871-7396-4c49-a0ed-661f0114bef4 44c73ccc12a9455192c0cc39a789f10f 825da91212db4bbbabd8310bcf4d7ea7 - - default default] 10.0.0.119 "GET /v2.0/quotas/825da91212db4bbbabd8310bcf4d7ea7 HTTP/1.1" status: 200 len: 491 time: 0.0113449
2026-05-12 17:38:17.591 10 INFO neutron.api.wsgi [req-968f1e67-97fe-4b2e-b034-2d6fc161a0cb req-ae2280aa-14ea-4e8f-be5c-426a74a4da7f 44c73ccc12a9455192c0cc39a789f10f 825da91212db4bbbabd8310bcf4d7ea7 - - default default] 10.0.0.119 "GET /v2.0/ports?tenant_id=825da91212db4bbbabd8310bcf4d7ea7&fields=id HTTP/1.1" status: 200 len: 302 time: 0.0636744
2026-05-12 17:38:17.639 10 INFO neutron.api.wsgi [req-968f1e67-97fe-4b2e-b034-2d6fc161a0cb req-e02c03fe-5350-424c-a9f9-91508d5cb8ff a80aff6c40d24322ad9160b386e6296b b53c7c33903a424ca86f9ff5ea694ca5 - - 245026527e4e4aa494af50c21c8ce5e1 245026527e4e4aa494af50c21c8ce5e1] 10.0.0.119 "GET /v2.0/networks/8dfd4374-224c-41b3-ae82-7d310d703de5?fields=segments HTTP/1.1" status: 200 len: 212 time: 0.0363915
2026-05-12 17:38:17.683 10 INFO neutron.api.wsgi [req-968f1e67-97fe-4b2e-b034-2d6fc161a0cb req-4a84a52c-1803-48f2-8349-56bd3e794ccf a80aff6c40d24322ad9160b386e6296b b53c7c33903a424ca86f9ff5ea694ca5 - - 245026527e4e4aa494af50c21c8ce5e1 245026527e4e4aa494af50c21c8ce5e1] 10.0.0.119 "GET /v2.0/networks/8dfd4374-224c-41b3-ae82-7d310d703de5?fields=provider%3Aphysical_network&fields=provider%3Anetwork_type HTTP/1.1" status: 200 len: 277 time: 0.0368845
2026-05-12 17:38:17.906 9 INFO neutron.api.wsgi [req-747c3118-ca07-43b8-80a9-f3b28c6ef7fd req-cf5cbfc9-20d0-452f-8c6e-73b1a32d42da 1e1def05ee3d45cc8381a1e2772212e0 0e577fdbcbb1412eb7e1170e2d4dcaba - - default default] 10.0.0.119 "GET /v2.0/ports?device_id=63403d5a-fdd4-4842-a087-658a3f6664d0 HTTP/1.1" status: 200 len: 210 time: 0.0218360
2026-05-12 17:38:17.968 10 INFO neutron.api.wsgi [req-e9c0d1dd-8c39-47e3-8404-d3bf6785dcc9 req-39f2a007-5bcb-47d4-9c39-23b9a1d53d5d 44c73ccc12a9455192c0cc39a789f10f 825da91212db4bbbabd8310bcf4d7ea7 - - default default] 10.0.0.119 "GET /v2.0/ports?device_id=218fdb5b-2ea4-4bc9-b3c6-333bb040d7a2 HTTP/1.1" status: 200 len: 210 time: 0.0237849
2026-05-12 17:38:18.159 9 INFO neutron.api.wsgi [req-643fa26a-6000-4d76-bb26-16e6d9c8180e req-5836e205-e295-4073-a175-35010198ea05 520736532032408796322b40f436b8dc 105083a76363470a99c78c3fe6a239fb - - default default] 10.0.0.119 "GET /v2.0/ports?device_id=bafc9fdd-81d5-4091-99ba-d3ccd65ec237 HTTP/1.1" status: 200 len: 210 time: 0.0158231
2026-05-12 17:38:18.637 9 INFO neutron.api.wsgi [req-bbd5c6cb-1fc1-4616-89ab-b4285cd19909 req-737f095b-b395-438c-ad79-cb4c13b2fdf0 520736532032408796322b40f436b8dc 105083a76363470a99c78c3fe6a239fb - - default default] 199.19.213.250 "GET /v2.0/networks?id=be27f8d9-af31-4c38-a856-5e7b75080648 HTTP/1.1" status: 200 len: 874 time: 0.2325666
2026-05-12 17:38:18.708 9 INFO neutron.api.wsgi [req-bbd5c6cb-1fc1-4616-89ab-b4285cd19909 req-47d3b41a-a5c9-40cf-ac0b-c5c91ade6e42 520736532032408796322b40f436b8dc 105083a76363470a99c78c3fe6a239fb - - default default] 199.19.213.250 "GET /v2.0/security-groups?fields=id&fields=name&tenant_id=105083a76363470a99c78c3fe6a239fb HTTP/1.1" status: 200 len: 379 time: 0.0582926
2026-05-12 17:38:18.719 9 WARNING neutron_lib.context [req-bbd5c6cb-1fc1-4616-89ab-b4285cd19909 req-29cc159e-2fef-43dc-9bab-30435f071cff 520736532032408796322b40f436b8dc 105083a76363470a99c78c3fe6a239fb - - default default] Method 'is_advsvc' is deprecated since 2023.2 release (neutron-lib 3.8.0) and will be removed once support for the old RBAC API policies will be removed from Neutron. Please use method 'is_service_role' instead.
2026-05-12 17:38:18.770 9 INFO neutron.db.ovn_revision_numbers_db [None req-2d8a6061-0b7a-4c7b-8da8-0f6421029c3a 3acf3b822afb4aa89cd9335cc084e7b6 b556785f03e24099bde7d34a16315435 - - default default] Successfully bumped revision number for resource 4af7f068-1eb3-4693-8752-c72d009e6609 (type: security_groups) to 1
2026-05-12 17:38:18.787 9 INFO neutron.db.ovn_revision_numbers_db [None req-2d8a6061-0b7a-4c7b-8da8-0f6421029c3a 3acf3b822afb4aa89cd9335cc084e7b6 b556785f03e24099bde7d34a16315435 - - default default] Successfully bumped revision number for resource 4dd50501-af26-4a3d-b616-e040d2b572dd (type: security_group_rules) to 0
2026-05-12 17:38:18.803 9 INFO neutron.db.ovn_revision_numbers_db [None req-2d8a6061-0b7a-4c7b-8da8-0f6421029c3a 3acf3b822afb4aa89cd9335cc084e7b6 b556785f03e24099bde7d34a16315435 - - default default] Successfully bumped revision number for resource 73b2cd8c-5dff-46c3-958d-12e4cd2b433b (type: security_group_rules) to 0
2026-05-12 17:38:18.833 9 INFO neutron.db.ovn_revision_numbers_db [None req-2d8a6061-0b7a-4c7b-8da8-0f6421029c3a 3acf3b822afb4aa89cd9335cc084e7b6 b556785f03e24099bde7d34a16315435 - - default default] Successfully bumped revision number for resource cea503a2-ceb8-4aa5-a6ea-ff48fe8c44ad (type: security_group_rules) to 0
2026-05-12 17:38:18.858 9 INFO neutron.db.ovn_revision_numbers_db [None req-2d8a6061-0b7a-4c7b-8da8-0f6421029c3a 3acf3b822afb4aa89cd9335cc084e7b6 b556785f03e24099bde7d34a16315435 - - default default] Successfully bumped revision number for resource e1b5b53c-595f-44a0-a2d6-8fb911e9ebd4 (type: security_group_rules) to 0
2026-05-12 17:38:18.938 9 INFO neutron.db.segments_db [None req-2d8a6061-0b7a-4c7b-8da8-0f6421029c3a 3acf3b822afb4aa89cd9335cc084e7b6 b556785f03e24099bde7d34a16315435 - - default default] Added segment 6e52701f-13f3-4eff-8104-73ae8d78084c of type geneve for network 7e7566df-c779-4160-b5f1-4a650fa1e75f
2026-05-12 17:38:18.981 10 INFO neutron.api.wsgi [req-c4a64860-e90d-4802-8809-0652f852e66c req-4daff7f2-7152-41ef-80b1-bd90e57fd596 1e1def05ee3d45cc8381a1e2772212e0 0e577fdbcbb1412eb7e1170e2d4dcaba - - default default] 10.0.0.119 "GET /v2.0/ports?device_id=63403d5a-fdd4-4842-a087-658a3f6664d0 HTTP/1.1" status: 200 len: 210 time: 0.0189550 /var/lib/openstack/lib/python3.12/site-packages/pycadf/identifier.py:71: UserWarning: Invalid uuid: neutron. To ensure interoperability, identifiers should be a valid uuid. warnings.warn(('Invalid uuid: %s. To ensure interoperability, '
2026-05-12 17:38:19.049 9 INFO neutron.api.wsgi [req-2efbb0f8-be29-4946-9a53-cc2e4a8c4e44 req-cd189e47-89a2-44c1-9304-8c2ea883617e 44c73ccc12a9455192c0cc39a789f10f 825da91212db4bbbabd8310bcf4d7ea7 - - default default] 10.0.0.119 "GET /v2.0/ports?device_id=218fdb5b-2ea4-4bc9-b3c6-333bb040d7a2 HTTP/1.1" status: 200 len: 210 time: 0.0256183
2026-05-12 17:38:19.064 9 WARNING neutron.scheduler.dhcp_agent_scheduler [req-bbd5c6cb-1fc1-4616-89ab-b4285cd19909 req-29cc159e-2fef-43dc-9bab-30435f071cff 520736532032408796322b40f436b8dc 105083a76363470a99c78c3fe6a239fb - - default default] No more DHCP agents
2026-05-12 17:38:19.066 9 WARNING neutron.api.rpc.agentnotifiers.dhcp_rpc_agent_api [req-bbd5c6cb-1fc1-4616-89ab-b4285cd19909 req-29cc159e-2fef-43dc-9bab-30435f071cff 520736532032408796322b40f436b8dc 105083a76363470a99c78c3fe6a239fb - - default default] Unable to schedule network be27f8d9-af31-4c38-a856-5e7b75080648: no agents available; will retry on subsequent port and subnet creation events.
2026-05-12 17:38:19.082 9 INFO neutron.db.ovn_revision_numbers_db [None req-2d8a6061-0b7a-4c7b-8da8-0f6421029c3a 3acf3b822afb4aa89cd9335cc084e7b6 b556785f03e24099bde7d34a16315435 - - default default] Successfully bumped revision number for resource 7e7566df-c779-4160-b5f1-4a650fa1e75f (type: networks) to 1
2026-05-12 17:38:19.188 9 INFO neutron.db.ovn_revision_numbers_db [req-bbd5c6cb-1fc1-4616-89ab-b4285cd19909 req-29cc159e-2fef-43dc-9bab-30435f071cff 520736532032408796322b40f436b8dc 105083a76363470a99c78c3fe6a239fb - - default default] Successfully bumped revision number for resource d982ea60-45d8-4d10-ac0b-bafa5148f5ec (type: ports) to 1
2026-05-12 17:38:19.213 9 INFO neutron.api.wsgi [req-bbd5c6cb-1fc1-4616-89ab-b4285cd19909 req-29cc159e-2fef-43dc-9bab-30435f071cff 520736532032408796322b40f436b8dc 105083a76363470a99c78c3fe6a239fb - - default default] 199.19.213.250 "POST /v2.0/ports HTTP/1.1" status: 201 len: 1158 time: 0.5007584 /var/lib/openstack/lib/python3.12/site-packages/pycadf/identifier.py:71: UserWarning: Invalid uuid: neutron. To ensure interoperability, identifiers should be a valid uuid. warnings.warn(('Invalid uuid: %s. To ensure interoperability, '
2026-05-12 17:38:19.223 9 INFO neutron.api.wsgi [req-bbd5c6cb-1fc1-4616-89ab-b4285cd19909 req-ce8a8306-f20b-46bc-8cbc-72aae899171c 520736532032408796322b40f436b8dc 105083a76363470a99c78c3fe6a239fb - - default default] 199.19.213.250 "GET /v2.0/extensions HTTP/1.1" status: 200 len: 19298 time: 0.0062790
2026-05-12 17:38:19.234 9 WARNING neutron.scheduler.dhcp_agent_scheduler [None req-2d8a6061-0b7a-4c7b-8da8-0f6421029c3a 3acf3b822afb4aa89cd9335cc084e7b6 b556785f03e24099bde7d34a16315435 - - default default] No more DHCP agents
2026-05-12 17:38:19.235 9 WARNING neutron.api.rpc.agentnotifiers.dhcp_rpc_agent_api [None req-2d8a6061-0b7a-4c7b-8da8-0f6421029c3a 3acf3b822afb4aa89cd9335cc084e7b6 b556785f03e24099bde7d34a16315435 - - default default] Unable to schedule network 7e7566df-c779-4160-b5f1-4a650fa1e75f: no agents available; will retry on subsequent port and subnet creation events.
2026-05-12 17:38:19.281 10 INFO neutron.api.wsgi [req-97f426bd-2f56-42d2-8888-bff405beec2d req-09da0502-20b5-4a79-8c8d-e6bb5f3f510b 520736532032408796322b40f436b8dc 105083a76363470a99c78c3fe6a239fb - - default default] 10.0.0.119 "GET /v2.0/ports?device_id=bafc9fdd-81d5-4091-99ba-d3ccd65ec237 HTTP/1.1" status: 200 len: 1156 time: 0.0666654
2026-05-12 17:38:19.289 9 INFO neutron.db.ovn_revision_numbers_db [None req-2d8a6061-0b7a-4c7b-8da8-0f6421029c3a 3acf3b822afb4aa89cd9335cc084e7b6 b556785f03e24099bde7d34a16315435 - - default default] Successfully bumped revision number for resource 4c14cfe8-a16d-46bb-9942-efb48a1e6273 (type: ports) to 1
2026-05-12 17:38:19.309 9 INFO neutron.api.wsgi [None req-2d8a6061-0b7a-4c7b-8da8-0f6421029c3a 3acf3b822afb4aa89cd9335cc084e7b6 b556785f03e24099bde7d34a16315435 - - default default] 10.0.0.169 "POST /v2.0/networks HTTP/1.1" status: 201 len: 946 time: 0.7425132
2026-05-12 17:38:19.325 10 INFO neutron.api.wsgi [req-97f426bd-2f56-42d2-8888-bff405beec2d req-86a3aaa9-9f7c-4375-9d3e-b24de4560788 520736532032408796322b40f436b8dc 105083a76363470a99c78c3fe6a239fb - - default default] 10.0.0.119 "GET /v2.0/security-groups?id=0996b43d-1192-4579-bbb3-441bb62e96ea&fields=id&fields=name HTTP/1.1" status: 200 len: 312 time: 0.0391371
2026-05-12 17:38:19.444 10 WARNING neutron.scheduler.dhcp_agent_scheduler [None req-808e9b0d-9bc1-4c38-bd72-fdfbb07a8225 3acf3b822afb4aa89cd9335cc084e7b6 b556785f03e24099bde7d34a16315435 - - default default] No more DHCP agents
