2026-05-12 17:39:19.577 10 INFO neutron.api.wsgi [None req-da6440e1-1011-4283-a89e-38a739f1c550 3acf3b822afb4aa89cd9335cc084e7b6 b556785f03e24099bde7d34a16315435 - - default default] 10.0.0.169 "DELETE /v2.0/security-groups/c120d5e7-ef1d-44c0-8912-bb7be9d0cbee HTTP/1.1" status: 204 len: 168 time: 0.2112906
2026-05-12 17:39:19.616 9 INFO neutron.api.wsgi [None req-c2badc23-bd53-44de-a4ed-7dfd859b30a6 924e117230fc4232abe1b588111dacbd 9b31785bde5f47fe95d07215773a6c6a - - default default] 10.0.0.169 "GET /v2.0/ports HTTP/1.1" status: 200 len: 1718 time: 0.0796561
2026-05-12 17:39:19.627 9 WARNING neutron_lib.context [None req-8916939d-9678-4486-82f1-fb5382909493 924e117230fc4232abe1b588111dacbd 9b31785bde5f47fe95d07215773a6c6a - - default default] Method 'is_advsvc' is deprecated since 2023.2 release (neutron-lib 3.8.0) and will be removed once support for the old RBAC API policies will be removed from Neutron. Please use method 'is_service_role' instead.
2026-05-12 17:39:19.675 9 INFO neutron.db.ovn_revision_numbers_db [None req-c5f3badf-d509-4564-94c8-bf280f9f6b13 af908a90218441228adf6f3e9766d21d 18a32de8fb694b1d87babc0f826094fe - - default default] Successfully bumped revision number for resource 4df06b45-c402-4e7a-9954-f6254a0160c5 (type: ports) to 1
2026-05-12 17:39:19.695 9 INFO neutron.api.wsgi [None req-c5f3badf-d509-4564-94c8-bf280f9f6b13 af908a90218441228adf6f3e9766d21d 18a32de8fb694b1d87babc0f826094fe - - default default] 10.0.0.169 "POST /v2.0/ports HTTP/1.1" status: 201 len: 1115 time: 0.4157982
2026-05-12 17:39:19.720 9 INFO neutron.db.segments_db [None req-8916939d-9678-4486-82f1-fb5382909493 924e117230fc4232abe1b588111dacbd 9b31785bde5f47fe95d07215773a6c6a - - default default] Added segment 269a11e2-91e9-4cda-b6d1-1c3bd46113a6 of type geneve for network 7a599f45-13ee-419a-9775-149de24c7e49
2026-05-12 17:39:19.840 9 INFO neutron.db.ovn_revision_numbers_db [None req-8916939d-9678-4486-82f1-fb5382909493 924e117230fc4232abe1b588111dacbd 9b31785bde5f47fe95d07215773a6c6a - - default default] Successfully bumped revision number for resource 7a599f45-13ee-419a-9775-149de24c7e49 (type: networks) to 1
2026-05-12 17:39:20.009 9 WARNING neutron.scheduler.dhcp_agent_scheduler [None req-8916939d-9678-4486-82f1-fb5382909493 924e117230fc4232abe1b588111dacbd 9b31785bde5f47fe95d07215773a6c6a - - default default] No more DHCP agents
2026-05-12 17:39:20.010 9 WARNING neutron.api.rpc.agentnotifiers.dhcp_rpc_agent_api [None req-8916939d-9678-4486-82f1-fb5382909493 924e117230fc4232abe1b588111dacbd 9b31785bde5f47fe95d07215773a6c6a - - default default] Unable to schedule network 7a599f45-13ee-419a-9775-149de24c7e49: no agents available; will retry on subsequent port and subnet creation events.
2026-05-12 17:39:20.015 9 INFO neutron.api.wsgi [None req-2e847618-bdd4-4ef5-8815-63edead017e1 af908a90218441228adf6f3e9766d21d 18a32de8fb694b1d87babc0f826094fe - - default default] 10.0.0.169 "DELETE /v2.0/ports/4df06b45-c402-4e7a-9954-f6254a0160c5 HTTP/1.1" status: 204 len: 168 time: 0.3155122
2026-05-12 17:39:20.034 10 INFO neutron.pecan_wsgi.hooks.translation [None req-487c60b2-0679-494e-ab7e-301d58446cd8 af908a90218441228adf6f3e9766d21d 18a32de8fb694b1d87babc0f826094fe - - default default] GET failed (client error): The resource could not be found.
2026-05-12 17:39:20.036 10 INFO neutron.api.wsgi [None req-487c60b2-0679-494e-ab7e-301d58446cd8 af908a90218441228adf6f3e9766d21d 18a32de8fb694b1d87babc0f826094fe - - default default] 10.0.0.169 "GET /v2.0/ports/4df06b45-c402-4e7a-9954-f6254a0160c5 HTTP/1.1" status: 404 len: 333 time: 0.0154665
2026-05-12 17:39:20.076 9 INFO neutron.db.ovn_revision_numbers_db [None req-8916939d-9678-4486-82f1-fb5382909493 924e117230fc4232abe1b588111dacbd 9b31785bde5f47fe95d07215773a6c6a - - default default] Successfully bumped revision number for resource d390f0ad-54ae-47cd-8342-513a8c4e7b8d (type: ports) to 1
2026-05-12 17:39:20.101 9 INFO neutron.api.wsgi [None req-8916939d-9678-4486-82f1-fb5382909493 924e117230fc4232abe1b588111dacbd 9b31785bde5f47fe95d07215773a6c6a - - default default] 10.0.0.169 "POST /v2.0/networks HTTP/1.1" status: 201 len: 849 time: 0.4773746
2026-05-12 17:39:20.113 9 WARNING neutron_lib.context [None req-80ccc143-51ea-429e-9c58-6da257b30c6e 924e117230fc4232abe1b588111dacbd 9b31785bde5f47fe95d07215773a6c6a - - default default] Method 'is_advsvc' is deprecated since 2023.2 release (neutron-lib 3.8.0) and will be removed once support for the old RBAC API policies will be removed from Neutron. Please use method 'is_service_role' instead.
2026-05-12 17:39:20.128 10 INFO neutron.api.wsgi [req-fadd45d0-7160-4341-ab82-32f50b27fdfb req-7a59c320-23f4-43c0-96d3-9a89e45a1bcf f52360746e69488ca011ab4b3ebb1235 3d9dd961b4294a1babc5063f1d09ac8f - - default default] 10.0.0.119 "GET /v2.0/ports?device_id=5cf3f226-6135-49ea-8bab-b562d2a0c1af HTTP/1.1" status: 200 len: 1172 time: 0.0301762
2026-05-12 17:39:20.161 10 INFO neutron.api.wsgi [req-fadd45d0-7160-4341-ab82-32f50b27fdfb req-d51cb4cd-696a-48c0-8ec9-ed5597d2fa40 f52360746e69488ca011ab4b3ebb1235 3d9dd961b4294a1babc5063f1d09ac8f - - default default] 10.0.0.119 "GET /v2.0/security-groups?id=8e17c7aa-08c9-4daa-9379-f7d5d335da62&fields=id&fields=name HTTP/1.1" status: 200 len: 312 time: 0.0279157
2026-05-12 17:39:20.199 9 INFO neutron.db.segments_db [None req-80ccc143-51ea-429e-9c58-6da257b30c6e 924e117230fc4232abe1b588111dacbd 9b31785bde5f47fe95d07215773a6c6a - - default default] Added segment 5d053d68-5b16-45c4-a0b5-a48f8e71cd70 of type geneve for network 30f18646-8f00-4319-a10d-0e51fc5b49f4
2026-05-12 17:39:20.220 9 INFO neutron.api.wsgi [None req-8826f3bb-d40b-4cc8-8ce6-ca460cc89fb1 af908a90218441228adf6f3e9766d21d 18a32de8fb694b1d87babc0f826094fe - - default default] 10.0.0.169 "DELETE /v2.0/subnets/81f92dc2-19a7-4834-8a94-566b74bb0c31 HTTP/1.1" status: 204 len: 168 time: 0.1774640
2026-05-12 17:39:20.293 9 INFO neutron.db.ovn_revision_numbers_db [None req-80ccc143-51ea-429e-9c58-6da257b30c6e 924e117230fc4232abe1b588111dacbd 9b31785bde5f47fe95d07215773a6c6a - - default default] Successfully bumped revision number for resource 30f18646-8f00-4319-a10d-0e51fc5b49f4 (type: networks) to 1
2026-05-12 17:39:20.425 9 WARNING neutron.scheduler.dhcp_agent_scheduler [None req-80ccc143-51ea-429e-9c58-6da257b30c6e 924e117230fc4232abe1b588111dacbd 9b31785bde5f47fe95d07215773a6c6a - - default default] No more DHCP agents
2026-05-12 17:39:20.427 9 WARNING neutron.api.rpc.agentnotifiers.dhcp_rpc_agent_api [None req-80ccc143-51ea-429e-9c58-6da257b30c6e 924e117230fc4232abe1b588111dacbd 9b31785bde5f47fe95d07215773a6c6a - - default default] Unable to schedule network 30f18646-8f00-4319-a10d-0e51fc5b49f4: no agents available; will retry on subsequent port and subnet creation events.
2026-05-12 17:39:20.481 9 INFO neutron.db.ovn_revision_numbers_db [None req-80ccc143-51ea-429e-9c58-6da257b30c6e 924e117230fc4232abe1b588111dacbd 9b31785bde5f47fe95d07215773a6c6a - - default default] Successfully bumped revision number for resource 8c7a0de9-0773-412a-8290-1b38b28ec0f7 (type: ports) to 1
2026-05-12 17:39:20.501 9 INFO neutron.api.wsgi [None req-80ccc143-51ea-429e-9c58-6da257b30c6e 924e117230fc4232abe1b588111dacbd 9b31785bde5f47fe95d07215773a6c6a - - default default] 10.0.0.169 "POST /v2.0/networks HTTP/1.1" status: 201 len: 849 time: 0.3940053
2026-05-12 17:39:20.514 10 INFO neutron.services.segments.plugin [-] Segment 843793ee-e669-436e-b31c-b4671b3bbb4a resource provider aggregate not found
2026-05-12 17:39:20.517 10 INFO neutron.services.segments.plugin [-] Segment 843793ee-e669-436e-b31c-b4671b3bbb4a resource provider aggregate not found
2026-05-12 17:39:20.530 10 INFO neutron.services.segments.plugin [-] Segment 843793ee-e669-436e-b31c-b4671b3bbb4a resource provider not found; error: Placement Client Error (4xx): {"errors": [{"status": 404, "title": "Not Found", "detail": "The resource could not be found.\n\n No resource provider with uuid 843793ee-e669-436e-b31c-b4671b3bbb4a found for delete ", "request_id": "req-7e58eba4-3dad-4109-9400-3b5948a262f3"}]}
2026-05-12 17:39:20.531 10 INFO neutron.services.segments.plugin [-] Segment 843793ee-e669-436e-b31c-b4671b3bbb4a resource provider not found; error: Placement Client Error (4xx): {"errors": [{"status": 404, "title": "Not Found", "detail": "The resource could not be found.\n\n No resource provider with uuid 843793ee-e669-436e-b31c-b4671b3bbb4a found for delete ", "request_id": "req-2e7fce61-4696-4c31-9b93-4cf708fd1a73"}]}
2026-05-12 17:39:20.539 9 WARNING neutron_lib.context [None req-a02b6cb8-f283-4a8e-865c-4cb8f007456f 924e117230fc4232abe1b588111dacbd 9b31785bde5f47fe95d07215773a6c6a - - default default] Method 'is_advsvc' is deprecated since 2023.2 release (neutron-lib 3.8.0) and will be removed once support for the old RBAC API policies will be removed from Neutron. Please use method 'is_service_role' instead.
2026-05-12 17:39:20.548 10 INFO neutron.api.wsgi [None req-3c2c022d-8d8f-4c8e-af83-98880a7b6bf6 af908a90218441228adf6f3e9766d21d 18a32de8fb694b1d87babc0f826094fe - - default default] 10.0.0.169 "DELETE /v2.0/networks/abd52742-81ac-47f7-af05-91092695bca6 HTTP/1.1" status: 204 len: 168 time: 0.3212614
2026-05-12 17:39:20.558 10 WARNING neutron_lib.context [None req-0a3b7e38-d5e1-4de7-84e9-4c9012c0c74d af908a90218441228adf6f3e9766d21d 18a32de8fb694b1d87babc0f826094fe - - default default] Method 'is_advsvc' is deprecated since 2023.2 release (neutron-lib 3.8.0) and will be removed once support for the old RBAC API policies will be removed from Neutron. Please use method 'is_service_role' instead.
2026-05-12 17:39:20.562 9 WARNING neutron_lib.context [None req-a02b6cb8-f283-4a8e-865c-4cb8f007456f 924e117230fc4232abe1b588111dacbd 9b31785bde5f47fe95d07215773a6c6a - - default default] Method 'is_advsvc' is deprecated since 2023.2 release (neutron-lib 3.8.0) and will be removed once support for the old RBAC API policies will be removed from Neutron. Please use method 'is_service_role' instead.
2026-05-12 17:39:20.608 9 INFO neutron.plugins.ml2.drivers.ovn.mech_driver.mech_driver [None req-34995be4-6606-4477-9347-6d7c81655a99 - - - - - -] OVN reports status up for port: 0d464f5d-4647-4094-a6dd-dffe138cd0c1
2026-05-12 17:39:20.637 9 INFO neutron.plugins.ml2.plugin [None req-34995be4-6606-4477-9347-6d7c81655a99 - - - - - -] Attempt 1 to provision port 0d464f5d-4647-4094-a6dd-dffe138cd0c1
2026-05-12 17:39:20.772 9 INFO neutron.notifiers.nova [-] Nova event matching ['req-af5a541f-b1f3-4365-87e4-aab02be3d822'] response: {'server_uuid': '5cf3f226-6135-49ea-8bab-b562d2a0c1af', 'name': 'network-vif-plugged', 'status': 'completed', 'tag': '0d464f5d-4647-4094-a6dd-dffe138cd0c1', 'code': 200}
2026-05-12 17:39:20.854 10 WARNING neutron.scheduler.dhcp_agent_scheduler [None req-0a3b7e38-d5e1-4de7-84e9-4c9012c0c74d af908a90218441228adf6f3e9766d21d 18a32de8fb694b1d87babc0f826094fe - - default default] No more DHCP agents
2026-05-12 17:39:20.856 10 WARNING neutron.api.rpc.agentnotifiers.dhcp_rpc_agent_api [None req-0a3b7e38-d5e1-4de7-84e9-4c9012c0c74d af908a90218441228adf6f3e9766d21d 18a32de8fb694b1d87babc0f826094fe - - default default] Unable to schedule network 45a13119-6683-48a1-8fc8-a1f225959f6c: no agents available; will retry on subsequent port and subnet creation events.
2026-05-12 17:39:20.890 9 INFO neutron.db.ovn_revision_numbers_db [None req-34995be4-6606-4477-9347-6d7c81655a99 - - - - - -] Successfully bumped revision number for resource 0d464f5d-4647-4094-a6dd-dffe138cd0c1 (type: ports) to 5
2026-05-12 17:39:20.923 10 INFO neutron.db.ovn_revision_numbers_db [None req-0a3b7e38-d5e1-4de7-84e9-4c9012c0c74d af908a90218441228adf6f3e9766d21d 18a32de8fb694b1d87babc0f826094fe - - default default] Successfully bumped revision number for resource fa57c5d9-271d-4289-a96b-7ae49a362a2c (type: ports) to 1
2026-05-12 17:39:20.946 9 WARNING neutron.scheduler.dhcp_agent_scheduler [None req-a02b6cb8-f283-4a8e-865c-4cb8f007456f 924e117230fc4232abe1b588111dacbd 9b31785bde5f47fe95d07215773a6c6a - - default default] No more DHCP agents
2026-05-12 17:39:20.947 9 WARNING neutron.api.rpc.agentnotifiers.dhcp_rpc_agent_api [None req-a02b6cb8-f283-4a8e-865c-4cb8f007456f 924e117230fc4232abe1b588111dacbd 9b31785bde5f47fe95d07215773a6c6a - - default default] Unable to schedule network 7a599f45-13ee-419a-9775-149de24c7e49: no agents available; will retry on subsequent port and subnet creation events.
2026-05-12 17:39:20.957 10 INFO neutron.api.wsgi [None req-0a3b7e38-d5e1-4de7-84e9-4c9012c0c74d af908a90218441228adf6f3e9766d21d 18a32de8fb694b1d87babc0f826094fe - - default default] 10.0.0.169 "POST /v2.0/ports HTTP/1.1" status: 201 len: 974 time: 0.4029727 /var/lib/openstack/lib/python3.12/site-packages/pycadf/identifier.py:71: UserWarning: Invalid uuid: neutron. To ensure interoperability, identifiers should be a valid uuid. warnings.warn(('Invalid uuid: %s. To ensure interoperability, '
2026-05-12 17:39:21.195 9 INFO neutron.plugins.ml2.drivers.ovn.mech_driver.mech_driver [None req-fec06c3a-040e-4761-9cb5-3397ad51b546 - - - - - -] OVN reports status down for port: fa57c5d9-271d-4289-a96b-7ae49a362a2c /var/lib/openstack/lib/python3.12/site-packages/pycadf/identifier.py:71: UserWarning: Invalid uuid: neutron. To ensure interoperability, identifiers should be a valid uuid. warnings.warn(('Invalid uuid: %s. To ensure interoperability, '
2026-05-12 17:39:21.233 10 INFO neutron.db.ovn_revision_numbers_db [None req-3d3f4ed9-04b1-4d97-b003-104b80c6e92b af908a90218441228adf6f3e9766d21d 18a32de8fb694b1d87babc0f826094fe - - default default] Successfully bumped revision number for resource fa57c5d9-271d-4289-a96b-7ae49a362a2c (type: ports) to 2
2026-05-12 17:39:21.255 10 INFO neutron.api.wsgi [None req-3d3f4ed9-04b1-4d97-b003-104b80c6e92b af908a90218441228adf6f3e9766d21d 18a32de8fb694b1d87babc0f826094fe - - default default] 10.0.0.169 "PUT /v2.0/ports/fa57c5d9-271d-4289-a96b-7ae49a362a2c HTTP/1.1" status: 200 len: 946 time: 0.2936792
2026-05-12 17:39:21.267 10 INFO neutron.api.wsgi [req-2692b60d-99ef-46eb-ac61-9ad70fca964e req-c32a0dde-82ce-40c9-bfaa-80e0427bd78e f52360746e69488ca011ab4b3ebb1235 3d9dd961b4294a1babc5063f1d09ac8f - - default default] 10.0.0.119 "GET /v2.0/ports?device_id=5cf3f226-6135-49ea-8bab-b562d2a0c1af HTTP/1.1" status: 200 len: 1174 time: 0.0435588
2026-05-12 17:39:21.296 9 INFO neutron.db.ovn_revision_numbers_db [None req-de113329-aa55-4077-a9bd-ea8f88f96a57 - - - - - -] Successfully bumped revision number for resource d390f0ad-54ae-47cd-8342-513a8c4e7b8d (type: ports) to 2
2026-05-12 17:39:21.321 10 INFO neutron.api.wsgi [req-2692b60d-99ef-46eb-ac61-9ad70fca964e req-5d2cd03e-d78e-4880-9abf-061defeedf71 f52360746e69488ca011ab4b3ebb1235 3d9dd961b4294a1babc5063f1d09ac8f - - default default] 10.0.0.119 "GET /v2.0/security-groups?id=8e17c7aa-08c9-4daa-9379-f7d5d335da62&fields=id&fields=name HTTP/1.1" status: 200 len: 312 time: 0.0455668
2026-05-12 17:39:21.325 9 INFO neutron.db.ovn_revision_numbers_db [None req-de113329-aa55-4077-a9bd-ea8f88f96a57 - - - - - -] Successfully bumped revision number for resource 92b77f97-5869-4adb-87ca-743686bb3657 (type: subnets) to 0
2026-05-12 17:39:21.347 9 WARNING neutron.scheduler.dhcp_agent_scheduler [None req-a02b6cb8-f283-4a8e-865c-4cb8f007456f 924e117230fc4232abe1b588111dacbd 9b31785bde5f47fe95d07215773a6c6a - - default default] No more DHCP agents
2026-05-12 17:39:21.348 9 WARNING neutron.api.rpc.agentnotifiers.dhcp_rpc_agent_api [None req-a02b6cb8-f283-4a8e-865c-4cb8f007456f 924e117230fc4232abe1b588111dacbd 9b31785bde5f47fe95d07215773a6c6a - - default default] Unable to schedule network 30f18646-8f00-4319-a10d-0e51fc5b49f4: no agents available; will retry on subsequent port and subnet creation events. /var/lib/openstack/lib/python3.12/site-packages/pycadf/identifier.py:71: UserWarning: Invalid uuid: neutron. To ensure interoperability, identifiers should be a valid uuid. warnings.warn(('Invalid uuid: %s. To ensure interoperability, '
2026-05-12 17:39:21.429 9 INFO neutron.api.wsgi [None req-b65c3b3e-9fb8-4efa-9066-6e0d52aefcb9 eeaddc3778564813ae03ac6ab96dc5ee 16260c1f825f4837895e12faf48dc0da - - default default] 10.0.0.169 "GET /v2.0/extensions HTTP/1.1" status: 200 len: 19293 time: 0.1473842
2026-05-12 17:39:21.440 10 INFO neutron.api.wsgi [None req-b4b5480e-4977-4224-8455-d8fc0ebb3ba6 eeaddc3778564813ae03ac6ab96dc5ee 16260c1f825f4837895e12faf48dc0da - - default default] 10.0.0.169 "GET /v2.0/extensions/address-group HTTP/1.1" status: 200 len: 353 time: 0.0054040
2026-05-12 17:39:21.447 9 INFO neutron.api.wsgi [None req-8dee16a6-963e-4a6a-87ac-ef20f30d9c1c eeaddc3778564813ae03ac6ab96dc5ee 16260c1f825f4837895e12faf48dc0da - - default default] 10.0.0.169 "GET /v2.0/extensions/address-scope HTTP/1.1" status: 200 len: 357 time: 0.0044925
2026-05-12 17:39:21.456 9 INFO neutron.api.wsgi [None req-bb0ed44a-eb5f-450b-896d-5cd0a7d5e8ea eeaddc3778564813ae03ac6ab96dc5ee 16260c1f825f4837895e12faf48dc0da - - default default] 10.0.0.169 "GET /v2.0/extensions/agent HTTP/1.1" status: 200 len: 347 time: 0.0042410
2026-05-12 17:39:21.466 10 INFO neutron.api.wsgi [None req-d16aec57-0baa-458c-b1ca-531c7f8c2313 eeaddc3778564813ae03ac6ab96dc5ee 16260c1f825f4837895e12faf48dc0da - - default default] 10.0.0.169 "GET /v2.0/extensions/allowed-address-pairs HTTP/1.1" status: 200 len: 378 time: 0.0056024
2026-05-12 17:39:21.473 10 INFO neutron.api.wsgi [None req-7487e05d-ef0d-4387-847c-7560fd3c5b4f eeaddc3778564813ae03ac6ab96dc5ee 16260c1f825f4837895e12faf48dc0da - - default default] 10.0.0.169 "GET /v2.0/extensions/auto-allocated-topology HTTP/1.1" status: 200 len: 394 time: 0.0037913
2026-05-12 17:39:21.480 10 INFO neutron.api.wsgi [None req-379fd0be-7064-425f-8174-a2ca2e5f9dbf eeaddc3778564813ae03ac6ab96dc5ee 16260c1f825f4837895e12faf48dc0da - - default default] 10.0.0.169 "GET /v2.0/extensions/availability_zone HTTP/1.1" status: 200 len: 372 time: 0.0037374
2026-05-12 17:39:21.489 9 INFO neutron.api.wsgi [None req-acadc027-4621-4983-8266-a88a84f345d5 eeaddc3778564813ae03ac6ab96dc5ee 16260c1f825f4837895e12faf48dc0da - - default default] 10.0.0.169 "GET /v2.0/extensions/default-subnetpools HTTP/1.1" status: 200 len: 405 time: 0.0049407
2026-05-12 17:39:21.498 10 INFO neutron.api.wsgi [None req-6dde3426-6c21-481d-86be-7b44e055aaf2 eeaddc3778564813ae03ac6ab96dc5ee 16260c1f825f4837895e12faf48dc0da - - default default] 10.0.0.169 "GET /v2.0/extensions/dhcp_agent_scheduler HTTP/1.1" status: 200 len: 381 time: 0.0049934
2026-05-12 17:39:21.505 10 INFO neutron.api.wsgi [None req-90271bf2-6fa5-4ff0-a16c-01c0a61ce505 eeaddc3778564813ae03ac6ab96dc5ee 16260c1f825f4837895e12faf48dc0da - - default default] 10.0.0.169 "GET /v2.0/extensions/dns-integration HTTP/1.1" status: 200 len: 366 time: 0.0034719
2026-05-12 17:39:21.516 9 INFO neutron.api.wsgi [None req-4255243f-4251-450c-9e14-d99232fc24f7 eeaddc3778564813ae03ac6ab96dc5ee 16260c1f825f4837895e12faf48dc0da - - default default] 10.0.0.169 "GET /v2.0/extensions/dns-domain-ports HTTP/1.1" status: 200 len: 399 time: 0.0044525
2026-05-12 17:39:21.528 10 INFO neutron.api.wsgi [None req-27deb1f0-620d-4233-87f5-541812a8d8c3 eeaddc3778564813ae03ac6ab96dc5ee 16260c1f825f4837895e12faf48dc0da - - default default] 10.0.0.169 "GET /v2.0/extensions/dns-integration-domain-keywords HTTP/1.1" status: 200 len: 477 time: 0.0081804
2026-05-12 17:39:21.539 9 INFO neutron.api.wsgi [None req-f4cf5ad8-ef95-4ba6-b24b-e28cf68dd064 eeaddc3778564813ae03ac6ab96dc5ee 16260c1f825f4837895e12faf48dc0da - - default default] 10.0.0.169 "GET /v2.0/extensions/empty-string-filtering HTTP/1.1" status: 200 len: 413 time: 0.0057421
2026-05-12 17:39:21.544 10 INFO neutron.api.wsgi [None req-93cb4cd6-4044-4baa-8d3b-a3d6054cff12 af908a90218441228adf6f3e9766d21d 18a32de8fb694b1d87babc0f826094fe - - default default] 10.0.0.169 "DELETE /v2.0/ports/fa57c5d9-271d-4289-a96b-7ae49a362a2c HTTP/1.1" status: 204 len: 168 time: 0.2856371
2026-05-12 17:39:21.546 9 INFO neutron.api.wsgi [None req-bbf207de-ea52-4939-a09a-0e78db81ec9e eeaddc3778564813ae03ac6ab96dc5ee 16260c1f825f4837895e12faf48dc0da - - default default] 10.0.0.169 "GET /v2.0/extensions/external-net HTTP/1.1" status: 200 len: 394 time: 0.0034997
2026-05-12 17:39:21.555 9 INFO neutron.api.wsgi [None req-5d2d54c9-6fd0-4cae-8841-145053f9f92b eeaddc3778564813ae03ac6ab96dc5ee 16260c1f825f4837895e12faf48dc0da - - default default] 10.0.0.169 "GET /v2.0/extensions/extra_dhcp_opt HTTP/1.1" status: 200 len: 498 time: 0.0046525
2026-05-12 17:39:21.563 10 INFO neutron.api.wsgi [None req-0aaccf0a-c033-4e8c-b872-d9e50ece6d0b eeaddc3778564813ae03ac6ab96dc5ee 16260c1f825f4837895e12faf48dc0da - - default default] 10.0.0.169 "GET /v2.0/extensions/extraroute HTTP/1.1" status: 200 len: 375 time: 0.0048068
2026-05-12 17:39:21.572 9 INFO neutron.api.wsgi [None req-7e0f7bb0-4516-4e58-ac63-4226a9efa0ce eeaddc3778564813ae03ac6ab96dc5ee 16260c1f825f4837895e12faf48dc0da - - default default] 10.0.0.169 "GET /v2.0/extensions/floating-ip-port-forwarding-detail HTTP/1.1" status: 200 len: 465 time: 0.0053070
2026-05-12 17:39:21.580 9 INFO neutron.api.wsgi [None req-91feaac0-aa50-4c5d-8945-e92f83bd8f09 eeaddc3778564813ae03ac6ab96dc5ee 16260c1f825f4837895e12faf48dc0da - - default default] 10.0.0.169 "GET /v2.0/extensions/fip-port-details HTTP/1.1" status: 200 len: 406 time: 0.0033672
2026-05-12 17:39:21.586 10 INFO neutron.api.wsgi [None req-662fde5a-e0a7-48ea-b5b3-398d2f2fc5cf af908a90218441228adf6f3e9766d21d 18a32de8fb694b1d87babc0f826094fe - - default default] 10.0.0.169 "GET /v2.0/ports HTTP/1.1" status: 200 len: 1729 time: 0.0368552
2026-05-12 17:39:21.588 9 INFO neutron.api.wsgi [None req-9acfe871-7e0c-41e4-b92a-503337a00495 eeaddc3778564813ae03ac6ab96dc5ee 16260c1f825f4837895e12faf48dc0da - - default default] 10.0.0.169 "GET /v2.0/extensions/flavors HTTP/1.1" status: 200 len: 387 time: 0.0037451
2026-05-12 17:39:21.597 9 INFO neutron.api.wsgi [None req-5466644d-ff77-41b9-b426-76fda4db9eda eeaddc3778564813ae03ac6ab96dc5ee 16260c1f825f4837895e12faf48dc0da - - default default] 10.0.0.169 "GET /v2.0/extensions/floatingip-pools HTTP/1.1" status: 200 len: 382 time: 0.0054667
2026-05-12 17:39:21.604 9 INFO neutron.api.wsgi [None req-c7e543ab-6efa-4125-b867-881e2d6434ab eeaddc3778564813ae03ac6ab96dc5ee 16260c1f825f4837895e12faf48dc0da - - default default] 10.0.0.169 "GET /v2.0/extensions/ip_allocation HTTP/1.1" status: 200 len: 356 time: 0.0034902
2026-05-12 17:39:21.606 10 INFO neutron.pecan_wsgi.hooks.translation [None req-6edfa7fd-9082-49fc-80e0-5b7ab794f76a af908a90218441228adf6f3e9766d21d 18a32de8fb694b1d87babc0f826094fe - - default default] GET failed (client error): The resource could not be found.
2026-05-12 17:39:21.607 10 INFO neutron.api.wsgi [None req-6edfa7fd-9082-49fc-80e0-5b7ab794f76a af908a90218441228adf6f3e9766d21d 18a32de8fb694b1d87babc0f826094fe - - default default] 10.0.0.169 "GET /v2.0/ports/fa57c5d9-271d-4289-a96b-7ae49a362a2c HTTP/1.1" status: 404 len: 333 time: 0.0165122
2026-05-12 17:39:21.611 9 INFO neutron.api.wsgi [None req-feb8da3f-ebc9-4e00-9cb3-5e3f4950652c eeaddc3778564813ae03ac6ab96dc5ee 16260c1f825f4837895e12faf48dc0da - - default default] 10.0.0.169 "GET /v2.0/extensions/l2_adjacency HTTP/1.1" status: 200 len: 372 time: 0.0033219
2026-05-12 17:39:21.629 10 INFO neutron.api.wsgi [None req-e9ae4a25-a0b6-40d3-938d-b704d6ef04a3 eeaddc3778564813ae03ac6ab96dc5ee 16260c1f825f4837895e12faf48dc0da - - default default] 10.0.0.169 "GET /v2.0/extensions/router HTTP/1.1" status: 200 len: 450 time: 0.0139935
2026-05-12 17:39:21.638 9 INFO neutron.api.wsgi [None req-54ea3c00-b96c-4b8c-839a-8a77f18615a5 eeaddc3778564813ae03ac6ab96dc5ee 16260c1f825f4837895e12faf48dc0da - - default default] 10.0.0.169 "GET /v2.0/extensions/enable-default-route-bfd HTTP/1.1" status: 200 len: 406 time: 0.0042577
2026-05-12 17:39:21.647 9 INFO neutron.api.wsgi [None req-ccb1813f-cd9c-4f39-a362-ec69d5966900 eeaddc3778564813ae03ac6ab96dc5ee 16260c1f825f4837895e12faf48dc0da - - default default] 10.0.0.169 "GET /v2.0/extensions/enable-default-route-ecmp HTTP/1.1" status: 200 len: 409 time: 0.0054917
2026-05-12 17:39:21.656 9 INFO neutron.api.wsgi [None req-197cb3c6-f615-4486-9d7d-f6c2659241df eeaddc3778564813ae03ac6ab96dc5ee 16260c1f825f4837895e12faf48dc0da - - default default] 10.0.0.169 "GET /v2.0/extensions/ext-gw-mode HTTP/1.1" status: 200 len: 462 time: 0.0041509
2026-05-12 17:39:21.665 10 INFO neutron.api.wsgi [None req-0a7affd4-0cd6-4d18-a7c3-17fbdc82d0e2 af908a90218441228adf6f3e9766d21d 18a32de8fb694b1d87babc0f826094fe - - default default] 10.0.0.169 "GET /v2.0/ports HTTP/1.1" status: 200 len: 1729 time: 0.0515144
2026-05-12 17:39:21.667 9 INFO neutron.api.wsgi [None req-1b216b2b-56d6-480c-9e97-815c98c107b5 eeaddc3778564813ae03ac6ab96dc5ee 16260c1f825f4837895e12faf48dc0da - - default default] 10.0.0.169 "GET /v2.0/extensions/l3-ha HTTP/1.1" status: 200 len: 360 time: 0.0061622
2026-05-12 17:39:21.675 10 INFO neutron.api.wsgi [None req-5e22a402-cdc5-401c-be25-6e3e4b4534cb eeaddc3778564813ae03ac6ab96dc5ee 16260c1f825f4837895e12faf48dc0da - - default default] 10.0.0.169 "GET /v2.0/extensions/external-gateway-multihoming HTTP/1.1" status: 200 len: 421 time: 0.0042012
2026-05-12 17:39:21.693 10 INFO neutron.api.wsgi [None req-3522c52a-1013-4e5c-a991-8c3a4e99631e eeaddc3778564813ae03ac6ab96dc5ee 16260c1f825f4837895e12faf48dc0da - - default default] 10.0.0.169 "GET /v2.0/extensions/l3-flavors HTTP/1.1" status: 200 len: 366 time: 0.0140676
2026-05-12 17:39:21.702 10 INFO neutron.api.wsgi [None req-b2153aa4-6c1b-4140-bd82-68d1f358d2d2 eeaddc3778564813ae03ac6ab96dc5ee 16260c1f825f4837895e12faf48dc0da - - default default] 10.0.0.169 "GET /v2.0/extensions/logging HTTP/1.1" status: 200 len: 407 time: 0.0048938
2026-05-12 17:39:21.709 10 INFO neutron.api.wsgi [None req-dca4c4c4-073f-4c2c-a0c3-c4b3528291ef eeaddc3778564813ae03ac6ab96dc5ee 16260c1f825f4837895e12faf48dc0da - - default default] 10.0.0.169 "GET /v2.0/extensions/multi-provider HTTP/1.1" status: 200 len: 406 time: 0.0040684
2026-05-12 17:39:21.717 10 INFO neutron.api.wsgi [None req-b8ab22ed-c9ea-44ce-a88b-e5e2f074c838 eeaddc3778564813ae03ac6ab96dc5ee 16260c1f825f4837895e12faf48dc0da - - default default] 10.0.0.169 "GET /v2.0/extensions/net-mtu HTTP/1.1" status: 200 len: 370 time: 0.0041144
2026-05-12 17:39:21.724 10 INFO neutron.api.wsgi [None req-351e7c5b-d467-4336-868f-42c43d05f65b eeaddc3778564813ae03ac6ab96dc5ee 16260c1f825f4837895e12faf48dc0da - - default default] 10.0.0.169 "GET /v2.0/extensions/net-mtu-writable HTTP/1.1" status: 200 len: 401 time: 0.0036638
2026-05-12 17:39:21.732 10 INFO neutron.api.wsgi [None req-05454654-ac70-4d74-8d09-bc860c397035 eeaddc3778564813ae03ac6ab96dc5ee 16260c1f825f4837895e12faf48dc0da - - default default] 10.0.0.169 "GET /v2.0/extensions/network_availability_zone HTTP/1.1" status: 200 len: 394 time: 0.0037093
2026-05-12 17:39:21.736 9 INFO neutron.api.wsgi [None req-84d81703-0b45-425f-948b-10060d77b50c af908a90218441228adf6f3e9766d21d 18a32de8fb694b1d87babc0f826094fe - - default default] 10.0.0.169 "GET /v2.0/ports/704a3134-22d4-456b-95f9-1e70341ef609 HTTP/1.1" status: 200 len: 969 time: 0.0645583
2026-05-12 17:39:21.739 10 INFO neutron.api.wsgi [None req-093b826f-5ed2-4d99-a782-dfcebc6c1677 eeaddc3778564813ae03ac6ab96dc5ee 16260c1f825f4837895e12faf48dc0da - - default default] 10.0.0.169 "GET /v2.0/extensions/network-ip-availability HTTP/1.1" status: 200 len: 410 time: 0.0040128
2026-05-12 17:39:21.746 10 INFO neutron.api.wsgi [None req-8fd0c2d5-324f-4196-9835-041b161c520a eeaddc3778564813ae03ac6ab96dc5ee 16260c1f825f4837895e12faf48dc0da - - default default] 10.0.0.169 "GET /v2.0/extensions/pagination HTTP/1.1" status: 200 len: 386 time: 0.0036635
2026-05-12 17:39:21.752 10 INFO neutron.api.wsgi [None req-3745d27c-9d6c-4033-ad16-e3f13332b56a eeaddc3778564813ae03ac6ab96dc5ee 16260c1f825f4837895e12faf48dc0da - - default default] 10.0.0.169 "GET /v2.0/extensions/port-device-profile HTTP/1.1" status: 200 len: 383 time: 0.0033846
2026-05-12 17:39:21.758 9 INFO neutron.api.wsgi [None req-e6479e91-e95c-4bd8-a39c-18cd7fe875b8 eeaddc3778564813ae03ac6ab96dc5ee 16260c1f825f4837895e12faf48dc0da - - default default] 10.0.0.169 "GET /v2.0/extensions/port-mac-address-regenerate HTTP/1.1" status: 200 len: 403 time: 0.0035417
2026-05-12 17:39:21.767 9 INFO neutron.pecan_wsgi.hooks.translation [None req-96a79b47-5a35-4d83-823d-011724dbf134 af908a90218441228adf6f3e9766d21d 18a32de8fb694b1d87babc0f826094fe - - default default] DELETE failed (client error): The resource could not be found.
2026-05-12 17:39:21.771 10 INFO neutron.api.wsgi [None req-1ebc9435-e25d-4e7e-8ad2-5345357d3fc2 eeaddc3778564813ae03ac6ab96dc5ee 16260c1f825f4837895e12faf48dc0da - - default default] 10.0.0.169 "GET /v2.0/extensions/port-numa-affinity-policy HTTP/1.1" status: 200 len: 392 time: 0.0082684
2026-05-12 17:39:21.771 9 INFO neutron.api.wsgi [None req-96a79b47-5a35-4d83-823d-011724dbf134 af908a90218441228adf6f3e9766d21d 18a32de8fb694b1d87babc0f826094fe - - default default] 10.0.0.169 "DELETE /v2.0/ports/4df06b45-c402-4e7a-9954-f6254a0160c5 HTTP/1.1" status: 404 len: 333 time: 0.0278840
2026-05-12 17:39:21.780 9 INFO neutron.api.wsgi [None req-2dfff032-aa39-4bb0-91d6-2c21fea7bfb5 eeaddc3778564813ae03ac6ab96dc5ee 16260c1f825f4837895e12faf48dc0da - - default default] 10.0.0.169 "GET /v2.0/extensions/port-numa-affinity-policy-socket HTTP/1.1" status: 200 len: 434 time: 0.0037708
2026-05-12 17:39:21.787 10 INFO neutron.pecan_wsgi.hooks.translation [None req-2380bd92-2bad-4751-bd7e-14fab17c7ce3 af908a90218441228adf6f3e9766d21d 18a32de8fb694b1d87babc0f826094fe - - default default] DELETE failed (client error): The resource could not be found.
2026-05-12 17:39:21.787 9 INFO neutron.api.wsgi [None req-9b5a2b72-33cb-4c22-8e21-ec988263c807 eeaddc3778564813ae03ac6ab96dc5ee 16260c1f825f4837895e12faf48dc0da - - default default] 10.0.0.169 "GET /v2.0/extensions/port-resource-request HTTP/1.1" status: 200 len: 379 time: 0.0043566
2026-05-12 17:39:21.789 10 INFO neutron.api.wsgi [None req-2380bd92-2bad-4751-bd7e-14fab17c7ce3 af908a90218441228adf6f3e9766d21d 18a32de8fb694b1d87babc0f826094fe - - default default] 10.0.0.169 "DELETE /v2.0/subnets/81f92dc2-19a7-4834-8a94-566b74bb0c31 HTTP/1.1" status: 404 len: 337 time: 0.0132747
2026-05-12 17:39:21.795 10 INFO neutron.api.wsgi [None req-c85cd273-7286-477d-a881-f01c40c6d82e eeaddc3778564813ae03ac6ab96dc5ee 16260c1f825f4837895e12faf48dc0da - - default default] 10.0.0.169 "GET /v2.0/extensions/port-resource-request-groups HTTP/1.1" status: 200 len: 465 time: 0.0045271
2026-05-12 17:39:21.803 10 INFO neutron.api.wsgi [None req-617a18d5-2864-4962-80ea-4c209987a953 eeaddc3778564813ae03ac6ab96dc5ee 16260c1f825f4837895e12faf48dc0da - - default default] 10.0.0.169 "GET /v2.0/extensions/binding HTTP/1.1" status: 200 len: 387 time: 0.0040414
2026-05-12 17:39:21.807 9 INFO neutron.pecan_wsgi.hooks.translation [None req-a8de87b9-8fff-46fd-8dbe-391499c1380c af908a90218441228adf6f3e9766d21d 18a32de8fb694b1d87babc0f826094fe - - default default] DELETE failed (client error): The resource could not be found.
2026-05-12 17:39:21.809 10 INFO neutron.api.wsgi [None req-02e9fd2b-822d-4709-a885-37b822e447b5 eeaddc3778564813ae03ac6ab96dc5ee 16260c1f825f4837895e12faf48dc0da - - default default] 10.0.0.169 "GET /v2.0/extensions/binding-extended HTTP/1.1" status: 200 len: 406 time: 0.0039465
2026-05-12 17:39:21.812 9 INFO neutron.api.wsgi [None req-a8de87b9-8fff-46fd-8dbe-391499c1380c af908a90218441228adf6f3e9766d21d 18a32de8fb694b1d87babc0f826094fe - - default default] 10.0.0.169 "DELETE /v2.0/subnets/b56e4f6e-ae1b-42e3-90c7-668d1623b278 HTTP/1.1" status: 404 len: 337 time: 0.0204191
2026-05-12 17:39:21.816 10 INFO neutron.api.wsgi [None req-3e4aaa00-bda6-40da-88a6-326b8097911c eeaddc3778564813ae03ac6ab96dc5ee 16260c1f825f4837895e12faf48dc0da - - default default] 10.0.0.169 "GET /v2.0/extensions/port-security HTTP/1.1" status: 200 len: 354 time: 0.0040071
2026-05-12 17:39:21.826 10 INFO neutron.api.wsgi [None req-b8187d11-eafd-46e3-a7ef-1e2b502aba84 eeaddc3778564813ae03ac6ab96dc5ee 16260c1f825f4837895e12faf48dc0da - - default default] 10.0.0.169 "GET /v2.0/extensions/project-id HTTP/1.1" status: 200 len: 398 time: 0.0065718
2026-05-12 17:39:21.835 10 INFO neutron.api.wsgi [None req-8a293846-751d-4848-9f64-a38ab196be92 eeaddc3778564813ae03ac6ab96dc5ee 16260c1f825f4837895e12faf48dc0da - - default default] 10.0.0.169 "GET /v2.0/extensions/provider HTTP/1.1" status: 200 len: 385 time: 0.0040946
2026-05-12 17:39:21.842 10 INFO neutron.api.wsgi [None req-fa907b40-380d-4995-9221-a77ebca03949 eeaddc3778564813ae03ac6ab96dc5ee 16260c1f825f4837895e12faf48dc0da - - default default] 10.0.0.169 "GET /v2.0/extensions/qos HTTP/1.1" status: 200 len: 360 time: 0.0035903
2026-05-12 17:39:21.849 10 INFO neutron.api.wsgi [None req-d85eb038-fb71-405c-8973-f37e00fa76a0 eeaddc3778564813ae03ac6ab96dc5ee 16260c1f825f4837895e12faf48dc0da - - default default] 10.0.0.169 "GET /v2.0/extensions/qos-bw-limit-direction HTTP/1.1" status: 200 len: 452 time: 0.0039108
2026-05-12 17:39:21.857 10 INFO neutron.api.wsgi [None req-838355e5-d602-4023-8429-f498e8348f37 eeaddc3778564813ae03ac6ab96dc5ee 16260c1f825f4837895e12faf48dc0da - - default default] 10.0.0.169 "GET /v2.0/extensions/qos-bw-minimum-ingress HTTP/1.1" status: 200 len: 445 time: 0.0048931
2026-05-12 17:39:21.867 10 INFO neutron.api.wsgi [None req-fa7578d6-a8b9-4902-bc25-8c70fe67acf5 eeaddc3778564813ae03ac6ab96dc5ee 16260c1f825f4837895e12faf48dc0da - - default default] 10.0.0.169 "GET /v2.0/extensions/qos-default HTTP/1.1" status: 200 len: 377 time: 0.0039482
2026-05-12 17:39:21.874 10 INFO neutron.api.wsgi [None req-3db3b4c5-6832-4dbc-b8b0-268a08b2c5d0 eeaddc3778564813ae03ac6ab96dc5ee 16260c1f825f4837895e12faf48dc0da - - default default] 10.0.0.169 "GET /v2.0/extensions/qos-fip HTTP/1.1" status: 200 len: 372 time: 0.0036190
2026-05-12 17:39:21.881 10 INFO neutron.api.wsgi [None req-4227fa50-1814-4ae7-aa71-f1f337fea8c7 eeaddc3778564813ae03ac6ab96dc5ee 16260c1f825f4837895e12faf48dc0da - - default default] 10.0.0.169 "GET /v2.0/extensions/qos-gateway-ip HTTP/1.1" status: 200 len: 391 time: 0.0040531
2026-05-12 17:39:21.887 10 INFO neutron.api.wsgi [None req-1c7a4d0e-30d1-4f05-9fef-3f00ec581631 eeaddc3778564813ae03ac6ab96dc5ee 16260c1f825f4837895e12faf48dc0da - - default default] 10.0.0.169 "GET /v2.0/extensions/qos-port-network-policy HTTP/1.1" status: 200 len: 403 time: 0.0028772
2026-05-12 17:39:21.893 9 INFO neutron.db.ovn_revision_numbers_db [None req-a8c11e37-85ac-4660-96dc-e3a4f1752d53 - - - - - -] Successfully bumped revision number for resource 8c7a0de9-0773-412a-8290-1b38b28ec0f7 (type: ports) to 2
2026-05-12 17:39:21.893 10 INFO neutron.api.wsgi [None req-90907d10-6fc4-47d0-aea7-f47a47eecd9f eeaddc3778564813ae03ac6ab96dc5ee 16260c1f825f4837895e12faf48dc0da - - default default] 10.0.0.169 "GET /v2.0/extensions/qos-pps-minimum HTTP/1.1" status: 200 len: 397 time: 0.0028441
2026-05-12 17:39:21.903 10 INFO neutron.api.wsgi [None req-fefcc2fd-0c9a-40bc-857c-e7e29518fa73 eeaddc3778564813ae03ac6ab96dc5ee 16260c1f825f4837895e12faf48dc0da - - default default] 10.0.0.169 "GET /v2.0/extensions/qos-pps-minimum-rule-alias HTTP/1.1" status: 200 len: 471 time: 0.0042090
2026-05-12 17:39:21.910 10 INFO neutron.api.wsgi [None req-a0935404-49aa-4c31-b5e8-241216a7a722 eeaddc3778564813ae03ac6ab96dc5ee 16260c1f825f4837895e12faf48dc0da - - default default] 10.0.0.169 "GET /v2.0/extensions/qos-pps HTTP/1.1" status: 200 len: 389 time: 0.0040102
2026-05-12 17:39:21.917 10 INFO neutron.api.wsgi [None req-ab491229-a789-49f8-b44d-95e340026ece eeaddc3778564813ae03ac6ab96dc5ee 16260c1f825f4837895e12faf48dc0da - - default default] 10.0.0.169 "GET /v2.0/extensions/qos-rule-type-details HTTP/1.1" status: 200 len: 423 time: 0.0038302
2026-05-12 17:39:21.924 10 INFO neutron.api.wsgi [None req-d8f478b2-a2d8-4a2c-a7c1-5d523b3bb55d eeaddc3778564813ae03ac6ab96dc5ee 16260c1f825f4837895e12faf48dc0da - - default default] 10.0.0.169 "GET /v2.0/extensions/qos-rule-type-filter HTTP/1.1" status: 200 len: 567 time: 0.0038776
2026-05-12 17:39:21.927 9 INFO neutron.db.ovn_revision_numbers_db [None req-a8c11e37-85ac-4660-96dc-e3a4f1752d53 - - - - - -] Successfully bumped revision number for resource e345b422-cbd5-47d5-b345-4796a7c70bfc (type: subnets) to 0
2026-05-12 17:39:21.931 10 INFO neutron.api.wsgi [None req-e8bf8d64-e4f8-4abe-bc34-6424c3329146 eeaddc3778564813ae03ac6ab96dc5ee 16260c1f825f4837895e12faf48dc0da - - default default] 10.0.0.169 "GET /v2.0/extensions/qos-rules-alias HTTP/1.1" status: 200 len: 448 time: 0.0037639
2026-05-12 17:39:21.939 10 INFO neutron.api.wsgi [None req-a344bc62-41b5-4db3-af2e-b404cf4a9141 eeaddc3778564813ae03ac6ab96dc5ee 16260c1f825f4837895e12faf48dc0da - - default default] 10.0.0.169 "GET /v2.0/extensions/quota-check-limit HTTP/1.1" status: 200 len: 420 time: 0.0051458
2026-05-12 17:39:21.944 9 INFO neutron.api.wsgi [None req-a02b6cb8-f283-4a8e-865c-4cb8f007456f 924e117230fc4232abe1b588111dacbd 9b31785bde5f47fe95d07215773a6c6a - - default default] 10.0.0.169 "POST /v2.0/subnets HTTP/1.1" status: 201 len: 1474 time: 1.4112408
2026-05-12 17:39:21.947 10 INFO neutron.api.wsgi [None req-9e3440fe-d57e-4446-8118-435620edf7db eeaddc3778564813ae03ac6ab96dc5ee 16260c1f825f4837895e12faf48dc0da - - default default] 10.0.0.169 "GET /v2.0/extensions/quotas HTTP/1.1" status: 200 len: 386 time: 0.0036530
2026-05-12 17:39:21.957 10 INFO neutron.api.wsgi [None req-02bb5a76-5b98-461d-a4cd-353b25cac867 eeaddc3778564813ae03ac6ab96dc5ee 16260c1f825f4837895e12faf48dc0da - - default default] 10.0.0.169 "GET /v2.0/extensions/quota_details HTTP/1.1" status: 200 len: 407 time: 0.0047350
2026-05-12 17:39:21.965 10 INFO neutron.api.wsgi [None req-6c9f1a67-af2e-4970-8837-a6fa97c2a219 eeaddc3778564813ae03ac6ab96dc5ee 16260c1f825f4837895e12faf48dc0da - - default default] 10.0.0.169 "GET /v2.0/extensions/rbac-policies HTTP/1.1" status: 200 len: 417 time: 0.0041571
2026-05-12 17:39:21.973 10 INFO neutron.api.wsgi [None req-319544f1-ed3b-4202-bafd-8dbe2fcd2aaa eeaddc3778564813ae03ac6ab96dc5ee 16260c1f825f4837895e12faf48dc0da - - default default] 10.0.0.169 "GET /v2.0/extensions/rbac-address-scope HTTP/1.1" status: 200 len: 384 time: 0.0043075
2026-05-12 17:39:21.982 10 INFO neutron.api.wsgi [None req-36f84c1b-5c34-42cf-a1fe-1885ac12d75a eeaddc3778564813ae03ac6ab96dc5ee 16260c1f825f4837895e12faf48dc0da - - default default] 10.0.0.169 "GET /v2.0/extensions/rbac-security-groups HTTP/1.1" status: 200 len: 404 time: 0.0039384
2026-05-12 17:39:21.983 9 INFO neutron.api.wsgi [None req-7ea05dae-c3ee-4403-9647-b730693acaf8 924e117230fc4232abe1b588111dacbd 9b31785bde5f47fe95d07215773a6c6a - - default default] 10.0.0.169 "GET /v2.0/subnets HTTP/1.1" status: 200 len: 2105 time: 0.0343864
2026-05-12 17:39:22.003 9 INFO neutron.api.wsgi [None req-05e679ff-9013-4612-ab62-28114df0d457 eeaddc3778564813ae03ac6ab96dc5ee 16260c1f825f4837895e12faf48dc0da - - default default] 10.0.0.169 "GET /v2.0/extensions/revision-if-match HTTP/1.1" status: 200 len: 441 time: 0.0148714
2026-05-12 17:39:22.011 9 INFO neutron.api.wsgi [None req-82cf6963-eefe-4063-8d84-e7e3acad82c3 eeaddc3778564813ae03ac6ab96dc5ee 16260c1f825f4837895e12faf48dc0da - - default default] 10.0.0.169 "GET /v2.0/extensions/standard-attr-revisions HTTP/1.1" status: 200 len: 423 time: 0.0032625
2026-05-12 17:39:22.018 9 INFO neutron.api.wsgi [None req-cacacd08-df9a-4912-9884-7d9c63c15aed eeaddc3778564813ae03ac6ab96dc5ee 16260c1f825f4837895e12faf48dc0da - - default default] 10.0.0.169 "GET /v2.0/extensions/router_availability_zone HTTP/1.1" status: 200 len: 391 time: 0.0044205
2026-05-12 17:39:22.026 10 INFO neutron.api.wsgi [None req-ad62ecf2-8575-43f7-9166-a40a7057419e eeaddc3778564813ae03ac6ab96dc5ee 16260c1f825f4837895e12faf48dc0da - - default default] 10.0.0.169 "GET /v2.0/extensions/security-groups-default-rules HTTP/1.1" status: 200 len: 456 time: 0.0037520
2026-05-12 17:39:22.032 10 INFO neutron.api.wsgi [None req-59a1cc7b-44a7-427d-8c1f-2651a1dc7747 eeaddc3778564813ae03ac6ab96dc5ee 16260c1f825f4837895e12faf48dc0da - - default default] 10.0.0.169 "GET /v2.0/extensions/security-groups-normalized-cidr HTTP/1.1" status: 200 len: 445 time: 0.0027862
2026-05-12 17:39:22.039 10 INFO neutron.api.wsgi [None req-83e1422a-071a-4509-8a2d-e3d6ab4cc61f eeaddc3778564813ae03ac6ab96dc5ee 16260c1f825f4837895e12faf48dc0da - - default default] 10.0.0.169 "GET /v2.0/extensions/security-groups-remote-address-group HTTP/1.1" status: 200 len: 448 time: 0.0031774
2026-05-12 17:39:22.045 10 INFO neutron.api.wsgi [None req-e4d202ed-b2e0-482e-9632-57135bda10f1 eeaddc3778564813ae03ac6ab96dc5ee 16260c1f825f4837895e12faf48dc0da - - default default] 10.0.0.169 "GET /v2.0/extensions/security-groups-rules-belongs-to-default-sg HTTP/1.1" status: 200 len: 508 time: 0.0037398
2026-05-12 17:39:22.052 10 INFO neutron.api.wsgi [None req-bb834c03-243e-4913-88cb-86629189aed8 eeaddc3778564813ae03ac6ab96dc5ee 16260c1f825f4837895e12faf48dc0da - - default default] 10.0.0.169 "GET /v2.0/extensions/security-groups-shared-filtering HTTP/1.1" status: 200 len: 435 time: 0.0035200
2026-05-12 17:39:22.063 9 INFO neutron.api.wsgi [None req-d24bcca4-aec3-462c-b75b-3bdae8f69538 eeaddc3778564813ae03ac6ab96dc5ee 16260c1f825f4837895e12faf48dc0da - - default default] 10.0.0.169 "GET /v2.0/extensions/security-group HTTP/1.1" status: 200 len: 364 time: 0.0046592
2026-05-12 17:39:22.072 10 INFO neutron.api.wsgi [None req-59716dec-0a0f-4c34-8f89-ce9a3cb0255e eeaddc3778564813ae03ac6ab96dc5ee 16260c1f825f4837895e12faf48dc0da - - default default] 10.0.0.169 "GET /v2.0/extensions/segment HTTP/1.1" status: 200 len: 339 time: 0.0050573
2026-05-12 17:39:22.081 9 INFO neutron.api.wsgi [None req-0213e92c-f096-4f96-a59d-744458b78cd6 eeaddc3778564813ae03ac6ab96dc5ee 16260c1f825f4837895e12faf48dc0da - - default default] 10.0.0.169 "GET /v2.0/extensions/segments-peer-subnet-host-routes HTTP/1.1" status: 200 len: 427 time: 0.0050590
2026-05-12 17:39:22.088 9 INFO neutron.api.wsgi [None req-8285569f-f591-49b6-b99b-028f3000d48b af908a90218441228adf6f3e9766d21d 18a32de8fb694b1d87babc0f826094fe - - default default] 10.0.0.169 "DELETE /v2.0/ports/704a3134-22d4-456b-95f9-1e70341ef609 HTTP/1.1" status: 204 len: 168 time: 0.2714524
2026-05-12 17:39:22.094 10 INFO neutron.api.wsgi [None req-250dca1e-8740-4cc8-925e-dfdfd827b703 eeaddc3778564813ae03ac6ab96dc5ee 16260c1f825f4837895e12faf48dc0da - - default default] 10.0.0.169 "GET /v2.0/extensions/service-type HTTP/1.1" status: 200 len: 415 time: 0.0087736
2026-05-12 17:39:22.102 10 INFO neutron.api.wsgi [None req-ae93b9c9-e657-4f39-9adc-0384eb6c89ca eeaddc3778564813ae03ac6ab96dc5ee 16260c1f825f4837895e12faf48dc0da - - default default] 10.0.0.169 "GET /v2.0/extensions/sorting HTTP/1.1" status: 200 len: 377 time: 0.0034564
2026-05-12 17:39:22.109 10 INFO neutron.api.wsgi [None req-7c65a10b-0283-428f-87d7-87b1ea32b0bb eeaddc3778564813ae03ac6ab96dc5ee 16260c1f825f4837895e12faf48dc0da - - default default] 10.0.0.169 "GET /v2.0/extensions/standard-attr-segment HTTP/1.1" status: 200 len: 406 time: 0.0031769
2026-05-12 17:39:22.115 10 INFO neutron.api.wsgi [None req-fc5e0402-9536-41a7-a431-68d32cfe355e eeaddc3778564813ae03ac6ab96dc5ee 16260c1f825f4837895e12faf48dc0da - - default default] 10.0.0.169 "GET /v2.0/extensions/standard-attr-description HTTP/1.1" status: 200 len: 408 time: 0.0035067
2026-05-12 17:39:22.124 10 INFO neutron.api.wsgi [None req-9b8215ba-0641-4775-a31e-b880c47035a9 eeaddc3778564813ae03ac6ab96dc5ee 16260c1f825f4837895e12faf48dc0da - - default default] 10.0.0.169 "GET /v2.0/extensions/stateful-security-group HTTP/1.1" status: 200 len: 402 time: 0.0049927
2026-05-12 17:39:22.129 10 INFO neutron.api.wsgi [None req-98bc9c35-997a-49b7-98e0-d36f91a40537 eeaddc3778564813ae03ac6ab96dc5ee 16260c1f825f4837895e12faf48dc0da - - default default] 10.0.0.169 "GET /v2.0/extensions/subnet-dns-publish-fixed-ip HTTP/1.1" status: 200 len: 421 time: 0.0030441
2026-05-12 17:39:22.143 9 INFO neutron.api.wsgi [None req-5ef973b5-780c-4ad1-a923-5e1ce5cb8d8d eeaddc3778564813ae03ac6ab96dc5ee 16260c1f825f4837895e12faf48dc0da - - default default] 10.0.0.169 "GET /v2.0/extensions/subnet-external-network HTTP/1.1" status: 200 len: 418 time: 0.0102973
2026-05-12 17:39:22.160 9 INFO neutron.api.wsgi [None req-63c6ad92-f8c2-4b0e-860d-3b9ba0ef7dde eeaddc3778564813ae03ac6ab96dc5ee 16260c1f825f4837895e12faf48dc0da - - default default] 10.0.0.169 "GET /v2.0/extensions/subnet-segmentid-writable HTTP/1.1" status: 200 len: 421 time: 0.0051281
2026-05-12 17:39:22.170 9 INFO neutron.api.wsgi [None req-d5b6ac2f-e465-4edf-bbda-859204b24b99 eeaddc3778564813ae03ac6ab96dc5ee 16260c1f825f4837895e12faf48dc0da - - default default] 10.0.0.169 "GET /v2.0/extensions/subnet-service-types HTTP/1.1" status: 200 len: 400 time: 0.0032763
2026-05-12 17:39:22.179 10 INFO neutron.api.wsgi [None req-25940222-c87e-4627-8340-be45f46a1f6d 924e117230fc4232abe1b588111dacbd 9b31785bde5f47fe95d07215773a6c6a - - default default] 10.0.0.169 "DELETE /v2.0/subnets/92b77f97-5869-4adb-87ca-743686bb3657 HTTP/1.1" status: 204 len: 168 time: 0.1899593
2026-05-12 17:39:22.183 10 INFO neutron.api.wsgi [None req-4dd7843f-5fbe-4e8c-939b-883ecf059fe8 eeaddc3778564813ae03ac6ab96dc5ee 16260c1f825f4837895e12faf48dc0da - - default default] 10.0.0.169 "GET /v2.0/extensions/subnet_allocation HTTP/1.1" status: 200 len: 388 time: 0.0088983
2026-05-12 17:39:22.189 10 INFO neutron.api.wsgi [None req-fd150697-7205-4067-a92c-a684530a642f eeaddc3778564813ae03ac6ab96dc5ee 16260c1f825f4837895e12faf48dc0da - - default default] 10.0.0.169 "GET /v2.0/extensions/subnetpool-prefix-ops HTTP/1.1" status: 200 len: 418 time: 0.0025446
2026-05-12 17:39:22.197 10 INFO neutron.api.wsgi [None req-96587079-7cca-44f6-a553-c61bddfaad1f eeaddc3778564813ae03ac6ab96dc5ee 16260c1f825f4837895e12faf48dc0da - - default default] 10.0.0.169 "GET /v2.0/extensions/tag-creation HTTP/1.1" status: 200 len: 384 time: 0.0038109
2026-05-12 17:39:22.204 10 INFO neutron.api.wsgi [None req-7e51dbdd-9b13-4ee6-8272-69bc1cd939a5 eeaddc3778564813ae03ac6ab96dc5ee 16260c1f825f4837895e12faf48dc0da - - default default] 10.0.0.169 "GET /v2.0/extensions/standard-attr-tag HTTP/1.1" status: 200 len: 537 time: 0.0043385
2026-05-12 17:39:22.214 10 INFO neutron.api.wsgi [None req-90e38f3e-939f-4a8c-9038-d516e4ec009c eeaddc3778564813ae03ac6ab96dc5ee 16260c1f825f4837895e12faf48dc0da - - default default] 10.0.0.169 "GET /v2.0/extensions/standard-attr-timestamp HTTP/1.1" status: 200 len: 449 time: 0.0053666
2026-05-12 17:39:22.221 10 INFO neutron.api.wsgi [None req-1274e146-5a48-4817-bc74-687788b28b1e eeaddc3778564813ae03ac6ab96dc5ee 16260c1f825f4837895e12faf48dc0da - - default default] 10.0.0.169 "GET /v2.0/extensions/trunk HTTP/1.1" status: 200 len: 358 time: 0.0033567
2026-05-12 17:39:22.229 10 INFO neutron.api.wsgi [None req-4f297231-7bc9-4ab1-bf11-e94a21b3d2d6 eeaddc3778564813ae03ac6ab96dc5ee 16260c1f825f4837895e12faf48dc0da - - default default] 10.0.0.169 "GET /v2.0/extensions/trunk-details HTTP/1.1" status: 200 len: 362 time: 0.0040526
2026-05-12 17:39:22.239 10 INFO neutron.api.wsgi [None req-7483ffea-9a23-47eb-92e0-f1d3a9eb14d3 eeaddc3778564813ae03ac6ab96dc5ee 16260c1f825f4837895e12faf48dc0da - - default default] 10.0.0.169 "GET /v2.0/extensions/vpn-agent-scheduler HTTP/1.1" status: 200 len: 393 time: 0.0051897
2026-05-12 17:39:22.247 10 INFO neutron.api.wsgi [None req-972ceb49-7982-4651-96a9-7502d9341342 eeaddc3778564813ae03ac6ab96dc5ee 16260c1f825f4837895e12faf48dc0da - - default default] 10.0.0.169 "GET /v2.0/extensions/vpn-endpoint-groups HTTP/1.1" status: 200 len: 371 time: 0.0048196
2026-05-12 17:39:22.256 10 INFO neutron.api.wsgi [None req-d9359a0e-9591-4ced-8013-042fdd60ae9c eeaddc3778564813ae03ac6ab96dc5ee 16260c1f825f4837895e12faf48dc0da - - default default] 10.0.0.169 "GET /v2.0/extensions/vpn-flavors HTTP/1.1" status: 200 len: 376 time: 0.0041857
2026-05-12 17:39:22.262 10 INFO neutron.api.wsgi [None req-1d16e3cc-f1c9-4d40-ad1c-50f4c2519bd1 eeaddc3778564813ae03ac6ab96dc5ee 16260c1f825f4837895e12faf48dc0da - - default default] 10.0.0.169 "GET /v2.0/extensions/vpnaas HTTP/1.1" status: 200 len: 348 time: 0.0037866
2026-05-12 17:39:22.367 9 INFO neutron.api.wsgi [None req-08e693f9-84d1-49a1-ba56-3a081a3b677a 924e117230fc4232abe1b588111dacbd 9b31785bde5f47fe95d07215773a6c6a - - default default] 10.0.0.169 "DELETE /v2.0/subnets/e345b422-cbd5-47d5-b345-4796a7c70bfc HTTP/1.1" status: 204 len: 168 time: 0.1842601
2026-05-12 17:39:22.402 10 INFO neutron.api.wsgi [None req-f1472990-1142-4258-abe4-3df55b1098c1 924e117230fc4232abe1b588111dacbd 9b31785bde5f47fe95d07215773a6c6a - - default default] 10.0.0.169 "GET /v2.0/subnets HTTP/1.1" status: 200 len: 843 time: 0.0300000
2026-05-12 17:39:22.439 9 INFO neutron.services.segments.plugin [-] Segment 7b7cf69a-1e83-4934-8268-e40d24122bdb resource provider aggregate not found
2026-05-12 17:39:22.442 9 INFO neutron.services.segments.plugin [-] Segment 7b7cf69a-1e83-4934-8268-e40d24122bdb resource provider aggregate not found
2026-05-12 17:39:22.452 9 INFO neutron.api.wsgi [req-cb741a53-0f25-417d-bdd4-fa7ee17ec615 req-dc835708-1706-4b22-9884-9af5abcf7037 f52360746e69488ca011ab4b3ebb1235 3d9dd961b4294a1babc5063f1d09ac8f - - default default] 10.0.0.119 "GET /v2.0/ports?device_id=5cf3f226-6135-49ea-8bab-b562d2a0c1af HTTP/1.1" status: 200 len: 1174 time: 0.0766966
2026-05-12 17:39:22.453 9 INFO neutron.services.segments.plugin [-] Segment 7b7cf69a-1e83-4934-8268-e40d24122bdb resource provider not found; error: Placement Client Error (4xx): {"errors": [{"status": 404, "title": "Not Found", "detail": "The resource could not be found.\n\n No resource provider with uuid 7b7cf69a-1e83-4934-8268-e40d24122bdb found for delete ", "request_id": "req-b27bc7df-c9a7-40c3-9b6d-bbe176fd6769"}]}
