2026-05-12 17:40:37.098 9 INFO neutron.api.wsgi [req-a6b29cb7-c2f2-4d31-a007-6141fc98e9cc req-30ec2c65-dc10-4626-9aa2-38efeb59597e a80aff6c40d24322ad9160b386e6296b b53c7c33903a424ca86f9ff5ea694ca5 - - 245026527e4e4aa494af50c21c8ce5e1 245026527e4e4aa494af50c21c8ce5e1] 199.19.213.250 "GET /v2.0/networks/263b8d78-7b60-4d01-9aee-f9c9c46f6711?fields=segments HTTP/1.1" status: 200 len: 212 time: 0.0299017
2026-05-12 17:40:37.134 9 INFO neutron.api.wsgi [req-a6b29cb7-c2f2-4d31-a007-6141fc98e9cc req-0fadbf5f-4b23-48f1-b8b1-cd952e218dbd a80aff6c40d24322ad9160b386e6296b b53c7c33903a424ca86f9ff5ea694ca5 - - 245026527e4e4aa494af50c21c8ce5e1 245026527e4e4aa494af50c21c8ce5e1] 199.19.213.250 "GET /v2.0/networks/263b8d78-7b60-4d01-9aee-f9c9c46f6711?fields=provider%3Aphysical_network&fields=provider%3Anetwork_type HTTP/1.1" status: 200 len: 277 time: 0.0309577
2026-05-12 17:40:37.463 10 INFO neutron.plugins.ml2.drivers.ovn.mech_driver.ovsdb.commands [None req-74f3d9c2-cae2-4467-bb17-cba65fdcba46 - - - - - -] Schedule LRP lrp-8943ccde-ead5-4b90-9503-7ba0164f4223 on gateway bb0913bd-9cb3-4b5a-a2a8-6a2203fefec3 with priority 1
2026-05-12 17:40:37.490 9 INFO neutron.plugins.ml2.drivers.ovn.mech_driver.mech_driver [None req-7601db0b-7da3-4be2-a376-280e2956d13d - - - - - -] OVN reports status up for port: 8943ccde-ead5-4b90-9503-7ba0164f4223
2026-05-12 17:40:37.496 9 INFO neutron.plugins.ml2.plugin [None req-7601db0b-7da3-4be2-a376-280e2956d13d - - - - - -] Attempt 1 to provision port 8943ccde-ead5-4b90-9503-7ba0164f4223
2026-05-12 17:40:37.518 10 INFO neutron.db.ovn_revision_numbers_db [None req-b9ff484f-4ca5-479e-b511-c18d845cfde6 ca6bbcb8cc5a4639822594939500aaa4 1578889cde3f415d85e78a74a6c0cdb1 - - default default] Successfully bumped revision number for resource 8943ccde-ead5-4b90-9503-7ba0164f4223 (type: router_ports) to 1
2026-05-12 17:40:37.580 10 INFO neutron.db.ovn_revision_numbers_db [None req-b9ff484f-4ca5-479e-b511-c18d845cfde6 ca6bbcb8cc5a4639822594939500aaa4 1578889cde3f415d85e78a74a6c0cdb1 - - default default] Successfully bumped revision number for resource 569d2102-a186-4b08-8d2a-a2e246990b74 (type: routers) to 2
2026-05-12 17:40:37.596 10 INFO neutron.api.wsgi [None req-b9ff484f-4ca5-479e-b511-c18d845cfde6 ca6bbcb8cc5a4639822594939500aaa4 1578889cde3f415d85e78a74a6c0cdb1 - - default default] 10.0.0.169 "POST /v2.0/routers HTTP/1.1" status: 201 len: 1134 time: 1.1364062
2026-05-12 17:40:38.076 9 WARNING neutron.scheduler.dhcp_agent_scheduler [None req-5d317942-36b6-498d-ad77-e9d7a2865ae2 ca6bbcb8cc5a4639822594939500aaa4 1578889cde3f415d85e78a74a6c0cdb1 - - default default] No more DHCP agents
2026-05-12 17:40:38.077 9 WARNING neutron.api.rpc.agentnotifiers.dhcp_rpc_agent_api [None req-5d317942-36b6-498d-ad77-e9d7a2865ae2 ca6bbcb8cc5a4639822594939500aaa4 1578889cde3f415d85e78a74a6c0cdb1 - - default default] Unable to schedule network e5002fbd-c679-4262-ac0d-c6764b7756c5: no agents available; will retry on subsequent port and subnet creation events.
2026-05-12 17:40:38.201 9 INFO neutron.db.ovn_revision_numbers_db [None req-5d317942-36b6-498d-ad77-e9d7a2865ae2 ca6bbcb8cc5a4639822594939500aaa4 1578889cde3f415d85e78a74a6c0cdb1 - - default default] Successfully bumped revision number for resource 4a5a4dc9-fef6-44fb-b3ab-afae8fb24891 (type: ports) to 1
2026-05-12 17:40:38.267 9 INFO neutron.api.wsgi [req-5e60f2fb-d30d-4072-bd42-d6d14df8267a req-d7d196b2-602b-4489-8045-c554ffabdda5 a80aff6c40d24322ad9160b386e6296b b53c7c33903a424ca86f9ff5ea694ca5 - - 245026527e4e4aa494af50c21c8ce5e1 245026527e4e4aa494af50c21c8ce5e1] 199.19.213.250 "GET /v2.0/ports?device_id=578ad223-cd9e-4966-970b-17c6fcdf3c5a&fields=binding%3Ahost_id&fields=binding%3Avif_type HTTP/1.1" status: 200 len: 265 time: 0.0344918
2026-05-12 17:40:38.850 10 INFO neutron.plugins.ml2.drivers.ovn.mech_driver.mech_driver [None req-1eb70c97-89ce-4bcc-91fc-6217753c35f5 - - - - - -] OVN reports status up for port: 4a5a4dc9-fef6-44fb-b3ab-afae8fb24891
2026-05-12 17:40:38.859 10 INFO neutron.plugins.ml2.plugin [None req-1eb70c97-89ce-4bcc-91fc-6217753c35f5 - - - - - -] Attempt 1 to provision port 4a5a4dc9-fef6-44fb-b3ab-afae8fb24891
2026-05-12 17:40:38.869 9 INFO neutron.api.wsgi [req-76314e5b-c41f-4233-9802-c8378a550d2b req-0ddd5629-1fa3-4fd5-abbe-9819b05b0ca0 fd9a28fe1cfe47a492b6a93b823f23cc 96512bb341cf4453b06def1b0f408801 - - default default] 10.0.0.119 "GET /v2.0/ports?device_id=578ad223-cd9e-4966-970b-17c6fcdf3c5a HTTP/1.1" status: 200 len: 1174 time: 0.0963135
2026-05-12 17:40:38.893 9 INFO neutron.db.ovn_revision_numbers_db [None req-5d317942-36b6-498d-ad77-e9d7a2865ae2 ca6bbcb8cc5a4639822594939500aaa4 1578889cde3f415d85e78a74a6c0cdb1 - - default default] Successfully bumped revision number for resource 4a5a4dc9-fef6-44fb-b3ab-afae8fb24891 (type: ports) to 1
2026-05-12 17:40:38.919 9 INFO neutron.api.wsgi [req-76314e5b-c41f-4233-9802-c8378a550d2b req-ef375a2b-133b-4f3f-9fa4-5c0f7a93c92e fd9a28fe1cfe47a492b6a93b823f23cc 96512bb341cf4453b06def1b0f408801 - - default default] 10.0.0.119 "GET /v2.0/security-groups?id=e571fc70-0bc9-476a-9d7f-a2499a0484f2&fields=id&fields=name HTTP/1.1" status: 200 len: 313 time: 0.0447295
2026-05-12 17:40:38.968 9 WARNING neutron.scheduler.dhcp_agent_scheduler [None req-5d317942-36b6-498d-ad77-e9d7a2865ae2 ca6bbcb8cc5a4639822594939500aaa4 1578889cde3f415d85e78a74a6c0cdb1 - - default default] No more DHCP agents
2026-05-12 17:40:38.970 9 WARNING neutron.api.rpc.agentnotifiers.dhcp_rpc_agent_api [None req-5d317942-36b6-498d-ad77-e9d7a2865ae2 ca6bbcb8cc5a4639822594939500aaa4 1578889cde3f415d85e78a74a6c0cdb1 - - default default] Unable to schedule network e5002fbd-c679-4262-ac0d-c6764b7756c5: no agents available; will retry on subsequent port and subnet creation events.
2026-05-12 17:40:39.261 10 INFO neutron.db.ovn_revision_numbers_db [None req-1eb70c97-89ce-4bcc-91fc-6217753c35f5 - - - - - -] Successfully bumped revision number for resource 4a5a4dc9-fef6-44fb-b3ab-afae8fb24891 (type: ports) to 2
2026-05-12 17:40:39.451 9 INFO neutron.api.wsgi [req-5e60f2fb-d30d-4072-bd42-d6d14df8267a req-31e685df-3cdf-4d80-b61a-f23895d30548 a80aff6c40d24322ad9160b386e6296b b53c7c33903a424ca86f9ff5ea694ca5 - - 245026527e4e4aa494af50c21c8ce5e1 245026527e4e4aa494af50c21c8ce5e1] 199.19.213.250 "GET /v2.0/ports?tenant_id=96512bb341cf4453b06def1b0f408801&device_id=578ad223-cd9e-4966-970b-17c6fcdf3c5a HTTP/1.1" status: 200 len: 1413 time: 0.0451443
2026-05-12 17:40:39.456 9 INFO neutron.api.wsgi [req-fe7bcde0-93ed-413f-b386-fd40a63b58c8 req-cdccb4c8-e9c2-4abb-b5b6-0f5bc4767b65 fd9a28fe1cfe47a492b6a93b823f23cc 96512bb341cf4453b06def1b0f408801 - - default default] 10.0.0.119 "GET /v2.0/ports?device_id=578ad223-cd9e-4966-970b-17c6fcdf3c5a HTTP/1.1" status: 200 len: 1174 time: 0.0499847
2026-05-12 17:40:39.508 9 INFO neutron.api.wsgi [req-fe7bcde0-93ed-413f-b386-fd40a63b58c8 req-988aca1c-a83d-4881-8847-c60e6037b212 fd9a28fe1cfe47a492b6a93b823f23cc 96512bb341cf4453b06def1b0f408801 - - default default] 10.0.0.119 "GET /v2.0/security-groups?id=e571fc70-0bc9-476a-9d7f-a2499a0484f2&fields=id&fields=name HTTP/1.1" status: 200 len: 313 time: 0.0430930
2026-05-12 17:40:39.725 9 INFO neutron.db.ovn_revision_numbers_db [None req-5d317942-36b6-498d-ad77-e9d7a2865ae2 ca6bbcb8cc5a4639822594939500aaa4 1578889cde3f415d85e78a74a6c0cdb1 - - default default] Successfully bumped revision number for resource 4a5a4dc9-fef6-44fb-b3ab-afae8fb24891 (type: router_ports) to 1
2026-05-12 17:40:39.732 9 INFO neutron.api.wsgi [None req-5d317942-36b6-498d-ad77-e9d7a2865ae2 ca6bbcb8cc5a4639822594939500aaa4 1578889cde3f415d85e78a74a6c0cdb1 - - default default] 10.0.0.169 "PUT /v2.0/routers/569d2102-a186-4b08-8d2a-a2e246990b74/add_router_interface HTTP/1.1" status: 200 len: 503 time: 2.1319079
2026-05-12 17:40:39.743 10 WARNING neutron_lib.context [None req-1eb4ea11-203f-4326-852b-f9f548aa6af2 ca6bbcb8cc5a4639822594939500aaa4 1578889cde3f415d85e78a74a6c0cdb1 - - default default] Method 'is_advsvc' is deprecated since 2023.2 release (neutron-lib 3.8.0) and will be removed once support for the old RBAC API policies will be removed from Neutron. Please use method 'is_service_role' instead.
2026-05-12 17:40:40.017 9 INFO neutron.api.wsgi [req-5e60f2fb-d30d-4072-bd42-d6d14df8267a req-da9a1221-cddf-4af9-883e-eb8e854d83a2 a80aff6c40d24322ad9160b386e6296b b53c7c33903a424ca86f9ff5ea694ca5 - - 245026527e4e4aa494af50c21c8ce5e1 245026527e4e4aa494af50c21c8ce5e1] 199.19.213.250 "GET /v2.0/networks?id=bb0fbdd6-0907-407b-ab3c-9a790b9c2b9c HTTP/1.1" status: 200 len: 973 time: 0.0537901
2026-05-12 17:40:40.069 9 INFO neutron.api.wsgi [req-5e60f2fb-d30d-4072-bd42-d6d14df8267a req-0cb29718-500b-44b6-97dd-0ee48d6e32f3 a80aff6c40d24322ad9160b386e6296b b53c7c33903a424ca86f9ff5ea694ca5 - - 245026527e4e4aa494af50c21c8ce5e1 245026527e4e4aa494af50c21c8ce5e1] 199.19.213.250 "GET /v2.0/floatingips?fixed_ip_address=10.100.0.13&port_id=c3935d2d-e3f3-4256-b476-888615cc7619 HTTP/1.1" status: 200 len: 1060 time: 0.0465267
2026-05-12 17:40:40.110 9 INFO neutron.api.wsgi [req-5e60f2fb-d30d-4072-bd42-d6d14df8267a req-a5a08223-ce62-4d0d-8317-f3e759829786 a80aff6c40d24322ad9160b386e6296b b53c7c33903a424ca86f9ff5ea694ca5 - - 245026527e4e4aa494af50c21c8ce5e1 245026527e4e4aa494af50c21c8ce5e1] 199.19.213.250 "GET /v2.0/subnets?id=20cb81b4-578b-4e15-8ee8-ce4eecc4854e HTTP/1.1" status: 200 len: 892 time: 0.0354640
2026-05-12 17:40:40.126 9 INFO neutron.api.wsgi [req-5e60f2fb-d30d-4072-bd42-d6d14df8267a req-0dac4dc7-24ac-4047-aaec-002948ec4711 a80aff6c40d24322ad9160b386e6296b b53c7c33903a424ca86f9ff5ea694ca5 - - 245026527e4e4aa494af50c21c8ce5e1 245026527e4e4aa494af50c21c8ce5e1] 199.19.213.250 "GET /v2.0/ports?network_id=bb0fbdd6-0907-407b-ab3c-9a790b9c2b9c&device_owner=network%3Adhcp HTTP/1.1" status: 200 len: 210 time: 0.0131855
2026-05-12 17:40:40.151 10 INFO neutron.api.wsgi [-] 10.0.0.145 "GET / HTTP/1.1" status: 200 len: 247 time: 0.0019944
2026-05-12 17:40:40.152 9 INFO neutron.api.wsgi [-] 10.0.0.145 "GET / HTTP/1.1" status: 200 len: 247 time: 0.0025196
2026-05-12 17:40:40.174 9 INFO neutron.api.wsgi [req-5e60f2fb-d30d-4072-bd42-d6d14df8267a req-60df9f1f-80ee-4b78-8ff3-4189e3e8e00e a80aff6c40d24322ad9160b386e6296b b53c7c33903a424ca86f9ff5ea694ca5 - - 245026527e4e4aa494af50c21c8ce5e1 245026527e4e4aa494af50c21c8ce5e1] 199.19.213.250 "GET /v2.0/networks/bb0fbdd6-0907-407b-ab3c-9a790b9c2b9c?fields=segments HTTP/1.1" status: 200 len: 212 time: 0.0417743
2026-05-12 17:40:40.220 9 INFO neutron.api.wsgi [req-5e60f2fb-d30d-4072-bd42-d6d14df8267a req-b6f5429b-c362-414f-a9dc-4282d26062a7 a80aff6c40d24322ad9160b386e6296b b53c7c33903a424ca86f9ff5ea694ca5 - - 245026527e4e4aa494af50c21c8ce5e1 245026527e4e4aa494af50c21c8ce5e1] 199.19.213.250 "GET /v2.0/networks/bb0fbdd6-0907-407b-ab3c-9a790b9c2b9c?fields=provider%3Aphysical_network&fields=provider%3Anetwork_type HTTP/1.1" status: 200 len: 277 time: 0.0390840
2026-05-12 17:40:40.517 10 WARNING neutron.scheduler.dhcp_agent_scheduler [None req-1efd9522-0416-46c4-9ce6-a6886180b581 - - - - - -] No more DHCP agents
2026-05-12 17:40:40.518 10 WARNING neutron.api.rpc.agentnotifiers.dhcp_rpc_agent_api [None req-1efd9522-0416-46c4-9ce6-a6886180b581 - - - - - -] Unable to schedule network 656895dc-1916-4840-a405-dc6ef476c484: no agents available; will retry on subsequent port and subnet creation events.
2026-05-12 17:40:40.696 10 INFO neutron.api.wsgi [req-eff2b360-cfd5-473d-b62b-69a2caecec5b req-db66f8cb-eda8-46b3-b526-9cd1a9e7b3fc fd9a28fe1cfe47a492b6a93b823f23cc 96512bb341cf4453b06def1b0f408801 - - default default] 10.0.0.119 "GET /v2.0/ports?device_id=578ad223-cd9e-4966-970b-17c6fcdf3c5a HTTP/1.1" status: 200 len: 1174 time: 0.1252346
2026-05-12 17:40:40.716 10 INFO neutron.db.ovn_revision_numbers_db [None req-1efd9522-0416-46c4-9ce6-a6886180b581 - - - - - -] Successfully bumped revision number for resource 1d027d68-4d95-4a71-b576-cbcfd0e88a25 (type: ports) to 1
2026-05-12 17:40:40.732 10 INFO neutron.api.wsgi [req-eff2b360-cfd5-473d-b62b-69a2caecec5b req-bf4c2ebf-6e7b-4d3b-8758-03e7d02d987d fd9a28fe1cfe47a492b6a93b823f23cc 96512bb341cf4453b06def1b0f408801 - - default default] 10.0.0.119 "GET /v2.0/security-groups?id=e571fc70-0bc9-476a-9d7f-a2499a0484f2&fields=id&fields=name HTTP/1.1" status: 200 len: 313 time: 0.0311019
2026-05-12 17:40:40.922 10 INFO neutron.db.ovn_revision_numbers_db [None req-1efd9522-0416-46c4-9ce6-a6886180b581 - - - - - -] Successfully bumped revision number for resource 1d027d68-4d95-4a71-b576-cbcfd0e88a25 (type: ports) to 3
2026-05-12 17:40:40.934 9 INFO neutron.api.wsgi [req-c356e8fd-cbe4-474e-b6bd-59f7baad8055 req-185e5fd4-1523-47d7-a2a5-f8a1220d27bf fd9a28fe1cfe47a492b6a93b823f23cc 96512bb341cf4453b06def1b0f408801 - - default default] 199.19.213.250 "GET /v2.0/ports?device_id=578ad223-cd9e-4966-970b-17c6fcdf3c5a HTTP/1.1" status: 200 len: 1174 time: 0.0370052
2026-05-12 17:40:40.978 10 INFO neutron.db.segments_db [None req-1efd9522-0416-46c4-9ce6-a6886180b581 - - - - - -] Added segment 3208e9b4-27bf-4f6f-b440-d439453f6a51 of type geneve for network 49608701-302e-47d9-8a75-40fcd80b91c4
2026-05-12 17:40:41.105 10 INFO neutron.db.ovn_revision_numbers_db [None req-d48db49e-3a9a-4149-bc7e-ad13c255bc70 - - - - - -] Successfully bumped revision number for resource 49608701-302e-47d9-8a75-40fcd80b91c4 (type: networks) to 1
2026-05-12 17:40:41.254 10 WARNING neutron.scheduler.dhcp_agent_scheduler [None req-d48db49e-3a9a-4149-bc7e-ad13c255bc70 - - - - - -] No more DHCP agents
2026-05-12 17:40:41.255 10 WARNING neutron.api.rpc.agentnotifiers.dhcp_rpc_agent_api [None req-d48db49e-3a9a-4149-bc7e-ad13c255bc70 - - - - - -] Unable to schedule network 49608701-302e-47d9-8a75-40fcd80b91c4: no agents available; will retry on subsequent port and subnet creation events.
2026-05-12 17:40:41.267 9 INFO neutron.db.l3_db [req-c356e8fd-cbe4-474e-b6bd-59f7baad8055 req-c8156784-c07c-48d1-99ff-791f036f31a9 fd9a28fe1cfe47a492b6a93b823f23cc 96512bb341cf4453b06def1b0f408801 - - default default] Floating IP 555d867c-9938-4858-a4ae-98f3585d180b disassociated. External IP: 10.96.250.220, port: c3935d2d-e3f3-4256-b476-888615cc7619.
2026-05-12 17:40:41.314 10 INFO neutron.db.ovn_revision_numbers_db [None req-d48db49e-3a9a-4149-bc7e-ad13c255bc70 - - - - - -] Successfully bumped revision number for resource 18949da1-7b8b-41fb-824e-179ef4c83f92 (type: ports) to 1
2026-05-12 17:40:41.378 9 INFO neutron.api.wsgi [req-c356e8fd-cbe4-474e-b6bd-59f7baad8055 req-c8156784-c07c-48d1-99ff-791f036f31a9 fd9a28fe1cfe47a492b6a93b823f23cc 96512bb341cf4453b06def1b0f408801 - - default default] 199.19.213.250 "DELETE /v2.0/ports/c3935d2d-e3f3-4256-b476-888615cc7619 HTTP/1.1" status: 204 len: 173 time: 0.4386313
2026-05-12 17:40:41.406 9 INFO neutron.notifiers.nova [-] Nova event matching ['req-8714ffdb-24ba-4107-92d8-3905c8809180'] response: {'server_uuid': '578ad223-cd9e-4966-970b-17c6fcdf3c5a', 'name': 'network-vif-deleted', 'tag': 'c3935d2d-e3f3-4256-b476-888615cc7619', 'status': 'completed', 'code': 200}
2026-05-12 17:40:41.453 10 WARNING neutron.scheduler.dhcp_agent_scheduler [None req-d48db49e-3a9a-4149-bc7e-ad13c255bc70 - - - - - -] No more DHCP agents
2026-05-12 17:40:41.454 10 WARNING neutron.api.rpc.agentnotifiers.dhcp_rpc_agent_api [None req-d48db49e-3a9a-4149-bc7e-ad13c255bc70 - - - - - -] Unable to schedule network 49608701-302e-47d9-8a75-40fcd80b91c4: no agents available; will retry on subsequent port and subnet creation events.
2026-05-12 17:40:41.479 10 INFO neutron.db.ovn_revision_numbers_db [None req-d48db49e-3a9a-4149-bc7e-ad13c255bc70 - - - - - -] Successfully bumped revision number for resource fe4961ae-b4aa-4f7a-871c-e81f3d957e6e (type: subnets) to 0
2026-05-12 17:40:41.807 10 INFO neutron.api.wsgi [req-59a8d296-8ef5-4598-9224-572a31a5d3ca req-b13cb323-1429-455f-8e7a-d8e0da90b4af fd9a28fe1cfe47a492b6a93b823f23cc 96512bb341cf4453b06def1b0f408801 - - default default] 10.0.0.119 "GET /v2.0/ports?device_id=578ad223-cd9e-4966-970b-17c6fcdf3c5a HTTP/1.1" status: 200 len: 210 time: 0.0180142
2026-05-12 17:40:41.866 10 WARNING neutron.scheduler.dhcp_agent_scheduler [None req-d48db49e-3a9a-4149-bc7e-ad13c255bc70 - - - - - -] No more DHCP agents
2026-05-12 17:40:41.867 10 WARNING neutron.api.rpc.agentnotifiers.dhcp_rpc_agent_api [None req-d48db49e-3a9a-4149-bc7e-ad13c255bc70 - - - - - -] Unable to schedule network 49608701-302e-47d9-8a75-40fcd80b91c4: no agents available; will retry on subsequent port and subnet creation events.
2026-05-12 17:40:42.000 10 INFO neutron.db.ovn_revision_numbers_db [None req-d48db49e-3a9a-4149-bc7e-ad13c255bc70 - - - - - -] Successfully bumped revision number for resource 77027437-b13b-42ef-9e86-b7bce6b24349 (type: ports) to 1
2026-05-12 17:40:42.580 10 INFO neutron.db.ovn_revision_numbers_db [None req-d48db49e-3a9a-4149-bc7e-ad13c255bc70 - - - - - -] Successfully bumped revision number for resource 77027437-b13b-42ef-9e86-b7bce6b24349 (type: ports) to 1
2026-05-12 17:40:42.629 10 WARNING neutron.scheduler.dhcp_agent_scheduler [None req-d48db49e-3a9a-4149-bc7e-ad13c255bc70 - - - - - -] No more DHCP agents
2026-05-12 17:40:42.630 10 WARNING neutron.api.rpc.agentnotifiers.dhcp_rpc_agent_api [None req-d48db49e-3a9a-4149-bc7e-ad13c255bc70 - - - - - -] Unable to schedule network 49608701-302e-47d9-8a75-40fcd80b91c4: no agents available; will retry on subsequent port and subnet creation events.
2026-05-12 17:40:42.642 9 WARNING neutron.plugins.ml2.drivers.ovn.mech_driver.ovsdb.ovn_client [None req-7601db0b-7da3-4be2-a376-280e2956d13d - - - - - -] No hosting information found for port 8943ccde-ead5-4b90-9503-7ba0164f4223: RuntimeError: No hosting information found for port 8943ccde-ead5-4b90-9503-7ba0164f4223
2026-05-12 17:40:42.665 9 INFO neutron.plugins.ml2.drivers.ovn.mech_driver.mech_driver [None req-7601db0b-7da3-4be2-a376-280e2956d13d - - - - - -] OVN reports status up for port: 77027437-b13b-42ef-9e86-b7bce6b24349
2026-05-12 17:40:42.672 9 INFO neutron.plugins.ml2.plugin [None req-7601db0b-7da3-4be2-a376-280e2956d13d - - - - - -] Attempt 1 to provision port 77027437-b13b-42ef-9e86-b7bce6b24349 /var/lib/openstack/lib/python3.12/site-packages/pycadf/identifier.py:71: UserWarning: Invalid uuid: neutron. To ensure interoperability, identifiers should be a valid uuid. warnings.warn(('Invalid uuid: %s. To ensure interoperability, '
2026-05-12 17:40:42.895 9 INFO neutron.api.wsgi [req-c7aad535-46d3-402d-99f8-ab1c33b3a707 req-fdc280b0-d1c9-4452-be70-5975f745c791 fd9a28fe1cfe47a492b6a93b823f23cc 96512bb341cf4453b06def1b0f408801 - - default default] 10.0.0.119 "GET /v2.0/ports?device_id=578ad223-cd9e-4966-970b-17c6fcdf3c5a HTTP/1.1" status: 200 len: 210 time: 0.0212185
2026-05-12 17:40:43.008 9 INFO neutron.db.ovn_revision_numbers_db [None req-7601db0b-7da3-4be2-a376-280e2956d13d - - - - - -] Successfully bumped revision number for resource 77027437-b13b-42ef-9e86-b7bce6b24349 (type: ports) to 2
2026-05-12 17:40:43.175 10 INFO neutron.db.ovn_revision_numbers_db [None req-d48db49e-3a9a-4149-bc7e-ad13c255bc70 - - - - - -] Successfully bumped revision number for resource 77027437-b13b-42ef-9e86-b7bce6b24349 (type: router_ports) to 1
2026-05-12 17:40:43.346 10 WARNING neutron.scheduler.dhcp_agent_scheduler [None req-d48db49e-3a9a-4149-bc7e-ad13c255bc70 - - - - - -] No more DHCP agents
2026-05-12 17:40:43.347 10 WARNING neutron.api.rpc.agentnotifiers.dhcp_rpc_agent_api [None req-d48db49e-3a9a-4149-bc7e-ad13c255bc70 - - - - - -] Unable to schedule network 49608701-302e-47d9-8a75-40fcd80b91c4: no agents available; will retry on subsequent port and subnet creation events.
2026-05-12 17:40:43.472 10 INFO neutron.db.ovn_revision_numbers_db [None req-d48db49e-3a9a-4149-bc7e-ad13c255bc70 - - - - - -] Successfully bumped revision number for resource e4d1b78c-1342-457c-9ca4-a77db2e58bef (type: ports) to 1
2026-05-12 17:40:43.641 9 WARNING neutron_lib.context [None req-80d33afd-5684-4690-894b-66e5dedbaca9 00eed3f8883c4240a26435de1b639fd9 a6f90e9ea3b342fb958630d2678a88aa - - default default] Method 'is_advsvc' is deprecated since 2023.2 release (neutron-lib 3.8.0) and will be removed once support for the old RBAC API policies will be removed from Neutron. Please use method 'is_service_role' instead.
2026-05-12 17:40:43.679 10 INFO neutron.db.ovn_revision_numbers_db [None req-d48db49e-3a9a-4149-bc7e-ad13c255bc70 - - - - - -] Successfully bumped revision number for resource e4d1b78c-1342-457c-9ca4-a77db2e58bef (type: ports) to 3
2026-05-12 17:40:43.783 9 INFO neutron.db.ovn_revision_numbers_db [None req-80d33afd-5684-4690-894b-66e5dedbaca9 00eed3f8883c4240a26435de1b639fd9 a6f90e9ea3b342fb958630d2678a88aa - - default default] Successfully bumped revision number for resource ae1a917e-558c-4fe5-bec2-83b96b8420a8 (type: security_groups) to 1
2026-05-12 17:40:43.798 9 INFO neutron.db.ovn_revision_numbers_db [None req-80d33afd-5684-4690-894b-66e5dedbaca9 00eed3f8883c4240a26435de1b639fd9 a6f90e9ea3b342fb958630d2678a88aa - - default default] Successfully bumped revision number for resource 0c79c7b2-aa02-4e2d-9500-248e2f58b419 (type: security_group_rules) to 0
2026-05-12 17:40:43.814 9 INFO neutron.db.ovn_revision_numbers_db [None req-80d33afd-5684-4690-894b-66e5dedbaca9 00eed3f8883c4240a26435de1b639fd9 a6f90e9ea3b342fb958630d2678a88aa - - default default] Successfully bumped revision number for resource 25b92d12-55b2-4cbf-bed7-b6b01bd07e6c (type: security_group_rules) to 0
2026-05-12 17:40:43.827 9 INFO neutron.db.ovn_revision_numbers_db [None req-80d33afd-5684-4690-894b-66e5dedbaca9 00eed3f8883c4240a26435de1b639fd9 a6f90e9ea3b342fb958630d2678a88aa - - default default] Successfully bumped revision number for resource 39b3b070-fb44-4abc-b78b-70c5614cb867 (type: security_group_rules) to 0
2026-05-12 17:40:43.842 9 INFO neutron.db.ovn_revision_numbers_db [None req-80d33afd-5684-4690-894b-66e5dedbaca9 00eed3f8883c4240a26435de1b639fd9 a6f90e9ea3b342fb958630d2678a88aa - - default default] Successfully bumped revision number for resource 61efb955-b714-4218-b631-162bb5d8aac7 (type: security_group_rules) to 0
2026-05-12 17:40:43.928 9 INFO neutron.db.segments_db [None req-80d33afd-5684-4690-894b-66e5dedbaca9 00eed3f8883c4240a26435de1b639fd9 a6f90e9ea3b342fb958630d2678a88aa - - default default] Added segment d932286d-67d1-4cd0-b18e-badb1f086bea of type geneve for network 392ffd41-bd8c-4504-bbc5-6e4cd5601957
2026-05-12 17:40:43.930 10 INFO neutron.api.wsgi [None req-1eb4ea11-203f-4326-852b-f9f548aa6af2 ca6bbcb8cc5a4639822594939500aaa4 1578889cde3f415d85e78a74a6c0cdb1 - - default default] 10.0.0.169 "POST /v2.0/vpn/vpnservices HTTP/1.1" status: 201 len: 656 time: 4.1916194
2026-05-12 17:40:43.940 10 WARNING neutron_lib.context [None req-0df8c6ff-7e8a-4340-a3e3-d1e38d7d42bc ca6bbcb8cc5a4639822594939500aaa4 1578889cde3f415d85e78a74a6c0cdb1 - - default default] Method 'is_advsvc' is deprecated since 2023.2 release (neutron-lib 3.8.0) and will be removed once support for the old RBAC API policies will be removed from Neutron. Please use method 'is_service_role' instead.
2026-05-12 17:40:43.982 9 INFO neutron.api.wsgi [req-604ca9c2-98ef-4eb0-a1d8-c1b5c4713e97 req-854d747f-9b05-4858-889a-9670e184c9de fd9a28fe1cfe47a492b6a93b823f23cc 96512bb341cf4453b06def1b0f408801 - - default default] 10.0.0.119 "GET /v2.0/ports?device_id=578ad223-cd9e-4966-970b-17c6fcdf3c5a HTTP/1.1" status: 200 len: 210 time: 0.0197122
2026-05-12 17:40:44.074 9 INFO neutron.db.ovn_revision_numbers_db [None req-80d33afd-5684-4690-894b-66e5dedbaca9 00eed3f8883c4240a26435de1b639fd9 a6f90e9ea3b342fb958630d2678a88aa - - default default] Successfully bumped revision number for resource 392ffd41-bd8c-4504-bbc5-6e4cd5601957 (type: networks) to 1
2026-05-12 17:40:44.214 9 WARNING neutron.scheduler.dhcp_agent_scheduler [None req-80d33afd-5684-4690-894b-66e5dedbaca9 00eed3f8883c4240a26435de1b639fd9 a6f90e9ea3b342fb958630d2678a88aa - - default default] No more DHCP agents
2026-05-12 17:40:44.215 9 WARNING neutron.api.rpc.agentnotifiers.dhcp_rpc_agent_api [None req-80d33afd-5684-4690-894b-66e5dedbaca9 00eed3f8883c4240a26435de1b639fd9 a6f90e9ea3b342fb958630d2678a88aa - - default default] Unable to schedule network 392ffd41-bd8c-4504-bbc5-6e4cd5601957: no agents available; will retry on subsequent port and subnet creation events.
2026-05-12 17:40:44.279 10 INFO neutron.api.wsgi [None req-0df8c6ff-7e8a-4340-a3e3-d1e38d7d42bc ca6bbcb8cc5a4639822594939500aaa4 1578889cde3f415d85e78a74a6c0cdb1 - - default default] 10.0.0.169 "POST /v2.0/vpn/vpnservices HTTP/1.1" status: 201 len: 623 time: 0.3431468
2026-05-12 17:40:44.289 9 WARNING neutron_lib.context [None req-2744d530-6b37-4da5-a27d-5f16688aacc8 ca6bbcb8cc5a4639822594939500aaa4 1578889cde3f415d85e78a74a6c0cdb1 - - default default] Method 'is_advsvc' is deprecated since 2023.2 release (neutron-lib 3.8.0) and will be removed once support for the old RBAC API policies will be removed from Neutron. Please use method 'is_service_role' instead.
2026-05-12 17:40:44.297 9 INFO neutron.db.ovn_revision_numbers_db [None req-80d33afd-5684-4690-894b-66e5dedbaca9 00eed3f8883c4240a26435de1b639fd9 a6f90e9ea3b342fb958630d2678a88aa - - default default] Successfully bumped revision number for resource 710207f1-69fb-4506-a39e-af3c44dbf272 (type: ports) to 1
2026-05-12 17:40:44.313 9 INFO neutron.api.wsgi [None req-80d33afd-5684-4690-894b-66e5dedbaca9 00eed3f8883c4240a26435de1b639fd9 a6f90e9ea3b342fb958630d2678a88aa - - default default] 10.0.0.169 "POST /v2.0/networks HTTP/1.1" status: 201 len: 839 time: 0.8295352
2026-05-12 17:40:44.321 9 WARNING neutron_lib.context [None req-52913b2a-ba0a-43a0-a00f-3ccbfeb32461 00eed3f8883c4240a26435de1b639fd9 a6f90e9ea3b342fb958630d2678a88aa - - default default] Method 'is_advsvc' is deprecated since 2023.2 release (neutron-lib 3.8.0) and will be removed once support for the old RBAC API policies will be removed from Neutron. Please use method 'is_service_role' instead.
2026-05-12 17:40:44.325 9 INFO neutron.api.wsgi [None req-2744d530-6b37-4da5-a27d-5f16688aacc8 ca6bbcb8cc5a4639822594939500aaa4 1578889cde3f415d85e78a74a6c0cdb1 - - default default] 10.0.0.169 "POST /v2.0/vpn/ikepolicies HTTP/1.1" status: 201 len: 602 time: 0.0421658
2026-05-12 17:40:44.335 9 WARNING neutron_lib.context [None req-728feeb3-b490-418c-9936-d580fa9091ab ca6bbcb8cc5a4639822594939500aaa4 1578889cde3f415d85e78a74a6c0cdb1 - - default default] Method 'is_advsvc' is deprecated since 2023.2 release (neutron-lib 3.8.0) and will be removed once support for the old RBAC API policies will be removed from Neutron. Please use method 'is_service_role' instead.
2026-05-12 17:40:44.364 9 INFO neutron.api.wsgi [None req-728feeb3-b490-418c-9936-d580fa9091ab ca6bbcb8cc5a4639822594939500aaa4 1578889cde3f415d85e78a74a6c0cdb1 - - default default] 10.0.0.169 "POST /v2.0/vpn/ipsecpolicies HTTP/1.1" status: 201 len: 611 time: 0.0336637
2026-05-12 17:40:44.374 9 WARNING neutron_lib.context [None req-9ca252d2-155f-430b-b5f9-af65855f666e ca6bbcb8cc5a4639822594939500aaa4 1578889cde3f415d85e78a74a6c0cdb1 - - default default] Method 'is_advsvc' is deprecated since 2023.2 release (neutron-lib 3.8.0) and will be removed once support for the old RBAC API policies will be removed from Neutron. Please use method 'is_service_role' instead.
2026-05-12 17:40:44.438 9 INFO neutron.api.wsgi [None req-9ca252d2-155f-430b-b5f9-af65855f666e ca6bbcb8cc5a4639822594939500aaa4 1578889cde3f415d85e78a74a6c0cdb1 - - default default] 10.0.0.169 "POST /v2.0/vpn/endpoint-groups HTTP/1.1" status: 201 len: 528 time: 0.0689621
2026-05-12 17:40:44.448 10 WARNING neutron_lib.context [None req-f0698ecd-2e07-4bb7-a726-edd0943decaa ca6bbcb8cc5a4639822594939500aaa4 1578889cde3f415d85e78a74a6c0cdb1 - - default default] Method 'is_advsvc' is deprecated since 2023.2 release (neutron-lib 3.8.0) and will be removed once support for the old RBAC API policies will be removed from Neutron. Please use method 'is_service_role' instead.
2026-05-12 17:40:44.486 10 INFO neutron.api.wsgi [None req-f0698ecd-2e07-4bb7-a726-edd0943decaa ca6bbcb8cc5a4639822594939500aaa4 1578889cde3f415d85e78a74a6c0cdb1 - - default default] 10.0.0.169 "POST /v2.0/vpn/endpoint-groups HTTP/1.1" status: 201 len: 518 time: 0.0420856
2026-05-12 17:40:44.495 10 WARNING neutron_lib.context [None req-27175b7d-5b55-4036-af33-36b77611b175 ca6bbcb8cc5a4639822594939500aaa4 1578889cde3f415d85e78a74a6c0cdb1 - - default default] Method 'is_advsvc' is deprecated since 2023.2 release (neutron-lib 3.8.0) and will be removed once support for the old RBAC API policies will be removed from Neutron. Please use method 'is_service_role' instead.
2026-05-12 17:40:44.504 9 WARNING neutron.scheduler.dhcp_agent_scheduler [None req-52913b2a-ba0a-43a0-a00f-3ccbfeb32461 00eed3f8883c4240a26435de1b639fd9 a6f90e9ea3b342fb958630d2678a88aa - - default default] No more DHCP agents
2026-05-12 17:40:44.505 9 WARNING neutron.api.rpc.agentnotifiers.dhcp_rpc_agent_api [None req-52913b2a-ba0a-43a0-a00f-3ccbfeb32461 00eed3f8883c4240a26435de1b639fd9 a6f90e9ea3b342fb958630d2678a88aa - - default default] Unable to schedule network 392ffd41-bd8c-4504-bbc5-6e4cd5601957: no agents available; will retry on subsequent port and subnet creation events.
2026-05-12 17:40:44.623 10 WARNING neutron.plugins.ml2.drivers.ovn.mech_driver.ovsdb.ovn_client [None req-cc6df3a4-428a-4020-b491-5fe4a194638b - - - - - -] No hosting information found for port 4a5a4dc9-fef6-44fb-b3ab-afae8fb24891: RuntimeError: No hosting information found for port 4a5a4dc9-fef6-44fb-b3ab-afae8fb24891
2026-05-12 17:40:44.723 10 INFO neutron.db.ovn_revision_numbers_db [None req-cc6df3a4-428a-4020-b491-5fe4a194638b - - - - - -] Successfully bumped revision number for resource 4a5a4dc9-fef6-44fb-b3ab-afae8fb24891 (type: router_ports) to 2
2026-05-12 17:40:44.723 10 INFO neutron.plugins.ml2.drivers.ovn.mech_driver.mech_driver [None req-cc6df3a4-428a-4020-b491-5fe4a194638b - - - - - -] OVN reports status down for port: c3935d2d-e3f3-4256-b476-888615cc7619
2026-05-12 17:40:44.955 9 INFO neutron.db.ovn_revision_numbers_db [None req-6987e5b5-21f2-4d07-809f-4a32779bccfc - - - - - -] Successfully bumped revision number for resource 710207f1-69fb-4506-a39e-af3c44dbf272 (type: ports) to 2
2026-05-12 17:40:44.994 9 INFO neutron.db.ovn_revision_numbers_db [None req-6987e5b5-21f2-4d07-809f-4a32779bccfc - - - - - -] Successfully bumped revision number for resource fa7c4def-2673-4601-8f74-f3310384570d (type: subnets) to 0
2026-05-12 17:40:45.020 9 INFO neutron.api.wsgi [None req-52913b2a-ba0a-43a0-a00f-3ccbfeb32461 00eed3f8883c4240a26435de1b639fd9 a6f90e9ea3b342fb958630d2678a88aa - - default default] 10.0.0.169 "POST /v2.0/subnets HTTP/1.1" status: 201 len: 857 time: 0.7021601
2026-05-12 17:40:45.068 9 INFO neutron.api.wsgi [None req-f767dce8-403a-4842-b9c2-2e93b249ed1e b31d13017e964a7aaf7a10cf90fcd3b6 a89fb9565de441cda0647244c6a174f7 - - default default] 10.0.0.169 "GET /v2.0/subnetpools?name=shared-default-subnetpool-v6 HTTP/1.1" status: 200 len: 212 time: 0.0414708
2026-05-12 17:40:45.078 10 WARNING neutron_lib.context [None req-2faf366c-15af-4101-9269-358efdeecf9e 00eed3f8883c4240a26435de1b639fd9 a6f90e9ea3b342fb958630d2678a88aa - - default default] Method 'is_advsvc' is deprecated since 2023.2 release (neutron-lib 3.8.0) and will be removed once support for the old RBAC API policies will be removed from Neutron. Please use method 'is_service_role' instead.
2026-05-12 17:40:45.173 9 INFO neutron.api.wsgi [None req-2bbbcaaa-17bc-4e54-8974-d433a1e8dcbe fd9a28fe1cfe47a492b6a93b823f23cc 96512bb341cf4453b06def1b0f408801 - - default default] 10.0.0.169 "DELETE /v2.0/security-groups/e571fc70-0bc9-476a-9d7f-a2499a0484f2 HTTP/1.1" status: 204 len: 168 time: 0.0998962
2026-05-12 17:40:45.186 9 INFO neutron.api.v2.resource [None req-8637f0a0-cb91-4183-b531-31aa4a735678 fd9a28fe1cfe47a492b6a93b823f23cc 96512bb341cf4453b06def1b0f408801 - - default default] show failed (client error): The resource could not be found.
2026-05-12 17:40:45.187 9 INFO neutron.api.wsgi [None req-8637f0a0-cb91-4183-b531-31aa4a735678 fd9a28fe1cfe47a492b6a93b823f23cc 96512bb341cf4453b06def1b0f408801 - - default default] 10.0.0.169 "GET /v2.0/security-groups/e571fc70-0bc9-476a-9d7f-a2499a0484f2 HTTP/1.1" status: 404 len: 347 time: 0.0082915
2026-05-12 17:40:45.365 10 WARNING neutron.scheduler.dhcp_agent_scheduler [None req-2faf366c-15af-4101-9269-358efdeecf9e 00eed3f8883c4240a26435de1b639fd9 a6f90e9ea3b342fb958630d2678a88aa - - default default] No more DHCP agents
2026-05-12 17:40:45.367 10 WARNING neutron.api.rpc.agentnotifiers.dhcp_rpc_agent_api [None req-2faf366c-15af-4101-9269-358efdeecf9e 00eed3f8883c4240a26435de1b639fd9 a6f90e9ea3b342fb958630d2678a88aa - - default default] Unable to schedule network 392ffd41-bd8c-4504-bbc5-6e4cd5601957: no agents available; will retry on subsequent port and subnet creation events.
2026-05-12 17:40:45.383 10 INFO neutron.db.ovn_revision_numbers_db [None req-27175b7d-5b55-4036-af33-36b77611b175 ca6bbcb8cc5a4639822594939500aaa4 1578889cde3f415d85e78a74a6c0cdb1 - - default default] Successfully bumped revision number for resource 569d2102-a186-4b08-8d2a-a2e246990b74 (type: routers) to 5
2026-05-12 17:40:45.396 10 INFO neutron.db.ovn_revision_numbers_db [None req-2faf366c-15af-4101-9269-358efdeecf9e 00eed3f8883c4240a26435de1b639fd9 a6f90e9ea3b342fb958630d2678a88aa - - default default] Successfully bumped revision number for resource 68ee2800-0e7a-4f76-a8e0-7deccb7e52f2 (type: subnets) to 0
2026-05-12 17:40:45.414 10 INFO neutron.api.wsgi [None req-2faf366c-15af-4101-9269-358efdeecf9e 00eed3f8883c4240a26435de1b639fd9 a6f90e9ea3b342fb958630d2678a88aa - - default default] 10.0.0.169 "POST /v2.0/subnets HTTP/1.1" status: 201 len: 930 time: 0.3402689
2026-05-12 17:40:45.424 10 INFO neutron.api.wsgi [None req-27175b7d-5b55-4036-af33-36b77611b175 ca6bbcb8cc5a4639822594939500aaa4 1578889cde3f415d85e78a74a6c0cdb1 - - default default] 10.0.0.169 "POST /v2.0/vpn/ipsec-site-connections HTTP/1.1" status: 201 len: 1001 time: 0.9337318
2026-05-12 17:40:45.426 9 WARNING neutron_lib.context [None req-c4e6593a-c94b-443c-9c14-26d9a9c640ef 00eed3f8883c4240a26435de1b639fd9 a6f90e9ea3b342fb958630d2678a88aa - - default default] Method 'is_advsvc' is deprecated since 2023.2 release (neutron-lib 3.8.0) and will be removed once support for the old RBAC API policies will be removed from Neutron. Please use method 'is_service_role' instead.
2026-05-12 17:40:45.433 10 WARNING neutron_lib.context [None req-fe7e22ab-0d5c-4c69-b127-0c661cddede6 ca6bbcb8cc5a4639822594939500aaa4 1578889cde3f415d85e78a74a6c0cdb1 - - default default] Method 'is_advsvc' is deprecated since 2023.2 release (neutron-lib 3.8.0) and will be removed once support for the old RBAC API policies will be removed from Neutron. Please use method 'is_service_role' instead.
2026-05-12 17:40:45.464 10 INFO neutron.api.wsgi [None req-fe7e22ab-0d5c-4c69-b127-0c661cddede6 ca6bbcb8cc5a4639822594939500aaa4 1578889cde3f415d85e78a74a6c0cdb1 - - default default] 10.0.0.169 "POST /v2.0/vpn/endpoint-groups HTTP/1.1" status: 201 len: 488 time: 0.0353584
2026-05-12 17:40:45.494 9 INFO neutron.api.wsgi [None req-7a460b5f-6190-4c45-a7e6-f46ae3cc45bf fd9a28fe1cfe47a492b6a93b823f23cc 96512bb341cf4453b06def1b0f408801 - - default default] 10.0.0.169 "DELETE /v2.0/floatingips/555d867c-9938-4858-a4ae-98f3585d180b HTTP/1.1" status: 204 len: 168 time: 0.3036571
2026-05-12 17:40:45.504 10 INFO neutron.api.wsgi [None req-3e3f9544-0cde-48ce-b22e-917adbe2edf1 ca6bbcb8cc5a4639822594939500aaa4 1578889cde3f415d85e78a74a6c0cdb1 - - default default] 10.0.0.169 "DELETE /v2.0/vpn/endpoint-groups/935f510c-f237-474b-a60d-9210f7bc0f1f HTTP/1.1" status: 204 len: 168 time: 0.0360796
2026-05-12 17:40:45.521 10 INFO neutron.api.wsgi [None req-572e8d69-d72a-4b57-8d99-41c9673f858f ca6bbcb8cc5a4639822594939500aaa4 1578889cde3f415d85e78a74a6c0cdb1 - - default default] 10.0.0.169 "GET /v2.0/vpn/endpoint-groups HTTP/1.1" status: 200 len: 827 time: 0.0119059
2026-05-12 17:40:45.527 9 INFO neutron.db.segments_db [None req-c4e6593a-c94b-443c-9c14-26d9a9c640ef 00eed3f8883c4240a26435de1b639fd9 a6f90e9ea3b342fb958630d2678a88aa - - default default] Added segment 0960daa1-432f-4564-b667-b61a420ddae3 of type geneve for network f2532ef3-e6de-4f76-843c-319090ffe911
2026-05-12 17:40:45.534 10 INFO neutron.api.wsgi [None req-341c97d8-a2e4-4ec3-b572-91b380e40e58 ca6bbcb8cc5a4639822594939500aaa4 1578889cde3f415d85e78a74a6c0cdb1 - - default default] 10.0.0.169 "GET /v2.0/vpn/endpoint-groups HTTP/1.1" status: 200 len: 827 time: 0.0080802
2026-05-12 17:40:45.673 9 INFO neutron.db.ovn_revision_numbers_db [None req-c4e6593a-c94b-443c-9c14-26d9a9c640ef 00eed3f8883c4240a26435de1b639fd9 a6f90e9ea3b342fb958630d2678a88aa - - default default] Successfully bumped revision number for resource f2532ef3-e6de-4f76-843c-319090ffe911 (type: networks) to 1
2026-05-12 17:40:45.850 9 WARNING neutron.scheduler.dhcp_agent_scheduler [None req-c4e6593a-c94b-443c-9c14-26d9a9c640ef 00eed3f8883c4240a26435de1b639fd9 a6f90e9ea3b342fb958630d2678a88aa - - default default] No more DHCP agents
2026-05-12 17:40:45.851 9 WARNING neutron.api.rpc.agentnotifiers.dhcp_rpc_agent_api [None req-c4e6593a-c94b-443c-9c14-26d9a9c640ef 00eed3f8883c4240a26435de1b639fd9 a6f90e9ea3b342fb958630d2678a88aa - - default default] Unable to schedule network f2532ef3-e6de-4f76-843c-319090ffe911: no agents available; will retry on subsequent port and subnet creation events.
2026-05-12 17:40:45.935 9 INFO neutron.db.ovn_revision_numbers_db [None req-c4e6593a-c94b-443c-9c14-26d9a9c640ef 00eed3f8883c4240a26435de1b639fd9 a6f90e9ea3b342fb958630d2678a88aa - - default default] Successfully bumped revision number for resource 07d5fe74-e666-4cd5-8201-50012ac277e2 (type: ports) to 1
2026-05-12 17:40:45.963 9 INFO neutron.api.wsgi [None req-c4e6593a-c94b-443c-9c14-26d9a9c640ef 00eed3f8883c4240a26435de1b639fd9 a6f90e9ea3b342fb958630d2678a88aa - - default default] 10.0.0.169 "POST /v2.0/networks HTTP/1.1" status: 201 len: 837 time: 0.5404403
2026-05-12 17:40:45.969 10 INFO neutron.api.wsgi [None req-299fc278-19a2-4d26-ad4d-4e56c5ca4303 b2b7a858b5e04ba4ae9a62d6d8ab32df 78b026eae74443d487c9433f0f373a1a - - default default] 10.0.0.169 "POST /v2.0/vpn/ikepolicies HTTP/1.1" status: 201 len: 602 time: 0.0847063
2026-05-12 17:40:45.974 9 WARNING neutron_lib.context [None req-1a14a518-dc2a-41a8-9278-46cbb771e155 00eed3f8883c4240a26435de1b639fd9 a6f90e9ea3b342fb958630d2678a88aa - - default default] Method 'is_advsvc' is deprecated since 2023.2 release (neutron-lib 3.8.0) and will be removed once support for the old RBAC API policies will be removed from Neutron. Please use method 'is_service_role' instead.
2026-05-12 17:40:45.985 10 INFO neutron.api.wsgi [None req-257f1e52-f47b-4b17-960b-736a101eb583 ca6bbcb8cc5a4639822594939500aaa4 1578889cde3f415d85e78a74a6c0cdb1 - - default default] 10.0.0.169 "GET /v2.0/vpn/ikepolicies HTTP/1.1" status: 200 len: 991 time: 0.0091238
2026-05-12 17:40:46.036 9 INFO neutron.api.wsgi [None req-481dc5a4-2263-4c0e-a59c-5d08999162cf b2b7a858b5e04ba4ae9a62d6d8ab32df 78b026eae74443d487c9433f0f373a1a - - default default] 10.0.0.169 "DELETE /v2.0/vpn/ikepolicies/158f8493-2de1-4f42-b7f3-efa924965c12 HTTP/1.1" status: 204 len: 168 time: 0.0452340
2026-05-12 17:40:46.083 10 INFO neutron.api.wsgi [None req-fb368c30-6d66-4ac6-85d9-35331183b396 b2b7a858b5e04ba4ae9a62d6d8ab32df 78b026eae74443d487c9433f0f373a1a - - default default] 10.0.0.169 "POST /v2.0/vpn/ipsecpolicies HTTP/1.1" status: 201 len: 611 time: 0.0396919
2026-05-12 17:40:46.097 10 INFO neutron.api.wsgi [None req-56ff9de4-7c63-4d7d-b57b-509b74862c25 ca6bbcb8cc5a4639822594939500aaa4 1578889cde3f415d85e78a74a6c0cdb1 - - default default] 10.0.0.169 "GET /v2.0/vpn/ipsecpolicies HTTP/1.1" status: 200 len: 1007 time: 0.0097475
2026-05-12 17:40:46.128 10 INFO neutron.api.wsgi [None req-8c381d55-64b0-4dc3-a36f-52eb99efa543 b2b7a858b5e04ba4ae9a62d6d8ab32df 78b026eae74443d487c9433f0f373a1a - - default default] 10.0.0.169 "DELETE /v2.0/vpn/ipsecpolicies/41be4a8a-a9b3-4c35-ac1e-4ef7bd902558 HTTP/1.1" status: 204 len: 168 time: 0.0268013
2026-05-12 17:40:46.137 10 WARNING neutron_lib.context [None req-f4299d1b-246f-402e-9d48-5e97e85156fc ca6bbcb8cc5a4639822594939500aaa4 1578889cde3f415d85e78a74a6c0cdb1 - - default default] Method 'is_advsvc' is deprecated since 2023.2 release (neutron-lib 3.8.0) and will be removed once support for the old RBAC API policies will be removed from Neutron. Please use method 'is_service_role' instead.
2026-05-12 17:40:46.214 10 INFO neutron.db.segments_db [None req-f4299d1b-246f-402e-9d48-5e97e85156fc ca6bbcb8cc5a4639822594939500aaa4 1578889cde3f415d85e78a74a6c0cdb1 - - default default] Added segment 8632e7eb-a675-4bc3-a2c1-adcf9b4ae00d of type geneve for network 21dc238d-eb33-4a75-800e-a284bb09ed9b
2026-05-12 17:40:46.248 9 INFO neutron.api.wsgi [req-01f06e0f-66e7-4127-8cf5-c1e025c53fb6 req-51767d4c-a4b8-4f78-9f09-afac5ec7511e a80aff6c40d24322ad9160b386e6296b b53c7c33903a424ca86f9ff5ea694ca5 - - 245026527e4e4aa494af50c21c8ce5e1 245026527e4e4aa494af50c21c8ce5e1] 10.0.0.136 "GET /v2.0/ports?device_id=2c0d6d97-d0fe-40e9-abff-78ce3c74e13b HTTP/1.1" status: 200 len: 1413 time: 0.0432205
2026-05-12 17:40:46.286 9 WARNING neutron.scheduler.dhcp_agent_scheduler [None req-1a14a518-dc2a-41a8-9278-46cbb771e155 00eed3f8883c4240a26435de1b639fd9 a6f90e9ea3b342fb958630d2678a88aa - - default default] No more DHCP agents
2026-05-12 17:40:46.288 9 WARNING neutron.api.rpc.agentnotifiers.dhcp_rpc_agent_api [None req-1a14a518-dc2a-41a8-9278-46cbb771e155 00eed3f8883c4240a26435de1b639fd9 a6f90e9ea3b342fb958630d2678a88aa - - default default] Unable to schedule network f2532ef3-e6de-4f76-843c-319090ffe911: no agents available; will retry on subsequent port and subnet creation events.
2026-05-12 17:40:46.314 9 INFO neutron.api.wsgi [req-01f06e0f-66e7-4127-8cf5-c1e025c53fb6 req-2588c2b1-714c-4b37-a58d-ca8153ab14bc a80aff6c40d24322ad9160b386e6296b b53c7c33903a424ca86f9ff5ea694ca5 - - 245026527e4e4aa494af50c21c8ce5e1 245026527e4e4aa494af50c21c8ce5e1] 10.0.0.136 "GET /v2.0/security-groups?id=c737b5a5-6c59-42ed-aabc-8bc6719a7613&fields=id&fields=name HTTP/1.1" status: 200 len: 311 time: 0.0574999
2026-05-12 17:40:46.319 10 INFO neutron.db.ovn_revision_numbers_db [None req-f4299d1b-246f-402e-9d48-5e97e85156fc ca6bbcb8cc5a4639822594939500aaa4 1578889cde3f415d85e78a74a6c0cdb1 - - default default] Successfully bumped revision number for resource 21dc238d-eb33-4a75-800e-a284bb09ed9b (type: networks) to 1
2026-05-12 17:40:46.466 10 WARNING neutron.scheduler.dhcp_agent_scheduler [None req-f4299d1b-246f-402e-9d48-5e97e85156fc ca6bbcb8cc5a4639822594939500aaa4 1578889cde3f415d85e78a74a6c0cdb1 - - default default] No more DHCP agents
2026-05-12 17:40:46.469 10 WARNING neutron.api.rpc.agentnotifiers.dhcp_rpc_agent_api [None req-f4299d1b-246f-402e-9d48-5e97e85156fc ca6bbcb8cc5a4639822594939500aaa4 1578889cde3f415d85e78a74a6c0cdb1 - - default default] Unable to schedule network 21dc238d-eb33-4a75-800e-a284bb09ed9b: no agents available; will retry on subsequent port and subnet creation events.
2026-05-12 17:40:46.532 10 INFO neutron.db.ovn_revision_numbers_db [None req-f4299d1b-246f-402e-9d48-5e97e85156fc ca6bbcb8cc5a4639822594939500aaa4 1578889cde3f415d85e78a74a6c0cdb1 - - default default] Successfully bumped revision number for resource c775cfd5-27e0-458a-82c3-c97e483f3e9c (type: ports) to 1
2026-05-12 17:40:46.566 10 INFO neutron.api.wsgi [None req-f4299d1b-246f-402e-9d48-5e97e85156fc ca6bbcb8cc5a4639822594939500aaa4 1578889cde3f415d85e78a74a6c0cdb1 - - default default] 10.0.0.169 "POST /v2.0/networks HTTP/1.1" status: 201 len: 829 time: 0.4316068
2026-05-12 17:40:46.586 10 WARNING neutron_lib.context [None req-d9b0fe1a-67ea-4a57-a7f5-af9566dd492a ca6bbcb8cc5a4639822594939500aaa4 1578889cde3f415d85e78a74a6c0cdb1 - - default default] Method 'is_advsvc' is deprecated since 2023.2 release (neutron-lib 3.8.0) and will be removed once support for the old RBAC API policies will be removed from Neutron. Please use method 'is_service_role' instead.
2026-05-12 17:40:46.754 10 WARNING neutron.scheduler.dhcp_agent_scheduler [None req-d9b0fe1a-67ea-4a57-a7f5-af9566dd492a ca6bbcb8cc5a4639822594939500aaa4 1578889cde3f415d85e78a74a6c0cdb1 - - default default] No more DHCP agents
2026-05-12 17:40:46.755 10 WARNING neutron.api.rpc.agentnotifiers.dhcp_rpc_agent_api [None req-d9b0fe1a-67ea-4a57-a7f5-af9566dd492a ca6bbcb8cc5a4639822594939500aaa4 1578889cde3f415d85e78a74a6c0cdb1 - - default default] Unable to schedule network 21dc238d-eb33-4a75-800e-a284bb09ed9b: no agents available; will retry on subsequent port and subnet creation events.
2026-05-12 17:40:46.838 9 INFO neutron.api.wsgi [None req-61c24edd-fa57-4f59-afeb-a90f6823c0c2 3acf3b822afb4aa89cd9335cc084e7b6 b556785f03e24099bde7d34a16315435 - - default default] 10.0.0.169 "PUT /v2.0/routers/6af1a672-e592-4d1e-b06d-d41c6f9112e2/remove_router_interface HTTP/1.1" status: 200 len: 503 time: 1.3394792
2026-05-12 17:40:46.859 9 INFO neutron.db.ovn_revision_numbers_db [None req-139b3c8b-063c-4b69-9f3a-773881629885 - - - - - -] Successfully bumped revision number for resource 07d5fe74-e666-4cd5-8201-50012ac277e2 (type: ports) to 2
2026-05-12 17:40:46.888 9 INFO neutron.db.ovn_revision_numbers_db [None req-139b3c8b-063c-4b69-9f3a-773881629885 - - - - - -] Successfully bumped revision number for resource afbdde86-c21e-46c5-8a43-410b0fa7ee84 (type: subnets) to 0
2026-05-12 17:40:46.901 9 INFO neutron.api.wsgi [None req-1a14a518-dc2a-41a8-9278-46cbb771e155 00eed3f8883c4240a26435de1b639fd9 a6f90e9ea3b342fb958630d2678a88aa - - default default] 10.0.0.169 "POST /v2.0/subnets HTTP/1.1" status: 201 len: 855 time: 0.9309993 /var/lib/openstack/lib/python3.12/site-packages/pycadf/identifier.py:71: UserWarning: Invalid uuid: neutron. To ensure interoperability, identifiers should be a valid uuid. warnings.warn(('Invalid uuid: %s. To ensure interoperability, '
2026-05-12 17:40:46.911 9 WARNING neutron_lib.context [None req-ba2038a7-3605-4783-84b4-f697caa278cc 00eed3f8883c4240a26435de1b639fd9 a6f90e9ea3b342fb958630d2678a88aa - - default default] Method 'is_advsvc' is deprecated since 2023.2 release (neutron-lib 3.8.0) and will be removed once support for the old RBAC API policies will be removed from Neutron. Please use method 'is_service_role' instead.
2026-05-12 17:40:47.123 9 WARNING neutron.scheduler.dhcp_agent_scheduler [None req-ba2038a7-3605-4783-84b4-f697caa278cc 00eed3f8883c4240a26435de1b639fd9 a6f90e9ea3b342fb958630d2678a88aa - - default default] No more DHCP agents
2026-05-12 17:40:47.124 9 WARNING neutron.api.rpc.agentnotifiers.dhcp_rpc_agent_api [None req-ba2038a7-3605-4783-84b4-f697caa278cc 00eed3f8883c4240a26435de1b639fd9 a6f90e9ea3b342fb958630d2678a88aa - - default default] Unable to schedule network f2532ef3-e6de-4f76-843c-319090ffe911: no agents available; will retry on subsequent port and subnet creation events.
2026-05-12 17:40:47.150 9 INFO neutron.db.ovn_revision_numbers_db [None req-ba2038a7-3605-4783-84b4-f697caa278cc 00eed3f8883c4240a26435de1b639fd9 a6f90e9ea3b342fb958630d2678a88aa - - default default] Successfully bumped revision number for resource aae0fd42-3105-444b-a7bf-9d0aa4d8de48 (type: subnets) to 0
2026-05-12 17:40:47.178 9 INFO neutron.api.wsgi [None req-ba2038a7-3605-4783-84b4-f697caa278cc 00eed3f8883c4240a26435de1b639fd9 a6f90e9ea3b342fb958630d2678a88aa - - default default] 10.0.0.169 "POST /v2.0/subnets HTTP/1.1" status: 201 len: 925 time: 0.2712524
2026-05-12 17:40:47.198 9 WARNING neutron_lib.context [None req-d28e9a2d-a779-41ad-a333-96a662cacd40 00eed3f8883c4240a26435de1b639fd9 a6f90e9ea3b342fb958630d2678a88aa - - default default] Method 'is_advsvc' is deprecated since 2023.2 release (neutron-lib 3.8.0) and will be removed once support for the old RBAC API policies will be removed from Neutron. Please use method 'is_service_role' instead.
2026-05-12 17:40:47.311 9 INFO neutron.db.segments_db [None req-d28e9a2d-a779-41ad-a333-96a662cacd40 00eed3f8883c4240a26435de1b639fd9 a6f90e9ea3b342fb958630d2678a88aa - - default default] Added segment e6aa42cf-5ef5-4564-b314-e51d7a0e21f0 of type geneve for network 87284f6c-82c4-4c38-92c4-ffd03637e215
2026-05-12 17:40:47.402 10 INFO neutron.db.ovn_revision_numbers_db [None req-5286703d-8457-4abe-acf3-b8d70c3d35af - - - - - -] Successfully bumped revision number for resource c775cfd5-27e0-458a-82c3-c97e483f3e9c (type: ports) to 2
2026-05-12 17:40:47.422 9 INFO neutron.db.ovn_revision_numbers_db [None req-d28e9a2d-a779-41ad-a333-96a662cacd40 00eed3f8883c4240a26435de1b639fd9 a6f90e9ea3b342fb958630d2678a88aa - - default default] Successfully bumped revision number for resource 87284f6c-82c4-4c38-92c4-ffd03637e215 (type: networks) to 1
2026-05-12 17:40:47.441 10 INFO neutron.db.ovn_revision_numbers_db [None req-5286703d-8457-4abe-acf3-b8d70c3d35af - - - - - -] Successfully bumped revision number for resource e742317a-1fd6-4c97-b86d-5da454a5af7e (type: subnets) to 0
2026-05-12 17:40:47.474 10 INFO neutron.api.wsgi [None req-d9b0fe1a-67ea-4a57-a7f5-af9566dd492a ca6bbcb8cc5a4639822594939500aaa4 1578889cde3f415d85e78a74a6c0cdb1 - - default default] 10.0.0.169 "POST /v2.0/subnets HTTP/1.1" status: 201 len: 828 time: 0.8949313
2026-05-12 17:40:47.487 10 WARNING neutron_lib.context [None req-d6cc98e1-49ad-4960-b54f-9d8434662199 ca6bbcb8cc5a4639822594939500aaa4 1578889cde3f415d85e78a74a6c0cdb1 - - default default] Method 'is_advsvc' is deprecated since 2023.2 release (neutron-lib 3.8.0) and will be removed once support for the old RBAC API policies will be removed from Neutron. Please use method 'is_service_role' instead.
2026-05-12 17:40:47.553 9 WARNING neutron.plugins.ml2.drivers.ovn.mech_driver.ovsdb.ovn_client [None req-41185976-09d0-41cd-b6ff-3360e4e50ca6 - - - - - -] No hosting information found for port 77027437-b13b-42ef-9e86-b7bce6b24349: RuntimeError: No hosting information found for port 77027437-b13b-42ef-9e86-b7bce6b24349
