2026-05-12 17:40:47.602 9 WARNING neutron.scheduler.dhcp_agent_scheduler [None req-d28e9a2d-a779-41ad-a333-96a662cacd40 00eed3f8883c4240a26435de1b639fd9 a6f90e9ea3b342fb958630d2678a88aa - - default default] No more DHCP agents
2026-05-12 17:40:47.603 9 WARNING neutron.api.rpc.agentnotifiers.dhcp_rpc_agent_api [None req-d28e9a2d-a779-41ad-a333-96a662cacd40 00eed3f8883c4240a26435de1b639fd9 a6f90e9ea3b342fb958630d2678a88aa - - default default] Unable to schedule network 87284f6c-82c4-4c38-92c4-ffd03637e215: no agents available; will retry on subsequent port and subnet creation events.
2026-05-12 17:40:47.628 9 INFO neutron.db.ovn_revision_numbers_db [None req-41185976-09d0-41cd-b6ff-3360e4e50ca6 - - - - - -] Successfully bumped revision number for resource 77027437-b13b-42ef-9e86-b7bce6b24349 (type: router_ports) to 2
2026-05-12 17:40:47.669 9 INFO neutron.db.ovn_revision_numbers_db [None req-d28e9a2d-a779-41ad-a333-96a662cacd40 00eed3f8883c4240a26435de1b639fd9 a6f90e9ea3b342fb958630d2678a88aa - - default default] Successfully bumped revision number for resource 15755610-39d7-42d9-b8ff-694e84d2a7d8 (type: ports) to 1
2026-05-12 17:40:47.692 9 INFO neutron.api.wsgi [None req-d28e9a2d-a779-41ad-a333-96a662cacd40 00eed3f8883c4240a26435de1b639fd9 a6f90e9ea3b342fb958630d2678a88aa - - default default] 10.0.0.169 "POST /v2.0/networks HTTP/1.1" status: 201 len: 837 time: 0.5015240
2026-05-12 17:40:47.701 9 WARNING neutron_lib.context [None req-b572fd94-6ade-4c6e-b106-0320b0acd5f0 00eed3f8883c4240a26435de1b639fd9 a6f90e9ea3b342fb958630d2678a88aa - - default default] Method 'is_advsvc' is deprecated since 2023.2 release (neutron-lib 3.8.0) and will be removed once support for the old RBAC API policies will be removed from Neutron. Please use method 'is_service_role' instead.
2026-05-12 17:40:47.869 10 INFO neutron.api.wsgi [None req-7b364637-885f-4f88-ad53-3d8c8ac3f7eb 3acf3b822afb4aa89cd9335cc084e7b6 b556785f03e24099bde7d34a16315435 - - default default] 10.0.0.169 "DELETE /v2.0/routers/6af1a672-e592-4d1e-b06d-d41c6f9112e2 HTTP/1.1" status: 204 len: 168 time: 1.0237520
2026-05-12 17:40:47.907 9 WARNING neutron.scheduler.dhcp_agent_scheduler [None req-b572fd94-6ade-4c6e-b106-0320b0acd5f0 00eed3f8883c4240a26435de1b639fd9 a6f90e9ea3b342fb958630d2678a88aa - - default default] No more DHCP agents
2026-05-12 17:40:47.908 9 WARNING neutron.api.rpc.agentnotifiers.dhcp_rpc_agent_api [None req-b572fd94-6ade-4c6e-b106-0320b0acd5f0 00eed3f8883c4240a26435de1b639fd9 a6f90e9ea3b342fb958630d2678a88aa - - default default] Unable to schedule network 87284f6c-82c4-4c38-92c4-ffd03637e215: no agents available; will retry on subsequent port and subnet creation events.
2026-05-12 17:40:47.992 10 WARNING neutron.scheduler.dhcp_agent_scheduler [None req-d6cc98e1-49ad-4960-b54f-9d8434662199 ca6bbcb8cc5a4639822594939500aaa4 1578889cde3f415d85e78a74a6c0cdb1 - - default default] No more DHCP agents
2026-05-12 17:40:47.994 10 WARNING neutron.api.rpc.agentnotifiers.dhcp_rpc_agent_api [None req-d6cc98e1-49ad-4960-b54f-9d8434662199 ca6bbcb8cc5a4639822594939500aaa4 1578889cde3f415d85e78a74a6c0cdb1 - - default default] Unable to schedule network 656895dc-1916-4840-a405-dc6ef476c484: no agents available; will retry on subsequent port and subnet creation events.
2026-05-12 17:40:48.049 9 INFO neutron.api.wsgi [None req-aa7af825-6f17-41ab-81c4-0f727a0f04e5 3acf3b822afb4aa89cd9335cc084e7b6 b556785f03e24099bde7d34a16315435 - - default default] 10.0.0.169 "DELETE /v2.0/subnets/20cb81b4-578b-4e15-8ee8-ce4eecc4854e HTTP/1.1" status: 204 len: 168 time: 0.1664538
2026-05-12 17:40:48.098 10 INFO neutron.db.ovn_revision_numbers_db [None req-d6cc98e1-49ad-4960-b54f-9d8434662199 ca6bbcb8cc5a4639822594939500aaa4 1578889cde3f415d85e78a74a6c0cdb1 - - default default] Successfully bumped revision number for resource 2703ec5c-8fa0-4a70-9226-a65344118ce3 (type: ports) to 1
2026-05-12 17:40:48.349 9 INFO neutron.db.ovn_revision_numbers_db [None req-1d633851-c1b7-41cc-a96d-4334475c6e64 - - - - - -] Successfully bumped revision number for resource 15755610-39d7-42d9-b8ff-694e84d2a7d8 (type: ports) to 2
2026-05-12 17:40:48.382 9 INFO neutron.services.segments.plugin [-] Segment c85056e1-765c-4160-a244-ac8f185f230a resource provider aggregate not found
2026-05-12 17:40:48.386 9 INFO neutron.services.segments.plugin [-] Segment c85056e1-765c-4160-a244-ac8f185f230a resource provider aggregate not found
2026-05-12 17:40:48.399 9 INFO neutron.services.segments.plugin [-] Segment c85056e1-765c-4160-a244-ac8f185f230a resource provider not found; error: Placement Client Error (4xx): {"errors": [{"status": 404, "title": "Not Found", "detail": "The resource could not be found.\n\n No resource provider with uuid c85056e1-765c-4160-a244-ac8f185f230a found for delete ", "request_id": "req-efa26bae-ea9d-4c75-8c95-88cb55e92be8"}]}
2026-05-12 17:40:48.405 9 INFO neutron.services.segments.plugin [-] Segment c85056e1-765c-4160-a244-ac8f185f230a resource provider not found; error: Placement Client Error (4xx): {"errors": [{"status": 404, "title": "Not Found", "detail": "The resource could not be found.\n\n No resource provider with uuid c85056e1-765c-4160-a244-ac8f185f230a found for delete ", "request_id": "req-b15c5098-0f6a-4390-bee6-4c5f12d073f1"}]}
2026-05-12 17:40:48.406 9 INFO neutron.db.ovn_revision_numbers_db [None req-1d633851-c1b7-41cc-a96d-4334475c6e64 - - - - - -] Successfully bumped revision number for resource dc015437-4743-446d-9cce-094847d05e34 (type: subnets) to 0
2026-05-12 17:40:48.419 9 INFO neutron.api.wsgi [None req-e6f6acb7-ee52-44b6-8d71-f01be80faf58 3acf3b822afb4aa89cd9335cc084e7b6 b556785f03e24099bde7d34a16315435 - - default default] 10.0.0.169 "DELETE /v2.0/networks/bb0fbdd6-0907-407b-ab3c-9a790b9c2b9c HTTP/1.1" status: 204 len: 168 time: 0.3663094
2026-05-12 17:40:48.424 9 INFO neutron.api.wsgi [None req-b572fd94-6ade-4c6e-b106-0320b0acd5f0 00eed3f8883c4240a26435de1b639fd9 a6f90e9ea3b342fb958630d2678a88aa - - default default] 10.0.0.169 "POST /v2.0/subnets HTTP/1.1" status: 201 len: 855 time: 0.7268403
2026-05-12 17:40:48.434 9 WARNING neutron_lib.context [None req-28197363-d4ba-471a-a411-24af658523c6 00eed3f8883c4240a26435de1b639fd9 a6f90e9ea3b342fb958630d2678a88aa - - default default] Method 'is_advsvc' is deprecated since 2023.2 release (neutron-lib 3.8.0) and will be removed once support for the old RBAC API policies will be removed from Neutron. Please use method 'is_service_role' instead.
2026-05-12 17:40:48.608 9 INFO neutron.api.wsgi [None req-51992e42-4fe0-4512-9d92-4edf159cfc45 3acf3b822afb4aa89cd9335cc084e7b6 b556785f03e24099bde7d34a16315435 - - default default] 10.0.0.169 "GET /v2.0/security-groups?tenant_id=96512bb341cf4453b06def1b0f408801&name=default HTTP/1.1" status: 200 len: 3120 time: 0.0392909
2026-05-12 17:40:48.618 9 WARNING neutron.scheduler.dhcp_agent_scheduler [None req-28197363-d4ba-471a-a411-24af658523c6 00eed3f8883c4240a26435de1b639fd9 a6f90e9ea3b342fb958630d2678a88aa - - default default] No more DHCP agents
2026-05-12 17:40:48.619 9 WARNING neutron.api.rpc.agentnotifiers.dhcp_rpc_agent_api [None req-28197363-d4ba-471a-a411-24af658523c6 00eed3f8883c4240a26435de1b639fd9 a6f90e9ea3b342fb958630d2678a88aa - - default default] Unable to schedule network 87284f6c-82c4-4c38-92c4-ffd03637e215: no agents available; will retry on subsequent port and subnet creation events.
2026-05-12 17:40:48.637 10 INFO neutron.plugins.ml2.drivers.ovn.mech_driver.ovsdb.commands [None req-74f3d9c2-cae2-4467-bb17-cba65fdcba46 - - - - - -] Schedule LRP lrp-2703ec5c-8fa0-4a70-9226-a65344118ce3 on gateway bb0913bd-9cb3-4b5a-a2a8-6a2203fefec3 with priority 1
2026-05-12 17:40:48.645 10 INFO neutron.plugins.ml2.drivers.ovn.mech_driver.mech_driver [None req-cc6df3a4-428a-4020-b491-5fe4a194638b - - - - - -] OVN reports status up for port: 2703ec5c-8fa0-4a70-9226-a65344118ce3
2026-05-12 17:40:48.658 10 INFO neutron.plugins.ml2.plugin [None req-cc6df3a4-428a-4020-b491-5fe4a194638b - - - - - -] Attempt 1 to provision port 2703ec5c-8fa0-4a70-9226-a65344118ce3
2026-05-12 17:40:48.665 9 INFO neutron.db.ovn_revision_numbers_db [None req-28197363-d4ba-471a-a411-24af658523c6 00eed3f8883c4240a26435de1b639fd9 a6f90e9ea3b342fb958630d2678a88aa - - default default] Successfully bumped revision number for resource 5cc9edf7-d306-4977-a670-ebeb70ef086d (type: subnets) to 0
2026-05-12 17:40:48.677 10 INFO neutron.db.ovn_revision_numbers_db [None req-d6cc98e1-49ad-4960-b54f-9d8434662199 ca6bbcb8cc5a4639822594939500aaa4 1578889cde3f415d85e78a74a6c0cdb1 - - default default] Successfully bumped revision number for resource 2703ec5c-8fa0-4a70-9226-a65344118ce3 (type: router_ports) to 1
2026-05-12 17:40:48.680 9 INFO neutron.api.wsgi [None req-28197363-d4ba-471a-a411-24af658523c6 00eed3f8883c4240a26435de1b639fd9 a6f90e9ea3b342fb958630d2678a88aa - - default default] 10.0.0.169 "POST /v2.0/subnets HTTP/1.1" status: 201 len: 928 time: 0.2497704
2026-05-12 17:40:48.690 9 WARNING neutron_lib.context [None req-e87f68be-f623-4bc2-870f-54a07160fb8a 00eed3f8883c4240a26435de1b639fd9 a6f90e9ea3b342fb958630d2678a88aa - - default default] Method 'is_advsvc' is deprecated since 2023.2 release (neutron-lib 3.8.0) and will be removed once support for the old RBAC API policies will be removed from Neutron. Please use method 'is_service_role' instead.
2026-05-12 17:40:48.751 10 INFO neutron.db.ovn_revision_numbers_db [None req-d6cc98e1-49ad-4960-b54f-9d8434662199 ca6bbcb8cc5a4639822594939500aaa4 1578889cde3f415d85e78a74a6c0cdb1 - - default default] Successfully bumped revision number for resource ee7ab261-abb8-4f26-b489-464987dd764a (type: routers) to 2
2026-05-12 17:40:48.773 10 INFO neutron.api.wsgi [None req-d6cc98e1-49ad-4960-b54f-9d8434662199 ca6bbcb8cc5a4639822594939500aaa4 1578889cde3f415d85e78a74a6c0cdb1 - - default default] 10.0.0.169 "POST /v2.0/routers HTTP/1.1" status: 201 len: 1136 time: 1.2916214
2026-05-12 17:40:48.924 9 INFO neutron.api.wsgi [None req-b749f0d8-f44e-4383-8f50-d07bbcbf0224 3acf3b822afb4aa89cd9335cc084e7b6 b556785f03e24099bde7d34a16315435 - - default default] 10.0.0.169 "DELETE /v2.0/security-groups/f0d59465-5760-49e6-80e6-f2bf2d14c6af HTTP/1.1" status: 204 len: 168 time: 0.3052480
2026-05-12 17:40:49.099 9 WARNING neutron.scheduler.dhcp_agent_scheduler [None req-e87f68be-f623-4bc2-870f-54a07160fb8a 00eed3f8883c4240a26435de1b639fd9 a6f90e9ea3b342fb958630d2678a88aa - - default default] No more DHCP agents
2026-05-12 17:40:49.100 9 WARNING neutron.api.rpc.agentnotifiers.dhcp_rpc_agent_api [None req-e87f68be-f623-4bc2-870f-54a07160fb8a 00eed3f8883c4240a26435de1b639fd9 a6f90e9ea3b342fb958630d2678a88aa - - default default] Unable to schedule network 656895dc-1916-4840-a405-dc6ef476c484: no agents available; will retry on subsequent port and subnet creation events.
2026-05-12 17:40:49.195 9 INFO neutron.db.ovn_revision_numbers_db [None req-e87f68be-f623-4bc2-870f-54a07160fb8a 00eed3f8883c4240a26435de1b639fd9 a6f90e9ea3b342fb958630d2678a88aa - - default default] Successfully bumped revision number for resource 84e6c65e-44ec-411e-bde3-542e9ff1478d (type: ports) to 1
2026-05-12 17:40:49.301 10 WARNING neutron.scheduler.dhcp_agent_scheduler [None req-927e5b22-90d2-42c6-9565-7adc742e33b6 ca6bbcb8cc5a4639822594939500aaa4 1578889cde3f415d85e78a74a6c0cdb1 - - default default] No more DHCP agents
2026-05-12 17:40:49.303 10 WARNING neutron.api.rpc.agentnotifiers.dhcp_rpc_agent_api [None req-927e5b22-90d2-42c6-9565-7adc742e33b6 ca6bbcb8cc5a4639822594939500aaa4 1578889cde3f415d85e78a74a6c0cdb1 - - default default] Unable to schedule network 21dc238d-eb33-4a75-800e-a284bb09ed9b: no agents available; will retry on subsequent port and subnet creation events.
2026-05-12 17:40:49.446 10 INFO neutron.db.ovn_revision_numbers_db [None req-927e5b22-90d2-42c6-9565-7adc742e33b6 ca6bbcb8cc5a4639822594939500aaa4 1578889cde3f415d85e78a74a6c0cdb1 - - default default] Successfully bumped revision number for resource 5c93e0d5-613f-4baa-97cc-2e1ff3f2ffef (type: ports) to 1
2026-05-12 17:40:49.706 10 INFO neutron.api.wsgi [None req-c6d3e711-72ec-4747-aadd-e19091363b87 04069c034fe94cef8c8e24ddab41f501 4bd7d4f842c04571ae4d728bc0178299 - - default default] 10.0.0.169 "GET /v2.0/ports?project_id=2850de78213044d6a55fc2a29c7aad68&network_id=263b8d78-7b60-4d01-9aee-f9c9c46f6711 HTTP/1.1" status: 200 len: 3514 time: 0.0638556
2026-05-12 17:40:49.723 9 INFO neutron.plugins.ml2.drivers.ovn.mech_driver.ovsdb.commands [None req-6c4d92fe-d2bf-49e4-95da-664aa03a7cd2 - - - - - -] Schedule LRP lrp-84e6c65e-44ec-411e-bde3-542e9ff1478d on gateway bb0913bd-9cb3-4b5a-a2a8-6a2203fefec3 with priority 1
2026-05-12 17:40:49.750 9 INFO neutron.plugins.ml2.drivers.ovn.mech_driver.ovsdb.ovsdb_monitor [None req-011aca56-afa7-4778-a3a9-ada814b6a854 - - - - - -] Router 308439c4-bc46-4047-86d4-404caab0ff09 is bound to host instance
2026-05-12 17:40:49.781 9 INFO neutron.db.ovn_revision_numbers_db [None req-e87f68be-f623-4bc2-870f-54a07160fb8a 00eed3f8883c4240a26435de1b639fd9 a6f90e9ea3b342fb958630d2678a88aa - - default default] Successfully bumped revision number for resource 84e6c65e-44ec-411e-bde3-542e9ff1478d (type: router_ports) to 1
2026-05-12 17:40:49.848 9 INFO neutron.db.ovn_revision_numbers_db [None req-e87f68be-f623-4bc2-870f-54a07160fb8a 00eed3f8883c4240a26435de1b639fd9 a6f90e9ea3b342fb958630d2678a88aa - - default default] Successfully bumped revision number for resource 308439c4-bc46-4047-86d4-404caab0ff09 (type: routers) to 2
2026-05-12 17:40:49.873 9 INFO neutron.api.wsgi [None req-e87f68be-f623-4bc2-870f-54a07160fb8a 00eed3f8883c4240a26435de1b639fd9 a6f90e9ea3b342fb958630d2678a88aa - - default default] 10.0.0.169 "POST /v2.0/routers HTTP/1.1" status: 201 len: 1143 time: 1.1877491
2026-05-12 17:40:50.034 9 INFO neutron.api.wsgi [None req-e64b6aeb-1095-415d-a7a0-fb69d981e08a 04069c034fe94cef8c8e24ddab41f501 4bd7d4f842c04571ae4d728bc0178299 - - default default] 10.0.0.169 "GET /v2.0/subnets?network_id=656895dc-1916-4840-a405-dc6ef476c484 HTTP/1.1" status: 200 len: 861 time: 0.0382679
2026-05-12 17:40:50.204 9 INFO neutron.plugins.ml2.drivers.ovn.mech_driver.mech_driver [None req-41185976-09d0-41cd-b6ff-3360e4e50ca6 - - - - - -] OVN reports status up for port: 1d027d68-4d95-4a71-b576-cbcfd0e88a25
2026-05-12 17:40:50.216 9 INFO neutron.plugins.ml2.plugin [None req-41185976-09d0-41cd-b6ff-3360e4e50ca6 - - - - - -] Attempt 1 to provision port 1d027d68-4d95-4a71-b576-cbcfd0e88a25
2026-05-12 17:40:50.256 10 INFO neutron.db.ovn_revision_numbers_db [None req-927e5b22-90d2-42c6-9565-7adc742e33b6 ca6bbcb8cc5a4639822594939500aaa4 1578889cde3f415d85e78a74a6c0cdb1 - - default default] Successfully bumped revision number for resource 5c93e0d5-613f-4baa-97cc-2e1ff3f2ffef (type: ports) to 1
2026-05-12 17:40:50.261 9 INFO neutron.db.ovn_revision_numbers_db [None req-7612daf0-88f7-4768-92b5-2c3eb51a5b83 - - - - - -] Successfully bumped revision number for resource 84e6c65e-44ec-411e-bde3-542e9ff1478d (type: ports) to 1
2026-05-12 17:40:50.344 10 WARNING neutron.scheduler.dhcp_agent_scheduler [None req-927e5b22-90d2-42c6-9565-7adc742e33b6 ca6bbcb8cc5a4639822594939500aaa4 1578889cde3f415d85e78a74a6c0cdb1 - - default default] No more DHCP agents
2026-05-12 17:40:50.346 10 WARNING neutron.api.rpc.agentnotifiers.dhcp_rpc_agent_api [None req-927e5b22-90d2-42c6-9565-7adc742e33b6 ca6bbcb8cc5a4639822594939500aaa4 1578889cde3f415d85e78a74a6c0cdb1 - - default default] Unable to schedule network 21dc238d-eb33-4a75-800e-a284bb09ed9b: no agents available; will retry on subsequent port and subnet creation events.
2026-05-12 17:40:50.408 10 INFO neutron.db.ovn_revision_numbers_db [None req-4804bc9d-8f95-4747-8abf-6966145b0d29 df0ceea4d94841b4b0d1453a29814691 2850de78213044d6a55fc2a29c7aad68 - - default default] Successfully bumped revision number for resource ff3748f5-ff97-4e2a-ad12-3f1fd65550a8 (type: floatingips) to 2
2026-05-12 17:40:50.442 9 INFO neutron.db.ovn_revision_numbers_db [None req-41185976-09d0-41cd-b6ff-3360e4e50ca6 - - - - - -] Successfully bumped revision number for resource 1d027d68-4d95-4a71-b576-cbcfd0e88a25 (type: ports) to 4
2026-05-12 17:40:50.490 10 INFO neutron.db.l3_db [None req-4804bc9d-8f95-4747-8abf-6966145b0d29 df0ceea4d94841b4b0d1453a29814691 2850de78213044d6a55fc2a29c7aad68 - - default default] Floating IP ff3748f5-ff97-4e2a-ad12-3f1fd65550a8 disassociated. External IP: 10.96.250.214, port: 388dc586-5569-497e-b75d-f06099a620b5.
2026-05-12 17:40:50.536 10 INFO neutron.api.wsgi [None req-4804bc9d-8f95-4747-8abf-6966145b0d29 df0ceea4d94841b4b0d1453a29814691 2850de78213044d6a55fc2a29c7aad68 - - default default] 10.0.0.169 "PUT /v2.0/floatingips/ff3748f5-ff97-4e2a-ad12-3f1fd65550a8 HTTP/1.1" status: 200 len: 748 time: 0.3679662
2026-05-12 17:40:50.572 9 INFO neutron.api.wsgi [None req-d214e222-9eca-4e51-bd5a-7c1eb08fe128 df0ceea4d94841b4b0d1453a29814691 2850de78213044d6a55fc2a29c7aad68 - - default default] 10.0.0.169 "GET /v2.0/floatingips/ff3748f5-ff97-4e2a-ad12-3f1fd65550a8 HTTP/1.1" status: 200 len: 746 time: 0.0263329
2026-05-12 17:40:50.574 10 INFO neutron.notifiers.nova [-] Nova event matching ['req-36f4bbbc-50dd-42a3-9551-a4f63c4d7316'] response: {'name': 'network-changed', 'server_uuid': '2c0d6d97-d0fe-40e9-abff-78ce3c74e13b', 'tag': '388dc586-5569-497e-b75d-f06099a620b5', 'status': 'completed', 'code': 200}
2026-05-12 17:40:50.600 9 INFO neutron.db.ovn_revision_numbers_db [None req-7612daf0-88f7-4768-92b5-2c3eb51a5b83 - - - - - -] Successfully bumped revision number for resource 84e6c65e-44ec-411e-bde3-542e9ff1478d (type: ports) to 4
2026-05-12 17:40:50.618 10 WARNING neutron.scheduler.dhcp_agent_scheduler [None req-f82f320e-ed92-4bdc-8a52-1a566c5c97ce 00eed3f8883c4240a26435de1b639fd9 a6f90e9ea3b342fb958630d2678a88aa - - default default] No more DHCP agents
2026-05-12 17:40:50.621 10 WARNING neutron.api.rpc.agentnotifiers.dhcp_rpc_agent_api [None req-f82f320e-ed92-4bdc-8a52-1a566c5c97ce 00eed3f8883c4240a26435de1b639fd9 a6f90e9ea3b342fb958630d2678a88aa - - default default] Unable to schedule network 392ffd41-bd8c-4504-bbc5-6e4cd5601957: no agents available; will retry on subsequent port and subnet creation events.
2026-05-12 17:40:50.778 10 INFO neutron.db.ovn_revision_numbers_db [None req-f82f320e-ed92-4bdc-8a52-1a566c5c97ce 00eed3f8883c4240a26435de1b639fd9 a6f90e9ea3b342fb958630d2678a88aa - - default default] Successfully bumped revision number for resource 88c86352-44f0-4f89-a097-e72224f5d657 (type: ports) to 1
2026-05-12 17:40:50.863 10 INFO neutron.db.ovn_revision_numbers_db [None req-927e5b22-90d2-42c6-9565-7adc742e33b6 ca6bbcb8cc5a4639822594939500aaa4 1578889cde3f415d85e78a74a6c0cdb1 - - default default] Successfully bumped revision number for resource 5c93e0d5-613f-4baa-97cc-2e1ff3f2ffef (type: router_ports) to 1
2026-05-12 17:40:50.868 10 INFO neutron.api.wsgi [None req-927e5b22-90d2-42c6-9565-7adc742e33b6 ca6bbcb8cc5a4639822594939500aaa4 1578889cde3f415d85e78a74a6c0cdb1 - - default default] 10.0.0.169 "PUT /v2.0/routers/ee7ab261-abb8-4f26-b489-464987dd764a/add_router_interface HTTP/1.1" status: 200 len: 503 time: 2.0900922
2026-05-12 17:40:50.888 9 INFO neutron.db.ovn_revision_numbers_db [None req-7612daf0-88f7-4768-92b5-2c3eb51a5b83 - - - - - -] Successfully bumped revision number for resource 84e6c65e-44ec-411e-bde3-542e9ff1478d (type: ports) to 5
2026-05-12 17:40:51.368 10 INFO neutron.db.ovn_revision_numbers_db [None req-f82f320e-ed92-4bdc-8a52-1a566c5c97ce 00eed3f8883c4240a26435de1b639fd9 a6f90e9ea3b342fb958630d2678a88aa - - default default] Successfully bumped revision number for resource 88c86352-44f0-4f89-a097-e72224f5d657 (type: ports) to 1
2026-05-12 17:40:51.415 10 WARNING neutron.scheduler.dhcp_agent_scheduler [None req-f82f320e-ed92-4bdc-8a52-1a566c5c97ce 00eed3f8883c4240a26435de1b639fd9 a6f90e9ea3b342fb958630d2678a88aa - - default default] No more DHCP agents
2026-05-12 17:40:51.416 10 WARNING neutron.api.rpc.agentnotifiers.dhcp_rpc_agent_api [None req-f82f320e-ed92-4bdc-8a52-1a566c5c97ce 00eed3f8883c4240a26435de1b639fd9 a6f90e9ea3b342fb958630d2678a88aa - - default default] Unable to schedule network 392ffd41-bd8c-4504-bbc5-6e4cd5601957: no agents available; will retry on subsequent port and subnet creation events.
2026-05-12 17:40:51.482 9 INFO neutron.api.wsgi [req-2370e39a-68b9-45ad-9e7c-5458ab248fba req-8bb8bde8-35de-45cd-b017-e46ee805fa71 a80aff6c40d24322ad9160b386e6296b b53c7c33903a424ca86f9ff5ea694ca5 - - 245026527e4e4aa494af50c21c8ce5e1 245026527e4e4aa494af50c21c8ce5e1] 199.19.213.250 "GET /v2.0/ports?tenant_id=2850de78213044d6a55fc2a29c7aad68&device_id=2c0d6d97-d0fe-40e9-abff-78ce3c74e13b HTTP/1.1" status: 200 len: 1413 time: 0.3888056
2026-05-12 17:40:51.548 9 INFO neutron.api.wsgi [req-2370e39a-68b9-45ad-9e7c-5458ab248fba req-5983d784-3e8f-4035-b5be-21dd15e00441 a80aff6c40d24322ad9160b386e6296b b53c7c33903a424ca86f9ff5ea694ca5 - - 245026527e4e4aa494af50c21c8ce5e1 245026527e4e4aa494af50c21c8ce5e1] 199.19.213.250 "GET /v2.0/networks?id=263b8d78-7b60-4d01-9aee-f9c9c46f6711 HTTP/1.1" status: 200 len: 958 time: 0.0584164
2026-05-12 17:40:51.571 9 INFO neutron.api.wsgi [req-2370e39a-68b9-45ad-9e7c-5458ab248fba req-d801b9a6-e858-45be-96b2-5411a7dcc78d a80aff6c40d24322ad9160b386e6296b b53c7c33903a424ca86f9ff5ea694ca5 - - 245026527e4e4aa494af50c21c8ce5e1 245026527e4e4aa494af50c21c8ce5e1] 199.19.213.250 "GET /v2.0/floatingips?fixed_ip_address=10.100.0.13&port_id=388dc586-5569-497e-b75d-f06099a620b5 HTTP/1.1" status: 200 len: 217 time: 0.0172625
2026-05-12 17:40:51.598 9 INFO neutron.api.wsgi [req-2370e39a-68b9-45ad-9e7c-5458ab248fba req-b949dd27-a87a-401f-8340-d811e2e25e73 a80aff6c40d24322ad9160b386e6296b b53c7c33903a424ca86f9ff5ea694ca5 - - 245026527e4e4aa494af50c21c8ce5e1 245026527e4e4aa494af50c21c8ce5e1] 199.19.213.250 "GET /v2.0/subnets?id=d0f1dc6f-1ca4-4de1-824d-29e27e059c85 HTTP/1.1" status: 200 len: 877 time: 0.0242252
2026-05-12 17:40:51.620 9 INFO neutron.api.wsgi [req-2370e39a-68b9-45ad-9e7c-5458ab248fba req-44e99d46-d87f-45a2-ae47-d1b0fef56b35 a80aff6c40d24322ad9160b386e6296b b53c7c33903a424ca86f9ff5ea694ca5 - - 245026527e4e4aa494af50c21c8ce5e1 245026527e4e4aa494af50c21c8ce5e1] 199.19.213.250 "GET /v2.0/ports?network_id=263b8d78-7b60-4d01-9aee-f9c9c46f6711&device_owner=network%3Adhcp HTTP/1.1" status: 200 len: 210 time: 0.0163691
2026-05-12 17:40:51.642 9 WARNING neutron_lib.context [None req-426930f3-7a98-48b1-8f4d-253342ccae66 df0ceea4d94841b4b0d1453a29814691 2850de78213044d6a55fc2a29c7aad68 - - default default] Method 'is_advsvc' is deprecated since 2023.2 release (neutron-lib 3.8.0) and will be removed once support for the old RBAC API policies will be removed from Neutron. Please use method 'is_service_role' instead.
2026-05-12 17:40:51.713 9 INFO neutron.api.wsgi [req-2370e39a-68b9-45ad-9e7c-5458ab248fba req-c24d497b-00c9-4a93-9c23-2a3ac3ddc9e0 a80aff6c40d24322ad9160b386e6296b b53c7c33903a424ca86f9ff5ea694ca5 - - 245026527e4e4aa494af50c21c8ce5e1 245026527e4e4aa494af50c21c8ce5e1] 199.19.213.250 "GET /v2.0/networks/263b8d78-7b60-4d01-9aee-f9c9c46f6711?fields=segments HTTP/1.1" status: 200 len: 212 time: 0.0838501
2026-05-12 17:40:51.751 10 INFO neutron.db.ovn_revision_numbers_db [None req-f82f320e-ed92-4bdc-8a52-1a566c5c97ce 00eed3f8883c4240a26435de1b639fd9 a6f90e9ea3b342fb958630d2678a88aa - - default default] Successfully bumped revision number for resource 88c86352-44f0-4f89-a097-e72224f5d657 (type: router_ports) to 1
2026-05-12 17:40:51.757 10 INFO neutron.api.wsgi [None req-f82f320e-ed92-4bdc-8a52-1a566c5c97ce 00eed3f8883c4240a26435de1b639fd9 a6f90e9ea3b342fb958630d2678a88aa - - default default] 10.0.0.169 "PUT /v2.0/routers/308439c4-bc46-4047-86d4-404caab0ff09/add_router_interface HTTP/1.1" status: 200 len: 503 time: 1.8758981
2026-05-12 17:40:51.790 9 INFO neutron.api.wsgi [req-2370e39a-68b9-45ad-9e7c-5458ab248fba req-f27a4560-0f19-4512-acee-e1228101ecde a80aff6c40d24322ad9160b386e6296b b53c7c33903a424ca86f9ff5ea694ca5 - - 245026527e4e4aa494af50c21c8ce5e1 245026527e4e4aa494af50c21c8ce5e1] 199.19.213.250 "GET /v2.0/networks/263b8d78-7b60-4d01-9aee-f9c9c46f6711?fields=provider%3Aphysical_network&fields=provider%3Anetwork_type HTTP/1.1" status: 200 len: 277 time: 0.0728951
2026-05-12 17:40:51.838 9 WARNING neutron.scheduler.dhcp_agent_scheduler [None req-e449dd82-59d2-492c-afcb-2fa43bd3f038 - - - - - -] No more DHCP agents
2026-05-12 17:40:51.841 9 WARNING neutron.api.rpc.agentnotifiers.dhcp_rpc_agent_api [None req-e449dd82-59d2-492c-afcb-2fa43bd3f038 - - - - - -] Unable to schedule network 656895dc-1916-4840-a405-dc6ef476c484: no agents available; will retry on subsequent port and subnet creation events.
2026-05-12 17:40:51.842 9 INFO neutron.db.ovn_revision_numbers_db [None req-426930f3-7a98-48b1-8f4d-253342ccae66 df0ceea4d94841b4b0d1453a29814691 2850de78213044d6a55fc2a29c7aad68 - - default default] Successfully bumped revision number for resource e6031be6-a03a-4551-b2ce-1baf19bb4fac (type: security_groups) to 1
2026-05-12 17:40:51.860 9 INFO neutron.db.ovn_revision_numbers_db [None req-426930f3-7a98-48b1-8f4d-253342ccae66 df0ceea4d94841b4b0d1453a29814691 2850de78213044d6a55fc2a29c7aad68 - - default default] Successfully bumped revision number for resource 0b703875-5c5b-40a9-95fa-c3c7d1867599 (type: security_group_rules) to 0
2026-05-12 17:40:51.887 9 INFO neutron.db.ovn_revision_numbers_db [None req-426930f3-7a98-48b1-8f4d-253342ccae66 df0ceea4d94841b4b0d1453a29814691 2850de78213044d6a55fc2a29c7aad68 - - default default] Successfully bumped revision number for resource 4659dbf9-9402-4e76-8099-e036f8134639 (type: security_group_rules) to 0
2026-05-12 17:40:51.932 9 INFO neutron.api.wsgi [None req-426930f3-7a98-48b1-8f4d-253342ccae66 df0ceea4d94841b4b0d1453a29814691 2850de78213044d6a55fc2a29c7aad68 - - default default] 10.0.0.169 "POST /v2.0/security-groups HTTP/1.1" status: 201 len: 1873 time: 0.2990685
2026-05-12 17:40:51.942 9 WARNING neutron_lib.context [None req-36fc98f1-30ba-4010-be58-bf408921e2a7 df0ceea4d94841b4b0d1453a29814691 2850de78213044d6a55fc2a29c7aad68 - - default default] Method 'is_advsvc' is deprecated since 2023.2 release (neutron-lib 3.8.0) and will be removed once support for the old RBAC API policies will be removed from Neutron. Please use method 'is_service_role' instead.
2026-05-12 17:40:51.988 9 INFO neutron.db.ovn_revision_numbers_db [None req-e449dd82-59d2-492c-afcb-2fa43bd3f038 - - - - - -] Successfully bumped revision number for resource c437193b-6431-4bbe-8d86-ac8a3c1f1b1b (type: ports) to 1
2026-05-12 17:40:52.083 9 INFO neutron.db.ovn_revision_numbers_db [None req-36fc98f1-30ba-4010-be58-bf408921e2a7 df0ceea4d94841b4b0d1453a29814691 2850de78213044d6a55fc2a29c7aad68 - - default default] Successfully bumped revision number for resource feac0851-0ac4-4b03-9827-4542dc626e07 (type: security_group_rules) to 0
2026-05-12 17:40:52.123 9 INFO neutron.api.wsgi [None req-36fc98f1-30ba-4010-be58-bf408921e2a7 df0ceea4d94841b4b0d1453a29814691 2850de78213044d6a55fc2a29c7aad68 - - default default] 10.0.0.169 "POST /v2.0/security-group-rules HTTP/1.1" status: 201 len: 796 time: 0.1853189
2026-05-12 17:40:52.131 9 WARNING neutron_lib.context [None req-b79031f3-a284-4dbe-8b1b-a144496067c6 df0ceea4d94841b4b0d1453a29814691 2850de78213044d6a55fc2a29c7aad68 - - default default] Method 'is_advsvc' is deprecated since 2023.2 release (neutron-lib 3.8.0) and will be removed once support for the old RBAC API policies will be removed from Neutron. Please use method 'is_service_role' instead.
2026-05-12 17:40:52.245 9 INFO neutron.db.ovn_revision_numbers_db [None req-e449dd82-59d2-492c-afcb-2fa43bd3f038 - - - - - -] Successfully bumped revision number for resource c437193b-6431-4bbe-8d86-ac8a3c1f1b1b (type: ports) to 3
2026-05-12 17:40:52.268 9 INFO neutron.db.ovn_revision_numbers_db [None req-b79031f3-a284-4dbe-8b1b-a144496067c6 df0ceea4d94841b4b0d1453a29814691 2850de78213044d6a55fc2a29c7aad68 - - default default] Successfully bumped revision number for resource 4925cf9e-3862-4ccf-9a8f-958383301b45 (type: security_group_rules) to 0
2026-05-12 17:40:52.295 9 INFO neutron.api.wsgi [None req-b79031f3-a284-4dbe-8b1b-a144496067c6 df0ceea4d94841b4b0d1453a29814691 2850de78213044d6a55fc2a29c7aad68 - - default default] 10.0.0.169 "POST /v2.0/security-group-rules HTTP/1.1" status: 201 len: 795 time: 0.1672041
2026-05-12 17:40:52.305 10 WARNING neutron_lib.context [None req-f805d412-50e6-4921-8f7f-44e1c85ae27d df0ceea4d94841b4b0d1453a29814691 2850de78213044d6a55fc2a29c7aad68 - - default default] Method 'is_advsvc' is deprecated since 2023.2 release (neutron-lib 3.8.0) and will be removed once support for the old RBAC API policies will be removed from Neutron. Please use method 'is_service_role' instead.
2026-05-12 17:40:52.307 9 INFO neutron.db.segments_db [None req-e449dd82-59d2-492c-afcb-2fa43bd3f038 - - - - - -] Added segment ad1b7092-1e11-4f65-a217-030bdf2c9cce of type geneve for network 8003e38f-311f-4f8c-b1b8-d87d858de4bf
2026-05-12 17:40:52.415 9 INFO neutron.db.ovn_revision_numbers_db [None req-70a79ea4-bcd2-4555-97d1-d216a866d4fd - - - - - -] Successfully bumped revision number for resource 8003e38f-311f-4f8c-b1b8-d87d858de4bf (type: networks) to 1
2026-05-12 17:40:52.451 10 INFO neutron.db.ovn_revision_numbers_db [None req-f805d412-50e6-4921-8f7f-44e1c85ae27d df0ceea4d94841b4b0d1453a29814691 2850de78213044d6a55fc2a29c7aad68 - - default default] Successfully bumped revision number for resource c8531387-0345-4faa-a3a2-a4f8ab7694f4 (type: security_group_rules) to 0
2026-05-12 17:40:52.482 10 INFO neutron.api.wsgi [None req-f805d412-50e6-4921-8f7f-44e1c85ae27d df0ceea4d94841b4b0d1453a29814691 2850de78213044d6a55fc2a29c7aad68 - - default default] 10.0.0.169 "POST /v2.0/security-group-rules HTTP/1.1" status: 201 len: 801 time: 0.1811821
2026-05-12 17:40:52.491 10 WARNING neutron_lib.context [None req-deec3533-d9da-4806-b933-1dbea481ae97 df0ceea4d94841b4b0d1453a29814691 2850de78213044d6a55fc2a29c7aad68 - - default default] Method 'is_advsvc' is deprecated since 2023.2 release (neutron-lib 3.8.0) and will be removed once support for the old RBAC API policies will be removed from Neutron. Please use method 'is_service_role' instead.
2026-05-12 17:40:52.512 10 WARNING neutron.scheduler.dhcp_agent_scheduler [None req-0de16cea-9c60-4f3c-854c-73def203a36a 00eed3f8883c4240a26435de1b639fd9 a6f90e9ea3b342fb958630d2678a88aa - - default default] No more DHCP agents
2026-05-12 17:40:52.514 10 WARNING neutron.api.rpc.agentnotifiers.dhcp_rpc_agent_api [None req-0de16cea-9c60-4f3c-854c-73def203a36a 00eed3f8883c4240a26435de1b639fd9 a6f90e9ea3b342fb958630d2678a88aa - - default default] Unable to schedule network f2532ef3-e6de-4f76-843c-319090ffe911: no agents available; will retry on subsequent port and subnet creation events.
2026-05-12 17:40:52.545 9 WARNING neutron.scheduler.dhcp_agent_scheduler [None req-70a79ea4-bcd2-4555-97d1-d216a866d4fd - - - - - -] No more DHCP agents
2026-05-12 17:40:52.546 9 WARNING neutron.api.rpc.agentnotifiers.dhcp_rpc_agent_api [None req-70a79ea4-bcd2-4555-97d1-d216a866d4fd - - - - - -] Unable to schedule network 8003e38f-311f-4f8c-b1b8-d87d858de4bf: no agents available; will retry on subsequent port and subnet creation events.
2026-05-12 17:40:52.604 9 INFO neutron.db.ovn_revision_numbers_db [None req-70a79ea4-bcd2-4555-97d1-d216a866d4fd - - - - - -] Successfully bumped revision number for resource 1d888f4e-f788-4493-82e9-a7f3b59657a8 (type: ports) to 1
2026-05-12 17:40:52.612 10 INFO neutron.db.ovn_revision_numbers_db [None req-deec3533-d9da-4806-b933-1dbea481ae97 df0ceea4d94841b4b0d1453a29814691 2850de78213044d6a55fc2a29c7aad68 - - default default] Successfully bumped revision number for resource 7e1a146a-b18b-4913-b175-c412c0490bc5 (type: security_group_rules) to 0
2026-05-12 17:40:52.648 10 INFO neutron.api.wsgi [None req-deec3533-d9da-4806-b933-1dbea481ae97 df0ceea4d94841b4b0d1453a29814691 2850de78213044d6a55fc2a29c7aad68 - - default default] 10.0.0.169 "POST /v2.0/security-group-rules HTTP/1.1" status: 201 len: 800 time: 0.1611779
2026-05-12 17:40:52.649 10 INFO neutron.db.ovn_revision_numbers_db [None req-0de16cea-9c60-4f3c-854c-73def203a36a 00eed3f8883c4240a26435de1b639fd9 a6f90e9ea3b342fb958630d2678a88aa - - default default] Successfully bumped revision number for resource b3de34eb-4601-49e3-a296-9eb742a7c55a (type: ports) to 1
2026-05-12 17:40:52.665 10 WARNING neutron_lib.context [None req-f74975df-d179-4544-be03-81856dcfc683 df0ceea4d94841b4b0d1453a29814691 2850de78213044d6a55fc2a29c7aad68 - - default default] Method 'is_advsvc' is deprecated since 2023.2 release (neutron-lib 3.8.0) and will be removed once support for the old RBAC API policies will be removed from Neutron. Please use method 'is_service_role' instead.
2026-05-12 17:40:52.712 10 INFO neutron.db.securitygroups_db [None req-f74975df-d179-4544-be03-81856dcfc683 df0ceea4d94841b4b0d1453a29814691 2850de78213044d6a55fc2a29c7aad68 - - default default] Project 2850de78213044d6a55fc2a29c7aad68 added a security group rule with legacy IPv6 ICMP protocol name icmp, ipv6-icmp should be used instead. It was automatically converted.
2026-05-12 17:40:52.763 9 WARNING neutron.scheduler.dhcp_agent_scheduler [None req-70a79ea4-bcd2-4555-97d1-d216a866d4fd - - - - - -] No more DHCP agents
2026-05-12 17:40:52.764 9 WARNING neutron.api.rpc.agentnotifiers.dhcp_rpc_agent_api [None req-70a79ea4-bcd2-4555-97d1-d216a866d4fd - - - - - -] Unable to schedule network 8003e38f-311f-4f8c-b1b8-d87d858de4bf: no agents available; will retry on subsequent port and subnet creation events.
2026-05-12 17:40:52.788 9 INFO neutron.db.ovn_revision_numbers_db [None req-70a79ea4-bcd2-4555-97d1-d216a866d4fd - - - - - -] Successfully bumped revision number for resource b979b884-0d15-401d-9367-24e0fb864e8f (type: subnets) to 0
2026-05-12 17:40:52.822 10 INFO neutron.db.ovn_revision_numbers_db [None req-f74975df-d179-4544-be03-81856dcfc683 df0ceea4d94841b4b0d1453a29814691 2850de78213044d6a55fc2a29c7aad68 - - default default] Successfully bumped revision number for resource 31bcdea8-90fc-4477-bf92-1822657cf014 (type: security_group_rules) to 0
2026-05-12 17:40:52.860 10 INFO neutron.api.wsgi [None req-f74975df-d179-4544-be03-81856dcfc683 df0ceea4d94841b4b0d1453a29814691 2850de78213044d6a55fc2a29c7aad68 - - default default] 10.0.0.169 "POST /v2.0/security-group-rules HTTP/1.1" status: 201 len: 806 time: 0.2035592
2026-05-12 17:40:52.871 9 WARNING neutron_lib.context [None req-fb1d3e72-3967-489c-b16f-3596c28247e2 df0ceea4d94841b4b0d1453a29814691 2850de78213044d6a55fc2a29c7aad68 - - default default] Method 'is_advsvc' is deprecated since 2023.2 release (neutron-lib 3.8.0) and will be removed once support for the old RBAC API policies will be removed from Neutron. Please use method 'is_service_role' instead.
2026-05-12 17:40:52.908 9 INFO neutron.db.securitygroups_db [None req-fb1d3e72-3967-489c-b16f-3596c28247e2 df0ceea4d94841b4b0d1453a29814691 2850de78213044d6a55fc2a29c7aad68 - - default default] Project 2850de78213044d6a55fc2a29c7aad68 added a security group rule with legacy IPv6 ICMP protocol name icmp, ipv6-icmp should be used instead. It was automatically converted.
2026-05-12 17:40:53.015 9 INFO neutron.db.ovn_revision_numbers_db [None req-fb1d3e72-3967-489c-b16f-3596c28247e2 df0ceea4d94841b4b0d1453a29814691 2850de78213044d6a55fc2a29c7aad68 - - default default] Successfully bumped revision number for resource 978ae430-60f9-497b-90da-7cb2d918942d (type: security_group_rules) to 0
2026-05-12 17:40:53.050 9 INFO neutron.api.wsgi [None req-fb1d3e72-3967-489c-b16f-3596c28247e2 df0ceea4d94841b4b0d1453a29814691 2850de78213044d6a55fc2a29c7aad68 - - default default] 10.0.0.169 "POST /v2.0/security-group-rules HTTP/1.1" status: 201 len: 805 time: 0.1846058
2026-05-12 17:40:53.163 9 WARNING neutron.scheduler.dhcp_agent_scheduler [None req-70a79ea4-bcd2-4555-97d1-d216a866d4fd - - - - - -] No more DHCP agents
2026-05-12 17:40:53.164 9 WARNING neutron.api.rpc.agentnotifiers.dhcp_rpc_agent_api [None req-70a79ea4-bcd2-4555-97d1-d216a866d4fd - - - - - -] Unable to schedule network 8003e38f-311f-4f8c-b1b8-d87d858de4bf: no agents available; will retry on subsequent port and subnet creation events.
2026-05-12 17:40:53.281 9 INFO neutron.db.ovn_revision_numbers_db [None req-70a79ea4-bcd2-4555-97d1-d216a866d4fd - - - - - -] Successfully bumped revision number for resource d8859e7b-fd23-486e-a9fd-b3a09c60e6f4 (type: ports) to 1
2026-05-12 17:40:53.387 10 INFO neutron.db.ovn_revision_numbers_db [None req-0de16cea-9c60-4f3c-854c-73def203a36a 00eed3f8883c4240a26435de1b639fd9 a6f90e9ea3b342fb958630d2678a88aa - - default default] Successfully bumped revision number for resource b3de34eb-4601-49e3-a296-9eb742a7c55a (type: ports) to 1
2026-05-12 17:40:53.393 10 INFO neutron.db.ovn_revision_numbers_db [None req-dcb440d7-6b55-4dda-b19d-a494d1453052 3acf3b822afb4aa89cd9335cc084e7b6 b556785f03e24099bde7d34a16315435 - - default default] Successfully bumped revision number for resource 21a351eb-c3fb-4f28-9810-c7a8729917d8 (type: security_groups) to 1
2026-05-12 17:40:53.409 10 INFO neutron.db.ovn_revision_numbers_db [None req-dcb440d7-6b55-4dda-b19d-a494d1453052 3acf3b822afb4aa89cd9335cc084e7b6 b556785f03e24099bde7d34a16315435 - - default default] Successfully bumped revision number for resource 18c705a4-e595-4cd0-956e-047a34ace210 (type: security_group_rules) to 0
2026-05-12 17:40:53.441 10 INFO neutron.db.ovn_revision_numbers_db [None req-dcb440d7-6b55-4dda-b19d-a494d1453052 3acf3b822afb4aa89cd9335cc084e7b6 b556785f03e24099bde7d34a16315435 - - default default] Successfully bumped revision number for resource a2386510-6e96-46ba-afef-752566b3a7e1 (type: security_group_rules) to 0
2026-05-12 17:40:53.454 10 INFO neutron.db.ovn_revision_numbers_db [None req-dcb440d7-6b55-4dda-b19d-a494d1453052 3acf3b822afb4aa89cd9335cc084e7b6 b556785f03e24099bde7d34a16315435 - - default default] Successfully bumped revision number for resource ca7fbb7d-320d-4e1f-9ac1-73bf8e2b1855 (type: security_group_rules) to 0
2026-05-12 17:40:53.460 10 WARNING neutron.scheduler.dhcp_agent_scheduler [None req-0de16cea-9c60-4f3c-854c-73def203a36a 00eed3f8883c4240a26435de1b639fd9 a6f90e9ea3b342fb958630d2678a88aa - - default default] No more DHCP agents
2026-05-12 17:40:53.468 10 WARNING neutron.api.rpc.agentnotifiers.dhcp_rpc_agent_api [None req-0de16cea-9c60-4f3c-854c-73def203a36a 00eed3f8883c4240a26435de1b639fd9 a6f90e9ea3b342fb958630d2678a88aa - - default default] Unable to schedule network f2532ef3-e6de-4f76-843c-319090ffe911: no agents available; will retry on subsequent port and subnet creation events.
2026-05-12 17:40:53.480 10 INFO neutron.db.ovn_revision_numbers_db [None req-dcb440d7-6b55-4dda-b19d-a494d1453052 3acf3b822afb4aa89cd9335cc084e7b6 b556785f03e24099bde7d34a16315435 - - default default] Successfully bumped revision number for resource cfcc023e-34f5-43aa-8bee-d731865d35c5 (type: security_group_rules) to 0
2026-05-12 17:40:53.534 10 INFO neutron.api.wsgi [None req-7bb3f723-dfff-418d-a990-5732aeb560ef df0ceea4d94841b4b0d1453a29814691 2850de78213044d6a55fc2a29c7aad68 - - default default] 10.0.0.169 "GET /v2.0/networks HTTP/1.1" status: 200 len: 1492 time: 0.1260800
2026-05-12 17:40:53.540 10 INFO neutron.api.wsgi [None req-dcb440d7-6b55-4dda-b19d-a494d1453052 3acf3b822afb4aa89cd9335cc084e7b6 b556785f03e24099bde7d34a16315435 - - default default] 10.0.0.169 "GET /v2.0/security-groups?tenant_id=144da7c1e3d64d2da31864a1f772d7e4&name=default HTTP/1.1" status: 200 len: 3120 time: 0.4567239
2026-05-12 17:40:53.649 9 INFO neutron.api.wsgi [req-d862c89c-44d7-4ec0-9991-7870b70ada67 req-1e2bba7b-2565-4880-b227-d1c5ce282d6b df0ceea4d94841b4b0d1453a29814691 2850de78213044d6a55fc2a29c7aad68 - - default default] 10.0.0.119 "GET /v2.0/security-groups?name=tempest-secgroup-smoke-644342041&fields=id&tenant_id=2850de78213044d6a55fc2a29c7aad68 HTTP/1.1" status: 200 len: 267 time: 0.0371473
2026-05-12 17:40:53.698 9 INFO neutron.api.wsgi [req-d862c89c-44d7-4ec0-9991-7870b70ada67 req-0a68ee87-cb54-466b-9e77-0c34478da504 df0ceea4d94841b4b0d1453a29814691 2850de78213044d6a55fc2a29c7aad68 - - default default] 10.0.0.119 "GET /v2.0/networks?id=263b8d78-7b60-4d01-9aee-f9c9c46f6711 HTTP/1.1" status: 200 len: 859 time: 0.0414565
2026-05-12 17:40:53.705 10 WARNING neutron.plugins.ml2.drivers.ovn.mech_driver.ovsdb.ovn_client [None req-cc6df3a4-428a-4020-b491-5fe4a194638b - - - - - -] No hosting information found for port 2703ec5c-8fa0-4a70-9226-a65344118ce3: RuntimeError: No hosting information found for port 2703ec5c-8fa0-4a70-9226-a65344118ce3
2026-05-12 17:40:53.705 10 INFO neutron.plugins.ml2.drivers.ovn.mech_driver.mech_driver [None req-cc6df3a4-428a-4020-b491-5fe4a194638b - - - - - -] OVN reports status up for port: 84e6c65e-44ec-411e-bde3-542e9ff1478d
2026-05-12 17:40:53.713 9 INFO neutron.api.wsgi [req-d862c89c-44d7-4ec0-9991-7870b70ada67 req-18cd19e2-5cc0-49e1-856c-b613b388c962 df0ceea4d94841b4b0d1453a29814691 2850de78213044d6a55fc2a29c7aad68 - - default default] 10.0.0.119 "GET /v2.0/quotas/2850de78213044d6a55fc2a29c7aad68 HTTP/1.1" status: 200 len: 491 time: 0.0062888
2026-05-12 17:40:53.720 10 INFO neutron.plugins.ml2.plugin [None req-cc6df3a4-428a-4020-b491-5fe4a194638b - - - - - -] Attempt 1 to provision port 84e6c65e-44ec-411e-bde3-542e9ff1478d
2026-05-12 17:40:53.783 9 INFO neutron.api.wsgi [req-d862c89c-44d7-4ec0-9991-7870b70ada67 req-bf589a7e-024a-4913-994d-0ec34f04e82e df0ceea4d94841b4b0d1453a29814691 2850de78213044d6a55fc2a29c7aad68 - - default default] 10.0.0.119 "GET /v2.0/ports?tenant_id=2850de78213044d6a55fc2a29c7aad68&fields=id HTTP/1.1" status: 200 len: 348 time: 0.0669415
2026-05-12 17:40:53.790 10 INFO neutron.api.wsgi [None req-1e694726-6755-4266-b1a6-f3d7f9210423 3acf3b822afb4aa89cd9335cc084e7b6 b556785f03e24099bde7d34a16315435 - - default default] 10.0.0.169 "DELETE /v2.0/security-groups/21a351eb-c3fb-4f28-9810-c7a8729917d8 HTTP/1.1" status: 204 len: 168 time: 0.2440155
2026-05-12 17:40:53.848 9 INFO neutron.api.wsgi [req-d862c89c-44d7-4ec0-9991-7870b70ada67 req-256e8e29-fe5f-49be-8c11-48e5d256e479 a80aff6c40d24322ad9160b386e6296b b53c7c33903a424ca86f9ff5ea694ca5 - - 245026527e4e4aa494af50c21c8ce5e1 245026527e4e4aa494af50c21c8ce5e1] 10.0.0.119 "GET /v2.0/networks/263b8d78-7b60-4d01-9aee-f9c9c46f6711?fields=segments HTTP/1.1" status: 200 len: 212 time: 0.0513363
2026-05-12 17:40:53.870 10 INFO neutron.plugins.ml2.drivers.ovn.mech_driver.mech_driver [None req-cc6df3a4-428a-4020-b491-5fe4a194638b - - - - - -] OVN reports status up for port: 5c93e0d5-613f-4baa-97cc-2e1ff3f2ffef
2026-05-12 17:40:53.885 10 INFO neutron.plugins.ml2.plugin [None req-cc6df3a4-428a-4020-b491-5fe4a194638b - - - - - -] Attempt 1 to provision port 5c93e0d5-613f-4baa-97cc-2e1ff3f2ffef
2026-05-12 17:40:53.890 9 INFO neutron.db.ovn_revision_numbers_db [None req-70a79ea4-bcd2-4555-97d1-d216a866d4fd - - - - - -] Successfully bumped revision number for resource d8859e7b-fd23-486e-a9fd-b3a09c60e6f4 (type: ports) to 1
2026-05-12 17:40:53.902 10 INFO neutron.db.ovn_revision_numbers_db [None req-0de16cea-9c60-4f3c-854c-73def203a36a 00eed3f8883c4240a26435de1b639fd9 a6f90e9ea3b342fb958630d2678a88aa - - default default] Successfully bumped revision number for resource b3de34eb-4601-49e3-a296-9eb742a7c55a (type: router_ports) to 1
2026-05-12 17:40:53.905 9 INFO neutron.api.wsgi [req-d862c89c-44d7-4ec0-9991-7870b70ada67 req-c0a5feb8-e4fe-4dbd-bfce-c83cd8052533 a80aff6c40d24322ad9160b386e6296b b53c7c33903a424ca86f9ff5ea694ca5 - - 245026527e4e4aa494af50c21c8ce5e1 245026527e4e4aa494af50c21c8ce5e1] 10.0.0.119 "GET /v2.0/networks/263b8d78-7b60-4d01-9aee-f9c9c46f6711?fields=provider%3Aphysical_network&fields=provider%3Anetwork_type HTTP/1.1" status: 200 len: 277 time: 0.0486112
2026-05-12 17:40:53.906 10 INFO neutron.api.wsgi [None req-0de16cea-9c60-4f3c-854c-73def203a36a 00eed3f8883c4240a26435de1b639fd9 a6f90e9ea3b342fb958630d2678a88aa - - default default] 10.0.0.169 "PUT /v2.0/routers/308439c4-bc46-4047-86d4-404caab0ff09/add_router_interface HTTP/1.1" status: 200 len: 503 time: 2.1443856
2026-05-12 17:40:53.955 9 WARNING neutron.scheduler.dhcp_agent_scheduler [None req-70a79ea4-bcd2-4555-97d1-d216a866d4fd - - - - - -] No more DHCP agents
2026-05-12 17:40:53.957 9 WARNING neutron.api.rpc.agentnotifiers.dhcp_rpc_agent_api [None req-70a79ea4-bcd2-4555-97d1-d216a866d4fd - - - - - -] Unable to schedule network 8003e38f-311f-4f8c-b1b8-d87d858de4bf: no agents available; will retry on subsequent port and subnet creation events.
2026-05-12 17:40:54.035 10 INFO neutron.api.wsgi [req-4593bb9d-8e67-44ee-92d8-94adea23d702 req-286efad0-6c16-4136-aee7-6735181a7dc1 df0ceea4d94841b4b0d1453a29814691 2850de78213044d6a55fc2a29c7aad68 - - default default] 10.0.0.119 "GET /v2.0/ports?device_id=5bf6e864-a3a8-47f6-a040-b0ea1468eb34 HTTP/1.1" status: 200 len: 210 time: 0.0254145
2026-05-12 17:40:54.052 10 INFO neutron.db.ovn_revision_numbers_db [None req-af2e5b3d-a1bf-4a60-a38d-77306864a607 3acf3b822afb4aa89cd9335cc084e7b6 b556785f03e24099bde7d34a16315435 - - default default] Successfully bumped revision number for resource 30177940-cdbc-43cc-b9d5-1226bd8054e9 (type: security_groups) to 1
2026-05-12 17:40:54.070 10 INFO neutron.db.ovn_revision_numbers_db [None req-af2e5b3d-a1bf-4a60-a38d-77306864a607 3acf3b822afb4aa89cd9335cc084e7b6 b556785f03e24099bde7d34a16315435 - - default default] Successfully bumped revision number for resource 3930f3c2-4258-4e64-a7e8-52ff715faf56 (type: security_group_rules) to 0
2026-05-12 17:40:54.085 10 INFO neutron.db.ovn_revision_numbers_db [None req-af2e5b3d-a1bf-4a60-a38d-77306864a607 3acf3b822afb4aa89cd9335cc084e7b6 b556785f03e24099bde7d34a16315435 - - default default] Successfully bumped revision number for resource 5ae0dec5-09f8-406d-b3ef-5822f55c53f3 (type: security_group_rules) to 0
2026-05-12 17:40:54.098 10 INFO neutron.db.ovn_revision_numbers_db [None req-af2e5b3d-a1bf-4a60-a38d-77306864a607 3acf3b822afb4aa89cd9335cc084e7b6 b556785f03e24099bde7d34a16315435 - - default default] Successfully bumped revision number for resource a4be7c11-63af-4c27-aeca-1a1c5214c802 (type: security_group_rules) to 0
2026-05-12 17:40:54.110 10 INFO neutron.db.ovn_revision_numbers_db [None req-af2e5b3d-a1bf-4a60-a38d-77306864a607 3acf3b822afb4aa89cd9335cc084e7b6 b556785f03e24099bde7d34a16315435 - - default default] Successfully bumped revision number for resource d1fedc8c-576c-4395-ba0b-47145b6bfa34 (type: security_group_rules) to 0
2026-05-12 17:40:54.142 10 INFO neutron.api.wsgi [None req-af2e5b3d-a1bf-4a60-a38d-77306864a607 3acf3b822afb4aa89cd9335cc084e7b6 b556785f03e24099bde7d34a16315435 - - default default] 10.0.0.169 "GET /v2.0/security-groups?tenant_id=6dc59560ddbe4338a46eaf4b940d0144&name=default HTTP/1.1" status: 200 len: 3120 time: 0.2239823
2026-05-12 17:40:54.271 10 INFO neutron.db.ovn_revision_numbers_db [None req-cc6df3a4-428a-4020-b491-5fe4a194638b - - - - - -] Successfully bumped revision number for resource 5c93e0d5-613f-4baa-97cc-2e1ff3f2ffef (type: ports) to 2
2026-05-12 17:40:54.493 9 INFO neutron.api.wsgi [None req-46cd565c-68f1-45f3-bc5e-8e902567bdc1 3acf3b822afb4aa89cd9335cc084e7b6 b556785f03e24099bde7d34a16315435 - - default default] 10.0.0.169 "DELETE /v2.0/security-groups/30177940-cdbc-43cc-b9d5-1226bd8054e9 HTTP/1.1" status: 204 len: 168 time: 0.3462324
2026-05-12 17:40:54.590 9 WARNING neutron.scheduler.dhcp_agent_scheduler [None req-8b8dd779-5486-4efb-9670-4ca2cd687875 00eed3f8883c4240a26435de1b639fd9 a6f90e9ea3b342fb958630d2678a88aa - - default default] No more DHCP agents
2026-05-12 17:40:54.591 9 WARNING neutron.api.rpc.agentnotifiers.dhcp_rpc_agent_api [None req-8b8dd779-5486-4efb-9670-4ca2cd687875 00eed3f8883c4240a26435de1b639fd9 a6f90e9ea3b342fb958630d2678a88aa - - default default] Unable to schedule network 87284f6c-82c4-4c38-92c4-ffd03637e215: no agents available; will retry on subsequent port and subnet creation events.
2026-05-12 17:40:54.743 9 INFO neutron.db.ovn_revision_numbers_db [None req-8b8dd779-5486-4efb-9670-4ca2cd687875 00eed3f8883c4240a26435de1b639fd9 a6f90e9ea3b342fb958630d2678a88aa - - default default] Successfully bumped revision number for resource 977c9d3a-6182-41b4-9f11-521aba1c0582 (type: ports) to 1
2026-05-12 17:40:54.884 9 INFO neutron.db.ovn_revision_numbers_db [None req-70a79ea4-bcd2-4555-97d1-d216a866d4fd - - - - - -] Successfully bumped revision number for resource d8859e7b-fd23-486e-a9fd-b3a09c60e6f4 (type: router_ports) to 1
2026-05-12 17:40:55.121 9 INFO neutron.api.wsgi [req-5357ee24-b35b-4f2d-9dc7-7508408d148e req-84fb80c2-1879-45f9-a3eb-c927fe549842 df0ceea4d94841b4b0d1453a29814691 2850de78213044d6a55fc2a29c7aad68 - - default default] 10.0.0.119 "GET /v2.0/ports?device_id=5bf6e864-a3a8-47f6-a040-b0ea1468eb34 HTTP/1.1" status: 200 len: 210 time: 0.0211365
2026-05-12 17:40:55.140 9 WARNING neutron.scheduler.dhcp_agent_scheduler [None req-70a79ea4-bcd2-4555-97d1-d216a866d4fd - - - - - -] No more DHCP agents
2026-05-12 17:40:55.141 9 WARNING neutron.api.rpc.agentnotifiers.dhcp_rpc_agent_api [None req-70a79ea4-bcd2-4555-97d1-d216a866d4fd - - - - - -] Unable to schedule network 8003e38f-311f-4f8c-b1b8-d87d858de4bf: no agents available; will retry on subsequent port and subnet creation events.
2026-05-12 17:40:55.152 10 INFO neutron.api.wsgi [-] 10.0.0.145 "GET / HTTP/1.1" status: 200 len: 247 time: 0.0026350
2026-05-12 17:40:55.156 10 INFO neutron.api.wsgi [-] 10.0.0.145 "GET / HTTP/1.1" status: 200 len: 247 time: 0.0024049
2026-05-12 17:40:55.278 9 INFO neutron.db.ovn_revision_numbers_db [None req-70a79ea4-bcd2-4555-97d1-d216a866d4fd - - - - - -] Successfully bumped revision number for resource 8815a39d-3936-41a5-af1a-002ee4924e63 (type: ports) to 1
2026-05-12 17:40:55.481 9 INFO neutron.db.ovn_revision_numbers_db [None req-8b8dd779-5486-4efb-9670-4ca2cd687875 00eed3f8883c4240a26435de1b639fd9 a6f90e9ea3b342fb958630d2678a88aa - - default default] Successfully bumped revision number for resource 977c9d3a-6182-41b4-9f11-521aba1c0582 (type: ports) to 1
