2026-05-12 17:38:47.269 10 INFO neutron.plugins.ml2.drivers.ovn.mech_driver.mech_driver [None req-92bc1d86-62ec-49d0-a7e6-cca4e8ddaa2d - - - - - -] OVN reports status up for port: fb384fb8-234f-4b16-aee3-0fb92dec60de
2026-05-12 17:38:47.286 10 INFO neutron.plugins.ml2.plugin [None req-92bc1d86-62ec-49d0-a7e6-cca4e8ddaa2d - - - - - -] Attempt 1 to provision port fb384fb8-234f-4b16-aee3-0fb92dec60de
2026-05-12 17:38:47.362 9 INFO neutron.api.wsgi [None req-271a840f-467f-4bee-8fab-84eaa64626a6 3acf3b822afb4aa89cd9335cc084e7b6 b556785f03e24099bde7d34a16315435 - - default default] 10.0.0.169 "DELETE /v2.0/security-groups/826bc4dd-8055-46bd-9b91-2ce592a94482 HTTP/1.1" status: 204 len: 168 time: 0.2919776
2026-05-12 17:38:47.423 10 INFO neutron.notifiers.nova [-] Nova event matching ['req-79c1741d-edaf-49a0-ad55-5e10a91dff7a'] response: {'server_uuid': 'da82032e-a86a-4945-ac5c-57d05743777b', 'name': 'network-vif-plugged', 'status': 'completed', 'tag': 'fb384fb8-234f-4b16-aee3-0fb92dec60de', 'code': 200}
2026-05-12 17:38:47.583 10 INFO neutron.db.ovn_revision_numbers_db [None req-92bc1d86-62ec-49d0-a7e6-cca4e8ddaa2d - - - - - -] Successfully bumped revision number for resource fb384fb8-234f-4b16-aee3-0fb92dec60de (type: ports) to 5
2026-05-12 17:38:47.625 10 INFO neutron.api.wsgi [req-5e50a20a-dd5c-4f39-86b5-2e263af5de3a req-5cf710dc-de0b-4267-9833-e14c71e053c9 af229ecffd0142c2b8de42f93f2c41ee a5743b69246c4b3589946813a5a3752a - - default default] 10.0.0.119 "GET /v2.0/ports?device_id=da82032e-a86a-4945-ac5c-57d05743777b HTTP/1.1" status: 200 len: 1170 time: 0.0376925 /var/lib/openstack/lib/python3.12/site-packages/pycadf/identifier.py:71: UserWarning: Invalid uuid: neutron. To ensure interoperability, identifiers should be a valid uuid. warnings.warn(('Invalid uuid: %s. To ensure interoperability, '
2026-05-12 17:38:47.651 9 INFO neutron.db.ovn_revision_numbers_db [req-3c8db110-5687-4f68-ad83-da19559b08c6 req-e9f138bf-ef02-4f38-84fc-2bd8e4b86ff4 1e1def05ee3d45cc8381a1e2772212e0 0e577fdbcbb1412eb7e1170e2d4dcaba - - default default] Successfully bumped revision number for resource 42df8d5c-51fc-4367-8469-7068cfd4de23 (type: ports) to 6
2026-05-12 17:38:47.664 9 INFO neutron.api.wsgi [req-3c8db110-5687-4f68-ad83-da19559b08c6 req-e9f138bf-ef02-4f38-84fc-2bd8e4b86ff4 1e1def05ee3d45cc8381a1e2772212e0 0e577fdbcbb1412eb7e1170e2d4dcaba - - default default] 199.19.213.250 "PUT /v2.0/ports/42df8d5c-51fc-4367-8469-7068cfd4de23 HTTP/1.1" status: 200 len: 1349 time: 0.7091150
2026-05-12 17:38:47.692 10 INFO neutron.api.wsgi [req-5e50a20a-dd5c-4f39-86b5-2e263af5de3a req-d5d2a8de-8a18-476e-ac72-8e3d9b76f1cf af229ecffd0142c2b8de42f93f2c41ee a5743b69246c4b3589946813a5a3752a - - default default] 10.0.0.119 "GET /v2.0/security-groups?id=6cae7c5c-4f64-4d0d-b172-eaf34a62e788&fields=id&fields=name HTTP/1.1" status: 200 len: 286 time: 0.0589867
2026-05-12 17:38:47.730 9 INFO neutron.notifiers.nova [-] Nova event matching ['req-11abeb15-ddf3-4431-baff-086462bc8ff0'] response: {'name': 'network-changed', 'server_uuid': '63403d5a-fdd4-4842-a087-658a3f6664d0', 'tag': '42df8d5c-51fc-4367-8469-7068cfd4de23', 'status': 'completed', 'code': 200} /var/lib/openstack/lib/python3.12/site-packages/pycadf/identifier.py:71: UserWarning: Invalid uuid: neutron. To ensure interoperability, identifiers should be a valid uuid. warnings.warn(('Invalid uuid: %s. To ensure interoperability, '
2026-05-12 17:38:48.209 9 INFO neutron.api.wsgi [req-3c8db110-5687-4f68-ad83-da19559b08c6 req-761b2b50-8edf-484d-acaf-2eecab7ce267 a80aff6c40d24322ad9160b386e6296b b53c7c33903a424ca86f9ff5ea694ca5 - - 245026527e4e4aa494af50c21c8ce5e1 245026527e4e4aa494af50c21c8ce5e1] 199.19.213.250 "GET /v2.0/ports?tenant_id=0e577fdbcbb1412eb7e1170e2d4dcaba&device_id=63403d5a-fdd4-4842-a087-658a3f6664d0 HTTP/1.1" status: 200 len: 1590 time: 0.0344770
2026-05-12 17:38:48.264 9 INFO neutron.api.wsgi [req-3c8db110-5687-4f68-ad83-da19559b08c6 req-fdc5a452-c616-41dd-998c-c9c5e935a2f8 a80aff6c40d24322ad9160b386e6296b b53c7c33903a424ca86f9ff5ea694ca5 - - 245026527e4e4aa494af50c21c8ce5e1 245026527e4e4aa494af50c21c8ce5e1] 199.19.213.250 "GET /v2.0/networks?id=16b60881-3331-4b6b-af34-9bd4ff21e0e6 HTTP/1.1" status: 200 len: 981 time: 0.0491312
2026-05-12 17:38:48.319 9 INFO neutron.api.wsgi [req-3c8db110-5687-4f68-ad83-da19559b08c6 req-8e6d3f49-a4e7-4629-9ef2-cb5eeb9700a7 a80aff6c40d24322ad9160b386e6296b b53c7c33903a424ca86f9ff5ea694ca5 - - 245026527e4e4aa494af50c21c8ce5e1 245026527e4e4aa494af50c21c8ce5e1] 199.19.213.250 "GET /v2.0/floatingips?fixed_ip_address=10.100.0.12&port_id=42df8d5c-51fc-4367-8469-7068cfd4de23 HTTP/1.1" status: 200 len: 1060 time: 0.0487025
2026-05-12 17:38:48.349 9 INFO neutron.api.wsgi [req-3c8db110-5687-4f68-ad83-da19559b08c6 req-72bba693-6e61-438b-9630-64f58d9d29a4 a80aff6c40d24322ad9160b386e6296b b53c7c33903a424ca86f9ff5ea694ca5 - - 245026527e4e4aa494af50c21c8ce5e1 245026527e4e4aa494af50c21c8ce5e1] 199.19.213.250 "GET /v2.0/floatingips?fixed_ip_address=10.100.0.6&port_id=42df8d5c-51fc-4367-8469-7068cfd4de23 HTTP/1.1" status: 200 len: 217 time: 0.0257120
2026-05-12 17:38:48.382 9 INFO neutron.api.wsgi [req-3c8db110-5687-4f68-ad83-da19559b08c6 req-1636dd96-f770-413d-8e8f-e227bc712e13 a80aff6c40d24322ad9160b386e6296b b53c7c33903a424ca86f9ff5ea694ca5 - - 245026527e4e4aa494af50c21c8ce5e1 245026527e4e4aa494af50c21c8ce5e1] 199.19.213.250 "GET /v2.0/subnets?id=96d027b5-10fa-49fb-845e-e84c8f814e77 HTTP/1.1" status: 200 len: 900 time: 0.0259504
2026-05-12 17:38:48.405 9 INFO neutron.api.wsgi [req-3c8db110-5687-4f68-ad83-da19559b08c6 req-45ada1d3-e352-41f7-bd00-18559cf37391 a80aff6c40d24322ad9160b386e6296b b53c7c33903a424ca86f9ff5ea694ca5 - - 245026527e4e4aa494af50c21c8ce5e1 245026527e4e4aa494af50c21c8ce5e1] 199.19.213.250 "GET /v2.0/ports?network_id=16b60881-3331-4b6b-af34-9bd4ff21e0e6&device_owner=network%3Adhcp HTTP/1.1" status: 200 len: 210 time: 0.0164764
2026-05-12 17:38:48.452 9 INFO neutron.api.wsgi [req-3c8db110-5687-4f68-ad83-da19559b08c6 req-30432975-8110-4c2c-8279-67b2923f86cd a80aff6c40d24322ad9160b386e6296b b53c7c33903a424ca86f9ff5ea694ca5 - - 245026527e4e4aa494af50c21c8ce5e1 245026527e4e4aa494af50c21c8ce5e1] 199.19.213.250 "GET /v2.0/networks/16b60881-3331-4b6b-af34-9bd4ff21e0e6?fields=segments HTTP/1.1" status: 200 len: 212 time: 0.0403104
2026-05-12 17:38:48.503 9 INFO neutron.api.wsgi [req-3c8db110-5687-4f68-ad83-da19559b08c6 req-c1662edb-6777-46ae-a432-3c3ad628d972 a80aff6c40d24322ad9160b386e6296b b53c7c33903a424ca86f9ff5ea694ca5 - - 245026527e4e4aa494af50c21c8ce5e1 245026527e4e4aa494af50c21c8ce5e1] 199.19.213.250 "GET /v2.0/networks/16b60881-3331-4b6b-af34-9bd4ff21e0e6?fields=provider%3Aphysical_network&fields=provider%3Anetwork_type HTTP/1.1" status: 200 len: 277 time: 0.0433633
2026-05-12 17:38:48.847 9 INFO neutron.api.wsgi [req-4bf0a48b-9236-4885-a93a-1f80040897bb req-f3a8e7ed-30a0-41dc-9aec-04359b7e47f4 af229ecffd0142c2b8de42f93f2c41ee a5743b69246c4b3589946813a5a3752a - - default default] 10.0.0.119 "GET /v2.0/ports?device_id=da82032e-a86a-4945-ac5c-57d05743777b HTTP/1.1" status: 200 len: 1170 time: 0.0754073
2026-05-12 17:38:48.915 9 INFO neutron.api.wsgi [req-4bf0a48b-9236-4885-a93a-1f80040897bb req-0f23c649-f68b-43eb-b07e-c17891ce188c af229ecffd0142c2b8de42f93f2c41ee a5743b69246c4b3589946813a5a3752a - - default default] 10.0.0.119 "GET /v2.0/security-groups?id=6cae7c5c-4f64-4d0d-b172-eaf34a62e788&fields=id&fields=name HTTP/1.1" status: 200 len: 286 time: 0.0581644
2026-05-12 17:38:49.459 10 INFO neutron.notifiers.nova [-] Nova event matching ['req-f981648f-1619-465d-84b2-c96643e8d85b'] response: {'server_uuid': 'da82032e-a86a-4945-ac5c-57d05743777b', 'name': 'network-vif-plugged', 'status': 'completed', 'tag': 'fb384fb8-234f-4b16-aee3-0fb92dec60de', 'code': 200}
2026-05-12 17:38:49.564 9 INFO neutron.api.wsgi [req-c6c6350c-9844-43bc-8a60-1a3451296a1a req-5279d730-f78b-47b9-bbf2-5cb4d43626b3 a80aff6c40d24322ad9160b386e6296b b53c7c33903a424ca86f9ff5ea694ca5 - - 245026527e4e4aa494af50c21c8ce5e1 245026527e4e4aa494af50c21c8ce5e1] 199.19.213.250 "GET /v2.0/ports?tenant_id=0e577fdbcbb1412eb7e1170e2d4dcaba&device_id=63403d5a-fdd4-4842-a087-658a3f6664d0 HTTP/1.1" status: 200 len: 1590 time: 0.0372066
2026-05-12 17:38:49.586 10 INFO neutron.api.wsgi [req-16a0dfa5-839b-40ef-bcd4-4bf943a773af req-fa80f31d-0721-41b1-8d5e-7e7f52404140 1e1def05ee3d45cc8381a1e2772212e0 0e577fdbcbb1412eb7e1170e2d4dcaba - - default default] 10.0.0.119 "GET /v2.0/ports?device_id=63403d5a-fdd4-4842-a087-658a3f6664d0 HTTP/1.1" status: 200 len: 1352 time: 0.0410557
2026-05-12 17:38:49.606 9 INFO neutron.api.wsgi [req-c6c6350c-9844-43bc-8a60-1a3451296a1a req-5c3949a0-42d7-4dd8-a529-f6aed25943bd a80aff6c40d24322ad9160b386e6296b b53c7c33903a424ca86f9ff5ea694ca5 - - 245026527e4e4aa494af50c21c8ce5e1 245026527e4e4aa494af50c21c8ce5e1] 199.19.213.250 "GET /v2.0/networks?id=16b60881-3331-4b6b-af34-9bd4ff21e0e6 HTTP/1.1" status: 200 len: 981 time: 0.0396929
2026-05-12 17:38:49.633 10 INFO neutron.api.wsgi [req-16a0dfa5-839b-40ef-bcd4-4bf943a773af req-c0f8c52c-7d9b-4635-b296-8f7f31aa5773 1e1def05ee3d45cc8381a1e2772212e0 0e577fdbcbb1412eb7e1170e2d4dcaba - - default default] 10.0.0.119 "GET /v2.0/security-groups?id=ae94d055-46ca-4f92-984d-0b1ae35381db&fields=id&fields=name HTTP/1.1" status: 200 len: 312 time: 0.0425847
2026-05-12 17:38:49.646 9 INFO neutron.api.wsgi [req-c6c6350c-9844-43bc-8a60-1a3451296a1a req-e6038b13-dce1-443d-8d06-ea82672a8272 a80aff6c40d24322ad9160b386e6296b b53c7c33903a424ca86f9ff5ea694ca5 - - 245026527e4e4aa494af50c21c8ce5e1 245026527e4e4aa494af50c21c8ce5e1] 199.19.213.250 "GET /v2.0/floatingips?fixed_ip_address=10.100.0.12&port_id=42df8d5c-51fc-4367-8469-7068cfd4de23 HTTP/1.1" status: 200 len: 1060 time: 0.0348284
2026-05-12 17:38:49.666 9 INFO neutron.api.wsgi [req-c6c6350c-9844-43bc-8a60-1a3451296a1a req-1a364536-5720-4e5d-b759-30edf1e7f2c7 a80aff6c40d24322ad9160b386e6296b b53c7c33903a424ca86f9ff5ea694ca5 - - 245026527e4e4aa494af50c21c8ce5e1 245026527e4e4aa494af50c21c8ce5e1] 199.19.213.250 "GET /v2.0/floatingips?fixed_ip_address=10.100.0.6&port_id=42df8d5c-51fc-4367-8469-7068cfd4de23 HTTP/1.1" status: 200 len: 217 time: 0.0141759
2026-05-12 17:38:49.703 9 INFO neutron.api.wsgi [req-c6c6350c-9844-43bc-8a60-1a3451296a1a req-937ab2c5-ca84-4fc5-84fe-4bf355bad2a6 a80aff6c40d24322ad9160b386e6296b b53c7c33903a424ca86f9ff5ea694ca5 - - 245026527e4e4aa494af50c21c8ce5e1 245026527e4e4aa494af50c21c8ce5e1] 199.19.213.250 "GET /v2.0/subnets?id=96d027b5-10fa-49fb-845e-e84c8f814e77 HTTP/1.1" status: 200 len: 900 time: 0.0305359
2026-05-12 17:38:49.732 9 INFO neutron.api.wsgi [req-c6c6350c-9844-43bc-8a60-1a3451296a1a req-0d904a1e-1a13-4e1a-89ef-7b01311462fa a80aff6c40d24322ad9160b386e6296b b53c7c33903a424ca86f9ff5ea694ca5 - - 245026527e4e4aa494af50c21c8ce5e1 245026527e4e4aa494af50c21c8ce5e1] 199.19.213.250 "GET /v2.0/ports?network_id=16b60881-3331-4b6b-af34-9bd4ff21e0e6&device_owner=network%3Adhcp HTTP/1.1" status: 200 len: 210 time: 0.0236382
2026-05-12 17:38:49.778 9 INFO neutron.api.wsgi [req-c6c6350c-9844-43bc-8a60-1a3451296a1a req-457121a4-d279-4e6f-a4ff-7bd92ad85e1e a80aff6c40d24322ad9160b386e6296b b53c7c33903a424ca86f9ff5ea694ca5 - - 245026527e4e4aa494af50c21c8ce5e1 245026527e4e4aa494af50c21c8ce5e1] 199.19.213.250 "GET /v2.0/networks/16b60881-3331-4b6b-af34-9bd4ff21e0e6?fields=segments HTTP/1.1" status: 200 len: 212 time: 0.0401132
2026-05-12 17:38:49.822 9 INFO neutron.api.wsgi [req-c6c6350c-9844-43bc-8a60-1a3451296a1a req-eb0efb9d-bc05-4109-8b8f-84fe8c6ff5f1 a80aff6c40d24322ad9160b386e6296b b53c7c33903a424ca86f9ff5ea694ca5 - - 245026527e4e4aa494af50c21c8ce5e1 245026527e4e4aa494af50c21c8ce5e1] 199.19.213.250 "GET /v2.0/networks/16b60881-3331-4b6b-af34-9bd4ff21e0e6?fields=provider%3Aphysical_network&fields=provider%3Anetwork_type HTTP/1.1" status: 200 len: 277 time: 0.0393400
2026-05-12 17:38:50.185 9 INFO neutron.api.wsgi [req-2d302598-c0de-439f-8cf2-aa12397214f5 req-f8d6df83-dd0c-4d82-a3f1-a47a2d5b9100 af229ecffd0142c2b8de42f93f2c41ee a5743b69246c4b3589946813a5a3752a - - default default] 10.0.0.119 "GET /v2.0/ports?device_id=da82032e-a86a-4945-ac5c-57d05743777b HTTP/1.1" status: 200 len: 1170 time: 0.0376437
2026-05-12 17:38:50.227 9 INFO neutron.api.wsgi [req-2d302598-c0de-439f-8cf2-aa12397214f5 req-73dc2d5a-ceb3-4265-8a37-4624a4daca40 af229ecffd0142c2b8de42f93f2c41ee a5743b69246c4b3589946813a5a3752a - - default default] 10.0.0.119 "GET /v2.0/security-groups?id=6cae7c5c-4f64-4d0d-b172-eaf34a62e788&fields=id&fields=name HTTP/1.1" status: 200 len: 286 time: 0.0351691
2026-05-12 17:38:50.394 9 INFO neutron.api.wsgi [req-56474ced-7223-46a8-ac2d-aa8f3a4d40ea req-a4bf0c89-a519-43a1-a7f6-c7b591dddc6e 1e1def05ee3d45cc8381a1e2772212e0 0e577fdbcbb1412eb7e1170e2d4dcaba - - default default] 199.19.213.250 "GET /v2.0/ports?device_id=63403d5a-fdd4-4842-a087-658a3f6664d0&device_owner=compute%3Anova&fixed_ips=ip_address%3D10.100.0.6 HTTP/1.1" status: 200 len: 1352 time: 0.0614240
2026-05-12 17:38:50.405 9 INFO neutron.db.ovn_revision_numbers_db [None req-94c81c1c-34d3-4ff9-a2d3-98864466c7ce 3acf3b822afb4aa89cd9335cc084e7b6 b556785f03e24099bde7d34a16315435 - - default default] Successfully bumped revision number for resource 295678a1-dec4-42b3-a18d-4ae28abf3967 (type: security_groups) to 1
2026-05-12 17:38:50.417 9 INFO neutron.db.ovn_revision_numbers_db [None req-94c81c1c-34d3-4ff9-a2d3-98864466c7ce 3acf3b822afb4aa89cd9335cc084e7b6 b556785f03e24099bde7d34a16315435 - - default default] Successfully bumped revision number for resource 29d26e17-341b-4332-bbdd-40bfda5c0f06 (type: security_group_rules) to 0
2026-05-12 17:38:50.441 9 INFO neutron.db.ovn_revision_numbers_db [None req-94c81c1c-34d3-4ff9-a2d3-98864466c7ce 3acf3b822afb4aa89cd9335cc084e7b6 b556785f03e24099bde7d34a16315435 - - default default] Successfully bumped revision number for resource 3431c956-24c4-49b0-88d0-6f59296ed71d (type: security_group_rules) to 0
2026-05-12 17:38:50.461 9 INFO neutron.db.ovn_revision_numbers_db [None req-94c81c1c-34d3-4ff9-a2d3-98864466c7ce 3acf3b822afb4aa89cd9335cc084e7b6 b556785f03e24099bde7d34a16315435 - - default default] Successfully bumped revision number for resource 3e7d0d70-c8c2-4e35-a580-1ecbfe46ba85 (type: security_group_rules) to 0
2026-05-12 17:38:50.478 9 INFO neutron.db.ovn_revision_numbers_db [None req-94c81c1c-34d3-4ff9-a2d3-98864466c7ce 3acf3b822afb4aa89cd9335cc084e7b6 b556785f03e24099bde7d34a16315435 - - default default] Successfully bumped revision number for resource ca5f5ec4-77d9-40a2-8b48-2c4b2c2d4dba (type: security_group_rules) to 0
2026-05-12 17:38:50.523 9 INFO neutron.api.wsgi [None req-94c81c1c-34d3-4ff9-a2d3-98864466c7ce 3acf3b822afb4aa89cd9335cc084e7b6 b556785f03e24099bde7d34a16315435 - - default default] 10.0.0.169 "GET /v2.0/security-groups?tenant_id=60c6b8c3df484fa09b1d33ae948ccdb4&name=default HTTP/1.1" status: 200 len: 3120 time: 0.4068489
2026-05-12 17:38:50.596 10 INFO neutron.api.wsgi [req-44f45dc6-a7cb-43ef-b92d-c7d877db2d25 req-b2e77f9c-4b54-4dc6-9d63-e009c3fe2ae6 af229ecffd0142c2b8de42f93f2c41ee a5743b69246c4b3589946813a5a3752a - - default default] 10.0.0.119 "GET /v2.0/ports?device_id=da82032e-a86a-4945-ac5c-57d05743777b HTTP/1.1" status: 200 len: 1170 time: 0.1101818
2026-05-12 17:38:50.661 10 INFO neutron.api.wsgi [req-44f45dc6-a7cb-43ef-b92d-c7d877db2d25 req-8c8f6a21-7a46-4c9f-920f-8c9d9f658694 af229ecffd0142c2b8de42f93f2c41ee a5743b69246c4b3589946813a5a3752a - - default default] 10.0.0.119 "GET /v2.0/security-groups?id=6cae7c5c-4f64-4d0d-b172-eaf34a62e788&fields=id&fields=name HTTP/1.1" status: 200 len: 286 time: 0.0567498
2026-05-12 17:38:50.744 10 INFO neutron.api.wsgi [None req-03f5cc8c-9cd5-4cda-90d0-97ae7d6df3f7 3acf3b822afb4aa89cd9335cc084e7b6 b556785f03e24099bde7d34a16315435 - - default default] 10.0.0.169 "DELETE /v2.0/security-groups/295678a1-dec4-42b3-a18d-4ae28abf3967 HTTP/1.1" status: 204 len: 168 time: 0.2141559
2026-05-12 17:38:50.864 9 INFO neutron.db.ovn_revision_numbers_db [req-56474ced-7223-46a8-ac2d-aa8f3a4d40ea req-f3b94893-ba46-4996-8ced-d35a6b2fb208 1e1def05ee3d45cc8381a1e2772212e0 0e577fdbcbb1412eb7e1170e2d4dcaba - - default default] Successfully bumped revision number for resource 42df8d5c-51fc-4367-8469-7068cfd4de23 (type: ports) to 7
2026-05-12 17:38:50.877 9 INFO neutron.api.wsgi [req-56474ced-7223-46a8-ac2d-aa8f3a4d40ea req-f3b94893-ba46-4996-8ced-d35a6b2fb208 1e1def05ee3d45cc8381a1e2772212e0 0e577fdbcbb1412eb7e1170e2d4dcaba - - default default] 199.19.213.250 "PUT /v2.0/ports/42df8d5c-51fc-4367-8469-7068cfd4de23 HTTP/1.1" status: 200 len: 1171 time: 0.4792693
2026-05-12 17:38:50.905 9 INFO neutron.notifiers.nova [-] Nova event matching ['req-4442f446-4e78-4d56-9ad9-4c26da4ba424'] response: {'name': 'network-changed', 'server_uuid': '63403d5a-fdd4-4842-a087-658a3f6664d0', 'tag': '42df8d5c-51fc-4367-8469-7068cfd4de23', 'status': 'completed', 'code': 200}
2026-05-12 17:38:51.008 10 INFO neutron.plugins.ml2.drivers.ovn.mech_driver.mech_driver [None req-9c9189cb-5707-481e-b343-ef7860cbbd21 - - - - - -] OVN reports status down for port: fb384fb8-234f-4b16-aee3-0fb92dec60de
2026-05-12 17:38:51.265 10 INFO neutron.db.ovn_revision_numbers_db [None req-9c9189cb-5707-481e-b343-ef7860cbbd21 - - - - - -] Successfully bumped revision number for resource fb384fb8-234f-4b16-aee3-0fb92dec60de (type: ports) to 6 /var/lib/openstack/lib/python3.12/site-packages/pycadf/identifier.py:71: UserWarning: Invalid uuid: neutron. To ensure interoperability, identifiers should be a valid uuid. warnings.warn(('Invalid uuid: %s. To ensure interoperability, '
2026-05-12 17:38:51.419 9 INFO neutron.api.wsgi [req-56474ced-7223-46a8-ac2d-aa8f3a4d40ea req-98b01525-17c1-4afb-ab14-8c28cd7f48df a80aff6c40d24322ad9160b386e6296b b53c7c33903a424ca86f9ff5ea694ca5 - - 245026527e4e4aa494af50c21c8ce5e1 245026527e4e4aa494af50c21c8ce5e1] 199.19.213.250 "GET /v2.0/ports?tenant_id=0e577fdbcbb1412eb7e1170e2d4dcaba&device_id=63403d5a-fdd4-4842-a087-658a3f6664d0 HTTP/1.1" status: 200 len: 1413 time: 0.0307810
2026-05-12 17:38:51.468 9 INFO neutron.api.wsgi [req-56474ced-7223-46a8-ac2d-aa8f3a4d40ea req-8be5e2dd-b7eb-4618-88fd-8d5afe7fdb98 a80aff6c40d24322ad9160b386e6296b b53c7c33903a424ca86f9ff5ea694ca5 - - 245026527e4e4aa494af50c21c8ce5e1 245026527e4e4aa494af50c21c8ce5e1] 199.19.213.250 "GET /v2.0/networks?id=16b60881-3331-4b6b-af34-9bd4ff21e0e6 HTTP/1.1" status: 200 len: 981 time: 0.0434282
2026-05-12 17:38:51.497 10 INFO neutron.notifiers.nova [-] Nova event matching ['req-76a0196a-1835-486b-94c1-110333116bb9'] response: {'server_uuid': 'da82032e-a86a-4945-ac5c-57d05743777b', 'name': 'network-vif-unplugged', 'status': 'completed', 'tag': 'fb384fb8-234f-4b16-aee3-0fb92dec60de', 'code': 200}
2026-05-12 17:38:51.497 10 INFO neutron.notifiers.nova [-] Nova event matching ['req-76a0196a-1835-486b-94c1-110333116bb9'] response: {'server_uuid': 'da82032e-a86a-4945-ac5c-57d05743777b', 'name': 'network-vif-unplugged', 'status': 'completed', 'tag': 'fb384fb8-234f-4b16-aee3-0fb92dec60de', 'code': 200}
2026-05-12 17:38:51.511 9 INFO neutron.api.wsgi [req-56474ced-7223-46a8-ac2d-aa8f3a4d40ea req-97f0a44c-1109-432e-8729-aea40a3e10be a80aff6c40d24322ad9160b386e6296b b53c7c33903a424ca86f9ff5ea694ca5 - - 245026527e4e4aa494af50c21c8ce5e1 245026527e4e4aa494af50c21c8ce5e1] 199.19.213.250 "GET /v2.0/floatingips?fixed_ip_address=10.100.0.12&port_id=42df8d5c-51fc-4367-8469-7068cfd4de23 HTTP/1.1" status: 200 len: 1060 time: 0.0373373
2026-05-12 17:38:51.538 9 INFO neutron.api.wsgi [req-56474ced-7223-46a8-ac2d-aa8f3a4d40ea req-bdf1a2e0-7287-4a5a-8e55-3d65450f671e a80aff6c40d24322ad9160b386e6296b b53c7c33903a424ca86f9ff5ea694ca5 - - 245026527e4e4aa494af50c21c8ce5e1 245026527e4e4aa494af50c21c8ce5e1] 199.19.213.250 "GET /v2.0/subnets?id=96d027b5-10fa-49fb-845e-e84c8f814e77 HTTP/1.1" status: 200 len: 900 time: 0.0228655
2026-05-12 17:38:51.566 9 INFO neutron.api.wsgi [req-56474ced-7223-46a8-ac2d-aa8f3a4d40ea req-e05cf7d5-7292-490e-8de4-4db6d244b26a a80aff6c40d24322ad9160b386e6296b b53c7c33903a424ca86f9ff5ea694ca5 - - 245026527e4e4aa494af50c21c8ce5e1 245026527e4e4aa494af50c21c8ce5e1] 199.19.213.250 "GET /v2.0/ports?network_id=16b60881-3331-4b6b-af34-9bd4ff21e0e6&device_owner=network%3Adhcp HTTP/1.1" status: 200 len: 210 time: 0.0201721
2026-05-12 17:38:51.613 9 INFO neutron.api.wsgi [req-56474ced-7223-46a8-ac2d-aa8f3a4d40ea req-235fd2b6-2ef6-479a-82fe-9792c41ffe19 a80aff6c40d24322ad9160b386e6296b b53c7c33903a424ca86f9ff5ea694ca5 - - 245026527e4e4aa494af50c21c8ce5e1 245026527e4e4aa494af50c21c8ce5e1] 199.19.213.250 "GET /v2.0/networks/16b60881-3331-4b6b-af34-9bd4ff21e0e6?fields=segments HTTP/1.1" status: 200 len: 212 time: 0.0426307
2026-05-12 17:38:51.656 9 INFO neutron.api.wsgi [req-56474ced-7223-46a8-ac2d-aa8f3a4d40ea req-ea06ffa4-bf75-425b-b978-de426740b4e1 a80aff6c40d24322ad9160b386e6296b b53c7c33903a424ca86f9ff5ea694ca5 - - 245026527e4e4aa494af50c21c8ce5e1 245026527e4e4aa494af50c21c8ce5e1] 199.19.213.250 "GET /v2.0/networks/16b60881-3331-4b6b-af34-9bd4ff21e0e6?fields=provider%3Aphysical_network&fields=provider%3Anetwork_type HTTP/1.1" status: 200 len: 277 time: 0.0384300 /var/lib/openstack/lib/python3.12/site-packages/pycadf/identifier.py:71: UserWarning: Invalid uuid: neutron. To ensure interoperability, identifiers should be a valid uuid. warnings.warn(('Invalid uuid: %s. To ensure interoperability, '
2026-05-12 17:38:51.759 10 INFO neutron.api.wsgi [req-3d3871d2-e6fc-4625-8527-90ed231a78c4 req-1c42049c-4d0d-4ae7-85d1-18010363ff7b af229ecffd0142c2b8de42f93f2c41ee a5743b69246c4b3589946813a5a3752a - - default default] 10.0.0.119 "GET /v2.0/ports?device_id=da82032e-a86a-4945-ac5c-57d05743777b HTTP/1.1" status: 200 len: 1168 time: 0.0374022
2026-05-12 17:38:51.800 10 INFO neutron.api.wsgi [req-3d3871d2-e6fc-4625-8527-90ed231a78c4 req-ccebdb72-693e-4d75-b8fa-b3f397258586 af229ecffd0142c2b8de42f93f2c41ee a5743b69246c4b3589946813a5a3752a - - default default] 10.0.0.119 "GET /v2.0/security-groups?id=6cae7c5c-4f64-4d0d-b172-eaf34a62e788&fields=id&fields=name HTTP/1.1" status: 200 len: 286 time: 0.0356195
2026-05-12 17:38:52.022 9 INFO neutron.db.ovn_revision_numbers_db [None req-96374b8c-f569-4394-80ea-5a9f89ba519a 3acf3b822afb4aa89cd9335cc084e7b6 b556785f03e24099bde7d34a16315435 - - default default] Successfully bumped revision number for resource 15412a12-b638-4d71-a0bf-4d134577e09d (type: security_groups) to 1
2026-05-12 17:38:52.039 9 INFO neutron.db.ovn_revision_numbers_db [None req-96374b8c-f569-4394-80ea-5a9f89ba519a 3acf3b822afb4aa89cd9335cc084e7b6 b556785f03e24099bde7d34a16315435 - - default default] Successfully bumped revision number for resource 055b907c-831e-4a23-a1fa-c663ef315561 (type: security_group_rules) to 0
2026-05-12 17:38:52.055 9 INFO neutron.db.ovn_revision_numbers_db [None req-96374b8c-f569-4394-80ea-5a9f89ba519a 3acf3b822afb4aa89cd9335cc084e7b6 b556785f03e24099bde7d34a16315435 - - default default] Successfully bumped revision number for resource 2ea4a55d-1d96-4d09-a9ef-9a4ad76e36e3 (type: security_group_rules) to 0
2026-05-12 17:38:52.056 10 INFO neutron.api.wsgi [req-aa587fbb-ff4b-44dc-912f-56e38dc3e29f req-3a693e17-eb6f-4fce-9a91-4a5353e46464 1e1def05ee3d45cc8381a1e2772212e0 0e577fdbcbb1412eb7e1170e2d4dcaba - - default default] 10.0.0.119 "GET /v2.0/ports?device_id=63403d5a-fdd4-4842-a087-658a3f6664d0 HTTP/1.1" status: 200 len: 1174 time: 0.0971286
2026-05-12 17:38:52.067 9 INFO neutron.db.ovn_revision_numbers_db [None req-96374b8c-f569-4394-80ea-5a9f89ba519a 3acf3b822afb4aa89cd9335cc084e7b6 b556785f03e24099bde7d34a16315435 - - default default] Successfully bumped revision number for resource 3b6d5b43-a1dc-40be-8709-6042e8a85ac1 (type: security_group_rules) to 0
2026-05-12 17:38:52.079 9 INFO neutron.db.ovn_revision_numbers_db [None req-96374b8c-f569-4394-80ea-5a9f89ba519a 3acf3b822afb4aa89cd9335cc084e7b6 b556785f03e24099bde7d34a16315435 - - default default] Successfully bumped revision number for resource e102bf8c-8e91-4f1c-b934-5ffc0cd737c1 (type: security_group_rules) to 0
2026-05-12 17:38:52.091 10 INFO neutron.api.wsgi [req-aa587fbb-ff4b-44dc-912f-56e38dc3e29f req-65997857-51a4-424a-8c15-ce299ec3550b 1e1def05ee3d45cc8381a1e2772212e0 0e577fdbcbb1412eb7e1170e2d4dcaba - - default default] 10.0.0.119 "GET /v2.0/security-groups?id=ae94d055-46ca-4f92-984d-0b1ae35381db&fields=id&fields=name HTTP/1.1" status: 200 len: 312 time: 0.0291519
2026-05-12 17:38:52.115 9 INFO neutron.api.wsgi [None req-96374b8c-f569-4394-80ea-5a9f89ba519a 3acf3b822afb4aa89cd9335cc084e7b6 b556785f03e24099bde7d34a16315435 - - default default] 10.0.0.169 "GET /v2.0/security-groups?tenant_id=d6894863411c4279b3f4c54fe007c710&name=default HTTP/1.1" status: 200 len: 3120 time: 0.4250841
2026-05-12 17:38:52.253 9 INFO neutron.api.wsgi [req-f76aaef2-6f20-4e7f-817a-289cda6af638 req-d5564a6b-f57c-4388-adc5-a9f5076138b9 af229ecffd0142c2b8de42f93f2c41ee a5743b69246c4b3589946813a5a3752a - - default default] 199.19.213.250 "GET /v2.0/ports?device_id=da82032e-a86a-4945-ac5c-57d05743777b HTTP/1.1" status: 200 len: 1168 time: 0.0373888
2026-05-12 17:38:52.344 9 INFO neutron.api.wsgi [None req-a0b2cc2b-b36b-43fb-b7f0-26f54e082507 3acf3b822afb4aa89cd9335cc084e7b6 b556785f03e24099bde7d34a16315435 - - default default] 10.0.0.169 "DELETE /v2.0/security-groups/15412a12-b638-4d71-a0bf-4d134577e09d HTTP/1.1" status: 204 len: 168 time: 0.2261879
2026-05-12 17:38:52.468 9 INFO neutron.api.wsgi [req-f76aaef2-6f20-4e7f-817a-289cda6af638 req-a8b853ca-f999-47da-b7aa-f482cf0ed1ab af229ecffd0142c2b8de42f93f2c41ee a5743b69246c4b3589946813a5a3752a - - default default] 199.19.213.250 "DELETE /v2.0/ports/fb384fb8-234f-4b16-aee3-0fb92dec60de HTTP/1.1" status: 204 len: 173 time: 0.2113602
2026-05-12 17:38:52.513 9 INFO neutron.plugins.ml2.drivers.ovn.mech_driver.mech_driver [None req-20e53c57-43ee-46ca-976f-e0b1f791b408 - - - - - -] OVN reports status down for port: 42df8d5c-51fc-4367-8469-7068cfd4de23
2026-05-12 17:38:52.587 9 INFO neutron.db.ovn_revision_numbers_db [None req-8a48febb-5391-4095-be4a-10db32c8f51d 3acf3b822afb4aa89cd9335cc084e7b6 b556785f03e24099bde7d34a16315435 - - default default] Successfully bumped revision number for resource 00e62a09-0932-4f9e-bdc2-af01041864ad (type: security_groups) to 1
2026-05-12 17:38:52.606 9 INFO neutron.db.ovn_revision_numbers_db [None req-8a48febb-5391-4095-be4a-10db32c8f51d 3acf3b822afb4aa89cd9335cc084e7b6 b556785f03e24099bde7d34a16315435 - - default default] Successfully bumped revision number for resource 0b7c6043-253d-465e-be08-d94e897df549 (type: security_group_rules) to 0
2026-05-12 17:38:52.628 9 INFO neutron.db.ovn_revision_numbers_db [None req-8a48febb-5391-4095-be4a-10db32c8f51d 3acf3b822afb4aa89cd9335cc084e7b6 b556785f03e24099bde7d34a16315435 - - default default] Successfully bumped revision number for resource 2a70a0f6-32b9-4b2c-8fb4-8d3d62b30e43 (type: security_group_rules) to 0
2026-05-12 17:38:52.645 9 INFO neutron.db.ovn_revision_numbers_db [None req-8a48febb-5391-4095-be4a-10db32c8f51d 3acf3b822afb4aa89cd9335cc084e7b6 b556785f03e24099bde7d34a16315435 - - default default] Successfully bumped revision number for resource 47282f48-bf6b-49bc-870c-3975b3283c79 (type: security_group_rules) to 0
2026-05-12 17:38:52.665 9 INFO neutron.db.ovn_revision_numbers_db [None req-8a48febb-5391-4095-be4a-10db32c8f51d 3acf3b822afb4aa89cd9335cc084e7b6 b556785f03e24099bde7d34a16315435 - - default default] Successfully bumped revision number for resource e420171d-2bd1-47ed-97bc-9666f2a7853c (type: security_group_rules) to 0
2026-05-12 17:38:52.723 9 INFO neutron.api.wsgi [req-2fa92cde-dffe-4985-99fe-add29aa1ec3f req-bfd65d06-028f-42e1-bff6-bf505e3e2b12 a80aff6c40d24322ad9160b386e6296b b53c7c33903a424ca86f9ff5ea694ca5 - - 245026527e4e4aa494af50c21c8ce5e1 245026527e4e4aa494af50c21c8ce5e1] 199.19.213.250 "GET /v2.0/ports?tenant_id=0e577fdbcbb1412eb7e1170e2d4dcaba&device_id=63403d5a-fdd4-4842-a087-658a3f6664d0 HTTP/1.1" status: 200 len: 1411 time: 0.0520179
2026-05-12 17:38:52.728 9 INFO neutron.api.wsgi [None req-8a48febb-5391-4095-be4a-10db32c8f51d 3acf3b822afb4aa89cd9335cc084e7b6 b556785f03e24099bde7d34a16315435 - - default default] 10.0.0.169 "GET /v2.0/security-groups?tenant_id=2238728c7f0e43208541e0c804d1beff&name=default HTTP/1.1" status: 200 len: 3120 time: 0.2471159
2026-05-12 17:38:52.778 9 INFO neutron.api.wsgi [req-2fa92cde-dffe-4985-99fe-add29aa1ec3f req-a75937a3-f397-4651-936c-f07225c4edb3 a80aff6c40d24322ad9160b386e6296b b53c7c33903a424ca86f9ff5ea694ca5 - - 245026527e4e4aa494af50c21c8ce5e1 245026527e4e4aa494af50c21c8ce5e1] 199.19.213.250 "GET /v2.0/networks?id=16b60881-3331-4b6b-af34-9bd4ff21e0e6 HTTP/1.1" status: 200 len: 981 time: 0.0497642
2026-05-12 17:38:52.822 9 INFO neutron.api.wsgi [req-2fa92cde-dffe-4985-99fe-add29aa1ec3f req-38c068cf-9f49-42b9-a217-70972d42e0fb a80aff6c40d24322ad9160b386e6296b b53c7c33903a424ca86f9ff5ea694ca5 - - 245026527e4e4aa494af50c21c8ce5e1 245026527e4e4aa494af50c21c8ce5e1] 199.19.213.250 "GET /v2.0/floatingips?fixed_ip_address=10.100.0.12&port_id=42df8d5c-51fc-4367-8469-7068cfd4de23 HTTP/1.1" status: 200 len: 1058 time: 0.0367334
2026-05-12 17:38:52.823 9 INFO neutron.db.ovn_revision_numbers_db [None req-20e53c57-43ee-46ca-976f-e0b1f791b408 - - - - - -] Successfully bumped revision number for resource 42df8d5c-51fc-4367-8469-7068cfd4de23 (type: ports) to 8
2026-05-12 17:38:52.857 9 INFO neutron.api.wsgi [req-2fa92cde-dffe-4985-99fe-add29aa1ec3f req-4b4c64a8-7eee-4d82-a900-3875d13274b9 a80aff6c40d24322ad9160b386e6296b b53c7c33903a424ca86f9ff5ea694ca5 - - 245026527e4e4aa494af50c21c8ce5e1 245026527e4e4aa494af50c21c8ce5e1] 199.19.213.250 "GET /v2.0/subnets?id=96d027b5-10fa-49fb-845e-e84c8f814e77 HTTP/1.1" status: 200 len: 900 time: 0.0305684
2026-05-12 17:38:52.885 9 INFO neutron.api.wsgi [req-23cddb24-b04c-4420-a46e-954eac85f74a req-dcb4649f-d2a4-4186-8515-a3649551531e af229ecffd0142c2b8de42f93f2c41ee a5743b69246c4b3589946813a5a3752a - - default default] 10.0.0.119 "GET /v2.0/ports?device_id=da82032e-a86a-4945-ac5c-57d05743777b HTTP/1.1" status: 200 len: 210 time: 0.0267181
2026-05-12 17:38:52.886 9 INFO neutron.api.wsgi [req-2fa92cde-dffe-4985-99fe-add29aa1ec3f req-0fa4789c-fc45-409d-b8a1-81770fa32e4a a80aff6c40d24322ad9160b386e6296b b53c7c33903a424ca86f9ff5ea694ca5 - - 245026527e4e4aa494af50c21c8ce5e1 245026527e4e4aa494af50c21c8ce5e1] 199.19.213.250 "GET /v2.0/ports?network_id=16b60881-3331-4b6b-af34-9bd4ff21e0e6&device_owner=network%3Adhcp HTTP/1.1" status: 200 len: 210 time: 0.0196984 /var/lib/openstack/lib/python3.12/site-packages/pycadf/identifier.py:71: UserWarning: Invalid uuid: neutron. To ensure interoperability, identifiers should be a valid uuid. warnings.warn(('Invalid uuid: %s. To ensure interoperability, '
2026-05-12 17:38:52.932 9 INFO neutron.api.wsgi [req-2fa92cde-dffe-4985-99fe-add29aa1ec3f req-4b25705f-df84-43db-8aea-c412f1f5f5f8 a80aff6c40d24322ad9160b386e6296b b53c7c33903a424ca86f9ff5ea694ca5 - - 245026527e4e4aa494af50c21c8ce5e1 245026527e4e4aa494af50c21c8ce5e1] 199.19.213.250 "GET /v2.0/networks/16b60881-3331-4b6b-af34-9bd4ff21e0e6?fields=segments HTTP/1.1" status: 200 len: 212 time: 0.0403173
2026-05-12 17:38:52.934 10 INFO neutron.api.wsgi [None req-9a1e79c7-2b12-440a-8be0-3f39781defd6 3acf3b822afb4aa89cd9335cc084e7b6 b556785f03e24099bde7d34a16315435 - - default default] 10.0.0.169 "DELETE /v2.0/security-groups/00e62a09-0932-4f9e-bdc2-af01041864ad HTTP/1.1" status: 204 len: 168 time: 0.2014046
2026-05-12 17:38:52.944 9 INFO neutron.notifiers.nova [-] Nova event matching ['req-4f8654e5-2c37-41e6-a7d9-1c528c0e960d'] response: {'server_uuid': 'da82032e-a86a-4945-ac5c-57d05743777b', 'name': 'network-vif-deleted', 'tag': 'fb384fb8-234f-4b16-aee3-0fb92dec60de', 'status': 'completed', 'code': 200}
2026-05-12 17:38:52.944 9 INFO neutron.notifiers.nova [-] Nova event matching ['req-4f8654e5-2c37-41e6-a7d9-1c528c0e960d'] response: {'server_uuid': '63403d5a-fdd4-4842-a087-658a3f6664d0', 'name': 'network-vif-unplugged', 'status': 'completed', 'tag': '42df8d5c-51fc-4367-8469-7068cfd4de23', 'code': 200}
2026-05-12 17:38:52.944 9 INFO neutron.notifiers.nova [-] Nova event matching ['req-4f8654e5-2c37-41e6-a7d9-1c528c0e960d'] response: {'server_uuid': '63403d5a-fdd4-4842-a087-658a3f6664d0', 'name': 'network-vif-unplugged', 'status': 'completed', 'tag': '42df8d5c-51fc-4367-8469-7068cfd4de23', 'code': 200}
2026-05-12 17:38:52.973 9 INFO neutron.api.wsgi [req-2fa92cde-dffe-4985-99fe-add29aa1ec3f req-7273d0c7-6a10-40eb-ad73-6ea65ecd59b0 a80aff6c40d24322ad9160b386e6296b b53c7c33903a424ca86f9ff5ea694ca5 - - 245026527e4e4aa494af50c21c8ce5e1 245026527e4e4aa494af50c21c8ce5e1] 199.19.213.250 "GET /v2.0/networks/16b60881-3331-4b6b-af34-9bd4ff21e0e6?fields=provider%3Aphysical_network&fields=provider%3Anetwork_type HTTP/1.1" status: 200 len: 277 time: 0.0357218
2026-05-12 17:38:53.205 9 INFO neutron.api.wsgi [req-fd92c952-9145-4087-8993-0c2721b94cde req-d06ebb31-ea64-4aab-9f1a-1e3aae3252a6 1e1def05ee3d45cc8381a1e2772212e0 0e577fdbcbb1412eb7e1170e2d4dcaba - - default default] 10.0.0.119 "GET /v2.0/ports?device_id=63403d5a-fdd4-4842-a087-658a3f6664d0 HTTP/1.1" status: 200 len: 1172 time: 0.0587246
2026-05-12 17:38:53.253 9 INFO neutron.api.wsgi [req-fd92c952-9145-4087-8993-0c2721b94cde req-bfa783bf-5225-471b-8394-4517ebece4ac 1e1def05ee3d45cc8381a1e2772212e0 0e577fdbcbb1412eb7e1170e2d4dcaba - - default default] 10.0.0.119 "GET /v2.0/security-groups?id=ae94d055-46ca-4f92-984d-0b1ae35381db&fields=id&fields=name HTTP/1.1" status: 200 len: 312 time: 0.0435617
2026-05-12 17:38:53.740 9 INFO neutron.api.wsgi [req-9b1780f7-b446-4678-a467-75df149580ed req-1b9c1de1-3d4a-4494-897a-cf2f68d18ed3 1e1def05ee3d45cc8381a1e2772212e0 0e577fdbcbb1412eb7e1170e2d4dcaba - - default default] 199.19.213.250 "GET /v2.0/ports?device_id=63403d5a-fdd4-4842-a087-658a3f6664d0 HTTP/1.1" status: 200 len: 1172 time: 0.0395715
2026-05-12 17:38:53.977 9 INFO neutron.api.wsgi [req-09e99fa6-c963-4db1-b593-8ff07aae8dd1 req-86aef3a1-5e27-4df9-a506-72806d26ce7f af229ecffd0142c2b8de42f93f2c41ee a5743b69246c4b3589946813a5a3752a - - default default] 10.0.0.119 "GET /v2.0/ports?device_id=da82032e-a86a-4945-ac5c-57d05743777b HTTP/1.1" status: 200 len: 210 time: 0.0180817
2026-05-12 17:38:54.110 9 INFO neutron.db.l3_db [req-9b1780f7-b446-4678-a467-75df149580ed req-19a536c4-47ab-445d-a6b5-4f37e046b932 1e1def05ee3d45cc8381a1e2772212e0 0e577fdbcbb1412eb7e1170e2d4dcaba - - default default] Floating IP b013ba6f-7c27-4db8-b9ca-270beabe25ff disassociated. External IP: 10.96.250.220, port: 42df8d5c-51fc-4367-8469-7068cfd4de23.
2026-05-12 17:38:54.229 9 INFO neutron.api.wsgi [req-9b1780f7-b446-4678-a467-75df149580ed req-19a536c4-47ab-445d-a6b5-4f37e046b932 1e1def05ee3d45cc8381a1e2772212e0 0e577fdbcbb1412eb7e1170e2d4dcaba - - default default] 199.19.213.250 "DELETE /v2.0/ports/42df8d5c-51fc-4367-8469-7068cfd4de23 HTTP/1.1" status: 204 len: 173 time: 0.4856656 /var/lib/openstack/lib/python3.12/site-packages/pycadf/identifier.py:71: UserWarning: Invalid uuid: neutron. To ensure interoperability, identifiers should be a valid uuid. warnings.warn(('Invalid uuid: %s. To ensure interoperability, '
2026-05-12 17:38:54.337 10 INFO neutron.api.wsgi [req-203acbe6-36ce-4350-a997-135eae99483b req-33bc005a-947b-469b-bac6-8cd343341d86 1e1def05ee3d45cc8381a1e2772212e0 0e577fdbcbb1412eb7e1170e2d4dcaba - - default default] 10.0.0.119 "GET /v2.0/ports?device_id=63403d5a-fdd4-4842-a087-658a3f6664d0 HTTP/1.1" status: 200 len: 210 time: 0.0194678
2026-05-12 17:38:54.989 9 INFO neutron.notifiers.nova [-] Nova event matching ['req-761e4d36-46ce-45ee-96d3-22071709e40d'] response: {'server_uuid': '63403d5a-fdd4-4842-a087-658a3f6664d0', 'name': 'network-vif-deleted', 'tag': '42df8d5c-51fc-4367-8469-7068cfd4de23', 'status': 'completed', 'code': 200}
2026-05-12 17:38:55.075 10 INFO neutron.api.wsgi [req-03d8d06a-5c63-4c17-a5d1-1d306af94fe1 req-b3beb19d-1159-4249-ab5a-81c187a5edde af229ecffd0142c2b8de42f93f2c41ee a5743b69246c4b3589946813a5a3752a - - default default] 10.0.0.119 "GET /v2.0/ports?device_id=da82032e-a86a-4945-ac5c-57d05743777b HTTP/1.1" status: 200 len: 210 time: 0.0221310
2026-05-12 17:38:55.153 10 INFO neutron.api.wsgi [-] 10.0.0.145 "GET / HTTP/1.1" status: 200 len: 247 time: 0.0028121
2026-05-12 17:38:55.153 9 INFO neutron.api.wsgi [-] 10.0.0.145 "GET / HTTP/1.1" status: 200 len: 247 time: 0.0028105
2026-05-12 17:38:55.428 9 INFO neutron.api.wsgi [req-10bc8625-ea69-4d62-ac3f-a6bf34b2e557 req-17be9112-69a1-46fe-a764-d3a763d6d71f 1e1def05ee3d45cc8381a1e2772212e0 0e577fdbcbb1412eb7e1170e2d4dcaba - - default default] 10.0.0.119 "GET /v2.0/ports?device_id=63403d5a-fdd4-4842-a087-658a3f6664d0 HTTP/1.1" status: 200 len: 210 time: 0.0196204
2026-05-12 17:38:55.668 10 WARNING keystonemiddleware.audit [None req-1392a89d-bb36-43c4-a8dc-2ea4601d37a5 - - - - - -] Skipping service tempest-service-2017337820 as it have no endpoints.
2026-05-12 17:38:55.771 10 INFO neutron.db.ovn_revision_numbers_db [None req-c978208c-4257-47b9-8d48-af8a6ba2cde3 3acf3b822afb4aa89cd9335cc084e7b6 b556785f03e24099bde7d34a16315435 - - default default] Successfully bumped revision number for resource cac9ad48-6bce-46b3-863c-1d73a5ad9339 (type: security_groups) to 1
2026-05-12 17:38:55.783 10 INFO neutron.db.ovn_revision_numbers_db [None req-c978208c-4257-47b9-8d48-af8a6ba2cde3 3acf3b822afb4aa89cd9335cc084e7b6 b556785f03e24099bde7d34a16315435 - - default default] Successfully bumped revision number for resource 694e9d48-671c-41de-92b3-f6e00ff7efa8 (type: security_group_rules) to 0
2026-05-12 17:38:55.796 10 INFO neutron.db.ovn_revision_numbers_db [None req-c978208c-4257-47b9-8d48-af8a6ba2cde3 3acf3b822afb4aa89cd9335cc084e7b6 b556785f03e24099bde7d34a16315435 - - default default] Successfully bumped revision number for resource 99019340-1189-4b9f-987b-73c6448d9f70 (type: security_group_rules) to 0
2026-05-12 17:38:55.808 10 INFO neutron.db.ovn_revision_numbers_db [None req-c978208c-4257-47b9-8d48-af8a6ba2cde3 3acf3b822afb4aa89cd9335cc084e7b6 b556785f03e24099bde7d34a16315435 - - default default] Successfully bumped revision number for resource a5f86e6c-a1ca-4888-85f4-5bddada4fb62 (type: security_group_rules) to 0
2026-05-12 17:38:55.823 10 INFO neutron.db.ovn_revision_numbers_db [None req-c978208c-4257-47b9-8d48-af8a6ba2cde3 3acf3b822afb4aa89cd9335cc084e7b6 b556785f03e24099bde7d34a16315435 - - default default] Successfully bumped revision number for resource cd3f5e93-6102-4fcd-ae14-e96f03f64584 (type: security_group_rules) to 0
2026-05-12 17:38:55.861 10 INFO neutron.api.wsgi [None req-c978208c-4257-47b9-8d48-af8a6ba2cde3 3acf3b822afb4aa89cd9335cc084e7b6 b556785f03e24099bde7d34a16315435 - - default default] 10.0.0.169 "GET /v2.0/security-groups?tenant_id=a1bb232d6e4f44e78745b48e795ad8a9&name=default HTTP/1.1" status: 200 len: 3120 time: 0.3539829
2026-05-12 17:38:55.867 10 WARNING keystonemiddleware.audit [None req-48f1400b-32ff-43c5-bd34-760fc90959c8 - - - - - -] Skipping service tempest-service-2017337820 as it have no endpoints.
2026-05-12 17:38:56.047 10 INFO neutron.api.wsgi [None req-16a979f7-3e41-48c2-a50e-dada2633cbcc 3acf3b822afb4aa89cd9335cc084e7b6 b556785f03e24099bde7d34a16315435 - - default default] 10.0.0.169 "DELETE /v2.0/security-groups/cac9ad48-6bce-46b3-863c-1d73a5ad9339 HTTP/1.1" status: 204 len: 168 time: 0.1812317
2026-05-12 17:38:56.505 9 INFO neutron.api.wsgi [req-2518ab72-33b4-4b41-8f8b-0a2ae03e33e1 req-4e39bcee-06a3-4359-846b-573f6cef7045 1e1def05ee3d45cc8381a1e2772212e0 0e577fdbcbb1412eb7e1170e2d4dcaba - - default default] 10.0.0.119 "GET /v2.0/ports?device_id=63403d5a-fdd4-4842-a087-658a3f6664d0 HTTP/1.1" status: 200 len: 210 time: 0.0147386
2026-05-12 17:38:57.029 9 INFO neutron.api.wsgi [None req-8b36a391-3c44-4234-aed0-508285dd6aa0 3acf3b822afb4aa89cd9335cc084e7b6 b556785f03e24099bde7d34a16315435 - - default default] 10.0.0.169 "PUT /v2.0/routers/d4cc19ee-01cb-473d-a70b-eae23d9e66af/remove_router_interface HTTP/1.1" status: 200 len: 503 time: 0.9053493 /var/lib/openstack/lib/python3.12/site-packages/pycadf/identifier.py:71: UserWarning: Invalid uuid: neutron. To ensure interoperability, identifiers should be a valid uuid. warnings.warn(('Invalid uuid: %s. To ensure interoperability, '
2026-05-12 17:38:57.383 9 INFO neutron.db.ovn_revision_numbers_db [None req-dd76c3ab-44b7-488f-ad92-d9411c51bb4a 3acf3b822afb4aa89cd9335cc084e7b6 b556785f03e24099bde7d34a16315435 - - default default] Successfully bumped revision number for resource 84d042c7-8977-4e22-8c24-54b039a9a1f3 (type: security_groups) to 1
2026-05-12 17:38:57.396 9 INFO neutron.db.ovn_revision_numbers_db [None req-dd76c3ab-44b7-488f-ad92-d9411c51bb4a 3acf3b822afb4aa89cd9335cc084e7b6 b556785f03e24099bde7d34a16315435 - - default default] Successfully bumped revision number for resource 4d6a0445-b102-4f58-83c7-acc3e6e2ad99 (type: security_group_rules) to 0
2026-05-12 17:38:57.414 9 INFO neutron.db.ovn_revision_numbers_db [None req-dd76c3ab-44b7-488f-ad92-d9411c51bb4a 3acf3b822afb4aa89cd9335cc084e7b6 b556785f03e24099bde7d34a16315435 - - default default] Successfully bumped revision number for resource 687cf57d-d09c-49e4-b3a6-a3cc6a15dd1c (type: security_group_rules) to 0
2026-05-12 17:38:57.426 9 INFO neutron.db.ovn_revision_numbers_db [None req-dd76c3ab-44b7-488f-ad92-d9411c51bb4a 3acf3b822afb4aa89cd9335cc084e7b6 b556785f03e24099bde7d34a16315435 - - default default] Successfully bumped revision number for resource b0e30972-a305-4067-a71f-ba7441a10e2b (type: security_group_rules) to 0
2026-05-12 17:38:57.440 9 INFO neutron.db.ovn_revision_numbers_db [None req-dd76c3ab-44b7-488f-ad92-d9411c51bb4a 3acf3b822afb4aa89cd9335cc084e7b6 b556785f03e24099bde7d34a16315435 - - default default] Successfully bumped revision number for resource ccdbaf18-ce77-4dd8-925a-2088b74d4c65 (type: security_group_rules) to 0
2026-05-12 17:38:57.473 9 INFO neutron.api.wsgi [None req-dd76c3ab-44b7-488f-ad92-d9411c51bb4a 3acf3b822afb4aa89cd9335cc084e7b6 b556785f03e24099bde7d34a16315435 - - default default] 10.0.0.169 "GET /v2.0/security-groups?tenant_id=41ff4812c03b46cb87dd121464ee45ad&name=default HTTP/1.1" status: 200 len: 3120 time: 0.3854613
2026-05-12 17:38:57.727 10 INFO neutron.api.wsgi [None req-23e2a4b6-3960-48da-b7b0-07fe511a3534 3acf3b822afb4aa89cd9335cc084e7b6 b556785f03e24099bde7d34a16315435 - - default default] 10.0.0.169 "DELETE /v2.0/routers/d4cc19ee-01cb-473d-a70b-eae23d9e66af HTTP/1.1" status: 204 len: 168 time: 0.6909878
2026-05-12 17:38:57.744 9 INFO neutron.api.wsgi [None req-cd1d7a52-ec82-459c-aabf-669f68dd2d49 3acf3b822afb4aa89cd9335cc084e7b6 b556785f03e24099bde7d34a16315435 - - default default] 10.0.0.169 "DELETE /v2.0/security-groups/84d042c7-8977-4e22-8c24-54b039a9a1f3 HTTP/1.1" status: 204 len: 168 time: 0.2659380
2026-05-12 17:38:57.751 9 INFO neutron.api.wsgi [None req-4d065b6f-949b-4d2b-9b2e-fb32f56fedb5 1e1def05ee3d45cc8381a1e2772212e0 0e577fdbcbb1412eb7e1170e2d4dcaba - - default default] 10.0.0.169 "DELETE /v2.0/security-groups/ae94d055-46ca-4f92-984d-0b1ae35381db HTTP/1.1" status: 204 len: 168 time: 0.1516089
2026-05-12 17:38:57.766 10 INFO neutron.api.v2.resource [None req-44424d4b-6a10-4fe6-8bdc-a2d534783537 1e1def05ee3d45cc8381a1e2772212e0 0e577fdbcbb1412eb7e1170e2d4dcaba - - default default] show failed (client error): The resource could not be found.
2026-05-12 17:38:57.767 10 INFO neutron.api.wsgi [None req-44424d4b-6a10-4fe6-8bdc-a2d534783537 1e1def05ee3d45cc8381a1e2772212e0 0e577fdbcbb1412eb7e1170e2d4dcaba - - default default] 10.0.0.169 "GET /v2.0/security-groups/ae94d055-46ca-4f92-984d-0b1ae35381db HTTP/1.1" status: 404 len: 347 time: 0.0106933
2026-05-12 17:38:57.799 9 WARNING neutron_lib.context [None req-3bdb5d25-c553-4d0f-a404-928943d1b615 53eb4ab581984041a24e75519c20f109 c27ca7cccb8e4540abd10acaecfeb80d - - default default] Method 'is_advsvc' is deprecated since 2023.2 release (neutron-lib 3.8.0) and will be removed once support for the old RBAC API policies will be removed from Neutron. Please use method 'is_service_role' instead.
2026-05-12 17:38:57.910 9 INFO neutron.api.wsgi [None req-02645ea8-58a3-4f6e-a73d-fd8fe8cd8d4b 3acf3b822afb4aa89cd9335cc084e7b6 b556785f03e24099bde7d34a16315435 - - default default] 10.0.0.169 "DELETE /v2.0/subnets/fe05f5fd-88cf-4f6d-9e92-2121c8651556 HTTP/1.1" status: 204 len: 168 time: 0.1768000
2026-05-12 17:38:57.952 9 INFO neutron.db.ovn_revision_numbers_db [None req-3bdb5d25-c553-4d0f-a404-928943d1b615 53eb4ab581984041a24e75519c20f109 c27ca7cccb8e4540abd10acaecfeb80d - - default default] Successfully bumped revision number for resource cc5194de-454c-42e0-b64e-873b6f4c2336 (type: security_groups) to 1
2026-05-12 17:38:57.970 9 INFO neutron.db.ovn_revision_numbers_db [None req-3bdb5d25-c553-4d0f-a404-928943d1b615 53eb4ab581984041a24e75519c20f109 c27ca7cccb8e4540abd10acaecfeb80d - - default default] Successfully bumped revision number for resource 40f2e800-9687-4e06-af06-a4bb578122f2 (type: security_group_rules) to 0
2026-05-12 17:38:57.989 9 INFO neutron.db.ovn_revision_numbers_db [None req-3bdb5d25-c553-4d0f-a404-928943d1b615 53eb4ab581984041a24e75519c20f109 c27ca7cccb8e4540abd10acaecfeb80d - - default default] Successfully bumped revision number for resource 4c82d80d-f27e-4b43-bdc3-14f3ebcf72ea (type: security_group_rules) to 0
2026-05-12 17:38:58.009 9 INFO neutron.db.ovn_revision_numbers_db [None req-3bdb5d25-c553-4d0f-a404-928943d1b615 53eb4ab581984041a24e75519c20f109 c27ca7cccb8e4540abd10acaecfeb80d - - default default] Successfully bumped revision number for resource 5e1843a4-c0d7-4cd5-8234-38907ce960d2 (type: security_group_rules) to 0
2026-05-12 17:38:58.037 9 INFO neutron.db.ovn_revision_numbers_db [None req-3bdb5d25-c553-4d0f-a404-928943d1b615 53eb4ab581984041a24e75519c20f109 c27ca7cccb8e4540abd10acaecfeb80d - - default default] Successfully bumped revision number for resource c9609acf-5315-406e-b86d-ae87f2900085 (type: security_group_rules) to 0
2026-05-12 17:38:58.043 10 INFO neutron.api.wsgi [None req-b94fc606-fb64-41b1-9ffe-1771e57403d2 1e1def05ee3d45cc8381a1e2772212e0 0e577fdbcbb1412eb7e1170e2d4dcaba - - default default] 10.0.0.169 "DELETE /v2.0/floatingips/b013ba6f-7c27-4db8-b9ca-270beabe25ff HTTP/1.1" status: 204 len: 168 time: 0.2693937
2026-05-12 17:38:58.044 9 INFO neutron.db.ovn_revision_numbers_db [None req-cf658c02-cf96-4ff2-9e0f-3f0f41166efb 3acf3b822afb4aa89cd9335cc084e7b6 b556785f03e24099bde7d34a16315435 - - default default] Successfully bumped revision number for resource e4002dee-4c06-46d4-9820-7cc71c65c644 (type: security_groups) to 1
2026-05-12 17:38:58.071 9 INFO neutron.db.ovn_revision_numbers_db [None req-cf658c02-cf96-4ff2-9e0f-3f0f41166efb 3acf3b822afb4aa89cd9335cc084e7b6 b556785f03e24099bde7d34a16315435 - - default default] Successfully bumped revision number for resource 2680a7eb-ae13-4e31-af69-9f2e34b1dd2a (type: security_group_rules) to 0
2026-05-12 17:38:58.098 9 INFO neutron.db.ovn_revision_numbers_db [None req-cf658c02-cf96-4ff2-9e0f-3f0f41166efb 3acf3b822afb4aa89cd9335cc084e7b6 b556785f03e24099bde7d34a16315435 - - default default] Successfully bumped revision number for resource 658be509-ba88-44f4-b480-e90a2e3e4fb4 (type: security_group_rules) to 0
2026-05-12 17:38:58.119 9 INFO neutron.db.ovn_revision_numbers_db [None req-cf658c02-cf96-4ff2-9e0f-3f0f41166efb 3acf3b822afb4aa89cd9335cc084e7b6 b556785f03e24099bde7d34a16315435 - - default default] Successfully bumped revision number for resource 7b3aca2a-d276-4dba-b30a-b643b882d75c (type: security_group_rules) to 0
2026-05-12 17:38:58.129 9 INFO neutron.db.segments_db [None req-3bdb5d25-c553-4d0f-a404-928943d1b615 53eb4ab581984041a24e75519c20f109 c27ca7cccb8e4540abd10acaecfeb80d - - default default] Added segment cf17b7ac-78c4-44ce-9651-8aef957551fd of type geneve for network ed13c2e9-e155-433a-95a2-552e4ec7ea35
2026-05-12 17:38:58.139 9 INFO neutron.db.ovn_revision_numbers_db [None req-cf658c02-cf96-4ff2-9e0f-3f0f41166efb 3acf3b822afb4aa89cd9335cc084e7b6 b556785f03e24099bde7d34a16315435 - - default default] Successfully bumped revision number for resource f3f12a27-af5d-476a-87db-bacb75551d66 (type: security_group_rules) to 0
2026-05-12 17:38:58.432 9 INFO neutron.api.wsgi [None req-cf658c02-cf96-4ff2-9e0f-3f0f41166efb 3acf3b822afb4aa89cd9335cc084e7b6 b556785f03e24099bde7d34a16315435 - - default default] 10.0.0.169 "GET /v2.0/security-groups?tenant_id=fbb3d7ccd95443f78ef5155539d0c54d&name=default HTTP/1.1" status: 200 len: 3120 time: 0.5605700
2026-05-12 17:38:58.546 9 INFO neutron.db.ovn_revision_numbers_db [None req-3bdb5d25-c553-4d0f-a404-928943d1b615 53eb4ab581984041a24e75519c20f109 c27ca7cccb8e4540abd10acaecfeb80d - - default default] Successfully bumped revision number for resource ed13c2e9-e155-433a-95a2-552e4ec7ea35 (type: networks) to 1
2026-05-12 17:38:58.646 9 INFO neutron.services.segments.plugin [-] Segment 1a042548-de6a-4705-97ef-f07b07987b76 resource provider aggregate not found
2026-05-12 17:38:58.651 9 INFO neutron.services.segments.plugin [-] Segment 1a042548-de6a-4705-97ef-f07b07987b76 resource provider aggregate not found
2026-05-12 17:38:58.669 9 INFO neutron.services.segments.plugin [-] Segment 1a042548-de6a-4705-97ef-f07b07987b76 resource provider not found; error: Placement Client Error (4xx): {"errors": [{"status": 404, "title": "Not Found", "detail": "The resource could not be found.\n\n No resource provider with uuid 1a042548-de6a-4705-97ef-f07b07987b76 found for delete ", "request_id": "req-96d8b107-c6db-46f5-9b48-96673ccba62e"}]}
2026-05-12 17:38:58.669 9 INFO neutron.services.segments.plugin [-] Segment 1a042548-de6a-4705-97ef-f07b07987b76 resource provider not found; error: Placement Client Error (4xx): {"errors": [{"status": 404, "title": "Not Found", "detail": "The resource could not be found.\n\n No resource provider with uuid 1a042548-de6a-4705-97ef-f07b07987b76 found for delete ", "request_id": "req-bde9d21c-bfcc-45f2-aacc-9b0209522e22"}]}
