2026-05-12 17:38:18.043 7 INFO placement.requestlog [req-968f1e67-97fe-4b2e-b034-2d6fc161a0cb req-bc6aab40-7f17-4bbe-9c0b-779ac36b9762 805c42e37ba24e009a8c1386e0549c78 b53c7c33903a424ca86f9ff5ea694ca5 - - 245026527e4e4aa494af50c21c8ce5e1 245026527e4e4aa494af50c21c8ce5e1] 10.0.0.253 "GET /allocations/218fdb5b-2ea4-4bc9-b3c6-333bb040d7a2" status: 200 len: 19 microversion: 1.28 [pid: 7|app: 0|req: 282/565] 10.0.0.253 () {34 vars in 859 bytes} [Tue May 12 17:38:18 2026] GET /allocations/218fdb5b-2ea4-4bc9-b3c6-333bb040d7a2 => generated 19 bytes in 13 msecs (HTTP/1.1 200) 8 headers in 295 bytes (1 switches on core 0)
2026-05-12 17:38:18.115 8 INFO placement.requestlog [req-968f1e67-97fe-4b2e-b034-2d6fc161a0cb req-fab2f62b-903b-481e-a528-a065d83c52a9 805c42e37ba24e009a8c1386e0549c78 b53c7c33903a424ca86f9ff5ea694ca5 - - 245026527e4e4aa494af50c21c8ce5e1 245026527e4e4aa494af50c21c8ce5e1] 10.0.0.253 "PUT /allocations/218fdb5b-2ea4-4bc9-b3c6-333bb040d7a2" status: 204 len: 0 microversion: 1.36 [pid: 8|app: 0|req: 284/566] 10.0.0.253 () {38 vars in 912 bytes} [Tue May 12 17:38:18 2026] PUT /allocations/218fdb5b-2ea4-4bc9-b3c6-333bb040d7a2 => generated 0 bytes in 65 msecs (HTTP/1.1 204) 5 headers in 199 bytes (1 switches on core 0)
2026-05-12 17:38:18.451 7 INFO placement.requestlog [req-11e13974-ab17-4314-a4bf-86b6e0e1cb8c req-c0fbe21f-1d81-4544-81c2-5c07efa64ee3 805c42e37ba24e009a8c1386e0549c78 b53c7c33903a424ca86f9ff5ea694ca5 - - 245026527e4e4aa494af50c21c8ce5e1 245026527e4e4aa494af50c21c8ce5e1] 199.19.213.250 "GET /allocations/63403d5a-fdd4-4842-a087-658a3f6664d0" status: 200 len: 257 microversion: 1.28 [pid: 7|app: 0|req: 283/567] 199.19.213.250 () {34 vars in 861 bytes} [Tue May 12 17:38:18 2026] GET /allocations/63403d5a-fdd4-4842-a087-658a3f6664d0 => generated 257 bytes in 13 msecs (HTTP/1.1 200) 8 headers in 296 bytes (1 switches on core 0)
2026-05-12 17:38:19.491 8 INFO placement.requestlog [req-11e13974-ab17-4314-a4bf-86b6e0e1cb8c req-4c3836f1-e9ae-4420-b6ce-cf300e243bcf 805c42e37ba24e009a8c1386e0549c78 b53c7c33903a424ca86f9ff5ea694ca5 - - 245026527e4e4aa494af50c21c8ce5e1 245026527e4e4aa494af50c21c8ce5e1] 199.19.213.250 "GET /resource_providers/089954a8-3c32-4a84-85c6-d64c9206fe32/allocations" status: 200 len: 338 microversion: 1.0 [pid: 8|app: 0|req: 285/568] 199.19.213.250 () {32 vars in 855 bytes} [Tue May 12 17:38:19 2026] GET /resource_providers/089954a8-3c32-4a84-85c6-d64c9206fe32/allocations => generated 338 bytes in 16 msecs (HTTP/1.1 200) 6 headers in 224 bytes (1 switches on core 0)
2026-05-12 17:38:19.511 7 INFO placement.requestlog [req-11e13974-ab17-4314-a4bf-86b6e0e1cb8c req-5cf2650f-019f-4991-8b42-78379d254b39 805c42e37ba24e009a8c1386e0549c78 b53c7c33903a424ca86f9ff5ea694ca5 - - 245026527e4e4aa494af50c21c8ce5e1 245026527e4e4aa494af50c21c8ce5e1] 199.19.213.250 "GET /allocations/218fdb5b-2ea4-4bc9-b3c6-333bb040d7a2" status: 200 len: 243 microversion: 1.28 [pid: 7|app: 0|req: 284/569] 199.19.213.250 () {34 vars in 861 bytes} [Tue May 12 17:38:19 2026] GET /allocations/218fdb5b-2ea4-4bc9-b3c6-333bb040d7a2 => generated 243 bytes in 13 msecs (HTTP/1.1 200) 8 headers in 296 bytes (1 switches on core 0)
2026-05-12 17:38:19.528 8 INFO placement.requestlog [req-11e13974-ab17-4314-a4bf-86b6e0e1cb8c req-30b786ed-292c-48de-8f1f-d75bd4b2b08d 805c42e37ba24e009a8c1386e0549c78 b53c7c33903a424ca86f9ff5ea694ca5 - - 245026527e4e4aa494af50c21c8ce5e1 245026527e4e4aa494af50c21c8ce5e1] 199.19.213.250 "GET /allocations/63403d5a-fdd4-4842-a087-658a3f6664d0" status: 200 len: 257 microversion: 1.28 [pid: 8|app: 0|req: 286/570] 199.19.213.250 () {34 vars in 861 bytes} [Tue May 12 17:38:19 2026] GET /allocations/63403d5a-fdd4-4842-a087-658a3f6664d0 => generated 257 bytes in 12 msecs (HTTP/1.1 200) 8 headers in 296 bytes (1 switches on core 0)
2026-05-12 17:38:19.543 7 INFO placement.requestlog [req-11e13974-ab17-4314-a4bf-86b6e0e1cb8c req-59071971-7dfa-4956-a7e5-6ab3aac0f171 805c42e37ba24e009a8c1386e0549c78 b53c7c33903a424ca86f9ff5ea694ca5 - - 245026527e4e4aa494af50c21c8ce5e1 245026527e4e4aa494af50c21c8ce5e1] 199.19.213.250 "GET /allocations/bafc9fdd-81d5-4091-99ba-d3ccd65ec237" status: 200 len: 257 microversion: 1.28 [pid: 7|app: 0|req: 285/571] 199.19.213.250 () {34 vars in 861 bytes} [Tue May 12 17:38:19 2026] GET /allocations/bafc9fdd-81d5-4091-99ba-d3ccd65ec237 => generated 257 bytes in 9 msecs (HTTP/1.1 200) 8 headers in 296 bytes (1 switches on core 0)
2026-05-12 17:38:19.792 8 INFO placement.requestlog [req-968f1e67-97fe-4b2e-b034-2d6fc161a0cb req-5dd209b8-06f7-4b77-8714-c7546ac8388b 805c42e37ba24e009a8c1386e0549c78 b53c7c33903a424ca86f9ff5ea694ca5 - - 245026527e4e4aa494af50c21c8ce5e1 245026527e4e4aa494af50c21c8ce5e1] 199.19.213.250 "GET /allocations/218fdb5b-2ea4-4bc9-b3c6-333bb040d7a2" status: 200 len: 243 microversion: 1.28 [pid: 8|app: 0|req: 287/572] 199.19.213.250 () {34 vars in 861 bytes} [Tue May 12 17:38:19 2026] GET /allocations/218fdb5b-2ea4-4bc9-b3c6-333bb040d7a2 => generated 243 bytes in 12 msecs (HTTP/1.1 200) 8 headers in 296 bytes (1 switches on core 0)
2026-05-12 17:38:21.630 7 INFO placement.requestlog [req-968f1e67-97fe-4b2e-b034-2d6fc161a0cb req-aee335fa-a6af-4ed4-a62a-5dffb743e080 805c42e37ba24e009a8c1386e0549c78 b53c7c33903a424ca86f9ff5ea694ca5 - - 245026527e4e4aa494af50c21c8ce5e1 245026527e4e4aa494af50c21c8ce5e1] 199.19.213.250 "GET /resource_providers/089954a8-3c32-4a84-85c6-d64c9206fe32/allocations" status: 200 len: 338 microversion: 1.0 [pid: 7|app: 0|req: 286/573] 199.19.213.250 () {32 vars in 855 bytes} [Tue May 12 17:38:21 2026] GET /resource_providers/089954a8-3c32-4a84-85c6-d64c9206fe32/allocations => generated 338 bytes in 17 msecs (HTTP/1.1 200) 6 headers in 224 bytes (1 switches on core 0)
2026-05-12 17:38:21.646 8 INFO placement.requestlog [req-968f1e67-97fe-4b2e-b034-2d6fc161a0cb req-c2865914-d1fd-4ccb-8914-31b6d6346f65 805c42e37ba24e009a8c1386e0549c78 b53c7c33903a424ca86f9ff5ea694ca5 - - 245026527e4e4aa494af50c21c8ce5e1 245026527e4e4aa494af50c21c8ce5e1] 199.19.213.250 "GET /allocations/218fdb5b-2ea4-4bc9-b3c6-333bb040d7a2" status: 200 len: 243 microversion: 1.28 [pid: 8|app: 0|req: 288/574] 199.19.213.250 () {34 vars in 861 bytes} [Tue May 12 17:38:21 2026] GET /allocations/218fdb5b-2ea4-4bc9-b3c6-333bb040d7a2 => generated 243 bytes in 11 msecs (HTTP/1.1 200) 8 headers in 296 bytes (1 switches on core 0)
2026-05-12 17:38:21.664 7 INFO placement.requestlog [req-968f1e67-97fe-4b2e-b034-2d6fc161a0cb req-05efd9be-a297-488c-9802-1ade52157557 805c42e37ba24e009a8c1386e0549c78 b53c7c33903a424ca86f9ff5ea694ca5 - - 245026527e4e4aa494af50c21c8ce5e1 245026527e4e4aa494af50c21c8ce5e1] 199.19.213.250 "GET /allocations/63403d5a-fdd4-4842-a087-658a3f6664d0" status: 200 len: 257 microversion: 1.28 [pid: 7|app: 0|req: 287/575] 199.19.213.250 () {34 vars in 861 bytes} [Tue May 12 17:38:21 2026] GET /allocations/63403d5a-fdd4-4842-a087-658a3f6664d0 => generated 257 bytes in 13 msecs (HTTP/1.1 200) 8 headers in 296 bytes (1 switches on core 0)
2026-05-12 17:38:21.679 8 INFO placement.requestlog [req-968f1e67-97fe-4b2e-b034-2d6fc161a0cb req-26843b8f-5541-4126-b338-4fe3105da0f5 805c42e37ba24e009a8c1386e0549c78 b53c7c33903a424ca86f9ff5ea694ca5 - - 245026527e4e4aa494af50c21c8ce5e1 245026527e4e4aa494af50c21c8ce5e1] 199.19.213.250 "GET /allocations/bafc9fdd-81d5-4091-99ba-d3ccd65ec237" status: 200 len: 257 microversion: 1.28 [pid: 8|app: 0|req: 289/576] 199.19.213.250 () {34 vars in 861 bytes} [Tue May 12 17:38:21 2026] GET /allocations/bafc9fdd-81d5-4091-99ba-d3ccd65ec237 => generated 257 bytes in 10 msecs (HTTP/1.1 200) 8 headers in 296 bytes (1 switches on core 0)
2026-05-12 17:38:26.109 8 INFO placement.requestlog [None req-d21e1617-9299-4c83-aac2-bc463fd67d5c - - - - - -] 10.0.0.145 "GET /" status: 200 len: 136 microversion: 1.0
2026-05-12 17:38:26.109 7 INFO placement.requestlog [None req-d2c40c4b-9e97-4044-9ae8-e019d28d0248 - - - - - -] 10.0.0.145 "GET /" status: 200 len: 136 microversion: 1.0
2026-05-12 17:38:28.196 7 INFO placement.requestlog [None req-fd6fc18a-b7ba-4cf7-b356-53b9a0163841 a80aff6c40d24322ad9160b386e6296b b53c7c33903a424ca86f9ff5ea694ca5 - - 245026527e4e4aa494af50c21c8ce5e1 245026527e4e4aa494af50c21c8ce5e1] 10.0.0.107 "GET /resource_providers/6e52701f-13f3-4eff-8104-73ae8d78084c/aggregates" status: 404 len: 235 microversion: 1.1 [pid: 7|app: 0|req: 289/579] 10.0.0.107 () {32 vars in 823 bytes} [Tue May 12 17:38:28 2026] GET /resource_providers/6e52701f-13f3-4eff-8104-73ae8d78084c/aggregates => generated 235 bytes in 13 msecs (HTTP/1.1 404) 5 headers in 202 bytes (1 switches on core 0)
2026-05-12 17:38:28.202 8 INFO placement.requestlog [None req-e7627ab5-853e-446b-9a68-6c47c181c7fd a80aff6c40d24322ad9160b386e6296b b53c7c33903a424ca86f9ff5ea694ca5 - - 245026527e4e4aa494af50c21c8ce5e1 245026527e4e4aa494af50c21c8ce5e1] 10.0.0.107 "GET /resource_providers/6e52701f-13f3-4eff-8104-73ae8d78084c/aggregates" status: 404 len: 235 microversion: 1.1 [pid: 8|app: 0|req: 291/580] 10.0.0.107 () {32 vars in 823 bytes} [Tue May 12 17:38:28 2026] GET /resource_providers/6e52701f-13f3-4eff-8104-73ae8d78084c/aggregates => generated 235 bytes in 16 msecs (HTTP/1.1 404) 5 headers in 202 bytes (1 switches on core 0)
2026-05-12 17:38:28.209 7 INFO placement.requestlog [None req-86052c70-164e-40e7-b31a-5c1ba2bf96de a80aff6c40d24322ad9160b386e6296b b53c7c33903a424ca86f9ff5ea694ca5 - - 245026527e4e4aa494af50c21c8ce5e1 245026527e4e4aa494af50c21c8ce5e1] 10.0.0.107 "DELETE /resource_providers/6e52701f-13f3-4eff-8104-73ae8d78084c" status: 404 len: 246 microversion: 1.1 [pid: 7|app: 0|req: 290/581] 10.0.0.107 () {34 vars in 823 bytes} [Tue May 12 17:38:28 2026] DELETE /resource_providers/6e52701f-13f3-4eff-8104-73ae8d78084c => generated 246 bytes in 8 msecs (HTTP/1.1 404) 6 headers in 231 bytes (1 switches on core 0)
2026-05-12 17:38:28.227 8 INFO placement.requestlog [None req-098aad4c-f9c3-4723-a411-682a8b1fea85 a80aff6c40d24322ad9160b386e6296b b53c7c33903a424ca86f9ff5ea694ca5 - - 245026527e4e4aa494af50c21c8ce5e1 245026527e4e4aa494af50c21c8ce5e1] 10.0.0.107 "DELETE /resource_providers/6e52701f-13f3-4eff-8104-73ae8d78084c" status: 404 len: 246 microversion: 1.1 [pid: 8|app: 0|req: 292/582] 10.0.0.107 () {34 vars in 823 bytes} [Tue May 12 17:38:28 2026] DELETE /resource_providers/6e52701f-13f3-4eff-8104-73ae8d78084c => generated 246 bytes in 18 msecs (HTTP/1.1 404) 6 headers in 231 bytes (1 switches on core 0)
2026-05-12 17:38:36.109 7 INFO placement.requestlog [None req-5b3ca383-2863-4a6d-b1fd-3054f4f49947 - - - - - -] 10.0.0.145 "GET /" status: 200 len: 136 microversion: 1.0
2026-05-12 17:38:36.109 8 INFO placement.requestlog [None req-b631cb79-2ca4-4319-b888-37b85bcf36aa - - - - - -] 10.0.0.145 "GET /" status: 200 len: 136 microversion: 1.0
2026-05-12 17:38:36.557 8 INFO placement.requestlog [req-7729ceac-3434-484d-a95e-cec06a5cabb8 req-3fad3317-40c3-4497-b80b-7ab2b3ca037f 805c42e37ba24e009a8c1386e0549c78 b53c7c33903a424ca86f9ff5ea694ca5 - - 245026527e4e4aa494af50c21c8ce5e1 245026527e4e4aa494af50c21c8ce5e1] 199.19.213.250 "GET /resource_providers/089954a8-3c32-4a84-85c6-d64c9206fe32/allocations" status: 200 len: 338 microversion: 1.0 [pid: 8|app: 0|req: 294/585] 199.19.213.250 () {32 vars in 855 bytes} [Tue May 12 17:38:36 2026] GET /resource_providers/089954a8-3c32-4a84-85c6-d64c9206fe32/allocations => generated 338 bytes in 21 msecs (HTTP/1.1 200) 6 headers in 224 bytes (1 switches on core 0)
2026-05-12 17:38:36.584 7 INFO placement.requestlog [req-7729ceac-3434-484d-a95e-cec06a5cabb8 req-cedc779b-ca69-4fc8-a7eb-74897c0c3187 805c42e37ba24e009a8c1386e0549c78 b53c7c33903a424ca86f9ff5ea694ca5 - - 245026527e4e4aa494af50c21c8ce5e1 245026527e4e4aa494af50c21c8ce5e1] 199.19.213.250 "GET /allocations/218fdb5b-2ea4-4bc9-b3c6-333bb040d7a2" status: 200 len: 243 microversion: 1.28 [pid: 7|app: 0|req: 292/586] 199.19.213.250 () {34 vars in 861 bytes} [Tue May 12 17:38:36 2026] GET /allocations/218fdb5b-2ea4-4bc9-b3c6-333bb040d7a2 => generated 243 bytes in 19 msecs (HTTP/1.1 200) 8 headers in 296 bytes (1 switches on core 0)
2026-05-12 17:38:36.608 8 INFO placement.requestlog [req-7729ceac-3434-484d-a95e-cec06a5cabb8 req-c47f5283-8e9a-47dc-8be9-0aa63b2f3d5a 805c42e37ba24e009a8c1386e0549c78 b53c7c33903a424ca86f9ff5ea694ca5 - - 245026527e4e4aa494af50c21c8ce5e1 245026527e4e4aa494af50c21c8ce5e1] 199.19.213.250 "GET /allocations/63403d5a-fdd4-4842-a087-658a3f6664d0" status: 200 len: 257 microversion: 1.28 [pid: 8|app: 0|req: 295/587] 199.19.213.250 () {34 vars in 861 bytes} [Tue May 12 17:38:36 2026] GET /allocations/63403d5a-fdd4-4842-a087-658a3f6664d0 => generated 257 bytes in 20 msecs (HTTP/1.1 200) 8 headers in 296 bytes (1 switches on core 0)
2026-05-12 17:38:36.626 7 INFO placement.requestlog [req-7729ceac-3434-484d-a95e-cec06a5cabb8 req-dca72996-e2a3-43f4-81b0-131ff09019fc 805c42e37ba24e009a8c1386e0549c78 b53c7c33903a424ca86f9ff5ea694ca5 - - 245026527e4e4aa494af50c21c8ce5e1 245026527e4e4aa494af50c21c8ce5e1] 199.19.213.250 "GET /allocations/bafc9fdd-81d5-4091-99ba-d3ccd65ec237" status: 200 len: 257 microversion: 1.28 [pid: 7|app: 0|req: 293/588] 199.19.213.250 () {34 vars in 861 bytes} [Tue May 12 17:38:36 2026] GET /allocations/bafc9fdd-81d5-4091-99ba-d3ccd65ec237 => generated 257 bytes in 13 msecs (HTTP/1.1 200) 8 headers in 296 bytes (1 switches on core 0)
2026-05-12 17:38:37.494 8 INFO placement.requestlog [req-ba82a31e-c8ff-43da-8e5b-b5c224a99d98 req-c4af555e-3011-40c2-86a1-e1b4d1bc0253 805c42e37ba24e009a8c1386e0549c78 b53c7c33903a424ca86f9ff5ea694ca5 - - 245026527e4e4aa494af50c21c8ce5e1 245026527e4e4aa494af50c21c8ce5e1] 10.0.0.253 "GET /allocation_candidates?limit=1000&resources=DISK_GB%3A1%2CMEMORY_MB%3A512%2CVCPU%3A1&root_required=%21COMPUTE_STATUS_DISABLED" status: 200 len: 2387 microversion: 1.36 [pid: 8|app: 0|req: 296/589] 10.0.0.253 () {34 vars in 1010 bytes} [Tue May 12 17:38:37 2026] GET /allocation_candidates?limit=1000&resources=DISK_GB%3A1%2CMEMORY_MB%3A512%2CVCPU%3A1&root_required=%21COMPUTE_STATUS_DISABLED => generated 2387 bytes in 37 msecs (HTTP/1.1 200) 8 headers in 297 bytes (1 switches on core 0)
2026-05-12 17:38:37.517 7 INFO placement.requestlog [req-ba82a31e-c8ff-43da-8e5b-b5c224a99d98 req-3dd1fa0e-685a-48ba-a4ce-0a1ed9bcfa94 805c42e37ba24e009a8c1386e0549c78 b53c7c33903a424ca86f9ff5ea694ca5 - - 245026527e4e4aa494af50c21c8ce5e1 245026527e4e4aa494af50c21c8ce5e1] 10.0.0.253 "GET /allocations/da82032e-a86a-4945-ac5c-57d05743777b" status: 200 len: 19 microversion: 1.28 [pid: 7|app: 0|req: 294/590] 10.0.0.253 () {34 vars in 859 bytes} [Tue May 12 17:38:37 2026] GET /allocations/da82032e-a86a-4945-ac5c-57d05743777b => generated 19 bytes in 6 msecs (HTTP/1.1 200) 8 headers in 295 bytes (1 switches on core 0)
2026-05-12 17:38:37.575 8 INFO placement.requestlog [req-ba82a31e-c8ff-43da-8e5b-b5c224a99d98 req-ba2e7e3e-3f6b-4ddb-8d6d-54145a7aaab0 805c42e37ba24e009a8c1386e0549c78 b53c7c33903a424ca86f9ff5ea694ca5 - - 245026527e4e4aa494af50c21c8ce5e1 245026527e4e4aa494af50c21c8ce5e1] 10.0.0.253 "PUT /allocations/da82032e-a86a-4945-ac5c-57d05743777b" status: 204 len: 0 microversion: 1.36 [pid: 8|app: 0|req: 297/591] 10.0.0.253 () {38 vars in 912 bytes} [Tue May 12 17:38:37 2026] PUT /allocations/da82032e-a86a-4945-ac5c-57d05743777b => generated 0 bytes in 50 msecs (HTTP/1.1 204) 5 headers in 199 bytes (1 switches on core 0)
2026-05-12 17:38:37.671 7 INFO placement.requestlog [req-7729ceac-3434-484d-a95e-cec06a5cabb8 req-aae84dbc-4a29-4df5-b524-358b1f1a50b8 805c42e37ba24e009a8c1386e0549c78 b53c7c33903a424ca86f9ff5ea694ca5 - - 245026527e4e4aa494af50c21c8ce5e1 245026527e4e4aa494af50c21c8ce5e1] 199.19.213.250 "DELETE /allocations/bafc9fdd-81d5-4091-99ba-d3ccd65ec237" status: 204 len: 0 microversion: 1.0 [pid: 7|app: 0|req: 295/592] 199.19.213.250 () {34 vars in 839 bytes} [Tue May 12 17:38:37 2026] DELETE /allocations/bafc9fdd-81d5-4091-99ba-d3ccd65ec237 => generated 0 bytes in 27 msecs (HTTP/1.1 204) 5 headers in 198 bytes (1 switches on core 0)
2026-05-12 17:38:39.136 8 INFO placement.requestlog [req-ba82a31e-c8ff-43da-8e5b-b5c224a99d98 req-b0ab07ae-c512-4cde-b31c-522070684026 805c42e37ba24e009a8c1386e0549c78 b53c7c33903a424ca86f9ff5ea694ca5 - - 245026527e4e4aa494af50c21c8ce5e1 245026527e4e4aa494af50c21c8ce5e1] 199.19.213.250 "GET /allocations/da82032e-a86a-4945-ac5c-57d05743777b" status: 200 len: 257 microversion: 1.28 [pid: 8|app: 0|req: 298/593] 199.19.213.250 () {34 vars in 861 bytes} [Tue May 12 17:38:39 2026] GET /allocations/da82032e-a86a-4945-ac5c-57d05743777b => generated 257 bytes in 14 msecs (HTTP/1.1 200) 8 headers in 296 bytes (1 switches on core 0)
2026-05-12 17:38:40.179 7 INFO placement.requestlog [req-ba82a31e-c8ff-43da-8e5b-b5c224a99d98 req-2e7c4ce5-fbac-42b1-893d-ebeddd3ba922 805c42e37ba24e009a8c1386e0549c78 b53c7c33903a424ca86f9ff5ea694ca5 - - 245026527e4e4aa494af50c21c8ce5e1 245026527e4e4aa494af50c21c8ce5e1] 199.19.213.250 "GET /resource_providers/089954a8-3c32-4a84-85c6-d64c9206fe32/allocations" status: 200 len: 338 microversion: 1.0 [pid: 7|app: 0|req: 296/594] 199.19.213.250 () {32 vars in 855 bytes} [Tue May 12 17:38:40 2026] GET /resource_providers/089954a8-3c32-4a84-85c6-d64c9206fe32/allocations => generated 338 bytes in 18 msecs (HTTP/1.1 200) 6 headers in 224 bytes (1 switches on core 0)
2026-05-12 17:38:40.201 8 INFO placement.requestlog [req-ba82a31e-c8ff-43da-8e5b-b5c224a99d98 req-8b110dcf-0b8a-4bb1-8f19-d84d814a69ac 805c42e37ba24e009a8c1386e0549c78 b53c7c33903a424ca86f9ff5ea694ca5 - - 245026527e4e4aa494af50c21c8ce5e1 245026527e4e4aa494af50c21c8ce5e1] 199.19.213.250 "GET /allocations/218fdb5b-2ea4-4bc9-b3c6-333bb040d7a2" status: 200 len: 243 microversion: 1.28 [pid: 8|app: 0|req: 299/595] 199.19.213.250 () {34 vars in 861 bytes} [Tue May 12 17:38:40 2026] GET /allocations/218fdb5b-2ea4-4bc9-b3c6-333bb040d7a2 => generated 243 bytes in 14 msecs (HTTP/1.1 200) 8 headers in 296 bytes (1 switches on core 0)
2026-05-12 17:38:40.214 7 INFO placement.requestlog [req-ba82a31e-c8ff-43da-8e5b-b5c224a99d98 req-4ad41aa0-2df3-4e1c-93ca-0e82f22dafb5 805c42e37ba24e009a8c1386e0549c78 b53c7c33903a424ca86f9ff5ea694ca5 - - 245026527e4e4aa494af50c21c8ce5e1 245026527e4e4aa494af50c21c8ce5e1] 199.19.213.250 "GET /allocations/63403d5a-fdd4-4842-a087-658a3f6664d0" status: 200 len: 257 microversion: 1.28 [pid: 7|app: 0|req: 297/596] 199.19.213.250 () {34 vars in 861 bytes} [Tue May 12 17:38:40 2026] GET /allocations/63403d5a-fdd4-4842-a087-658a3f6664d0 => generated 257 bytes in 8 msecs (HTTP/1.1 200) 8 headers in 296 bytes (1 switches on core 0)
2026-05-12 17:38:40.234 8 INFO placement.requestlog [req-ba82a31e-c8ff-43da-8e5b-b5c224a99d98 req-16144de1-a071-4b68-ad58-fe3f797c5008 805c42e37ba24e009a8c1386e0549c78 b53c7c33903a424ca86f9ff5ea694ca5 - - 245026527e4e4aa494af50c21c8ce5e1 245026527e4e4aa494af50c21c8ce5e1] 199.19.213.250 "GET /allocations/da82032e-a86a-4945-ac5c-57d05743777b" status: 200 len: 257 microversion: 1.28 [pid: 8|app: 0|req: 300/597] 199.19.213.250 () {34 vars in 861 bytes} [Tue May 12 17:38:40 2026] GET /allocations/da82032e-a86a-4945-ac5c-57d05743777b => generated 257 bytes in 16 msecs (HTTP/1.1 200) 8 headers in 296 bytes (1 switches on core 0)
2026-05-12 17:38:41.283 7 INFO placement.requestlog [req-f882997a-b484-472a-9c91-99e5fa690b5e req-e7c2818c-bef3-4bd2-b994-a8bf27ac1d8b 805c42e37ba24e009a8c1386e0549c78 b53c7c33903a424ca86f9ff5ea694ca5 - - 245026527e4e4aa494af50c21c8ce5e1 245026527e4e4aa494af50c21c8ce5e1] 199.19.213.250 "GET /resource_providers/089954a8-3c32-4a84-85c6-d64c9206fe32/allocations" status: 200 len: 338 microversion: 1.0 [pid: 7|app: 0|req: 298/598] 199.19.213.250 () {32 vars in 855 bytes} [Tue May 12 17:38:41 2026] GET /resource_providers/089954a8-3c32-4a84-85c6-d64c9206fe32/allocations => generated 338 bytes in 17 msecs (HTTP/1.1 200) 6 headers in 224 bytes (1 switches on core 0)
2026-05-12 17:38:41.306 8 INFO placement.requestlog [req-f882997a-b484-472a-9c91-99e5fa690b5e req-7686f1cd-0f42-443a-af10-dcb279303346 805c42e37ba24e009a8c1386e0549c78 b53c7c33903a424ca86f9ff5ea694ca5 - - 245026527e4e4aa494af50c21c8ce5e1 245026527e4e4aa494af50c21c8ce5e1] 199.19.213.250 "GET /allocations/218fdb5b-2ea4-4bc9-b3c6-333bb040d7a2" status: 200 len: 243 microversion: 1.28 [pid: 8|app: 0|req: 301/599] 199.19.213.250 () {34 vars in 861 bytes} [Tue May 12 17:38:41 2026] GET /allocations/218fdb5b-2ea4-4bc9-b3c6-333bb040d7a2 => generated 243 bytes in 15 msecs (HTTP/1.1 200) 8 headers in 296 bytes (1 switches on core 0)
2026-05-12 17:38:41.330 7 INFO placement.requestlog [req-f882997a-b484-472a-9c91-99e5fa690b5e req-b711782f-002f-4bdc-a48d-ecdd9d748a15 805c42e37ba24e009a8c1386e0549c78 b53c7c33903a424ca86f9ff5ea694ca5 - - 245026527e4e4aa494af50c21c8ce5e1 245026527e4e4aa494af50c21c8ce5e1] 199.19.213.250 "GET /allocations/63403d5a-fdd4-4842-a087-658a3f6664d0" status: 200 len: 257 microversion: 1.28 [pid: 7|app: 0|req: 299/600] 199.19.213.250 () {34 vars in 861 bytes} [Tue May 12 17:38:41 2026] GET /allocations/63403d5a-fdd4-4842-a087-658a3f6664d0 => generated 257 bytes in 16 msecs (HTTP/1.1 200) 8 headers in 296 bytes (1 switches on core 0)
2026-05-12 17:38:41.357 8 INFO placement.requestlog [req-f882997a-b484-472a-9c91-99e5fa690b5e req-2b5f025c-79b4-416b-8f6d-69e9e2e9bb8b 805c42e37ba24e009a8c1386e0549c78 b53c7c33903a424ca86f9ff5ea694ca5 - - 245026527e4e4aa494af50c21c8ce5e1 245026527e4e4aa494af50c21c8ce5e1] 199.19.213.250 "GET /allocations/da82032e-a86a-4945-ac5c-57d05743777b" status: 200 len: 257 microversion: 1.28 [pid: 8|app: 0|req: 302/601] 199.19.213.250 () {34 vars in 861 bytes} [Tue May 12 17:38:41 2026] GET /allocations/da82032e-a86a-4945-ac5c-57d05743777b => generated 257 bytes in 18 msecs (HTTP/1.1 200) 8 headers in 296 bytes (1 switches on core 0)
2026-05-12 17:38:42.403 7 INFO placement.requestlog [req-f882997a-b484-472a-9c91-99e5fa690b5e req-510c57a3-aa9e-4828-b776-305dc1b1ce7c 805c42e37ba24e009a8c1386e0549c78 b53c7c33903a424ca86f9ff5ea694ca5 - - 245026527e4e4aa494af50c21c8ce5e1 245026527e4e4aa494af50c21c8ce5e1] 199.19.213.250 "DELETE /allocations/218fdb5b-2ea4-4bc9-b3c6-333bb040d7a2" status: 204 len: 0 microversion: 1.0 [pid: 7|app: 0|req: 300/602] 199.19.213.250 () {34 vars in 839 bytes} [Tue May 12 17:38:42 2026] DELETE /allocations/218fdb5b-2ea4-4bc9-b3c6-333bb040d7a2 => generated 0 bytes in 23 msecs (HTTP/1.1 204) 5 headers in 198 bytes (1 switches on core 0)
2026-05-12 17:38:42.592 8 INFO placement.requestlog [None req-b2c019b2-f83b-4bd3-b6ef-5ab5ff0ff356 a80aff6c40d24322ad9160b386e6296b b53c7c33903a424ca86f9ff5ea694ca5 - - 245026527e4e4aa494af50c21c8ce5e1 245026527e4e4aa494af50c21c8ce5e1] 10.0.0.107 "GET /resource_providers/4a8bc24c-36af-4ab7-bc82-87c128d47324/aggregates" status: 404 len: 235 microversion: 1.1 [pid: 8|app: 0|req: 303/603] 10.0.0.107 () {32 vars in 823 bytes} [Tue May 12 17:38:42 2026] GET /resource_providers/4a8bc24c-36af-4ab7-bc82-87c128d47324/aggregates => generated 235 bytes in 92 msecs (HTTP/1.1 404) 5 headers in 202 bytes (1 switches on core 0)
2026-05-12 17:38:42.606 8 INFO placement.requestlog [None req-7112829a-75ed-4832-b085-2f5ff080225a a80aff6c40d24322ad9160b386e6296b b53c7c33903a424ca86f9ff5ea694ca5 - - 245026527e4e4aa494af50c21c8ce5e1 245026527e4e4aa494af50c21c8ce5e1] 10.0.0.107 "DELETE /resource_providers/4a8bc24c-36af-4ab7-bc82-87c128d47324" status: 404 len: 246 microversion: 1.1 [pid: 8|app: 0|req: 304/604] 10.0.0.107 () {34 vars in 823 bytes} [Tue May 12 17:38:42 2026] DELETE /resource_providers/4a8bc24c-36af-4ab7-bc82-87c128d47324 => generated 246 bytes in 10 msecs (HTTP/1.1 404) 6 headers in 231 bytes (1 switches on core 0)
2026-05-12 17:38:42.613 7 INFO placement.requestlog [None req-78659210-6f13-4e1c-a941-5f306c380afe a80aff6c40d24322ad9160b386e6296b b53c7c33903a424ca86f9ff5ea694ca5 - - 245026527e4e4aa494af50c21c8ce5e1 245026527e4e4aa494af50c21c8ce5e1] 10.0.0.107 "GET /resource_providers/4a8bc24c-36af-4ab7-bc82-87c128d47324/aggregates" status: 404 len: 235 microversion: 1.1 [pid: 7|app: 0|req: 301/605] 10.0.0.107 () {32 vars in 823 bytes} [Tue May 12 17:38:42 2026] GET /resource_providers/4a8bc24c-36af-4ab7-bc82-87c128d47324/aggregates => generated 235 bytes in 99 msecs (HTTP/1.1 404) 5 headers in 202 bytes (1 switches on core 0)
2026-05-12 17:38:42.627 8 INFO placement.requestlog [None req-40b7a4a7-a4a4-44d3-9d3a-97780afbb3d0 a80aff6c40d24322ad9160b386e6296b b53c7c33903a424ca86f9ff5ea694ca5 - - 245026527e4e4aa494af50c21c8ce5e1 245026527e4e4aa494af50c21c8ce5e1] 10.0.0.107 "DELETE /resource_providers/4a8bc24c-36af-4ab7-bc82-87c128d47324" status: 404 len: 246 microversion: 1.1 [pid: 8|app: 0|req: 305/606] 10.0.0.107 () {34 vars in 823 bytes} [Tue May 12 17:38:42 2026] DELETE /resource_providers/4a8bc24c-36af-4ab7-bc82-87c128d47324 => generated 246 bytes in 9 msecs (HTTP/1.1 404) 6 headers in 231 bytes (1 switches on core 0)
2026-05-12 17:38:44.143 7 INFO placement.requestlog [req-b358cf4f-d1e1-47cd-b810-9a477325ba73 req-69a66e58-55d4-418c-9477-ea90d76416b5 805c42e37ba24e009a8c1386e0549c78 b53c7c33903a424ca86f9ff5ea694ca5 - - 245026527e4e4aa494af50c21c8ce5e1 245026527e4e4aa494af50c21c8ce5e1] 199.19.213.250 "GET /resource_providers/089954a8-3c32-4a84-85c6-d64c9206fe32/allocations" status: 200 len: 252 microversion: 1.0 [pid: 7|app: 0|req: 302/607] 199.19.213.250 () {32 vars in 855 bytes} [Tue May 12 17:38:44 2026] GET /resource_providers/089954a8-3c32-4a84-85c6-d64c9206fe32/allocations => generated 252 bytes in 17 msecs (HTTP/1.1 200) 6 headers in 224 bytes (1 switches on core 0)
2026-05-12 17:38:44.165 8 INFO placement.requestlog [req-b358cf4f-d1e1-47cd-b810-9a477325ba73 req-fc959c8b-3604-44d1-ad4f-85c0addb4f31 805c42e37ba24e009a8c1386e0549c78 b53c7c33903a424ca86f9ff5ea694ca5 - - 245026527e4e4aa494af50c21c8ce5e1 245026527e4e4aa494af50c21c8ce5e1] 199.19.213.250 "GET /resource_providers/089954a8-3c32-4a84-85c6-d64c9206fe32/allocations" status: 200 len: 252 microversion: 1.0 [pid: 8|app: 0|req: 306/608] 199.19.213.250 () {32 vars in 855 bytes} [Tue May 12 17:38:44 2026] GET /resource_providers/089954a8-3c32-4a84-85c6-d64c9206fe32/allocations => generated 252 bytes in 14 msecs (HTTP/1.1 200) 6 headers in 224 bytes (1 switches on core 0)
2026-05-12 17:38:44.183 7 INFO placement.requestlog [req-b358cf4f-d1e1-47cd-b810-9a477325ba73 req-9affbb9c-2b60-4ee6-befa-3a21b3664cd6 805c42e37ba24e009a8c1386e0549c78 b53c7c33903a424ca86f9ff5ea694ca5 - - 245026527e4e4aa494af50c21c8ce5e1 245026527e4e4aa494af50c21c8ce5e1] 199.19.213.250 "GET /allocations/63403d5a-fdd4-4842-a087-658a3f6664d0" status: 200 len: 257 microversion: 1.28 [pid: 7|app: 0|req: 303/609] 199.19.213.250 () {34 vars in 861 bytes} [Tue May 12 17:38:44 2026] GET /allocations/63403d5a-fdd4-4842-a087-658a3f6664d0 => generated 257 bytes in 12 msecs (HTTP/1.1 200) 8 headers in 296 bytes (1 switches on core 0)
2026-05-12 17:38:44.207 8 INFO placement.requestlog [req-b358cf4f-d1e1-47cd-b810-9a477325ba73 req-a6423357-7a1a-4784-b55d-b49989d4d2d1 805c42e37ba24e009a8c1386e0549c78 b53c7c33903a424ca86f9ff5ea694ca5 - - 245026527e4e4aa494af50c21c8ce5e1 245026527e4e4aa494af50c21c8ce5e1] 199.19.213.250 "GET /allocations/da82032e-a86a-4945-ac5c-57d05743777b" status: 200 len: 257 microversion: 1.28 [pid: 8|app: 0|req: 307/610] 199.19.213.250 () {34 vars in 861 bytes} [Tue May 12 17:38:44 2026] GET /allocations/da82032e-a86a-4945-ac5c-57d05743777b => generated 257 bytes in 19 msecs (HTTP/1.1 200) 8 headers in 296 bytes (1 switches on core 0)
2026-05-12 17:38:45.837 7 INFO placement.requestlog [None req-7ba2d761-19a1-43fb-b2f6-aed0782e2de7 a80aff6c40d24322ad9160b386e6296b b53c7c33903a424ca86f9ff5ea694ca5 - - 245026527e4e4aa494af50c21c8ce5e1 245026527e4e4aa494af50c21c8ce5e1] 10.0.0.107 "GET /resource_providers/a6bb6e7c-440f-453b-90ff-f56f661c316d/aggregates" status: 404 len: 235 microversion: 1.1 [pid: 7|app: 0|req: 304/611] 10.0.0.107 () {32 vars in 823 bytes} [Tue May 12 17:38:45 2026] GET /resource_providers/a6bb6e7c-440f-453b-90ff-f56f661c316d/aggregates => generated 235 bytes in 10 msecs (HTTP/1.1 404) 5 headers in 202 bytes (1 switches on core 0)
2026-05-12 17:38:45.840 8 INFO placement.requestlog [None req-182d5a70-4c77-4611-bb4c-15cc5d5382dc a80aff6c40d24322ad9160b386e6296b b53c7c33903a424ca86f9ff5ea694ca5 - - 245026527e4e4aa494af50c21c8ce5e1 245026527e4e4aa494af50c21c8ce5e1] 10.0.0.107 "GET /resource_providers/a6bb6e7c-440f-453b-90ff-f56f661c316d/aggregates" status: 404 len: 235 microversion: 1.1 [pid: 8|app: 0|req: 308/612] 10.0.0.107 () {32 vars in 823 bytes} [Tue May 12 17:38:45 2026] GET /resource_providers/a6bb6e7c-440f-453b-90ff-f56f661c316d/aggregates => generated 235 bytes in 11 msecs (HTTP/1.1 404) 5 headers in 202 bytes (1 switches on core 0)
2026-05-12 17:38:45.847 7 INFO placement.requestlog [None req-a0b56f34-85a9-4396-bdac-cfa4e984b620 a80aff6c40d24322ad9160b386e6296b b53c7c33903a424ca86f9ff5ea694ca5 - - 245026527e4e4aa494af50c21c8ce5e1 245026527e4e4aa494af50c21c8ce5e1] 10.0.0.107 "DELETE /resource_providers/a6bb6e7c-440f-453b-90ff-f56f661c316d" status: 404 len: 246 microversion: 1.1 [pid: 7|app: 0|req: 305/613] 10.0.0.107 () {34 vars in 823 bytes} [Tue May 12 17:38:45 2026] DELETE /resource_providers/a6bb6e7c-440f-453b-90ff-f56f661c316d => generated 246 bytes in 5 msecs (HTTP/1.1 404) 6 headers in 231 bytes (1 switches on core 0)
2026-05-12 17:38:45.853 8 INFO placement.requestlog [None req-ba6cdb26-c979-4e0d-bfd1-6db34d56e267 a80aff6c40d24322ad9160b386e6296b b53c7c33903a424ca86f9ff5ea694ca5 - - 245026527e4e4aa494af50c21c8ce5e1 245026527e4e4aa494af50c21c8ce5e1] 10.0.0.107 "DELETE /resource_providers/a6bb6e7c-440f-453b-90ff-f56f661c316d" status: 404 len: 246 microversion: 1.1 [pid: 8|app: 0|req: 309/614] 10.0.0.107 () {34 vars in 823 bytes} [Tue May 12 17:38:45 2026] DELETE /resource_providers/a6bb6e7c-440f-453b-90ff-f56f661c316d => generated 246 bytes in 7 msecs (HTTP/1.1 404) 6 headers in 231 bytes (1 switches on core 0)
2026-05-12 17:38:46.109 7 INFO placement.requestlog [None req-10236b12-8ac1-4488-a8c2-ae51332b9724 - - - - - -] 10.0.0.145 "GET /" status: 200 len: 136 microversion: 1.0
2026-05-12 17:38:46.109 8 INFO placement.requestlog [None req-73566196-703d-49ac-b5de-21a1a8c2e92d - - - - - -] 10.0.0.145 "GET /" status: 200 len: 136 microversion: 1.0
2026-05-12 17:38:54.017 7 INFO placement.requestlog [req-f76aaef2-6f20-4e7f-817a-289cda6af638 req-a9e102a2-5bbb-4d3c-a7a3-4c32ef45cfae 805c42e37ba24e009a8c1386e0549c78 b53c7c33903a424ca86f9ff5ea694ca5 - - 245026527e4e4aa494af50c21c8ce5e1 245026527e4e4aa494af50c21c8ce5e1] 199.19.213.250 "GET /resource_providers/089954a8-3c32-4a84-85c6-d64c9206fe32/allocations" status: 200 len: 252 microversion: 1.0 [pid: 7|app: 0|req: 307/617] 199.19.213.250 () {32 vars in 855 bytes} [Tue May 12 17:38:53 2026] GET /resource_providers/089954a8-3c32-4a84-85c6-d64c9206fe32/allocations => generated 252 bytes in 17 msecs (HTTP/1.1 200) 6 headers in 224 bytes (1 switches on core 0)
2026-05-12 17:38:54.039 8 INFO placement.requestlog [req-f76aaef2-6f20-4e7f-817a-289cda6af638 req-d6bdec44-d120-42de-a8b5-e5fc3ba06b60 805c42e37ba24e009a8c1386e0549c78 b53c7c33903a424ca86f9ff5ea694ca5 - - 245026527e4e4aa494af50c21c8ce5e1 245026527e4e4aa494af50c21c8ce5e1] 199.19.213.250 "GET /allocations/63403d5a-fdd4-4842-a087-658a3f6664d0" status: 200 len: 257 microversion: 1.28 [pid: 8|app: 0|req: 311/618] 199.19.213.250 () {34 vars in 861 bytes} [Tue May 12 17:38:54 2026] GET /allocations/63403d5a-fdd4-4842-a087-658a3f6664d0 => generated 257 bytes in 15 msecs (HTTP/1.1 200) 8 headers in 296 bytes (1 switches on core 0)
2026-05-12 17:38:54.060 7 INFO placement.requestlog [req-f76aaef2-6f20-4e7f-817a-289cda6af638 req-bd6cf9a9-5221-4fd4-83e6-bc388ca654f5 805c42e37ba24e009a8c1386e0549c78 b53c7c33903a424ca86f9ff5ea694ca5 - - 245026527e4e4aa494af50c21c8ce5e1 245026527e4e4aa494af50c21c8ce5e1] 199.19.213.250 "GET /allocations/da82032e-a86a-4945-ac5c-57d05743777b" status: 200 len: 257 microversion: 1.28 [pid: 7|app: 0|req: 308/619] 199.19.213.250 () {34 vars in 861 bytes} [Tue May 12 17:38:54 2026] GET /allocations/da82032e-a86a-4945-ac5c-57d05743777b => generated 257 bytes in 14 msecs (HTTP/1.1 200) 8 headers in 296 bytes (1 switches on core 0)
2026-05-12 17:38:55.106 8 INFO placement.requestlog [req-f76aaef2-6f20-4e7f-817a-289cda6af638 req-957d5552-8cfc-4a2f-8e6d-2a787a9c7915 805c42e37ba24e009a8c1386e0549c78 b53c7c33903a424ca86f9ff5ea694ca5 - - 245026527e4e4aa494af50c21c8ce5e1 245026527e4e4aa494af50c21c8ce5e1] 199.19.213.250 "DELETE /allocations/da82032e-a86a-4945-ac5c-57d05743777b" status: 204 len: 0 microversion: 1.0 [pid: 8|app: 0|req: 312/620] 199.19.213.250 () {34 vars in 839 bytes} [Tue May 12 17:38:55 2026] DELETE /allocations/da82032e-a86a-4945-ac5c-57d05743777b => generated 0 bytes in 22 msecs (HTTP/1.1 204) 5 headers in 198 bytes (1 switches on core 0)
2026-05-12 17:38:55.767 7 INFO placement.requestlog [req-9b1780f7-b446-4678-a467-75df149580ed req-525d9dd5-2bc1-4f31-b1ae-e16a42f5c9eb 805c42e37ba24e009a8c1386e0549c78 b53c7c33903a424ca86f9ff5ea694ca5 - - 245026527e4e4aa494af50c21c8ce5e1 245026527e4e4aa494af50c21c8ce5e1] 199.19.213.250 "GET /resource_providers/089954a8-3c32-4a84-85c6-d64c9206fe32/allocations" status: 200 len: 152 microversion: 1.0 [pid: 7|app: 0|req: 309/621] 199.19.213.250 () {32 vars in 855 bytes} [Tue May 12 17:38:55 2026] GET /resource_providers/089954a8-3c32-4a84-85c6-d64c9206fe32/allocations => generated 152 bytes in 13 msecs (HTTP/1.1 200) 6 headers in 224 bytes (1 switches on core 0)
2026-05-12 17:38:55.787 8 INFO placement.requestlog [req-9b1780f7-b446-4678-a467-75df149580ed req-9239d06e-5231-41b3-8c63-4de763cdb612 805c42e37ba24e009a8c1386e0549c78 b53c7c33903a424ca86f9ff5ea694ca5 - - 245026527e4e4aa494af50c21c8ce5e1 245026527e4e4aa494af50c21c8ce5e1] 199.19.213.250 "GET /allocations/63403d5a-fdd4-4842-a087-658a3f6664d0" status: 200 len: 257 microversion: 1.28 [pid: 8|app: 0|req: 313/622] 199.19.213.250 () {34 vars in 861 bytes} [Tue May 12 17:38:55 2026] GET /allocations/63403d5a-fdd4-4842-a087-658a3f6664d0 => generated 257 bytes in 13 msecs (HTTP/1.1 200) 8 headers in 296 bytes (1 switches on core 0)
2026-05-12 17:38:56.109 8 INFO placement.requestlog [None req-eac39cb8-9499-46cc-8a4b-ca11450d0c61 - - - - - -] 10.0.0.145 "GET /" status: 200 len: 136 microversion: 1.0
2026-05-12 17:38:56.109 7 INFO placement.requestlog [None req-81cee8de-fdef-4b01-b382-a1d5fd1ee343 - - - - - -] 10.0.0.145 "GET /" status: 200 len: 136 microversion: 1.0
2026-05-12 17:38:56.841 8 INFO placement.requestlog [req-9b1780f7-b446-4678-a467-75df149580ed req-5cc611ee-5a5d-42b3-8f5d-f0b92a232803 805c42e37ba24e009a8c1386e0549c78 b53c7c33903a424ca86f9ff5ea694ca5 - - 245026527e4e4aa494af50c21c8ce5e1 245026527e4e4aa494af50c21c8ce5e1] 199.19.213.250 "DELETE /allocations/63403d5a-fdd4-4842-a087-658a3f6664d0" status: 204 len: 0 microversion: 1.0 [pid: 8|app: 0|req: 315/625] 199.19.213.250 () {34 vars in 839 bytes} [Tue May 12 17:38:56 2026] DELETE /allocations/63403d5a-fdd4-4842-a087-658a3f6664d0 => generated 0 bytes in 25 msecs (HTTP/1.1 204) 5 headers in 198 bytes (1 switches on core 0)
2026-05-12 17:38:58.643 8 INFO placement.requestlog [None req-37292c72-56a6-4721-af36-5ddd1c507269 a80aff6c40d24322ad9160b386e6296b b53c7c33903a424ca86f9ff5ea694ca5 - - 245026527e4e4aa494af50c21c8ce5e1 245026527e4e4aa494af50c21c8ce5e1] 10.0.0.107 "GET /resource_providers/1a042548-de6a-4705-97ef-f07b07987b76/aggregates" status: 404 len: 235 microversion: 1.1 [pid: 8|app: 0|req: 316/626] 10.0.0.107 () {32 vars in 823 bytes} [Tue May 12 17:38:58 2026] GET /resource_providers/1a042548-de6a-4705-97ef-f07b07987b76/aggregates => generated 235 bytes in 19 msecs (HTTP/1.1 404) 5 headers in 202 bytes (1 switches on core 0)
2026-05-12 17:38:58.649 7 INFO placement.requestlog [None req-c4edb8d0-dd22-4f00-a086-ba05d145aac5 a80aff6c40d24322ad9160b386e6296b b53c7c33903a424ca86f9ff5ea694ca5 - - 245026527e4e4aa494af50c21c8ce5e1 245026527e4e4aa494af50c21c8ce5e1] 10.0.0.107 "GET /resource_providers/1a042548-de6a-4705-97ef-f07b07987b76/aggregates" status: 404 len: 235 microversion: 1.1 [pid: 7|app: 0|req: 311/627] 10.0.0.107 () {32 vars in 823 bytes} [Tue May 12 17:38:58 2026] GET /resource_providers/1a042548-de6a-4705-97ef-f07b07987b76/aggregates => generated 235 bytes in 25 msecs (HTTP/1.1 404) 5 headers in 202 bytes (1 switches on core 0)
2026-05-12 17:38:58.659 8 INFO placement.requestlog [None req-bde9d21c-bfcc-45f2-aacc-9b0209522e22 a80aff6c40d24322ad9160b386e6296b b53c7c33903a424ca86f9ff5ea694ca5 - - 245026527e4e4aa494af50c21c8ce5e1 245026527e4e4aa494af50c21c8ce5e1] 10.0.0.107 "DELETE /resource_providers/1a042548-de6a-4705-97ef-f07b07987b76" status: 404 len: 246 microversion: 1.1 [pid: 8|app: 0|req: 317/628] 10.0.0.107 () {34 vars in 823 bytes} [Tue May 12 17:38:58 2026] DELETE /resource_providers/1a042548-de6a-4705-97ef-f07b07987b76 => generated 246 bytes in 10 msecs (HTTP/1.1 404) 6 headers in 231 bytes (1 switches on core 0)
2026-05-12 17:38:58.661 7 INFO placement.requestlog [None req-96d8b107-c6db-46f5-9b48-96673ccba62e a80aff6c40d24322ad9160b386e6296b b53c7c33903a424ca86f9ff5ea694ca5 - - 245026527e4e4aa494af50c21c8ce5e1 245026527e4e4aa494af50c21c8ce5e1] 10.0.0.107 "DELETE /resource_providers/1a042548-de6a-4705-97ef-f07b07987b76" status: 404 len: 246 microversion: 1.1 [pid: 7|app: 0|req: 312/629] 10.0.0.107 () {34 vars in 823 bytes} [Tue May 12 17:38:58 2026] DELETE /resource_providers/1a042548-de6a-4705-97ef-f07b07987b76 => generated 246 bytes in 8 msecs (HTTP/1.1 404) 6 headers in 231 bytes (1 switches on core 0)
2026-05-12 17:39:00.132 7 INFO placement.requestlog [None req-bf8b38e5-bb95-4e0e-9eaa-a7ea925c354a a80aff6c40d24322ad9160b386e6296b b53c7c33903a424ca86f9ff5ea694ca5 - - 245026527e4e4aa494af50c21c8ce5e1 245026527e4e4aa494af50c21c8ce5e1] 10.0.0.107 "GET /resource_providers/afcf0306-c77b-4844-96bc-b11e27e47946/aggregates" status: 404 len: 235 microversion: 1.1 [pid: 7|app: 0|req: 313/630] 10.0.0.107 () {32 vars in 823 bytes} [Tue May 12 17:39:00 2026] GET /resource_providers/afcf0306-c77b-4844-96bc-b11e27e47946/aggregates => generated 235 bytes in 11 msecs (HTTP/1.1 404) 5 headers in 202 bytes (1 switches on core 0)
2026-05-12 17:39:00.145 7 INFO placement.requestlog [None req-1ed7e5b9-9974-4ba8-b01a-f7241c3c3603 a80aff6c40d24322ad9160b386e6296b b53c7c33903a424ca86f9ff5ea694ca5 - - 245026527e4e4aa494af50c21c8ce5e1 245026527e4e4aa494af50c21c8ce5e1] 10.0.0.107 "DELETE /resource_providers/afcf0306-c77b-4844-96bc-b11e27e47946" status: 404 len: 246 microversion: 1.1 [pid: 7|app: 0|req: 314/631] 10.0.0.107 () {34 vars in 823 bytes} [Tue May 12 17:39:00 2026] DELETE /resource_providers/afcf0306-c77b-4844-96bc-b11e27e47946 => generated 246 bytes in 8 msecs (HTTP/1.1 404) 6 headers in 231 bytes (1 switches on core 0)
2026-05-12 17:39:00.148 8 INFO placement.requestlog [None req-f0caae40-1dba-45ca-96e7-83521c2f05fe a80aff6c40d24322ad9160b386e6296b b53c7c33903a424ca86f9ff5ea694ca5 - - 245026527e4e4aa494af50c21c8ce5e1 245026527e4e4aa494af50c21c8ce5e1] 10.0.0.107 "GET /resource_providers/afcf0306-c77b-4844-96bc-b11e27e47946/aggregates" status: 404 len: 235 microversion: 1.1 [pid: 8|app: 0|req: 318/632] 10.0.0.107 () {32 vars in 823 bytes} [Tue May 12 17:39:00 2026] GET /resource_providers/afcf0306-c77b-4844-96bc-b11e27e47946/aggregates => generated 235 bytes in 26 msecs (HTTP/1.1 404) 5 headers in 202 bytes (1 switches on core 0)
2026-05-12 17:39:00.160 7 INFO placement.requestlog [None req-9069b005-2e92-40e3-9498-bbe7cc402715 a80aff6c40d24322ad9160b386e6296b b53c7c33903a424ca86f9ff5ea694ca5 - - 245026527e4e4aa494af50c21c8ce5e1 245026527e4e4aa494af50c21c8ce5e1] 10.0.0.107 "DELETE /resource_providers/afcf0306-c77b-4844-96bc-b11e27e47946" status: 404 len: 246 microversion: 1.1 [pid: 7|app: 0|req: 315/633] 10.0.0.107 () {34 vars in 823 bytes} [Tue May 12 17:39:00 2026] DELETE /resource_providers/afcf0306-c77b-4844-96bc-b11e27e47946 => generated 246 bytes in 8 msecs (HTTP/1.1 404) 6 headers in 231 bytes (1 switches on core 0)
2026-05-12 17:39:05.250 7 INFO placement.requestlog [None req-7a76c05b-4420-45ce-8639-1689bc5c0a61 a80aff6c40d24322ad9160b386e6296b b53c7c33903a424ca86f9ff5ea694ca5 - - 245026527e4e4aa494af50c21c8ce5e1 245026527e4e4aa494af50c21c8ce5e1] 10.0.0.107 "GET /resource_providers/d5ddb428-3b1d-499f-87a4-5f5edabaa1c9/aggregates" status: 404 len: 235 microversion: 1.1 [pid: 7|app: 0|req: 316/634] 10.0.0.107 () {32 vars in 823 bytes} [Tue May 12 17:39:05 2026] GET /resource_providers/d5ddb428-3b1d-499f-87a4-5f5edabaa1c9/aggregates => generated 235 bytes in 10 msecs (HTTP/1.1 404) 5 headers in 202 bytes (1 switches on core 0)
2026-05-12 17:39:05.259 8 INFO placement.requestlog [None req-46533197-f04e-40d7-822a-d869cec5884d a80aff6c40d24322ad9160b386e6296b b53c7c33903a424ca86f9ff5ea694ca5 - - 245026527e4e4aa494af50c21c8ce5e1 245026527e4e4aa494af50c21c8ce5e1] 10.0.0.107 "GET /resource_providers/d5ddb428-3b1d-499f-87a4-5f5edabaa1c9/aggregates" status: 404 len: 235 microversion: 1.1 [pid: 8|app: 0|req: 319/635] 10.0.0.107 () {32 vars in 823 bytes} [Tue May 12 17:39:05 2026] GET /resource_providers/d5ddb428-3b1d-499f-87a4-5f5edabaa1c9/aggregates => generated 235 bytes in 20 msecs (HTTP/1.1 404) 5 headers in 202 bytes (1 switches on core 0)
2026-05-12 17:39:05.271 7 INFO placement.requestlog [None req-cc0fb49e-964b-4b93-b145-5e6d23f1bd5d a80aff6c40d24322ad9160b386e6296b b53c7c33903a424ca86f9ff5ea694ca5 - - 245026527e4e4aa494af50c21c8ce5e1 245026527e4e4aa494af50c21c8ce5e1] 10.0.0.107 "DELETE /resource_providers/d5ddb428-3b1d-499f-87a4-5f5edabaa1c9" status: 404 len: 246 microversion: 1.1 [pid: 7|app: 0|req: 317/636] 10.0.0.107 () {34 vars in 823 bytes} [Tue May 12 17:39:05 2026] DELETE /resource_providers/d5ddb428-3b1d-499f-87a4-5f5edabaa1c9 => generated 246 bytes in 17 msecs (HTTP/1.1 404) 6 headers in 231 bytes (1 switches on core 0)
2026-05-12 17:39:05.274 8 INFO placement.requestlog [None req-e24ae131-c180-4db7-9100-78ef953f3030 a80aff6c40d24322ad9160b386e6296b b53c7c33903a424ca86f9ff5ea694ca5 - - 245026527e4e4aa494af50c21c8ce5e1 245026527e4e4aa494af50c21c8ce5e1] 10.0.0.107 "DELETE /resource_providers/d5ddb428-3b1d-499f-87a4-5f5edabaa1c9" status: 404 len: 246 microversion: 1.1 [pid: 8|app: 0|req: 320/637] 10.0.0.107 () {34 vars in 823 bytes} [Tue May 12 17:39:05 2026] DELETE /resource_providers/d5ddb428-3b1d-499f-87a4-5f5edabaa1c9 => generated 246 bytes in 9 msecs (HTTP/1.1 404) 6 headers in 231 bytes (1 switches on core 0)
2026-05-12 17:39:06.109 7 INFO placement.requestlog [None req-2f1e588a-490c-4a8c-9591-3bdab0157a57 - - - - - -] 10.0.0.145 "GET /" status: 200 len: 136 microversion: 1.0
2026-05-12 17:39:06.109 8 INFO placement.requestlog [None req-a499fea2-9edf-4ded-a742-ae83383e98c0 - - - - - -] 10.0.0.145 "GET /" status: 200 len: 136 microversion: 1.0
2026-05-12 17:39:07.323 8 INFO placement.requestlog [None req-a017d6ac-8ca8-4073-893b-1e25d66a0f16 a80aff6c40d24322ad9160b386e6296b b53c7c33903a424ca86f9ff5ea694ca5 - - 245026527e4e4aa494af50c21c8ce5e1 245026527e4e4aa494af50c21c8ce5e1] 10.0.0.107 "GET /resource_providers/014a7c19-21ad-4f7c-a014-5be075b663e6/aggregates" status: 404 len: 235 microversion: 1.1 [pid: 8|app: 0|req: 322/640] 10.0.0.107 () {32 vars in 823 bytes} [Tue May 12 17:39:07 2026] GET /resource_providers/014a7c19-21ad-4f7c-a014-5be075b663e6/aggregates => generated 235 bytes in 8 msecs (HTTP/1.1 404) 5 headers in 202 bytes (1 switches on core 0)
2026-05-12 17:39:07.326 7 INFO placement.requestlog [None req-88736c65-30c3-4617-bc53-c05c48d6d49c a80aff6c40d24322ad9160b386e6296b b53c7c33903a424ca86f9ff5ea694ca5 - - 245026527e4e4aa494af50c21c8ce5e1 245026527e4e4aa494af50c21c8ce5e1] 10.0.0.107 "GET /resource_providers/014a7c19-21ad-4f7c-a014-5be075b663e6/aggregates" status: 404 len: 235 microversion: 1.1 [pid: 7|app: 0|req: 319/641] 10.0.0.107 () {32 vars in 823 bytes} [Tue May 12 17:39:07 2026] GET /resource_providers/014a7c19-21ad-4f7c-a014-5be075b663e6/aggregates => generated 235 bytes in 11 msecs (HTTP/1.1 404) 5 headers in 202 bytes (1 switches on core 0)
2026-05-12 17:39:07.336 7 INFO placement.requestlog [None req-e3ff4886-3211-4977-baca-40483a36e8ae a80aff6c40d24322ad9160b386e6296b b53c7c33903a424ca86f9ff5ea694ca5 - - 245026527e4e4aa494af50c21c8ce5e1 245026527e4e4aa494af50c21c8ce5e1] 10.0.0.107 "DELETE /resource_providers/014a7c19-21ad-4f7c-a014-5be075b663e6" status: 404 len: 246 microversion: 1.1 [pid: 7|app: 0|req: 320/642] 10.0.0.107 () {34 vars in 823 bytes} [Tue May 12 17:39:07 2026] DELETE /resource_providers/014a7c19-21ad-4f7c-a014-5be075b663e6 => generated 246 bytes in 6 msecs (HTTP/1.1 404) 6 headers in 231 bytes (1 switches on core 0)
2026-05-12 17:39:07.336 8 INFO placement.requestlog [None req-5645a7d7-29e6-4c33-b244-a35559cb9c76 a80aff6c40d24322ad9160b386e6296b b53c7c33903a424ca86f9ff5ea694ca5 - - 245026527e4e4aa494af50c21c8ce5e1 245026527e4e4aa494af50c21c8ce5e1] 10.0.0.107 "DELETE /resource_providers/014a7c19-21ad-4f7c-a014-5be075b663e6" status: 404 len: 246 microversion: 1.1 [pid: 8|app: 0|req: 323/643] 10.0.0.107 () {34 vars in 823 bytes} [Tue May 12 17:39:07 2026] DELETE /resource_providers/014a7c19-21ad-4f7c-a014-5be075b663e6 => generated 246 bytes in 7 msecs (HTTP/1.1 404) 6 headers in 231 bytes (1 switches on core 0)
2026-05-12 17:39:10.828 7 INFO placement.requestlog [req-943c1189-7592-4ae4-855a-1ee6e3ad5a2e req-f1aa6157-ad19-4e6b-8be6-94bb0490d170 805c42e37ba24e009a8c1386e0549c78 b53c7c33903a424ca86f9ff5ea694ca5 - - 245026527e4e4aa494af50c21c8ce5e1 245026527e4e4aa494af50c21c8ce5e1] 10.0.0.253 "GET /allocation_candidates?limit=1000&resources=DISK_GB%3A1%2CMEMORY_MB%3A512%2CVCPU%3A1&root_required=%21COMPUTE_STATUS_DISABLED" status: 200 len: 2384 microversion: 1.36 [pid: 7|app: 0|req: 321/644] 10.0.0.253 () {34 vars in 1010 bytes} [Tue May 12 17:39:10 2026] GET /allocation_candidates?limit=1000&resources=DISK_GB%3A1%2CMEMORY_MB%3A512%2CVCPU%3A1&root_required=%21COMPUTE_STATUS_DISABLED => generated 2384 bytes in 54 msecs (HTTP/1.1 200) 8 headers in 297 bytes (1 switches on core 0)
2026-05-12 17:39:10.854 7 INFO placement.requestlog [None req-68b6617f-abdd-45ae-971e-fae969a83df6 a80aff6c40d24322ad9160b386e6296b b53c7c33903a424ca86f9ff5ea694ca5 - - 245026527e4e4aa494af50c21c8ce5e1 245026527e4e4aa494af50c21c8ce5e1] 10.0.0.107 "GET /resource_providers/cf17b7ac-78c4-44ce-9651-8aef957551fd/aggregates" status: 404 len: 235 microversion: 1.1 [pid: 7|app: 0|req: 322/645] 10.0.0.107 () {32 vars in 823 bytes} [Tue May 12 17:39:10 2026] GET /resource_providers/cf17b7ac-78c4-44ce-9651-8aef957551fd/aggregates => generated 235 bytes in 8 msecs (HTTP/1.1 404) 5 headers in 202 bytes (1 switches on core 0)
2026-05-12 17:39:10.856 8 INFO placement.requestlog [req-943c1189-7592-4ae4-855a-1ee6e3ad5a2e req-75af5d42-5d1e-402e-a7bc-fb514fc8ae4a 805c42e37ba24e009a8c1386e0549c78 b53c7c33903a424ca86f9ff5ea694ca5 - - 245026527e4e4aa494af50c21c8ce5e1 245026527e4e4aa494af50c21c8ce5e1] 10.0.0.253 "GET /allocations/5cf3f226-6135-49ea-8bab-b562d2a0c1af" status: 200 len: 19 microversion: 1.28 [pid: 8|app: 0|req: 324/646] 10.0.0.253 () {34 vars in 859 bytes} [Tue May 12 17:39:10 2026] GET /allocations/5cf3f226-6135-49ea-8bab-b562d2a0c1af => generated 19 bytes in 10 msecs (HTTP/1.1 200) 8 headers in 295 bytes (1 switches on core 0)
2026-05-12 17:39:10.861 7 INFO placement.requestlog [None req-b29e1351-a046-4370-b8bf-a644913b1acd a80aff6c40d24322ad9160b386e6296b b53c7c33903a424ca86f9ff5ea694ca5 - - 245026527e4e4aa494af50c21c8ce5e1 245026527e4e4aa494af50c21c8ce5e1] 10.0.0.107 "GET /resource_providers/cf17b7ac-78c4-44ce-9651-8aef957551fd/aggregates" status: 404 len: 235 microversion: 1.1 [pid: 7|app: 0|req: 323/647] 10.0.0.107 () {32 vars in 823 bytes} [Tue May 12 17:39:10 2026] GET /resource_providers/cf17b7ac-78c4-44ce-9651-8aef957551fd/aggregates => generated 235 bytes in 6 msecs (HTTP/1.1 404) 5 headers in 202 bytes (1 switches on core 0)
2026-05-12 17:39:10.865 8 INFO placement.requestlog [None req-4f9bb18b-ba00-4abc-a200-d93737f21032 a80aff6c40d24322ad9160b386e6296b b53c7c33903a424ca86f9ff5ea694ca5 - - 245026527e4e4aa494af50c21c8ce5e1 245026527e4e4aa494af50c21c8ce5e1] 10.0.0.107 "DELETE /resource_providers/cf17b7ac-78c4-44ce-9651-8aef957551fd" status: 404 len: 246 microversion: 1.1 [pid: 8|app: 0|req: 325/648] 10.0.0.107 () {34 vars in 823 bytes} [Tue May 12 17:39:10 2026] DELETE /resource_providers/cf17b7ac-78c4-44ce-9651-8aef957551fd => generated 246 bytes in 5 msecs (HTTP/1.1 404) 6 headers in 231 bytes (1 switches on core 0)
2026-05-12 17:39:10.875 8 INFO placement.requestlog [None req-b0f44127-852c-4dd2-8384-482b5657fd0d a80aff6c40d24322ad9160b386e6296b b53c7c33903a424ca86f9ff5ea694ca5 - - 245026527e4e4aa494af50c21c8ce5e1 245026527e4e4aa494af50c21c8ce5e1] 10.0.0.107 "DELETE /resource_providers/cf17b7ac-78c4-44ce-9651-8aef957551fd" status: 404 len: 246 microversion: 1.1 [pid: 8|app: 0|req: 326/649] 10.0.0.107 () {34 vars in 823 bytes} [Tue May 12 17:39:10 2026] DELETE /resource_providers/cf17b7ac-78c4-44ce-9651-8aef957551fd => generated 246 bytes in 10 msecs (HTTP/1.1 404) 6 headers in 231 bytes (1 switches on core 0)
2026-05-12 17:39:10.919 7 INFO placement.requestlog [req-943c1189-7592-4ae4-855a-1ee6e3ad5a2e req-9063dd7c-be73-45ff-8b73-ede150f82502 805c42e37ba24e009a8c1386e0549c78 b53c7c33903a424ca86f9ff5ea694ca5 - - 245026527e4e4aa494af50c21c8ce5e1 245026527e4e4aa494af50c21c8ce5e1] 10.0.0.253 "PUT /allocations/5cf3f226-6135-49ea-8bab-b562d2a0c1af" status: 204 len: 0 microversion: 1.36 [pid: 7|app: 0|req: 324/650] 10.0.0.253 () {38 vars in 912 bytes} [Tue May 12 17:39:10 2026] PUT /allocations/5cf3f226-6135-49ea-8bab-b562d2a0c1af => generated 0 bytes in 56 msecs (HTTP/1.1 204) 5 headers in 199 bytes (1 switches on core 0)
