2026-05-12 17:42:22.428 7 INFO placement.requestlog [req-53f03b24-f958-4b87-9f8c-3e39f1d30869 req-99f00aca-9b0e-485f-a101-6b09daab00e5 805c42e37ba24e009a8c1386e0549c78 b53c7c33903a424ca86f9ff5ea694ca5 - - 245026527e4e4aa494af50c21c8ce5e1 245026527e4e4aa494af50c21c8ce5e1] 199.19.213.250 "GET /allocations/ed3a98d9-6ca5-4853-a3a1-98af25ddc34f" status: 200 len: 258 microversion: 1.28 [pid: 7|app: 0|req: 498/999] 199.19.213.250 () {34 vars in 861 bytes} [Tue May 12 17:42:22 2026] GET /allocations/ed3a98d9-6ca5-4853-a3a1-98af25ddc34f => generated 258 bytes in 17 msecs (HTTP/1.1 200) 8 headers in 296 bytes (1 switches on core 0)
2026-05-12 17:42:22.451 8 INFO placement.requestlog [req-53f03b24-f958-4b87-9f8c-3e39f1d30869 req-39ea1e8f-d7ff-4398-8ff3-41d810a142c8 805c42e37ba24e009a8c1386e0549c78 b53c7c33903a424ca86f9ff5ea694ca5 - - 245026527e4e4aa494af50c21c8ce5e1 245026527e4e4aa494af50c21c8ce5e1] 199.19.213.250 "GET /allocations/94bd289b-4212-40c5-8352-28cf425142f3" status: 200 len: 245 microversion: 1.28 [pid: 8|app: 0|req: 502/1000] 199.19.213.250 () {34 vars in 861 bytes} [Tue May 12 17:42:22 2026] GET /allocations/94bd289b-4212-40c5-8352-28cf425142f3 => generated 245 bytes in 14 msecs (HTTP/1.1 200) 8 headers in 296 bytes (1 switches on core 0)
2026-05-12 17:42:22.470 7 INFO placement.requestlog [req-53f03b24-f958-4b87-9f8c-3e39f1d30869 req-17b77dc5-43d0-4886-a3ea-f2e499511a61 805c42e37ba24e009a8c1386e0549c78 b53c7c33903a424ca86f9ff5ea694ca5 - - 245026527e4e4aa494af50c21c8ce5e1 245026527e4e4aa494af50c21c8ce5e1] 199.19.213.250 "GET /allocations/8a5fb0b8-2406-4081-8433-b333ae4b9c08" status: 200 len: 258 microversion: 1.28 [pid: 7|app: 0|req: 499/1001] 199.19.213.250 () {34 vars in 861 bytes} [Tue May 12 17:42:22 2026] GET /allocations/8a5fb0b8-2406-4081-8433-b333ae4b9c08 => generated 258 bytes in 12 msecs (HTTP/1.1 200) 8 headers in 296 bytes (1 switches on core 0)
2026-05-12 17:42:23.527 8 INFO placement.requestlog [req-53f03b24-f958-4b87-9f8c-3e39f1d30869 req-f35ab7fe-ed9d-4c51-bbf6-de0d47d764d8 805c42e37ba24e009a8c1386e0549c78 b53c7c33903a424ca86f9ff5ea694ca5 - - 245026527e4e4aa494af50c21c8ce5e1 245026527e4e4aa494af50c21c8ce5e1] 199.19.213.250 "DELETE /allocations/8a5fb0b8-2406-4081-8433-b333ae4b9c08" status: 204 len: 0 microversion: 1.0 [pid: 8|app: 0|req: 503/1002] 199.19.213.250 () {34 vars in 839 bytes} [Tue May 12 17:42:23 2026] DELETE /allocations/8a5fb0b8-2406-4081-8433-b333ae4b9c08 => generated 0 bytes in 34 msecs (HTTP/1.1 204) 5 headers in 198 bytes (1 switches on core 0)
2026-05-12 17:42:26.109 8 INFO placement.requestlog [None req-3d3f8561-da3b-4aab-96fa-fdd0c75ada34 - - - - - -] 10.0.0.145 "GET /" status: 200 len: 136 microversion: 1.0
2026-05-12 17:42:26.111 7 INFO placement.requestlog [None req-029ceeb1-5e80-472b-bbcc-d9a30896d127 - - - - - -] 10.0.0.145 "GET /" status: 200 len: 136 microversion: 1.0
2026-05-12 17:42:26.712 8 INFO placement.requestlog [None req-d2714860-837c-418c-8ff8-97105e3c1622 a80aff6c40d24322ad9160b386e6296b b53c7c33903a424ca86f9ff5ea694ca5 - - 245026527e4e4aa494af50c21c8ce5e1 245026527e4e4aa494af50c21c8ce5e1] 10.0.0.107 "GET /resource_providers/22534ea2-5d55-4f06-8a07-f4c34cce4536/aggregates" status: 404 len: 235 microversion: 1.1 [pid: 8|app: 0|req: 505/1005] 10.0.0.107 () {32 vars in 823 bytes} [Tue May 12 17:42:26 2026] GET /resource_providers/22534ea2-5d55-4f06-8a07-f4c34cce4536/aggregates => generated 235 bytes in 12 msecs (HTTP/1.1 404) 5 headers in 202 bytes (1 switches on core 0)
2026-05-12 17:42:26.717 7 INFO placement.requestlog [None req-07ca1f4a-8942-4dc6-9045-da36e5989ec3 a80aff6c40d24322ad9160b386e6296b b53c7c33903a424ca86f9ff5ea694ca5 - - 245026527e4e4aa494af50c21c8ce5e1 245026527e4e4aa494af50c21c8ce5e1] 10.0.0.107 "GET /resource_providers/22534ea2-5d55-4f06-8a07-f4c34cce4536/aggregates" status: 404 len: 235 microversion: 1.1 [pid: 7|app: 0|req: 501/1006] 10.0.0.107 () {32 vars in 823 bytes} [Tue May 12 17:42:26 2026] GET /resource_providers/22534ea2-5d55-4f06-8a07-f4c34cce4536/aggregates => generated 235 bytes in 17 msecs (HTTP/1.1 404) 5 headers in 202 bytes (1 switches on core 0)
2026-05-12 17:42:26.736 8 INFO placement.requestlog [None req-e535b6e7-9d44-4146-85d2-c1602beef388 a80aff6c40d24322ad9160b386e6296b b53c7c33903a424ca86f9ff5ea694ca5 - - 245026527e4e4aa494af50c21c8ce5e1 245026527e4e4aa494af50c21c8ce5e1] 10.0.0.107 "DELETE /resource_providers/22534ea2-5d55-4f06-8a07-f4c34cce4536" status: 404 len: 246 microversion: 1.1 [pid: 8|app: 0|req: 506/1007] 10.0.0.107 () {34 vars in 823 bytes} [Tue May 12 17:42:26 2026] DELETE /resource_providers/22534ea2-5d55-4f06-8a07-f4c34cce4536 => generated 246 bytes in 20 msecs (HTTP/1.1 404) 6 headers in 231 bytes (1 switches on core 0)
2026-05-12 17:42:26.739 7 INFO placement.requestlog [None req-309766c5-a939-4778-b0ec-a748e42bdaaf a80aff6c40d24322ad9160b386e6296b b53c7c33903a424ca86f9ff5ea694ca5 - - 245026527e4e4aa494af50c21c8ce5e1 245026527e4e4aa494af50c21c8ce5e1] 10.0.0.107 "DELETE /resource_providers/22534ea2-5d55-4f06-8a07-f4c34cce4536" status: 404 len: 246 microversion: 1.1 [pid: 7|app: 0|req: 502/1008] 10.0.0.107 () {34 vars in 823 bytes} [Tue May 12 17:42:26 2026] DELETE /resource_providers/22534ea2-5d55-4f06-8a07-f4c34cce4536 => generated 246 bytes in 15 msecs (HTTP/1.1 404) 6 headers in 231 bytes (1 switches on core 0)
2026-05-12 17:42:28.759 8 INFO placement.requestlog [None req-c34b0282-8fdb-42d5-b86e-a73c17ff6540 a80aff6c40d24322ad9160b386e6296b b53c7c33903a424ca86f9ff5ea694ca5 - - 245026527e4e4aa494af50c21c8ce5e1 245026527e4e4aa494af50c21c8ce5e1] 10.0.0.107 "GET /resource_providers/26a088b4-741d-4ce3-b165-c67681eefe37/aggregates" status: 404 len: 235 microversion: 1.1 [pid: 8|app: 0|req: 507/1009] 10.0.0.107 () {32 vars in 823 bytes} [Tue May 12 17:42:28 2026] GET /resource_providers/26a088b4-741d-4ce3-b165-c67681eefe37/aggregates => generated 235 bytes in 8 msecs (HTTP/1.1 404) 5 headers in 202 bytes (1 switches on core 0)
2026-05-12 17:42:28.763 7 INFO placement.requestlog [None req-47f16c15-b901-4638-83d3-cde8104f9cf2 a80aff6c40d24322ad9160b386e6296b b53c7c33903a424ca86f9ff5ea694ca5 - - 245026527e4e4aa494af50c21c8ce5e1 245026527e4e4aa494af50c21c8ce5e1] 10.0.0.107 "GET /resource_providers/26a088b4-741d-4ce3-b165-c67681eefe37/aggregates" status: 404 len: 235 microversion: 1.1 [pid: 7|app: 0|req: 503/1010] 10.0.0.107 () {32 vars in 823 bytes} [Tue May 12 17:42:28 2026] GET /resource_providers/26a088b4-741d-4ce3-b165-c67681eefe37/aggregates => generated 235 bytes in 12 msecs (HTTP/1.1 404) 5 headers in 202 bytes (1 switches on core 0)
2026-05-12 17:42:28.767 8 INFO placement.requestlog [None req-a882d7b3-aa6d-4225-8088-cf39d456dae6 a80aff6c40d24322ad9160b386e6296b b53c7c33903a424ca86f9ff5ea694ca5 - - 245026527e4e4aa494af50c21c8ce5e1 245026527e4e4aa494af50c21c8ce5e1] 10.0.0.107 "DELETE /resource_providers/26a088b4-741d-4ce3-b165-c67681eefe37" status: 404 len: 246 microversion: 1.1 [pid: 8|app: 0|req: 508/1011] 10.0.0.107 () {34 vars in 823 bytes} [Tue May 12 17:42:28 2026] DELETE /resource_providers/26a088b4-741d-4ce3-b165-c67681eefe37 => generated 246 bytes in 6 msecs (HTTP/1.1 404) 6 headers in 231 bytes (1 switches on core 0)
2026-05-12 17:42:28.772 7 INFO placement.requestlog [None req-bf989d7b-ede4-4c6a-ba94-4f4c1017b0ac a80aff6c40d24322ad9160b386e6296b b53c7c33903a424ca86f9ff5ea694ca5 - - 245026527e4e4aa494af50c21c8ce5e1 245026527e4e4aa494af50c21c8ce5e1] 10.0.0.107 "DELETE /resource_providers/26a088b4-741d-4ce3-b165-c67681eefe37" status: 404 len: 246 microversion: 1.1 [pid: 7|app: 0|req: 504/1012] 10.0.0.107 () {34 vars in 823 bytes} [Tue May 12 17:42:28 2026] DELETE /resource_providers/26a088b4-741d-4ce3-b165-c67681eefe37 => generated 246 bytes in 6 msecs (HTTP/1.1 404) 6 headers in 231 bytes (1 switches on core 0)
2026-05-12 17:42:34.297 8 INFO placement.requestlog [None req-e8cea2a9-3dbd-4b82-ad4b-af08bb63a7ab a80aff6c40d24322ad9160b386e6296b b53c7c33903a424ca86f9ff5ea694ca5 - - 245026527e4e4aa494af50c21c8ce5e1 245026527e4e4aa494af50c21c8ce5e1] 10.0.0.107 "GET /resource_providers/78f03dea-7464-483e-a073-22d99b1b8741/aggregates" status: 404 len: 235 microversion: 1.1 [pid: 8|app: 0|req: 509/1013] 10.0.0.107 () {32 vars in 823 bytes} [Tue May 12 17:42:34 2026] GET /resource_providers/78f03dea-7464-483e-a073-22d99b1b8741/aggregates => generated 235 bytes in 14 msecs (HTTP/1.1 404) 5 headers in 202 bytes (1 switches on core 0)
2026-05-12 17:42:34.298 7 INFO placement.requestlog [None req-955c7fee-e39d-451e-9b98-47aff7df5cfb a80aff6c40d24322ad9160b386e6296b b53c7c33903a424ca86f9ff5ea694ca5 - - 245026527e4e4aa494af50c21c8ce5e1 245026527e4e4aa494af50c21c8ce5e1] 10.0.0.107 "GET /resource_providers/78f03dea-7464-483e-a073-22d99b1b8741/aggregates" status: 404 len: 235 microversion: 1.1 [pid: 7|app: 0|req: 505/1014] 10.0.0.107 () {32 vars in 823 bytes} [Tue May 12 17:42:34 2026] GET /resource_providers/78f03dea-7464-483e-a073-22d99b1b8741/aggregates => generated 235 bytes in 15 msecs (HTTP/1.1 404) 5 headers in 202 bytes (1 switches on core 0)
2026-05-12 17:42:34.319 7 INFO placement.requestlog [None req-975db35e-66ec-4a65-8391-826cf8d050c6 a80aff6c40d24322ad9160b386e6296b b53c7c33903a424ca86f9ff5ea694ca5 - - 245026527e4e4aa494af50c21c8ce5e1 245026527e4e4aa494af50c21c8ce5e1] 10.0.0.107 "DELETE /resource_providers/78f03dea-7464-483e-a073-22d99b1b8741" status: 404 len: 246 microversion: 1.1 [pid: 7|app: 0|req: 506/1015] 10.0.0.107 () {34 vars in 823 bytes} [Tue May 12 17:42:34 2026] DELETE /resource_providers/78f03dea-7464-483e-a073-22d99b1b8741 => generated 246 bytes in 11 msecs (HTTP/1.1 404) 6 headers in 231 bytes (1 switches on core 0)
2026-05-12 17:42:34.320 8 INFO placement.requestlog [None req-8ba12705-8055-4279-926b-89b3ffe6dea2 a80aff6c40d24322ad9160b386e6296b b53c7c33903a424ca86f9ff5ea694ca5 - - 245026527e4e4aa494af50c21c8ce5e1 245026527e4e4aa494af50c21c8ce5e1] 10.0.0.107 "DELETE /resource_providers/78f03dea-7464-483e-a073-22d99b1b8741" status: 404 len: 246 microversion: 1.1 [pid: 8|app: 0|req: 510/1016] 10.0.0.107 () {34 vars in 823 bytes} [Tue May 12 17:42:34 2026] DELETE /resource_providers/78f03dea-7464-483e-a073-22d99b1b8741 => generated 246 bytes in 12 msecs (HTTP/1.1 404) 6 headers in 231 bytes (1 switches on core 0)
2026-05-12 17:42:36.109 7 INFO placement.requestlog [None req-73852679-7207-4cf5-aadd-cc600a6128e1 - - - - - -] 10.0.0.145 "GET /" status: 200 len: 136 microversion: 1.0
2026-05-12 17:42:36.110 8 INFO placement.requestlog [None req-47188b06-d8fa-45dc-8ab4-3685f54a12c0 - - - - - -] 10.0.0.145 "GET /" status: 200 len: 136 microversion: 1.0
2026-05-12 17:42:41.196 7 INFO placement.requestlog [None req-6dbaaca9-7dcc-48d9-9c93-608e9d8614d1 a80aff6c40d24322ad9160b386e6296b b53c7c33903a424ca86f9ff5ea694ca5 - - 245026527e4e4aa494af50c21c8ce5e1 245026527e4e4aa494af50c21c8ce5e1] 10.0.0.107 "GET /resource_providers/41ff2a06-0edf-44d0-973b-fad521d35439/aggregates" status: 404 len: 235 microversion: 1.1 [pid: 7|app: 0|req: 508/1019] 10.0.0.107 () {32 vars in 823 bytes} [Tue May 12 17:42:41 2026] GET /resource_providers/41ff2a06-0edf-44d0-973b-fad521d35439/aggregates => generated 235 bytes in 9 msecs (HTTP/1.1 404) 5 headers in 202 bytes (1 switches on core 0)
2026-05-12 17:42:41.211 7 INFO placement.requestlog [None req-b4c2cbb3-d06a-4317-af52-51219c8d9b38 a80aff6c40d24322ad9160b386e6296b b53c7c33903a424ca86f9ff5ea694ca5 - - 245026527e4e4aa494af50c21c8ce5e1 245026527e4e4aa494af50c21c8ce5e1] 10.0.0.107 "DELETE /resource_providers/41ff2a06-0edf-44d0-973b-fad521d35439" status: 404 len: 246 microversion: 1.1 [pid: 7|app: 0|req: 509/1020] 10.0.0.107 () {34 vars in 823 bytes} [Tue May 12 17:42:41 2026] DELETE /resource_providers/41ff2a06-0edf-44d0-973b-fad521d35439 => generated 246 bytes in 10 msecs (HTTP/1.1 404) 6 headers in 231 bytes (1 switches on core 0)
2026-05-12 17:42:41.216 8 INFO placement.requestlog [None req-ca709245-f3d9-4ff5-bfc4-671aefd5e58b a80aff6c40d24322ad9160b386e6296b b53c7c33903a424ca86f9ff5ea694ca5 - - 245026527e4e4aa494af50c21c8ce5e1 245026527e4e4aa494af50c21c8ce5e1] 10.0.0.107 "GET /resource_providers/41ff2a06-0edf-44d0-973b-fad521d35439/aggregates" status: 404 len: 235 microversion: 1.1 [pid: 8|app: 0|req: 512/1021] 10.0.0.107 () {32 vars in 823 bytes} [Tue May 12 17:42:41 2026] GET /resource_providers/41ff2a06-0edf-44d0-973b-fad521d35439/aggregates => generated 235 bytes in 30 msecs (HTTP/1.1 404) 5 headers in 202 bytes (1 switches on core 0)
2026-05-12 17:42:41.229 7 INFO placement.requestlog [None req-cbde5ead-308b-494c-b9e7-71dcf3b38491 a80aff6c40d24322ad9160b386e6296b b53c7c33903a424ca86f9ff5ea694ca5 - - 245026527e4e4aa494af50c21c8ce5e1 245026527e4e4aa494af50c21c8ce5e1] 10.0.0.107 "DELETE /resource_providers/41ff2a06-0edf-44d0-973b-fad521d35439" status: 404 len: 246 microversion: 1.1 [pid: 7|app: 0|req: 510/1022] 10.0.0.107 () {34 vars in 823 bytes} [Tue May 12 17:42:41 2026] DELETE /resource_providers/41ff2a06-0edf-44d0-973b-fad521d35439 => generated 246 bytes in 8 msecs (HTTP/1.1 404) 6 headers in 231 bytes (1 switches on core 0)
2026-05-12 17:42:41.565 8 INFO placement.requestlog [None req-a64ca588-7c69-4fa5-8c02-df0ea780de84 a80aff6c40d24322ad9160b386e6296b b53c7c33903a424ca86f9ff5ea694ca5 - - 245026527e4e4aa494af50c21c8ce5e1 245026527e4e4aa494af50c21c8ce5e1] 10.0.0.107 "GET /resource_providers/b3013379-ead9-407d-9fe6-d2f47336affd/aggregates" status: 404 len: 235 microversion: 1.1 [pid: 8|app: 0|req: 513/1023] 10.0.0.107 () {32 vars in 823 bytes} [Tue May 12 17:42:41 2026] GET /resource_providers/b3013379-ead9-407d-9fe6-d2f47336affd/aggregates => generated 235 bytes in 11 msecs (HTTP/1.1 404) 5 headers in 202 bytes (1 switches on core 0)
2026-05-12 17:42:41.566 7 INFO placement.requestlog [None req-19f6ee1f-1f03-421e-8ea2-7e2d45185679 a80aff6c40d24322ad9160b386e6296b b53c7c33903a424ca86f9ff5ea694ca5 - - 245026527e4e4aa494af50c21c8ce5e1 245026527e4e4aa494af50c21c8ce5e1] 10.0.0.107 "GET /resource_providers/b3013379-ead9-407d-9fe6-d2f47336affd/aggregates" status: 404 len: 235 microversion: 1.1 [pid: 7|app: 0|req: 511/1024] 10.0.0.107 () {32 vars in 823 bytes} [Tue May 12 17:42:41 2026] GET /resource_providers/b3013379-ead9-407d-9fe6-d2f47336affd/aggregates => generated 235 bytes in 13 msecs (HTTP/1.1 404) 5 headers in 202 bytes (1 switches on core 0)
2026-05-12 17:42:41.584 7 INFO placement.requestlog [None req-4b8b852b-117f-47c3-ae2c-478cf6f8774d a80aff6c40d24322ad9160b386e6296b b53c7c33903a424ca86f9ff5ea694ca5 - - 245026527e4e4aa494af50c21c8ce5e1 245026527e4e4aa494af50c21c8ce5e1] 10.0.0.107 "DELETE /resource_providers/b3013379-ead9-407d-9fe6-d2f47336affd" status: 404 len: 246 microversion: 1.1 [pid: 7|app: 0|req: 512/1025] 10.0.0.107 () {34 vars in 823 bytes} [Tue May 12 17:42:41 2026] DELETE /resource_providers/b3013379-ead9-407d-9fe6-d2f47336affd => generated 246 bytes in 11 msecs (HTTP/1.1 404) 6 headers in 231 bytes (1 switches on core 0)
2026-05-12 17:42:41.586 8 INFO placement.requestlog [None req-586fb1b7-ac58-48a2-bf5c-ac04c6ff2f6f a80aff6c40d24322ad9160b386e6296b b53c7c33903a424ca86f9ff5ea694ca5 - - 245026527e4e4aa494af50c21c8ce5e1 245026527e4e4aa494af50c21c8ce5e1] 10.0.0.107 "DELETE /resource_providers/b3013379-ead9-407d-9fe6-d2f47336affd" status: 404 len: 246 microversion: 1.1 [pid: 8|app: 0|req: 514/1026] 10.0.0.107 () {34 vars in 823 bytes} [Tue May 12 17:42:41 2026] DELETE /resource_providers/b3013379-ead9-407d-9fe6-d2f47336affd => generated 246 bytes in 13 msecs (HTTP/1.1 404) 6 headers in 231 bytes (1 switches on core 0)
2026-05-12 17:42:46.109 8 INFO placement.requestlog [None req-3c3d653b-8e55-450e-b6b5-0f36fff5e17e - - - - - -] 10.0.0.145 "GET /" status: 200 len: 136 microversion: 1.0
2026-05-12 17:42:46.109 7 INFO placement.requestlog [None req-6293b9e7-c979-42c8-9b3c-f21b870c07ee - - - - - -] 10.0.0.145 "GET /" status: 200 len: 136 microversion: 1.0
2026-05-12 17:42:47.709 8 INFO placement.requestlog [req-8529ef6f-e3e0-4da4-933d-968dc853d215 req-cda044e3-55d6-459d-a2c7-e2f209f20c68 805c42e37ba24e009a8c1386e0549c78 b53c7c33903a424ca86f9ff5ea694ca5 - - 245026527e4e4aa494af50c21c8ce5e1 245026527e4e4aa494af50c21c8ce5e1] 199.19.213.250 "GET /resource_providers/089954a8-3c32-4a84-85c6-d64c9206fe32/allocations" status: 200 len: 340 microversion: 1.0 [pid: 8|app: 0|req: 516/1029] 199.19.213.250 () {32 vars in 855 bytes} [Tue May 12 17:42:47 2026] GET /resource_providers/089954a8-3c32-4a84-85c6-d64c9206fe32/allocations => generated 340 bytes in 22 msecs (HTTP/1.1 200) 6 headers in 224 bytes (1 switches on core 0)
2026-05-12 17:42:47.743 7 INFO placement.requestlog [req-8529ef6f-e3e0-4da4-933d-968dc853d215 req-26a5858e-21aa-4b1e-a021-644ab1bd2c1d 805c42e37ba24e009a8c1386e0549c78 b53c7c33903a424ca86f9ff5ea694ca5 - - 245026527e4e4aa494af50c21c8ce5e1 245026527e4e4aa494af50c21c8ce5e1] 199.19.213.250 "GET /resource_providers/089954a8-3c32-4a84-85c6-d64c9206fe32/allocations" status: 200 len: 340 microversion: 1.0 [pid: 7|app: 0|req: 514/1030] 199.19.213.250 () {32 vars in 855 bytes} [Tue May 12 17:42:47 2026] GET /resource_providers/089954a8-3c32-4a84-85c6-d64c9206fe32/allocations => generated 340 bytes in 23 msecs (HTTP/1.1 200) 6 headers in 224 bytes (1 switches on core 0)
2026-05-12 17:42:47.760 8 INFO placement.requestlog [req-8529ef6f-e3e0-4da4-933d-968dc853d215 req-4ceb2d68-7c9c-48b6-8384-c20cd77db8cd 805c42e37ba24e009a8c1386e0549c78 b53c7c33903a424ca86f9ff5ea694ca5 - - 245026527e4e4aa494af50c21c8ce5e1 245026527e4e4aa494af50c21c8ce5e1] 199.19.213.250 "GET /allocations/790fc675-e632-4d39-8a16-e47bd8df2b66" status: 200 len: 258 microversion: 1.28 [pid: 8|app: 0|req: 517/1031] 199.19.213.250 () {34 vars in 861 bytes} [Tue May 12 17:42:47 2026] GET /allocations/790fc675-e632-4d39-8a16-e47bd8df2b66 => generated 258 bytes in 8 msecs (HTTP/1.1 200) 8 headers in 296 bytes (1 switches on core 0)
2026-05-12 17:42:47.788 7 INFO placement.requestlog [req-8529ef6f-e3e0-4da4-933d-968dc853d215 req-584fc16b-8a14-4ad0-8c8a-83822a9f1bea 805c42e37ba24e009a8c1386e0549c78 b53c7c33903a424ca86f9ff5ea694ca5 - - 245026527e4e4aa494af50c21c8ce5e1 245026527e4e4aa494af50c21c8ce5e1] 199.19.213.250 "GET /allocations/ed3a98d9-6ca5-4853-a3a1-98af25ddc34f" status: 200 len: 258 microversion: 1.28 [pid: 7|app: 0|req: 515/1032] 199.19.213.250 () {34 vars in 861 bytes} [Tue May 12 17:42:47 2026] GET /allocations/ed3a98d9-6ca5-4853-a3a1-98af25ddc34f => generated 258 bytes in 14 msecs (HTTP/1.1 200) 8 headers in 296 bytes (1 switches on core 0)
2026-05-12 17:42:47.804 8 INFO placement.requestlog [req-8529ef6f-e3e0-4da4-933d-968dc853d215 req-3cbdd426-ac10-46aa-a253-153bed0f12be 805c42e37ba24e009a8c1386e0549c78 b53c7c33903a424ca86f9ff5ea694ca5 - - 245026527e4e4aa494af50c21c8ce5e1 245026527e4e4aa494af50c21c8ce5e1] 199.19.213.250 "GET /allocations/94bd289b-4212-40c5-8352-28cf425142f3" status: 200 len: 245 microversion: 1.28 [pid: 8|app: 0|req: 518/1033] 199.19.213.250 () {34 vars in 861 bytes} [Tue May 12 17:42:47 2026] GET /allocations/94bd289b-4212-40c5-8352-28cf425142f3 => generated 245 bytes in 10 msecs (HTTP/1.1 200) 8 headers in 296 bytes (1 switches on core 0)
2026-05-12 17:42:56.109 8 INFO placement.requestlog [None req-352b9768-27b4-499b-a7dd-e93d5ab71f49 - - - - - -] 10.0.0.145 "GET /" status: 200 len: 136 microversion: 1.0
2026-05-12 17:42:56.110 7 INFO placement.requestlog [None req-5d5a5ce1-a997-4995-a76f-0ea0c76f96b9 - - - - - -] 10.0.0.145 "GET /" status: 200 len: 136 microversion: 1.0
2026-05-12 17:42:57.297 7 INFO placement.requestlog [req-7bb5ac7b-2b1c-411e-9f55-004cfcb15a91 req-b76570d8-71cf-4aa0-91b1-5066aa58db0a 805c42e37ba24e009a8c1386e0549c78 b53c7c33903a424ca86f9ff5ea694ca5 - - 245026527e4e4aa494af50c21c8ce5e1 245026527e4e4aa494af50c21c8ce5e1] 10.0.0.253 "GET /allocation_candidates?limit=1000&resources=DISK_GB%3A1%2CMEMORY_MB%3A512%2CVCPU%3A1&root_required=%21COMPUTE_STATUS_DISABLED" status: 200 len: 2387 microversion: 1.36 [pid: 7|app: 0|req: 517/1036] 10.0.0.253 () {34 vars in 1010 bytes} [Tue May 12 17:42:57 2026] GET /allocation_candidates?limit=1000&resources=DISK_GB%3A1%2CMEMORY_MB%3A512%2CVCPU%3A1&root_required=%21COMPUTE_STATUS_DISABLED => generated 2387 bytes in 46 msecs (HTTP/1.1 200) 8 headers in 297 bytes (1 switches on core 0)
2026-05-12 17:42:57.326 8 INFO placement.requestlog [req-7bb5ac7b-2b1c-411e-9f55-004cfcb15a91 req-f11c059e-5158-41bf-8ab0-5ae436f22724 805c42e37ba24e009a8c1386e0549c78 b53c7c33903a424ca86f9ff5ea694ca5 - - 245026527e4e4aa494af50c21c8ce5e1 245026527e4e4aa494af50c21c8ce5e1] 10.0.0.253 "GET /allocations/e920a75d-a44f-477a-8ee7-91c7d212b472" status: 200 len: 19 microversion: 1.28 [pid: 8|app: 0|req: 520/1037] 10.0.0.253 () {34 vars in 859 bytes} [Tue May 12 17:42:57 2026] GET /allocations/e920a75d-a44f-477a-8ee7-91c7d212b472 => generated 19 bytes in 7 msecs (HTTP/1.1 200) 8 headers in 295 bytes (1 switches on core 0)
2026-05-12 17:42:57.395 7 INFO placement.requestlog [req-7bb5ac7b-2b1c-411e-9f55-004cfcb15a91 req-f5dbb0d5-8072-408f-8117-04bf6074d77e 805c42e37ba24e009a8c1386e0549c78 b53c7c33903a424ca86f9ff5ea694ca5 - - 245026527e4e4aa494af50c21c8ce5e1 245026527e4e4aa494af50c21c8ce5e1] 10.0.0.253 "PUT /allocations/e920a75d-a44f-477a-8ee7-91c7d212b472" status: 204 len: 0 microversion: 1.36 [pid: 7|app: 0|req: 518/1038] 10.0.0.253 () {38 vars in 912 bytes} [Tue May 12 17:42:57 2026] PUT /allocations/e920a75d-a44f-477a-8ee7-91c7d212b472 => generated 0 bytes in 64 msecs (HTTP/1.1 204) 5 headers in 199 bytes (1 switches on core 0)
2026-05-12 17:42:58.883 8 INFO placement.requestlog [req-7bb5ac7b-2b1c-411e-9f55-004cfcb15a91 req-73a62b05-e54e-48c3-8833-9411b08d92f5 805c42e37ba24e009a8c1386e0549c78 b53c7c33903a424ca86f9ff5ea694ca5 - - 245026527e4e4aa494af50c21c8ce5e1 245026527e4e4aa494af50c21c8ce5e1] 199.19.213.250 "GET /allocations/e920a75d-a44f-477a-8ee7-91c7d212b472" status: 200 len: 258 microversion: 1.28 [pid: 8|app: 0|req: 521/1039] 199.19.213.250 () {34 vars in 861 bytes} [Tue May 12 17:42:58 2026] GET /allocations/e920a75d-a44f-477a-8ee7-91c7d212b472 => generated 258 bytes in 12 msecs (HTTP/1.1 200) 8 headers in 296 bytes (1 switches on core 0)
2026-05-12 17:42:59.921 7 INFO placement.requestlog [req-7bb5ac7b-2b1c-411e-9f55-004cfcb15a91 req-849d0fc3-b6af-4166-af0e-edd1cf1fb487 805c42e37ba24e009a8c1386e0549c78 b53c7c33903a424ca86f9ff5ea694ca5 - - 245026527e4e4aa494af50c21c8ce5e1 245026527e4e4aa494af50c21c8ce5e1] 199.19.213.250 "GET /resource_providers/089954a8-3c32-4a84-85c6-d64c9206fe32/allocations" status: 200 len: 440 microversion: 1.0 [pid: 7|app: 0|req: 519/1040] 199.19.213.250 () {32 vars in 855 bytes} [Tue May 12 17:42:59 2026] GET /resource_providers/089954a8-3c32-4a84-85c6-d64c9206fe32/allocations => generated 440 bytes in 17 msecs (HTTP/1.1 200) 6 headers in 224 bytes (1 switches on core 0)
2026-05-12 17:42:59.945 8 INFO placement.requestlog [req-7bb5ac7b-2b1c-411e-9f55-004cfcb15a91 req-cd7305e0-bfe8-46ea-8452-47d05c2218f0 805c42e37ba24e009a8c1386e0549c78 b53c7c33903a424ca86f9ff5ea694ca5 - - 245026527e4e4aa494af50c21c8ce5e1 245026527e4e4aa494af50c21c8ce5e1] 199.19.213.250 "GET /allocations/790fc675-e632-4d39-8a16-e47bd8df2b66" status: 200 len: 258 microversion: 1.28 [pid: 8|app: 0|req: 522/1041] 199.19.213.250 () {34 vars in 861 bytes} [Tue May 12 17:42:59 2026] GET /allocations/790fc675-e632-4d39-8a16-e47bd8df2b66 => generated 258 bytes in 18 msecs (HTTP/1.1 200) 8 headers in 296 bytes (1 switches on core 0)
2026-05-12 17:42:59.966 7 INFO placement.requestlog [req-7bb5ac7b-2b1c-411e-9f55-004cfcb15a91 req-d24c7041-4b96-428f-b6f3-4c1ef2ee5538 805c42e37ba24e009a8c1386e0549c78 b53c7c33903a424ca86f9ff5ea694ca5 - - 245026527e4e4aa494af50c21c8ce5e1 245026527e4e4aa494af50c21c8ce5e1] 199.19.213.250 "GET /allocations/ed3a98d9-6ca5-4853-a3a1-98af25ddc34f" status: 200 len: 258 microversion: 1.28 [pid: 7|app: 0|req: 520/1042] 199.19.213.250 () {34 vars in 861 bytes} [Tue May 12 17:42:59 2026] GET /allocations/ed3a98d9-6ca5-4853-a3a1-98af25ddc34f => generated 258 bytes in 15 msecs (HTTP/1.1 200) 8 headers in 296 bytes (1 switches on core 0)
2026-05-12 17:42:59.986 8 INFO placement.requestlog [req-7bb5ac7b-2b1c-411e-9f55-004cfcb15a91 req-f01c824f-65d5-4f2e-9047-97db9e0b8bd4 805c42e37ba24e009a8c1386e0549c78 b53c7c33903a424ca86f9ff5ea694ca5 - - 245026527e4e4aa494af50c21c8ce5e1 245026527e4e4aa494af50c21c8ce5e1] 199.19.213.250 "GET /allocations/94bd289b-4212-40c5-8352-28cf425142f3" status: 200 len: 245 microversion: 1.28 [pid: 8|app: 0|req: 523/1043] 199.19.213.250 () {34 vars in 861 bytes} [Tue May 12 17:42:59 2026] GET /allocations/94bd289b-4212-40c5-8352-28cf425142f3 => generated 245 bytes in 14 msecs (HTTP/1.1 200) 8 headers in 296 bytes (1 switches on core 0)
2026-05-12 17:43:00.005 7 INFO placement.requestlog [req-7bb5ac7b-2b1c-411e-9f55-004cfcb15a91 req-135b01ab-2689-49c1-9f4a-3a6b37771b3d 805c42e37ba24e009a8c1386e0549c78 b53c7c33903a424ca86f9ff5ea694ca5 - - 245026527e4e4aa494af50c21c8ce5e1 245026527e4e4aa494af50c21c8ce5e1] 199.19.213.250 "GET /allocations/e920a75d-a44f-477a-8ee7-91c7d212b472" status: 200 len: 258 microversion: 1.28 [pid: 7|app: 0|req: 521/1044] 199.19.213.250 () {34 vars in 861 bytes} [Tue May 12 17:42:59 2026] GET /allocations/e920a75d-a44f-477a-8ee7-91c7d212b472 => generated 258 bytes in 14 msecs (HTTP/1.1 200) 8 headers in 296 bytes (1 switches on core 0)
2026-05-12 17:43:06.109 8 INFO placement.requestlog [None req-358a5e4a-2cb7-4a89-9518-b0036d671d82 - - - - - -] 10.0.0.145 "GET /" status: 200 len: 136 microversion: 1.0
2026-05-12 17:43:06.109 7 INFO placement.requestlog [None req-920e51af-04df-4d2d-b13a-baac9403391f - - - - - -] 10.0.0.145 "GET /" status: 200 len: 136 microversion: 1.0
2026-05-12 17:43:16.108 7 INFO placement.requestlog [None req-d03d5085-4bc2-437e-912b-57bca864c142 - - - - - -] 10.0.0.145 "GET /" status: 200 len: 136 microversion: 1.0
2026-05-12 17:43:16.109 8 INFO placement.requestlog [None req-727cabaa-bad1-41e0-88e9-a6304c6c6fb1 - - - - - -] 10.0.0.145 "GET /" status: 200 len: 136 microversion: 1.0
2026-05-12 17:43:24.415 7 INFO placement.requestlog [req-32cb3a1c-bfff-4dd2-8cd6-7838d99bbeba req-46d4d7e5-04b2-40c9-a302-517739f66cf8 805c42e37ba24e009a8c1386e0549c78 b53c7c33903a424ca86f9ff5ea694ca5 - - 245026527e4e4aa494af50c21c8ce5e1 245026527e4e4aa494af50c21c8ce5e1] 199.19.213.250 "GET /resource_providers/089954a8-3c32-4a84-85c6-d64c9206fe32/allocations" status: 200 len: 440 microversion: 1.0 [pid: 7|app: 0|req: 524/1049] 199.19.213.250 () {32 vars in 855 bytes} [Tue May 12 17:43:24 2026] GET /resource_providers/089954a8-3c32-4a84-85c6-d64c9206fe32/allocations => generated 440 bytes in 14 msecs (HTTP/1.1 200) 6 headers in 224 bytes (1 switches on core 0)
2026-05-12 17:43:24.432 8 INFO placement.requestlog [req-32cb3a1c-bfff-4dd2-8cd6-7838d99bbeba req-0f6bd52e-7f8c-4703-8af2-e82637494c95 805c42e37ba24e009a8c1386e0549c78 b53c7c33903a424ca86f9ff5ea694ca5 - - 245026527e4e4aa494af50c21c8ce5e1 245026527e4e4aa494af50c21c8ce5e1] 199.19.213.250 "GET /allocations/790fc675-e632-4d39-8a16-e47bd8df2b66" status: 200 len: 258 microversion: 1.28 [pid: 8|app: 0|req: 526/1050] 199.19.213.250 () {34 vars in 861 bytes} [Tue May 12 17:43:24 2026] GET /allocations/790fc675-e632-4d39-8a16-e47bd8df2b66 => generated 258 bytes in 13 msecs (HTTP/1.1 200) 8 headers in 296 bytes (1 switches on core 0)
2026-05-12 17:43:24.447 7 INFO placement.requestlog [req-32cb3a1c-bfff-4dd2-8cd6-7838d99bbeba req-ba87e6da-1156-4aec-8253-701cdf39c4f0 805c42e37ba24e009a8c1386e0549c78 b53c7c33903a424ca86f9ff5ea694ca5 - - 245026527e4e4aa494af50c21c8ce5e1 245026527e4e4aa494af50c21c8ce5e1] 199.19.213.250 "GET /allocations/ed3a98d9-6ca5-4853-a3a1-98af25ddc34f" status: 200 len: 258 microversion: 1.28 [pid: 7|app: 0|req: 525/1051] 199.19.213.250 () {34 vars in 861 bytes} [Tue May 12 17:43:24 2026] GET /allocations/ed3a98d9-6ca5-4853-a3a1-98af25ddc34f => generated 258 bytes in 10 msecs (HTTP/1.1 200) 8 headers in 296 bytes (1 switches on core 0)
2026-05-12 17:43:24.470 8 INFO placement.requestlog [req-32cb3a1c-bfff-4dd2-8cd6-7838d99bbeba req-3be746cd-a7db-4f66-85d1-61c4e0ad18b0 805c42e37ba24e009a8c1386e0549c78 b53c7c33903a424ca86f9ff5ea694ca5 - - 245026527e4e4aa494af50c21c8ce5e1 245026527e4e4aa494af50c21c8ce5e1] 199.19.213.250 "GET /allocations/94bd289b-4212-40c5-8352-28cf425142f3" status: 200 len: 245 microversion: 1.28 [pid: 8|app: 0|req: 527/1052] 199.19.213.250 () {34 vars in 861 bytes} [Tue May 12 17:43:24 2026] GET /allocations/94bd289b-4212-40c5-8352-28cf425142f3 => generated 245 bytes in 16 msecs (HTTP/1.1 200) 8 headers in 296 bytes (1 switches on core 0)
2026-05-12 17:43:24.490 7 INFO placement.requestlog [req-32cb3a1c-bfff-4dd2-8cd6-7838d99bbeba req-f7e85f1b-0eb5-46d7-b140-a310366feb08 805c42e37ba24e009a8c1386e0549c78 b53c7c33903a424ca86f9ff5ea694ca5 - - 245026527e4e4aa494af50c21c8ce5e1 245026527e4e4aa494af50c21c8ce5e1] 199.19.213.250 "GET /allocations/e920a75d-a44f-477a-8ee7-91c7d212b472" status: 200 len: 258 microversion: 1.28 [pid: 7|app: 0|req: 526/1053] 199.19.213.250 () {34 vars in 861 bytes} [Tue May 12 17:43:24 2026] GET /allocations/e920a75d-a44f-477a-8ee7-91c7d212b472 => generated 258 bytes in 12 msecs (HTTP/1.1 200) 8 headers in 296 bytes (1 switches on core 0)
2026-05-12 17:43:25.539 8 INFO placement.requestlog [req-32cb3a1c-bfff-4dd2-8cd6-7838d99bbeba req-1eb7327d-a0cf-4f0d-be36-3e6c66e3f07c 805c42e37ba24e009a8c1386e0549c78 b53c7c33903a424ca86f9ff5ea694ca5 - - 245026527e4e4aa494af50c21c8ce5e1 245026527e4e4aa494af50c21c8ce5e1] 199.19.213.250 "DELETE /allocations/e920a75d-a44f-477a-8ee7-91c7d212b472" status: 204 len: 0 microversion: 1.0 [pid: 8|app: 0|req: 528/1054] 199.19.213.250 () {34 vars in 839 bytes} [Tue May 12 17:43:25 2026] DELETE /allocations/e920a75d-a44f-477a-8ee7-91c7d212b472 => generated 0 bytes in 24 msecs (HTTP/1.1 204) 5 headers in 198 bytes (1 switches on core 0)
2026-05-12 17:43:26.109 7 INFO placement.requestlog [None req-f8b1ad38-cbdd-4309-ad71-971acdf9ebbf - - - - - -] 10.0.0.145 "GET /" status: 200 len: 136 microversion: 1.0
2026-05-12 17:43:26.109 8 INFO placement.requestlog [None req-491d6a73-9e91-4d29-9a98-9be64ee30f0e - - - - - -] 10.0.0.145 "GET /" status: 200 len: 136 microversion: 1.0
2026-05-12 17:43:29.069 7 INFO placement.requestlog [None req-5d06d8d4-1a12-458d-bd2b-ef8e70391a83 a80aff6c40d24322ad9160b386e6296b b53c7c33903a424ca86f9ff5ea694ca5 - - 245026527e4e4aa494af50c21c8ce5e1 245026527e4e4aa494af50c21c8ce5e1] 10.0.0.107 "GET /resource_providers/7f195dd8-6f45-48f7-9536-1c84d86c0da3/aggregates" status: 404 len: 235 microversion: 1.1 [pid: 7|app: 0|req: 528/1057] 10.0.0.107 () {32 vars in 823 bytes} [Tue May 12 17:43:29 2026] GET /resource_providers/7f195dd8-6f45-48f7-9536-1c84d86c0da3/aggregates => generated 235 bytes in 10 msecs (HTTP/1.1 404) 5 headers in 202 bytes (1 switches on core 0)
2026-05-12 17:43:29.071 8 INFO placement.requestlog [None req-1c9e03fb-31e2-4b80-859e-aa7bbe111457 a80aff6c40d24322ad9160b386e6296b b53c7c33903a424ca86f9ff5ea694ca5 - - 245026527e4e4aa494af50c21c8ce5e1 245026527e4e4aa494af50c21c8ce5e1] 10.0.0.107 "GET /resource_providers/7f195dd8-6f45-48f7-9536-1c84d86c0da3/aggregates" status: 404 len: 235 microversion: 1.1 [pid: 8|app: 0|req: 530/1058] 10.0.0.107 () {32 vars in 823 bytes} [Tue May 12 17:43:29 2026] GET /resource_providers/7f195dd8-6f45-48f7-9536-1c84d86c0da3/aggregates => generated 235 bytes in 9 msecs (HTTP/1.1 404) 5 headers in 202 bytes (1 switches on core 0)
2026-05-12 17:43:29.083 7 INFO placement.requestlog [None req-e52287ad-ecbc-419d-bca4-2f10cb4857d4 a80aff6c40d24322ad9160b386e6296b b53c7c33903a424ca86f9ff5ea694ca5 - - 245026527e4e4aa494af50c21c8ce5e1 245026527e4e4aa494af50c21c8ce5e1] 10.0.0.107 "DELETE /resource_providers/7f195dd8-6f45-48f7-9536-1c84d86c0da3" status: 404 len: 246 microversion: 1.1 [pid: 7|app: 0|req: 529/1059] 10.0.0.107 () {34 vars in 823 bytes} [Tue May 12 17:43:29 2026] DELETE /resource_providers/7f195dd8-6f45-48f7-9536-1c84d86c0da3 => generated 246 bytes in 6 msecs (HTTP/1.1 404) 6 headers in 231 bytes (1 switches on core 0)
2026-05-12 17:43:29.085 8 INFO placement.requestlog [None req-ec03b6af-df06-45fa-9ce2-86d5193c9b72 a80aff6c40d24322ad9160b386e6296b b53c7c33903a424ca86f9ff5ea694ca5 - - 245026527e4e4aa494af50c21c8ce5e1 245026527e4e4aa494af50c21c8ce5e1] 10.0.0.107 "DELETE /resource_providers/7f195dd8-6f45-48f7-9536-1c84d86c0da3" status: 404 len: 246 microversion: 1.1 [pid: 8|app: 0|req: 531/1060] 10.0.0.107 () {34 vars in 823 bytes} [Tue May 12 17:43:29 2026] DELETE /resource_providers/7f195dd8-6f45-48f7-9536-1c84d86c0da3 => generated 246 bytes in 8 msecs (HTTP/1.1 404) 6 headers in 231 bytes (1 switches on core 0)
2026-05-12 17:43:31.103 7 INFO placement.requestlog [None req-686ea6bb-59cb-4aa0-ae09-bda4ceba3bd6 a80aff6c40d24322ad9160b386e6296b b53c7c33903a424ca86f9ff5ea694ca5 - - 245026527e4e4aa494af50c21c8ce5e1 245026527e4e4aa494af50c21c8ce5e1] 10.0.0.107 "GET /resource_providers/c5e558c4-c66f-4d16-bb8e-469629388ba3/aggregates" status: 404 len: 235 microversion: 1.1
2026-05-12 17:43:31.103 8 INFO placement.requestlog [None req-dc2a2288-733a-4345-b816-a767ee2c68f1 a80aff6c40d24322ad9160b386e6296b b53c7c33903a424ca86f9ff5ea694ca5 - - 245026527e4e4aa494af50c21c8ce5e1 245026527e4e4aa494af50c21c8ce5e1] 10.0.0.107 "GET /resource_providers/c5e558c4-c66f-4d16-bb8e-469629388ba3/aggregates" status: 404 len: 235 microversion: 1.1 [pid: 7|app: 0|req: 530/1062] 10.0.0.107 () {32 vars in 823 bytes} [Tue May 12 17:43:31 2026] GET /resource_providers/c5e558c4-c66f-4d16-bb8e-469629388ba3/aggregates => generated 235 bytes in 13 msecs (HTTP/1.1 404) 5 headers in 202 bytes (1 switches on core 0) [pid: 8|app: 0|req: 532/1062] 10.0.0.107 () {32 vars in 823 bytes} [Tue May 12 17:43:31 2026] GET /resource_providers/c5e558c4-c66f-4d16-bb8e-469629388ba3/aggregates => generated 235 bytes in 10 msecs (HTTP/1.1 404) 5 headers in 202 bytes (1 switches on core 0)
2026-05-12 17:43:31.119 8 INFO placement.requestlog [None req-9787218e-a60e-4255-ab4e-a19fac99bbbc a80aff6c40d24322ad9160b386e6296b b53c7c33903a424ca86f9ff5ea694ca5 - - 245026527e4e4aa494af50c21c8ce5e1 245026527e4e4aa494af50c21c8ce5e1] 10.0.0.107 "DELETE /resource_providers/c5e558c4-c66f-4d16-bb8e-469629388ba3" status: 404 len: 246 microversion: 1.1 [pid: 8|app: 0|req: 533/1063] 10.0.0.107 () {34 vars in 823 bytes} [Tue May 12 17:43:31 2026] DELETE /resource_providers/c5e558c4-c66f-4d16-bb8e-469629388ba3 => generated 246 bytes in 7 msecs (HTTP/1.1 404) 6 headers in 231 bytes (1 switches on core 0)
2026-05-12 17:43:31.120 7 INFO placement.requestlog [None req-1f722138-98d7-48e7-87e0-8547793dd386 a80aff6c40d24322ad9160b386e6296b b53c7c33903a424ca86f9ff5ea694ca5 - - 245026527e4e4aa494af50c21c8ce5e1 245026527e4e4aa494af50c21c8ce5e1] 10.0.0.107 "DELETE /resource_providers/c5e558c4-c66f-4d16-bb8e-469629388ba3" status: 404 len: 246 microversion: 1.1 [pid: 7|app: 0|req: 531/1064] 10.0.0.107 () {34 vars in 823 bytes} [Tue May 12 17:43:31 2026] DELETE /resource_providers/c5e558c4-c66f-4d16-bb8e-469629388ba3 => generated 246 bytes in 8 msecs (HTTP/1.1 404) 6 headers in 231 bytes (1 switches on core 0)
2026-05-12 17:43:36.109 8 INFO placement.requestlog [None req-a44ef7cc-c9b8-416f-adbd-946e4a0a4368 - - - - - -] 10.0.0.145 "GET /" status: 200 len: 136 microversion: 1.0
2026-05-12 17:43:36.109 7 INFO placement.requestlog [None req-7dc6ed38-7df9-44fd-96d9-6797e67d7ffa - - - - - -] 10.0.0.145 "GET /" status: 200 len: 136 microversion: 1.0
2026-05-12 17:43:37.893 8 INFO placement.requestlog [None req-ee59e45d-c2d9-4004-8154-e95a6b6c5d66 a80aff6c40d24322ad9160b386e6296b b53c7c33903a424ca86f9ff5ea694ca5 - - 245026527e4e4aa494af50c21c8ce5e1 245026527e4e4aa494af50c21c8ce5e1] 10.0.0.107 "GET /resource_providers/f9f7bd80-d51e-42d5-853a-e92dab52f28f/aggregates" status: 404 len: 235 microversion: 1.1 [pid: 8|app: 0|req: 535/1067] 10.0.0.107 () {32 vars in 823 bytes} [Tue May 12 17:43:37 2026] GET /resource_providers/f9f7bd80-d51e-42d5-853a-e92dab52f28f/aggregates => generated 235 bytes in 98 msecs (HTTP/1.1 404) 5 headers in 202 bytes (1 switches on core 0)
2026-05-12 17:43:37.896 7 INFO placement.requestlog [None req-f9a12f11-e8cc-457b-80bc-88065fcdaec9 a80aff6c40d24322ad9160b386e6296b b53c7c33903a424ca86f9ff5ea694ca5 - - 245026527e4e4aa494af50c21c8ce5e1 245026527e4e4aa494af50c21c8ce5e1] 10.0.0.107 "GET /resource_providers/f9f7bd80-d51e-42d5-853a-e92dab52f28f/aggregates" status: 404 len: 235 microversion: 1.1 [pid: 7|app: 0|req: 533/1068] 10.0.0.107 () {32 vars in 823 bytes} [Tue May 12 17:43:37 2026] GET /resource_providers/f9f7bd80-d51e-42d5-853a-e92dab52f28f/aggregates => generated 235 bytes in 101 msecs (HTTP/1.1 404) 5 headers in 202 bytes (1 switches on core 0)
2026-05-12 17:43:37.905 8 INFO placement.requestlog [None req-a51cb8d0-a36a-45b0-90d1-d22e8c3c993b a80aff6c40d24322ad9160b386e6296b b53c7c33903a424ca86f9ff5ea694ca5 - - 245026527e4e4aa494af50c21c8ce5e1 245026527e4e4aa494af50c21c8ce5e1] 10.0.0.107 "DELETE /resource_providers/f9f7bd80-d51e-42d5-853a-e92dab52f28f" status: 404 len: 246 microversion: 1.1 [pid: 8|app: 0|req: 536/1069] 10.0.0.107 () {34 vars in 823 bytes} [Tue May 12 17:43:37 2026] DELETE /resource_providers/f9f7bd80-d51e-42d5-853a-e92dab52f28f => generated 246 bytes in 7 msecs (HTTP/1.1 404) 6 headers in 231 bytes (1 switches on core 0)
2026-05-12 17:43:37.912 7 INFO placement.requestlog [None req-472db585-831a-4cd3-93c3-3217bfb959ba a80aff6c40d24322ad9160b386e6296b b53c7c33903a424ca86f9ff5ea694ca5 - - 245026527e4e4aa494af50c21c8ce5e1 245026527e4e4aa494af50c21c8ce5e1] 10.0.0.107 "DELETE /resource_providers/f9f7bd80-d51e-42d5-853a-e92dab52f28f" status: 404 len: 246 microversion: 1.1 [pid: 7|app: 0|req: 534/1070] 10.0.0.107 () {34 vars in 823 bytes} [Tue May 12 17:43:37 2026] DELETE /resource_providers/f9f7bd80-d51e-42d5-853a-e92dab52f28f => generated 246 bytes in 9 msecs (HTTP/1.1 404) 6 headers in 231 bytes (1 switches on core 0)
2026-05-12 17:43:39.926 8 INFO placement.requestlog [None req-d199406a-2e44-4064-af26-02215a7d289a a80aff6c40d24322ad9160b386e6296b b53c7c33903a424ca86f9ff5ea694ca5 - - 245026527e4e4aa494af50c21c8ce5e1 245026527e4e4aa494af50c21c8ce5e1] 10.0.0.107 "GET /resource_providers/e3753bba-2857-4030-b692-0fceb7221f01/aggregates" status: 404 len: 235 microversion: 1.1 [pid: 8|app: 0|req: 537/1071] 10.0.0.107 () {32 vars in 823 bytes} [Tue May 12 17:43:39 2026] GET /resource_providers/e3753bba-2857-4030-b692-0fceb7221f01/aggregates => generated 235 bytes in 12 msecs (HTTP/1.1 404) 5 headers in 202 bytes (1 switches on core 0)
2026-05-12 17:43:39.930 7 INFO placement.requestlog [None req-87f202c3-cb46-46d2-b442-84ff3835c954 a80aff6c40d24322ad9160b386e6296b b53c7c33903a424ca86f9ff5ea694ca5 - - 245026527e4e4aa494af50c21c8ce5e1 245026527e4e4aa494af50c21c8ce5e1] 10.0.0.107 "GET /resource_providers/e3753bba-2857-4030-b692-0fceb7221f01/aggregates" status: 404 len: 235 microversion: 1.1 [pid: 7|app: 0|req: 535/1072] 10.0.0.107 () {32 vars in 823 bytes} [Tue May 12 17:43:39 2026] GET /resource_providers/e3753bba-2857-4030-b692-0fceb7221f01/aggregates => generated 235 bytes in 14 msecs (HTTP/1.1 404) 5 headers in 202 bytes (1 switches on core 0)
2026-05-12 17:43:39.942 8 INFO placement.requestlog [None req-c1c88a02-0797-4134-acac-95279ca9b873 a80aff6c40d24322ad9160b386e6296b b53c7c33903a424ca86f9ff5ea694ca5 - - 245026527e4e4aa494af50c21c8ce5e1 245026527e4e4aa494af50c21c8ce5e1] 10.0.0.107 "DELETE /resource_providers/e3753bba-2857-4030-b692-0fceb7221f01" status: 404 len: 246 microversion: 1.1 [pid: 8|app: 0|req: 538/1073] 10.0.0.107 () {34 vars in 823 bytes} [Tue May 12 17:43:39 2026] DELETE /resource_providers/e3753bba-2857-4030-b692-0fceb7221f01 => generated 246 bytes in 10 msecs (HTTP/1.1 404) 6 headers in 231 bytes (1 switches on core 0)
2026-05-12 17:43:39.943 7 INFO placement.requestlog [None req-1ef5bcd2-8b2e-476c-a9b9-b858c0bb7b4f a80aff6c40d24322ad9160b386e6296b b53c7c33903a424ca86f9ff5ea694ca5 - - 245026527e4e4aa494af50c21c8ce5e1 245026527e4e4aa494af50c21c8ce5e1] 10.0.0.107 "DELETE /resource_providers/e3753bba-2857-4030-b692-0fceb7221f01" status: 404 len: 246 microversion: 1.1 [pid: 7|app: 0|req: 536/1074] 10.0.0.107 () {34 vars in 823 bytes} [Tue May 12 17:43:39 2026] DELETE /resource_providers/e3753bba-2857-4030-b692-0fceb7221f01 => generated 246 bytes in 8 msecs (HTTP/1.1 404) 6 headers in 231 bytes (1 switches on core 0)
2026-05-12 17:43:41.959 8 INFO placement.requestlog [None req-23a350a8-8e4a-488f-b05d-7975929bb1c2 a80aff6c40d24322ad9160b386e6296b b53c7c33903a424ca86f9ff5ea694ca5 - - 245026527e4e4aa494af50c21c8ce5e1 245026527e4e4aa494af50c21c8ce5e1] 10.0.0.107 "GET /resource_providers/79c7241d-ec7d-41db-bea7-d87cfbe5d31a/aggregates" status: 404 len: 235 microversion: 1.1 [pid: 8|app: 0|req: 539/1075] 10.0.0.107 () {32 vars in 823 bytes} [Tue May 12 17:43:41 2026] GET /resource_providers/79c7241d-ec7d-41db-bea7-d87cfbe5d31a/aggregates => generated 235 bytes in 11 msecs (HTTP/1.1 404) 5 headers in 202 bytes (1 switches on core 0)
2026-05-12 17:43:41.966 7 INFO placement.requestlog [None req-1a6ac5dc-5a31-41a4-84d0-4e349b6f0248 a80aff6c40d24322ad9160b386e6296b b53c7c33903a424ca86f9ff5ea694ca5 - - 245026527e4e4aa494af50c21c8ce5e1 245026527e4e4aa494af50c21c8ce5e1] 10.0.0.107 "GET /resource_providers/79c7241d-ec7d-41db-bea7-d87cfbe5d31a/aggregates" status: 404 len: 235 microversion: 1.1 [pid: 7|app: 0|req: 537/1076] 10.0.0.107 () {32 vars in 823 bytes} [Tue May 12 17:43:41 2026] GET /resource_providers/79c7241d-ec7d-41db-bea7-d87cfbe5d31a/aggregates => generated 235 bytes in 9 msecs (HTTP/1.1 404) 5 headers in 202 bytes (1 switches on core 0)
2026-05-12 17:43:41.976 8 INFO placement.requestlog [None req-92472007-2ebe-4983-8c2d-9f11d08d1689 a80aff6c40d24322ad9160b386e6296b b53c7c33903a424ca86f9ff5ea694ca5 - - 245026527e4e4aa494af50c21c8ce5e1 245026527e4e4aa494af50c21c8ce5e1] 10.0.0.107 "DELETE /resource_providers/79c7241d-ec7d-41db-bea7-d87cfbe5d31a" status: 404 len: 246 microversion: 1.1 [pid: 8|app: 0|req: 540/1077] 10.0.0.107 () {34 vars in 823 bytes} [Tue May 12 17:43:41 2026] DELETE /resource_providers/79c7241d-ec7d-41db-bea7-d87cfbe5d31a => generated 246 bytes in 10 msecs (HTTP/1.1 404) 6 headers in 231 bytes (1 switches on core 0)
2026-05-12 17:43:41.981 7 INFO placement.requestlog [None req-482622f3-f488-435d-8e1a-6c07a937b887 a80aff6c40d24322ad9160b386e6296b b53c7c33903a424ca86f9ff5ea694ca5 - - 245026527e4e4aa494af50c21c8ce5e1 245026527e4e4aa494af50c21c8ce5e1] 10.0.0.107 "DELETE /resource_providers/79c7241d-ec7d-41db-bea7-d87cfbe5d31a" status: 404 len: 246 microversion: 1.1 [pid: 7|app: 0|req: 538/1078] 10.0.0.107 () {34 vars in 823 bytes} [Tue May 12 17:43:41 2026] DELETE /resource_providers/79c7241d-ec7d-41db-bea7-d87cfbe5d31a => generated 246 bytes in 11 msecs (HTTP/1.1 404) 6 headers in 231 bytes (1 switches on core 0)
2026-05-12 17:43:46.109 7 INFO placement.requestlog [None req-5eb59cf4-1ca2-4fa6-99fd-4228cd99cd7c - - - - - -] 10.0.0.145 "GET /" status: 200 len: 136 microversion: 1.0
2026-05-12 17:43:46.109 8 INFO placement.requestlog [None req-c2e646c9-3508-4058-b024-9db96b6a65e1 - - - - - -] 10.0.0.145 "GET /" status: 200 len: 136 microversion: 1.0
2026-05-12 17:43:47.749 7 INFO placement.requestlog [req-e25ba059-ee18-4a9d-b8c4-63005adc14f4 req-e3f074e3-ab80-4847-9981-aae7f8d238ee 805c42e37ba24e009a8c1386e0549c78 b53c7c33903a424ca86f9ff5ea694ca5 - - 245026527e4e4aa494af50c21c8ce5e1 245026527e4e4aa494af50c21c8ce5e1] 199.19.213.250 "GET /resource_providers/089954a8-3c32-4a84-85c6-d64c9206fe32/allocations" status: 200 len: 340 microversion: 1.0 [pid: 7|app: 0|req: 540/1081] 199.19.213.250 () {32 vars in 855 bytes} [Tue May 12 17:43:47 2026] GET /resource_providers/089954a8-3c32-4a84-85c6-d64c9206fe32/allocations => generated 340 bytes in 19 msecs (HTTP/1.1 200) 6 headers in 224 bytes (1 switches on core 0)
2026-05-12 17:43:47.772 8 INFO placement.requestlog [req-e25ba059-ee18-4a9d-b8c4-63005adc14f4 req-8093481e-d7d7-456e-a296-7c657a61d872 805c42e37ba24e009a8c1386e0549c78 b53c7c33903a424ca86f9ff5ea694ca5 - - 245026527e4e4aa494af50c21c8ce5e1 245026527e4e4aa494af50c21c8ce5e1] 199.19.213.250 "GET /resource_providers/089954a8-3c32-4a84-85c6-d64c9206fe32/allocations" status: 200 len: 340 microversion: 1.0 [pid: 8|app: 0|req: 542/1082] 199.19.213.250 () {32 vars in 855 bytes} [Tue May 12 17:43:47 2026] GET /resource_providers/089954a8-3c32-4a84-85c6-d64c9206fe32/allocations => generated 340 bytes in 18 msecs (HTTP/1.1 200) 6 headers in 224 bytes (1 switches on core 0)
2026-05-12 17:43:47.796 7 INFO placement.requestlog [req-e25ba059-ee18-4a9d-b8c4-63005adc14f4 req-07b18f27-5ca8-4a9a-9e76-e59329c368b7 805c42e37ba24e009a8c1386e0549c78 b53c7c33903a424ca86f9ff5ea694ca5 - - 245026527e4e4aa494af50c21c8ce5e1 245026527e4e4aa494af50c21c8ce5e1] 199.19.213.250 "GET /allocations/790fc675-e632-4d39-8a16-e47bd8df2b66" status: 200 len: 258 microversion: 1.28 [pid: 7|app: 0|req: 541/1083] 199.19.213.250 () {34 vars in 861 bytes} [Tue May 12 17:43:47 2026] GET /allocations/790fc675-e632-4d39-8a16-e47bd8df2b66 => generated 258 bytes in 15 msecs (HTTP/1.1 200) 8 headers in 296 bytes (1 switches on core 0)
2026-05-12 17:43:47.810 8 INFO placement.requestlog [req-e25ba059-ee18-4a9d-b8c4-63005adc14f4 req-db62f371-8e77-4501-9cfd-bf20372613bc 805c42e37ba24e009a8c1386e0549c78 b53c7c33903a424ca86f9ff5ea694ca5 - - 245026527e4e4aa494af50c21c8ce5e1 245026527e4e4aa494af50c21c8ce5e1] 199.19.213.250 "GET /allocations/ed3a98d9-6ca5-4853-a3a1-98af25ddc34f" status: 200 len: 258 microversion: 1.28 [pid: 8|app: 0|req: 543/1084] 199.19.213.250 () {34 vars in 861 bytes} [Tue May 12 17:43:47 2026] GET /allocations/ed3a98d9-6ca5-4853-a3a1-98af25ddc34f => generated 258 bytes in 10 msecs (HTTP/1.1 200) 8 headers in 296 bytes (1 switches on core 0)
2026-05-12 17:43:47.826 7 INFO placement.requestlog [req-e25ba059-ee18-4a9d-b8c4-63005adc14f4 req-2c77ca2f-70a4-49f9-a1c2-a2becea7b98e 805c42e37ba24e009a8c1386e0549c78 b53c7c33903a424ca86f9ff5ea694ca5 - - 245026527e4e4aa494af50c21c8ce5e1 245026527e4e4aa494af50c21c8ce5e1] 199.19.213.250 "GET /allocations/94bd289b-4212-40c5-8352-28cf425142f3" status: 200 len: 245 microversion: 1.28 [pid: 7|app: 0|req: 542/1085] 199.19.213.250 () {34 vars in 861 bytes} [Tue May 12 17:43:47 2026] GET /allocations/94bd289b-4212-40c5-8352-28cf425142f3 => generated 245 bytes in 11 msecs (HTTP/1.1 200) 8 headers in 296 bytes (1 switches on core 0)
2026-05-12 17:43:56.109 8 INFO placement.requestlog [None req-b5e74ebf-8688-4a83-bc29-00886094acf1 - - - - - -] 10.0.0.145 "GET /" status: 200 len: 136 microversion: 1.0
2026-05-12 17:43:56.109 7 INFO placement.requestlog [None req-374388ec-de93-40a2-9ab8-277af4957438 - - - - - -] 10.0.0.145 "GET /" status: 200 len: 136 microversion: 1.0
2026-05-12 17:44:04.045 8 INFO placement.requestlog [None req-e65102b4-c1a1-4f4b-a4f0-1b91fe61777b a80aff6c40d24322ad9160b386e6296b b53c7c33903a424ca86f9ff5ea694ca5 - - 245026527e4e4aa494af50c21c8ce5e1 245026527e4e4aa494af50c21c8ce5e1] 10.0.0.107 "GET /resource_providers/23ec206c-c62d-4ba4-9fbc-40a6d44321ad/aggregates" status: 404 len: 235 microversion: 1.1 [pid: 8|app: 0|req: 545/1088] 10.0.0.107 () {32 vars in 823 bytes} [Tue May 12 17:44:03 2026] GET /resource_providers/23ec206c-c62d-4ba4-9fbc-40a6d44321ad/aggregates => generated 235 bytes in 134 msecs (HTTP/1.1 404) 5 headers in 202 bytes (1 switches on core 0)
2026-05-12 17:44:04.053 7 INFO placement.requestlog [None req-944636f8-1092-450f-b7d6-2f336df4c789 a80aff6c40d24322ad9160b386e6296b b53c7c33903a424ca86f9ff5ea694ca5 - - 245026527e4e4aa494af50c21c8ce5e1 245026527e4e4aa494af50c21c8ce5e1] 10.0.0.107 "GET /resource_providers/23ec206c-c62d-4ba4-9fbc-40a6d44321ad/aggregates" status: 404 len: 235 microversion: 1.1 [pid: 7|app: 0|req: 544/1089] 10.0.0.107 () {32 vars in 823 bytes} [Tue May 12 17:44:03 2026] GET /resource_providers/23ec206c-c62d-4ba4-9fbc-40a6d44321ad/aggregates => generated 235 bytes in 140 msecs (HTTP/1.1 404) 5 headers in 202 bytes (1 switches on core 0)
2026-05-12 17:44:04.065 8 INFO placement.requestlog [None req-4c6100db-5fd7-49c6-a31f-d7808317436c a80aff6c40d24322ad9160b386e6296b b53c7c33903a424ca86f9ff5ea694ca5 - - 245026527e4e4aa494af50c21c8ce5e1 245026527e4e4aa494af50c21c8ce5e1] 10.0.0.107 "DELETE /resource_providers/23ec206c-c62d-4ba4-9fbc-40a6d44321ad" status: 404 len: 246 microversion: 1.1 [pid: 8|app: 0|req: 546/1090] 10.0.0.107 () {34 vars in 823 bytes} [Tue May 12 17:44:04 2026] DELETE /resource_providers/23ec206c-c62d-4ba4-9fbc-40a6d44321ad => generated 246 bytes in 15 msecs (HTTP/1.1 404) 6 headers in 231 bytes (1 switches on core 0)
2026-05-12 17:44:04.072 7 INFO placement.requestlog [None req-65b24856-9739-4fcf-ab39-61b348ab76c8 a80aff6c40d24322ad9160b386e6296b b53c7c33903a424ca86f9ff5ea694ca5 - - 245026527e4e4aa494af50c21c8ce5e1 245026527e4e4aa494af50c21c8ce5e1] 10.0.0.107 "DELETE /resource_providers/23ec206c-c62d-4ba4-9fbc-40a6d44321ad" status: 404 len: 246 microversion: 1.1 [pid: 7|app: 0|req: 545/1091] 10.0.0.107 () {34 vars in 823 bytes} [Tue May 12 17:44:04 2026] DELETE /resource_providers/23ec206c-c62d-4ba4-9fbc-40a6d44321ad => generated 246 bytes in 13 msecs (HTTP/1.1 404) 6 headers in 231 bytes (1 switches on core 0)
2026-05-12 17:44:06.089 7 INFO placement.requestlog [None req-f5980605-e8d1-42ee-8ddc-8632fc5abe3d a80aff6c40d24322ad9160b386e6296b b53c7c33903a424ca86f9ff5ea694ca5 - - 245026527e4e4aa494af50c21c8ce5e1 245026527e4e4aa494af50c21c8ce5e1] 10.0.0.107 "GET /resource_providers/c76f0639-a03a-4432-922b-8b651241c41d/aggregates" status: 404 len: 235 microversion: 1.1 [pid: 7|app: 0|req: 546/1092] 10.0.0.107 () {32 vars in 823 bytes} [Tue May 12 17:44:06 2026] GET /resource_providers/c76f0639-a03a-4432-922b-8b651241c41d/aggregates => generated 235 bytes in 10 msecs (HTTP/1.1 404) 5 headers in 202 bytes (1 switches on core 0)
