Aug 11 14:22:08.439752 np0000188610 devstack@neutron-api.service[102255]: DEBUG neutron_lib.callbacks.manager [None req-569931f4-8f43-4ed5-93cf-3cd7356fe2b5 None None] Publish callbacks ['neutron.plugins.ml2.plugin.Ml2Plugin._port_provisioned-163530'] for port (5a504e27-8a07-4a49-8095-172397ec9a02), provisioning_complete {{(pid=102255) _notify_loop /opt/stack/data/venv/lib/python3.12/site-packages/neutron_lib/callbacks/manager.py:184}}
Aug 11 14:22:08.440084 np0000188610 devstack@neutron-api.service[102255]: INFO neutron.plugins.ml2.plugin [None req-569931f4-8f43-4ed5-93cf-3cd7356fe2b5 None None] Attempt 1 to provision port 5a504e27-8a07-4a49-8095-172397ec9a02
Aug 11 14:22:08.454031 np0000188610 devstack@neutron-api.service[102256]: DEBUG neutron.plugins.ml2.drivers.ovn.mech_driver.ovsdb.ovsdb_monitor [None req-76b33648-fbe2-4409-94f2-5b824f72040d None None] Touching Hash Ring node "4dfa035934f556eeb3f4cadae87f959e" from IDL notify handler {{(pid=102256) notify /opt/stack/neutron/neutron/plugins/ml2/drivers/ovn/mech_driver/ovsdb/ovsdb_monitor.py:1091}}
Aug 11 14:22:08.470318 np0000188610 devstack@neutron-api.service[102256]: DEBUG neutron.plugins.ml2.drivers.ovn.mech_driver.ovsdb.ovsdb_monitor [None req-76b33648-fbe2-4409-94f2-5b824f72040d None None] Hash Ring: Node 4dfa035934f556eeb3f4cadae87f959e (host: np0000188610) handling event "update" for row 2f8f70d6-a61d-4a5c-8d27-d401ec929596 (table: Logical_Switch_Port) {{(pid=102256) notify /opt/stack/neutron/neutron/plugins/ml2/drivers/ovn/mech_driver/ovsdb/ovsdb_monitor.py:1099}}
Aug 11 14:22:08.476904 np0000188610 devstack@neutron-api.service[102256]: DEBUG neutron.plugins.ml2.drivers.ovn.mech_driver.ovsdb.ovsdb_monitor [None req-76b33648-fbe2-4409-94f2-5b824f72040d None None] Touching Hash Ring node "4dfa035934f556eeb3f4cadae87f959e" from IDL notify handler {{(pid=102256) notify /opt/stack/neutron/neutron/plugins/ml2/drivers/ovn/mech_driver/ovsdb/ovsdb_monitor.py:1091}}
Aug 11 14:22:08.484963 np0000188610 devstack@neutron-api.service[102256]: DEBUG neutron.plugins.ml2.drivers.ovn.mech_driver.ovsdb.ovsdb_monitor [None req-76b33648-fbe2-4409-94f2-5b824f72040d None None] Hash Ring: Node 4dfa035934f556eeb3f4cadae87f959e (host: np0000188610) handling event "create" for row 650a37a9-2d80-492e-a271-f2b964cab91e (table: NAT) {{(pid=102256) notify /opt/stack/neutron/neutron/plugins/ml2/drivers/ovn/mech_driver/ovsdb/ovsdb_monitor.py:1099}}
Aug 11 14:22:08.487988 np0000188610 devstack@neutron-api.service[102256]: DEBUG neutron.plugins.ml2.drivers.ovn.mech_driver.ovsdb.ovsdb_monitor [None req-76b33648-fbe2-4409-94f2-5b824f72040d None None] Touching Hash Ring node "4dfa035934f556eeb3f4cadae87f959e" from IDL notify handler {{(pid=102256) notify /opt/stack/neutron/neutron/plugins/ml2/drivers/ovn/mech_driver/ovsdb/ovsdb_monitor.py:1091}}
Aug 11 14:22:08.510231 np0000188610 devstack@neutron-api.service[102255]: DEBUG neutron.plugins.ml2.plugin [None req-569931f4-8f43-4ed5-93cf-3cd7356fe2b5 None None] Port 5a504e27-8a07-4a49-8095-172397ec9a02 cannot update to ACTIVE because it is not bound. {{(pid=102255) _port_provisioned /opt/stack/neutron/neutron/plugins/ml2/plugin.py:393}}
Aug 11 14:22:08.513185 np0000188610 devstack@neutron-api.service[102256]: DEBUG neutron.plugins.ml2.drivers.ovn.mech_driver.ovsdb.ovsdb_monitor [None req-76b33648-fbe2-4409-94f2-5b824f72040d None None] Hash Ring: Node 4dfa035934f556eeb3f4cadae87f959e (host: np0000188610) handling event "update" for row 2f8f70d6-a61d-4a5c-8d27-d401ec929596 (table: Logical_Switch_Port) {{(pid=102256) notify /opt/stack/neutron/neutron/plugins/ml2/drivers/ovn/mech_driver/ovsdb/ovsdb_monitor.py:1099}}
Aug 11 14:22:08.516331 np0000188610 devstack@neutron-api.service[102256]: DEBUG ovsdbapp.backend.ovs_idl.event [None req-76b33648-fbe2-4409-94f2-5b824f72040d None None] Matched UPDATE: LogicalSwitchPortUpdateUpEvent(events=('update',), table='Logical_Switch_Port', conditions=None, old_conditions=None), priority=20 to row=Logical_Switch_Port(uuid=2f8f70d6-a61d-4a5c-8d27-d401ec929596, addresses=['router'], dhcpv4_options=[], dhcpv6_options=[], dynamic_addresses=[], enabled=True, external_ids={'neutron:cidrs': '172.24.5.140/24', 'neutron:device_id': 'b5e2fdd8-64f1-4afe-ba7a-3d5052e7d16e', 'neutron:device_owner': 'network:router_gateway', 'neutron:mtu': '', 'neutron:network_name': 'neutron-4578532a-d4e2-4fcb-8748-c2c3c89e5d96', 'neutron:port_capabilities': '', 'neutron:port_name': '', 'neutron:project_id': '', 'neutron:revision_number': '1', 'neutron:security_group_ids': '', 'neutron:subnet_pool_addr_scope4': '', 'neutron:subnet_pool_addr_scope6': '', 'neutron:vnic_type': 'normal'}, ha_chassis_group=[], mirror_rules=[], name='5a504e27-8a07-4a49-8095-172397ec9a02', options={'exclude-lb-vips-from-garp': 'true', 'nat-addresses': 'router', 'router-port': 'lrp-5a504e27-8a07-4a49-8095-172397ec9a02'}, parent_name=[], port_security=[], tag=[], tag_request=[], type='router', up=True) old=Logical_Switch_Port(uuid=2f8f70d6-a61d-4a5c-8d27-d401ec929596, up=False) {{(pid=102256) matches /opt/stack/data/venv/lib/python3.12/site-packages/ovsdbapp/backend/ovs_idl/event.py:55}}
Aug 11 14:22:08.519173 np0000188610 devstack@neutron-api.service[102254]: INFO neutron.common.ovn.utils [None req-f62ae162-7936-4150-a475-f89ad10a433c None None] HA Chassis Group neutron-c0da6d88-89c2-462d-88f1-72c843ec7ab2 synchronized; highest priority chassis eac2efb6-2922-48ff-9fd6-c2dbebfb3d14
Aug 11 14:22:08.521637 np0000188610 devstack@neutron-api.service[102254]: DEBUG ovsdbapp.backend.ovs_idl.transaction [None req-fafef46e-06ad-474f-a5c2-f2fb5d025a4a None None] Running txn n=1 command(idx=0): HAChassisGroupAddCommand(_result=None, name=neutron-c0da6d88-89c2-462d-88f1-72c843ec7ab2, may_exist=True, columns={'external_ids': {'neutron:availability_zone_hints': '', 'neutron:network_id': 'c0da6d88-89c2-462d-88f1-72c843ec7ab2', 'neutron:router_id': 'b5e2fdd8-64f1-4afe-ba7a-3d5052e7d16e'}}) {{(pid=102254) do_commit /opt/stack/data/venv/lib/python3.12/site-packages/ovsdbapp/backend/ovs_idl/transaction.py:89}}
Aug 11 14:22:08.522063 np0000188610 devstack@neutron-api.service[102254]: DEBUG ovsdbapp.backend.ovs_idl.transaction [None req-fafef46e-06ad-474f-a5c2-f2fb5d025a4a None None] Running txn n=1 command(idx=1): HAChassisGroupAddChassisCommand(_result=None, hcg=neutron-c0da6d88-89c2-462d-88f1-72c843ec7ab2, chassis=eac2efb6-2922-48ff-9fd6-c2dbebfb3d14, priority=1, columns={}) {{(pid=102254) do_commit /opt/stack/data/venv/lib/python3.12/site-packages/ovsdbapp/backend/ovs_idl/transaction.py:89}}
Aug 11 14:22:08.523985 np0000188610 devstack@neutron-api.service[102254]: DEBUG neutron_lib.callbacks.manager [None req-18d84147-7a0c-4041-8197-9b68639de189 None None] Publish callbacks ['neutron.plugins.ml2.plugin.SecurityGroupDbMixin._ensure_default_security_group_handler-409550', 'neutron.services.ovn_l3.plugin.OVNL3RouterPlugin._port_update-8761259006980', 'neutron.db.l3_db.L3_NAT_dbonly_mixin._prevent_internal_ip_change_for_fip-8761260517236'] for port (5a504e27-8a07-4a49-8095-172397ec9a02), before_update {{(pid=102254) _notify_loop /opt/stack/data/venv/lib/python3.12/site-packages/neutron_lib/callbacks/manager.py:184}}
Aug 11 14:22:08.529850 np0000188610 devstack@neutron-api.service[102256]: DEBUG neutron.plugins.ml2.drivers.ovn.mech_driver.ovsdb.ovsdb_monitor [None req-76b33648-fbe2-4409-94f2-5b824f72040d None None] Touching Hash Ring node "4dfa035934f556eeb3f4cadae87f959e" from IDL notify handler {{(pid=102256) notify /opt/stack/neutron/neutron/plugins/ml2/drivers/ovn/mech_driver/ovsdb/ovsdb_monitor.py:1091}}
Aug 11 14:22:08.543871 np0000188610 devstack@neutron-api.service[102256]: DEBUG neutron_lib.callbacks.manager [None req-b4e010ee-1066-498b-9199-08c97597a365 None None] Publish callbacks ['neutron.plugins.ml2.plugin.SecurityGroupDbMixin._ensure_default_security_group_handler-485904', 'neutron.services.ovn_l3.plugin.OVNL3RouterPlugin._port_update-8761259470288', 'neutron.db.l3_db.L3_NAT_dbonly_mixin._prevent_internal_ip_change_for_fip-8761260519548'] for port (5a504e27-8a07-4a49-8095-172397ec9a02), before_update {{(pid=102256) _notify_loop /opt/stack/data/venv/lib/python3.12/site-packages/neutron_lib/callbacks/manager.py:184}}
Aug 11 14:22:08.544673 np0000188610 devstack@neutron-api.service[102255]: INFO neutron.db.ovn_revision_numbers_db [None req-2837b5e2-edad-4f54-a1b2-e2a1517fc598 admin admin] Successfully bumped revision number for resource b5e2fdd8-64f1-4afe-ba7a-3d5052e7d16e (type: routers) to 3
Aug 11 14:22:08.558397 np0000188610 devstack@neutron-api.service[102256]: DEBUG neutron.plugins.ml2.drivers.ovn.mech_driver.ovsdb.ovsdb_monitor [None req-76b33648-fbe2-4409-94f2-5b824f72040d None None] Hash Ring: Node 4dfa035934f556eeb3f4cadae87f959e (host: np0000188610) handling event "update" for row 4675d974-dfa6-484b-bcb8-7099368c46ae (table: Logical_Router_Port) {{(pid=102256) notify /opt/stack/neutron/neutron/plugins/ml2/drivers/ovn/mech_driver/ovsdb/ovsdb_monitor.py:1099}}
Aug 11 14:22:08.562338 np0000188610 devstack@neutron-api.service[102256]: DEBUG neutron.plugins.ml2.drivers.ovn.mech_driver.ovsdb.ovsdb_monitor [None req-76b33648-fbe2-4409-94f2-5b824f72040d None None] Touching Hash Ring node "4dfa035934f556eeb3f4cadae87f959e" from IDL notify handler {{(pid=102256) notify /opt/stack/neutron/neutron/plugins/ml2/drivers/ovn/mech_driver/ovsdb/ovsdb_monitor.py:1091}}
Aug 11 14:22:08.574554 np0000188610 devstack@neutron-api.service[102256]: DEBUG neutron.plugins.ml2.drivers.ovn.mech_driver.ovsdb.ovsdb_monitor [None req-76b33648-fbe2-4409-94f2-5b824f72040d None None] Hash Ring: Node 4dfa035934f556eeb3f4cadae87f959e (host: np0000188610) handling event "create" for row d94c17a0-afdb-4028-b86e-e4dbd0d94852 (table: HA_Chassis) {{(pid=102256) notify /opt/stack/neutron/neutron/plugins/ml2/drivers/ovn/mech_driver/ovsdb/ovsdb_monitor.py:1099}}
Aug 11 14:22:08.578144 np0000188610 devstack@neutron-api.service[102256]: DEBUG neutron.plugins.ml2.drivers.ovn.mech_driver.ovsdb.ovsdb_monitor [None req-76b33648-fbe2-4409-94f2-5b824f72040d None None] Touching Hash Ring node "4dfa035934f556eeb3f4cadae87f959e" from IDL notify handler {{(pid=102256) notify /opt/stack/neutron/neutron/plugins/ml2/drivers/ovn/mech_driver/ovsdb/ovsdb_monitor.py:1091}}
Aug 11 14:22:08.586133 np0000188610 devstack@neutron-api.service[102256]: DEBUG neutron.plugins.ml2.drivers.ovn.mech_driver.ovsdb.ovsdb_monitor [None req-76b33648-fbe2-4409-94f2-5b824f72040d None None] Hash Ring: Node 4dfa035934f556eeb3f4cadae87f959e (host: np0000188610) handling event "create" for row c8334fe2-76fa-4a87-9418-bc95b758f8ca (table: HA_Chassis_Group) {{(pid=102256) notify /opt/stack/neutron/neutron/plugins/ml2/drivers/ovn/mech_driver/ovsdb/ovsdb_monitor.py:1099}}
Aug 11 14:22:08.602214 np0000188610 devstack@neutron-api.service[102255]: INFO neutron.db.ovn_revision_numbers_db [None req-2837b5e2-edad-4f54-a1b2-e2a1517fc598 admin admin] Successfully bumped revision number for resource 5a504e27-8a07-4a49-8095-172397ec9a02 (type: router_ports) to 1
Aug 11 14:22:08.603550 np0000188610 devstack@neutron-api.service[102255]: DEBUG neutron.db.ovn_revision_numbers_db [None req-2837b5e2-edad-4f54-a1b2-e2a1517fc598 admin admin] delete_revision(5a504e27-8a07-4a49-8095-172397ec9a02) {{(pid=102255) delete_revision /opt/stack/neutron/neutron/db/ovn_revision_numbers_db.py:112}}
Aug 11 14:22:08.616637 np0000188610 devstack@neutron-api.service[102255]: [pid: 102255|app: 0|req: 6/25] 199.19.213.87 () {68 vars in 1532 bytes} [Tue Aug 11 14:22:06 2026] PUT /networking/v2.0/routers/b5e2fdd8-64f1-4afe-ba7a-3d5052e7d16e/update_external_gateways => generated 1033 bytes in 2318 msecs (HTTP/1.1 200) 4 headers in 158 bytes (1 switches on core 0)
Aug 11 14:22:08.705006 np0000188610 devstack@neutron-api.service[102256]: INFO neutron.common.ovn.utils [None req-5cd63308-cfa1-4bc8-99c4-1b1b409cffc4 None None] HA Chassis Group neutron-c0da6d88-89c2-462d-88f1-72c843ec7ab2 synchronized; highest priority chassis eac2efb6-2922-48ff-9fd6-c2dbebfb3d14
Aug 11 14:22:08.707662 np0000188610 devstack@neutron-api.service[102256]: DEBUG ovsdbapp.backend.ovs_idl.transaction [None req-76b33648-fbe2-4409-94f2-5b824f72040d None None] Running txn n=1 command(idx=0): DbSetCommand(_result=None, table=HA_Chassis_Group, record=neutron-c0da6d88-89c2-462d-88f1-72c843ec7ab2, col_values=(('external_ids', {'neutron:availability_zone_hints': '', 'neutron:network_id': 'c0da6d88-89c2-462d-88f1-72c843ec7ab2', 'neutron:router_id': 'b5e2fdd8-64f1-4afe-ba7a-3d5052e7d16e'}),), if_exists=True) {{(pid=102256) do_commit /opt/stack/data/venv/lib/python3.12/site-packages/ovsdbapp/backend/ovs_idl/transaction.py:89}}
Aug 11 14:22:08.709504 np0000188610 devstack@neutron-api.service[102256]: DEBUG ovsdbapp.backend.ovs_idl.transaction [None req-76b33648-fbe2-4409-94f2-5b824f72040d None None] Running txn n=1 command(idx=1): HAChassisGroupAddChassisCommand(_result=None, hcg=neutron-c0da6d88-89c2-462d-88f1-72c843ec7ab2, chassis=eac2efb6-2922-48ff-9fd6-c2dbebfb3d14, priority=1, columns={}) {{(pid=102256) do_commit /opt/stack/data/venv/lib/python3.12/site-packages/ovsdbapp/backend/ovs_idl/transaction.py:89}}
Aug 11 14:22:08.710046 np0000188610 devstack@neutron-api.service[102256]: DEBUG ovsdbapp.backend.ovs_idl.transaction [None req-76b33648-fbe2-4409-94f2-5b824f72040d None None] Transaction caused no change {{(pid=102256) do_commit /opt/stack/data/venv/lib/python3.12/site-packages/ovsdbapp/backend/ovs_idl/transaction.py:129}}
Aug 11 14:22:08.710511 np0000188610 devstack@neutron-api.service[102256]: INFO neutron.plugins.ml2.drivers.ovn.mech_driver.mech_driver [None req-5cd63308-cfa1-4bc8-99c4-1b1b409cffc4 None None] OVN reports status up for port: 5a504e27-8a07-4a49-8095-172397ec9a02
Aug 11 14:22:08.730672 np0000188610 devstack@neutron-api.service[102256]: DEBUG neutron.db.provisioning_blocks [None req-5cd63308-cfa1-4bc8-99c4-1b1b409cffc4 None None] Provisioning complete for port 5a504e27-8a07-4a49-8095-172397ec9a02 triggered by entity L2. {{(pid=102256) provisioning_complete /opt/stack/neutron/neutron/db/provisioning_blocks.py:141}}
Aug 11 14:22:08.730848 np0000188610 devstack@neutron-api.service[102256]: DEBUG neutron_lib.callbacks.manager [None req-5cd63308-cfa1-4bc8-99c4-1b1b409cffc4 None None] Publish callbacks ['neutron.plugins.ml2.plugin.Ml2Plugin._port_provisioned-201524'] for port (5a504e27-8a07-4a49-8095-172397ec9a02), provisioning_complete {{(pid=102256) _notify_loop /opt/stack/data/venv/lib/python3.12/site-packages/neutron_lib/callbacks/manager.py:184}}
Aug 11 14:22:08.730985 np0000188610 devstack@neutron-api.service[102256]: INFO neutron.plugins.ml2.plugin [None req-5cd63308-cfa1-4bc8-99c4-1b1b409cffc4 None None] Attempt 1 to provision port 5a504e27-8a07-4a49-8095-172397ec9a02
Aug 11 14:22:08.801093 np0000188610 devstack@neutron-api.service[102256]: DEBUG neutron.plugins.ml2.plugin [None req-5cd63308-cfa1-4bc8-99c4-1b1b409cffc4 None None] Port 5a504e27-8a07-4a49-8095-172397ec9a02 cannot update to ACTIVE because it is not bound. {{(pid=102256) _port_provisioned /opt/stack/neutron/neutron/plugins/ml2/plugin.py:393}}
Aug 11 14:22:08.863426 np0000188610 devstack@neutron-api.service[102256]: DEBUG neutron_lib.callbacks.manager [None req-b4e010ee-1066-498b-9199-08c97597a365 None None] Publish callbacks [] for port (5a504e27-8a07-4a49-8095-172397ec9a02), precommit_update {{(pid=102256) _notify_loop /opt/stack/data/venv/lib/python3.12/site-packages/neutron_lib/callbacks/manager.py:184}}
Aug 11 14:22:08.887768 np0000188610 devstack@neutron-api.service[102256]: DEBUG neutron.db.provisioning_blocks [None req-b4e010ee-1066-498b-9199-08c97597a365 None None] Transition to ACTIVE for port object 5a504e27-8a07-4a49-8095-172397ec9a02 will not be triggered until provisioned by entity L2. {{(pid=102256) add_provisioning_component /opt/stack/neutron/neutron/db/provisioning_blocks.py:74}}
Aug 11 14:22:08.939215 np0000188610 devstack@neutron-api.service[102255]: DEBUG neutron.plugins.ml2.drivers.ovn.mech_driver.ovsdb.ovsdb_monitor [None req-e1697578-63aa-4cf8-9ac2-04893db30080 None None] Touching Hash Ring node "75210ce48ca25d118ddbd6d6f4dca472" from IDL notify handler {{(pid=102255) notify /opt/stack/neutron/neutron/plugins/ml2/drivers/ovn/mech_driver/ovsdb/ovsdb_monitor.py:1091}}
Aug 11 14:22:08.940442 np0000188610 devstack@neutron-api.service[102256]: DEBUG neutron.plugins.ml2.drivers.ovn.mech_driver.ovsdb.ovsdb_monitor [None req-76b33648-fbe2-4409-94f2-5b824f72040d None None] Touching Hash Ring node "4dfa035934f556eeb3f4cadae87f959e" from IDL notify handler {{(pid=102256) notify /opt/stack/neutron/neutron/plugins/ml2/drivers/ovn/mech_driver/ovsdb/ovsdb_monitor.py:1091}}
Aug 11 14:22:08.948053 np0000188610 devstack@neutron-api.service[102255]: DEBUG neutron.plugins.ml2.drivers.ovn.mech_driver.ovsdb.ovsdb_monitor [None req-e1697578-63aa-4cf8-9ac2-04893db30080 None None] Hash Ring: Node 75210ce48ca25d118ddbd6d6f4dca472 (host: np0000188610) handling event "update" for row 59136ca3-18dd-49e3-83a2-fbdffadab698 (table: NB_Global) {{(pid=102255) notify /opt/stack/neutron/neutron/plugins/ml2/drivers/ovn/mech_driver/ovsdb/ovsdb_monitor.py:1099}}
Aug 11 14:22:08.950989 np0000188610 devstack@neutron-api.service[102256]: DEBUG neutron.plugins.ml2.drivers.ovn.mech_driver.ovsdb.ovsdb_monitor [None req-76b33648-fbe2-4409-94f2-5b824f72040d None None] Hash Ring: Node 4dfa035934f556eeb3f4cadae87f959e (host: np0000188610) handling event "update" for row 59136ca3-18dd-49e3-83a2-fbdffadab698 (table: NB_Global) {{(pid=102256) notify /opt/stack/neutron/neutron/plugins/ml2/drivers/ovn/mech_driver/ovsdb/ovsdb_monitor.py:1099}}
Aug 11 14:22:08.978542 np0000188610 devstack@neutron-api.service[102256]: DEBUG neutron_lib.callbacks.manager [None req-b4e010ee-1066-498b-9199-08c97597a365 None None] Publish callbacks ['neutron.plugins.ml2.ovo_rpc._ObjectChangeHandler.handle_event-1253852', 'neutron.services.ovn_l3.plugin.OVNL3RouterPlugin._port_update-8761259470288'] for port (5a504e27-8a07-4a49-8095-172397ec9a02), after_update {{(pid=102256) _notify_loop /opt/stack/data/venv/lib/python3.12/site-packages/neutron_lib/callbacks/manager.py:184}}
Aug 11 14:22:09.028491 np0000188610 devstack@neutron-api.service[102256]: DEBUG neutron.api.rpc.handlers.resources_rpc [None req-b4e010ee-1066-498b-9199-08c97597a365 None None] Pushing event updated for resources: {'Port': ['ID=5a504e27-8a07-4a49-8095-172397ec9a02,revision_number=2']} {{(pid=102256) push /opt/stack/neutron/neutron/api/rpc/handlers/resources_rpc.py:237}}
Aug 11 14:22:09.034640 np0000188610 devstack@neutron-api.service[102256]: DEBUG neutron.api.rpc.callbacks.version_manager [None req-b4e010ee-1066-498b-9199-08c97597a365 None None] Tracked resource versions report:
Aug 11 14:22:09.034640 np0000188610 devstack@neutron-api.service[102256]: pushed versions:
Aug 11 14:22:09.034640 np0000188610 devstack@neutron-api.service[102256]: { 'AddressGroup': {'1.2'},
Aug 11 14:22:09.034640 np0000188610 devstack@neutron-api.service[102256]: 'Agent': {'1.1'},
Aug 11 14:22:09.034640 np0000188610 devstack@neutron-api.service[102256]: 'ConntrackHelper': {'1.0'},
Aug 11 14:22:09.034640 np0000188610 devstack@neutron-api.service[102256]: 'LocalIPAssociation': {'1.0'},
Aug 11 14:22:09.034640 np0000188610 devstack@neutron-api.service[102256]: 'Log': {'1.0'},
Aug 11 14:22:09.034640 np0000188610 devstack@neutron-api.service[102256]: 'NDPProxy': {'1.0'},
Aug 11 14:22:09.034640 np0000188610 devstack@neutron-api.service[102256]: 'Network': {'1.3'},
Aug 11 14:22:09.034640 np0000188610 devstack@neutron-api.service[102256]: 'Port': {'1.11'},
Aug 11 14:22:09.034640 np0000188610 devstack@neutron-api.service[102256]: 'PortForwarding': {'1.3'},
Aug 11 14:22:09.034640 np0000188610 devstack@neutron-api.service[102256]: 'QosPolicy': {'1.10'},
Aug 11 14:22:09.034640 np0000188610 devstack@neutron-api.service[102256]: 'SecurityGroup': {'1.6'},
Aug 11 14:22:09.034640 np0000188610 devstack@neutron-api.service[102256]: 'SecurityGroupRule': {'1.3'},
Aug 11 14:22:09.034640 np0000188610 devstack@neutron-api.service[102256]: 'SubPort': {'1.0'},
Aug 11 14:22:09.034640 np0000188610 devstack@neutron-api.service[102256]: 'Subnet': {'1.2'},
Aug 11 14:22:09.034640 np0000188610 devstack@neutron-api.service[102256]: 'Trunk': {'1.1'}}
Aug 11 14:22:09.034640 np0000188610 devstack@neutron-api.service[102256]: consumer versions:
Aug 11 14:22:09.034640 np0000188610 devstack@neutron-api.service[102256]: { OVN Neutron agent@np0000188610: {},
Aug 11 14:22:09.034640 np0000188610 devstack@neutron-api.service[102256]: OVN Controller Gateway agent@np0000188610: {}}
Aug 11 14:22:09.034640 np0000188610 devstack@neutron-api.service[102256]: {{(pid=102256) report /opt/stack/neutron/neutron/api/rpc/callbacks/version_manager.py:183}}
Aug 11 14:22:09.105878 np0000188610 devstack@neutron-api.service[102254]: DEBUG neutron_lib.db.api [None req-18d84147-7a0c-4041-8197-9b68639de189 None None] Retry wrapper got retriable exception: UPDATE statement on table 'standardattributes' expected to update 1 row(s); 0 were matched. {{(pid=102254) wrapped /opt/stack/data/venv/lib/python3.12/site-packages/neutron_lib/db/api.py:185}}
Aug 11 14:22:09.105878 np0000188610 devstack@neutron-api.service[102254]: DEBUG oslo_db.api [None req-18d84147-7a0c-4041-8197-9b68639de189 None None] Performing DB retry for function neutron.plugins.ml2.plugin.Ml2Plugin.update_port {{(pid=102254) wrapper /opt/stack/data/venv/lib/python3.12/site-packages/oslo_db/api.py:155}}
Aug 11 14:22:09.177154 np0000188610 devstack@neutron-api.service[102256]: DEBUG neutron.plugins.ml2.drivers.ovn.mech_driver.ovsdb.commands [None req-b4e010ee-1066-498b-9199-08c97597a365 None None] Converting tag [] to a tag_request {{(pid=102256) _tag_column_to_tag_request /opt/stack/neutron/neutron/plugins/ml2/drivers/ovn/mech_driver/ovsdb/commands.py:227}}
Aug 11 14:22:09.179425 np0000188610 devstack@neutron-api.service[102256]: DEBUG ovsdbapp.backend.ovs_idl.transaction [None req-76b33648-fbe2-4409-94f2-5b824f72040d None None] Running txn n=1 command(idx=0): CheckRevisionNumberCommand(_result=None, name=5a504e27-8a07-4a49-8095-172397ec9a02, resource={'id': '5a504e27-8a07-4a49-8095-172397ec9a02', 'name': '', 'network_id': '4578532a-d4e2-4fcb-8748-c2c3c89e5d96', 'project_id': '', 'mac_address': 'fa:16:3e:ba:1e:5b', 'admin_state_up': True, 'status': 'DOWN', 'device_id': 'b5e2fdd8-64f1-4afe-ba7a-3d5052e7d16e', 'device_owner': 'network:router_gateway', 'standard_attr_id': 23, 'fixed_ips': [{'subnet_id': '2776ca8b-f19c-4ffd-987e-5600747e12ff', 'ip_address': '172.24.5.140'}], 'allowed_address_pairs': [], 'extra_dhcp_opts': [], 'security_groups': [], 'description': '', 'binding:vnic_type': 'normal', 'binding:profile': {}, 'binding:host_id': 'np0000188610', 'binding:vif_type': 'unbound', 'binding:vif_details': {}, 'port_security_enabled': False, 'tags': [], 'created_at': '2026-08-11T14:22:06Z', 'updated_at': '2026-08-11T14:22:06Z', 'revision_number': 1, 'tenant_id': '', 'network': {'id': '4578532a-d4e2-4fcb-8748-c2c3c89e5d96', 'name': 'public', 'tenant_id': '18b7b5972de64ef2aa660fd14e79b526', 'project_id': '18b7b5972de64ef2aa660fd14e79b526', 'admin_state_up': True, 'mtu': 1430, 'status': 'ACTIVE', 'subnets': ['2776ca8b-f19c-4ffd-987e-5600747e12ff'], 'standard_attr_id': 18, 'shared': False, 'availability_zone_hints': [], 'availability_zones': [], 'ipv4_address_scope': None, 'ipv6_address_scope': None, 'router:external': True, 'qinq': False, 'vlan_transparent': False, 'description': '', 'port_security_enabled': True, 'is_default': True, 'tags': [], 'created_at': '2026-08-11T14:22:02Z', 'updated_at': '2026-08-11T14:22:05Z', 'revision_number': 2, 'provider:network_type': 'flat', 'provider:physical_network': 'public', 'provider:segmentation_id': None}}, resource_type=ports, if_exists=True) {{(pid=102256) do_commit /opt/stack/data/venv/lib/python3.12/site-packages/ovsdbapp/backend/ovs_idl/transaction.py:89}}
Aug 11 14:22:09.179425 np0000188610 devstack@neutron-api.service[102256]: DEBUG ovsdbapp.backend.ovs_idl.transaction [None req-76b33648-fbe2-4409-94f2-5b824f72040d None None] Running txn n=1 command(idx=1): SetLSwitchPortCommand(_result=None, lport=5a504e27-8a07-4a49-8095-172397ec9a02, external_ids_update=None, columns={'external_ids': {'neutron:port_name': '', 'neutron:device_id': 'b5e2fdd8-64f1-4afe-ba7a-3d5052e7d16e', 'neutron:project_id': '', 'neutron:cidrs': '172.24.5.140/24', 'neutron:device_owner': 'network:router_gateway', 'neutron:subnet_pool_addr_scope4': '', 'neutron:subnet_pool_addr_scope6': '', 'neutron:network_name': 'neutron-4578532a-d4e2-4fcb-8748-c2c3c89e5d96', 'neutron:security_group_ids': '', 'neutron:revision_number': '1', 'neutron:vnic_type': 'normal', 'neutron:port_capabilities': '', 'neutron:mtu': ''}, 'parent_name': [], 'options': {'requested-chassis': 'np0000188610', 'exclude-lb-vips-from-garp': 'true', 'nat-addresses': 'router', 'router-port': 'lrp-5a504e27-8a07-4a49-8095-172397ec9a02'}, 'enabled': True, 'port_security': [], 'dhcpv4_options': [], 'dhcpv6_options': [], 'type': 'router', 'ha_chassis_group': [], 'tag_request': []}, if_exists=False) {{(pid=102256) do_commit /opt/stack/data/venv/lib/python3.12/site-packages/ovsdbapp/backend/ovs_idl/transaction.py:89}}
Aug 11 14:22:09.180806 np0000188610 devstack@neutron-api.service[102256]: DEBUG ovsdbapp.backend.ovs_idl.transaction [None req-76b33648-fbe2-4409-94f2-5b824f72040d None None] Running txn n=1 command(idx=2): PgDelPortCommand(_result=None, port_group=neutron_pg_drop, lsp=['5a504e27-8a07-4a49-8095-172397ec9a02'], if_exists=False) {{(pid=102256) do_commit /opt/stack/data/venv/lib/python3.12/site-packages/ovsdbapp/backend/ovs_idl/transaction.py:89}}
Aug 11 14:22:09.185046 np0000188610 devstack@neutron-api.service[102256]: DEBUG neutron.plugins.ml2.drivers.ovn.mech_driver.ovsdb.ovsdb_monitor [None req-76b33648-fbe2-4409-94f2-5b824f72040d None None] Touching Hash Ring node "4dfa035934f556eeb3f4cadae87f959e" from IDL notify handler {{(pid=102256) notify /opt/stack/neutron/neutron/plugins/ml2/drivers/ovn/mech_driver/ovsdb/ovsdb_monitor.py:1091}}
Aug 11 14:22:09.190954 np0000188610 devstack@neutron-api.service[102256]: DEBUG neutron.plugins.ml2.drivers.ovn.mech_driver.ovsdb.ovsdb_monitor [None req-76b33648-fbe2-4409-94f2-5b824f72040d None None] Hash Ring: Node 4dfa035934f556eeb3f4cadae87f959e (host: np0000188610) handling event "update" for row 2f8f70d6-a61d-4a5c-8d27-d401ec929596 (table: Logical_Switch_Port) {{(pid=102256) notify /opt/stack/neutron/neutron/plugins/ml2/drivers/ovn/mech_driver/ovsdb/ovsdb_monitor.py:1099}}
Aug 11 14:22:09.191531 np0000188610 devstack@neutron-api.service[102255]: DEBUG neutron.plugins.ml2.drivers.ovn.mech_driver.ovsdb.ovsdb_monitor [None req-e1697578-63aa-4cf8-9ac2-04893db30080 None None] Touching Hash Ring node "75210ce48ca25d118ddbd6d6f4dca472" from IDL notify handler {{(pid=102255) notify /opt/stack/neutron/neutron/plugins/ml2/drivers/ovn/mech_driver/ovsdb/ovsdb_monitor.py:1091}}
Aug 11 14:22:09.194826 np0000188610 devstack@neutron-api.service[102255]: DEBUG neutron.plugins.ml2.drivers.ovn.mech_driver.ovsdb.ovsdb_monitor [None req-e1697578-63aa-4cf8-9ac2-04893db30080 None None] Hash Ring: Node 75210ce48ca25d118ddbd6d6f4dca472 (host: np0000188610) handling event "update" for row 2f8f70d6-a61d-4a5c-8d27-d401ec929596 (table: Logical_Switch_Port) {{(pid=102255) notify /opt/stack/neutron/neutron/plugins/ml2/drivers/ovn/mech_driver/ovsdb/ovsdb_monitor.py:1099}}
Aug 11 14:22:09.233409 np0000188610 devstack@neutron-api.service[102256]: DEBUG neutron.plugins.ml2.managers [None req-b4e010ee-1066-498b-9199-08c97597a365 None None] Attempting to bind port 5a504e27-8a07-4a49-8095-172397ec9a02 on host np0000188610 for vnic_type normal with profile {{(pid=102256) bind_port /opt/stack/neutron/neutron/plugins/ml2/managers.py:865}}
Aug 11 14:22:09.233740 np0000188610 devstack@neutron-api.service[102256]: DEBUG neutron.plugins.ml2.managers [None req-b4e010ee-1066-498b-9199-08c97597a365 None None] Attempting to bind port 5a504e27-8a07-4a49-8095-172397ec9a02 by drivers ovn on host np0000188610 at level 0 using segments [{'id': '85bfe6b6-6576-45e1-b5c7-9b77cc40aedf', 'network_type': 'flat', 'physical_network': 'public', 'segmentation_id': None, 'network_id': '4578532a-d4e2-4fcb-8748-c2c3c89e5d96'}] {{(pid=102256) _bind_port_level /opt/stack/neutron/neutron/plugins/ml2/managers.py:890}}
Aug 11 14:22:09.235964 np0000188610 devstack@neutron-api.service[102256]: DEBUG neutron.plugins.ml2.drivers.ovn.mech_driver.mech_driver [None req-b4e010ee-1066-498b-9199-08c97597a365 None None] Attempting to bind port 5a504e27-8a07-4a49-8095-172397ec9a02 on host np0000188610 for network segment with type flat, segmentation ID None, physical network public {{(pid=102256) bind_port /opt/stack/neutron/neutron/plugins/ml2/drivers/ovn/mech_driver/mech_driver.py:1187}}
Aug 11 14:22:09.236932 np0000188610 devstack@neutron-api.service[102256]: DEBUG neutron.plugins.ml2.managers [None req-b4e010ee-1066-498b-9199-08c97597a365 None None] Bound port: 5a504e27-8a07-4a49-8095-172397ec9a02, host: np0000188610, vif_type: ovs, vif_details: {"port_filter": true, "connectivity": "l2", "ovs_create_tap": true, "bridge_name": "br-int", "datapath_type": "system"}, binding_levels: [{'bound_driver': 'ovn', 'bound_segment': {'id': '85bfe6b6-6576-45e1-b5c7-9b77cc40aedf', 'network_type': 'flat', 'physical_network': 'public', 'segmentation_id': None, 'network_id': '4578532a-d4e2-4fcb-8748-c2c3c89e5d96'}}] {{(pid=102256) _bind_port_level /opt/stack/neutron/neutron/plugins/ml2/managers.py:1001}}
Aug 11 14:22:09.237220 np0000188610 devstack@neutron-api.service[102256]: DEBUG neutron_lib.callbacks.manager [None req-b4e010ee-1066-498b-9199-08c97597a365 None None] Publish callbacks ['neutron.plugins.ml2.plugin.SecurityGroupDbMixin._ensure_default_security_group_handler-485904', 'neutron.services.ovn_l3.plugin.OVNL3RouterPlugin._port_update-8761259470288', 'neutron.db.l3_db.L3_NAT_dbonly_mixin._prevent_internal_ip_change_for_fip-8761260519548'] for port (5a504e27-8a07-4a49-8095-172397ec9a02), before_update {{(pid=102256) _notify_loop /opt/stack/data/venv/lib/python3.12/site-packages/neutron_lib/callbacks/manager.py:184}}
Aug 11 14:22:09.265288 np0000188610 devstack@neutron-api.service[102256]: DEBUG neutron.plugins.ml2.db [None req-b4e010ee-1066-498b-9199-08c97597a365 None None] For port 5a504e27-8a07-4a49-8095-172397ec9a02, host np0000188610, cleared binding levels {{(pid=102256) clear_binding_levels /opt/stack/neutron/neutron/plugins/ml2/db.py:87}}
Aug 11 14:22:09.267612 np0000188610 devstack@neutron-api.service[102256]: DEBUG neutron.plugins.ml2.db [None req-b4e010ee-1066-498b-9199-08c97597a365 None None] For port 5a504e27-8a07-4a49-8095-172397ec9a02, host np0000188610, set binding levels [PortBindingLevel(driver='ovn',host='np0000188610',level=0,port_id=5a504e27-8a07-4a49-8095-172397ec9a02,segment=NetworkSegment(85bfe6b6-6576-45e1-b5c7-9b77cc40aedf),segment_id=85bfe6b6-6576-45e1-b5c7-9b77cc40aedf)] {{(pid=102256) set_binding_levels /opt/stack/neutron/neutron/plugins/ml2/db.py:59}}
Aug 11 14:22:09.268753 np0000188610 devstack@neutron-api.service[102256]: DEBUG neutron.plugins.ml2.drivers.ovn.mech_driver.mech_driver [None req-b4e010ee-1066-498b-9199-08c97597a365 None None] No provisioning block for port 5a504e27-8a07-4a49-8095-172397ec9a02 since host unchanged {{(pid=102256) _is_port_provisioning_required /opt/stack/neutron/neutron/plugins/ml2/drivers/ovn/mech_driver/mech_driver.py:882}}
Aug 11 14:22:09.392452 np0000188610 devstack@neutron-api.service[102256]: [pid: 102256|app: 0|req: 8/26] 199.19.213.87 () {64 vars in 1520 bytes} [Tue Aug 11 14:22:09 2026] GET /networking/v2.0/ports?device_owner=network%3Arouter_gateway&fields=id&fields=name&fields=mac_address&fields=fixed_ips&fields=status => generated 212 bytes in 115 msecs (HTTP/1.1 200) 4 headers in 157 bytes (1 switches on core 0)
Aug 11 14:22:09.419755 np0000188610 devstack@neutron-api.service[102256]: DEBUG neutron_lib.callbacks.manager [None req-b4e010ee-1066-498b-9199-08c97597a365 None None] Publish callbacks ['neutron.plugins.ml2.ovo_rpc._ObjectChangeHandler.handle_event-1253852', 'neutron.services.ovn_l3.plugin.OVNL3RouterPlugin._port_update-8761259470288'] for port (5a504e27-8a07-4a49-8095-172397ec9a02), after_update {{(pid=102256) _notify_loop /opt/stack/data/venv/lib/python3.12/site-packages/neutron_lib/callbacks/manager.py:184}}
Aug 11 14:22:09.452746 np0000188610 devstack@neutron-api.service[102256]: DEBUG neutron.api.rpc.handlers.resources_rpc [None req-b4e010ee-1066-498b-9199-08c97597a365 None None] Pushing event updated for resources: {'Port': ['ID=5a504e27-8a07-4a49-8095-172397ec9a02,revision_number=4']} {{(pid=102256) push /opt/stack/neutron/neutron/api/rpc/handlers/resources_rpc.py:237}}
Aug 11 14:22:09.534354 np0000188610 devstack@neutron-api.service[102256]: DEBUG neutron.plugins.ml2.drivers.ovn.mech_driver.ovsdb.commands [None req-b4e010ee-1066-498b-9199-08c97597a365 None None] Converting tag [] to a tag_request {{(pid=102256) _tag_column_to_tag_request /opt/stack/neutron/neutron/plugins/ml2/drivers/ovn/mech_driver/ovsdb/commands.py:227}}
Aug 11 14:22:09.535743 np0000188610 devstack@neutron-api.service[102256]: DEBUG ovsdbapp.backend.ovs_idl.transaction [None req-76b33648-fbe2-4409-94f2-5b824f72040d None None] Running txn n=1 command(idx=0): CheckRevisionNumberCommand(_result=None, name=5a504e27-8a07-4a49-8095-172397ec9a02, resource={'id': '5a504e27-8a07-4a49-8095-172397ec9a02', 'name': '', 'network_id': '4578532a-d4e2-4fcb-8748-c2c3c89e5d96', 'project_id': '', 'mac_address': 'fa:16:3e:ba:1e:5b', 'admin_state_up': True, 'status': 'DOWN', 'device_id': 'b5e2fdd8-64f1-4afe-ba7a-3d5052e7d16e', 'device_owner': 'network:router_gateway', 'standard_attr_id': 23, 'fixed_ips': [{'subnet_id': '2776ca8b-f19c-4ffd-987e-5600747e12ff', 'ip_address': '172.24.5.140'}], 'allowed_address_pairs': [], 'extra_dhcp_opts': [], 'security_groups': [], 'description': '', 'binding:vnic_type': 'normal', 'binding:profile': {}, 'binding:host_id': 'np0000188610', 'binding:vif_type': 'ovs', 'binding:vif_details': {'port_filter': True, 'connectivity': 'l2', 'ovs_create_tap': True, 'bridge_name': 'br-int', 'datapath_type': 'system', 'bound_drivers': {'0': 'ovn'}}, 'port_security_enabled': False, 'tags': [], 'created_at': '2026-08-11T14:22:06Z', 'updated_at': '2026-08-11T14:22:09Z', 'revision_number': 4, 'tenant_id': '', 'network': {'id': '4578532a-d4e2-4fcb-8748-c2c3c89e5d96', 'name': 'public', 'tenant_id': '18b7b5972de64ef2aa660fd14e79b526', 'project_id': '18b7b5972de64ef2aa660fd14e79b526', 'admin_state_up': True, 'mtu': 1430, 'status': 'ACTIVE', 'subnets': ['2776ca8b-f19c-4ffd-987e-5600747e12ff'], 'standard_attr_id': 18, 'shared': False, 'availability_zone_hints': [], 'availability_zones': [], 'ipv4_address_scope': None, 'ipv6_address_scope': None, 'router:external': True, 'qinq': False, 'vlan_transparent': False, 'description': '', 'port_security_enabled': True, 'is_default': True, 'tags': [], 'created_at': '2026-08-11T14:22:02Z', 'updated_at': '2026-08-11T14:22:05Z', 'revision_number': 2, 'provider:network_type': 'flat', 'provider:physical_network': 'public', 'provider:segmentation_id': None}}, resource_type=ports, if_exists=True) {{(pid=102256) do_commit /opt/stack/data/venv/lib/python3.12/site-packages/ovsdbapp/backend/ovs_idl/transaction.py:89}}
Aug 11 14:22:09.536220 np0000188610 devstack@neutron-api.service[102256]: DEBUG ovsdbapp.backend.ovs_idl.transaction [None req-76b33648-fbe2-4409-94f2-5b824f72040d None None] Running txn n=1 command(idx=1): SetLSwitchPortCommand(_result=None, lport=5a504e27-8a07-4a49-8095-172397ec9a02, external_ids_update=None, columns={'external_ids': {'neutron:port_name': '', 'neutron:device_id': 'b5e2fdd8-64f1-4afe-ba7a-3d5052e7d16e', 'neutron:project_id': '', 'neutron:cidrs': '172.24.5.140/24', 'neutron:device_owner': 'network:router_gateway', 'neutron:subnet_pool_addr_scope4': '', 'neutron:subnet_pool_addr_scope6': '', 'neutron:network_name': 'neutron-4578532a-d4e2-4fcb-8748-c2c3c89e5d96', 'neutron:security_group_ids': '', 'neutron:revision_number': '4', 'neutron:vnic_type': 'normal', 'neutron:port_capabilities': '', 'neutron:mtu': ''}, 'parent_name': [], 'options': {'requested-chassis': 'np0000188610', 'exclude-lb-vips-from-garp': 'true', 'nat-addresses': 'router', 'router-port': 'lrp-5a504e27-8a07-4a49-8095-172397ec9a02'}, 'enabled': True, 'port_security': [], 'dhcpv4_options': [], 'dhcpv6_options': [], 'type': 'router', 'ha_chassis_group': [], 'tag_request': []}, if_exists=False) {{(pid=102256) do_commit /opt/stack/data/venv/lib/python3.12/site-packages/ovsdbapp/backend/ovs_idl/transaction.py:89}}
Aug 11 14:22:09.537484 np0000188610 devstack@neutron-api.service[102256]: DEBUG ovsdbapp.backend.ovs_idl.transaction [None req-76b33648-fbe2-4409-94f2-5b824f72040d None None] Running txn n=1 command(idx=2): PgDelPortCommand(_result=None, port_group=neutron_pg_drop, lsp=['5a504e27-8a07-4a49-8095-172397ec9a02'], if_exists=False) {{(pid=102256) do_commit /opt/stack/data/venv/lib/python3.12/site-packages/ovsdbapp/backend/ovs_idl/transaction.py:89}}
Aug 11 14:22:09.574084 np0000188610 devstack@neutron-api.service[102256]: DEBUG neutron.plugins.ml2.drivers.ovn.mech_driver.ovsdb.ovsdb_monitor [None req-76b33648-fbe2-4409-94f2-5b824f72040d None None] Touching Hash Ring node "4dfa035934f556eeb3f4cadae87f959e" from IDL notify handler {{(pid=102256) notify /opt/stack/neutron/neutron/plugins/ml2/drivers/ovn/mech_driver/ovsdb/ovsdb_monitor.py:1091}}
Aug 11 14:22:09.575706 np0000188610 devstack@neutron-api.service[102255]: DEBUG neutron.plugins.ml2.drivers.ovn.mech_driver.ovsdb.ovsdb_monitor [None req-e1697578-63aa-4cf8-9ac2-04893db30080 None None] Touching Hash Ring node "75210ce48ca25d118ddbd6d6f4dca472" from IDL notify handler {{(pid=102255) notify /opt/stack/neutron/neutron/plugins/ml2/drivers/ovn/mech_driver/ovsdb/ovsdb_monitor.py:1091}}
Aug 11 14:22:09.581516 np0000188610 devstack@neutron-api.service[102256]: DEBUG neutron.plugins.ml2.drivers.ovn.mech_driver.ovsdb.ovsdb_monitor [None req-f064f8a3-9eea-4b3e-8e96-ed22592bb053 None None] Touching Hash Ring node "4dfa035934f556eeb3f4cadae87f959e" from IDL notify handler {{(pid=102256) notify /opt/stack/neutron/neutron/plugins/ml2/drivers/ovn/mech_driver/ovsdb/ovsdb_monitor.py:1091}}
Aug 11 14:22:09.586406 np0000188610 devstack@neutron-api.service[102256]: DEBUG neutron.plugins.ml2.drivers.ovn.mech_driver.ovsdb.ovsdb_monitor [None req-76b33648-fbe2-4409-94f2-5b824f72040d None None] Hash Ring: Node 4dfa035934f556eeb3f4cadae87f959e (host: np0000188610) handling event "update" for row 2f8f70d6-a61d-4a5c-8d27-d401ec929596 (table: Logical_Switch_Port) {{(pid=102256) notify /opt/stack/neutron/neutron/plugins/ml2/drivers/ovn/mech_driver/ovsdb/ovsdb_monitor.py:1099}}
Aug 11 14:22:09.588291 np0000188610 devstack@neutron-api.service[102255]: DEBUG neutron.plugins.ml2.drivers.ovn.mech_driver.ovsdb.ovsdb_monitor [None req-e1697578-63aa-4cf8-9ac2-04893db30080 None None] Hash Ring: Node 75210ce48ca25d118ddbd6d6f4dca472 (host: np0000188610) handling event "update" for row 2f8f70d6-a61d-4a5c-8d27-d401ec929596 (table: Logical_Switch_Port) {{(pid=102255) notify /opt/stack/neutron/neutron/plugins/ml2/drivers/ovn/mech_driver/ovsdb/ovsdb_monitor.py:1099}}
Aug 11 14:22:09.591066 np0000188610 devstack@neutron-api.service[102256]: DEBUG neutron.plugins.ml2.drivers.ovn.mech_driver.ovsdb.ovsdb_monitor [None req-f064f8a3-9eea-4b3e-8e96-ed22592bb053 None None] Hash Ring: Node 4dfa035934f556eeb3f4cadae87f959e (host: np0000188610) handling event "update" for row f3f70c1e-4c10-4c36-860c-967af2fdb5d1 (table: Port_Binding) {{(pid=102256) notify /opt/stack/neutron/neutron/plugins/ml2/drivers/ovn/mech_driver/ovsdb/ovsdb_monitor.py:1099}}
Aug 11 14:22:09.619543 np0000188610 devstack@neutron-api.service[102256]: INFO neutron.db.ovn_revision_numbers_db [None req-b4e010ee-1066-498b-9199-08c97597a365 None None] Successfully bumped revision number for resource 5a504e27-8a07-4a49-8095-172397ec9a02 (type: ports) to 4
Aug 11 14:22:09.630793 np0000188610 devstack@neutron-api.service[102256]: DEBUG neutron.plugins.ml2.drivers.ovn.mech_driver.ovsdb.ovsdb_monitor [None req-76b33648-fbe2-4409-94f2-5b824f72040d None None] Touching Hash Ring node "4dfa035934f556eeb3f4cadae87f959e" from IDL notify handler {{(pid=102256) notify /opt/stack/neutron/neutron/plugins/ml2/drivers/ovn/mech_driver/ovsdb/ovsdb_monitor.py:1091}}
Aug 11 14:22:09.631528 np0000188610 devstack@neutron-api.service[102254]: DEBUG neutron_lib.callbacks.manager [None req-18d84147-7a0c-4041-8197-9b68639de189 None None] Publish callbacks ['neutron.plugins.ml2.plugin.SecurityGroupDbMixin._ensure_default_security_group_handler-409550', 'neutron.services.ovn_l3.plugin.OVNL3RouterPlugin._port_update-8761259006980', 'neutron.db.l3_db.L3_NAT_dbonly_mixin._prevent_internal_ip_change_for_fip-8761260517236'] for port (5a504e27-8a07-4a49-8095-172397ec9a02), before_update {{(pid=102254) _notify_loop /opt/stack/data/venv/lib/python3.12/site-packages/neutron_lib/callbacks/manager.py:184}}
Aug 11 14:22:09.635379 np0000188610 devstack@neutron-api.service[102255]: DEBUG neutron.plugins.ml2.drivers.ovn.mech_driver.ovsdb.ovsdb_monitor [None req-e1697578-63aa-4cf8-9ac2-04893db30080 None None] Touching Hash Ring node "75210ce48ca25d118ddbd6d6f4dca472" from IDL notify handler {{(pid=102255) notify /opt/stack/neutron/neutron/plugins/ml2/drivers/ovn/mech_driver/ovsdb/ovsdb_monitor.py:1091}}
Aug 11 14:22:09.637901 np0000188610 devstack@neutron-api.service[102256]: DEBUG neutron.plugins.ml2.drivers.ovn.mech_driver.ovsdb.ovsdb_monitor [None req-76b33648-fbe2-4409-94f2-5b824f72040d None None] Hash Ring: Node 4dfa035934f556eeb3f4cadae87f959e (host: np0000188610) handling event "update" for row 59136ca3-18dd-49e3-83a2-fbdffadab698 (table: NB_Global) {{(pid=102256) notify /opt/stack/neutron/neutron/plugins/ml2/drivers/ovn/mech_driver/ovsdb/ovsdb_monitor.py:1099}}
Aug 11 14:22:09.639433 np0000188610 devstack@neutron-api.service[102256]: DEBUG neutron.plugins.ml2.drivers.ovn.mech_driver.ovsdb.ovsdb_monitor [None req-76b33648-fbe2-4409-94f2-5b824f72040d None None] Touching Hash Ring node "4dfa035934f556eeb3f4cadae87f959e" from IDL notify handler {{(pid=102256) notify /opt/stack/neutron/neutron/plugins/ml2/drivers/ovn/mech_driver/ovsdb/ovsdb_monitor.py:1091}}
Aug 11 14:22:09.640381 np0000188610 devstack@neutron-api.service[102255]: DEBUG neutron.plugins.ml2.drivers.ovn.mech_driver.ovsdb.ovsdb_monitor [None req-e1697578-63aa-4cf8-9ac2-04893db30080 None None] Hash Ring: Node 75210ce48ca25d118ddbd6d6f4dca472 (host: np0000188610) handling event "update" for row 59136ca3-18dd-49e3-83a2-fbdffadab698 (table: NB_Global) {{(pid=102255) notify /opt/stack/neutron/neutron/plugins/ml2/drivers/ovn/mech_driver/ovsdb/ovsdb_monitor.py:1099}}
Aug 11 14:22:09.642685 np0000188610 devstack@neutron-api.service[102256]: DEBUG neutron.plugins.ml2.drivers.ovn.mech_driver.ovsdb.ovsdb_monitor [None req-76b33648-fbe2-4409-94f2-5b824f72040d None None] Hash Ring: Node 4dfa035934f556eeb3f4cadae87f959e (host: np0000188610) handling event "update" for row 59136ca3-18dd-49e3-83a2-fbdffadab698 (table: NB_Global) {{(pid=102256) notify /opt/stack/neutron/neutron/plugins/ml2/drivers/ovn/mech_driver/ovsdb/ovsdb_monitor.py:1099}}
Aug 11 14:22:09.643056 np0000188610 devstack@neutron-api.service[102256]: DEBUG ovsdbapp.backend.ovs_idl.transaction [None req-76b33648-fbe2-4409-94f2-5b824f72040d None None] Running txn n=1 command(idx=0): DbSetCommand(_result=None, table=Logical_Switch_Port, record=5a504e27-8a07-4a49-8095-172397ec9a02, col_values=(('external_ids', {'neutron:host_id': 'np0000188610'}),), if_exists=True) {{(pid=102256) do_commit /opt/stack/data/venv/lib/python3.12/site-packages/ovsdbapp/backend/ovs_idl/transaction.py:89}}
Aug 11 14:22:09.643314 np0000188610 devstack@neutron-api.service[102255]: DEBUG neutron.plugins.ml2.drivers.ovn.mech_driver.ovsdb.ovsdb_monitor [None req-e1697578-63aa-4cf8-9ac2-04893db30080 None None] Touching Hash Ring node "75210ce48ca25d118ddbd6d6f4dca472" from IDL notify handler {{(pid=102255) notify /opt/stack/neutron/neutron/plugins/ml2/drivers/ovn/mech_driver/ovsdb/ovsdb_monitor.py:1091}}
Aug 11 14:22:09.646891 np0000188610 devstack@neutron-api.service[102256]: DEBUG neutron.plugins.ml2.drivers.ovn.mech_driver.ovsdb.ovsdb_monitor [None req-76b33648-fbe2-4409-94f2-5b824f72040d None None] Touching Hash Ring node "4dfa035934f556eeb3f4cadae87f959e" from IDL notify handler {{(pid=102256) notify /opt/stack/neutron/neutron/plugins/ml2/drivers/ovn/mech_driver/ovsdb/ovsdb_monitor.py:1091}}
Aug 11 14:22:09.647739 np0000188610 devstack@neutron-api.service[102255]: DEBUG neutron.plugins.ml2.drivers.ovn.mech_driver.ovsdb.ovsdb_monitor [None req-e1697578-63aa-4cf8-9ac2-04893db30080 None None] Hash Ring: Node 75210ce48ca25d118ddbd6d6f4dca472 (host: np0000188610) handling event "update" for row 59136ca3-18dd-49e3-83a2-fbdffadab698 (table: NB_Global) {{(pid=102255) notify /opt/stack/neutron/neutron/plugins/ml2/drivers/ovn/mech_driver/ovsdb/ovsdb_monitor.py:1099}}
Aug 11 14:22:09.649487 np0000188610 devstack@neutron-api.service[102256]: DEBUG neutron.plugins.ml2.drivers.ovn.mech_driver.ovsdb.ovsdb_monitor [None req-76b33648-fbe2-4409-94f2-5b824f72040d None None] Hash Ring: Node 4dfa035934f556eeb3f4cadae87f959e (host: np0000188610) handling event "update" for row 2f8f70d6-a61d-4a5c-8d27-d401ec929596 (table: Logical_Switch_Port) {{(pid=102256) notify /opt/stack/neutron/neutron/plugins/ml2/drivers/ovn/mech_driver/ovsdb/ovsdb_monitor.py:1099}}
Aug 11 14:22:09.652924 np0000188610 devstack@neutron-api.service[102255]: DEBUG neutron.plugins.ml2.drivers.ovn.mech_driver.ovsdb.ovsdb_monitor [None req-e1697578-63aa-4cf8-9ac2-04893db30080 None None] Touching Hash Ring node "75210ce48ca25d118ddbd6d6f4dca472" from IDL notify handler {{(pid=102255) notify /opt/stack/neutron/neutron/plugins/ml2/drivers/ovn/mech_driver/ovsdb/ovsdb_monitor.py:1091}}
Aug 11 14:22:09.654032 np0000188610 devstack@neutron-api.service[102256]: DEBUG neutron.plugins.ml2.drivers.ovn.mech_driver.ovsdb.ovsdb_monitor [None req-76b33648-fbe2-4409-94f2-5b824f72040d None None] Touching Hash Ring node "4dfa035934f556eeb3f4cadae87f959e" from IDL notify handler {{(pid=102256) notify /opt/stack/neutron/neutron/plugins/ml2/drivers/ovn/mech_driver/ovsdb/ovsdb_monitor.py:1091}}
Aug 11 14:22:09.657262 np0000188610 devstack@neutron-api.service[102255]: DEBUG neutron.plugins.ml2.drivers.ovn.mech_driver.ovsdb.ovsdb_monitor [None req-e1697578-63aa-4cf8-9ac2-04893db30080 None None] Hash Ring: Node 75210ce48ca25d118ddbd6d6f4dca472 (host: np0000188610) handling event "update" for row 2f8f70d6-a61d-4a5c-8d27-d401ec929596 (table: Logical_Switch_Port) {{(pid=102255) notify /opt/stack/neutron/neutron/plugins/ml2/drivers/ovn/mech_driver/ovsdb/ovsdb_monitor.py:1099}}
Aug 11 14:22:09.657736 np0000188610 devstack@neutron-api.service[102256]: DEBUG neutron.plugins.ml2.drivers.ovn.mech_driver.ovsdb.ovsdb_monitor [None req-76b33648-fbe2-4409-94f2-5b824f72040d None None] Hash Ring: Node 4dfa035934f556eeb3f4cadae87f959e (host: np0000188610) handling event "update" for row 59136ca3-18dd-49e3-83a2-fbdffadab698 (table: NB_Global) {{(pid=102256) notify /opt/stack/neutron/neutron/plugins/ml2/drivers/ovn/mech_driver/ovsdb/ovsdb_monitor.py:1099}}
Aug 11 14:22:09.659009 np0000188610 devstack@neutron-api.service[102255]: DEBUG neutron.plugins.ml2.drivers.ovn.mech_driver.ovsdb.ovsdb_monitor [None req-e1697578-63aa-4cf8-9ac2-04893db30080 None None] Touching Hash Ring node "75210ce48ca25d118ddbd6d6f4dca472" from IDL notify handler {{(pid=102255) notify /opt/stack/neutron/neutron/plugins/ml2/drivers/ovn/mech_driver/ovsdb/ovsdb_monitor.py:1091}}
Aug 11 14:22:09.659308 np0000188610 devstack@neutron-api.service[102256]: DEBUG neutron.plugins.ml2.drivers.ovn.mech_driver.ovsdb.ovsdb_monitor [None req-f064f8a3-9eea-4b3e-8e96-ed22592bb053 None None] Touching Hash Ring node "4dfa035934f556eeb3f4cadae87f959e" from IDL notify handler {{(pid=102256) notify /opt/stack/neutron/neutron/plugins/ml2/drivers/ovn/mech_driver/ovsdb/ovsdb_monitor.py:1091}}
Aug 11 14:22:09.661022 np0000188610 devstack@neutron-api.service[102255]: DEBUG neutron.plugins.ml2.drivers.ovn.mech_driver.ovsdb.ovsdb_monitor [None req-e1697578-63aa-4cf8-9ac2-04893db30080 None None] Hash Ring: Node 75210ce48ca25d118ddbd6d6f4dca472 (host: np0000188610) handling event "update" for row 59136ca3-18dd-49e3-83a2-fbdffadab698 (table: NB_Global) {{(pid=102255) notify /opt/stack/neutron/neutron/plugins/ml2/drivers/ovn/mech_driver/ovsdb/ovsdb_monitor.py:1099}}
Aug 11 14:22:09.664139 np0000188610 devstack@neutron-api.service[102256]: DEBUG neutron.plugins.ml2.drivers.ovn.mech_driver.ovsdb.ovsdb_monitor [None req-f064f8a3-9eea-4b3e-8e96-ed22592bb053 None None] Hash Ring: Node 4dfa035934f556eeb3f4cadae87f959e (host: np0000188610) handling event "update" for row f3f70c1e-4c10-4c36-860c-967af2fdb5d1 (table: Port_Binding) {{(pid=102256) notify /opt/stack/neutron/neutron/plugins/ml2/drivers/ovn/mech_driver/ovsdb/ovsdb_monitor.py:1099}}
Aug 11 14:22:09.684547 np0000188610 devstack@neutron-api.service[102256]: DEBUG neutron.plugins.ml2.plugin [None req-b4e010ee-1066-498b-9199-08c97597a365 None None] Current status of the port 5a504e27-8a07-4a49-8095-172397ec9a02 is: DOWN; New status is: ACTIVE {{(pid=102256) _update_individual_port_db_status /opt/stack/neutron/neutron/plugins/ml2/plugin.py:2473}}
