2026-08-26 04:37:39.533 8 INFO neutron.api.extensions [None req-b6337715-210d-45f9-b3a0-f2c691db759b - - - - - -] Loaded extension: vpnaas
2026-08-26 04:37:39.534 7 INFO neutron.api.extensions [None req-aa4ddf8b-2739-4c24-8116-e110f10a54f8 - - - - - -] Loaded extension: net-mtu
2026-08-26 04:37:39.534 7 INFO neutron.api.extensions [None req-aa4ddf8b-2739-4c24-8116-e110f10a54f8 - - - - - -] Loaded extension: net-mtu-writable
2026-08-26 04:37:39.535 8 INFO neutron.api.extensions [None req-b6337715-210d-45f9-b3a0-f2c691db759b - - - - - -] Loaded extension: taas
2026-08-26 04:37:39.535 7 INFO neutron.api.extensions [None req-aa4ddf8b-2739-4c24-8116-e110f10a54f8 - - - - - -] Loaded extension: network_availability_zone
2026-08-26 04:37:39.536 8 INFO neutron.api.extensions [None req-b6337715-210d-45f9-b3a0-f2c691db759b - - - - - -] Loaded extension: tap-mirror
2026-08-26 04:37:39.536 8 INFO neutron.api.extensions [None req-b6337715-210d-45f9-b3a0-f2c691db759b - - - - - -] Loaded extension: taas-vlan-filter
2026-08-26 04:37:39.537 7 INFO neutron.api.extensions [None req-aa4ddf8b-2739-4c24-8116-e110f10a54f8 - - - - - -] Extension network_ha not supported by any of loaded plugins
2026-08-26 04:37:39.537 7 INFO neutron.api.extensions [None req-aa4ddf8b-2739-4c24-8116-e110f10a54f8 - - - - - -] Loaded extension: network-ip-availability
2026-08-26 04:37:39.538 7 INFO neutron.api.extensions [None req-aa4ddf8b-2739-4c24-8116-e110f10a54f8 - - - - - -] Extension network-segment-range not supported by any of loaded plugins
2026-08-26 04:37:39.538 8 INFO neutron.quota.resource_registry [None req-b6337715-210d-45f9-b3a0-f2c691db759b - - - - - -] Creating instance of TrackedResource for resource:network
2026-08-26 04:37:39.539 8 INFO neutron.quota.resource_registry [None req-b6337715-210d-45f9-b3a0-f2c691db759b - - - - - -] Creating instance of TrackedResource for resource:subnet
2026-08-26 04:37:39.539 7 INFO neutron.api.extensions [None req-aa4ddf8b-2739-4c24-8116-e110f10a54f8 - - - - - -] Loaded extension: pagination
2026-08-26 04:37:39.539 8 INFO neutron.quota.resource_registry [None req-b6337715-210d-45f9-b3a0-f2c691db759b - - - - - -] Creating instance of TrackedResource for resource:subnetpool
2026-08-26 04:37:39.539 8 INFO neutron.quota.resource_registry [None req-b6337715-210d-45f9-b3a0-f2c691db759b - - - - - -] Creating instance of TrackedResource for resource:port
2026-08-26 04:37:39.539 7 INFO neutron.api.extensions [None req-aa4ddf8b-2739-4c24-8116-e110f10a54f8 - - - - - -] Loaded extension: port-device-profile
2026-08-26 04:37:39.540 7 INFO neutron.api.extensions [None req-aa4ddf8b-2739-4c24-8116-e110f10a54f8 - - - - - -] Extension port-hardware-offload-type not supported by any of loaded plugins
2026-08-26 04:37:39.540 7 INFO neutron.api.extensions [None req-aa4ddf8b-2739-4c24-8116-e110f10a54f8 - - - - - -] Extension port-hint-ovs-tx-steering not supported by any of loaded plugins
2026-08-26 04:37:39.541 7 INFO neutron.api.extensions [None req-aa4ddf8b-2739-4c24-8116-e110f10a54f8 - - - - - -] Extension port-hints not supported by any of loaded plugins
2026-08-26 04:37:39.541 7 INFO neutron.api.extensions [None req-aa4ddf8b-2739-4c24-8116-e110f10a54f8 - - - - - -] Extension port-mac-override not supported by any of loaded plugins
2026-08-26 04:37:39.542 7 INFO neutron.api.extensions [None req-aa4ddf8b-2739-4c24-8116-e110f10a54f8 - - - - - -] Loaded extension: port-mac-address-regenerate
2026-08-26 04:37:39.542 8 INFO neutron.quota.resource_registry [None req-b6337715-210d-45f9-b3a0-f2c691db759b - - - - - -] Creating instance of TrackedResource for resource:router
2026-08-26 04:37:39.542 7 INFO neutron.api.extensions [None req-aa4ddf8b-2739-4c24-8116-e110f10a54f8 - - - - - -] Loaded extension: port-numa-affinity-policy
2026-08-26 04:37:39.542 8 INFO neutron.quota.resource_registry [None req-b6337715-210d-45f9-b3a0-f2c691db759b - - - - - -] Creating instance of TrackedResource for resource:floatingip
2026-08-26 04:37:39.543 7 INFO neutron.api.extensions [None req-aa4ddf8b-2739-4c24-8116-e110f10a54f8 - - - - - -] Loaded extension: port-numa-affinity-policy-socket
2026-08-26 04:37:39.543 7 INFO neutron.api.extensions [None req-aa4ddf8b-2739-4c24-8116-e110f10a54f8 - - - - - -] Loaded extension: port-resource-request
2026-08-26 04:37:39.544 7 INFO neutron.api.extensions [None req-aa4ddf8b-2739-4c24-8116-e110f10a54f8 - - - - - -] Loaded extension: port-resource-request-groups
2026-08-26 04:37:39.544 7 INFO neutron.api.extensions [None req-aa4ddf8b-2739-4c24-8116-e110f10a54f8 - - - - - -] Extension port-trusted-vif not supported by any of loaded plugins
2026-08-26 04:37:39.545 7 INFO neutron.api.extensions [None req-aa4ddf8b-2739-4c24-8116-e110f10a54f8 - - - - - -] Loaded extension: binding
2026-08-26 04:37:39.545 7 INFO neutron.api.extensions [None req-aa4ddf8b-2739-4c24-8116-e110f10a54f8 - - - - - -] Loaded extension: binding-extended
2026-08-26 04:37:39.546 7 INFO neutron.api.extensions [None req-aa4ddf8b-2739-4c24-8116-e110f10a54f8 - - - - - -] Loaded extension: port-security
2026-08-26 04:37:39.546 7 INFO neutron.api.extensions [None req-aa4ddf8b-2739-4c24-8116-e110f10a54f8 - - - - - -] Loaded extension: project-id
2026-08-26 04:37:39.547 7 INFO neutron.api.extensions [None req-aa4ddf8b-2739-4c24-8116-e110f10a54f8 - - - - - -] Loaded extension: provider
2026-08-26 04:37:39.547 8 INFO neutron.quota.resource_registry [None req-b6337715-210d-45f9-b3a0-f2c691db759b - - - - - -] Creating instance of CountableResource for resource:rbac_policy
2026-08-26 04:37:39.548 7 INFO neutron.api.extensions [None req-aa4ddf8b-2739-4c24-8116-e110f10a54f8 - - - - - -] Loaded extension: qinq
2026-08-26 04:37:39.548 8 INFO neutron.quota.resource_registry [None req-b6337715-210d-45f9-b3a0-f2c691db759b - - - - - -] Creating instance of TrackedResource for resource:security_group
2026-08-26 04:37:39.548 8 INFO neutron.quota.resource_registry [None req-b6337715-210d-45f9-b3a0-f2c691db759b - - - - - -] Creating instance of TrackedResource for resource:security_group_rule
2026-08-26 04:37:39.549 8 INFO neutron.quota.resource_registry [None req-b6337715-210d-45f9-b3a0-f2c691db759b - - - - - -] Creating instance of TrackedResource for resource:subnetpool
2026-08-26 04:37:39.549 8 WARNING neutron.quota.resource_registry [None req-b6337715-210d-45f9-b3a0-f2c691db759b - - - - - -] subnetpool is already registered
2026-08-26 04:37:39.550 7 INFO neutron.api.extensions [None req-aa4ddf8b-2739-4c24-8116-e110f10a54f8 - - - - - -] Loaded extension: qos
2026-08-26 04:37:39.550 8 INFO neutron.quota.resource_registry [None req-b6337715-210d-45f9-b3a0-f2c691db759b - - - - - -] Creating instance of CountableResource for resource:trunk
2026-08-26 04:37:39.550 8 INFO neutron.quota.resource_registry [None req-b6337715-210d-45f9-b3a0-f2c691db759b - - - - - -] Creating instance of CountableResource for resource:ikepolicy
2026-08-26 04:37:39.550 7 INFO neutron.api.extensions [None req-aa4ddf8b-2739-4c24-8116-e110f10a54f8 - - - - - -] Loaded extension: qos-bw-limit-direction
2026-08-26 04:37:39.550 8 INFO neutron.quota.resource_registry [None req-b6337715-210d-45f9-b3a0-f2c691db759b - - - - - -] Creating instance of CountableResource for resource:ipsecpolicy
2026-08-26 04:37:39.551 8 INFO neutron.quota.resource_registry [None req-b6337715-210d-45f9-b3a0-f2c691db759b - - - - - -] Creating instance of CountableResource for resource:endpoint_group
2026-08-26 04:37:39.551 7 INFO neutron.api.extensions [None req-aa4ddf8b-2739-4c24-8116-e110f10a54f8 - - - - - -] Loaded extension: qos-bw-minimum-ingress
2026-08-26 04:37:39.551 8 INFO neutron.quota.resource_registry [None req-b6337715-210d-45f9-b3a0-f2c691db759b - - - - - -] Creating instance of CountableResource for resource:vpnservice
2026-08-26 04:37:39.551 7 INFO neutron.api.extensions [None req-aa4ddf8b-2739-4c24-8116-e110f10a54f8 - - - - - -] Loaded extension: qos-default
2026-08-26 04:37:39.552 8 INFO neutron.quota.resource_registry [None req-b6337715-210d-45f9-b3a0-f2c691db759b - - - - - -] Creating instance of CountableResource for resource:ipsec_site_connection
2026-08-26 04:37:39.552 7 INFO neutron.api.extensions [None req-aa4ddf8b-2739-4c24-8116-e110f10a54f8 - - - - - -] Loaded extension: qos-fip
2026-08-26 04:37:39.552 8 INFO neutron.quota.resource_registry [None req-b6337715-210d-45f9-b3a0-f2c691db759b - - - - - -] Creating instance of CountableResource for resource:ipsecpolicy
2026-08-26 04:37:39.552 8 WARNING neutron.quota.resource_registry [None req-b6337715-210d-45f9-b3a0-f2c691db759b - - - - - -] ipsecpolicy is already registered
2026-08-26 04:37:39.552 7 INFO neutron.api.extensions [None req-aa4ddf8b-2739-4c24-8116-e110f10a54f8 - - - - - -] Extension qos-fip-network-policy not supported by any of loaded plugins
2026-08-26 04:37:39.553 8 INFO neutron.quota.resource_registry [None req-b6337715-210d-45f9-b3a0-f2c691db759b - - - - - -] Creating instance of CountableResource for resource:ikepolicy
2026-08-26 04:37:39.553 8 WARNING neutron.quota.resource_registry [None req-b6337715-210d-45f9-b3a0-f2c691db759b - - - - - -] ikepolicy is already registered
2026-08-26 04:37:39.553 7 INFO neutron.api.extensions [None req-aa4ddf8b-2739-4c24-8116-e110f10a54f8 - - - - - -] Loaded extension: qos-gateway-ip
2026-08-26 04:37:39.553 7 INFO neutron.api.extensions [None req-aa4ddf8b-2739-4c24-8116-e110f10a54f8 - - - - - -] Loaded extension: qos-port-network-policy
2026-08-26 04:37:39.554 7 INFO neutron.api.extensions [None req-aa4ddf8b-2739-4c24-8116-e110f10a54f8 - - - - - -] Loaded extension: qos-pps-minimum
2026-08-26 04:37:39.554 7 INFO neutron.api.extensions [None req-aa4ddf8b-2739-4c24-8116-e110f10a54f8 - - - - - -] Loaded extension: qos-pps-minimum-rule-alias
2026-08-26 04:37:39.555 7 INFO neutron.api.extensions [None req-aa4ddf8b-2739-4c24-8116-e110f10a54f8 - - - - - -] Loaded extension: qos-pps
2026-08-26 04:37:39.556 7 INFO neutron.api.extensions [None req-aa4ddf8b-2739-4c24-8116-e110f10a54f8 - - - - - -] Loaded extension: qos-rule-type-details
2026-08-26 04:37:39.556 7 INFO neutron.api.extensions [None req-aa4ddf8b-2739-4c24-8116-e110f10a54f8 - - - - - -] Loaded extension: qos-rule-type-filter
2026-08-26 04:37:39.557 7 INFO neutron.api.extensions [None req-aa4ddf8b-2739-4c24-8116-e110f10a54f8 - - - - - -] Loaded extension: qos-rules-alias
2026-08-26 04:37:39.557 8 INFO neutron.quota.resource_registry [None req-b6337715-210d-45f9-b3a0-f2c691db759b - - - - - -] Creating instance of TrackedResource for resource:router
2026-08-26 04:37:39.557 8 WARNING neutron.quota.resource_registry [None req-b6337715-210d-45f9-b3a0-f2c691db759b - - - - - -] router is already registered
2026-08-26 04:37:39.557 7 INFO neutron.api.extensions [None req-aa4ddf8b-2739-4c24-8116-e110f10a54f8 - - - - - -] Loaded extension: quota-check-limit
2026-08-26 04:37:39.557 8 INFO neutron.quota.resource_registry [None req-b6337715-210d-45f9-b3a0-f2c691db759b - - - - - -] Creating instance of TrackedResource for resource:floatingip
2026-08-26 04:37:39.558 8 WARNING neutron.quota.resource_registry [None req-b6337715-210d-45f9-b3a0-f2c691db759b - - - - - -] floatingip is already registered
2026-08-26 04:37:39.558 7 INFO neutron.api.extensions [None req-aa4ddf8b-2739-4c24-8116-e110f10a54f8 - - - - - -] Loaded extension: quota-check-limit-default
2026-08-26 04:37:39.560 7 INFO neutron.api.extensions [None req-aa4ddf8b-2739-4c24-8116-e110f10a54f8 - - - - - -] Loaded extension: quotas
2026-08-26 04:37:39.561 7 INFO neutron.api.extensions [None req-aa4ddf8b-2739-4c24-8116-e110f10a54f8 - - - - - -] Loaded extension: quota_details
2026-08-26 04:37:39.561 8 INFO neutron.quota.resource_registry [None req-b6337715-210d-45f9-b3a0-f2c691db759b - - - - - -] Creating instance of CountableResource for resource:rbac_policy
2026-08-26 04:37:39.562 8 WARNING neutron.quota.resource_registry [None req-b6337715-210d-45f9-b3a0-f2c691db759b - - - - - -] rbac_policy is already registered
2026-08-26 04:37:39.562 8 INFO neutron.quota.resource_registry [None req-b6337715-210d-45f9-b3a0-f2c691db759b - - - - - -] Creating instance of TrackedResource for resource:security_group
2026-08-26 04:37:39.562 7 INFO neutron.api.extensions [None req-aa4ddf8b-2739-4c24-8116-e110f10a54f8 - - - - - -] Loaded extension: rbac-policies
2026-08-26 04:37:39.562 8 WARNING neutron.quota.resource_registry [None req-b6337715-210d-45f9-b3a0-f2c691db759b - - - - - -] security_group is already registered
2026-08-26 04:37:39.563 8 INFO neutron.quota.resource_registry [None req-b6337715-210d-45f9-b3a0-f2c691db759b - - - - - -] Creating instance of TrackedResource for resource:security_group_rule
2026-08-26 04:37:39.563 7 INFO neutron.api.extensions [None req-aa4ddf8b-2739-4c24-8116-e110f10a54f8 - - - - - -] Extension rbac-address-group not supported by any of loaded plugins
2026-08-26 04:37:39.563 8 WARNING neutron.quota.resource_registry [None req-b6337715-210d-45f9-b3a0-f2c691db759b - - - - - -] security_group_rule is already registered
2026-08-26 04:37:39.563 7 INFO neutron.api.extensions [None req-aa4ddf8b-2739-4c24-8116-e110f10a54f8 - - - - - -] Loaded extension: rbac-address-scope
2026-08-26 04:37:39.564 7 INFO neutron.api.extensions [None req-aa4ddf8b-2739-4c24-8116-e110f10a54f8 - - - - - -] Loaded extension: rbac-security-groups
2026-08-26 04:37:39.564 7 INFO neutron.api.extensions [None req-aa4ddf8b-2739-4c24-8116-e110f10a54f8 - - - - - -] Extension rbac-subnetpool not supported by any of loaded plugins
2026-08-26 04:37:39.564 8 INFO neutron.quota.resource_registry [None req-b6337715-210d-45f9-b3a0-f2c691db759b - - - - - -] Creating instance of TrackedResource for resource:subnetpool
2026-08-26 04:37:39.565 8 WARNING neutron.quota.resource_registry [None req-b6337715-210d-45f9-b3a0-f2c691db759b - - - - - -] subnetpool is already registered
2026-08-26 04:37:39.565 7 INFO neutron.api.extensions [None req-aa4ddf8b-2739-4c24-8116-e110f10a54f8 - - - - - -] Loaded extension: revision-if-match
2026-08-26 04:37:39.565 8 INFO neutron.quota.resource_registry [None req-b6337715-210d-45f9-b3a0-f2c691db759b - - - - - -] Creating instance of CountableResource for resource:trunk
2026-08-26 04:37:39.565 8 WARNING neutron.quota.resource_registry [None req-b6337715-210d-45f9-b3a0-f2c691db759b - - - - - -] trunk is already registered
2026-08-26 04:37:39.565 7 INFO neutron.api.extensions [None req-aa4ddf8b-2739-4c24-8116-e110f10a54f8 - - - - - -] Loaded extension: standard-attr-revisions
2026-08-26 04:37:39.566 8 INFO neutron.quota.resource_registry [None req-b6337715-210d-45f9-b3a0-f2c691db759b - - - - - -] Creating instance of CountableResource for resource:ikepolicy
2026-08-26 04:37:39.566 8 WARNING neutron.quota.resource_registry [None req-b6337715-210d-45f9-b3a0-f2c691db759b - - - - - -] ikepolicy is already registered
2026-08-26 04:37:39.566 7 INFO neutron.api.extensions [None req-aa4ddf8b-2739-4c24-8116-e110f10a54f8 - - - - - -] Loaded extension: router_availability_zone
2026-08-26 04:37:39.566 8 INFO neutron.quota.resource_registry [None req-b6337715-210d-45f9-b3a0-f2c691db759b - - - - - -] Creating instance of CountableResource for resource:ipsecpolicy
2026-08-26 04:37:39.566 8 WARNING neutron.quota.resource_registry [None req-b6337715-210d-45f9-b3a0-f2c691db759b - - - - - -] ipsecpolicy is already registered
2026-08-26 04:37:39.567 7 INFO neutron.api.extensions [None req-aa4ddf8b-2739-4c24-8116-e110f10a54f8 - - - - - -] Extension router-service-type not supported by any of loaded plugins
2026-08-26 04:37:39.567 8 INFO neutron.quota.resource_registry [None req-b6337715-210d-45f9-b3a0-f2c691db759b - - - - - -] Creating instance of CountableResource for resource:endpoint_group
2026-08-26 04:37:39.567 8 WARNING neutron.quota.resource_registry [None req-b6337715-210d-45f9-b3a0-f2c691db759b - - - - - -] endpoint_group is already registered
2026-08-26 04:37:39.567 8 INFO neutron.quota.resource_registry [None req-b6337715-210d-45f9-b3a0-f2c691db759b - - - - - -] Creating instance of CountableResource for resource:vpnservice
2026-08-26 04:37:39.567 8 WARNING neutron.quota.resource_registry [None req-b6337715-210d-45f9-b3a0-f2c691db759b - - - - - -] vpnservice is already registered
2026-08-26 04:37:39.568 8 INFO neutron.quota.resource_registry [None req-b6337715-210d-45f9-b3a0-f2c691db759b - - - - - -] Creating instance of CountableResource for resource:ipsec_site_connection
2026-08-26 04:37:39.568 8 WARNING neutron.quota.resource_registry [None req-b6337715-210d-45f9-b3a0-f2c691db759b - - - - - -] ipsec_site_connection is already registered
2026-08-26 04:37:39.568 8 INFO neutron.quota.resource_registry [None req-b6337715-210d-45f9-b3a0-f2c691db759b - - - - - -] Creating instance of CountableResource for resource:ipsecpolicy
2026-08-26 04:37:39.568 8 WARNING neutron.quota.resource_registry [None req-b6337715-210d-45f9-b3a0-f2c691db759b - - - - - -] ipsecpolicy is already registered
2026-08-26 04:37:39.568 7 INFO neutron.api.extensions [None req-aa4ddf8b-2739-4c24-8116-e110f10a54f8 - - - - - -] Loaded extension: security-groups-default-rules
2026-08-26 04:37:39.569 8 INFO neutron.quota.resource_registry [None req-b6337715-210d-45f9-b3a0-f2c691db759b - - - - - -] Creating instance of CountableResource for resource:ikepolicy
2026-08-26 04:37:39.569 7 INFO neutron.api.extensions [None req-aa4ddf8b-2739-4c24-8116-e110f10a54f8 - - - - - -] Loaded extension: security-groups-normalized-cidr
2026-08-26 04:37:39.569 8 WARNING neutron.quota.resource_registry [None req-b6337715-210d-45f9-b3a0-f2c691db759b - - - - - -] ikepolicy is already registered
2026-08-26 04:37:39.569 7 INFO neutron.api.extensions [None req-aa4ddf8b-2739-4c24-8116-e110f10a54f8 - - - - - -] Extension port-security-groups-filtering not supported by any of loaded plugins
2026-08-26 04:37:39.573 7 INFO neutron.api.extensions [None req-aa4ddf8b-2739-4c24-8116-e110f10a54f8 - - - - - -] Loaded extension: security-groups-remote-address-group
2026-08-26 04:37:39.575 7 INFO neutron.api.extensions [None req-aa4ddf8b-2739-4c24-8116-e110f10a54f8 - - - - - -] Loaded extension: security-groups-rules-belongs-to-default-sg
2026-08-26 04:37:39.576 7 INFO neutron.api.extensions [None req-aa4ddf8b-2739-4c24-8116-e110f10a54f8 - - - - - -] Loaded extension: security-groups-shared-filtering
2026-08-26 04:37:39.586 7 INFO neutron.api.extensions [None req-aa4ddf8b-2739-4c24-8116-e110f10a54f8 - - - - - -] Loaded extension: security-group
2026-08-26 04:37:39.587 7 INFO neutron.api.extensions [None req-aa4ddf8b-2739-4c24-8116-e110f10a54f8 - - - - - -] Loaded extension: segment
2026-08-26 04:37:39.588 7 INFO neutron.api.extensions [None req-aa4ddf8b-2739-4c24-8116-e110f10a54f8 - - - - - -] Loaded extension: segments-peer-subnet-host-routes
2026-08-26 04:37:39.589 7 INFO neutron.api.extensions [None req-aa4ddf8b-2739-4c24-8116-e110f10a54f8 - - - - - -] Loaded extension: service-type
2026-08-26 04:37:39.589 7 INFO neutron.api.extensions [None req-aa4ddf8b-2739-4c24-8116-e110f10a54f8 - - - - - -] Loaded extension: sorting
2026-08-26 04:37:39.589 7 INFO neutron.api.extensions [None req-aa4ddf8b-2739-4c24-8116-e110f10a54f8 - - - - - -] Loaded extension: standard-attr-segment
2026-08-26 04:37:39.590 7 INFO neutron.api.extensions [None req-aa4ddf8b-2739-4c24-8116-e110f10a54f8 - - - - - -] Loaded extension: standard-attr-description
2026-08-26 04:37:39.591 7 INFO neutron.api.extensions [None req-aa4ddf8b-2739-4c24-8116-e110f10a54f8 - - - - - -] Loaded extension: stateful-security-group
2026-08-26 04:37:39.591 7 WARNING neutron.api.extensions [None req-aa4ddf8b-2739-4c24-8116-e110f10a54f8 - - - - - -] Did not find expected name "Stdattrs_common" in /var/lib/openstack/lib/python3.12/site-packages/neutron/extensions/stdattrs_common.py
2026-08-26 04:37:39.592 7 INFO neutron.api.extensions [None req-aa4ddf8b-2739-4c24-8116-e110f10a54f8 - - - - - -] Loaded extension: subnet-dns-publish-fixed-ip
2026-08-26 04:37:39.592 7 INFO neutron.api.extensions [None req-aa4ddf8b-2739-4c24-8116-e110f10a54f8 - - - - - -] Loaded extension: subnet-external-network
2026-08-26 04:37:39.593 7 INFO neutron.api.extensions [None req-aa4ddf8b-2739-4c24-8116-e110f10a54f8 - - - - - -] Extension subnet_onboard not supported by any of loaded plugins
2026-08-26 04:37:39.593 7 INFO neutron.api.extensions [None req-aa4ddf8b-2739-4c24-8116-e110f10a54f8 - - - - - -] Loaded extension: subnet-segmentid-writable
2026-08-26 04:37:39.594 7 INFO neutron.api.extensions [None req-aa4ddf8b-2739-4c24-8116-e110f10a54f8 - - - - - -] Loaded extension: subnet-service-types
2026-08-26 04:37:39.594 7 INFO neutron.api.extensions [None req-aa4ddf8b-2739-4c24-8116-e110f10a54f8 - - - - - -] Loaded extension: subnet_allocation
2026-08-26 04:37:39.595 7 INFO neutron.api.extensions [None req-aa4ddf8b-2739-4c24-8116-e110f10a54f8 - - - - - -] Loaded extension: subnetpool-prefix-ops
2026-08-26 04:37:39.596 7 INFO neutron.api.extensions [None req-aa4ddf8b-2739-4c24-8116-e110f10a54f8 - - - - - -] Loaded extension: tag-creation
2026-08-26 04:37:39.596 7 INFO neutron.api.extensions [None req-aa4ddf8b-2739-4c24-8116-e110f10a54f8 - - - - - -] Extension tag-ports-during-bulk-creation not supported by any of loaded plugins
2026-08-26 04:37:39.600 7 INFO neutron.api.extensions [None req-aa4ddf8b-2739-4c24-8116-e110f10a54f8 - - - - - -] Loaded extension: standard-attr-tag
2026-08-26 04:37:39.601 7 INFO neutron.api.extensions [None req-aa4ddf8b-2739-4c24-8116-e110f10a54f8 - - - - - -] Loaded extension: standard-attr-timestamp
2026-08-26 04:37:39.602 7 INFO neutron.api.extensions [None req-aa4ddf8b-2739-4c24-8116-e110f10a54f8 - - - - - -] Loaded extension: trunk
2026-08-26 04:37:39.602 7 INFO neutron.api.extensions [None req-aa4ddf8b-2739-4c24-8116-e110f10a54f8 - - - - - -] Loaded extension: trunk-details
2026-08-26 04:37:39.603 7 INFO neutron.api.extensions [None req-aa4ddf8b-2739-4c24-8116-e110f10a54f8 - - - - - -] Extension uplink-status-propagation not supported by any of loaded plugins
2026-08-26 04:37:39.603 7 INFO neutron.api.extensions [None req-aa4ddf8b-2739-4c24-8116-e110f10a54f8 - - - - - -] Extension uplink-status-propagation-updatable not supported by any of loaded plugins
2026-08-26 04:37:39.604 7 INFO neutron.api.extensions [None req-aa4ddf8b-2739-4c24-8116-e110f10a54f8 - - - - - -] Loaded extension: vlan-transparent
2026-08-26 04:37:39.604 7 INFO neutron.api.extensions [None req-aa4ddf8b-2739-4c24-8116-e110f10a54f8 - - - - - -] Loaded extension: vpn-aes-ctr
2026-08-26 04:37:39.605 8 WARNING keystonemiddleware._common.config [None req-b6337715-210d-45f9-b3a0-f2c691db759b - - - - - -] The option "audit_map_file" is not known to keystonemiddleware
2026-08-26 04:37:39.606 7 INFO neutron.api.extensions [None req-aa4ddf8b-2739-4c24-8116-e110f10a54f8 - - - - - -] Loaded extension: vpn-agent-scheduler
2026-08-26 04:37:39.607 7 INFO neutron.api.extensions [None req-aa4ddf8b-2739-4c24-8116-e110f10a54f8 - - - - - -] Loaded extension: vpn-endpoint-groups
2026-08-26 04:37:39.608 7 INFO neutron.api.extensions [None req-aa4ddf8b-2739-4c24-8116-e110f10a54f8 - - - - - -] Loaded extension: vpn-flavors
2026-08-26 04:37:39.609 7 INFO neutron.api.extensions [None req-aa4ddf8b-2739-4c24-8116-e110f10a54f8 - - - - - -] Loaded extension: vpnaas
2026-08-26 04:37:39.611 7 INFO neutron.api.extensions [None req-aa4ddf8b-2739-4c24-8116-e110f10a54f8 - - - - - -] Loaded extension: taas
2026-08-26 04:37:39.611 8 WARNING oslo_config.cfg [None req-b6337715-210d-45f9-b3a0-f2c691db759b - - - - - -] Deprecated: Option "auth_uri" from group "keystone_authtoken" is deprecated. Use option "www_authenticate_uri" from group "keystone_authtoken".
2026-08-26 04:37:39.612 7 INFO neutron.api.extensions [None req-aa4ddf8b-2739-4c24-8116-e110f10a54f8 - - - - - -] Loaded extension: tap-mirror
2026-08-26 04:37:39.612 7 INFO neutron.api.extensions [None req-aa4ddf8b-2739-4c24-8116-e110f10a54f8 - - - - - -] Loaded extension: taas-vlan-filter
2026-08-26 04:37:39.614 7 INFO neutron.quota.resource_registry [None req-aa4ddf8b-2739-4c24-8116-e110f10a54f8 - - - - - -] Creating instance of TrackedResource for resource:network
2026-08-26 04:37:39.615 7 INFO neutron.quota.resource_registry [None req-aa4ddf8b-2739-4c24-8116-e110f10a54f8 - - - - - -] Creating instance of TrackedResource for resource:subnet
2026-08-26 04:37:39.615 7 INFO neutron.quota.resource_registry [None req-aa4ddf8b-2739-4c24-8116-e110f10a54f8 - - - - - -] Creating instance of TrackedResource for resource:subnetpool
2026-08-26 04:37:39.615 7 INFO neutron.quota.resource_registry [None req-aa4ddf8b-2739-4c24-8116-e110f10a54f8 - - - - - -] Creating instance of TrackedResource for resource:port
2026-08-26 04:37:39.618 7 INFO neutron.quota.resource_registry [None req-aa4ddf8b-2739-4c24-8116-e110f10a54f8 - - - - - -] Creating instance of TrackedResource for resource:router
2026-08-26 04:37:39.618 7 INFO neutron.quota.resource_registry [None req-aa4ddf8b-2739-4c24-8116-e110f10a54f8 - - - - - -] Creating instance of TrackedResource for resource:floatingip
2026-08-26 04:37:39.623 7 INFO neutron.quota.resource_registry [None req-aa4ddf8b-2739-4c24-8116-e110f10a54f8 - - - - - -] Creating instance of CountableResource for resource:rbac_policy
2026-08-26 04:37:39.624 7 INFO neutron.quota.resource_registry [None req-aa4ddf8b-2739-4c24-8116-e110f10a54f8 - - - - - -] Creating instance of TrackedResource for resource:security_group
2026-08-26 04:37:39.624 7 INFO neutron.quota.resource_registry [None req-aa4ddf8b-2739-4c24-8116-e110f10a54f8 - - - - - -] Creating instance of TrackedResource for resource:security_group_rule
2026-08-26 04:37:39.625 7 INFO neutron.quota.resource_registry [None req-aa4ddf8b-2739-4c24-8116-e110f10a54f8 - - - - - -] Creating instance of TrackedResource for resource:subnetpool
2026-08-26 04:37:39.625 7 WARNING neutron.quota.resource_registry [None req-aa4ddf8b-2739-4c24-8116-e110f10a54f8 - - - - - -] subnetpool is already registered
2026-08-26 04:37:39.626 7 INFO neutron.quota.resource_registry [None req-aa4ddf8b-2739-4c24-8116-e110f10a54f8 - - - - - -] Creating instance of CountableResource for resource:trunk
2026-08-26 04:37:39.626 7 INFO neutron.quota.resource_registry [None req-aa4ddf8b-2739-4c24-8116-e110f10a54f8 - - - - - -] Creating instance of CountableResource for resource:ikepolicy
2026-08-26 04:37:39.626 7 INFO neutron.quota.resource_registry [None req-aa4ddf8b-2739-4c24-8116-e110f10a54f8 - - - - - -] Creating instance of CountableResource for resource:ipsecpolicy
2026-08-26 04:37:39.627 7 INFO neutron.quota.resource_registry [None req-aa4ddf8b-2739-4c24-8116-e110f10a54f8 - - - - - -] Creating instance of CountableResource for resource:endpoint_group
2026-08-26 04:37:39.627 7 INFO neutron.quota.resource_registry [None req-aa4ddf8b-2739-4c24-8116-e110f10a54f8 - - - - - -] Creating instance of CountableResource for resource:vpnservice
2026-08-26 04:37:39.628 7 INFO neutron.quota.resource_registry [None req-aa4ddf8b-2739-4c24-8116-e110f10a54f8 - - - - - -] Creating instance of CountableResource for resource:ipsec_site_connection
2026-08-26 04:37:39.628 7 INFO neutron.quota.resource_registry [None req-aa4ddf8b-2739-4c24-8116-e110f10a54f8 - - - - - -] Creating instance of CountableResource for resource:ipsecpolicy
2026-08-26 04:37:39.628 7 WARNING neutron.quota.resource_registry [None req-aa4ddf8b-2739-4c24-8116-e110f10a54f8 - - - - - -] ipsecpolicy is already registered
2026-08-26 04:37:39.629 7 INFO neutron.quota.resource_registry [None req-aa4ddf8b-2739-4c24-8116-e110f10a54f8 - - - - - -] Creating instance of CountableResource for resource:ikepolicy
2026-08-26 04:37:39.629 7 WARNING neutron.quota.resource_registry [None req-aa4ddf8b-2739-4c24-8116-e110f10a54f8 - - - - - -] ikepolicy is already registered
2026-08-26 04:37:39.631 8 WARNING neutron.plugins.ml2.drivers.ovn.mech_driver.mech_driver [None req-b6337715-210d-45f9-b3a0-f2c691db759b - - - - - -] uWSGI must provide a start time using the configuration parameter "start-time %t" in the configuration file
2026-08-26 04:37:39.633 7 INFO neutron.quota.resource_registry [None req-aa4ddf8b-2739-4c24-8116-e110f10a54f8 - - - - - -] Creating instance of TrackedResource for resource:router
2026-08-26 04:37:39.633 7 WARNING neutron.quota.resource_registry [None req-aa4ddf8b-2739-4c24-8116-e110f10a54f8 - - - - - -] router is already registered
2026-08-26 04:37:39.633 7 INFO neutron.quota.resource_registry [None req-aa4ddf8b-2739-4c24-8116-e110f10a54f8 - - - - - -] Creating instance of TrackedResource for resource:floatingip
2026-08-26 04:37:39.634 7 WARNING neutron.quota.resource_registry [None req-aa4ddf8b-2739-4c24-8116-e110f10a54f8 - - - - - -] floatingip is already registered
2026-08-26 04:37:39.638 7 INFO neutron.quota.resource_registry [None req-aa4ddf8b-2739-4c24-8116-e110f10a54f8 - - - - - -] Creating instance of CountableResource for resource:rbac_policy
2026-08-26 04:37:39.638 7 WARNING neutron.quota.resource_registry [None req-aa4ddf8b-2739-4c24-8116-e110f10a54f8 - - - - - -] rbac_policy is already registered
2026-08-26 04:37:39.638 7 INFO neutron.quota.resource_registry [None req-aa4ddf8b-2739-4c24-8116-e110f10a54f8 - - - - - -] Creating instance of TrackedResource for resource:security_group
2026-08-26 04:37:39.638 7 WARNING neutron.quota.resource_registry [None req-aa4ddf8b-2739-4c24-8116-e110f10a54f8 - - - - - -] security_group is already registered
2026-08-26 04:37:39.639 7 INFO neutron.quota.resource_registry [None req-aa4ddf8b-2739-4c24-8116-e110f10a54f8 - - - - - -] Creating instance of TrackedResource for resource:security_group_rule
2026-08-26 04:37:39.639 7 WARNING neutron.quota.resource_registry [None req-aa4ddf8b-2739-4c24-8116-e110f10a54f8 - - - - - -] security_group_rule is already registered
2026-08-26 04:37:39.640 7 INFO neutron.quota.resource_registry [None req-aa4ddf8b-2739-4c24-8116-e110f10a54f8 - - - - - -] Creating instance of TrackedResource for resource:subnetpool
2026-08-26 04:37:39.641 7 WARNING neutron.quota.resource_registry [None req-aa4ddf8b-2739-4c24-8116-e110f10a54f8 - - - - - -] subnetpool is already registered
2026-08-26 04:37:39.641 7 INFO neutron.quota.resource_registry [None req-aa4ddf8b-2739-4c24-8116-e110f10a54f8 - - - - - -] Creating instance of CountableResource for resource:trunk
2026-08-26 04:37:39.641 7 WARNING neutron.quota.resource_registry [None req-aa4ddf8b-2739-4c24-8116-e110f10a54f8 - - - - - -] trunk is already registered
2026-08-26 04:37:39.641 7 INFO neutron.quota.resource_registry [None req-aa4ddf8b-2739-4c24-8116-e110f10a54f8 - - - - - -] Creating instance of CountableResource for resource:ikepolicy
2026-08-26 04:37:39.642 7 WARNING neutron.quota.resource_registry [None req-aa4ddf8b-2739-4c24-8116-e110f10a54f8 - - - - - -] ikepolicy is already registered
2026-08-26 04:37:39.642 7 INFO neutron.quota.resource_registry [None req-aa4ddf8b-2739-4c24-8116-e110f10a54f8 - - - - - -] Creating instance of CountableResource for resource:ipsecpolicy
2026-08-26 04:37:39.642 7 WARNING neutron.quota.resource_registry [None req-aa4ddf8b-2739-4c24-8116-e110f10a54f8 - - - - - -] ipsecpolicy is already registered
2026-08-26 04:37:39.642 7 INFO neutron.quota.resource_registry [None req-aa4ddf8b-2739-4c24-8116-e110f10a54f8 - - - - - -] Creating instance of CountableResource for resource:endpoint_group
2026-08-26 04:37:39.643 7 WARNING neutron.quota.resource_registry [None req-aa4ddf8b-2739-4c24-8116-e110f10a54f8 - - - - - -] endpoint_group is already registered
2026-08-26 04:37:39.643 7 INFO neutron.quota.resource_registry [None req-aa4ddf8b-2739-4c24-8116-e110f10a54f8 - - - - - -] Creating instance of CountableResource for resource:vpnservice
2026-08-26 04:37:39.643 7 WARNING neutron.quota.resource_registry [None req-aa4ddf8b-2739-4c24-8116-e110f10a54f8 - - - - - -] vpnservice is already registered
2026-08-26 04:37:39.643 7 INFO neutron.quota.resource_registry [None req-aa4ddf8b-2739-4c24-8116-e110f10a54f8 - - - - - -] Creating instance of CountableResource for resource:ipsec_site_connection
2026-08-26 04:37:39.644 7 WARNING neutron.quota.resource_registry [None req-aa4ddf8b-2739-4c24-8116-e110f10a54f8 - - - - - -] ipsec_site_connection is already registered
2026-08-26 04:37:39.644 7 INFO neutron.quota.resource_registry [None req-aa4ddf8b-2739-4c24-8116-e110f10a54f8 - - - - - -] Creating instance of CountableResource for resource:ipsecpolicy
2026-08-26 04:37:39.644 7 WARNING neutron.quota.resource_registry [None req-aa4ddf8b-2739-4c24-8116-e110f10a54f8 - - - - - -] ipsecpolicy is already registered
2026-08-26 04:37:39.644 7 INFO neutron.quota.resource_registry [None req-aa4ddf8b-2739-4c24-8116-e110f10a54f8 - - - - - -] Creating instance of CountableResource for resource:ikepolicy
2026-08-26 04:37:39.644 8 INFO neutron.db.ovn_hash_ring_db [None req-b6337715-210d-45f9-b3a0-f2c691db759b - - - - - -] Nodes from host "neutron-server-7dcb9564b7-5ghr4" and group "mechanism_driver" removed from the Hash Ring created at
2026-08-26 04:37:39+00:00
2026-08-26 04:37:39.645 7 WARNING neutron.quota.resource_registry [None req-aa4ddf8b-2739-4c24-8116-e110f10a54f8 - - - - - -] ikepolicy is already registered
2026-08-26 04:37:39.647 8 INFO neutron.db.ovn_hash_ring_db [None req-b6337715-210d-45f9-b3a0-f2c691db759b - - - - - -] Node f8c72ca672e05f3482d3693cc791720d from host "neutron-server-7dcb9564b7-5ghr4" and group "mechanism_driver" added to the Hash Ring
2026-08-26 04:37:39.656 8 INFO neutron.plugins.ml2.drivers.ovn.mech_driver.mech_driver [None req-b6337715-210d-45f9-b3a0-f2c691db759b - - - - - -] Hash Ring probing thread for node f8c72ca672e05f3482d3693cc791720d has started
2026-08-26 04:37:39.657 8 INFO neutron.plugins.ml2.drivers.ovn.mech_driver.ovsdb.impl_idl_ovn [None req-b6337715-210d-45f9-b3a0-f2c691db759b - - - - - -] Getting OvsdbNbOvnIdl for WorkerService with retry
2026-08-26 04:37:39.682 7 WARNING keystonemiddleware._common.config [None req-aa4ddf8b-2739-4c24-8116-e110f10a54f8 - - - - - -] The option "audit_map_file" is not known to keystonemiddleware
2026-08-26 04:37:39.689 8 INFO ovsdbapp.backend.ovs_idl.vlog [None req-b6337715-210d-45f9-b3a0-f2c691db759b - - - - - -] tcp:10.109.117.78:6641: connecting...
2026-08-26 04:37:39.689 7 WARNING oslo_config.cfg [None req-aa4ddf8b-2739-4c24-8116-e110f10a54f8 - - - - - -] Deprecated: Option "auth_uri" from group "keystone_authtoken" is deprecated. Use option "www_authenticate_uri" from group "keystone_authtoken".
2026-08-26 04:37:39.689 8 INFO ovsdbapp.backend.ovs_idl.vlog [None req-b6337715-210d-45f9-b3a0-f2c691db759b - - - - - -] tcp:10.109.117.78:6641: connected
2026-08-26 04:37:39.702 7 WARNING neutron.plugins.ml2.drivers.ovn.mech_driver.mech_driver [None req-aa4ddf8b-2739-4c24-8116-e110f10a54f8 - - - - - -] uWSGI must provide a start time using the configuration parameter "start-time %t" in the configuration file
2026-08-26 04:37:39.714 7 INFO neutron.db.ovn_hash_ring_db [None req-aa4ddf8b-2739-4c24-8116-e110f10a54f8 - - - - - -] Nodes from host "neutron-server-7dcb9564b7-5ghr4" and group "mechanism_driver" removed from the Hash Ring created at
2026-08-26 04:37:39+00:00
2026-08-26 04:37:39.716 7 INFO neutron.db.ovn_hash_ring_db [None req-aa4ddf8b-2739-4c24-8116-e110f10a54f8 - - - - - -] Node 37f16242e3795ec0b775cf182cd0ca26 from host "neutron-server-7dcb9564b7-5ghr4" and group "mechanism_driver" added to the Hash Ring
2026-08-26 04:37:39.731 7 INFO neutron.plugins.ml2.drivers.ovn.mech_driver.mech_driver [None req-aa4ddf8b-2739-4c24-8116-e110f10a54f8 - - - - - -] Hash Ring probing thread for node 37f16242e3795ec0b775cf182cd0ca26 has started
2026-08-26 04:37:39.732 7 INFO neutron.plugins.ml2.drivers.ovn.mech_driver.ovsdb.impl_idl_ovn [None req-aa4ddf8b-2739-4c24-8116-e110f10a54f8 - - - - - -] Getting OvsdbNbOvnIdl for WorkerService with retry
2026-08-26 04:37:39.741 8 INFO neutron.plugins.ml2.drivers.ovn.mech_driver.ovsdb.impl_idl_ovn [None req-b6337715-210d-45f9-b3a0-f2c691db759b - - - - - -] Getting OvsdbSbOvnIdl for WorkerService with retry
2026-08-26 04:37:39.760 8 INFO ovsdbapp.backend.ovs_idl.vlog [None req-b6337715-210d-45f9-b3a0-f2c691db759b - - - - - -] tcp:10.98.130.72:6642: connecting...
2026-08-26 04:37:39.760 8 INFO ovsdbapp.backend.ovs_idl.vlog [None req-b6337715-210d-45f9-b3a0-f2c691db759b - - - - - -] tcp:10.98.130.72:6642: connected
2026-08-26 04:37:39.763 7 INFO ovsdbapp.backend.ovs_idl.vlog [None req-aa4ddf8b-2739-4c24-8116-e110f10a54f8 - - - - - -] tcp:10.109.117.78:6641: connecting...
2026-08-26 04:37:39.764 7 INFO ovsdbapp.backend.ovs_idl.vlog [None req-aa4ddf8b-2739-4c24-8116-e110f10a54f8 - - - - - -] tcp:10.109.117.78:6641: connected
2026-08-26 04:37:39.787 8 INFO neutron.plugins.ml2.drivers.ovn.mech_driver.mech_driver [None req-b6337715-210d-45f9-b3a0-f2c691db759b - - - - - -] WorkerService process has finished the post initialization
2026-08-26 04:37:39.788 8 INFO neutron.plugins.ml2.drivers.ovn.mech_driver.ovsdb.extensions.qos [-] Starting OVNClientQosExtension
2026-08-26 04:37:39.789 8 INFO neutron.plugins.ml2.drivers.ovn.mech_driver.ovsdb.extensions.placement [-] Starting OVNClientPlacementExtension
2026-08-26 04:37:39.802 7 INFO neutron.plugins.ml2.drivers.ovn.mech_driver.ovsdb.impl_idl_ovn [None req-aa4ddf8b-2739-4c24-8116-e110f10a54f8 - - - - - -] Getting OvsdbSbOvnIdl for WorkerService with retry
2026-08-26 04:37:39.812 8 INFO ovsdbapp.backend.ovs_idl.vlog [None req-b6337715-210d-45f9-b3a0-f2c691db759b - - - - - -] tcp:10.109.117.78:6641: connecting...
2026-08-26 04:37:39.812 8 INFO ovsdbapp.backend.ovs_idl.vlog [None req-b6337715-210d-45f9-b3a0-f2c691db759b - - - - - -] tcp:10.109.117.78:6641: connected
2026-08-26 04:37:39.824 7 INFO ovsdbapp.backend.ovs_idl.vlog [None req-aa4ddf8b-2739-4c24-8116-e110f10a54f8 - - - - - -] tcp:10.98.130.72:6642: connecting...
2026-08-26 04:37:39.824 7 INFO ovsdbapp.backend.ovs_idl.vlog [None req-aa4ddf8b-2739-4c24-8116-e110f10a54f8 - - - - - -] tcp:10.98.130.72:6642: connected
2026-08-26 04:37:39.854 7 INFO neutron.plugins.ml2.drivers.ovn.mech_driver.mech_driver [None req-aa4ddf8b-2739-4c24-8116-e110f10a54f8 - - - - - -] WorkerService process has finished the post initialization
2026-08-26 04:37:39.874 7 INFO ovsdbapp.backend.ovs_idl.vlog [None req-aa4ddf8b-2739-4c24-8116-e110f10a54f8 - - - - - -] tcp:10.109.117.78:6641: connecting...
2026-08-26 04:37:39.875 7 INFO ovsdbapp.backend.ovs_idl.vlog [None req-aa4ddf8b-2739-4c24-8116-e110f10a54f8 - - - - - -] tcp:10.109.117.78:6641: connected
2026-08-26 04:37:40.000 8 INFO ovsdbapp.backend.ovs_idl.vlog [None req-b6337715-210d-45f9-b3a0-f2c691db759b - - - - - -] tcp:10.109.117.78:6641: connecting...
2026-08-26 04:37:40.001 8 INFO ovsdbapp.backend.ovs_idl.vlog [None req-b6337715-210d-45f9-b3a0-f2c691db759b - - - - - -] tcp:10.109.117.78:6641: connected WSGI app 0 (mountpoint='') ready in 10 seconds on interpreter 0x7f4503db6668 pid: 8 (default app)
2026-08-26 04:37:40.071 7 INFO ovsdbapp.backend.ovs_idl.vlog [None req-aa4ddf8b-2739-4c24-8116-e110f10a54f8 - - - - - -] tcp:10.109.117.78:6641: connecting...
2026-08-26 04:37:40.072 7 INFO ovsdbapp.backend.ovs_idl.vlog [None req-aa4ddf8b-2739-4c24-8116-e110f10a54f8 - - - - - -] tcp:10.109.117.78:6641: connected WSGI app 0 (mountpoint='') ready in 10 seconds on interpreter 0x7f4503db6668 pid: 7 (default app) /var/lib/openstack/lib/python3.12/site-packages/pycadf/identifier.py:70: UserWarning: Invalid uuid: unknown. To ensure interoperability, identifiers should be a valid uuid. warnings.warn(('Invalid uuid: %s. To ensure interoperability, '
2026-08-26 04:37:47.018 8 INFO neutron.pecan_wsgi.hooks.translation [None req-211c8987-b62b-4d30-bd01-e45e16f9e81c 9466388065814852bfee59b96e00ead8 876d0657549342bfae5e87f6bd0d0021 - - default default] GET failed (client error): The resource could not be found. [pid: 8|app: 0|req: 4/4] 162.253.55.104 () {44 vars in 928 bytes} [Wed Aug 26 04:37:46 2026] GET /v2.0/networks/public => generated 108 bytes in 597 msecs (HTTP/1.1 404) 4 headers in 164 bytes (1 switches on core 0) /var/lib/openstack/lib/python3.12/site-packages/pycadf/identifier.py:70: UserWarning: Invalid uuid: unknown. To ensure interoperability, identifiers should be a valid uuid. warnings.warn(('Invalid uuid: %s. To ensure interoperability, ' [pid: 7|app: 0|req: 1/5] 162.253.55.104 () {44 vars in 950 bytes} [Wed Aug 26 04:37:47 2026] GET /v2.0/networks?name=public => generated 15 bytes in 217 msecs (HTTP/1.1 200) 4 headers in 156 bytes (1 switches on core 0)
2026-08-26 04:37:47.600 8 INFO neutron.db.ovn_revision_numbers_db [None req-871e9d35-45a0-41cd-8b92-d97f00e4d6d3 9466388065814852bfee59b96e00ead8 876d0657549342bfae5e87f6bd0d0021 - - default default] Successfully bumped revision number for resource c5d8f86b-6fae-4ff3-861d-dc892a906f85 (type: security_groups) to 1
2026-08-26 04:37:47.616 8 INFO neutron.db.ovn_revision_numbers_db [None req-871e9d35-45a0-41cd-8b92-d97f00e4d6d3 9466388065814852bfee59b96e00ead8 876d0657549342bfae5e87f6bd0d0021 - - default default] Successfully bumped revision number for resource 1c83995c-7053-4e95-a638-e32523b352a0 (type: security_group_rules) to 0
2026-08-26 04:37:47.626 8 INFO neutron.db.ovn_revision_numbers_db [None req-871e9d35-45a0-41cd-8b92-d97f00e4d6d3 9466388065814852bfee59b96e00ead8 876d0657549342bfae5e87f6bd0d0021 - - default default] Successfully bumped revision number for resource 4c5684ee-a080-4714-bdf8-c8cdaa292fdc (type: security_group_rules) to 0
2026-08-26 04:37:47.636 8 INFO neutron.db.ovn_revision_numbers_db [None req-871e9d35-45a0-41cd-8b92-d97f00e4d6d3 9466388065814852bfee59b96e00ead8 876d0657549342bfae5e87f6bd0d0021 - - default default] Successfully bumped revision number for resource 74ef87b0-d97b-445f-a65b-084570d3b213 (type: security_group_rules) to 0
2026-08-26 04:37:47.646 8 INFO neutron.db.ovn_revision_numbers_db [None req-871e9d35-45a0-41cd-8b92-d97f00e4d6d3 9466388065814852bfee59b96e00ead8 876d0657549342bfae5e87f6bd0d0021 - - default default] Successfully bumped revision number for resource bfd066d4-9bef-4b40-a896-f354413744f9 (type: security_group_rules) to 0
2026-08-26 04:37:47.719 8 WARNING neutron.services.revisions.revision_plugin [None req-871e9d35-45a0-41cd-8b92-d97f00e4d6d3 9466388065814852bfee59b96e00ead8 876d0657549342bfae5e87f6bd0d0021 - - default default] Could not find related network for resource to bump revision.
2026-08-26 04:37:47.744 8 INFO neutron.db.segments_db [None req-871e9d35-45a0-41cd-8b92-d97f00e4d6d3 9466388065814852bfee59b96e00ead8 876d0657549342bfae5e87f6bd0d0021 - - default default] Added segment 812b7d42-097f-4416-853e-d2aba4389a6c of type flat for network 54af8ae1-aba1-43a6-b756-d1f5bbe7b738
2026-08-26 04:37:47.872 8 INFO neutron.plugins.ml2.drivers.ovn.mech_driver.mech_driver [-] OVN reports status down for port: provnet-812b7d42-097f-4416-853e-d2aba4389a6c
2026-08-26 04:37:47.931 8 INFO neutron.db.ovn_revision_numbers_db [None req-871e9d35-45a0-41cd-8b92-d97f00e4d6d3 9466388065814852bfee59b96e00ead8 876d0657549342bfae5e87f6bd0d0021 - - default default] Successfully bumped revision number for resource 54af8ae1-aba1-43a6-b756-d1f5bbe7b738 (type: networks) to 1
2026-08-26 04:37:48.335 8 WARNING neutron.scheduler.dhcp_agent_scheduler [None req-871e9d35-45a0-41cd-8b92-d97f00e4d6d3 9466388065814852bfee59b96e00ead8 876d0657549342bfae5e87f6bd0d0021 - - default default] No more DHCP agents
2026-08-26 04:37:48.335 8 WARNING neutron.api.rpc.agentnotifiers.dhcp_rpc_agent_api [None req-871e9d35-45a0-41cd-8b92-d97f00e4d6d3 9466388065814852bfee59b96e00ead8 876d0657549342bfae5e87f6bd0d0021 - - default default] Unable to schedule network 54af8ae1-aba1-43a6-b756-d1f5bbe7b738: no agents available; will retry on subsequent port and subnet creation events.
2026-08-26 04:37:48.390 8 INFO neutron.plugins.ml2.drivers.ovn.mech_driver.mech_driver [None req-e575dc39-3ac1-45d4-92ff-270d61196082 - - - - - -] OVN reports status down for port: 7e946604-03da-4484-b740-5b605b8d8bb6
2026-08-26 04:37:48.457 8 INFO neutron.db.ovn_revision_numbers_db [None req-871e9d35-45a0-41cd-8b92-d97f00e4d6d3 9466388065814852bfee59b96e00ead8 876d0657549342bfae5e87f6bd0d0021 - - default default] Successfully bumped revision number for resource 7e946604-03da-4484-b740-5b605b8d8bb6 (type: ports) to 1 [pid: 8|app: 0|req: 5/6] 162.253.55.104 () {48 vars in 968 bytes} [Wed Aug 26 04:37:47 2026] POST /v2.0/networks => generated 744 bytes in 1270 msecs (HTTP/1.1 201) 4 headers in 162 bytes (1 switches on core 0)
2026-08-26 04:37:49.936 7 INFO neutron.pecan_wsgi.hooks.translation [None req-153e81d8-0080-49d1-b96e-8f0506543855 9466388065814852bfee59b96e00ead8 876d0657549342bfae5e87f6bd0d0021 - - default default] GET failed (client error): The resource could not be found. [pid: 7|app: 0|req: 2/7] 162.253.55.104 () {44 vars in 928 bytes} [Wed Aug 26 04:37:49 2026] GET /v2.0/networks/public => generated 108 bytes in 354 msecs (HTTP/1.1 404) 4 headers in 164 bytes (1 switches on core 0) [pid: 8|app: 0|req: 6/8] 162.253.55.104 () {44 vars in 950 bytes} [Wed Aug 26 04:37:49 2026] GET /v2.0/networks?name=public => generated 753 bytes in 41 msecs (HTTP/1.1 200) 4 headers in 157 bytes (1 switches on core 0)
2026-08-26 04:37:50.018 7 INFO neutron.pecan_wsgi.hooks.translation [None req-02fee695-d313-4413-a590-6003d509fb17 9466388065814852bfee59b96e00ead8 876d0657549342bfae5e87f6bd0d0021 - - default default] GET failed (client error): The resource could not be found. [pid: 7|app: 0|req: 3/9] 162.253.55.104 () {44 vars in 1035 bytes} [Wed Aug 26 04:37:49 2026] GET /v2.0/subnets/public-subnet?network_id=54af8ae1-aba1-43a6-b756-d1f5bbe7b738 => generated 113 bytes in 28 msecs (HTTP/1.1 404) 4 headers in 164 bytes (1 switches on core 0) [pid: 8|app: 0|req: 7/10] 162.253.55.104 () {44 vars in 1058 bytes} [Wed Aug 26 04:37:50 2026] GET /v2.0/subnets?name=public-subnet&network_id=54af8ae1-aba1-43a6-b756-d1f5bbe7b738 => generated 14 bytes in 22 msecs (HTTP/1.1 200) 4 headers in 156 bytes (1 switches on core 0)
2026-08-26 04:37:50.486 7 WARNING neutron.scheduler.dhcp_agent_scheduler [None req-249b20d6-5f9a-42b9-968f-597d917f2fb9 9466388065814852bfee59b96e00ead8 876d0657549342bfae5e87f6bd0d0021 - - default default] No more DHCP agents
2026-08-26 04:37:50.488 7 WARNING neutron.api.rpc.agentnotifiers.dhcp_rpc_agent_api [None req-249b20d6-5f9a-42b9-968f-597d917f2fb9 9466388065814852bfee59b96e00ead8 876d0657549342bfae5e87f6bd0d0021 - - default default] Unable to schedule network 54af8ae1-aba1-43a6-b756-d1f5bbe7b738: no agents available; will retry on subsequent port and subnet creation events.
2026-08-26 04:37:50.488 7 INFO neutron.plugins.ml2.drivers.ovn.mech_driver.ovsdb.extensions.qos [None req-249b20d6-5f9a-42b9-968f-597d917f2fb9 9466388065814852bfee59b96e00ead8 876d0657549342bfae5e87f6bd0d0021 - - default default] Starting OVNClientQosExtension
2026-08-26 04:37:50.488 7 INFO neutron.plugins.ml2.drivers.ovn.mech_driver.ovsdb.extensions.placement [None req-249b20d6-5f9a-42b9-968f-597d917f2fb9 9466388065814852bfee59b96e00ead8 876d0657549342bfae5e87f6bd0d0021 - - default default] Starting OVNClientPlacementExtension
2026-08-26 04:37:51.112 7 INFO neutron.db.ovn_revision_numbers_db [None req-3a9e3f2f-f4a9-43cc-9fa2-8233f09dce7a - - - - - -] Successfully bumped revision number for resource 7e946604-03da-4484-b740-5b605b8d8bb6 (type: ports) to 2
2026-08-26 04:37:51.148 7 INFO neutron.db.ovn_revision_numbers_db [None req-3a9e3f2f-f4a9-43cc-9fa2-8233f09dce7a - - - - - -] Successfully bumped revision number for resource c8941dd0-8186-4db6-b39b-ee76cfffe18f (type: subnets) to 0 [pid: 7|app: 0|req: 4/11] 162.253.55.104 () {48 vars in 966 bytes} [Wed Aug 26 04:37:50 2026] POST /v2.0/subnets => generated 664 bytes in 1117 msecs (HTTP/1.1 201) 4 headers in 162 bytes (1 switches on core 0)
2026-08-26 04:42:39.232 7 INFO neutron.pecan_wsgi.hooks.translation [None req-3920d5fc-af94-40db-ac9f-d30901496d70 9466388065814852bfee59b96e00ead8 876d0657549342bfae5e87f6bd0d0021 - - default default] GET failed (client error): The resource could not be found. [pid: 7|app: 0|req: 22/47] 162.253.55.104 () {44 vars in 938 bytes} [Wed Aug 26 04:42:39 2026] GET /v2.0/networks/lb-mgmt-net => generated 113 bytes in 116 msecs (HTTP/1.1 404) 4 headers in 164 bytes (1 switches on core 0) [pid: 8|app: 0|req: 26/48] 162.253.55.104 () {44 vars in 960 bytes} [Wed Aug 26 04:42:39 2026] GET /v2.0/networks?name=lb-mgmt-net => generated 15 bytes in 18 msecs (HTTP/1.1 200) 4 headers in 156 bytes (1 switches on core 0)
2026-08-26 04:42:39.356 7 INFO neutron.db.segments_db [None req-4f46e543-0118-49ef-8560-d8fbdd6b7da4 9466388065814852bfee59b96e00ead8 876d0657549342bfae5e87f6bd0d0021 - - default default] Added segment 038c9947-5c4e-40d3-b222-6c652ecc7d22 of type geneve for network d6a54234-fdff-4b30-968a-0aad292fdbc3
2026-08-26 04:42:39.491 7 INFO neutron.db.ovn_revision_numbers_db [None req-4f46e543-0118-49ef-8560-d8fbdd6b7da4 9466388065814852bfee59b96e00ead8 876d0657549342bfae5e87f6bd0d0021 - - default default] Successfully bumped revision number for resource d6a54234-fdff-4b30-968a-0aad292fdbc3 (type: networks) to 1
2026-08-26 04:42:39.648 7 WARNING neutron.scheduler.dhcp_agent_scheduler [None req-4f46e543-0118-49ef-8560-d8fbdd6b7da4 9466388065814852bfee59b96e00ead8 876d0657549342bfae5e87f6bd0d0021 - - default default] No more DHCP agents
2026-08-26 04:42:39.650 7 WARNING neutron.api.rpc.agentnotifiers.dhcp_rpc_agent_api [None req-4f46e543-0118-49ef-8560-d8fbdd6b7da4 9466388065814852bfee59b96e00ead8 876d0657549342bfae5e87f6bd0d0021 - - default default] Unable to schedule network d6a54234-fdff-4b30-968a-0aad292fdbc3: no agents available; will retry on subsequent port and subnet creation events.
2026-08-26 04:42:39.697 8 INFO neutron.plugins.ml2.drivers.ovn.mech_driver.mech_driver [None req-e575dc39-3ac1-45d4-92ff-270d61196082 - - - - - -] OVN reports status down for port: f95c1b06-b97f-4e1d-97c8-4cde55c7f7b5
