+ COMMAND=start + start + for KEYSTONE_WSGI_SCRIPT in keystone-wsgi-public ++ type -p keystone-wsgi-public + cp -a /var/lib/openstack/bin/keystone-wsgi-public /var/www/cgi-bin/keystone/ + '[' -f /etc/apache2/envvars ']' + source /etc/apache2/envvars ++ unset HOME ++ '[' '' '!=' '' ']' ++ SUFFIX= ++ export APACHE_RUN_USER=www-data ++ APACHE_RUN_USER=www-data ++ export APACHE_RUN_GROUP=www-data ++ APACHE_RUN_GROUP=www-data ++ export APACHE_PID_FILE=/var/run/apache2/apache2.pid ++ APACHE_PID_FILE=/var/run/apache2/apache2.pid ++ export APACHE_RUN_DIR=/var/run/apache2 ++ APACHE_RUN_DIR=/var/run/apache2 ++ export APACHE_LOCK_DIR=/var/lock/apache2 ++ APACHE_LOCK_DIR=/var/lock/apache2 ++ export APACHE_LOG_DIR=/var/log/apache2 ++ APACHE_LOG_DIR=/var/log/apache2 ++ export LANG=C ++ LANG=C ++ export LANG + '[' -f /var/run/apache2/apache2.pid ']' + exec apache2 -DFOREGROUND AH00558: apache2: Could not reliably determine the server's fully qualified domain name, using 10.0.0.62. Set the 'ServerName' directive globally to suppress this message AH00558: apache2: Could not reliably determine the server's fully qualified domain name, using 10.0.0.62. Set the 'ServerName' directive globally to suppress this message
[Sat May 09 05:22:03.496893 2026] [mpm_event:notice] [pid 1:tid 139972371494784] AH00489: Apache/2.4.58 (Ubuntu) mod_wsgi/5.0.0 Python/3.12 configured -- resuming normal operations
[Sat May 09 05:22:03.497037 2026] [core:notice] [pid 1:tid 139972371494784] AH00094: Command line: 'apache2 -D FOREGROUND'
[Sat May 09 05:23:06.855720 2026] [wsgi:error] [pid 12:tid 139971734722240] /var/lib/openstack/lib/python3.12/site-packages/oslo_utils/importutils.py:77: EventletDeprecationWarning:
[Sat May 09 05:23:06.855761 2026] [wsgi:error] [pid 12:tid 139971734722240] Eventlet is deprecated. It is currently being maintained in bugfix mode, and
[Sat May 09 05:23:06.855763 2026] [wsgi:error] [pid 12:tid 139971734722240] we strongly recommend against using it for new projects.
[Sat May 09 05:23:06.855764 2026] [wsgi:error] [pid 12:tid 139971734722240]
[Sat May 09 05:23:06.855765 2026] [wsgi:error] [pid 12:tid 139971734722240] If you are already using Eventlet, we recommend migrating to a different
[Sat May 09 05:23:06.855766 2026] [wsgi:error] [pid 12:tid 139971734722240] framework. For more detail see
[Sat May 09 05:23:06.855767 2026] [wsgi:error] [pid 12:tid 139971734722240] https://eventlet.readthedocs.io/en/latest/asyncio/migration.html
[Sat May 09 05:23:06.855769 2026] [wsgi:error] [pid 12:tid 139971734722240]
[Sat May 09 05:23:06.855770 2026] [wsgi:error] [pid 12:tid 139971734722240] __import__(import_str)
[Sat May 09 05:23:06.897654 2026] [wsgi:error] [pid 9:tid 139971734722240] /var/lib/openstack/lib/python3.12/site-packages/oslo_utils/importutils.py:77: EventletDeprecationWarning:
[Sat May 09 05:23:06.897728 2026] [wsgi:error] [pid 9:tid 139971734722240] Eventlet is deprecated. It is currently being maintained in bugfix mode, and
[Sat May 09 05:23:06.897730 2026] [wsgi:error] [pid 9:tid 139971734722240] we strongly recommend against using it for new projects.
[Sat May 09 05:23:06.897731 2026] [wsgi:error] [pid 9:tid 139971734722240]
[Sat May 09 05:23:06.897732 2026] [wsgi:error] [pid 9:tid 139971734722240] If you are already using Eventlet, we recommend migrating to a different
[Sat May 09 05:23:06.897734 2026] [wsgi:error] [pid 9:tid 139971734722240] framework. For more detail see
[Sat May 09 05:23:06.897735 2026] [wsgi:error] [pid 9:tid 139971734722240] https://eventlet.readthedocs.io/en/latest/asyncio/migration.html
[Sat May 09 05:23:06.897736 2026] [wsgi:error] [pid 9:tid 139971734722240]
[Sat May 09 05:23:06.897737 2026] [wsgi:error] [pid 9:tid 139971734722240] __import__(import_str) 10.0.0.41 - - [09/May/2026:05:23:06 +0000] "GET /v3/ HTTP/1.1" 200 249 10.0.0.41 - - [09/May/2026:05:23:06 +0000] "GET /v3/ HTTP/1.1" 200 249
[Sat May 09 05:23:12.346802 2026] [wsgi:error] [pid 11:tid 139971734722240] /var/lib/openstack/lib/python3.12/site-packages/oslo_utils/importutils.py:77: EventletDeprecationWarning:
[Sat May 09 05:23:12.346841 2026] [wsgi:error] [pid 11:tid 139971734722240] Eventlet is deprecated. It is currently being maintained in bugfix mode, and
[Sat May 09 05:23:12.346843 2026] [wsgi:error] [pid 11:tid 139971734722240] we strongly recommend against using it for new projects.
[Sat May 09 05:23:12.346844 2026] [wsgi:error] [pid 11:tid 139971734722240]
[Sat May 09 05:23:12.346845 2026] [wsgi:error] [pid 11:tid 139971734722240] If you are already using Eventlet, we recommend migrating to a different
[Sat May 09 05:23:12.346846 2026] [wsgi:error] [pid 11:tid 139971734722240] framework. For more detail see
[Sat May 09 05:23:12.346848 2026] [wsgi:error] [pid 11:tid 139971734722240] https://eventlet.readthedocs.io/en/latest/asyncio/migration.html
[Sat May 09 05:23:12.346849 2026] [wsgi:error] [pid 11:tid 139971734722240]
[Sat May 09 05:23:12.346850 2026] [wsgi:error] [pid 11:tid 139971734722240] __import__(import_str) 10.0.0.41 - - [09/May/2026:05:23:11 +0000] "GET /v3/ HTTP/1.1" 200 249
[Sat May 09 05:23:19.114984 2026] [wsgi:error] [pid 10:tid 139971734722240] /var/lib/openstack/lib/python3.12/site-packages/oslo_utils/importutils.py:77: EventletDeprecationWarning:
[Sat May 09 05:23:19.115022 2026] [wsgi:error] [pid 10:tid 139971734722240] Eventlet is deprecated. It is currently being maintained in bugfix mode, and
[Sat May 09 05:23:19.115024 2026] [wsgi:error] [pid 10:tid 139971734722240] we strongly recommend against using it for new projects.
[Sat May 09 05:23:19.115026 2026] [wsgi:error] [pid 10:tid 139971734722240]
[Sat May 09 05:23:19.115027 2026] [wsgi:error] [pid 10:tid 139971734722240] If you are already using Eventlet, we recommend migrating to a different
[Sat May 09 05:23:19.115028 2026] [wsgi:error] [pid 10:tid 139971734722240] framework. For more detail see
[Sat May 09 05:23:19.115029 2026] [wsgi:error] [pid 10:tid 139971734722240] https://eventlet.readthedocs.io/en/latest/asyncio/migration.html
[Sat May 09 05:23:19.115030 2026] [wsgi:error] [pid 10:tid 139971734722240]
[Sat May 09 05:23:19.115031 2026] [wsgi:error] [pid 10:tid 139971734722240] __import__(import_str) 10.0.0.176 - - [09/May/2026:05:23:18 +0000] "GET / HTTP/1.1" 300 295
[Sat May 09 05:23:23.583513 2026] [wsgi:error] [pid 12:tid 139971734722240] [remote 10.0.0.176:41702] 2026-05-09 05:23:23.580 12 WARNING keystone.identity.core [None req-62893eb4-9b7c-4520-ab03-8d1e5dbed2e9 - - - - - -] Invalid domain name (atmosphere) found in config file name: keystone.exception.DomainNotFound: Could not find domain: atmosphere.
[Sat May 09 05:23:23.641861 2026] [wsgi:error] [pid 12:tid 139971734722240] [remote 10.0.0.176:41702] 2026-05-09 05:23:23.641 12 WARNING keystone.common.password_hashing [None req-62893eb4-9b7c-4520-ab03-8d1e5dbed2e9 - - - - - -] Truncating password to algorithm specific maximum length 72 characters.
[Sat May 09 05:23:23.925694 2026] [wsgi:error] [pid 12:tid 139971734722240] [remote 10.0.0.176:41702] 2026-05-09 05:23:23.925 12 WARNING keystone.common.fernet_utils [None req-62893eb4-9b7c-4520-ab03-8d1e5dbed2e9 - - - - - -] key_repository is world readable: /etc/keystone/fernet-keys/ 10.0.0.176 - - [09/May/2026:05:23:23 +0000] "POST /v3/auth/tokens HTTP/1.1" 201 1359
[Sat May 09 05:23:24.237528 2026] [wsgi:error] [pid 9:tid 139971734722240] [remote 10.0.0.176:41702] 2026-05-09 05:23:24.234 9 WARNING keystone.identity.core [None req-9ceb0f99-d496-4358-9756-444dd65fc490 - - - - - -] Invalid domain name (atmosphere) found in config file name: keystone.exception.DomainNotFound: Could not find domain: atmosphere. 10.0.0.176 - - [09/May/2026:05:23:24 +0000] "POST /v3/domains HTTP/1.1" 201 261 10.0.0.215 - - [09/May/2026:05:23:36 +0000] "GET / HTTP/1.1" 300 295
[Sat May 09 05:23:36.592979 2026] [wsgi:error] [pid 10:tid 139971734722240] [remote 10.0.0.215:48716] 2026-05-09 05:23:36.592 10 WARNING keystone.common.password_hashing [None req-58fb73d7-9a97-4490-b10d-5c3556e6bf69 - - - - - -] Truncating password to algorithm specific maximum length 72 characters.
[Sat May 09 05:23:36.867322 2026] [wsgi:error] [pid 10:tid 139971734722240] [remote 10.0.0.215:48716] 2026-05-09 05:23:36.866 10 WARNING keystone.common.fernet_utils [None req-58fb73d7-9a97-4490-b10d-5c3556e6bf69 - - - - - -] key_repository is world readable: /etc/keystone/fernet-keys/ 10.0.0.215 - - [09/May/2026:05:23:36 +0000] "POST /v3/auth/tokens HTTP/1.1" 201 1359 10.0.0.215 - - [09/May/2026:05:23:37 +0000] "GET /v3/roles/admin HTTP/1.1" 404 83
[Sat May 09 05:23:37.093801 2026] [wsgi:error] [pid 9:tid 139971734722240] [remote 10.0.0.215:48716] 2026-05-09 05:23:37.093 9 WARNING keystone.common.rbac_enforcer.enforcer [None req-23ca023f-a69a-4eff-b0e6-6807599a0ced c977db2c4b584219bbcf7a9ab308eb34 714e7c83954444b0a046d5d6c102268a - - default default] Deprecated policy rules found. Use oslopolicy-policy-generator and oslopolicy-policy-upgrade to detect and resolve deprecated policies in your configuration. 10.0.0.215 - - [09/May/2026:05:23:37 +0000] "GET /v3/roles?name=admin HTTP/1.1" 200 389
[Sat May 09 05:23:37.436463 2026] [wsgi:error] [pid 11:tid 139971734722240] [remote 10.0.0.215:48716] 2026-05-09 05:23:37.436 11 WARNING keystone.common.rbac_enforcer.enforcer [None req-12d300b0-298e-478e-b289-14bdb9f29ec4 c977db2c4b584219bbcf7a9ab308eb34 714e7c83954444b0a046d5d6c102268a - - default default] Deprecated policy rules found. Use oslopolicy-policy-generator and oslopolicy-policy-upgrade to detect and resolve deprecated policies in your configuration. 10.0.0.215 - - [09/May/2026:05:23:37 +0000] "GET /v3/users/admin-RegionOne HTTP/1.1" 404 93
[Sat May 09 05:23:37.567531 2026] [wsgi:error] [pid 10:tid 139971734722240] [remote 10.0.0.215:48716] 2026-05-09 05:23:37.567 10 WARNING keystone.common.rbac_enforcer.enforcer [None req-f83fe5e7-73c9-4b20-8c25-ebfccc07e645 c977db2c4b584219bbcf7a9ab308eb34 714e7c83954444b0a046d5d6c102268a - - default default] Deprecated policy rules found. Use oslopolicy-policy-generator and oslopolicy-policy-upgrade to detect and resolve deprecated policies in your configuration. 10.0.0.215 - - [09/May/2026:05:23:37 +0000] "GET /v3/users?name=admin-RegionOne HTTP/1.1" 200 422
[Sat May 09 05:23:37.733360 2026] [wsgi:error] [pid 12:tid 139971734722240] [remote 10.0.0.215:48716] 2026-05-09 05:23:37.733 12 WARNING keystone.common.rbac_enforcer.enforcer [None req-b210f54e-bee4-4f25-9511-8169284c8f57 c977db2c4b584219bbcf7a9ab308eb34 714e7c83954444b0a046d5d6c102268a - - default default] Deprecated policy rules found. Use oslopolicy-policy-generator and oslopolicy-policy-upgrade to detect and resolve deprecated policies in your configuration. 10.0.0.215 - - [09/May/2026:05:23:37 +0000] "GET /v3/domains/default HTTP/1.1" 200 224 10.0.0.215 - - [09/May/2026:05:23:37 +0000] "PUT /v3/domains/default/users/c977db2c4b584219bbcf7a9ab308eb34/roles/369e226b90a44b04a4b47ea91af6ac8a HTTP/1.1" 204 - 10.0.0.41 - - [09/May/2026:05:23:47 +0000] "GET / HTTP/1.1" 300 280 10.0.0.41 - - [09/May/2026:05:23:48 +0000] "GET /v3 HTTP/1.1" 200 265
[Sat May 09 05:23:48.995168 2026] [wsgi:error] [pid 12:tid 139971734722240] [remote 10.0.0.41:58154] 2026-05-09 05:23:48.994 12 WARNING keystone.common.password_hashing [None req-151a8c94-ef10-4b26-937c-8b2165e5ef2c - - - - - -] Truncating password to algorithm specific maximum length 72 characters.
[Sat May 09 05:23:49.266090 2026] [wsgi:error] [pid 12:tid 139971734722240] [remote 10.0.0.41:58154] 2026-05-09 05:23:49.265 12 WARNING keystone.common.fernet_utils [None req-151a8c94-ef10-4b26-937c-8b2165e5ef2c - - - - - -] key_repository is world readable: /etc/keystone/fernet-keys/ 10.0.0.41 - - [09/May/2026:05:23:48 +0000] "POST /v3/auth/tokens HTTP/1.1" 201 1359 10.0.0.41 - - [09/May/2026:05:23:49 +0000] "GET / HTTP/1.1" 300 280 10.0.0.41 - - [09/May/2026:05:23:49 +0000] "GET /v3/domains/atmosphere HTTP/1.1" 404 90 10.0.0.41 - - [09/May/2026:05:23:49 +0000] "GET /v3/domains?name=atmosphere HTTP/1.1" 200 368 10.0.0.41 - - [09/May/2026:05:23:49 +0000] "GET /v3/domains/6c97fcdbaecc4096a545453e8028159a HTTP/1.1" 200 246 10.0.0.41 - - [09/May/2026:05:23:50 +0000] "GET /v3 HTTP/1.1" 200 265
[Sat May 09 05:23:50.334768 2026] [wsgi:error] [pid 11:tid 139971734722240] [remote 10.0.0.41:58154] 2026-05-09 05:23:50.334 11 WARNING keystone.common.password_hashing [None req-bd1d258a-5d64-4f40-9e25-ad036bf111ed - - - - - -] Truncating password to algorithm specific maximum length 72 characters.
[Sat May 09 05:23:50.610262 2026] [wsgi:error] [pid 11:tid 139971734722240] [remote 10.0.0.41:58154] 2026-05-09 05:23:50.610 11 WARNING keystone.common.fernet_utils [None req-bd1d258a-5d64-4f40-9e25-ad036bf111ed - - - - - -] key_repository is world readable: /etc/keystone/fernet-keys/ 10.0.0.41 - - [09/May/2026:05:23:50 +0000] "POST /v3/auth/tokens HTTP/1.1" 201 1359 10.0.0.41 - - [09/May/2026:05:23:50 +0000] "GET / HTTP/1.1" 300 280 10.0.0.41 - - [09/May/2026:05:23:50 +0000] "GET /v3/OS-FEDERATION/identity_providers/atmosphere HTTP/1.1" 404 101 10.0.0.41 - - [09/May/2026:05:23:50 +0000] "GET /v3/OS-FEDERATION/identity_providers HTTP/1.1" 200 155 10.0.0.41 - - [09/May/2026:05:23:50 +0000] "PUT /v3/OS-FEDERATION/identity_providers/atmosphere HTTP/1.1" 201 340 10.0.0.41 - - [09/May/2026:05:23:51 +0000] "GET /v3 HTTP/1.1" 200 265
[Sat May 09 05:23:51.396295 2026] [wsgi:error] [pid 12:tid 139971734722240] [remote 10.0.0.41:58154] 2026-05-09 05:23:51.396 12 WARNING keystone.common.password_hashing [None req-3fa76df5-b976-4de1-ba57-fd48e019bae0 - - - - - -] Truncating password to algorithm specific maximum length 72 characters.
[Sat May 09 05:23:51.666724 2026] [wsgi:error] [pid 12:tid 139971734722240] [remote 10.0.0.41:58154] 2026-05-09 05:23:51.666 12 WARNING keystone.common.fernet_utils [None req-3fa76df5-b976-4de1-ba57-fd48e019bae0 - - - - - -] key_repository is world readable: /etc/keystone/fernet-keys/ 10.0.0.41 - - [09/May/2026:05:23:51 +0000] "POST /v3/auth/tokens HTTP/1.1" 201 1359 10.0.0.41 - - [09/May/2026:05:23:51 +0000] "GET / HTTP/1.1" 300 280 10.0.0.41 - - [09/May/2026:05:23:51 +0000] "GET /v3/OS-FEDERATION/mappings/atmosphere-openid HTTP/1.1" 404 98 10.0.0.41 - - [09/May/2026:05:23:51 +0000] "GET /v3/OS-FEDERATION/mappings HTTP/1.1" 200 135 10.0.0.41 - - [09/May/2026:05:23:51 +0000] "PUT /v3/OS-FEDERATION/mappings/atmosphere-openid HTTP/1.1" 201 356 10.0.0.41 - - [09/May/2026:05:23:52 +0000] "GET /v3 HTTP/1.1" 200 265
[Sat May 09 05:23:52.451438 2026] [wsgi:error] [pid 11:tid 139971734722240] [remote 10.0.0.41:58170] 2026-05-09 05:23:52.451 11 WARNING keystone.common.password_hashing [None req-3b4c37b1-dd4b-463f-838c-5a56e4266a77 - - - - - -] Truncating password to algorithm specific maximum length 72 characters.
[Sat May 09 05:23:52.731270 2026] [wsgi:error] [pid 11:tid 139971734722240] [remote 10.0.0.41:58170] 2026-05-09 05:23:52.731 11 WARNING keystone.common.fernet_utils [None req-3b4c37b1-dd4b-463f-838c-5a56e4266a77 - - - - - -] key_repository is world readable: /etc/keystone/fernet-keys/ 10.0.0.41 - - [09/May/2026:05:23:52 +0000] "POST /v3/auth/tokens HTTP/1.1" 201 1359 10.0.0.41 - - [09/May/2026:05:23:52 +0000] "GET / HTTP/1.1" 300 280 10.0.0.41 - - [09/May/2026:05:23:52 +0000] "GET /v3/OS-FEDERATION/identity_providers/atmosphere/protocols/openid?idp_id=atmosphere HTTP/1.1" 404 131 10.0.0.41 - - [09/May/2026:05:23:52 +0000] "GET /v3/OS-FEDERATION/identity_providers/atmosphere/protocols HTTP/1.1" 200 167 10.0.0.41 - - [09/May/2026:05:23:52 +0000] "PUT /v3/OS-FEDERATION/identity_providers/atmosphere/protocols/openid HTTP/1.1" 201 222 10.0.0.41 - - [09/May/2026:05:24:06 +0000] "GET /v3/ HTTP/1.1" 200 249 10.0.0.41 - - [09/May/2026:05:24:06 +0000] "GET /v3/ HTTP/1.1" 200 249 10.0.0.41 - - [09/May/2026:05:25:06 +0000] "GET /v3/ HTTP/1.1" 200 249 10.0.0.41 - - [09/May/2026:05:25:06 +0000] "GET /v3/ HTTP/1.1" 200 249 10.0.0.60 - - [09/May/2026:05:25:14 +0000] "GET / HTTP/1.1" 300 295
[Sat May 09 05:25:14.171800 2026] [wsgi:error] [pid 12:tid 139971734722240] [remote 10.0.0.60:40180] 2026-05-09 05:25:14.171 12 WARNING keystone.common.password_hashing [None req-58d08bf4-9f20-467c-adc1-1e48e2ca273b - - - - - -] Truncating password to algorithm specific maximum length 72 characters.
[Sat May 09 05:25:14.441767 2026] [wsgi:error] [pid 12:tid 139971734722240] [remote 10.0.0.60:40180] 2026-05-09 05:25:14.441 12 WARNING keystone.common.fernet_utils [None req-58d08bf4-9f20-467c-adc1-1e48e2ca273b - - - - - -] key_repository is world readable: /etc/keystone/fernet-keys/ 10.0.0.60 - - [09/May/2026:05:25:14 +0000] "POST /v3/auth/tokens HTTP/1.1" 201 1359 10.0.0.60 - - [09/May/2026:05:25:14 +0000] "GET /v3/services HTTP/1.1" 200 355 10.0.0.60 - - [09/May/2026:05:25:17 +0000] "GET / HTTP/1.1" 300 295
[Sat May 09 05:25:17.865752 2026] [wsgi:error] [pid 10:tid 139971734722240] [remote 10.0.0.60:51070] 2026-05-09 05:25:17.865 10 WARNING keystone.common.password_hashing [None req-72d3467c-01ec-460f-bc88-7946de125c74 - - - - - -] Truncating password to algorithm specific maximum length 72 characters.
[Sat May 09 05:25:18.136260 2026] [wsgi:error] [pid 10:tid 139971734722240] [remote 10.0.0.60:51070] 2026-05-09 05:25:18.136 10 WARNING keystone.common.fernet_utils [None req-72d3467c-01ec-460f-bc88-7946de125c74 - - - - - -] key_repository is world readable: /etc/keystone/fernet-keys/ 10.0.0.60 - - [09/May/2026:05:25:17 +0000] "POST /v3/auth/tokens HTTP/1.1" 201 1359 10.0.0.60 - - [09/May/2026:05:25:18 +0000] "GET /v3/services HTTP/1.1" 200 355 10.0.0.60 - - [09/May/2026:05:25:21 +0000] "GET / HTTP/1.1" 300 295
[Sat May 09 05:25:21.550896 2026] [wsgi:error] [pid 11:tid 139971734722240] [remote 10.0.0.60:51086] 2026-05-09 05:25:21.550 11 WARNING keystone.common.password_hashing [None req-13255129-1856-432c-aefc-e8da960b26d6 - - - - - -] Truncating password to algorithm specific maximum length 72 characters.
[Sat May 09 05:25:21.823796 2026] [wsgi:error] [pid 11:tid 139971734722240] [remote 10.0.0.60:51086] 2026-05-09 05:25:21.823 11 WARNING keystone.common.fernet_utils [None req-13255129-1856-432c-aefc-e8da960b26d6 - - - - - -] key_repository is world readable: /etc/keystone/fernet-keys/ 10.0.0.60 - - [09/May/2026:05:25:21 +0000] "POST /v3/auth/tokens HTTP/1.1" 201 1359 10.0.0.60 - - [09/May/2026:05:25:21 +0000] "GET /v3/services HTTP/1.1" 200 355 10.0.0.60 - - [09/May/2026:05:25:25 +0000] "GET / HTTP/1.1" 300 295
[Sat May 09 05:25:25.204332 2026] [wsgi:error] [pid 9:tid 139971734722240] [remote 10.0.0.60:51092] 2026-05-09 05:25:25.203 9 WARNING keystone.common.password_hashing [None req-c755edf1-be88-43cc-92f9-72dcd23519be - - - - - -] Truncating password to algorithm specific maximum length 72 characters.
[Sat May 09 05:25:25.472001 2026] [wsgi:error] [pid 9:tid 139971734722240] [remote 10.0.0.60:51092] 2026-05-09 05:25:25.471 9 WARNING keystone.common.fernet_utils [None req-c755edf1-be88-43cc-92f9-72dcd23519be - - - - - -] key_repository is world readable: /etc/keystone/fernet-keys/ 10.0.0.60 - - [09/May/2026:05:25:25 +0000] "POST /v3/auth/tokens HTTP/1.1" 201 1359 10.0.0.60 - - [09/May/2026:05:25:25 +0000] "POST /v3/services HTTP/1.1" 201 296 10.0.0.44 - - [09/May/2026:05:25:36 +0000] "GET / HTTP/1.1" 300 295
[Sat May 09 05:25:36.415825 2026] [wsgi:error] [pid 12:tid 139971734722240] [remote 10.0.0.44:35340] 2026-05-09 05:25:36.415 12 WARNING keystone.common.password_hashing [None req-d61e9abf-0d08-42ba-9fdb-9628fa77c056 - - - - - -] Truncating password to algorithm specific maximum length 72 characters. 10.0.0.44 - - [09/May/2026:05:25:36 +0000] "GET / HTTP/1.1" 300 295
[Sat May 09 05:25:36.452468 2026] [wsgi:error] [pid 11:tid 139971734722240] [remote 10.0.0.44:35354] 2026-05-09 05:25:36.452 11 WARNING keystone.common.password_hashing [None req-547a795e-11fc-4c65-9164-06dc89426800 - - - - - -] Truncating password to algorithm specific maximum length 72 characters. 10.0.0.44 - - [09/May/2026:05:25:36 +0000] "GET / HTTP/1.1" 300 295
[Sat May 09 05:25:36.610399 2026] [wsgi:error] [pid 9:tid 139971734722240] [remote 10.0.0.44:35358] 2026-05-09 05:25:36.610 9 WARNING keystone.common.password_hashing [None req-0af8ada1-6586-44ee-92f5-6d3050b8ff54 - - - - - -] Truncating password to algorithm specific maximum length 72 characters.
[Sat May 09 05:25:36.694431 2026] [wsgi:error] [pid 12:tid 139971734722240] [remote 10.0.0.44:35340] 2026-05-09 05:25:36.694 12 WARNING keystone.common.fernet_utils [None req-d61e9abf-0d08-42ba-9fdb-9628fa77c056 - - - - - -] key_repository is world readable: /etc/keystone/fernet-keys/ 10.0.0.44 - - [09/May/2026:05:25:36 +0000] "POST /v3/auth/tokens HTTP/1.1" 201 1463
[Sat May 09 05:25:36.722863 2026] [wsgi:error] [pid 11:tid 139971734722240] [remote 10.0.0.44:35354] 2026-05-09 05:25:36.722 11 WARNING keystone.common.fernet_utils [None req-547a795e-11fc-4c65-9164-06dc89426800 - - - - - -] key_repository is world readable: /etc/keystone/fernet-keys/ 10.0.0.44 - - [09/May/2026:05:25:36 +0000] "POST /v3/auth/tokens HTTP/1.1" 201 1463 10.0.0.44 - - [09/May/2026:05:25:36 +0000] "GET /v3/services HTTP/1.1" 200 639 10.0.0.44 - - [09/May/2026:05:25:36 +0000] "GET /v3/services HTTP/1.1" 200 639
[Sat May 09 05:25:36.888409 2026] [wsgi:error] [pid 9:tid 139971734722240] [remote 10.0.0.44:35358] 2026-05-09 05:25:36.888 9 WARNING keystone.common.fernet_utils [None req-0af8ada1-6586-44ee-92f5-6d3050b8ff54 - - - - - -] key_repository is world readable: /etc/keystone/fernet-keys/ 10.0.0.44 - - [09/May/2026:05:25:36 +0000] "POST /v3/auth/tokens HTTP/1.1" 201 1463 10.0.0.44 - - [09/May/2026:05:25:36 +0000] "GET /v3/services HTTP/1.1" 200 639 10.0.0.44 - - [09/May/2026:05:25:38 +0000] "GET / HTTP/1.1" 300 295
[Sat May 09 05:25:38.108876 2026] [wsgi:error] [pid 12:tid 139971734722240] [remote 10.0.0.44:52234] 2026-05-09 05:25:38.108 12 WARNING keystone.common.password_hashing [None req-f0059fa3-d6c6-41f4-8afa-7bec4223b2bf - - - - - -] Truncating password to algorithm specific maximum length 72 characters. 10.0.0.44 - - [09/May/2026:05:25:38 +0000] "GET / HTTP/1.1" 300 295
[Sat May 09 05:25:38.128761 2026] [wsgi:error] [pid 11:tid 139971734722240] [remote 10.0.0.44:52242] 2026-05-09 05:25:38.128 11 WARNING keystone.common.password_hashing [None req-eafc4c91-609f-4be5-b8bd-4a6237de8fc0 - - - - - -] Truncating password to algorithm specific maximum length 72 characters. 10.0.0.44 - - [09/May/2026:05:25:38 +0000] "GET / HTTP/1.1" 300 295
[Sat May 09 05:25:38.318067 2026] [wsgi:error] [pid 9:tid 139971734722240] [remote 10.0.0.44:52248] 2026-05-09 05:25:38.317 9 WARNING keystone.common.password_hashing [None req-1dc78625-8f0c-4c97-a8f7-3628587db84a - - - - - -] Truncating password to algorithm specific maximum length 72 characters.
[Sat May 09 05:25:38.383893 2026] [wsgi:error] [pid 12:tid 139971734722240] [remote 10.0.0.44:52234] 2026-05-09 05:25:38.383 12 WARNING keystone.common.fernet_utils [None req-f0059fa3-d6c6-41f4-8afa-7bec4223b2bf - - - - - -] key_repository is world readable: /etc/keystone/fernet-keys/ 10.0.0.44 - - [09/May/2026:05:25:38 +0000] "POST /v3/auth/tokens HTTP/1.1" 201 1463
[Sat May 09 05:25:38.411283 2026] [wsgi:error] [pid 11:tid 139971734722240] [remote 10.0.0.44:52242] 2026-05-09 05:25:38.410 11 WARNING keystone.common.fernet_utils [None req-eafc4c91-609f-4be5-b8bd-4a6237de8fc0 - - - - - -] key_repository is world readable: /etc/keystone/fernet-keys/ 10.0.0.44 - - [09/May/2026:05:25:38 +0000] "POST /v3/auth/tokens HTTP/1.1" 201 1463 10.0.0.44 - - [09/May/2026:05:25:38 +0000] "GET /v3/endpoints HTTP/1.1" 200 1226 10.0.0.44 - - [09/May/2026:05:25:38 +0000] "GET /v3/endpoints HTTP/1.1" 200 1226 10.0.0.44 - - [09/May/2026:05:25:38 +0000] "GET /v3/services/be9124f22cea4dba8998b8ea2f72ed0f HTTP/1.1" 200 233 10.0.0.44 - - [09/May/2026:05:25:38 +0000] "GET /v3/services/be9124f22cea4dba8998b8ea2f72ed0f HTTP/1.1" 200 233 10.0.0.44 - - [09/May/2026:05:25:38 +0000] "GET /v3/services/be9124f22cea4dba8998b8ea2f72ed0f HTTP/1.1" 200 233 10.0.0.44 - - [09/May/2026:05:25:38 +0000] "GET /v3/services/be9124f22cea4dba8998b8ea2f72ed0f HTTP/1.1" 200 233 10.0.0.44 - - [09/May/2026:05:25:38 +0000] "GET /v3/services/be9124f22cea4dba8998b8ea2f72ed0f HTTP/1.1" 200 233 10.0.0.44 - - [09/May/2026:05:25:38 +0000] "GET /v3/services/be9124f22cea4dba8998b8ea2f72ed0f HTTP/1.1" 200 233
[Sat May 09 05:25:38.595379 2026] [wsgi:error] [pid 9:tid 139971734722240] [remote 10.0.0.44:52248] 2026-05-09 05:25:38.595 9 WARNING keystone.common.fernet_utils [None req-1dc78625-8f0c-4c97-a8f7-3628587db84a - - - - - -] key_repository is world readable: /etc/keystone/fernet-keys/ 10.0.0.44 - - [09/May/2026:05:25:38 +0000] "POST /v3/auth/tokens HTTP/1.1" 201 1463 10.0.0.44 - - [09/May/2026:05:25:38 +0000] "GET /v3/endpoints HTTP/1.1" 200 1226 10.0.0.44 - - [09/May/2026:05:25:38 +0000] "GET /v3/services/be9124f22cea4dba8998b8ea2f72ed0f HTTP/1.1" 200 233 10.0.0.44 - - [09/May/2026:05:25:38 +0000] "GET /v3/services/be9124f22cea4dba8998b8ea2f72ed0f HTTP/1.1" 200 233 10.0.0.44 - - [09/May/2026:05:25:38 +0000] "GET /v3/services/be9124f22cea4dba8998b8ea2f72ed0f HTTP/1.1" 200 233 10.0.0.44 - - [09/May/2026:05:25:39 +0000] "GET / HTTP/1.1" 300 295 10.0.0.44 - - [09/May/2026:05:25:39 +0000] "GET / HTTP/1.1" 300 295
[Sat May 09 05:25:39.802886 2026] [wsgi:error] [pid 11:tid 139971734722240] [remote 10.0.0.44:52258] 2026-05-09 05:25:39.802 11 WARNING keystone.common.password_hashing [None req-b529f791-06af-4d54-9d07-39fe96bf7414 - - - - - -] Truncating password to algorithm specific maximum length 72 characters.
[Sat May 09 05:25:39.816911 2026] [wsgi:error] [pid 9:tid 139971734722240] [remote 10.0.0.44:52270] 2026-05-09 05:25:39.816 9 WARNING keystone.common.password_hashing [None req-0653fa44-df47-4328-b318-fb201b0c4f6b - - - - - -] Truncating password to algorithm specific maximum length 72 characters. 10.0.0.44 - - [09/May/2026:05:25:40 +0000] "GET / HTTP/1.1" 300 295
[Sat May 09 05:25:40.030079 2026] [wsgi:error] [pid 12:tid 139971734722240] [remote 10.0.0.44:52280] 2026-05-09 05:25:40.029 12 WARNING keystone.common.password_hashing [None req-1a21bc57-6854-4bc0-bbff-7f519ed72c16 - - - - - -] Truncating password to algorithm specific maximum length 72 characters.
[Sat May 09 05:25:40.072114 2026] [wsgi:error] [pid 11:tid 139971734722240] [remote 10.0.0.44:52258] 2026-05-09 05:25:40.071 11 WARNING keystone.common.fernet_utils [None req-b529f791-06af-4d54-9d07-39fe96bf7414 - - - - - -] key_repository is world readable: /etc/keystone/fernet-keys/ 10.0.0.44 - - [09/May/2026:05:25:39 +0000] "POST /v3/auth/tokens HTTP/1.1" 201 1463
[Sat May 09 05:25:40.087350 2026] [wsgi:error] [pid 9:tid 139971734722240] [remote 10.0.0.44:52270] 2026-05-09 05:25:40.087 9 WARNING keystone.common.fernet_utils [None req-0653fa44-df47-4328-b318-fb201b0c4f6b - - - - - -] key_repository is world readable: /etc/keystone/fernet-keys/ 10.0.0.44 - - [09/May/2026:05:25:39 +0000] "POST /v3/auth/tokens HTTP/1.1" 201 1463 10.0.0.44 - - [09/May/2026:05:25:40 +0000] "GET /v3/services/8458ab3b6aa54050999d0075a7714431 HTTP/1.1" 200 296 10.0.0.44 - - [09/May/2026:05:25:40 +0000] "GET /v3/services/8458ab3b6aa54050999d0075a7714431 HTTP/1.1" 200 296 10.0.0.44 - - [09/May/2026:05:25:40 +0000] "GET /v3/regions/RegionOne HTTP/1.1" 200 173 10.0.0.44 - - [09/May/2026:05:25:40 +0000] "GET /v3/regions/RegionOne HTTP/1.1" 200 173 10.0.0.44 - - [09/May/2026:05:25:40 +0000] "POST /v3/endpoints HTTP/1.1" 201 383 10.0.0.44 - - [09/May/2026:05:25:40 +0000] "POST /v3/endpoints HTTP/1.1" 201 380
[Sat May 09 05:25:40.306266 2026] [wsgi:error] [pid 12:tid 139971734722240] [remote 10.0.0.44:52280] 2026-05-09 05:25:40.306 12 WARNING keystone.common.fernet_utils [None req-1a21bc57-6854-4bc0-bbff-7f519ed72c16 - - - - - -] key_repository is world readable: /etc/keystone/fernet-keys/ 10.0.0.44 - - [09/May/2026:05:25:40 +0000] "POST /v3/auth/tokens HTTP/1.1" 201 1822 10.0.0.44 - - [09/May/2026:05:25:40 +0000] "GET /v3/services/8458ab3b6aa54050999d0075a7714431 HTTP/1.1" 200 296 10.0.0.44 - - [09/May/2026:05:25:40 +0000] "GET /v3/regions/RegionOne HTTP/1.1" 200 173 10.0.0.44 - - [09/May/2026:05:25:40 +0000] "POST /v3/endpoints HTTP/1.1" 201 369 10.0.0.44 - - [09/May/2026:05:25:41 +0000] "GET / HTTP/1.1" 300 295
[Sat May 09 05:25:41.510503 2026] [wsgi:error] [pid 10:tid 139971734722240] [remote 10.0.0.44:52286] 2026-05-09 05:25:41.510 10 WARNING keystone.common.password_hashing [None req-05860482-3e16-4756-8111-0729ea7f26d8 - - - - - -] Truncating password to algorithm specific maximum length 72 characters. 10.0.0.44 - - [09/May/2026:05:25:41 +0000] "GET / HTTP/1.1" 300 295
[Sat May 09 05:25:41.564573 2026] [wsgi:error] [pid 9:tid 139971734722240] [remote 10.0.0.44:52300] 2026-05-09 05:25:41.564 9 WARNING keystone.common.password_hashing [None req-14a765cc-5b1d-4222-8de4-72c161537790 - - - - - -] Truncating password to algorithm specific maximum length 72 characters. 10.0.0.44 - - [09/May/2026:05:25:41 +0000] "GET / HTTP/1.1" 300 295
[Sat May 09 05:25:41.760727 2026] [wsgi:error] [pid 11:tid 139971734722240] [remote 10.0.0.44:52312] 2026-05-09 05:25:41.760 11 WARNING keystone.common.password_hashing [None req-3429e9b6-effb-4e57-bb76-2f0e781a7350 - - - - - -] Truncating password to algorithm specific maximum length 72 characters.
[Sat May 09 05:25:41.801460 2026] [wsgi:error] [pid 10:tid 139971734722240] [remote 10.0.0.44:52286] 2026-05-09 05:25:41.801 10 WARNING keystone.common.fernet_utils [None req-05860482-3e16-4756-8111-0729ea7f26d8 - - - - - -] key_repository is world readable: /etc/keystone/fernet-keys/
[Sat May 09 05:25:41.838166 2026] [wsgi:error] [pid 9:tid 139971734722240] [remote 10.0.0.44:52300] 2026-05-09 05:25:41.838 9 WARNING keystone.common.fernet_utils [None req-14a765cc-5b1d-4222-8de4-72c161537790 - - - - - -] key_repository is world readable: /etc/keystone/fernet-keys/ 10.0.0.44 - - [09/May/2026:05:25:41 +0000] "POST /v3/auth/tokens HTTP/1.1" 201 1990 10.0.0.44 - - [09/May/2026:05:25:41 +0000] "POST /v3/auth/tokens HTTP/1.1" 201 1990 10.0.0.44 - - [09/May/2026:05:25:41 +0000] "GET /v3/endpoints/bdcb2dcbf81245928737144a22de6dcd HTTP/1.1" 200 383 10.0.0.44 - - [09/May/2026:05:25:41 +0000] "GET /v3/endpoints/d4a7e8951e0e45c8a0e8a5999d7bde9b HTTP/1.1" 200 380 10.0.0.44 - - [09/May/2026:05:25:41 +0000] "GET /v3/services/8458ab3b6aa54050999d0075a7714431 HTTP/1.1" 200 296 10.0.0.44 - - [09/May/2026:05:25:41 +0000] "GET /v3/services/8458ab3b6aa54050999d0075a7714431 HTTP/1.1" 200 296
[Sat May 09 05:25:42.038030 2026] [wsgi:error] [pid 11:tid 139971734722240] [remote 10.0.0.44:52312] 2026-05-09 05:25:42.037 11 WARNING keystone.common.fernet_utils [None req-3429e9b6-effb-4e57-bb76-2f0e781a7350 - - - - - -] key_repository is world readable: /etc/keystone/fernet-keys/ 10.0.0.44 - - [09/May/2026:05:25:41 +0000] "POST /v3/auth/tokens HTTP/1.1" 201 1990 10.0.0.44 - - [09/May/2026:05:25:42 +0000] "GET /v3/endpoints/4d0a082e94fc400ebc1c171cfcb56f41 HTTP/1.1" 200 369 10.0.0.44 - - [09/May/2026:05:25:42 +0000] "GET /v3/services/8458ab3b6aa54050999d0075a7714431 HTTP/1.1" 200 296 10.0.0.92 - - [09/May/2026:05:25:52 +0000] "GET / HTTP/1.1" 300 295
[Sat May 09 05:25:52.539478 2026] [wsgi:error] [pid 11:tid 139971734722240] [remote 10.0.0.92:40544] 2026-05-09 05:25:52.539 11 WARNING keystone.common.password_hashing [None req-55b8d55c-c417-4322-a678-c7f0efed81d0 - - - - - -] Truncating password to algorithm specific maximum length 72 characters.
[Sat May 09 05:25:52.816278 2026] [wsgi:error] [pid 11:tid 139971734722240] [remote 10.0.0.92:40544] 2026-05-09 05:25:52.816 11 WARNING keystone.common.fernet_utils [None req-55b8d55c-c417-4322-a678-c7f0efed81d0 - - - - - -] key_repository is world readable: /etc/keystone/fernet-keys/ 10.0.0.92 - - [09/May/2026:05:25:52 +0000] "POST /v3/auth/tokens HTTP/1.1" 201 1990 10.0.0.92 - - [09/May/2026:05:25:52 +0000] "POST /v3/domains HTTP/1.1" 201 284 10.0.0.92 - - [09/May/2026:05:25:54 +0000] "GET / HTTP/1.1" 300 295
[Sat May 09 05:25:54.387255 2026] [wsgi:error] [pid 10:tid 139971734722240] [remote 10.0.0.92:40558] 2026-05-09 05:25:54.387 10 WARNING keystone.common.password_hashing [None req-98b0b0ef-78f1-4786-bd28-dce0c747124d - - - - - -] Truncating password to algorithm specific maximum length 72 characters.
[Sat May 09 05:25:54.656516 2026] [wsgi:error] [pid 10:tid 139971734722240] [remote 10.0.0.92:40558] 2026-05-09 05:25:54.656 10 WARNING keystone.common.fernet_utils [None req-98b0b0ef-78f1-4786-bd28-dce0c747124d - - - - - -] key_repository is world readable: /etc/keystone/fernet-keys/ 10.0.0.92 - - [09/May/2026:05:25:54 +0000] "POST /v3/auth/tokens HTTP/1.1" 201 1990
[Sat May 09 05:25:54.823050 2026] [wsgi:error] [pid 11:tid 139971734722240] [remote 10.0.0.92:40558] 2026-05-09 05:25:54.806 11 ERROR keystone.server.flask.application [None req-3c086ac6-227f-45d1-b1e1-569ef15b3b55 c977db2c4b584219bbcf7a9ab308eb34 714e7c83954444b0a046d5d6c102268a - - default default] Conflict occurred attempting to store project - it is not permitted to have two projects acting as domains with the same name: service.: keystone.exception.Conflict: Conflict occurred attempting to store project - it is not permitted to have two projects acting as domains with the same name: service.
[Sat May 09 05:25:54.823077 2026] [wsgi:error] [pid 11:tid 139971734722240] [remote 10.0.0.92:40558] 2026-05-09 05:25:54.806 11 ERROR keystone.server.flask.application
Traceback (most recent call last):
[Sat May 09 05:25:54.823079 2026] [wsgi:error] [pid 11:tid 139971734722240] [remote 10.0.0.92:40558] 2026-05-09 05:25:54.806 11 ERROR keystone.server.flask.application
File "/var/lib/openstack/lib/python3.12/site-packages/sqlalchemy/engine/base.py", line 1967, in _exec_single_context
[Sat May 09 05:25:54.823081 2026] [wsgi:error] [pid 11:tid 139971734722240] [remote 10.0.0.92:40558] 2026-05-09 05:25:54.806 11 ERROR keystone.server.flask.application self.dialect.do_execute(
[Sat May 09 05:25:54.823083 2026] [wsgi:error] [pid 11:tid 139971734722240] [remote 10.0.0.92:40558] 2026-05-09 05:25:54.806 11 ERROR keystone.server.flask.application
File "/var/lib/openstack/lib/python3.12/site-packages/sqlalchemy/engine/default.py", line 952, in do_execute
[Sat May 09 05:25:54.823084 2026] [wsgi:error] [pid 11:tid 139971734722240] [remote 10.0.0.92:40558] 2026-05-09 05:25:54.806 11 ERROR keystone.server.flask.application cursor.execute(statement, parameters)
[Sat May 09 05:25:54.823086 2026] [wsgi:error] [pid 11:tid 139971734722240] [remote 10.0.0.92:40558] 2026-05-09 05:25:54.806 11 ERROR keystone.server.flask.application
File "/var/lib/openstack/lib/python3.12/site-packages/pymysql/cursors.py", line 157, in execute
[Sat May 09 05:25:54.823087 2026] [wsgi:error] [pid 11:tid 139971734722240] [remote 10.0.0.92:40558] 2026-05-09 05:25:54.806 11 ERROR keystone.server.flask.application result = self._query(query)
[Sat May 09 05:25:54.823088 2026] [wsgi:error] [pid 11:tid 139971734722240] [remote 10.0.0.92:40558] 2026-05-09 05:25:54.806 11 ERROR keystone.server.flask.application ^^^^^^^^^^^^^^^^^^
[Sat May 09 05:25:54.823090 2026] [wsgi:error] [pid 11:tid 139971734722240] [remote 10.0.0.92:40558] 2026-05-09 05:25:54.806 11 ERROR keystone.server.flask.application
File "/var/lib/openstack/lib/python3.12/site-packages/pymysql/cursors.py", line 328, in _query
[Sat May 09 05:25:54.823092 2026] [wsgi:error] [pid 11:tid 139971734722240] [remote 10.0.0.92:40558] 2026-05-09 05:25:54.806 11 ERROR keystone.server.flask.application conn.query(q)
[Sat May 09 05:25:54.823093 2026] [wsgi:error] [pid 11:tid 139971734722240] [remote 10.0.0.92:40558] 2026-05-09 05:25:54.806 11 ERROR keystone.server.flask.application
File "/var/lib/openstack/lib/python3.12/site-packages/pymysql/connections.py", line 575, in query
[Sat May 09 05:25:54.823095 2026] [wsgi:error] [pid 11:tid 139971734722240] [remote 10.0.0.92:40558] 2026-05-09 05:25:54.806 11 ERROR keystone.server.flask.application self._affected_rows = self._read_query_result(unbuffered=unbuffered)
[Sat May 09 05:25:54.823096 2026] [wsgi:error] [pid 11:tid 139971734722240] [remote 10.0.0.92:40558] 2026-05-09 05:25:54.806 11 ERROR keystone.server.flask.application ^^^^^^^^^^^^^^^^^^^^^^^^^^^^^^^^^^^^^^^^^^^^^^
[Sat May 09 05:25:54.823097 2026] [wsgi:error] [pid 11:tid 139971734722240] [remote 10.0.0.92:40558] 2026-05-09 05:25:54.806 11 ERROR keystone.server.flask.application
File "/var/lib/openstack/lib/python3.12/site-packages/pymysql/connections.py", line 826, in _read_query_result
[Sat May 09 05:25:54.823099 2026] [wsgi:error] [pid 11:tid 139971734722240] [remote 10.0.0.92:40558] 2026-05-09 05:25:54.806 11 ERROR keystone.server.flask.application result.read()
[Sat May 09 05:25:54.823101 2026] [wsgi:error] [pid 11:tid 139971734722240] [remote 10.0.0.92:40558] 2026-05-09 05:25:54.806 11 ERROR keystone.server.flask.application
File "/var/lib/openstack/lib/python3.12/site-packages/pymysql/connections.py", line 1203, in read
[Sat May 09 05:25:54.823103 2026] [wsgi:error] [pid 11:tid 139971734722240] [remote 10.0.0.92:40558] 2026-05-09 05:25:54.806 11 ERROR keystone.server.flask.application first_packet = self.connection._read_packet()
[Sat May 09 05:25:54.823104 2026] [wsgi:error] [pid 11:tid 139971734722240] [remote 10.0.0.92:40558] 2026-05-09 05:25:54.806 11 ERROR keystone.server.flask.application ^^^^^^^^^^^^^^^^^^^^^^^^^^^^^^
[Sat May 09 05:25:54.823106 2026] [wsgi:error] [pid 11:tid 139971734722240] [remote 10.0.0.92:40558] 2026-05-09 05:25:54.806 11 ERROR keystone.server.flask.application
File "/var/lib/openstack/lib/python3.12/site-packages/pymysql/connections.py", line 782, in _read_packet
[Sat May 09 05:25:54.823107 2026] [wsgi:error] [pid 11:tid 139971734722240] [remote 10.0.0.92:40558] 2026-05-09 05:25:54.806 11 ERROR keystone.server.flask.application packet.raise_for_error()
[Sat May 09 05:25:54.823108 2026] [wsgi:error] [pid 11:tid 139971734722240] [remote 10.0.0.92:40558] 2026-05-09 05:25:54.806 11 ERROR keystone.server.flask.application
File "/var/lib/openstack/lib/python3.12/site-packages/pymysql/protocol.py", line 219, in raise_for_error
[Sat May 09 05:25:54.823110 2026] [wsgi:error] [pid 11:tid 139971734722240] [remote 10.0.0.92:40558] 2026-05-09 05:25:54.806 11 ERROR keystone.server.flask.application err.raise_mysql_exception(self._data)
[Sat May 09 05:25:54.823111 2026] [wsgi:error] [pid 11:tid 139971734722240] [remote 10.0.0.92:40558] 2026-05-09 05:25:54.806 11 ERROR keystone.server.flask.application
File "/var/lib/openstack/lib/python3.12/site-packages/pymysql/err.py", line 150, in raise_mysql_exception
[Sat May 09 05:25:54.823112 2026] [wsgi:error] [pid 11:tid 139971734722240] [remote 10.0.0.92:40558] 2026-05-09 05:25:54.806 11 ERROR keystone.server.flask.application raise errorclass(errno, errval)
[Sat May 09 05:25:54.823114 2026] [wsgi:error] [pid 11:tid 139971734722240] [remote 10.0.0.92:40558] 2026-05-09 05:25:54.806 11 ERROR keystone.server.flask.application pymysql.err.IntegrityError: (1062, "Duplicate entry '<>-service' for key 'project.ixu_project_name_domain_id'")
[Sat May 09 05:25:54.823116 2026] [wsgi:error] [pid 11:tid 139971734722240] [remote 10.0.0.92:40558] 2026-05-09 05:25:54.806 11 ERROR keystone.server.flask.application
[Sat May 09 05:25:54.823117 2026] [wsgi:error] [pid 11:tid 139971734722240] [remote 10.0.0.92:40558] 2026-05-09 05:25:54.806 11 ERROR keystone.server.flask.application The above exception was the direct cause of the following exception:
[Sat May 09 05:25:54.823119 2026] [wsgi:error] [pid 11:tid 139971734722240] [remote 10.0.0.92:40558] 2026-05-09 05:25:54.806 11 ERROR keystone.server.flask.application
[Sat May 09 05:25:54.823120 2026] [wsgi:error] [pid 11:tid 139971734722240] [remote 10.0.0.92:40558] 2026-05-09 05:25:54.806 11 ERROR keystone.server.flask.application
Traceback (most recent call last):
[Sat May 09 05:25:54.823122 2026] [wsgi:error] [pid 11:tid 139971734722240] [remote 10.0.0.92:40558] 2026-05-09 05:25:54.806 11 ERROR keystone.server.flask.application
File "/var/lib/openstack/lib/python3.12/site-packages/keystone/common/sql/core.py", line 575, in wrapper
[Sat May 09 05:25:54.823123 2026] [wsgi:error] [pid 11:tid 139971734722240] [remote 10.0.0.92:40558] 2026-05-09 05:25:54.806 11 ERROR keystone.server.flask.application return method(*args, **kwargs)
[Sat May 09 05:25:54.823124 2026] [wsgi:error] [pid 11:tid 139971734722240] [remote 10.0.0.92:40558] 2026-05-09 05:25:54.806 11 ERROR keystone.server.flask.application ^^^^^^^^^^^^^^^^^^^^^^^
[Sat May 09 05:25:54.823126 2026] [wsgi:error] [pid 11:tid 139971734722240] [remote 10.0.0.92:40558] 2026-05-09 05:25:54.806 11 ERROR keystone.server.flask.application
File "/var/lib/openstack/lib/python3.12/site-packages/keystone/resource/backends/sql.py", line 278, in create_project
[Sat May 09 05:25:54.823128 2026] [wsgi:error] [pid 11:tid 139971734722240] [remote 10.0.0.92:40558] 2026-05-09 05:25:54.806 11 ERROR keystone.server.flask.application with sql.session_for_write() as session:
[Sat May 09 05:25:54.823130 2026] [wsgi:error] [pid 11:tid 139971734722240] [remote 10.0.0.92:40558] 2026-05-09 05:25:54.806 11 ERROR keystone.server.flask.application
File "/usr/lib/python3.12/contextlib.py", line 144, in __exit__
[Sat May 09 05:25:54.823131 2026] [wsgi:error] [pid 11:tid 139971734722240] [remote 10.0.0.92:40558] 2026-05-09 05:25:54.806 11 ERROR keystone.server.flask.application next(self.gen)
[Sat May 09 05:25:54.823134 2026] [wsgi:error] [pid 11:tid 139971734722240] [remote 10.0.0.92:40558] 2026-05-09 05:25:54.806 11 ERROR keystone.server.flask.application
File "/var/lib/openstack/lib/python3.12/site-packages/oslo_db/sqlalchemy/enginefacade.py", line 1175, in _transaction_scope
[Sat May 09 05:25:54.823136 2026] [wsgi:error] [pid 11:tid 139971734722240] [remote 10.0.0.92:40558] 2026-05-09 05:25:54.806 11 ERROR keystone.server.flask.application with current._produce_block(
[Sat May 09 05:25:54.823137 2026] [wsgi:error] [pid 11:tid 139971734722240] [remote 10.0.0.92:40558] 2026-05-09 05:25:54.806 11 ERROR keystone.server.flask.application
File "/usr/lib/python3.12/contextlib.py", line 144, in __exit__
[Sat May 09 05:25:54.823139 2026] [wsgi:error] [pid 11:tid 139971734722240] [remote 10.0.0.92:40558] 2026-05-09 05:25:54.806 11 ERROR keystone.server.flask.application next(self.gen)
[Sat May 09 05:25:54.823140 2026] [wsgi:error] [pid 11:tid 139971734722240] [remote 10.0.0.92:40558] 2026-05-09 05:25:54.806 11 ERROR keystone.server.flask.application
File "/var/lib/openstack/lib/python3.12/site-packages/oslo_db/sqlalchemy/enginefacade.py", line 837, in _session
[Sat May 09 05:25:54.823141 2026] [wsgi:error] [pid 11:tid 139971734722240] [remote 10.0.0.92:40558] 2026-05-09 05:25:54.806 11 ERROR keystone.server.flask.application with excutils.save_and_reraise_exception():
[Sat May 09 05:25:54.823143 2026] [wsgi:error] [pid 11:tid 139971734722240] [remote 10.0.0.92:40558] 2026-05-09 05:25:54.806 11 ERROR keystone.server.flask.application
File "/var/lib/openstack/lib/python3.12/site-packages/oslo_utils/excutils.py", line 271, in __exit__
[Sat May 09 05:25:54.823144 2026] [wsgi:error] [pid 11:tid 139971734722240] [remote 10.0.0.92:40558] 2026-05-09 05:25:54.806 11 ERROR keystone.server.flask.application self.force_reraise()
[Sat May 09 05:25:54.823146 2026] [wsgi:error] [pid 11:tid 139971734722240] [remote 10.0.0.92:40558] 2026-05-09 05:25:54.806 11 ERROR keystone.server.flask.application
File "/var/lib/openstack/lib/python3.12/site-packages/oslo_utils/excutils.py", line 233, in force_reraise
[Sat May 09 05:25:54.823147 2026] [wsgi:error] [pid 11:tid 139971734722240] [remote 10.0.0.92:40558] 2026-05-09 05:25:54.806 11 ERROR keystone.server.flask.application raise self.value
[Sat May 09 05:25:54.823148 2026] [wsgi:error] [pid 11:tid 139971734722240] [remote 10.0.0.92:40558] 2026-05-09 05:25:54.806 11 ERROR keystone.server.flask.application
File "/var/lib/openstack/lib/python3.12/site-packages/oslo_db/sqlalchemy/enginefacade.py", line 835, in _session
[Sat May 09 05:25:54.823150 2026] [wsgi:error] [pid 11:tid 139971734722240] [remote 10.0.0.92:40558] 2026-05-09 05:25:54.806 11 ERROR keystone.server.flask.application self._end_session_transaction(self.session)
[Sat May 09 05:25:54.823151 2026] [wsgi:error] [pid 11:tid 139971734722240] [remote 10.0.0.92:40558] 2026-05-09 05:25:54.806 11 ERROR keystone.server.flask.application
File "/var/lib/openstack/lib/python3.12/site-packages/oslo_db/sqlalchemy/enginefacade.py", line 748, in _end_session_transaction
[Sat May 09 05:25:54.823152 2026] [wsgi:error] [pid 11:tid 139971734722240] [remote 10.0.0.92:40558] 2026-05-09 05:25:54.806 11 ERROR keystone.server.flask.application session.commit()
[Sat May 09 05:25:54.823155 2026] [wsgi:error] [pid 11:tid 139971734722240] [remote 10.0.0.92:40558] 2026-05-09 05:25:54.806 11 ERROR keystone.server.flask.application
File "/var/lib/openstack/lib/python3.12/site-packages/sqlalchemy/orm/session.py", line 2030, in commit
[Sat May 09 05:25:54.823156 2026] [wsgi:error] [pid 11:tid 139971734722240] [remote 10.0.0.92:40558] 2026-05-09 05:25:54.806 11 ERROR keystone.server.flask.application trans.commit(_to_root=True)
[Sat May 09 05:25:54.823157 2026] [wsgi:error] [pid 11:tid 139971734722240] [remote 10.0.0.92:40558] 2026-05-09 05:25:54.806 11 ERROR keystone.server.flask.application File "", line 2, in commit
[Sat May 09 05:25:54.823159 2026] [wsgi:error] [pid 11:tid 139971734722240] [remote 10.0.0.92:40558] 2026-05-09 05:25:54.806 11 ERROR keystone.server.flask.application
File "/var/lib/openstack/lib/python3.12/site-packages/sqlalchemy/orm/state_changes.py", line 137, in _go
[Sat May 09 05:25:54.823160 2026] [wsgi:error] [pid 11:tid 139971734722240] [remote 10.0.0.92:40558] 2026-05-09 05:25:54.806 11 ERROR keystone.server.flask.application ret_value = fn(self, *arg, **kw)
[Sat May 09 05:25:54.823162 2026] [wsgi:error] [pid 11:tid 139971734722240] [remote 10.0.0.92:40558] 2026-05-09 05:25:54.806 11 ERROR keystone.server.flask.application ^^^^^^^^^^^^^^^^^^^^
[Sat May 09 05:25:54.823163 2026] [wsgi:error] [pid 11:tid 139971734722240] [remote 10.0.0.92:40558] 2026-05-09 05:25:54.806 11 ERROR keystone.server.flask.application
File "/var/lib/openstack/lib/python3.12/site-packages/sqlalchemy/orm/session.py", line 1311, in commit
[Sat May 09 05:25:54.823164 2026] [wsgi:error] [pid 11:tid 139971734722240] [remote 10.0.0.92:40558] 2026-05-09 05:25:54.806 11 ERROR keystone.server.flask.application self._prepare_impl()
[Sat May 09 05:25:54.823166 2026] [wsgi:error] [pid 11:tid 139971734722240] [remote 10.0.0.92:40558] 2026-05-09 05:25:54.806 11 ERROR keystone.server.flask.application File "", line 2, in _prepare_impl
[Sat May 09 05:25:54.823167 2026] [wsgi:error] [pid 11:tid 139971734722240] [remote 10.0.0.92:40558] 2026-05-09 05:25:54.806 11 ERROR keystone.server.flask.application
File "/var/lib/openstack/lib/python3.12/site-packages/sqlalchemy/orm/state_changes.py", line 137, in _go
[Sat May 09 05:25:54.823168 2026] [wsgi:error] [pid 11:tid 139971734722240] [remote 10.0.0.92:40558] 2026-05-09 05:25:54.806 11 ERROR keystone.server.flask.application ret_value = fn(self, *arg, **kw)
[Sat May 09 05:25:54.823170 2026] [wsgi:error] [pid 11:tid 139971734722240] [remote 10.0.0.92:40558] 2026-05-09 05:25:54.806 11 ERROR keystone.server.flask.application ^^^^^^^^^^^^^^^^^^^^
[Sat May 09 05:25:54.823171 2026] [wsgi:error] [pid 11:tid 139971734722240] [remote 10.0.0.92:40558] 2026-05-09 05:25:54.806 11 ERROR keystone.server.flask.application
File "/var/lib/openstack/lib/python3.12/site-packages/sqlalchemy/orm/session.py", line 1286, in _prepare_impl
[Sat May 09 05:25:54.823172 2026] [wsgi:error] [pid 11:tid 139971734722240] [remote 10.0.0.92:40558] 2026-05-09 05:25:54.806 11 ERROR keystone.server.flask.application self.session.flush()
[Sat May 09 05:25:54.823174 2026] [wsgi:error] [pid 11:tid 139971734722240] [remote 10.0.0.92:40558] 2026-05-09 05:25:54.806 11 ERROR keystone.server.flask.application
File "/var/lib/openstack/lib/python3.12/site-packages/sqlalchemy/orm/session.py", line 4331, in flush
[Sat May 09 05:25:54.823175 2026] [wsgi:error] [pid 11:tid 139971734722240] [remote 10.0.0.92:40558] 2026-05-09 05:25:54.806 11 ERROR keystone.server.flask.application self._flush(objects)
[Sat May 09 05:25:54.823176 2026] [wsgi:error] [pid 11:tid 139971734722240] [remote 10.0.0.92:40558] 2026-05-09 05:25:54.806 11 ERROR keystone.server.flask.application
File "/var/lib/openstack/lib/python3.12/site-packages/sqlalchemy/orm/session.py", line 4466, in _flush
[Sat May 09 05:25:54.823196 2026] [wsgi:error] [pid 11:tid 139971734722240] [remote 10.0.0.92:40558] 2026-05-09 05:25:54.806 11 ERROR keystone.server.flask.application with util.safe_reraise():
[Sat May 09 05:25:54.823198 2026] [wsgi:error] [pid 11:tid 139971734722240] [remote 10.0.0.92:40558] 2026-05-09 05:25:54.806 11 ERROR keystone.server.flask.application
File "/var/lib/openstack/lib/python3.12/site-packages/sqlalchemy/util/langhelpers.py", line 121, in __exit__
[Sat May 09 05:25:54.823199 2026] [wsgi:error] [pid 11:tid 139971734722240] [remote 10.0.0.92:40558] 2026-05-09 05:25:54.806 11 ERROR keystone.server.flask.application raise exc_value.with_traceback(exc_tb)
[Sat May 09 05:25:54.823201 2026] [wsgi:error] [pid 11:tid 139971734722240] [remote 10.0.0.92:40558] 2026-05-09 05:25:54.806 11 ERROR keystone.server.flask.application
File "/var/lib/openstack/lib/python3.12/site-packages/sqlalchemy/orm/session.py", line 4427, in _flush
[Sat May 09 05:25:54.823203 2026] [wsgi:error] [pid 11:tid 139971734722240] [remote 10.0.0.92:40558] 2026-05-09 05:25:54.806 11 ERROR keystone.server.flask.application flush_context.execute()
[Sat May 09 05:25:54.823204 2026] [wsgi:error] [pid 11:tid 139971734722240] [remote 10.0.0.92:40558] 2026-05-09 05:25:54.806 11 ERROR keystone.server.flask.application
File "/var/lib/openstack/lib/python3.12/site-packages/sqlalchemy/orm/unitofwork.py", line 466, in execute
