Apr 09 18:17:51.755529 np0000164638 nova-scheduler[107612]: DEBUG cotyledon.oslo_config_glue [-] vnc.auth_schemes = ['none'] {{(pid=107612) log_opt_values /opt/stack/data/venv/lib/python3.12/site-packages/oslo_config/cfg.py:3006}}
Apr 09 18:17:51.755529 np0000164638 nova-scheduler[107612]: DEBUG cotyledon.oslo_config_glue [-] vnc.enabled = True {{(pid=107612) log_opt_values /opt/stack/data/venv/lib/python3.12/site-packages/oslo_config/cfg.py:3006}}
Apr 09 18:17:51.755529 np0000164638 nova-scheduler[107612]: DEBUG cotyledon.oslo_config_glue [-] vnc.novncproxy_base_url = http://127.0.0.1:6080/vnc_auto.html {{(pid=107612) log_opt_values /opt/stack/data/venv/lib/python3.12/site-packages/oslo_config/cfg.py:3006}}
Apr 09 18:17:51.755529 np0000164638 nova-scheduler[107612]: DEBUG cotyledon.oslo_config_glue [-] vnc.novncproxy_host = 0.0.0.0 {{(pid=107612) log_opt_values /opt/stack/data/venv/lib/python3.12/site-packages/oslo_config/cfg.py:3006}}
Apr 09 18:17:51.755529 np0000164638 nova-scheduler[107612]: DEBUG cotyledon.oslo_config_glue [-] vnc.novncproxy_port = 6080 {{(pid=107612) log_opt_values /opt/stack/data/venv/lib/python3.12/site-packages/oslo_config/cfg.py:3006}}
Apr 09 18:17:51.755529 np0000164638 nova-scheduler[107612]: DEBUG cotyledon.oslo_config_glue [-] vnc.server_listen = 127.0.0.1 {{(pid=107612) log_opt_values /opt/stack/data/venv/lib/python3.12/site-packages/oslo_config/cfg.py:3006}}
Apr 09 18:17:51.755529 np0000164638 nova-scheduler[107612]: DEBUG cotyledon.oslo_config_glue [-] vnc.server_proxyclient_address = 127.0.0.1 {{(pid=107612) log_opt_values /opt/stack/data/venv/lib/python3.12/site-packages/oslo_config/cfg.py:3006}}
Apr 09 18:17:51.755732 np0000164638 nova-scheduler[107612]: DEBUG cotyledon.oslo_config_glue [-] vnc.vencrypt_ca_certs = None {{(pid=107612) log_opt_values /opt/stack/data/venv/lib/python3.12/site-packages/oslo_config/cfg.py:3006}}
Apr 09 18:17:51.755732 np0000164638 nova-scheduler[107612]: DEBUG cotyledon.oslo_config_glue [-] vnc.vencrypt_client_cert = None {{(pid=107612) log_opt_values /opt/stack/data/venv/lib/python3.12/site-packages/oslo_config/cfg.py:3006}}
Apr 09 18:17:51.755732 np0000164638 nova-scheduler[107612]: DEBUG cotyledon.oslo_config_glue [-] vnc.vencrypt_client_key = None {{(pid=107612) log_opt_values /opt/stack/data/venv/lib/python3.12/site-packages/oslo_config/cfg.py:3006}}
Apr 09 18:17:51.755732 np0000164638 nova-scheduler[107612]: DEBUG cotyledon.oslo_config_glue [-] workarounds.disable_compute_service_check_for_ffu = False {{(pid=107612) log_opt_values /opt/stack/data/venv/lib/python3.12/site-packages/oslo_config/cfg.py:3006}}
Apr 09 18:17:51.755732 np0000164638 nova-scheduler[107612]: DEBUG cotyledon.oslo_config_glue [-] workarounds.disable_deep_image_inspection = False {{(pid=107612) log_opt_values /opt/stack/data/venv/lib/python3.12/site-packages/oslo_config/cfg.py:3006}}
Apr 09 18:17:51.755732 np0000164638 nova-scheduler[107612]: DEBUG cotyledon.oslo_config_glue [-] workarounds.disable_fallback_pcpu_query = False {{(pid=107612) log_opt_values /opt/stack/data/venv/lib/python3.12/site-packages/oslo_config/cfg.py:3006}}
Apr 09 18:17:51.755732 np0000164638 nova-scheduler[107612]: DEBUG cotyledon.oslo_config_glue [-] workarounds.disable_group_policy_check_upcall = False {{(pid=107612) log_opt_values /opt/stack/data/venv/lib/python3.12/site-packages/oslo_config/cfg.py:3006}}
Apr 09 18:17:51.755732 np0000164638 nova-scheduler[107612]: DEBUG cotyledon.oslo_config_glue [-] workarounds.disable_libvirt_livesnapshot = False {{(pid=107612) log_opt_values /opt/stack/data/venv/lib/python3.12/site-packages/oslo_config/cfg.py:3006}}
Apr 09 18:17:51.755732 np0000164638 nova-scheduler[107612]: DEBUG cotyledon.oslo_config_glue [-] workarounds.disable_rootwrap = False {{(pid=107612) log_opt_values /opt/stack/data/venv/lib/python3.12/site-packages/oslo_config/cfg.py:3006}}
Apr 09 18:17:51.755937 np0000164638 nova-scheduler[107612]: DEBUG cotyledon.oslo_config_glue [-] workarounds.enable_numa_live_migration = False {{(pid=107612) log_opt_values /opt/stack/data/venv/lib/python3.12/site-packages/oslo_config/cfg.py:3006}}
Apr 09 18:17:51.755937 np0000164638 nova-scheduler[107612]: DEBUG cotyledon.oslo_config_glue [-] workarounds.enable_qemu_monitor_announce_self = False {{(pid=107612) log_opt_values /opt/stack/data/venv/lib/python3.12/site-packages/oslo_config/cfg.py:3006}}
Apr 09 18:17:51.755937 np0000164638 nova-scheduler[107612]: DEBUG cotyledon.oslo_config_glue [-] workarounds.ensure_libvirt_rbd_instance_dir_cleanup = False {{(pid=107612) log_opt_values /opt/stack/data/venv/lib/python3.12/site-packages/oslo_config/cfg.py:3006}}
Apr 09 18:17:51.755937 np0000164638 nova-scheduler[107612]: DEBUG cotyledon.oslo_config_glue [-] workarounds.handle_virt_lifecycle_events = True {{(pid=107612) log_opt_values /opt/stack/data/venv/lib/python3.12/site-packages/oslo_config/cfg.py:3006}}
Apr 09 18:17:51.755937 np0000164638 nova-scheduler[107612]: DEBUG cotyledon.oslo_config_glue [-] workarounds.libvirt_disable_apic = False {{(pid=107612) log_opt_values /opt/stack/data/venv/lib/python3.12/site-packages/oslo_config/cfg.py:3006}}
Apr 09 18:17:51.756062 np0000164638 nova-scheduler[107612]: DEBUG cotyledon.oslo_config_glue [-] workarounds.never_download_image_if_on_rbd = False {{(pid=107612) log_opt_values /opt/stack/data/venv/lib/python3.12/site-packages/oslo_config/cfg.py:3006}}
Apr 09 18:17:51.756062 np0000164638 nova-scheduler[107612]: DEBUG cotyledon.oslo_config_glue [-] workarounds.qemu_monitor_announce_self_count = 3 {{(pid=107612) log_opt_values /opt/stack/data/venv/lib/python3.12/site-packages/oslo_config/cfg.py:3006}}
Apr 09 18:17:51.756062 np0000164638 nova-scheduler[107612]: DEBUG cotyledon.oslo_config_glue [-] workarounds.qemu_monitor_announce_self_interval = 1 {{(pid=107612) log_opt_values /opt/stack/data/venv/lib/python3.12/site-packages/oslo_config/cfg.py:3006}}
Apr 09 18:17:51.756138 np0000164638 nova-scheduler[107612]: DEBUG cotyledon.oslo_config_glue [-] workarounds.reserve_disk_resource_for_image_cache = False {{(pid=107612) log_opt_values /opt/stack/data/venv/lib/python3.12/site-packages/oslo_config/cfg.py:3006}}
Apr 09 18:17:51.756212 np0000164638 nova-scheduler[107612]: DEBUG cotyledon.oslo_config_glue [-] workarounds.skip_cpu_compare_at_startup = False {{(pid=107612) log_opt_values /opt/stack/data/venv/lib/python3.12/site-packages/oslo_config/cfg.py:3006}}
Apr 09 18:17:51.756304 np0000164638 nova-scheduler[107612]: DEBUG cotyledon.oslo_config_glue [-] workarounds.skip_cpu_compare_on_dest = False {{(pid=107612) log_opt_values /opt/stack/data/venv/lib/python3.12/site-packages/oslo_config/cfg.py:3006}}
Apr 09 18:17:51.756370 np0000164638 nova-scheduler[107612]: DEBUG cotyledon.oslo_config_glue [-] workarounds.skip_hypervisor_version_check_on_lm = False {{(pid=107612) log_opt_values /opt/stack/data/venv/lib/python3.12/site-packages/oslo_config/cfg.py:3006}}
Apr 09 18:17:51.756430 np0000164638 nova-scheduler[107612]: DEBUG cotyledon.oslo_config_glue [-] workarounds.skip_reserve_in_use_ironic_nodes = False {{(pid=107612) log_opt_values /opt/stack/data/venv/lib/python3.12/site-packages/oslo_config/cfg.py:3006}}
Apr 09 18:17:51.756499 np0000164638 nova-scheduler[107612]: DEBUG cotyledon.oslo_config_glue [-] workarounds.unified_limits_count_pcpu_as_vcpu = False {{(pid=107612) log_opt_values /opt/stack/data/venv/lib/python3.12/site-packages/oslo_config/cfg.py:3006}}
Apr 09 18:17:51.756567 np0000164638 nova-scheduler[107612]: DEBUG cotyledon.oslo_config_glue [-] workarounds.wait_for_vif_plugged_event_during_hard_reboot = [] {{(pid=107612) log_opt_values /opt/stack/data/venv/lib/python3.12/site-packages/oslo_config/cfg.py:3006}}
Apr 09 18:17:51.756642 np0000164638 nova-scheduler[107612]: DEBUG cotyledon.oslo_config_glue [-] wsgi.api_paste_config = /etc/nova/api-paste.ini {{(pid=107612) log_opt_values /opt/stack/data/venv/lib/python3.12/site-packages/oslo_config/cfg.py:3006}}
Apr 09 18:17:51.756712 np0000164638 nova-scheduler[107612]: DEBUG cotyledon.oslo_config_glue [-] wsgi.secure_proxy_ssl_header = None {{(pid=107612) log_opt_values /opt/stack/data/venv/lib/python3.12/site-packages/oslo_config/cfg.py:3006}}
Apr 09 18:17:51.756778 np0000164638 nova-scheduler[107612]: DEBUG cotyledon.oslo_config_glue [-] zvm.ca_file = None {{(pid=107612) log_opt_values /opt/stack/data/venv/lib/python3.12/site-packages/oslo_config/cfg.py:3006}}
Apr 09 18:17:51.756840 np0000164638 nova-scheduler[107612]: DEBUG cotyledon.oslo_config_glue [-] zvm.cloud_connector_url = None {{(pid=107612) log_opt_values /opt/stack/data/venv/lib/python3.12/site-packages/oslo_config/cfg.py:3006}}
Apr 09 18:17:51.756904 np0000164638 nova-scheduler[107612]: DEBUG cotyledon.oslo_config_glue [-] zvm.image_tmp_path = /opt/stack/data/nova/images {{(pid=107612) log_opt_values /opt/stack/data/venv/lib/python3.12/site-packages/oslo_config/cfg.py:3006}}
Apr 09 18:17:51.756971 np0000164638 nova-scheduler[107612]: DEBUG cotyledon.oslo_config_glue [-] zvm.reachable_timeout = 300 {{(pid=107612) log_opt_values /opt/stack/data/venv/lib/python3.12/site-packages/oslo_config/cfg.py:3006}}
Apr 09 18:17:51.757073 np0000164638 nova-scheduler[107612]: DEBUG cotyledon.oslo_config_glue [-] oslo_versionedobjects.fatal_exception_format_errors = False {{(pid=107612) log_opt_values /opt/stack/data/venv/lib/python3.12/site-packages/oslo_config/cfg.py:3006}}
Apr 09 18:17:51.757177 np0000164638 nova-scheduler[107612]: DEBUG cotyledon.oslo_config_glue [-] oslo_middleware.http_basic_auth_user_file = /etc/htpasswd {{(pid=107612) log_opt_values /opt/stack/data/venv/lib/python3.12/site-packages/oslo_config/cfg.py:3006}}
Apr 09 18:17:51.757263 np0000164638 nova-scheduler[107612]: DEBUG cotyledon.oslo_config_glue [-] oslo_messaging_metrics.metrics_buffer_size = 1000 {{(pid=107612) log_opt_values /opt/stack/data/venv/lib/python3.12/site-packages/oslo_config/cfg.py:3006}}
Apr 09 18:17:51.757368 np0000164638 nova-scheduler[107612]: DEBUG cotyledon.oslo_config_glue [-] oslo_messaging_metrics.metrics_enabled = False {{(pid=107612) log_opt_values /opt/stack/data/venv/lib/python3.12/site-packages/oslo_config/cfg.py:3006}}
Apr 09 18:17:51.757430 np0000164638 nova-scheduler[107612]: DEBUG cotyledon.oslo_config_glue [-] oslo_messaging_metrics.metrics_process_name = {{(pid=107612) log_opt_values /opt/stack/data/venv/lib/python3.12/site-packages/oslo_config/cfg.py:3006}}
Apr 09 18:17:51.757496 np0000164638 nova-scheduler[107612]: DEBUG cotyledon.oslo_config_glue [-] oslo_messaging_metrics.metrics_socket_file = /var/tmp/metrics_collector.sock {{(pid=107612) log_opt_values /opt/stack/data/venv/lib/python3.12/site-packages/oslo_config/cfg.py:3006}}
Apr 09 18:17:51.757552 np0000164638 nova-scheduler[107612]: DEBUG cotyledon.oslo_config_glue [-] oslo_messaging_metrics.metrics_thread_stop_timeout = 10 {{(pid=107612) log_opt_values /opt/stack/data/venv/lib/python3.12/site-packages/oslo_config/cfg.py:3006}}
Apr 09 18:17:51.757659 np0000164638 nova-scheduler[107612]: DEBUG cotyledon.oslo_config_glue [-] profiler.connection_string = messaging:// {{(pid=107612) log_opt_values /opt/stack/data/venv/lib/python3.12/site-packages/oslo_config/cfg.py:3006}}
Apr 09 18:17:51.757720 np0000164638 nova-scheduler[107612]: DEBUG cotyledon.oslo_config_glue [-] profiler.enabled = False {{(pid=107612) log_opt_values /opt/stack/data/venv/lib/python3.12/site-packages/oslo_config/cfg.py:3006}}
Apr 09 18:17:51.757777 np0000164638 nova-scheduler[107612]: DEBUG cotyledon.oslo_config_glue [-] profiler.es_doc_type = notification {{(pid=107612) log_opt_values /opt/stack/data/venv/lib/python3.12/site-packages/oslo_config/cfg.py:3006}}
Apr 09 18:17:51.757842 np0000164638 nova-scheduler[107612]: DEBUG cotyledon.oslo_config_glue [-] profiler.es_scroll_size = 10000 {{(pid=107612) log_opt_values /opt/stack/data/venv/lib/python3.12/site-packages/oslo_config/cfg.py:3006}}
Apr 09 18:17:51.757898 np0000164638 nova-scheduler[107612]: DEBUG cotyledon.oslo_config_glue [-] profiler.es_scroll_time = 2m {{(pid=107612) log_opt_values /opt/stack/data/venv/lib/python3.12/site-packages/oslo_config/cfg.py:3006}}
Apr 09 18:17:51.757954 np0000164638 nova-scheduler[107612]: DEBUG cotyledon.oslo_config_glue [-] profiler.filter_error_trace = False {{(pid=107612) log_opt_values /opt/stack/data/venv/lib/python3.12/site-packages/oslo_config/cfg.py:3006}}
Apr 09 18:17:51.758010 np0000164638 nova-scheduler[107612]: DEBUG cotyledon.oslo_config_glue [-] profiler.hmac_keys = **** {{(pid=107612) log_opt_values /opt/stack/data/venv/lib/python3.12/site-packages/oslo_config/cfg.py:3006}}
Apr 09 18:17:51.758069 np0000164638 nova-scheduler[107612]: DEBUG cotyledon.oslo_config_glue [-] profiler.sentinel_service_name = mymaster {{(pid=107612) log_opt_values /opt/stack/data/venv/lib/python3.12/site-packages/oslo_config/cfg.py:3006}}
Apr 09 18:17:51.758123 np0000164638 nova-scheduler[107612]: DEBUG cotyledon.oslo_config_glue [-] profiler.socket_timeout = 0.1 {{(pid=107612) log_opt_values /opt/stack/data/venv/lib/python3.12/site-packages/oslo_config/cfg.py:3006}}
Apr 09 18:17:51.758202 np0000164638 nova-scheduler[107612]: DEBUG cotyledon.oslo_config_glue [-] profiler.trace_requests = False {{(pid=107612) log_opt_values /opt/stack/data/venv/lib/python3.12/site-packages/oslo_config/cfg.py:3006}}
Apr 09 18:17:51.758261 np0000164638 nova-scheduler[107612]: DEBUG cotyledon.oslo_config_glue [-] profiler.trace_sqlalchemy = False {{(pid=107612) log_opt_values /opt/stack/data/venv/lib/python3.12/site-packages/oslo_config/cfg.py:3006}}
Apr 09 18:17:51.758327 np0000164638 nova-scheduler[107612]: DEBUG cotyledon.oslo_config_glue [-] profiler_jaeger.process_tags = {} {{(pid=107612) log_opt_values /opt/stack/data/venv/lib/python3.12/site-packages/oslo_config/cfg.py:3006}}
Apr 09 18:17:51.758425 np0000164638 nova-scheduler[107612]: DEBUG cotyledon.oslo_config_glue [-] profiler_jaeger.service_name_prefix = None {{(pid=107612) log_opt_values /opt/stack/data/venv/lib/python3.12/site-packages/oslo_config/cfg.py:3006}}
Apr 09 18:17:51.758491 np0000164638 nova-scheduler[107612]: DEBUG cotyledon.oslo_config_glue [-] profiler_otlp.service_name_prefix = None {{(pid=107612) log_opt_values /opt/stack/data/venv/lib/python3.12/site-packages/oslo_config/cfg.py:3006}}
Apr 09 18:17:51.758601 np0000164638 nova-scheduler[107612]: DEBUG cotyledon.oslo_config_glue [-] oslo_messaging_rabbit.amqp_auto_delete = False {{(pid=107612) log_opt_values /opt/stack/data/venv/lib/python3.12/site-packages/oslo_config/cfg.py:3006}}
Apr 09 18:17:51.758673 np0000164638 nova-scheduler[107612]: DEBUG cotyledon.oslo_config_glue [-] oslo_messaging_rabbit.amqp_durable_queues = False {{(pid=107612) log_opt_values /opt/stack/data/venv/lib/python3.12/site-packages/oslo_config/cfg.py:3006}}
Apr 09 18:17:51.758754 np0000164638 nova-scheduler[107612]: DEBUG cotyledon.oslo_config_glue [-] oslo_messaging_rabbit.conn_pool_min_size = 2 {{(pid=107612) log_opt_values /opt/stack/data/venv/lib/python3.12/site-packages/oslo_config/cfg.py:3006}}
Apr 09 18:17:51.758837 np0000164638 nova-scheduler[107612]: DEBUG cotyledon.oslo_config_glue [-] oslo_messaging_rabbit.conn_pool_ttl = 1200 {{(pid=107612) log_opt_values /opt/stack/data/venv/lib/python3.12/site-packages/oslo_config/cfg.py:3006}}
Apr 09 18:17:51.758908 np0000164638 nova-scheduler[107612]: DEBUG cotyledon.oslo_config_glue [-] oslo_messaging_rabbit.direct_mandatory_flag = True {{(pid=107612) log_opt_values /opt/stack/data/venv/lib/python3.12/site-packages/oslo_config/cfg.py:3006}}
Apr 09 18:17:51.758968 np0000164638 nova-scheduler[107612]: DEBUG cotyledon.oslo_config_glue [-] oslo_messaging_rabbit.enable_cancel_on_failover = False {{(pid=107612) log_opt_values /opt/stack/data/venv/lib/python3.12/site-packages/oslo_config/cfg.py:3006}}
Apr 09 18:17:51.759035 np0000164638 nova-scheduler[107612]: DEBUG cotyledon.oslo_config_glue [-] oslo_messaging_rabbit.heartbeat_in_pthread = False {{(pid=107612) log_opt_values /opt/stack/data/venv/lib/python3.12/site-packages/oslo_config/cfg.py:3006}}
Apr 09 18:17:51.759105 np0000164638 nova-scheduler[107612]: DEBUG cotyledon.oslo_config_glue [-] oslo_messaging_rabbit.heartbeat_rate = 3 {{(pid=107612) log_opt_values /opt/stack/data/venv/lib/python3.12/site-packages/oslo_config/cfg.py:3006}}
Apr 09 18:17:51.759201 np0000164638 nova-scheduler[107612]: DEBUG cotyledon.oslo_config_glue [-] oslo_messaging_rabbit.heartbeat_timeout_threshold = 60 {{(pid=107612) log_opt_values /opt/stack/data/venv/lib/python3.12/site-packages/oslo_config/cfg.py:3006}}
Apr 09 18:17:51.759265 np0000164638 nova-scheduler[107612]: DEBUG cotyledon.oslo_config_glue [-] oslo_messaging_rabbit.hostname = np0000164638 {{(pid=107612) log_opt_values /opt/stack/data/venv/lib/python3.12/site-packages/oslo_config/cfg.py:3006}}
Apr 09 18:17:51.759328 np0000164638 nova-scheduler[107612]: DEBUG cotyledon.oslo_config_glue [-] oslo_messaging_rabbit.kombu_compression = None {{(pid=107612) log_opt_values /opt/stack/data/venv/lib/python3.12/site-packages/oslo_config/cfg.py:3006}}
Apr 09 18:17:51.759393 np0000164638 nova-scheduler[107612]: DEBUG cotyledon.oslo_config_glue [-] oslo_messaging_rabbit.kombu_failover_strategy = round-robin {{(pid=107612) log_opt_values /opt/stack/data/venv/lib/python3.12/site-packages/oslo_config/cfg.py:3006}}
Apr 09 18:17:51.759500 np0000164638 nova-scheduler[107612]: DEBUG cotyledon.oslo_config_glue [-] oslo_messaging_rabbit.kombu_missing_consumer_retry_timeout = 60 {{(pid=107612) log_opt_values /opt/stack/data/venv/lib/python3.12/site-packages/oslo_config/cfg.py:3006}}
Apr 09 18:17:51.759579 np0000164638 nova-scheduler[107612]: DEBUG cotyledon.oslo_config_glue [-] oslo_messaging_rabbit.kombu_reconnect_delay = 1.0 {{(pid=107612) log_opt_values /opt/stack/data/venv/lib/python3.12/site-packages/oslo_config/cfg.py:3006}}
Apr 09 18:17:51.759638 np0000164638 nova-scheduler[107612]: DEBUG cotyledon.oslo_config_glue [-] oslo_messaging_rabbit.kombu_reconnect_splay = 0.0 {{(pid=107612) log_opt_values /opt/stack/data/venv/lib/python3.12/site-packages/oslo_config/cfg.py:3006}}
Apr 09 18:17:51.759707 np0000164638 nova-scheduler[107612]: DEBUG cotyledon.oslo_config_glue [-] oslo_messaging_rabbit.processname = nova-scheduler {{(pid=107612) log_opt_values /opt/stack/data/venv/lib/python3.12/site-packages/oslo_config/cfg.py:3006}}
Apr 09 18:17:51.759773 np0000164638 nova-scheduler[107612]: DEBUG cotyledon.oslo_config_glue [-] oslo_messaging_rabbit.rabbit_ha_queues = False {{(pid=107612) log_opt_values /opt/stack/data/venv/lib/python3.12/site-packages/oslo_config/cfg.py:3006}}
Apr 09 18:17:51.759841 np0000164638 nova-scheduler[107612]: DEBUG cotyledon.oslo_config_glue [-] oslo_messaging_rabbit.rabbit_interval_max = 30 {{(pid=107612) log_opt_values /opt/stack/data/venv/lib/python3.12/site-packages/oslo_config/cfg.py:3006}}
Apr 09 18:17:51.759905 np0000164638 nova-scheduler[107612]: DEBUG cotyledon.oslo_config_glue [-] oslo_messaging_rabbit.rabbit_login_method = AMQPLAIN {{(pid=107612) log_opt_values /opt/stack/data/venv/lib/python3.12/site-packages/oslo_config/cfg.py:3006}}
Apr 09 18:17:51.759961 np0000164638 nova-scheduler[107612]: DEBUG cotyledon.oslo_config_glue [-] oslo_messaging_rabbit.rabbit_qos_prefetch_count = 0 {{(pid=107612) log_opt_values /opt/stack/data/venv/lib/python3.12/site-packages/oslo_config/cfg.py:3006}}
Apr 09 18:17:51.760021 np0000164638 nova-scheduler[107612]: DEBUG cotyledon.oslo_config_glue [-] oslo_messaging_rabbit.rabbit_quorum_delivery_limit = 0 {{(pid=107612) log_opt_values /opt/stack/data/venv/lib/python3.12/site-packages/oslo_config/cfg.py:3006}}
Apr 09 18:17:51.760078 np0000164638 nova-scheduler[107612]: DEBUG cotyledon.oslo_config_glue [-] oslo_messaging_rabbit.rabbit_quorum_max_memory_bytes = 0 {{(pid=107612) log_opt_values /opt/stack/data/venv/lib/python3.12/site-packages/oslo_config/cfg.py:3006}}
Apr 09 18:17:51.760149 np0000164638 nova-scheduler[107612]: DEBUG cotyledon.oslo_config_glue [-] oslo_messaging_rabbit.rabbit_quorum_max_memory_length = 0 {{(pid=107612) log_opt_values /opt/stack/data/venv/lib/python3.12/site-packages/oslo_config/cfg.py:3006}}
Apr 09 18:17:51.760229 np0000164638 nova-scheduler[107612]: DEBUG cotyledon.oslo_config_glue [-] oslo_messaging_rabbit.rabbit_quorum_queue = False {{(pid=107612) log_opt_values /opt/stack/data/venv/lib/python3.12/site-packages/oslo_config/cfg.py:3006}}
Apr 09 18:17:51.760299 np0000164638 nova-scheduler[107612]: DEBUG cotyledon.oslo_config_glue [-] oslo_messaging_rabbit.rabbit_retry_backoff = 2 {{(pid=107612) log_opt_values /opt/stack/data/venv/lib/python3.12/site-packages/oslo_config/cfg.py:3006}}
Apr 09 18:17:51.760362 np0000164638 nova-scheduler[107612]: DEBUG cotyledon.oslo_config_glue [-] oslo_messaging_rabbit.rabbit_retry_interval = 1 {{(pid=107612) log_opt_values /opt/stack/data/venv/lib/python3.12/site-packages/oslo_config/cfg.py:3006}}
Apr 09 18:17:51.760423 np0000164638 nova-scheduler[107612]: DEBUG cotyledon.oslo_config_glue [-] oslo_messaging_rabbit.rabbit_stream_fanout = False {{(pid=107612) log_opt_values /opt/stack/data/venv/lib/python3.12/site-packages/oslo_config/cfg.py:3006}}
Apr 09 18:17:51.760486 np0000164638 nova-scheduler[107612]: DEBUG cotyledon.oslo_config_glue [-] oslo_messaging_rabbit.rabbit_transient_queues_ttl = 1800 {{(pid=107612) log_opt_values /opt/stack/data/venv/lib/python3.12/site-packages/oslo_config/cfg.py:3006}}
Apr 09 18:17:51.760545 np0000164638 nova-scheduler[107612]: DEBUG cotyledon.oslo_config_glue [-] oslo_messaging_rabbit.rabbit_transient_quorum_queue = False {{(pid=107612) log_opt_values /opt/stack/data/venv/lib/python3.12/site-packages/oslo_config/cfg.py:3006}}
Apr 09 18:17:51.760617 np0000164638 nova-scheduler[107612]: DEBUG cotyledon.oslo_config_glue [-] oslo_messaging_rabbit.rpc_conn_pool_size = 30 {{(pid=107612) log_opt_values /opt/stack/data/venv/lib/python3.12/site-packages/oslo_config/cfg.py:3006}}
Apr 09 18:17:51.760680 np0000164638 nova-scheduler[107612]: DEBUG cotyledon.oslo_config_glue [-] oslo_messaging_rabbit.ssl = False {{(pid=107612) log_opt_values /opt/stack/data/venv/lib/python3.12/site-packages/oslo_config/cfg.py:3006}}
Apr 09 18:17:51.760741 np0000164638 nova-scheduler[107612]: DEBUG cotyledon.oslo_config_glue [-] oslo_messaging_rabbit.ssl_ca_file = {{(pid=107612) log_opt_values /opt/stack/data/venv/lib/python3.12/site-packages/oslo_config/cfg.py:3006}}
Apr 09 18:17:51.760800 np0000164638 nova-scheduler[107612]: DEBUG cotyledon.oslo_config_glue [-] oslo_messaging_rabbit.ssl_cert_file = {{(pid=107612) log_opt_values /opt/stack/data/venv/lib/python3.12/site-packages/oslo_config/cfg.py:3006}}
Apr 09 18:17:51.760867 np0000164638 nova-scheduler[107612]: DEBUG cotyledon.oslo_config_glue [-] oslo_messaging_rabbit.ssl_enforce_fips_mode = False {{(pid=107612) log_opt_values /opt/stack/data/venv/lib/python3.12/site-packages/oslo_config/cfg.py:3006}}
Apr 09 18:17:51.760931 np0000164638 nova-scheduler[107612]: DEBUG cotyledon.oslo_config_glue [-] oslo_messaging_rabbit.ssl_key_file = {{(pid=107612) log_opt_values /opt/stack/data/venv/lib/python3.12/site-packages/oslo_config/cfg.py:3006}}
Apr 09 18:17:51.761005 np0000164638 nova-scheduler[107612]: DEBUG cotyledon.oslo_config_glue [-] oslo_messaging_rabbit.ssl_version = {{(pid=107612) log_opt_values /opt/stack/data/venv/lib/python3.12/site-packages/oslo_config/cfg.py:3006}}
Apr 09 18:17:51.761068 np0000164638 nova-scheduler[107612]: DEBUG cotyledon.oslo_config_glue [-] oslo_messaging_rabbit.use_queue_manager = False {{(pid=107612) log_opt_values /opt/stack/data/venv/lib/python3.12/site-packages/oslo_config/cfg.py:3006}}
Apr 09 18:17:51.761149 np0000164638 nova-scheduler[107612]: DEBUG cotyledon.oslo_config_glue [-] oslo_messaging_notifications.driver = ['messagingv2'] {{(pid=107612) log_opt_values /opt/stack/data/venv/lib/python3.12/site-packages/oslo_config/cfg.py:3006}}
Apr 09 18:17:51.761235 np0000164638 nova-scheduler[107612]: DEBUG cotyledon.oslo_config_glue [-] oslo_messaging_notifications.retry = -1 {{(pid=107612) log_opt_values /opt/stack/data/venv/lib/python3.12/site-packages/oslo_config/cfg.py:3006}}
Apr 09 18:17:51.761304 np0000164638 nova-scheduler[107612]: DEBUG cotyledon.oslo_config_glue [-] oslo_messaging_notifications.topics = ['notifications'] {{(pid=107612) log_opt_values /opt/stack/data/venv/lib/python3.12/site-packages/oslo_config/cfg.py:3006}}
Apr 09 18:17:51.761365 np0000164638 nova-scheduler[107612]: DEBUG cotyledon.oslo_config_glue [-] oslo_messaging_notifications.transport_url = **** {{(pid=107612) log_opt_values /opt/stack/data/venv/lib/python3.12/site-packages/oslo_config/cfg.py:3006}}
Apr 09 18:17:51.761473 np0000164638 nova-scheduler[107612]: DEBUG cotyledon.oslo_config_glue [-] oslo_limit.auth_section = None {{(pid=107612) log_opt_values /opt/stack/data/venv/lib/python3.12/site-packages/oslo_config/cfg.py:3006}}
Apr 09 18:17:51.761614 np0000164638 nova-scheduler[107612]: DEBUG cotyledon.oslo_config_glue [-] oslo_limit.auth_type = None {{(pid=107612) log_opt_values /opt/stack/data/venv/lib/python3.12/site-packages/oslo_config/cfg.py:3006}}
Apr 09 18:17:51.761670 np0000164638 nova-scheduler[107612]: DEBUG cotyledon.oslo_config_glue [-] oslo_limit.cafile = None {{(pid=107612) log_opt_values /opt/stack/data/venv/lib/python3.12/site-packages/oslo_config/cfg.py:3006}}
Apr 09 18:17:51.761728 np0000164638 nova-scheduler[107612]: DEBUG cotyledon.oslo_config_glue [-] oslo_limit.certfile = None {{(pid=107612) log_opt_values /opt/stack/data/venv/lib/python3.12/site-packages/oslo_config/cfg.py:3006}}
Apr 09 18:17:51.761787 np0000164638 nova-scheduler[107612]: DEBUG cotyledon.oslo_config_glue [-] oslo_limit.collect_timing = False {{(pid=107612) log_opt_values /opt/stack/data/venv/lib/python3.12/site-packages/oslo_config/cfg.py:3006}}
Apr 09 18:17:51.761847 np0000164638 nova-scheduler[107612]: DEBUG cotyledon.oslo_config_glue [-] oslo_limit.connect_retries = None {{(pid=107612) log_opt_values /opt/stack/data/venv/lib/python3.12/site-packages/oslo_config/cfg.py:3006}}
Apr 09 18:17:51.761908 np0000164638 nova-scheduler[107612]: DEBUG cotyledon.oslo_config_glue [-] oslo_limit.connect_retry_delay = None {{(pid=107612) log_opt_values /opt/stack/data/venv/lib/python3.12/site-packages/oslo_config/cfg.py:3006}}
Apr 09 18:17:51.761974 np0000164638 nova-scheduler[107612]: DEBUG cotyledon.oslo_config_glue [-] oslo_limit.endpoint_id = None {{(pid=107612) log_opt_values /opt/stack/data/venv/lib/python3.12/site-packages/oslo_config/cfg.py:3006}}
Apr 09 18:17:51.762029 np0000164638 nova-scheduler[107612]: DEBUG cotyledon.oslo_config_glue [-] oslo_limit.endpoint_interface = public {{(pid=107612) log_opt_values /opt/stack/data/venv/lib/python3.12/site-packages/oslo_config/cfg.py:3006}}
Apr 09 18:17:51.762089 np0000164638 nova-scheduler[107612]: DEBUG cotyledon.oslo_config_glue [-] oslo_limit.endpoint_override = None {{(pid=107612) log_opt_values /opt/stack/data/venv/lib/python3.12/site-packages/oslo_config/cfg.py:3006}}
Apr 09 18:17:51.762158 np0000164638 nova-scheduler[107612]: DEBUG cotyledon.oslo_config_glue [-] oslo_limit.endpoint_region_name = None {{(pid=107612) log_opt_values /opt/stack/data/venv/lib/python3.12/site-packages/oslo_config/cfg.py:3006}}
Apr 09 18:17:51.762224 np0000164638 nova-scheduler[107612]: DEBUG cotyledon.oslo_config_glue [-] oslo_limit.endpoint_service_name = None {{(pid=107612) log_opt_values /opt/stack/data/venv/lib/python3.12/site-packages/oslo_config/cfg.py:3006}}
Apr 09 18:17:51.762292 np0000164638 nova-scheduler[107612]: DEBUG cotyledon.oslo_config_glue [-] oslo_limit.endpoint_service_type = None {{(pid=107612) log_opt_values /opt/stack/data/venv/lib/python3.12/site-packages/oslo_config/cfg.py:3006}}
Apr 09 18:17:51.762347 np0000164638 nova-scheduler[107612]: DEBUG cotyledon.oslo_config_glue [-] oslo_limit.insecure = False {{(pid=107612) log_opt_values /opt/stack/data/venv/lib/python3.12/site-packages/oslo_config/cfg.py:3006}}
Apr 09 18:17:51.762404 np0000164638 nova-scheduler[107612]: DEBUG cotyledon.oslo_config_glue [-] oslo_limit.keyfile = None {{(pid=107612) log_opt_values /opt/stack/data/venv/lib/python3.12/site-packages/oslo_config/cfg.py:3006}}
Apr 09 18:17:51.762467 np0000164638 nova-scheduler[107612]: DEBUG cotyledon.oslo_config_glue [-] oslo_limit.max_version = None {{(pid=107612) log_opt_values /opt/stack/data/venv/lib/python3.12/site-packages/oslo_config/cfg.py:3006}}
Apr 09 18:17:51.762528 np0000164638 nova-scheduler[107612]: DEBUG cotyledon.oslo_config_glue [-] oslo_limit.min_version = None {{(pid=107612) log_opt_values /opt/stack/data/venv/lib/python3.12/site-packages/oslo_config/cfg.py:3006}}
Apr 09 18:17:51.762590 np0000164638 nova-scheduler[107612]: DEBUG cotyledon.oslo_config_glue [-] oslo_limit.region_name = None {{(pid=107612) log_opt_values /opt/stack/data/venv/lib/python3.12/site-packages/oslo_config/cfg.py:3006}}
Apr 09 18:17:51.762663 np0000164638 nova-scheduler[107612]: DEBUG cotyledon.oslo_config_glue [-] oslo_limit.retriable_status_codes = None {{(pid=107612) log_opt_values /opt/stack/data/venv/lib/python3.12/site-packages/oslo_config/cfg.py:3006}}
Apr 09 18:17:51.762726 np0000164638 nova-scheduler[107612]: DEBUG cotyledon.oslo_config_glue [-] oslo_limit.service_name = None {{(pid=107612) log_opt_values /opt/stack/data/venv/lib/python3.12/site-packages/oslo_config/cfg.py:3006}}
Apr 09 18:17:51.762788 np0000164638 nova-scheduler[107612]: DEBUG cotyledon.oslo_config_glue [-] oslo_limit.service_type = None {{(pid=107612) log_opt_values /opt/stack/data/venv/lib/python3.12/site-packages/oslo_config/cfg.py:3006}}
Apr 09 18:17:51.762851 np0000164638 nova-scheduler[107612]: DEBUG cotyledon.oslo_config_glue [-] oslo_limit.split_loggers = False {{(pid=107612) log_opt_values /opt/stack/data/venv/lib/python3.12/site-packages/oslo_config/cfg.py:3006}}
Apr 09 18:17:51.762920 np0000164638 nova-scheduler[107612]: DEBUG cotyledon.oslo_config_glue [-] oslo_limit.status_code_retries = None {{(pid=107612) log_opt_values /opt/stack/data/venv/lib/python3.12/site-packages/oslo_config/cfg.py:3006}}
Apr 09 18:17:51.762976 np0000164638 nova-scheduler[107612]: DEBUG cotyledon.oslo_config_glue [-] oslo_limit.status_code_retry_delay = None {{(pid=107612) log_opt_values /opt/stack/data/venv/lib/python3.12/site-packages/oslo_config/cfg.py:3006}}
Apr 09 18:17:51.763038 np0000164638 nova-scheduler[107612]: DEBUG cotyledon.oslo_config_glue [-] oslo_limit.timeout = None {{(pid=107612) log_opt_values /opt/stack/data/venv/lib/python3.12/site-packages/oslo_config/cfg.py:3006}}
Apr 09 18:17:51.763109 np0000164638 nova-scheduler[107612]: DEBUG cotyledon.oslo_config_glue [-] oslo_limit.valid_interfaces = None {{(pid=107612) log_opt_values /opt/stack/data/venv/lib/python3.12/site-packages/oslo_config/cfg.py:3006}}
Apr 09 18:17:51.763188 np0000164638 nova-scheduler[107612]: DEBUG cotyledon.oslo_config_glue [-] oslo_limit.version = None {{(pid=107612) log_opt_values /opt/stack/data/venv/lib/python3.12/site-packages/oslo_config/cfg.py:3006}}
Apr 09 18:17:51.763275 np0000164638 nova-scheduler[107612]: DEBUG cotyledon.oslo_config_glue [-] oslo_reports.file_event_handler = None {{(pid=107612) log_opt_values /opt/stack/data/venv/lib/python3.12/site-packages/oslo_config/cfg.py:3006}}
Apr 09 18:17:51.763346 np0000164638 nova-scheduler[107612]: DEBUG cotyledon.oslo_config_glue [-] oslo_reports.file_event_handler_interval = 1 {{(pid=107612) log_opt_values /opt/stack/data/venv/lib/python3.12/site-packages/oslo_config/cfg.py:3006}}
Apr 09 18:17:51.763412 np0000164638 nova-scheduler[107612]: DEBUG cotyledon.oslo_config_glue [-] oslo_reports.log_dir = None {{(pid=107612) log_opt_values /opt/stack/data/venv/lib/python3.12/site-packages/oslo_config/cfg.py:3006}}
Apr 09 18:17:51.763470 np0000164638 nova-scheduler[107612]: DEBUG cotyledon.oslo_config_glue [-] ******************************************************************************** {{(pid=107612) log_opt_values /opt/stack/data/venv/lib/python3.12/site-packages/oslo_config/cfg.py:3013}}
Apr 09 18:17:51.763710 np0000164638 nova-scheduler[107612]: DEBUG cotyledon._service_worker [-] Run service ServiceWrapper(3) [107612] {{(pid=107612) wait_forever /opt/stack/data/venv/lib/python3.12/site-packages/cotyledon/_service_worker.py:218}}
Apr 09 18:17:51.765324 np0000164638 nova-scheduler[107612]: INFO nova.service [-] Starting scheduler node (version 33.1.0)
Apr 09 18:17:51.767380 np0000164638 nova-scheduler[107601]: DEBUG dbcounter [-] [107601] Writer thread running {{(pid=107601) stat_writer /opt/stack/data/venv/lib/python3.12/site-packages/dbcounter.py:102}}
Apr 09 18:17:51.772300 np0000164638 nova-scheduler[107601]: DEBUG nova.service [None req-5fff3e29-505c-4de0-8513-c3ef720ef4d3 None None] Creating RPC server for service: nova-scheduler on topic: scheduler {{(pid=107601) start /opt/stack/nova/nova/service.py:195}}
Apr 09 18:17:51.777673 np0000164638 nova-scheduler[107612]: INFO dbcounter [None req-05f3e491-299e-4e19-aa57-55106d03bf02 None None] Registered counter for database nova_cell0
Apr 09 18:17:51.788126 np0000164638 nova-scheduler[107587]: DEBUG nova.service [None req-216f7ff7-a200-4db5-8255-f7465533aa74 None None] Join ServiceGroup membership for this service scheduler {{(pid=107587) start /opt/stack/nova/nova/service.py:221}}
Apr 09 18:17:51.788289 np0000164638 nova-scheduler[107587]: DEBUG nova.servicegroup.drivers.db [None req-216f7ff7-a200-4db5-8255-f7465533aa74 None None] DB_Driver: join new ServiceGroup member np0000164638 to the scheduler group, service = {{(pid=107587) join /opt/stack/nova/nova/servicegroup/drivers/db.py:44}}
Apr 09 18:17:51.791783 np0000164638 nova-scheduler[107593]: DEBUG nova.service [None req-29e1c0bd-34f9-4d1d-a9c8-083c46383faf None None] Join ServiceGroup membership for this service scheduler {{(pid=107593) start /opt/stack/nova/nova/service.py:221}}
Apr 09 18:17:51.791916 np0000164638 nova-scheduler[107612]: DEBUG oslo_db.sqlalchemy.engines [None req-05f3e491-299e-4e19-aa57-55106d03bf02 None None] MySQL server mode set to STRICT_TRANS_TABLES,STRICT_ALL_TABLES,NO_ZERO_IN_DATE,NO_ZERO_DATE,ERROR_FOR_DIVISION_BY_ZERO,TRADITIONAL,NO_ENGINE_SUBSTITUTION {{(pid=107612) _check_effective_sql_mode /opt/stack/data/venv/lib/python3.12/site-packages/oslo_db/sqlalchemy/engines.py:325}}
Apr 09 18:17:51.792402 np0000164638 nova-scheduler[107593]: DEBUG nova.servicegroup.drivers.db [None req-29e1c0bd-34f9-4d1d-a9c8-083c46383faf None None] DB_Driver: join new ServiceGroup member np0000164638 to the scheduler group, service = {{(pid=107593) join /opt/stack/nova/nova/servicegroup/drivers/db.py:44}}
Apr 09 18:17:51.796289 np0000164638 nova-scheduler[107601]: DEBUG nova.service [None req-5fff3e29-505c-4de0-8513-c3ef720ef4d3 None None] Join ServiceGroup membership for this service scheduler {{(pid=107601) start /opt/stack/nova/nova/service.py:221}}
Apr 09 18:17:51.796561 np0000164638 nova-scheduler[107601]: DEBUG nova.servicegroup.drivers.db [None req-5fff3e29-505c-4de0-8513-c3ef720ef4d3 None None] DB_Driver: join new ServiceGroup member np0000164638 to the scheduler group, service = {{(pid=107601) join /opt/stack/nova/nova/servicegroup/drivers/db.py:44}}
Apr 09 18:17:51.804214 np0000164638 nova-scheduler[107612]: DEBUG dbcounter [-] [107612] Writer thread running {{(pid=107612) stat_writer /opt/stack/data/venv/lib/python3.12/site-packages/dbcounter.py:102}}
Apr 09 18:17:51.807586 np0000164638 nova-scheduler[107612]: DEBUG nova.service [None req-05f3e491-299e-4e19-aa57-55106d03bf02 None None] Creating RPC server for service: nova-scheduler on topic: scheduler {{(pid=107612) start /opt/stack/nova/nova/service.py:195}}
Apr 09 18:17:51.834503 np0000164638 nova-scheduler[107612]: DEBUG nova.service [None req-05f3e491-299e-4e19-aa57-55106d03bf02 None None] Join ServiceGroup membership for this service scheduler {{(pid=107612) start /opt/stack/nova/nova/service.py:221}}
Apr 09 18:17:51.834750 np0000164638 nova-scheduler[107612]: DEBUG nova.servicegroup.drivers.db [None req-05f3e491-299e-4e19-aa57-55106d03bf02 None None] DB_Driver: join new ServiceGroup member np0000164638 to the scheduler group, service = {{(pid=107612) join /opt/stack/nova/nova/servicegroup/drivers/db.py:44}}
Apr 09 18:17:56.811468 np0000164638 nova-scheduler[107587]: DEBUG oslo.service.backend._threading.loopingcall [-] Fixed interval looping call 'nova.servicegroup.drivers.db.DbDriver._report_state' sleeping for 119.98 seconds {{(pid=107587) _run_loop /opt/stack/data/venv/lib/python3.12/site-packages/oslo_service/backend/_threading/loopingcall.py:125}}
Apr 09 18:17:56.813226 np0000164638 nova-scheduler[107593]: DEBUG oslo.service.backend._threading.loopingcall [-] Fixed interval looping call 'nova.servicegroup.drivers.db.DbDriver._report_state' sleeping for 119.98 seconds {{(pid=107593) _run_loop /opt/stack/data/venv/lib/python3.12/site-packages/oslo_service/backend/_threading/loopingcall.py:125}}
Apr 09 18:17:56.815272 np0000164638 nova-scheduler[107601]: DEBUG oslo.service.backend._threading.loopingcall [-] Fixed interval looping call 'nova.servicegroup.drivers.db.DbDriver._report_state' sleeping for 119.98 seconds {{(pid=107601) _run_loop /opt/stack/data/venv/lib/python3.12/site-packages/oslo_service/backend/_threading/loopingcall.py:125}}
Apr 09 18:17:56.851665 np0000164638 nova-scheduler[107612]: DEBUG oslo.service.backend._threading.loopingcall [-] Fixed interval looping call 'nova.servicegroup.drivers.db.DbDriver._report_state' sleeping for 119.99 seconds {{(pid=107612) _run_loop /opt/stack/data/venv/lib/python3.12/site-packages/oslo_service/backend/_threading/loopingcall.py:125}}
Apr 09 18:18:00.395998 np0000164638 nova-scheduler[106850]: DEBUG dbcounter [-] [106850] Writing DB stats nova_api:SELECT=3 {{(pid=106850) stat_writer /opt/stack/data/venv/lib/python3.12/site-packages/dbcounter.py:115}}
Apr 09 18:18:00.512618 np0000164638 nova-scheduler[106850]: DEBUG dbcounter [-] [106850] Writing DB stats nova_cell0:SELECT=1 {{(pid=106850) stat_writer /opt/stack/data/venv/lib/python3.12/site-packages/dbcounter.py:115}}
Apr 09 18:18:00.513677 np0000164638 nova-scheduler[106850]: DEBUG dbcounter [-] [106850] Writing DB stats nova_cell1:SELECT=1 {{(pid=106850) stat_writer /opt/stack/data/venv/lib/python3.12/site-packages/dbcounter.py:115}}
Apr 09 18:18:02.838222 np0000164638 nova-scheduler[107612]: DEBUG oslo.service.backend._threading.loopingcall [None req-27e6e5d0-646d-44ef-8c1c-b550523bf304 None None] Dynamic interval looping call 'nova.service.Service.periodic_tasks' sleeping for 60.00 seconds {{(pid=107612) _run_loop /opt/stack/data/venv/lib/python3.12/site-packages/oslo_service/backend/_threading/loopingcall.py:125}}
Apr 09 18:18:06.808960 np0000164638 nova-scheduler[107587]: DEBUG dbcounter [-] [107587] Writing DB stats nova_cell0:SELECT=4,nova_cell0:INSERT=1,nova_cell0:UPDATE=1 {{(pid=107587) stat_writer /opt/stack/data/venv/lib/python3.12/site-packages/dbcounter.py:115}}
Apr 09 18:18:06.809451 np0000164638 nova-scheduler[107593]: DEBUG dbcounter [-] [107593] Writing DB stats nova_cell0:SELECT=3,nova_cell0:UPDATE=1 {{(pid=107593) stat_writer /opt/stack/data/venv/lib/python3.12/site-packages/dbcounter.py:115}}
Apr 09 18:18:06.813963 np0000164638 nova-scheduler[107601]: DEBUG dbcounter [-] [107601] Writing DB stats nova_cell0:SELECT=3,nova_cell0:UPDATE=1 {{(pid=107601) stat_writer /opt/stack/data/venv/lib/python3.12/site-packages/dbcounter.py:115}}
Apr 09 18:18:06.848772 np0000164638 nova-scheduler[107612]: DEBUG dbcounter [-] [107612] Writing DB stats nova_cell0:SELECT=3 {{(pid=107612) stat_writer /opt/stack/data/venv/lib/python3.12/site-packages/dbcounter.py:115}}
Apr 09 18:18:28.795706 np0000164638 nova-scheduler[107593]: DEBUG oslo.service.backend._threading.loopingcall [None req-61fb395b-cece-46c7-a820-216c3dea3854 None None] Dynamic interval looping call 'nova.service.Service.periodic_tasks' sleeping for 60.00 seconds {{(pid=107593) _run_loop /opt/stack/data/venv/lib/python3.12/site-packages/oslo_service/backend/_threading/loopingcall.py:125}}
Apr 09 18:18:35.792222 np0000164638 nova-scheduler[107587]: DEBUG oslo.service.backend._threading.loopingcall [None req-981fcfab-1eb5-4a7e-a541-8ee5fcb2782e None None] Dynamic interval looping call 'nova.service.Service.periodic_tasks' sleeping for 60.00 seconds {{(pid=107587) _run_loop /opt/stack/data/venv/lib/python3.12/site-packages/oslo_service/backend/_threading/loopingcall.py:125}}
Apr 09 18:18:44.799601 np0000164638 nova-scheduler[107601]: DEBUG oslo.service.backend._threading.loopingcall [None req-6bf34378-3472-4261-9682-d28e42e9583d None None] Dynamic interval looping call 'nova.service.Service.periodic_tasks' sleeping for 60.00 seconds {{(pid=107601) _run_loop /opt/stack/data/venv/lib/python3.12/site-packages/oslo_service/backend/_threading/loopingcall.py:125}}
Apr 09 18:19:02.838950 np0000164638 nova-scheduler[107612]: DEBUG oslo.service.backend._threading.loopingcall [None req-27e6e5d0-646d-44ef-8c1c-b550523bf304 None None] Dynamic interval looping call 'nova.service.Service.periodic_tasks' sleeping for 60.00 seconds {{(pid=107612) _run_loop /opt/stack/data/venv/lib/python3.12/site-packages/oslo_service/backend/_threading/loopingcall.py:125}}
Apr 09 18:19:28.796806 np0000164638 nova-scheduler[107593]: DEBUG oslo.service.backend._threading.loopingcall [None req-61fb395b-cece-46c7-a820-216c3dea3854 None None] Dynamic interval looping call 'nova.service.Service.periodic_tasks' sleeping for 60.00 seconds {{(pid=107593) _run_loop /opt/stack/data/venv/lib/python3.12/site-packages/oslo_service/backend/_threading/loopingcall.py:125}}
Apr 09 18:19:35.794348 np0000164638 nova-scheduler[107587]: DEBUG oslo.service.backend._threading.loopingcall [None req-981fcfab-1eb5-4a7e-a541-8ee5fcb2782e None None] Dynamic interval looping call 'nova.service.Service.periodic_tasks' sleeping for 60.00 seconds {{(pid=107587) _run_loop /opt/stack/data/venv/lib/python3.12/site-packages/oslo_service/backend/_threading/loopingcall.py:125}}
Apr 09 18:19:44.800905 np0000164638 nova-scheduler[107601]: DEBUG oslo.service.backend._threading.loopingcall [None req-6bf34378-3472-4261-9682-d28e42e9583d None None] Dynamic interval looping call 'nova.service.Service.periodic_tasks' sleeping for 60.00 seconds {{(pid=107601) _run_loop /opt/stack/data/venv/lib/python3.12/site-packages/oslo_service/backend/_threading/loopingcall.py:125}}
Apr 09 18:19:56.806028 np0000164638 nova-scheduler[107593]: DEBUG oslo.service.backend._threading.loopingcall [-] Fixed interval looping call 'nova.servicegroup.drivers.db.DbDriver._report_state' sleeping for 119.99 seconds {{(pid=107593) _run_loop /opt/stack/data/venv/lib/python3.12/site-packages/oslo_service/backend/_threading/loopingcall.py:125}}
Apr 09 18:19:56.806671 np0000164638 nova-scheduler[107587]: DEBUG oslo.service.backend._threading.loopingcall [-] Fixed interval looping call 'nova.servicegroup.drivers.db.DbDriver._report_state' sleeping for 119.99 seconds {{(pid=107587) _run_loop /opt/stack/data/venv/lib/python3.12/site-packages/oslo_service/backend/_threading/loopingcall.py:125}}
Apr 09 18:19:56.810384 np0000164638 nova-scheduler[107601]: DEBUG oslo.service.backend._threading.loopingcall [-] Fixed interval looping call 'nova.servicegroup.drivers.db.DbDriver._report_state' sleeping for 119.99 seconds {{(pid=107601) _run_loop /opt/stack/data/venv/lib/python3.12/site-packages/oslo_service/backend/_threading/loopingcall.py:125}}
Apr 09 18:19:56.850191 np0000164638 nova-scheduler[107612]: DEBUG oslo.service.backend._threading.loopingcall [-] Fixed interval looping call 'nova.servicegroup.drivers.db.DbDriver._report_state' sleeping for 119.99 seconds {{(pid=107612) _run_loop /opt/stack/data/venv/lib/python3.12/site-packages/oslo_service/backend/_threading/loopingcall.py:125}}
Apr 09 18:20:02.839987 np0000164638 nova-scheduler[107612]: DEBUG oslo.service.backend._threading.loopingcall [None req-27e6e5d0-646d-44ef-8c1c-b550523bf304 None None] Dynamic interval looping call 'nova.service.Service.periodic_tasks' sleeping for 60.00 seconds {{(pid=107612) _run_loop /opt/stack/data/venv/lib/python3.12/site-packages/oslo_service/backend/_threading/loopingcall.py:125}}
Apr 09 18:20:06.800637 np0000164638 nova-scheduler[107587]: DEBUG dbcounter [-] [107587] Writing DB stats nova_cell0:SELECT=1,nova_cell0:UPDATE=1 {{(pid=107587) stat_writer /opt/stack/data/venv/lib/python3.12/site-packages/dbcounter.py:115}}
Apr 09 18:20:06.802534 np0000164638 nova-scheduler[107593]: DEBUG dbcounter [-] [107593] Writing DB stats nova_cell0:SELECT=1,nova_cell0:UPDATE=1 {{(pid=107593) stat_writer /opt/stack/data/venv/lib/python3.12/site-packages/dbcounter.py:115}}
Apr 09 18:20:06.807779 np0000164638 nova-scheduler[107601]: DEBUG dbcounter [-] [107601] Writing DB stats nova_cell0:SELECT=1,nova_cell0:UPDATE=1 {{(pid=107601) stat_writer /opt/stack/data/venv/lib/python3.12/site-packages/dbcounter.py:115}}
Apr 09 18:20:06.848502 np0000164638 nova-scheduler[107612]: DEBUG dbcounter [-] [107612] Writing DB stats nova_cell0:SELECT=1 {{(pid=107612) stat_writer /opt/stack/data/venv/lib/python3.12/site-packages/dbcounter.py:115}}
Apr 09 18:20:28.797654 np0000164638 nova-scheduler[107593]: DEBUG oslo.service.backend._threading.loopingcall [None req-61fb395b-cece-46c7-a820-216c3dea3854 None None] Dynamic interval looping call 'nova.service.Service.periodic_tasks' sleeping for 60.00 seconds {{(pid=107593) _run_loop /opt/stack/data/venv/lib/python3.12/site-packages/oslo_service/backend/_threading/loopingcall.py:125}}
Apr 09 18:20:35.793727 np0000164638 nova-scheduler[107587]: DEBUG oslo.service.backend._threading.loopingcall [None req-981fcfab-1eb5-4a7e-a541-8ee5fcb2782e None None] Dynamic interval looping call 'nova.service.Service.periodic_tasks' sleeping for 60.00 seconds {{(pid=107587) _run_loop /opt/stack/data/venv/lib/python3.12/site-packages/oslo_service/backend/_threading/loopingcall.py:125}}
Apr 09 18:20:44.801717 np0000164638 nova-scheduler[107601]: DEBUG oslo.service.backend._threading.loopingcall [None req-6bf34378-3472-4261-9682-d28e42e9583d None None] Dynamic interval looping call 'nova.service.Service.periodic_tasks' sleeping for 60.00 seconds {{(pid=107601) _run_loop /opt/stack/data/venv/lib/python3.12/site-packages/oslo_service/backend/_threading/loopingcall.py:125}}
Apr 09 18:21:02.840561 np0000164638 nova-scheduler[107612]: DEBUG oslo.service.backend._threading.loopingcall [None req-27e6e5d0-646d-44ef-8c1c-b550523bf304 None None] Dynamic interval looping call 'nova.service.Service.periodic_tasks' sleeping for 60.00 seconds {{(pid=107612) _run_loop /opt/stack/data/venv/lib/python3.12/site-packages/oslo_service/backend/_threading/loopingcall.py:125}}
Apr 09 18:21:28.798631 np0000164638 nova-scheduler[107593]: DEBUG oslo.service.backend._threading.loopingcall [None req-61fb395b-cece-46c7-a820-216c3dea3854 None None] Dynamic interval looping call 'nova.service.Service.periodic_tasks' sleeping for 60.00 seconds {{(pid=107593) _run_loop /opt/stack/data/venv/lib/python3.12/site-packages/oslo_service/backend/_threading/loopingcall.py:125}}
Apr 09 18:21:35.794661 np0000164638 nova-scheduler[107587]: DEBUG oslo.service.backend._threading.loopingcall [None req-981fcfab-1eb5-4a7e-a541-8ee5fcb2782e None None] Dynamic interval looping call 'nova.service.Service.periodic_tasks' sleeping for 60.00 seconds {{(pid=107587) _run_loop /opt/stack/data/venv/lib/python3.12/site-packages/oslo_service/backend/_threading/loopingcall.py:125}}
Apr 09 18:21:44.802585 np0000164638 nova-scheduler[107601]: DEBUG oslo.service.backend._threading.loopingcall [None req-6bf34378-3472-4261-9682-d28e42e9583d None None] Dynamic interval looping call 'nova.service.Service.periodic_tasks' sleeping for 60.00 seconds {{(pid=107601) _run_loop /opt/stack/data/venv/lib/python3.12/site-packages/oslo_service/backend/_threading/loopingcall.py:125}}
Apr 09 18:21:56.803258 np0000164638 nova-scheduler[107593]: DEBUG oslo.service.backend._threading.loopingcall [-] Fixed interval looping call 'nova.servicegroup.drivers.db.DbDriver._report_state' sleeping for 119.99 seconds {{(pid=107593) _run_loop /opt/stack/data/venv/lib/python3.12/site-packages/oslo_service/backend/_threading/loopingcall.py:125}}
Apr 09 18:21:56.804405 np0000164638 nova-scheduler[107587]: DEBUG oslo.service.backend._threading.loopingcall [-] Fixed interval looping call 'nova.servicegroup.drivers.db.DbDriver._report_state' sleeping for 119.99 seconds {{(pid=107587) _run_loop /opt/stack/data/venv/lib/python3.12/site-packages/oslo_service/backend/_threading/loopingcall.py:125}}
Apr 09 18:21:56.805314 np0000164638 nova-scheduler[107601]: DEBUG oslo.service.backend._threading.loopingcall [-] Fixed interval looping call 'nova.servicegroup.drivers.db.DbDriver._report_state' sleeping for 120.00 seconds {{(pid=107601) _run_loop /opt/stack/data/venv/lib/python3.12/site-packages/oslo_service/backend/_threading/loopingcall.py:125}}
Apr 09 18:21:56.845450 np0000164638 nova-scheduler[107612]: DEBUG oslo.service.backend._threading.loopingcall [-] Fixed interval looping call 'nova.servicegroup.drivers.db.DbDriver._report_state' sleeping for 120.00 seconds {{(pid=107612) _run_loop /opt/stack/data/venv/lib/python3.12/site-packages/oslo_service/backend/_threading/loopingcall.py:125}}
Apr 09 18:22:02.842120 np0000164638 nova-scheduler[107612]: DEBUG oslo.service.backend._threading.loopingcall [None req-27e6e5d0-646d-44ef-8c1c-b550523bf304 None None] Dynamic interval looping call 'nova.service.Service.periodic_tasks' sleeping for 60.00 seconds {{(pid=107612) _run_loop /opt/stack/data/venv/lib/python3.12/site-packages/oslo_service/backend/_threading/loopingcall.py:125}}
Apr 09 18:22:06.799793 np0000164638 nova-scheduler[107593]: DEBUG dbcounter [-] [107593] Writing DB stats nova_cell0:SELECT=1,nova_cell0:UPDATE=1 {{(pid=107593) stat_writer /opt/stack/data/venv/lib/python3.12/site-packages/dbcounter.py:115}}
