Apr 18 22:14:06.008511 np0000167623 devstack@neutron-api.service[104039]: DEBUG neutron.api.extensions [None req-51a28329-2413-4b98-bb98-2bd69f5ec762 None None] Ext name="Tag creation extension" alias="tag-creation" description="Allow to create multiple tags for a resource" updated="2024-23-07T10:00:00-00:00" {{(pid=104039) _check_extension /opt/stack/neutron/neutron/api/extensions.py:415}}
Apr 18 22:14:06.008653 np0000167623 devstack@neutron-api.service[104039]: INFO neutron.api.extensions [None req-51a28329-2413-4b98-bb98-2bd69f5ec762 None None] Loaded extension: tag-creation
Apr 18 22:14:06.008734 np0000167623 devstack@neutron-api.service[104037]: DEBUG neutron_lib.callbacks.manager [None req-040919f0-9d49-4cdb-987a-bab4f7030961 None None] Subscribe: > segment after_delete 55550000, False {{(pid=104037) subscribe /opt/stack/data/venv/lib/python3.12/site-packages/neutron_lib/callbacks/manager.py:52}}
Apr 18 22:14:06.008765 np0000167623 devstack@neutron-api.service[104039]: DEBUG neutron.api.extensions [None req-51a28329-2413-4b98-bb98-2bd69f5ec762 None None] Loading extension file: tag_ports_during_bulk_creation.py {{(pid=104039) _load_all_extensions_from_path /opt/stack/neutron/neutron/api/extensions.py:449}}
Apr 18 22:14:06.008991 np0000167623 devstack@neutron-api.service[104039]: DEBUG neutron.api.extensions [None req-51a28329-2413-4b98-bb98-2bd69f5ec762 None None] Ext name="Tag Ports During Bulk Creation" alias="tag-ports-during-bulk-creation" description="Allow to tag ports during bulk creation" updated="2019-12-29T19:00:00-00:00" {{(pid=104039) _check_extension /opt/stack/neutron/neutron/api/extensions.py:415}}
Apr 18 22:14:06.009027 np0000167623 devstack@neutron-api.service[104037]: DEBUG neutron_lib.callbacks.manager [None req-040919f0-9d49-4cdb-987a-bab4f7030961 None None] Subscribe: > allowed_address_pair before_create 55550000, False {{(pid=104037) subscribe /opt/stack/data/venv/lib/python3.12/site-packages/neutron_lib/callbacks/manager.py:52}}
Apr 18 22:14:06.009158 np0000167623 devstack@neutron-api.service[104039]: INFO neutron.api.extensions [None req-51a28329-2413-4b98-bb98-2bd69f5ec762 None None] Extension tag-ports-during-bulk-creation not supported by any of loaded plugins
Apr 18 22:14:06.009248 np0000167623 devstack@neutron-api.service[104039]: DEBUG neutron.api.extensions [None req-51a28329-2413-4b98-bb98-2bd69f5ec762 None None] Loading extension file: tagging.py {{(pid=104039) _load_all_extensions_from_path /opt/stack/neutron/neutron/api/extensions.py:449}}
Apr 18 22:14:06.009279 np0000167623 devstack@neutron-api.service[104037]: DEBUG neutron_lib.callbacks.manager [None req-040919f0-9d49-4cdb-987a-bab4f7030961 None None] Subscribe: > security_group precommit_create 55550000, False {{(pid=104037) subscribe /opt/stack/data/venv/lib/python3.12/site-packages/neutron_lib/callbacks/manager.py:52}}
Apr 18 22:14:06.009477 np0000167623 devstack@neutron-api.service[104037]: DEBUG neutron_lib.callbacks.manager [None req-040919f0-9d49-4cdb-987a-bab4f7030961 None None] Subscribe: > security_group after_update 55550000, False {{(pid=104037) subscribe /opt/stack/data/venv/lib/python3.12/site-packages/neutron_lib/callbacks/manager.py:52}}
Apr 18 22:14:06.009663 np0000167623 devstack@neutron-api.service[104037]: DEBUG neutron_lib.callbacks.manager [None req-040919f0-9d49-4cdb-987a-bab4f7030961 None None] Subscribe: > security_group after_create 55550000, False {{(pid=104037) subscribe /opt/stack/data/venv/lib/python3.12/site-packages/neutron_lib/callbacks/manager.py:52}}
Apr 18 22:14:06.009868 np0000167623 devstack@neutron-api.service[104037]: DEBUG neutron_lib.callbacks.manager [None req-040919f0-9d49-4cdb-987a-bab4f7030961 None None] Subscribe: > security_group precommit_delete 55550000, False {{(pid=104037) subscribe /opt/stack/data/venv/lib/python3.12/site-packages/neutron_lib/callbacks/manager.py:52}}
Apr 18 22:14:06.009964 np0000167623 devstack@neutron-api.service[104039]: DEBUG neutron.api.extensions [None req-51a28329-2413-4b98-bb98-2bd69f5ec762 None None] Ext name="Tag support for resources with standard attribute: port, subnet, subnetpool, network, security_group, router, floatingip, policy, trunk, network_segment_range" alias="standard-attr-tag" description="Enables to set tag on resources with standard attribute." updated="2017-01-01T00:00:00-00:00" {{(pid=104039) _check_extension /opt/stack/neutron/neutron/api/extensions.py:415}}
Apr 18 22:14:06.010090 np0000167623 devstack@neutron-api.service[104037]: DEBUG neutron_lib.callbacks.manager [None req-040919f0-9d49-4cdb-987a-bab4f7030961 None None] Subscribe: > security_group after_delete 55550000, False {{(pid=104037) subscribe /opt/stack/data/venv/lib/python3.12/site-packages/neutron_lib/callbacks/manager.py:52}}
Apr 18 22:14:06.010291 np0000167623 devstack@neutron-api.service[104039]: INFO neutron.api.extensions [None req-51a28329-2413-4b98-bb98-2bd69f5ec762 None None] Loaded extension: standard-attr-tag
Apr 18 22:14:06.010377 np0000167623 devstack@neutron-api.service[104039]: DEBUG neutron.api.extensions [None req-51a28329-2413-4b98-bb98-2bd69f5ec762 None None] Loading extension file: timestamp.py {{(pid=104039) _load_all_extensions_from_path /opt/stack/neutron/neutron/api/extensions.py:449}}
Apr 18 22:14:06.010515 np0000167623 devstack@neutron-api.service[104037]: DEBUG neutron_lib.callbacks.manager [None req-040919f0-9d49-4cdb-987a-bab4f7030961 None None] Subscribe: > security_group_rule precommit_create 55550000, False {{(pid=104037) subscribe /opt/stack/data/venv/lib/python3.12/site-packages/neutron_lib/callbacks/manager.py:52}}
Apr 18 22:14:06.010624 np0000167623 devstack@neutron-api.service[104039]: DEBUG neutron.api.extensions [None req-51a28329-2413-4b98-bb98-2bd69f5ec762 None None] Ext name="Resource timestamps" alias="standard-attr-timestamp" description="Adds created_at and updated_at fields to all Neutron resources that have Neutron standard attributes." updated="2016-09-12T10:00:00-00:00" {{(pid=104039) _check_extension /opt/stack/neutron/neutron/api/extensions.py:415}}
Apr 18 22:14:06.010726 np0000167623 devstack@neutron-api.service[104037]: DEBUG neutron_lib.callbacks.manager [None req-040919f0-9d49-4cdb-987a-bab4f7030961 None None] Subscribe: > security_group_rule after_create 55550000, False {{(pid=104037) subscribe /opt/stack/data/venv/lib/python3.12/site-packages/neutron_lib/callbacks/manager.py:52}}
Apr 18 22:14:06.010818 np0000167623 devstack@neutron-api.service[104039]: INFO neutron.api.extensions [None req-51a28329-2413-4b98-bb98-2bd69f5ec762 None None] Loaded extension: standard-attr-timestamp
Apr 18 22:14:06.010918 np0000167623 devstack@neutron-api.service[104039]: DEBUG neutron.api.extensions [None req-51a28329-2413-4b98-bb98-2bd69f5ec762 None None] Loading extension file: trunk.py {{(pid=104039) _load_all_extensions_from_path /opt/stack/neutron/neutron/api/extensions.py:449}}
Apr 18 22:14:06.011001 np0000167623 devstack@neutron-api.service[104037]: DEBUG neutron_lib.callbacks.manager [None req-040919f0-9d49-4cdb-987a-bab4f7030961 None None] Subscribe: > security_group_rule before_delete 55550000, False {{(pid=104037) subscribe /opt/stack/data/venv/lib/python3.12/site-packages/neutron_lib/callbacks/manager.py:52}}
Apr 18 22:14:06.011202 np0000167623 devstack@neutron-api.service[104039]: DEBUG neutron.api.extensions [None req-51a28329-2413-4b98-bb98-2bd69f5ec762 None None] Ext name="Trunk Extension" alias="trunk" description="Provides support for trunk ports" updated="2016-01-01T10:00:00-00:00" {{(pid=104039) _check_extension /opt/stack/neutron/neutron/api/extensions.py:415}}
Apr 18 22:14:06.011275 np0000167623 devstack@neutron-api.service[104037]: DEBUG neutron_lib.callbacks.manager [None req-040919f0-9d49-4cdb-987a-bab4f7030961 None None] Subscribe: > address_group after_create 55550000, False {{(pid=104037) subscribe /opt/stack/data/venv/lib/python3.12/site-packages/neutron_lib/callbacks/manager.py:52}}
Apr 18 22:14:06.011420 np0000167623 devstack@neutron-api.service[104039]: INFO neutron.api.extensions [None req-51a28329-2413-4b98-bb98-2bd69f5ec762 None None] Extension trunk not supported by any of loaded plugins
Apr 18 22:14:06.011482 np0000167623 devstack@neutron-api.service[104039]: DEBUG neutron.api.extensions [None req-51a28329-2413-4b98-bb98-2bd69f5ec762 None None] Loading extension file: trunk_details.py {{(pid=104039) _load_all_extensions_from_path /opt/stack/neutron/neutron/api/extensions.py:449}}
Apr 18 22:14:06.011570 np0000167623 devstack@neutron-api.service[104037]: DEBUG neutron_lib.callbacks.manager [None req-040919f0-9d49-4cdb-987a-bab4f7030961 None None] Subscribe: > address_group after_update 55550000, False {{(pid=104037) subscribe /opt/stack/data/venv/lib/python3.12/site-packages/neutron_lib/callbacks/manager.py:52}}
Apr 18 22:14:06.011775 np0000167623 devstack@neutron-api.service[104039]: DEBUG neutron.api.extensions [None req-51a28329-2413-4b98-bb98-2bd69f5ec762 None None] Ext name="Trunk port details" alias="trunk-details" description="Expose trunk port details" updated="2016-01-01T10:00:00-00:00" {{(pid=104039) _check_extension /opt/stack/neutron/neutron/api/extensions.py:415}}
Apr 18 22:14:06.011892 np0000167623 devstack@neutron-api.service[104037]: DEBUG neutron_lib.callbacks.manager [None req-040919f0-9d49-4cdb-987a-bab4f7030961 None None] Subscribe: > address_group after_delete 55550000, False {{(pid=104037) subscribe /opt/stack/data/venv/lib/python3.12/site-packages/neutron_lib/callbacks/manager.py:52}}
Apr 18 22:14:06.011945 np0000167623 devstack@neutron-api.service[104039]: INFO neutron.api.extensions [None req-51a28329-2413-4b98-bb98-2bd69f5ec762 None None] Extension trunk-details not supported by any of loaded plugins
Apr 18 22:14:06.012038 np0000167623 devstack@neutron-api.service[104039]: DEBUG neutron.api.extensions [None req-51a28329-2413-4b98-bb98-2bd69f5ec762 None None] Loading extension file: uplink_status_propagation.py {{(pid=104039) _load_all_extensions_from_path /opt/stack/neutron/neutron/api/extensions.py:449}}
Apr 18 22:14:06.012262 np0000167623 devstack@neutron-api.service[104037]: DEBUG neutron_lib.callbacks.manager [None req-040919f0-9d49-4cdb-987a-bab4f7030961 None None] Subscribe: > qos_plugin after_init 55550000, False {{(pid=104037) subscribe /opt/stack/data/venv/lib/python3.12/site-packages/neutron_lib/callbacks/manager.py:52}}
Apr 18 22:14:06.012305 np0000167623 devstack@neutron-api.service[104039]: DEBUG neutron.api.extensions [None req-51a28329-2413-4b98-bb98-2bd69f5ec762 None None] Ext name="Uplink status propagation extension" alias="uplink-status-propagation" description="Provides ability to propagate port uplink status." updated="2018-05-31T18:00:00-00:00" {{(pid=104039) _check_extension /opt/stack/neutron/neutron/api/extensions.py:415}}
Apr 18 22:14:06.012454 np0000167623 devstack@neutron-api.service[104039]: INFO neutron.api.extensions [None req-51a28329-2413-4b98-bb98-2bd69f5ec762 None None] Extension uplink-status-propagation not supported by any of loaded plugins
Apr 18 22:14:06.012587 np0000167623 devstack@neutron-api.service[104039]: DEBUG neutron.api.extensions [None req-51a28329-2413-4b98-bb98-2bd69f5ec762 None None] Loading extension file: uplink_status_propagation_updatable.py {{(pid=104039) _load_all_extensions_from_path /opt/stack/neutron/neutron/api/extensions.py:449}}
Apr 18 22:14:06.012784 np0000167623 devstack@neutron-api.service[104039]: DEBUG neutron.api.extensions [None req-51a28329-2413-4b98-bb98-2bd69f5ec762 None None] Ext name="Uplink status propagation updatable extension" alias="uplink-status-propagation-updatable" description="Provides ability to update the port uplink status." updated="2024-09-03T18:00:00-00:00" {{(pid=104039) _check_extension /opt/stack/neutron/neutron/api/extensions.py:415}}
Apr 18 22:14:06.012964 np0000167623 devstack@neutron-api.service[104037]: DEBUG neutron_lib.callbacks.manager [None req-040919f0-9d49-4cdb-987a-bab4f7030961 None None] Subscribe: > trunk_plugin after_init 55550000, False {{(pid=104037) subscribe /opt/stack/data/venv/lib/python3.12/site-packages/neutron_lib/callbacks/manager.py:52}}
Apr 18 22:14:06.013020 np0000167623 devstack@neutron-api.service[104039]: INFO neutron.api.extensions [None req-51a28329-2413-4b98-bb98-2bd69f5ec762 None None] Extension uplink-status-propagation-updatable not supported by any of loaded plugins
Apr 18 22:14:06.013058 np0000167623 devstack@neutron-api.service[104039]: DEBUG neutron.api.extensions [None req-51a28329-2413-4b98-bb98-2bd69f5ec762 None None] Loading extension file: vlantransparent.py {{(pid=104039) _load_all_extensions_from_path /opt/stack/neutron/neutron/api/extensions.py:449}}
Apr 18 22:14:06.013312 np0000167623 devstack@neutron-api.service[104039]: DEBUG neutron.api.extensions [None req-51a28329-2413-4b98-bb98-2bd69f5ec762 None None] Ext name="Vlantransparent" alias="vlan-transparent" description="Provides Vlan Transparent Networks" updated="2015-03-23T09:00:00-00:00" {{(pid=104039) _check_extension /opt/stack/neutron/neutron/api/extensions.py:415}}
Apr 18 22:14:06.013441 np0000167623 devstack@neutron-api.service[104037]: DEBUG neutron_lib.callbacks.manager [None req-040919f0-9d49-4cdb-987a-bab4f7030961 None None] Subscribe: > logging-plugin after_init 55550000, False {{(pid=104037) subscribe /opt/stack/data/venv/lib/python3.12/site-packages/neutron_lib/callbacks/manager.py:52}}
Apr 18 22:14:06.013484 np0000167623 devstack@neutron-api.service[104039]: INFO neutron.api.extensions [None req-51a28329-2413-4b98-bb98-2bd69f5ec762 None None] Loaded extension: vlan-transparent
Apr 18 22:14:06.014359 np0000167623 devstack@neutron-api.service[104037]: INFO neutron.services.logapi.drivers.ovn.driver [None req-040919f0-9d49-4cdb-987a-bab4f7030961 None None] OVN logging driver registered
Apr 18 22:14:06.015132 np0000167623 devstack@neutron-api.service[104039]: INFO neutron.quota.resource_registry [None req-51a28329-2413-4b98-bb98-2bd69f5ec762 None None] Creating instance of TrackedResource for resource:network
Apr 18 22:14:06.015369 np0000167623 devstack@neutron-api.service[104039]: INFO neutron.quota.resource_registry [None req-51a28329-2413-4b98-bb98-2bd69f5ec762 None None] Creating instance of TrackedResource for resource:subnet
Apr 18 22:14:06.015463 np0000167623 devstack@neutron-api.service[104039]: INFO neutron.quota.resource_registry [None req-51a28329-2413-4b98-bb98-2bd69f5ec762 None None] Creating instance of TrackedResource for resource:subnetpool
Apr 18 22:14:06.015575 np0000167623 devstack@neutron-api.service[104039]: INFO neutron.quota.resource_registry [None req-51a28329-2413-4b98-bb98-2bd69f5ec762 None None] Creating instance of TrackedResource for resource:port
Apr 18 22:14:06.017301 np0000167623 devstack@neutron-api.service[104037]: DEBUG neutron.plugins.ml2.plugin [None req-040919f0-9d49-4cdb-987a-bab4f7030961 None None] neutron.plugins.ml2.plugin.Ml2Plugin method _start_rpc_notifiers called with arguments () {} {{(pid=104037) wrapper /opt/stack/data/venv/lib/python3.12/site-packages/oslo_log/helpers.py:77}}
Apr 18 22:14:06.017752 np0000167623 devstack@neutron-api.service[104039]: DEBUG neutron.api.v2.resource_helper [None req-51a28329-2413-4b98-bb98-2bd69f5ec762 None None] Service L3_ROUTER_NAT assigned prefix: {{(pid=104039) build_resource_info /opt/stack/neutron/neutron/api/v2/resource_helper.py:77}}
Apr 18 22:14:06.017935 np0000167623 devstack@neutron-api.service[104037]: DEBUG neutron_lib.callbacks.manager [None req-040919f0-9d49-4cdb-987a-bab4f7030961 None None] Subscribe: > port after_create 55550000, False {{(pid=104037) subscribe /opt/stack/data/venv/lib/python3.12/site-packages/neutron_lib/callbacks/manager.py:52}}
Apr 18 22:14:06.018121 np0000167623 devstack@neutron-api.service[104037]: DEBUG neutron_lib.callbacks.manager [None req-040919f0-9d49-4cdb-987a-bab4f7030961 None None] Subscribe: > port after_update 55550000, False {{(pid=104037) subscribe /opt/stack/data/venv/lib/python3.12/site-packages/neutron_lib/callbacks/manager.py:52}}
Apr 18 22:14:06.018206 np0000167623 devstack@neutron-api.service[104039]: DEBUG neutron.api.v2.resource_helper [None req-51a28329-2413-4b98-bb98-2bd69f5ec762 None None] Service FLAVORS assigned prefix: {{(pid=104039) build_resource_info /opt/stack/neutron/neutron/api/v2/resource_helper.py:77}}
Apr 18 22:14:06.018436 np0000167623 devstack@neutron-api.service[104037]: DEBUG neutron_lib.callbacks.manager [None req-040919f0-9d49-4cdb-987a-bab4f7030961 None None] Subscribe: > port after_delete 55550000, False {{(pid=104037) subscribe /opt/stack/data/venv/lib/python3.12/site-packages/neutron_lib/callbacks/manager.py:52}}
Apr 18 22:14:06.019043 np0000167623 devstack@neutron-api.service[104037]: DEBUG neutron_lib.callbacks.manager [None req-040919f0-9d49-4cdb-987a-bab4f7030961 None None] Subscribe: > subnet after_create 55550000, False {{(pid=104037) subscribe /opt/stack/data/venv/lib/python3.12/site-packages/neutron_lib/callbacks/manager.py:52}}
Apr 18 22:14:06.019043 np0000167623 devstack@neutron-api.service[104037]: DEBUG neutron_lib.callbacks.manager [None req-040919f0-9d49-4cdb-987a-bab4f7030961 None None] Subscribe: > subnet after_update 55550000, False {{(pid=104037) subscribe /opt/stack/data/venv/lib/python3.12/site-packages/neutron_lib/callbacks/manager.py:52}}
Apr 18 22:14:06.019043 np0000167623 devstack@neutron-api.service[104037]: DEBUG neutron_lib.callbacks.manager [None req-040919f0-9d49-4cdb-987a-bab4f7030961 None None] Subscribe: > subnet after_delete 55550000, False {{(pid=104037) subscribe /opt/stack/data/venv/lib/python3.12/site-packages/neutron_lib/callbacks/manager.py:52}}
Apr 18 22:14:06.019043 np0000167623 devstack@neutron-api.service[104037]: DEBUG neutron_lib.callbacks.manager [None req-040919f0-9d49-4cdb-987a-bab4f7030961 None None] Subscribe: > network after_create 55550000, False {{(pid=104037) subscribe /opt/stack/data/venv/lib/python3.12/site-packages/neutron_lib/callbacks/manager.py:52}}
Apr 18 22:14:06.019871 np0000167623 devstack@neutron-api.service[104039]: DEBUG neutron.api.v2.resource_helper [None req-51a28329-2413-4b98-bb98-2bd69f5ec762 None None] Service L3_ROUTER_NAT assigned prefix: {{(pid=104039) build_resource_info /opt/stack/neutron/neutron/api/v2/resource_helper.py:77}}
Apr 18 22:14:06.019871 np0000167623 devstack@neutron-api.service[104039]: DEBUG neutron.api.v2.resource_helper [None req-51a28329-2413-4b98-bb98-2bd69f5ec762 None None] Service L3_ROUTER_NAT assigned prefix: {{(pid=104039) build_resource_info /opt/stack/neutron/neutron/api/v2/resource_helper.py:77}}
Apr 18 22:14:06.020177 np0000167623 devstack@neutron-api.service[104037]: DEBUG neutron_lib.callbacks.manager [None req-040919f0-9d49-4cdb-987a-bab4f7030961 None None] Subscribe: > network after_update 55550000, False {{(pid=104037) subscribe /opt/stack/data/venv/lib/python3.12/site-packages/neutron_lib/callbacks/manager.py:52}}
Apr 18 22:14:06.020358 np0000167623 devstack@neutron-api.service[104039]: INFO neutron.quota.resource_registry [None req-51a28329-2413-4b98-bb98-2bd69f5ec762 None None] Creating instance of TrackedResource for resource:router
Apr 18 22:14:06.020439 np0000167623 devstack@neutron-api.service[104037]: DEBUG neutron_lib.callbacks.manager [None req-040919f0-9d49-4cdb-987a-bab4f7030961 None None] Subscribe: > network after_delete 55550000, False {{(pid=104037) subscribe /opt/stack/data/venv/lib/python3.12/site-packages/neutron_lib/callbacks/manager.py:52}}
Apr 18 22:14:06.020473 np0000167623 devstack@neutron-api.service[104039]: INFO neutron.quota.resource_registry [None req-51a28329-2413-4b98-bb98-2bd69f5ec762 None None] Creating instance of TrackedResource for resource:floatingip
Apr 18 22:14:06.020532 np0000167623 devstack@neutron-api.service[104037]: DEBUG neutron_lib.callbacks.manager [None req-040919f0-9d49-4cdb-987a-bab4f7030961 None None] Subscribe: > security_group after_create 55550000, False {{(pid=104037) subscribe /opt/stack/data/venv/lib/python3.12/site-packages/neutron_lib/callbacks/manager.py:52}}
Apr 18 22:14:06.021004 np0000167623 devstack@neutron-api.service[104039]: INFO neutron.quota.resource_registry [None req-51a28329-2413-4b98-bb98-2bd69f5ec762 None None] Creating instance of CountableResource for resource:rbac_policy
Apr 18 22:14:06.021193 np0000167623 devstack@neutron-api.service[104037]: DEBUG neutron_lib.callbacks.manager [None req-040919f0-9d49-4cdb-987a-bab4f7030961 None None] Subscribe: > security_group after_update 55550000, False {{(pid=104037) subscribe /opt/stack/data/venv/lib/python3.12/site-packages/neutron_lib/callbacks/manager.py:52}}
Apr 18 22:14:06.021854 np0000167623 devstack@neutron-api.service[104037]: DEBUG neutron_lib.callbacks.manager [None req-040919f0-9d49-4cdb-987a-bab4f7030961 None None] Subscribe: > security_group after_delete 55550000, False {{(pid=104037) subscribe /opt/stack/data/venv/lib/python3.12/site-packages/neutron_lib/callbacks/manager.py:52}}
Apr 18 22:14:06.022411 np0000167623 devstack@neutron-api.service[104037]: DEBUG neutron_lib.callbacks.manager [None req-040919f0-9d49-4cdb-987a-bab4f7030961 None None] Subscribe: > security_group_rule after_create 55550000, False {{(pid=104037) subscribe /opt/stack/data/venv/lib/python3.12/site-packages/neutron_lib/callbacks/manager.py:52}}
Apr 18 22:14:06.023069 np0000167623 devstack@neutron-api.service[104037]: DEBUG neutron_lib.callbacks.manager [None req-040919f0-9d49-4cdb-987a-bab4f7030961 None None] Subscribe: > security_group_rule after_update 55550000, False {{(pid=104037) subscribe /opt/stack/data/venv/lib/python3.12/site-packages/neutron_lib/callbacks/manager.py:52}}
Apr 18 22:14:06.023486 np0000167623 devstack@neutron-api.service[104037]: DEBUG neutron_lib.callbacks.manager [None req-040919f0-9d49-4cdb-987a-bab4f7030961 None None] Subscribe: > security_group_rule after_delete 55550000, False {{(pid=104037) subscribe /opt/stack/data/venv/lib/python3.12/site-packages/neutron_lib/callbacks/manager.py:52}}
Apr 18 22:14:06.023849 np0000167623 devstack@neutron-api.service[104037]: DEBUG neutron_lib.callbacks.manager [None req-040919f0-9d49-4cdb-987a-bab4f7030961 None None] Subscribe: > address_group after_create 55550000, False {{(pid=104037) subscribe /opt/stack/data/venv/lib/python3.12/site-packages/neutron_lib/callbacks/manager.py:52}}
Apr 18 22:14:06.024320 np0000167623 devstack@neutron-api.service[104037]: DEBUG neutron_lib.callbacks.manager [None req-040919f0-9d49-4cdb-987a-bab4f7030961 None None] Subscribe: > address_group after_update 55550000, False {{(pid=104037) subscribe /opt/stack/data/venv/lib/python3.12/site-packages/neutron_lib/callbacks/manager.py:52}}
Apr 18 22:14:06.024833 np0000167623 devstack@neutron-api.service[104037]: DEBUG neutron_lib.callbacks.manager [None req-040919f0-9d49-4cdb-987a-bab4f7030961 None None] Subscribe: > address_group after_delete 55550000, False {{(pid=104037) subscribe /opt/stack/data/venv/lib/python3.12/site-packages/neutron_lib/callbacks/manager.py:52}}
Apr 18 22:14:06.025470 np0000167623 devstack@neutron-api.service[104037]: DEBUG neutron.plugins.ml2.ovo_rpc [None req-040919f0-9d49-4cdb-987a-bab4f7030961 None None] ML2 OVO RPC backend initialized. {{(pid=104037) __init__ /opt/stack/neutron/neutron/plugins/ml2/ovo_rpc.py:117}}
Apr 18 22:14:06.030175 np0000167623 devstack@neutron-api.service[104037]: INFO neutron.quota [None req-040919f0-9d49-4cdb-987a-bab4f7030961 None None] Loaded quota_driver: .
Apr 18 22:14:06.032215 np0000167623 devstack@neutron-api.service[104037]: INFO neutron.plugins.ml2.plugin [None req-040919f0-9d49-4cdb-987a-bab4f7030961 None None] Modular L2 Plugin initialization complete
Apr 18 22:14:06.032779 np0000167623 devstack@neutron-api.service[104037]: DEBUG neutron.manager [None req-040919f0-9d49-4cdb-987a-bab4f7030961 None None] Loading services supported by the core plugin {{(pid=104037) _load_services_from_core_plugin /opt/stack/neutron/neutron/manager.py:170}}
Apr 18 22:14:06.033056 np0000167623 devstack@neutron-api.service[104037]: INFO neutron.plugins.ml2.managers [None req-040919f0-9d49-4cdb-987a-bab4f7030961 None None] Got port-security extension from driver 'port_security'
Apr 18 22:14:06.033531 np0000167623 devstack@neutron-api.service[104037]: DEBUG neutron.manager [None req-040919f0-9d49-4cdb-987a-bab4f7030961 None None] Loading service plugins: ['ovn-router', 'auto_allocate', 'tag', 'timestamp', 'network_ip_availability', 'flavors', 'revisions'] {{(pid=104037) _load_service_plugins /opt/stack/neutron/neutron/manager.py:195}}
Apr 18 22:14:06.033726 np0000167623 devstack@neutron-api.service[104037]: INFO neutron.manager [None req-040919f0-9d49-4cdb-987a-bab4f7030961 None None] Loading Plugin: ovn-router
Apr 18 22:14:06.055520 np0000167623 devstack@neutron-api.service[104037]: DEBUG neutron_lib.callbacks.manager [None req-040919f0-9d49-4cdb-987a-bab4f7030961 None None] Subscribe: > router before_delete 55550000, False {{(pid=104037) subscribe /opt/stack/data/venv/lib/python3.12/site-packages/neutron_lib/callbacks/manager.py:52}}
Apr 18 22:14:06.055818 np0000167623 devstack@neutron-api.service[104037]: DEBUG neutron_lib.callbacks.manager [None req-040919f0-9d49-4cdb-987a-bab4f7030961 None None] Subscribe: port after_update 55550000, False {{(pid=104037) subscribe /opt/stack/data/venv/lib/python3.12/site-packages/neutron_lib/callbacks/manager.py:52}}
Apr 18 22:14:06.056042 np0000167623 devstack@neutron-api.service[104037]: DEBUG neutron_lib.callbacks.manager [None req-040919f0-9d49-4cdb-987a-bab4f7030961 None None] Subscribe: port after_delete 55550000, False {{(pid=104037) subscribe /opt/stack/data/venv/lib/python3.12/site-packages/neutron_lib/callbacks/manager.py:52}}
Apr 18 22:14:06.056178 np0000167623 devstack@neutron-api.service[104037]: DEBUG neutron_lib.callbacks.manager [None req-040919f0-9d49-4cdb-987a-bab4f7030961 None None] Subscribe: subnet after_update 55550000, False {{(pid=104037) subscribe /opt/stack/data/venv/lib/python3.12/site-packages/neutron_lib/callbacks/manager.py:52}}
Apr 18 22:14:06.056376 np0000167623 devstack@neutron-api.service[104037]: DEBUG neutron_lib.callbacks.manager [None req-040919f0-9d49-4cdb-987a-bab4f7030961 None None] Subscribe: subnetpool_address_scope after_update 55550000, False {{(pid=104037) subscribe /opt/stack/data/venv/lib/python3.12/site-packages/neutron_lib/callbacks/manager.py:52}}
Apr 18 22:14:06.056548 np0000167623 devstack@neutron-api.service[104037]: DEBUG neutron_lib.callbacks.manager [None req-040919f0-9d49-4cdb-987a-bab4f7030961 None None] Subscribe: port before_update 55550000, False {{(pid=104037) subscribe /opt/stack/data/venv/lib/python3.12/site-packages/neutron_lib/callbacks/manager.py:52}}
Apr 18 22:14:06.056741 np0000167623 devstack@neutron-api.service[104037]: DEBUG neutron_lib.callbacks.manager [None req-040919f0-9d49-4cdb-987a-bab4f7030961 None None] Subscribe: port after_update 55550000, False {{(pid=104037) subscribe /opt/stack/data/venv/lib/python3.12/site-packages/neutron_lib/callbacks/manager.py:52}}
Apr 18 22:14:06.056970 np0000167623 devstack@neutron-api.service[104037]: DEBUG neutron_lib.callbacks.manager [None req-040919f0-9d49-4cdb-987a-bab4f7030961 None None] Subscribe: > port precommit_delete 55550000, False {{(pid=104037) subscribe /opt/stack/data/venv/lib/python3.12/site-packages/neutron_lib/callbacks/manager.py:52}}
Apr 18 22:14:06.057174 np0000167623 devstack@neutron-api.service[104037]: DEBUG neutron_lib.callbacks.manager [None req-040919f0-9d49-4cdb-987a-bab4f7030961 None None] Subscribe: port before_update 55550000, False {{(pid=104037) subscribe /opt/stack/data/venv/lib/python3.12/site-packages/neutron_lib/callbacks/manager.py:52}}
Apr 18 22:14:06.057345 np0000167623 devstack@neutron-api.service[104037]: DEBUG neutron_lib.callbacks.manager [None req-040919f0-9d49-4cdb-987a-bab4f7030961 None None] Subscribe: port before_delete 55550000, False {{(pid=104037) subscribe /opt/stack/data/venv/lib/python3.12/site-packages/neutron_lib/callbacks/manager.py:52}}
Apr 18 22:14:06.057567 np0000167623 devstack@neutron-api.service[104037]: DEBUG neutron_lib.callbacks.manager [None req-040919f0-9d49-4cdb-987a-bab4f7030961 None None] Subscribe: > router precommit_create 55550000, False {{(pid=104037) subscribe /opt/stack/data/venv/lib/python3.12/site-packages/neutron_lib/callbacks/manager.py:52}}
Apr 18 22:14:06.057731 np0000167623 devstack@neutron-api.service[104037]: DEBUG neutron_lib.callbacks.manager [None req-040919f0-9d49-4cdb-987a-bab4f7030961 None None] Subscribe: > router precommit_create 55550000, False {{(pid=104037) subscribe /opt/stack/data/venv/lib/python3.12/site-packages/neutron_lib/callbacks/manager.py:52}}
Apr 18 22:14:06.057979 np0000167623 devstack@neutron-api.service[104037]: DEBUG neutron_lib.callbacks.manager [None req-040919f0-9d49-4cdb-987a-bab4f7030961 None None] Subscribe: > router precommit_update 55550000, False {{(pid=104037) subscribe /opt/stack/data/venv/lib/python3.12/site-packages/neutron_lib/callbacks/manager.py:52}}
Apr 18 22:14:06.058166 np0000167623 devstack@neutron-api.service[104037]: DEBUG neutron_lib.callbacks.manager [None req-040919f0-9d49-4cdb-987a-bab4f7030961 None None] Subscribe: subnet after_update 55550000, False {{(pid=104037) subscribe /opt/stack/data/venv/lib/python3.12/site-packages/neutron_lib/callbacks/manager.py:52}}
Apr 18 22:14:06.059180 np0000167623 devstack@neutron-api.service[104037]: DEBUG neutron.quota.resource_registry [None req-040919f0-9d49-4cdb-987a-bab4f7030961 None None] Tracking information for resource: router configured {{(pid=104037) set_tracked_resource /opt/stack/neutron/neutron/quota/resource_registry.py:203}}
Apr 18 22:14:06.059435 np0000167623 devstack@neutron-api.service[104037]: DEBUG neutron.quota.resource_registry [None req-040919f0-9d49-4cdb-987a-bab4f7030961 None None] Tracking information for resource: floatingip configured {{(pid=104037) set_tracked_resource /opt/stack/neutron/neutron/quota/resource_registry.py:203}}
Apr 18 22:14:06.059623 np0000167623 devstack@neutron-api.service[104037]: INFO neutron.services.ovn_l3.plugin [None req-040919f0-9d49-4cdb-987a-bab4f7030961 None None] Starting OVNL3RouterPlugin
Apr 18 22:14:06.079612 np0000167623 devstack@neutron-api.service[104037]: DEBUG neutron_lib.callbacks.manager [None req-040919f0-9d49-4cdb-987a-bab4f7030961 None None] Subscribe: > port_forwarding_plugin after_init 55550000, False {{(pid=104037) subscribe /opt/stack/data/venv/lib/python3.12/site-packages/neutron_lib/callbacks/manager.py:52}}
Apr 18 22:14:06.079612 np0000167623 devstack@neutron-api.service[104037]: DEBUG neutron_lib.callbacks.manager [None req-040919f0-9d49-4cdb-987a-bab4f7030961 None None] Subscribe: > router before_create 55550100, False {{(pid=104037) subscribe /opt/stack/data/venv/lib/python3.12/site-packages/neutron_lib/callbacks/manager.py:52}}
Apr 18 22:14:06.079612 np0000167623 devstack@neutron-api.service[104037]: DEBUG neutron_lib.callbacks.manager [None req-040919f0-9d49-4cdb-987a-bab4f7030961 None None] Subscribe: > router precommit_delete 55550100, False {{(pid=104037) subscribe /opt/stack/data/venv/lib/python3.12/site-packages/neutron_lib/callbacks/manager.py:52}}
Apr 18 22:14:06.079612 np0000167623 devstack@neutron-api.service[104037]: DEBUG neutron_lib.callbacks.manager [None req-040919f0-9d49-4cdb-987a-bab4f7030961 None None] Subscribe: > router precommit_create 55550100, False {{(pid=104037) subscribe /opt/stack/data/venv/lib/python3.12/site-packages/neutron_lib/callbacks/manager.py:52}}
Apr 18 22:14:06.080035 np0000167623 devstack@neutron-api.service[104037]: DEBUG neutron_lib.callbacks.manager [None req-040919f0-9d49-4cdb-987a-bab4f7030961 None None] Subscribe: > router precommit_update 55550100, False {{(pid=104037) subscribe /opt/stack/data/venv/lib/python3.12/site-packages/neutron_lib/callbacks/manager.py:52}}
Apr 18 22:14:06.080035 np0000167623 devstack@neutron-api.service[104037]: DEBUG neutron.services.provider_configuration [None req-040919f0-9d49-4cdb-987a-bab4f7030961 None None] Service providers = [] {{(pid=104037) parse_service_provider_opt /opt/stack/neutron/neutron/services/provider_configuration.py:170}}
Apr 18 22:14:06.080035 np0000167623 devstack@neutron-api.service[104037]: DEBUG neutron.db.servicetype_db [None req-040919f0-9d49-4cdb-987a-bab4f7030961 None None] Adding provider configuration for service L3_ROUTER_NAT {{(pid=104037) add_provider_configuration /opt/stack/neutron/neutron/db/servicetype_db.py:42}}
Apr 18 22:14:06.080035 np0000167623 devstack@neutron-api.service[104037]: DEBUG neutron_lib.callbacks.manager [None req-040919f0-9d49-4cdb-987a-bab4f7030961 None None] Subscribe: > router precommit_create 55549900, False {{(pid=104037) subscribe /opt/stack/data/venv/lib/python3.12/site-packages/neutron_lib/callbacks/manager.py:52}}
Apr 18 22:14:06.080035 np0000167623 devstack@neutron-api.service[104037]: DEBUG neutron_lib.callbacks.manager [None req-040919f0-9d49-4cdb-987a-bab4f7030961 None None] Subscribe: > router_interface after_create 55550000, False {{(pid=104037) subscribe /opt/stack/data/venv/lib/python3.12/site-packages/neutron_lib/callbacks/manager.py:52}}
Apr 18 22:14:06.080451 np0000167623 devstack@neutron-api.service[104037]: DEBUG neutron_lib.callbacks.manager [None req-040919f0-9d49-4cdb-987a-bab4f7030961 None None] Subscribe: > floatingip after_create 55550000, False {{(pid=104037) subscribe /opt/stack/data/venv/lib/python3.12/site-packages/neutron_lib/callbacks/manager.py:52}}
Apr 18 22:14:06.080451 np0000167623 devstack@neutron-api.service[104037]: DEBUG neutron_lib.callbacks.manager [None req-040919f0-9d49-4cdb-987a-bab4f7030961 None None] Subscribe: > floatingip precommit_create 55550000, False {{(pid=104037) subscribe /opt/stack/data/venv/lib/python3.12/site-packages/neutron_lib/callbacks/manager.py:52}}
Apr 18 22:14:06.080451 np0000167623 devstack@neutron-api.service[104037]: DEBUG neutron_lib.callbacks.manager [None req-040919f0-9d49-4cdb-987a-bab4f7030961 None None] Subscribe: > floatingip precommit_update 55550000, False {{(pid=104037) subscribe /opt/stack/data/venv/lib/python3.12/site-packages/neutron_lib/callbacks/manager.py:52}}
Apr 18 22:14:06.080451 np0000167623 devstack@neutron-api.service[104037]: DEBUG neutron_lib.callbacks.manager [None req-040919f0-9d49-4cdb-987a-bab4f7030961 None None] Subscribe: > floatingip after_delete 55550000, False {{(pid=104037) subscribe /opt/stack/data/venv/lib/python3.12/site-packages/neutron_lib/callbacks/manager.py:52}}
Apr 18 22:14:06.080871 np0000167623 devstack@neutron-api.service[104037]: DEBUG neutron_lib.callbacks.manager [None req-040919f0-9d49-4cdb-987a-bab4f7030961 None None] Subscribe: > floatingip after_status_update 55550000, False {{(pid=104037) subscribe /opt/stack/data/venv/lib/python3.12/site-packages/neutron_lib/callbacks/manager.py:52}}
Apr 18 22:14:06.080871 np0000167623 devstack@neutron-api.service[104037]: DEBUG neutron_lib.callbacks.manager [None req-040919f0-9d49-4cdb-987a-bab4f7030961 None None] Subscribe: > floatingip after_update 55550000, False {{(pid=104037) subscribe /opt/stack/data/venv/lib/python3.12/site-packages/neutron_lib/callbacks/manager.py:52}}
Apr 18 22:14:06.080871 np0000167623 devstack@neutron-api.service[104037]: DEBUG neutron_lib.callbacks.manager [None req-040919f0-9d49-4cdb-987a-bab4f7030961 None None] Subscribe: > port_forwarding after_create 55550000, False {{(pid=104037) subscribe /opt/stack/data/venv/lib/python3.12/site-packages/neutron_lib/callbacks/manager.py:52}}
Apr 18 22:14:06.080871 np0000167623 devstack@neutron-api.service[104037]: DEBUG neutron_lib.callbacks.manager [None req-040919f0-9d49-4cdb-987a-bab4f7030961 None None] Subscribe: > router_interface after_delete 55550000, False {{(pid=104037) subscribe /opt/stack/data/venv/lib/python3.12/site-packages/neutron_lib/callbacks/manager.py:52}}
Apr 18 22:14:06.081441 np0000167623 devstack@neutron-api.service[104037]: DEBUG neutron_lib.callbacks.manager [None req-040919f0-9d49-4cdb-987a-bab4f7030961 None None] Subscribe: > router after_create 55550000, False {{(pid=104037) subscribe /opt/stack/data/venv/lib/python3.12/site-packages/neutron_lib/callbacks/manager.py:52}}
Apr 18 22:14:06.081441 np0000167623 devstack@neutron-api.service[104037]: DEBUG neutron_lib.callbacks.manager [None req-040919f0-9d49-4cdb-987a-bab4f7030961 None None] Subscribe: > router precommit_create 55550000, False {{(pid=104037) subscribe /opt/stack/data/venv/lib/python3.12/site-packages/neutron_lib/callbacks/manager.py:52}}
Apr 18 22:14:06.081441 np0000167623 devstack@neutron-api.service[104037]: DEBUG neutron_lib.callbacks.manager [None req-040919f0-9d49-4cdb-987a-bab4f7030961 None None] Subscribe: > router after_delete 55550000, False {{(pid=104037) subscribe /opt/stack/data/venv/lib/python3.12/site-packages/neutron_lib/callbacks/manager.py:52}}
Apr 18 22:14:06.081441 np0000167623 devstack@neutron-api.service[104037]: DEBUG neutron_lib.callbacks.manager [None req-040919f0-9d49-4cdb-987a-bab4f7030961 None None] Subscribe: > router after_update 55550000, False {{(pid=104037) subscribe /opt/stack/data/venv/lib/python3.12/site-packages/neutron_lib/callbacks/manager.py:52}}
Apr 18 22:14:06.081441 np0000167623 devstack@neutron-api.service[104037]: DEBUG neutron.services.service_base [None req-040919f0-9d49-4cdb-987a-bab4f7030961 None None] Loaded 'neutron.services.ovn_l3.service_providers.ovn.OvnDriver' provider for service L3_ROUTER_NAT {{(pid=104037) load_drivers /opt/stack/neutron/neutron/services/service_base.py:49}}
Apr 18 22:14:06.081780 np0000167623 devstack@neutron-api.service[104037]: DEBUG neutron_lib.callbacks.manager [None req-040919f0-9d49-4cdb-987a-bab4f7030961 None None] Subscribe: > process after_init 55550001, True {{(pid=104037) subscribe /opt/stack/data/venv/lib/python3.12/site-packages/neutron_lib/callbacks/manager.py:52}}
Apr 18 22:14:06.081780 np0000167623 devstack@neutron-api.service[104037]: DEBUG neutron.manager [None req-040919f0-9d49-4cdb-987a-bab4f7030961 None None] Successfully loaded L3_ROUTER_NAT plugin. Description: L3 Router Service Plugin for basic L3 forwarding using OVN {{(pid=104037) _create_and_add_service_plugin /opt/stack/neutron/neutron/manager.py:239}}
Apr 18 22:14:06.081780 np0000167623 devstack@neutron-api.service[104037]: INFO neutron.manager [None req-040919f0-9d49-4cdb-987a-bab4f7030961 None None] Loading Plugin: auto_allocate
Apr 18 22:14:06.081780 np0000167623 devstack@neutron-api.service[104037]: DEBUG neutron_lib.callbacks.manager [None req-040919f0-9d49-4cdb-987a-bab4f7030961 None None] Subscribe: network precommit_update 55550000, False {{(pid=104037) subscribe /opt/stack/data/venv/lib/python3.12/site-packages/neutron_lib/callbacks/manager.py:52}}
Apr 18 22:14:06.081780 np0000167623 devstack@neutron-api.service[104037]: DEBUG neutron_lib.callbacks.manager [None req-040919f0-9d49-4cdb-987a-bab4f7030961 None None] Subscribe: network precommit_create 55550000, False {{(pid=104037) subscribe /opt/stack/data/venv/lib/python3.12/site-packages/neutron_lib/callbacks/manager.py:52}}
Apr 18 22:14:06.081780 np0000167623 devstack@neutron-api.service[104037]: DEBUG neutron.manager [None req-040919f0-9d49-4cdb-987a-bab4f7030961 None None] Successfully loaded auto-allocated-topology plugin. Description: Auto Allocated Topology - aka get me a network. {{(pid=104037) _create_and_add_service_plugin /opt/stack/neutron/neutron/manager.py:239}}
Apr 18 22:14:06.082161 np0000167623 devstack@neutron-api.service[104037]: INFO neutron.manager [None req-040919f0-9d49-4cdb-987a-bab4f7030961 None None] Loading Plugin: tag
Apr 18 22:14:06.082161 np0000167623 devstack@neutron-api.service[104037]: DEBUG neutron.manager [None req-040919f0-9d49-4cdb-987a-bab4f7030961 None None] Successfully loaded TAG plugin. Description: Tag support {{(pid=104037) _create_and_add_service_plugin /opt/stack/neutron/neutron/manager.py:239}}
Apr 18 22:14:06.082161 np0000167623 devstack@neutron-api.service[104037]: INFO neutron.manager [None req-040919f0-9d49-4cdb-987a-bab4f7030961 None None] Loading Plugin: timestamp
Apr 18 22:14:06.082161 np0000167623 devstack@neutron-api.service[104037]: DEBUG neutron.manager [None req-040919f0-9d49-4cdb-987a-bab4f7030961 None None] Successfully loaded timestamp plugin. Description: Adds timestamps to Neutron resources with standard attributes {{(pid=104037) _create_and_add_service_plugin /opt/stack/neutron/neutron/manager.py:239}}
Apr 18 22:14:06.082161 np0000167623 devstack@neutron-api.service[104037]: INFO neutron.manager [None req-040919f0-9d49-4cdb-987a-bab4f7030961 None None] Loading Plugin: network_ip_availability
Apr 18 22:14:06.082161 np0000167623 devstack@neutron-api.service[104037]: DEBUG neutron.manager [None req-040919f0-9d49-4cdb-987a-bab4f7030961 None None] Successfully loaded network-ip-availability plugin. Description: Provides IP availability data for each network and subnet. {{(pid=104037) _create_and_add_service_plugin /opt/stack/neutron/neutron/manager.py:239}}
Apr 18 22:14:06.082161 np0000167623 devstack@neutron-api.service[104037]: INFO neutron.manager [None req-040919f0-9d49-4cdb-987a-bab4f7030961 None None] Loading Plugin: flavors
Apr 18 22:14:06.082161 np0000167623 devstack@neutron-api.service[104037]: DEBUG neutron.manager [None req-040919f0-9d49-4cdb-987a-bab4f7030961 None None] Successfully loaded FLAVORS plugin. Description: Neutron Flavors and Service Profiles manager plugin {{(pid=104037) _create_and_add_service_plugin /opt/stack/neutron/neutron/manager.py:239}}
Apr 18 22:14:06.082161 np0000167623 devstack@neutron-api.service[104037]: INFO neutron.manager [None req-040919f0-9d49-4cdb-987a-bab4f7030961 None None] Loading Plugin: revisions
Apr 18 22:14:06.082720 np0000167623 devstack@neutron-api.service[104037]: DEBUG neutron.manager [None req-040919f0-9d49-4cdb-987a-bab4f7030961 None None] Successfully loaded revision_plugin plugin. Description: Adds revision numbers to resources. {{(pid=104037) _create_and_add_service_plugin /opt/stack/neutron/neutron/manager.py:239}}
Apr 18 22:14:06.082720 np0000167623 devstack@neutron-api.service[104037]: DEBUG oslo_concurrency.lockutils [None req-040919f0-9d49-4cdb-987a-bab4f7030961 None None] Lock "manager" "released" by "neutron.manager.NeutronManager._create_instance" :: held 4.593s {{(pid=104037) inner /opt/stack/data/venv/lib/python3.12/site-packages/oslo_concurrency/lockutils.py:538}}
Apr 18 22:14:06.082720 np0000167623 devstack@neutron-api.service[104037]: DEBUG neutron.api.extensions [None req-040919f0-9d49-4cdb-987a-bab4f7030961 None None] get_extension_paths = OrderedDict({'/opt/stack/neutron/neutron/extensions': 1}) {{(pid=104037) get_extensions_path /opt/stack/neutron/neutron/api/extensions.py:640}}
Apr 18 22:14:06.082720 np0000167623 devstack@neutron-api.service[104037]: INFO neutron.api.extensions [None req-040919f0-9d49-4cdb-987a-bab4f7030961 None None] Initializing extension manager.
Apr 18 22:14:06.082720 np0000167623 devstack@neutron-api.service[104037]: DEBUG neutron.api.extensions [None req-040919f0-9d49-4cdb-987a-bab4f7030961 None None] Loading extension file: __init__.py {{(pid=104037) _load_all_extensions_from_path /opt/stack/neutron/neutron/api/extensions.py:449}}
Apr 18 22:14:06.082720 np0000167623 devstack@neutron-api.service[104037]: DEBUG neutron.api.extensions [None req-040919f0-9d49-4cdb-987a-bab4f7030961 None None] Loading extension file: __pycache__ {{(pid=104037) _load_all_extensions_from_path /opt/stack/neutron/neutron/api/extensions.py:449}}
Apr 18 22:14:06.082720 np0000167623 devstack@neutron-api.service[104037]: DEBUG neutron.api.extensions [None req-040919f0-9d49-4cdb-987a-bab4f7030961 None None] Loading extension file: address_group.py {{(pid=104037) _load_all_extensions_from_path /opt/stack/neutron/neutron/api/extensions.py:449}}
Apr 18 22:14:06.083390 np0000167623 devstack@neutron-api.service[104037]: DEBUG neutron.api.extensions [None req-040919f0-9d49-4cdb-987a-bab4f7030961 None None] Ext name="Address group" alias="address-group" description="Support address group" updated="2020-07-15T10:00:00-00:00" {{(pid=104037) _check_extension /opt/stack/neutron/neutron/api/extensions.py:415}}
Apr 18 22:14:06.083390 np0000167623 devstack@neutron-api.service[104037]: INFO neutron.api.extensions [None req-040919f0-9d49-4cdb-987a-bab4f7030961 None None] Loaded extension: address-group
Apr 18 22:14:06.083390 np0000167623 devstack@neutron-api.service[104037]: DEBUG neutron.api.extensions [None req-040919f0-9d49-4cdb-987a-bab4f7030961 None None] Loading extension file: address_scope.py {{(pid=104037) _load_all_extensions_from_path /opt/stack/neutron/neutron/api/extensions.py:449}}
Apr 18 22:14:06.083390 np0000167623 devstack@neutron-api.service[104037]: DEBUG neutron.api.extensions [None req-040919f0-9d49-4cdb-987a-bab4f7030961 None None] Ext name="Address scope" alias="address-scope" description="Address scopes extension." updated="2015-07-26T10:00:00-00:00" {{(pid=104037) _check_extension /opt/stack/neutron/neutron/api/extensions.py:415}}
Apr 18 22:14:06.083861 np0000167623 devstack@neutron-api.service[104037]: INFO neutron.api.extensions [None req-040919f0-9d49-4cdb-987a-bab4f7030961 None None] Loaded extension: address-scope
Apr 18 22:14:06.084480 np0000167623 devstack@neutron-api.service[104037]: DEBUG neutron.api.extensions [None req-040919f0-9d49-4cdb-987a-bab4f7030961 None None] Loading extension file: admin_state_down_before_update.py {{(pid=104037) _load_all_extensions_from_path /opt/stack/neutron/neutron/api/extensions.py:449}}
Apr 18 22:14:06.084480 np0000167623 devstack@neutron-api.service[104037]: DEBUG neutron.api.extensions [None req-040919f0-9d49-4cdb-987a-bab4f7030961 None None] Ext name="Enforce Router's Admin State Down Before Update Extension" alias="router-admin-state-down-before-update" description="Ensure that the admin state of a router is DOWN (admin_state_up=False) before updating the distributed attribute" updated="2019-07-02T15:56:00" {{(pid=104037) _check_extension /opt/stack/neutron/neutron/api/extensions.py:415}}
Apr 18 22:14:06.085096 np0000167623 devstack@neutron-api.service[104037]: INFO neutron.api.extensions [None req-040919f0-9d49-4cdb-987a-bab4f7030961 None None] Extension router-admin-state-down-before-update not supported by any of loaded plugins
Apr 18 22:14:06.085398 np0000167623 devstack@neutron-api.service[104037]: DEBUG neutron.api.extensions [None req-040919f0-9d49-4cdb-987a-bab4f7030961 None None] Loading extension file: agent.py {{(pid=104037) _load_all_extensions_from_path /opt/stack/neutron/neutron/api/extensions.py:449}}
Apr 18 22:14:06.086118 np0000167623 devstack@neutron-api.service[104037]: DEBUG neutron.api.extensions [None req-040919f0-9d49-4cdb-987a-bab4f7030961 None None] Ext name="agent" alias="agent" description="The agent management extension." updated="2013-02-03T10:00:00-00:00" {{(pid=104037) _check_extension /opt/stack/neutron/neutron/api/extensions.py:415}}
Apr 18 22:14:06.086369 np0000167623 devstack@neutron-api.service[104037]: INFO neutron.api.extensions [None req-040919f0-9d49-4cdb-987a-bab4f7030961 None None] Loaded extension: agent
Apr 18 22:14:06.086369 np0000167623 devstack@neutron-api.service[104037]: DEBUG neutron.api.extensions [None req-040919f0-9d49-4cdb-987a-bab4f7030961 None None] Loading extension file: agent_resources_synced.py {{(pid=104037) _load_all_extensions_from_path /opt/stack/neutron/neutron/api/extensions.py:449}}
Apr 18 22:14:06.086627 np0000167623 devstack@neutron-api.service[104037]: DEBUG neutron.api.extensions [None req-040919f0-9d49-4cdb-987a-bab4f7030961 None None] Ext name="Agent's Resource View Synced to Placement" alias="agent-resources-synced" description="Stores success/failure of last sync to Placement" updated="2018-12-19T00:00:00-00:00" {{(pid=104037) _check_extension /opt/stack/neutron/neutron/api/extensions.py:415}}
Apr 18 22:14:06.086894 np0000167623 devstack@neutron-api.service[104037]: INFO neutron.api.extensions [None req-040919f0-9d49-4cdb-987a-bab4f7030961 None None] Extension agent-resources-synced not supported by any of loaded plugins
Apr 18 22:14:06.087125 np0000167623 devstack@neutron-api.service[104037]: DEBUG neutron.api.extensions [None req-040919f0-9d49-4cdb-987a-bab4f7030961 None None] Loading extension file: allowedaddresspairs.py {{(pid=104037) _load_all_extensions_from_path /opt/stack/neutron/neutron/api/extensions.py:449}}
Apr 18 22:14:06.088029 np0000167623 devstack@neutron-api.service[104037]: DEBUG neutron.api.extensions [None req-040919f0-9d49-4cdb-987a-bab4f7030961 None None] Ext name="Allowed Address Pairs" alias="allowed-address-pairs" description="Provides allowed address pairs" updated="2013-07-23T10:00:00-00:00" {{(pid=104037) _check_extension /opt/stack/neutron/neutron/api/extensions.py:415}}
Apr 18 22:14:06.088340 np0000167623 devstack@neutron-api.service[104037]: INFO neutron.api.extensions [None req-040919f0-9d49-4cdb-987a-bab4f7030961 None None] Loaded extension: allowed-address-pairs
Apr 18 22:14:06.088340 np0000167623 devstack@neutron-api.service[104037]: DEBUG neutron.api.extensions [None req-040919f0-9d49-4cdb-987a-bab4f7030961 None None] Loading extension file: auto_allocated_topology.py {{(pid=104037) _load_all_extensions_from_path /opt/stack/neutron/neutron/api/extensions.py:449}}
Apr 18 22:14:06.088662 np0000167623 devstack@neutron-api.service[104037]: DEBUG neutron.api.extensions [None req-040919f0-9d49-4cdb-987a-bab4f7030961 None None] Ext name="Auto Allocated Topology Services" alias="auto-allocated-topology" description="Auto Allocated Topology Services." updated="2016-01-01T00:00:00-00:00" {{(pid=104037) _check_extension /opt/stack/neutron/neutron/api/extensions.py:415}}
Apr 18 22:14:06.088901 np0000167623 devstack@neutron-api.service[104037]: INFO neutron.api.extensions [None req-040919f0-9d49-4cdb-987a-bab4f7030961 None None] Loaded extension: auto-allocated-topology
