May 26 04:12:38.652818 np0000176389 devstack@neutron-api.service[103424]: DEBUG ovsdbapp.backend.ovs_idl [None req-30cfeccc-95ee-4045-a698-7a368195eedf None None] Created schema index HA_Chassis_Group.name {{(pid=103424) autocreate_indices /opt/stack/data/venv/lib/python3.12/site-packages/ovsdbapp/backend/ovs_idl/__init__.py:106}}
May 26 04:12:38.652818 np0000176389 devstack@neutron-api.service[103424]: DEBUG ovsdbapp.backend.ovs_idl [None req-30cfeccc-95ee-4045-a698-7a368195eedf None None] Created schema index Address_Set.name {{(pid=103424) autocreate_indices /opt/stack/data/venv/lib/python3.12/site-packages/ovsdbapp/backend/ovs_idl/__init__.py:106}}
May 26 04:12:38.652818 np0000176389 devstack@neutron-api.service[103424]: DEBUG ovsdbapp.backend.ovs_idl [None req-30cfeccc-95ee-4045-a698-7a368195eedf None None] Created schema index Connection.target {{(pid=103424) autocreate_indices /opt/stack/data/venv/lib/python3.12/site-packages/ovsdbapp/backend/ovs_idl/__init__.py:106}}
May 26 04:12:38.653211 np0000176389 devstack@neutron-api.service[103424]: DEBUG ovsdbapp.backend.ovs_idl [None req-30cfeccc-95ee-4045-a698-7a368195eedf None None] Created schema index Gateway_Chassis.name {{(pid=103424) autocreate_indices /opt/stack/data/venv/lib/python3.12/site-packages/ovsdbapp/backend/ovs_idl/__init__.py:106}}
May 26 04:12:38.653211 np0000176389 devstack@neutron-api.service[103424]: DEBUG ovsdbapp.backend.ovs_idl [None req-30cfeccc-95ee-4045-a698-7a368195eedf None None] Created schema index Mirror.name {{(pid=103424) autocreate_indices /opt/stack/data/venv/lib/python3.12/site-packages/ovsdbapp/backend/ovs_idl/__init__.py:106}}
May 26 04:12:38.653211 np0000176389 devstack@neutron-api.service[103424]: DEBUG ovsdbapp.backend.ovs_idl [None req-30cfeccc-95ee-4045-a698-7a368195eedf None None] Created schema index Chassis_Template_Var.chassis {{(pid=103424) autocreate_indices /opt/stack/data/venv/lib/python3.12/site-packages/ovsdbapp/backend/ovs_idl/__init__.py:106}}
May 26 04:12:38.653663 np0000176389 devstack@neutron-api.service[103424]: DEBUG ovsdbapp.backend.ovs_idl [None req-30cfeccc-95ee-4045-a698-7a368195eedf None None] Created schema index Logical_Router_Port.name {{(pid=103424) autocreate_indices /opt/stack/data/venv/lib/python3.12/site-packages/ovsdbapp/backend/ovs_idl/__init__.py:106}}
May 26 04:12:38.653663 np0000176389 devstack@neutron-api.service[103424]: DEBUG ovsdbapp.backend.ovs_idl [None req-30cfeccc-95ee-4045-a698-7a368195eedf None None] Created schema index Port_Group.name {{(pid=103424) autocreate_indices /opt/stack/data/venv/lib/python3.12/site-packages/ovsdbapp/backend/ovs_idl/__init__.py:106}}
May 26 04:12:38.653663 np0000176389 devstack@neutron-api.service[103424]: DEBUG ovsdbapp.backend.ovs_idl [None req-30cfeccc-95ee-4045-a698-7a368195eedf None None] Created schema index Logical_Switch_Port.name {{(pid=103424) autocreate_indices /opt/stack/data/venv/lib/python3.12/site-packages/ovsdbapp/backend/ovs_idl/__init__.py:106}}
May 26 04:12:38.657072 np0000176389 devstack@neutron-api.service[103424]: INFO ovsdbapp.backend.ovs_idl.vlog [None req-30cfeccc-95ee-4045-a698-7a368195eedf None None] ssl:199.204.45.109:6641: connecting...
May 26 04:12:38.657920 np0000176389 devstack@neutron-api.service[103423]: INFO ovsdbapp.backend.ovs_idl.vlog [None req-67c11b3e-b9ea-4203-be79-45ea6e080b2a None None] ssl:199.204.45.109:6642: connected
May 26 04:12:38.663011 np0000176389 devstack@neutron-api.service[103424]: INFO ovsdbapp.backend.ovs_idl.vlog [None req-30cfeccc-95ee-4045-a698-7a368195eedf None None] ssl:199.204.45.109:6641: connected
May 26 04:12:38.669732 np0000176389 devstack@neutron-api.service[103421]: DEBUG neutron.common.ovn.hash_ring_manager [None req-5a965cec-463c-4be7-961c-9619f65fa42a None None] Allow caching, nodes 4>=4 {{(pid=103421) _wait_startup_before_caching /opt/stack/neutron/neutron/common/ovn/hash_ring_manager.py:65}}
May 26 04:12:38.673424 np0000176389 devstack@neutron-api.service[103421]: DEBUG neutron.common.ovn.hash_ring_manager [None req-5a965cec-463c-4be7-961c-9619f65fa42a None None] Hash Ring loaded. 4 active nodes. 0 offline nodes {{(pid=103421) _load_hash_ring /opt/stack/neutron/neutron/common/ovn/hash_ring_manager.py:102}}
May 26 04:12:38.673502 np0000176389 devstack@neutron-api.service[103421]: DEBUG neutron.plugins.ml2.drivers.ovn.mech_driver.ovsdb.ovsdb_monitor [None req-5a965cec-463c-4be7-961c-9619f65fa42a None None] Hash Ring: Node d7da893b0cfd55aba995d4fcca8cd148 (host: np0000176389) handling event "create" for row 7f2cbb22-be58-473b-8819-7ac8c94b1f05 (table: Chassis) {{(pid=103421) notify /opt/stack/neutron/neutron/plugins/ml2/drivers/ovn/mech_driver/ovsdb/ovsdb_monitor.py:986}}
May 26 04:12:38.674214 np0000176389 devstack@neutron-api.service[103421]: DEBUG ovsdbapp.backend.ovs_idl.event [None req-5a965cec-463c-4be7-961c-9619f65fa42a None None] Matched CREATE: ChassisBandwidthConfigEvent(events=('create', 'update'), table='Chassis', conditions=None, old_conditions=None), priority=20 to row=Chassis(uuid=7f2cbb22-be58-473b-8819-7ac8c94b1f05, encaps=[64f6c007-f874-4b29-8de2-efcc085fdc99], external_ids={}, hostname='np0000176389', name='72f711b3-ee5d-41c1-896e-01a88492878c', nb_cfg=0, other_config={'ct-commit-nat-v2': 'true', 'ct-commit-to-zone': 'true', 'ct-next-zone': 'true', 'ct-no-masked-label': 'true', 'ct-state-save': 'true', 'datapath-type': 'system', 'fdb-timestamp': 'true', 'iface-types': 'afxdp,afxdp-nonpmd,bareudp,erspan,geneve,gre,gtpu,internal,ip6erspan,ip6gre,lisp,patch,srv6,stt,system,tap,vxlan', 'is-interconn': 'false', 'ls-dpg-column': 'true', 'mac-binding-timestamp': 'true', 'ovn-bridge-mappings': 'public:br-ex', 'ovn-chassis-mac-mappings': '', 'ovn-cms-options': 'enable-chassis-as-gw', 'ovn-ct-lb-related': 'true', 'ovn-enable-lflow-cache': 'true', 'ovn-limit-lflow-cache': '', 'ovn-memlimit-lflow-cache-kb': '', 'ovn-monitor-all': 'false', 'ovn-trim-limit-lflow-cache': '', 'ovn-trim-timeout-ms': '', 'ovn-trim-wmark-perc-lflow-cache': '', 'port-up-notif': 'true'}, transport_zones=[], vtep_logical_switches=[]) old= {{(pid=103421) matches /opt/stack/data/venv/lib/python3.12/site-packages/ovsdbapp/backend/ovs_idl/event.py:55}}
May 26 04:12:38.674701 np0000176389 devstack@neutron-api.service[103421]: DEBUG neutron.plugins.ml2.drivers.ovn.mech_driver.ovsdb.ovsdb_monitor [None req-5a965cec-463c-4be7-961c-9619f65fa42a None None] ChassisOVNAgentWriteEvent : Matched Chassis_Private, create, None None {{(pid=103421) matches /opt/stack/neutron/neutron/plugins/ml2/drivers/ovn/mech_driver/ovsdb/ovsdb_monitor.py:64}}
May 26 04:12:38.674814 np0000176389 devstack@neutron-api.service[103421]: DEBUG neutron.plugins.ml2.drivers.ovn.mech_driver.ovsdb.ovsdb_monitor [None req-5a965cec-463c-4be7-961c-9619f65fa42a None None] ChassisAgentWriteEvent : Matched Chassis_Private, create, None None {{(pid=103421) matches /opt/stack/neutron/neutron/plugins/ml2/drivers/ovn/mech_driver/ovsdb/ovsdb_monitor.py:64}}
May 26 04:12:38.676449 np0000176389 devstack@neutron-api.service[103421]: INFO neutron.plugins.ml2.drivers.ovn.mech_driver.mech_driver [None req-5a965cec-463c-4be7-961c-9619f65fa42a None None] WorkerService process has finished the post initialization
May 26 04:12:38.677356 np0000176389 devstack@neutron-api.service[103421]: INFO neutron.plugins.ml2.drivers.ovn.mech_driver.ovsdb.extensions.qos [-] Starting OVNClientQosExtension
May 26 04:12:38.677635 np0000176389 devstack@neutron-api.service[103421]: INFO neutron.plugins.ml2.drivers.ovn.mech_driver.ovsdb.extensions.placement [-] Starting OVNClientPlacementExtension
May 26 04:12:38.679708 np0000176389 devstack@neutron-api.service[103421]: WSGI app 0 (mountpoint='') ready in 7 seconds on interpreter 0x7c0afeaa3668 pid: 103421 (default app)
May 26 04:12:38.692675 np0000176389 devstack@neutron-api.service[103423]: DEBUG neutron.common.ovn.hash_ring_manager [None req-67c11b3e-b9ea-4203-be79-45ea6e080b2a None None] Allow caching, nodes 4>=4 {{(pid=103423) _wait_startup_before_caching /opt/stack/neutron/neutron/common/ovn/hash_ring_manager.py:65}}
May 26 04:12:38.698825 np0000176389 devstack@neutron-api.service[103423]: DEBUG neutron.common.ovn.hash_ring_manager [None req-67c11b3e-b9ea-4203-be79-45ea6e080b2a None None] Hash Ring loaded. 4 active nodes. 0 offline nodes {{(pid=103423) _load_hash_ring /opt/stack/neutron/neutron/common/ovn/hash_ring_manager.py:102}}
May 26 04:12:38.699091 np0000176389 devstack@neutron-api.service[103424]: DEBUG neutron.common.ovn.hash_ring_manager [None req-30cfeccc-95ee-4045-a698-7a368195eedf None None] Allow caching, nodes 4>=4 {{(pid=103424) _wait_startup_before_caching /opt/stack/neutron/neutron/common/ovn/hash_ring_manager.py:65}}
May 26 04:12:38.699183 np0000176389 devstack@neutron-api.service[103423]: DEBUG neutron.plugins.ml2.drivers.ovn.mech_driver.ovsdb.ovsdb_monitor [None req-67c11b3e-b9ea-4203-be79-45ea6e080b2a None None] ChassisAgentWriteEvent : Matched Chassis_Private, create, None None {{(pid=103423) matches /opt/stack/neutron/neutron/plugins/ml2/drivers/ovn/mech_driver/ovsdb/ovsdb_monitor.py:64}}
May 26 04:12:38.699406 np0000176389 devstack@neutron-api.service[103423]: DEBUG neutron.plugins.ml2.drivers.ovn.mech_driver.ovsdb.ovsdb_monitor [None req-67c11b3e-b9ea-4203-be79-45ea6e080b2a None None] ChassisOVNAgentWriteEvent : Matched Chassis_Private, create, None None {{(pid=103423) matches /opt/stack/neutron/neutron/plugins/ml2/drivers/ovn/mech_driver/ovsdb/ovsdb_monitor.py:64}}
May 26 04:12:38.702352 np0000176389 devstack@neutron-api.service[103423]: INFO neutron.plugins.ml2.drivers.ovn.mech_driver.mech_driver [None req-67c11b3e-b9ea-4203-be79-45ea6e080b2a None None] WorkerService process has finished the post initialization
May 26 04:12:38.704147 np0000176389 devstack@neutron-api.service[103423]: WSGI app 0 (mountpoint='') ready in 7 seconds on interpreter 0x7c0afeaa3668 pid: 103423 (default app)
May 26 04:12:38.704974 np0000176389 devstack@neutron-api.service[103424]: DEBUG neutron.common.ovn.hash_ring_manager [None req-30cfeccc-95ee-4045-a698-7a368195eedf None None] Hash Ring loaded. 4 active nodes. 0 offline nodes {{(pid=103424) _load_hash_ring /opt/stack/neutron/neutron/common/ovn/hash_ring_manager.py:102}}
May 26 04:12:38.706623 np0000176389 devstack@neutron-api.service[103424]: INFO neutron.plugins.ml2.drivers.ovn.mech_driver.ovsdb.impl_idl_ovn [None req-30cfeccc-95ee-4045-a698-7a368195eedf None None] Getting OvsdbSbOvnIdl for WorkerService with retry
May 26 04:12:38.719214 np0000176389 devstack@neutron-api.service[103422]: [pid: 103422|app: 0|req: 1/1] 199.204.45.109 () {62 vars in 988 bytes} [Tue May 26 04:12:38 2026] GET /networking => generated 130 bytes in 5 msecs (HTTP/1.1 200) 3 headers in 91 bytes (1 switches on core 0)
May 26 04:12:38.742843 np0000176389 devstack@neutron-api.service[103424]: DEBUG ovsdbapp.backend.ovs_idl [None req-30cfeccc-95ee-4045-a698-7a368195eedf None None] Created lookup_table index Chassis.name {{(pid=103424) autocreate_indices /opt/stack/data/venv/lib/python3.12/site-packages/ovsdbapp/backend/ovs_idl/__init__.py:87}}
May 26 04:12:38.742979 np0000176389 devstack@neutron-api.service[103424]: DEBUG ovsdbapp.backend.ovs_idl [None req-30cfeccc-95ee-4045-a698-7a368195eedf None None] Created lookup_table index Port_Binding.logical_port {{(pid=103424) autocreate_indices /opt/stack/data/venv/lib/python3.12/site-packages/ovsdbapp/backend/ovs_idl/__init__.py:87}}
May 26 04:12:38.743024 np0000176389 devstack@neutron-api.service[103424]: DEBUG ovsdbapp.backend.ovs_idl [None req-30cfeccc-95ee-4045-a698-7a368195eedf None None] Created schema index Chassis_Private.name {{(pid=103424) autocreate_indices /opt/stack/data/venv/lib/python3.12/site-packages/ovsdbapp/backend/ovs_idl/__init__.py:106}}
May 26 04:12:38.743100 np0000176389 devstack@neutron-api.service[103424]: DEBUG ovsdbapp.backend.ovs_idl [None req-30cfeccc-95ee-4045-a698-7a368195eedf None None] Created schema index Datapath_Binding.tunnel_key {{(pid=103424) autocreate_indices /opt/stack/data/venv/lib/python3.12/site-packages/ovsdbapp/backend/ovs_idl/__init__.py:106}}
May 26 04:12:38.745782 np0000176389 devstack@neutron-api.service[103424]: INFO ovsdbapp.backend.ovs_idl.vlog [None req-30cfeccc-95ee-4045-a698-7a368195eedf None None] ssl:199.204.45.109:6642: connecting...
May 26 04:12:38.750828 np0000176389 devstack@neutron-api.service[103424]: INFO ovsdbapp.backend.ovs_idl.vlog [None req-30cfeccc-95ee-4045-a698-7a368195eedf None None] ssl:199.204.45.109:6642: connected
May 26 04:12:38.782000 np0000176389 devstack@neutron-api.service[103424]: DEBUG neutron.common.ovn.hash_ring_manager [None req-30cfeccc-95ee-4045-a698-7a368195eedf None None] Allow caching, nodes 4>=4 {{(pid=103424) _wait_startup_before_caching /opt/stack/neutron/neutron/common/ovn/hash_ring_manager.py:65}}
May 26 04:12:38.786903 np0000176389 devstack@neutron-api.service[103424]: DEBUG neutron.common.ovn.hash_ring_manager [None req-30cfeccc-95ee-4045-a698-7a368195eedf None None] Hash Ring loaded. 4 active nodes. 0 offline nodes {{(pid=103424) _load_hash_ring /opt/stack/neutron/neutron/common/ovn/hash_ring_manager.py:102}}
May 26 04:12:38.787143 np0000176389 devstack@neutron-api.service[103424]: DEBUG neutron.plugins.ml2.drivers.ovn.mech_driver.ovsdb.ovsdb_monitor [None req-30cfeccc-95ee-4045-a698-7a368195eedf None None] ChassisAgentWriteEvent : Matched Chassis_Private, create, None None {{(pid=103424) matches /opt/stack/neutron/neutron/plugins/ml2/drivers/ovn/mech_driver/ovsdb/ovsdb_monitor.py:64}}
May 26 04:12:38.787366 np0000176389 devstack@neutron-api.service[103424]: DEBUG neutron.plugins.ml2.drivers.ovn.mech_driver.ovsdb.ovsdb_monitor [None req-30cfeccc-95ee-4045-a698-7a368195eedf None None] ChassisOVNAgentWriteEvent : Matched Chassis_Private, create, None None {{(pid=103424) matches /opt/stack/neutron/neutron/plugins/ml2/drivers/ovn/mech_driver/ovsdb/ovsdb_monitor.py:64}}
May 26 04:12:38.790552 np0000176389 devstack@neutron-api.service[103424]: INFO neutron.plugins.ml2.drivers.ovn.mech_driver.mech_driver [None req-30cfeccc-95ee-4045-a698-7a368195eedf None None] WorkerService process has finished the post initialization
May 26 04:12:38.792588 np0000176389 devstack@neutron-api.service[103424]: WSGI app 0 (mountpoint='') ready in 7 seconds on interpreter 0x7c0afeaa3668 pid: 103424 (default app)
May 26 04:12:39.997296 np0000176389 devstack@neutron-api.service[103421]: DEBUG neutron.plugins.ml2.drivers.ovn.mech_driver.ovsdb.ovsdb_monitor [-] Hash Ring: Node d7da893b0cfd55aba995d4fcca8cd148 (host: np0000176389) handling event "update" for row ce183347-a68f-4bf5-b858-ee7c7bc6b201 (table: Connection) {{(pid=103421) notify /opt/stack/neutron/neutron/plugins/ml2/drivers/ovn/mech_driver/ovsdb/ovsdb_monitor.py:986}}
May 26 04:12:39.999204 np0000176389 devstack@neutron-api.service[103422]: DEBUG neutron.common.ovn.hash_ring_manager [-] Allow caching, nodes 4>=4 {{(pid=103422) _wait_startup_before_caching /opt/stack/neutron/neutron/common/ovn/hash_ring_manager.py:65}}
May 26 04:12:39.999632 np0000176389 devstack@neutron-api.service[103422]: DEBUG neutron.plugins.ml2.drivers.ovn.mech_driver.ovsdb.ovsdb_monitor [-] Hash Ring: Node 95c5ae487d7f53da939d1fd75fda4c96 (host: np0000176389) handling event "update" for row ce183347-a68f-4bf5-b858-ee7c7bc6b201 (table: Connection) {{(pid=103422) notify /opt/stack/neutron/neutron/plugins/ml2/drivers/ovn/mech_driver/ovsdb/ovsdb_monitor.py:986}}
May 26 04:12:42.496157 np0000176389 devstack@neutron-api.service[103422]: DEBUG neutron.plugins.ml2.drivers.ovn.mech_driver.ovsdb.ovsdb_monitor [-] Hash Ring: Node 95c5ae487d7f53da939d1fd75fda4c96 (host: np0000176389) handling event "update" for row ce183347-a68f-4bf5-b858-ee7c7bc6b201 (table: Connection) {{(pid=103422) notify /opt/stack/neutron/neutron/plugins/ml2/drivers/ovn/mech_driver/ovsdb/ovsdb_monitor.py:986}}
May 26 04:12:42.497994 np0000176389 devstack@neutron-api.service[103421]: DEBUG neutron.plugins.ml2.drivers.ovn.mech_driver.ovsdb.ovsdb_monitor [-] Hash Ring: Node d7da893b0cfd55aba995d4fcca8cd148 (host: np0000176389) handling event "update" for row ce183347-a68f-4bf5-b858-ee7c7bc6b201 (table: Connection) {{(pid=103421) notify /opt/stack/neutron/neutron/plugins/ml2/drivers/ovn/mech_driver/ovsdb/ovsdb_monitor.py:986}}
May 26 04:12:45.318376 np0000176389 devstack@neutron-api.service[103421]: DEBUG neutron.api.wsgi [None req-eede2583-468e-446f-9c56-ce230a23ecc7 admin admin] Missing Content-Type {{(pid=103421) get_content_type /opt/stack/neutron/neutron/api/wsgi.py:80}}
May 26 04:12:45.319358 np0000176389 devstack@neutron-api.service[103421]: DEBUG neutron.api.wsgi [None req-eede2583-468e-446f-9c56-ce230a23ecc7 admin admin] https://199.204.45.109/networking/v2.0/extensions returned with HTTP 200 {{(pid=103421) __call__ /opt/stack/neutron/neutron/api/wsgi.py:540}}
May 26 04:12:45.319358 np0000176389 devstack@neutron-api.service[103421]: [pid: 103421|app: 0|req: 1/2] 199.204.45.109 () {64 vars in 1323 bytes} [Tue May 26 04:12:45 2026] GET /networking/v2.0/extensions => generated 15209 bytes in 284 msecs (HTTP/1.1 200) 4 headers in 159 bytes (1 switches on core 0)
May 26 04:12:45.745150 np0000176389 devstack@neutron-api.service[103423]: DEBUG neutron.api.v2.base [None req-1b5bd1b7-460c-4132-8fe2-97aa8f060f88 admin admin] Request body: {'subnetpool': {'prefixes': ['10.1.0.0/20'], 'name': 'shared-default-subnetpool-v4', 'shared': True, 'is_default': True, 'default_prefixlen': 26}} {{(pid=103423) prepare_request_body /opt/stack/neutron/neutron/api/v2/base.py:727}}
May 26 04:12:45.987140 np0000176389 devstack@neutron-api.service[103423]: DEBUG neutron.policy [None req-1b5bd1b7-460c-4132-8fe2-97aa8f060f88 admin admin] Loaded default policies from ['neutron'] under neutron.policies entry points {{(pid=103423) register_rules /opt/stack/neutron/neutron/policy.py:65}}
May 26 04:12:46.156884 np0000176389 devstack@neutron-api.service[103423]: DEBUG neutron_lib.callbacks.manager [None req-1b5bd1b7-460c-4132-8fe2-97aa8f060f88 admin admin] Publish callbacks ['neutron.objects.securitygroup.RbacNeutronDbObjectMixin.validate_rbac_policy_change-2518140709437', 'neutron.objects.address_group.RbacNeutronDbObjectMixin.validate_rbac_policy_change-2518140667316', 'neutron.objects.network.RbacNeutronDbObjectMixin.validate_rbac_policy_change-2518142586373', 'neutron.objects.qos.policy.RbacNeutronDbObjectMixin.validate_rbac_policy_change-2518142583552', 'neutron.objects.subnetpool.RbacNeutronDbObjectMixin.validate_rbac_policy_change-2518142552934', 'neutron.objects.address_scope.RbacNeutronDbObjectMixin.validate_rbac_policy_change-2518142550201', 'neutron.plugins.ml2.plugin.External_net_db_mixin._process_ext_policy_create-15545870', 'neutron.plugins.ml2.plugin.NeutronDbPluginV2.validate_network_rbac_policy_change-15542192'] for rbac-policy (None), before_create {{(pid=103423) _notify_loop /opt/stack/data/venv/lib/python3.12/site-packages/neutron_lib/callbacks/manager.py:184}}
May 26 04:12:46.213230 np0000176389 devstack@neutron-api.service[103423]: DEBUG neutron_lib.callbacks.manager [None req-1b5bd1b7-460c-4132-8fe2-97aa8f060f88 admin admin] Publish callbacks [] for subnetpool (None), before_response {{(pid=103423) _notify_loop /opt/stack/data/venv/lib/python3.12/site-packages/neutron_lib/callbacks/manager.py:184}}
May 26 04:12:46.213880 np0000176389 devstack@neutron-api.service[103423]: [pid: 103423|app: 0|req: 1/3] 199.204.45.109 () {68 vars in 1367 bytes} [Tue May 26 04:12:45 2026] POST /networking/v2.0/subnetpools => generated 533 bytes in 580 msecs (HTTP/1.1 201) 4 headers in 162 bytes (1 switches on core 0)
May 26 04:12:46.833951 np0000176389 devstack@neutron-api.service[103422]: DEBUG neutron.api.v2.base [None req-30d3d1ea-43ff-4d1b-b7f3-52f9d8453f67 admin admin] Request body: {'subnetpool': {'prefixes': ['fd16:a1b4:2e11::/56'], 'name': 'shared-default-subnetpool-v6', 'shared': True, 'is_default': True, 'default_prefixlen': 64}} {{(pid=103422) prepare_request_body /opt/stack/neutron/neutron/api/v2/base.py:727}}
May 26 04:12:47.030418 np0000176389 devstack@neutron-api.service[103422]: DEBUG neutron.policy [None req-30d3d1ea-43ff-4d1b-b7f3-52f9d8453f67 admin admin] Loaded default policies from ['neutron'] under neutron.policies entry points {{(pid=103422) register_rules /opt/stack/neutron/neutron/policy.py:65}}
May 26 04:12:47.188677 np0000176389 devstack@neutron-api.service[103422]: DEBUG neutron_lib.callbacks.manager [None req-30d3d1ea-43ff-4d1b-b7f3-52f9d8453f67 admin admin] Publish callbacks ['neutron.objects.securitygroup.RbacNeutronDbObjectMixin.validate_rbac_policy_change-2518140709437', 'neutron.objects.address_group.RbacNeutronDbObjectMixin.validate_rbac_policy_change-2518140667316', 'neutron.objects.network.RbacNeutronDbObjectMixin.validate_rbac_policy_change-2518142586373', 'neutron.objects.qos.policy.RbacNeutronDbObjectMixin.validate_rbac_policy_change-2518142583552', 'neutron.objects.subnetpool.RbacNeutronDbObjectMixin.validate_rbac_policy_change-2518142552934', 'neutron.objects.address_scope.RbacNeutronDbObjectMixin.validate_rbac_policy_change-2518142550201', 'neutron.plugins.ml2.plugin.External_net_db_mixin._process_ext_policy_create-15548002', 'neutron.plugins.ml2.plugin.NeutronDbPluginV2.validate_network_rbac_policy_change-15552014'] for rbac-policy (None), before_create {{(pid=103422) _notify_loop /opt/stack/data/venv/lib/python3.12/site-packages/neutron_lib/callbacks/manager.py:184}}
May 26 04:12:47.238545 np0000176389 devstack@neutron-api.service[103422]: DEBUG neutron_lib.callbacks.manager [None req-30d3d1ea-43ff-4d1b-b7f3-52f9d8453f67 admin admin] Publish callbacks [] for subnetpool (None), before_response {{(pid=103422) _notify_loop /opt/stack/data/venv/lib/python3.12/site-packages/neutron_lib/callbacks/manager.py:184}}
May 26 04:12:47.239234 np0000176389 devstack@neutron-api.service[103422]: [pid: 103422|app: 0|req: 2/4] 199.204.45.109 () {68 vars in 1367 bytes} [Tue May 26 04:12:46 2026] POST /networking/v2.0/subnetpools => generated 543 bytes in 787 msecs (HTTP/1.1 201) 4 headers in 162 bytes (1 switches on core 0)
May 26 04:12:47.715488 np0000176389 devstack@neutron-api.service[103424]: DEBUG neutron.api.v2.base [None req-44030bfc-0726-4f00-beb6-30fb37d6b801 admin admin] Request body: {'network': {'admin_state_up': True, 'name': 'private'}} {{(pid=103424) prepare_request_body /opt/stack/neutron/neutron/api/v2/base.py:727}}
May 26 04:12:47.758198 np0000176389 devstack@neutron-api.service[103424]: DEBUG neutron.pecan_wsgi.hooks.quota_enforcement [None req-44030bfc-0726-4f00-beb6-30fb37d6b801 admin admin] Made reservation on behalf of 941d0e4d409e45babd1260bc28e54083 for: {'network': 1} {{(pid=103424) before /opt/stack/neutron/neutron/pecan_wsgi/hooks/quota_enforcement.py:66}}
May 26 04:12:47.976231 np0000176389 devstack@neutron-api.service[103424]: DEBUG neutron.policy [None req-44030bfc-0726-4f00-beb6-30fb37d6b801 admin admin] Loaded default policies from ['neutron'] under neutron.policies entry points {{(pid=103424) register_rules /opt/stack/neutron/neutron/policy.py:65}}
May 26 04:12:48.087827 np0000176389 devstack@neutron-api.service[103424]: DEBUG neutron_lib.callbacks.manager [None req-44030bfc-0726-4f00-beb6-30fb37d6b801 admin admin] Publish callbacks ['neutron.plugins.ml2.plugin.SecurityGroupDbMixin._ensure_default_security_group_handler-16601094'] for network (None), before_create {{(pid=103424) _notify_loop /opt/stack/data/venv/lib/python3.12/site-packages/neutron_lib/callbacks/manager.py:184}}
May 26 04:12:48.113618 np0000176389 devstack@neutron-api.service[103424]: DEBUG neutron_lib.callbacks.manager [None req-44030bfc-0726-4f00-beb6-30fb37d6b801 admin admin] Publish callbacks [] for security_group (None), before_create {{(pid=103424) _notify_loop /opt/stack/data/venv/lib/python3.12/site-packages/neutron_lib/callbacks/manager.py:184}}
May 26 04:12:48.239926 np0000176389 devstack@neutron-api.service[103424]: DEBUG neutron_lib.callbacks.manager [None req-44030bfc-0726-4f00-beb6-30fb37d6b801 admin admin] Publish callbacks ['neutron.plugins.ml2.drivers.ovn.mech_driver.mech_driver.OVNMechanismDriver._create_security_group_precommit-312173'] for security_group (a40533e5-96bc-4812-b1f1-64eecb7c85b3), precommit_create {{(pid=103424) _notify_loop /opt/stack/data/venv/lib/python3.12/site-packages/neutron_lib/callbacks/manager.py:184}}
May 26 04:12:48.239926 np0000176389 devstack@neutron-api.service[103424]: DEBUG neutron.db.ovn_revision_numbers_db [None req-44030bfc-0726-4f00-beb6-30fb37d6b801 admin admin] create_initial_revision uuid=a40533e5-96bc-4812-b1f1-64eecb7c85b3, type=security_groups, rev=-1 {{(pid=103424) create_initial_revision /opt/stack/neutron/neutron/db/ovn_revision_numbers_db.py:98}}
May 26 04:12:48.242876 np0000176389 devstack@neutron-api.service[103424]: DEBUG neutron.db.ovn_revision_numbers_db [None req-44030bfc-0726-4f00-beb6-30fb37d6b801 admin admin] create_initial_revision uuid=855ddb59-2686-422f-a027-e13aa48540fe, type=security_group_rules, rev=-1 {{(pid=103424) create_initial_revision /opt/stack/neutron/neutron/db/ovn_revision_numbers_db.py:98}}
May 26 04:12:48.244063 np0000176389 devstack@neutron-api.service[103424]: DEBUG neutron.db.ovn_revision_numbers_db [None req-44030bfc-0726-4f00-beb6-30fb37d6b801 admin admin] create_initial_revision uuid=c2984b2c-4212-4a22-9fff-2d93c4c5867a, type=security_group_rules, rev=-1 {{(pid=103424) create_initial_revision /opt/stack/neutron/neutron/db/ovn_revision_numbers_db.py:98}}
May 26 04:12:48.245152 np0000176389 devstack@neutron-api.service[103424]: DEBUG neutron.db.ovn_revision_numbers_db [None req-44030bfc-0726-4f00-beb6-30fb37d6b801 admin admin] create_initial_revision uuid=d9e5d95c-c13b-4dfd-96bb-070fa773f6c4, type=security_group_rules, rev=-1 {{(pid=103424) create_initial_revision /opt/stack/neutron/neutron/db/ovn_revision_numbers_db.py:98}}
May 26 04:12:48.246281 np0000176389 devstack@neutron-api.service[103424]: DEBUG neutron.db.ovn_revision_numbers_db [None req-44030bfc-0726-4f00-beb6-30fb37d6b801 admin admin] create_initial_revision uuid=e99d55bc-ac1c-44bd-bb89-8b3d7951b538, type=security_group_rules, rev=-1 {{(pid=103424) create_initial_revision /opt/stack/neutron/neutron/db/ovn_revision_numbers_db.py:98}}
May 26 04:12:48.253874 np0000176389 devstack@neutron-api.service[103424]: DEBUG neutron_lib.callbacks.manager [None req-44030bfc-0726-4f00-beb6-30fb37d6b801 admin admin] Publish callbacks ['neutron.plugins.ml2.drivers.ovn.mech_driver.mech_driver.OVNMechanismDriver._create_security_group-312083', 'neutron.plugins.ml2.ovo_rpc._ObjectChangeHandler.handle_event-2042213'] for security_group (a40533e5-96bc-4812-b1f1-64eecb7c85b3), after_create {{(pid=103424) _notify_loop /opt/stack/data/venv/lib/python3.12/site-packages/neutron_lib/callbacks/manager.py:184}}
May 26 04:12:48.254230 np0000176389 devstack@neutron-api.service[103424]: INFO neutron.plugins.ml2.drivers.ovn.mech_driver.ovsdb.extensions.qos [None req-44030bfc-0726-4f00-beb6-30fb37d6b801 admin admin] Starting OVNClientQosExtension
May 26 04:12:48.254474 np0000176389 devstack@neutron-api.service[103424]: INFO neutron.plugins.ml2.drivers.ovn.mech_driver.ovsdb.extensions.placement [None req-44030bfc-0726-4f00-beb6-30fb37d6b801 admin admin] Starting OVNClientPlacementExtension
May 26 04:12:48.256248 np0000176389 devstack@neutron-api.service[103424]: DEBUG ovsdbapp.backend.ovs_idl.transaction [-] Running txn n=1 command(idx=0): PgAddCommand(_result=None, name=pg_a40533e5_96bc_4812_b1f1_64eecb7c85b3, may_exist=False, columns={'acls': [], 'external_ids': {'neutron:security_group_id': 'a40533e5-96bc-4812-b1f1-64eecb7c85b3'}}) {{(pid=103424) do_commit /opt/stack/data/venv/lib/python3.12/site-packages/ovsdbapp/backend/ovs_idl/transaction.py:89}}
May 26 04:12:48.258049 np0000176389 devstack@neutron-api.service[103424]: DEBUG ovsdbapp.backend.ovs_idl.transaction [-] Running txn n=1 command(idx=1): PgAclAddCommand(_result=None, entity=pg_a40533e5_96bc_4812_b1f1_64eecb7c85b3, direction=to-lport, priority=1002, match=outport == @pg_a40533e5_96bc_4812_b1f1_64eecb7c85b3 && ip6 && ip6.src == $pg_a40533e5_96bc_4812_b1f1_64eecb7c85b3_ip6, action=allow-related, log=False, may_exist=True, severity=[], name=[], meter=[], external_ids={'neutron:security_group_rule_id': '855ddb59-2686-422f-a027-e13aa48540fe'}) {{(pid=103424) do_commit /opt/stack/data/venv/lib/python3.12/site-packages/ovsdbapp/backend/ovs_idl/transaction.py:89}}
May 26 04:12:48.258467 np0000176389 devstack@neutron-api.service[103424]: DEBUG ovsdbapp.backend.ovs_idl.transaction [-] Running txn n=1 command(idx=2): PgAclAddCommand(_result=None, entity=pg_a40533e5_96bc_4812_b1f1_64eecb7c85b3, direction=from-lport, priority=1002, match=inport == @pg_a40533e5_96bc_4812_b1f1_64eecb7c85b3 && ip6, action=allow-related, log=False, may_exist=True, severity=[], name=[], meter=[], external_ids={'neutron:security_group_rule_id': 'c2984b2c-4212-4a22-9fff-2d93c4c5867a'}) {{(pid=103424) do_commit /opt/stack/data/venv/lib/python3.12/site-packages/ovsdbapp/backend/ovs_idl/transaction.py:89}}
May 26 04:12:48.258789 np0000176389 devstack@neutron-api.service[103424]: DEBUG ovsdbapp.backend.ovs_idl.transaction [-] Running txn n=1 command(idx=3): PgAclAddCommand(_result=None, entity=pg_a40533e5_96bc_4812_b1f1_64eecb7c85b3, direction=from-lport, priority=1002, match=inport == @pg_a40533e5_96bc_4812_b1f1_64eecb7c85b3 && ip4, action=allow-related, log=False, may_exist=True, severity=[], name=[], meter=[], external_ids={'neutron:security_group_rule_id': 'd9e5d95c-c13b-4dfd-96bb-070fa773f6c4'}) {{(pid=103424) do_commit /opt/stack/data/venv/lib/python3.12/site-packages/ovsdbapp/backend/ovs_idl/transaction.py:89}}
May 26 04:12:48.259080 np0000176389 devstack@neutron-api.service[103424]: DEBUG ovsdbapp.backend.ovs_idl.transaction [-] Running txn n=1 command(idx=4): PgAclAddCommand(_result=None, entity=pg_a40533e5_96bc_4812_b1f1_64eecb7c85b3, direction=to-lport, priority=1002, match=outport == @pg_a40533e5_96bc_4812_b1f1_64eecb7c85b3 && ip4 && ip4.src == $pg_a40533e5_96bc_4812_b1f1_64eecb7c85b3_ip4, action=allow-related, log=False, may_exist=True, severity=[], name=[], meter=[], external_ids={'neutron:security_group_rule_id': 'e99d55bc-ac1c-44bd-bb89-8b3d7951b538'}) {{(pid=103424) do_commit /opt/stack/data/venv/lib/python3.12/site-packages/ovsdbapp/backend/ovs_idl/transaction.py:89}}
May 26 04:12:48.266372 np0000176389 devstack@neutron-api.service[103421]: DEBUG neutron.plugins.ml2.drivers.ovn.mech_driver.ovsdb.ovsdb_monitor [-] Hash Ring: Node d7da893b0cfd55aba995d4fcca8cd148 (host: np0000176389) handling event "create" for row 7161f8a2-a5ee-457d-8fbe-2a9eb8414eab (table: ACL) {{(pid=103421) notify /opt/stack/neutron/neutron/plugins/ml2/drivers/ovn/mech_driver/ovsdb/ovsdb_monitor.py:986}}
May 26 04:12:48.267207 np0000176389 devstack@neutron-api.service[103421]: DEBUG neutron.plugins.ml2.drivers.ovn.mech_driver.ovsdb.ovsdb_monitor [-] Hash Ring: Node d7da893b0cfd55aba995d4fcca8cd148 (host: np0000176389) handling event "create" for row 6831b0fc-03aa-46be-a01b-ca4e102baedf (table: Port_Group) {{(pid=103421) notify /opt/stack/neutron/neutron/plugins/ml2/drivers/ovn/mech_driver/ovsdb/ovsdb_monitor.py:986}}
May 26 04:12:48.268169 np0000176389 devstack@neutron-api.service[103422]: DEBUG neutron.plugins.ml2.drivers.ovn.mech_driver.ovsdb.ovsdb_monitor [-] Hash Ring: Node 95c5ae487d7f53da939d1fd75fda4c96 (host: np0000176389) handling event "create" for row 7161f8a2-a5ee-457d-8fbe-2a9eb8414eab (table: ACL) {{(pid=103422) notify /opt/stack/neutron/neutron/plugins/ml2/drivers/ovn/mech_driver/ovsdb/ovsdb_monitor.py:986}}
May 26 04:12:48.268612 np0000176389 devstack@neutron-api.service[103422]: DEBUG neutron.plugins.ml2.drivers.ovn.mech_driver.ovsdb.ovsdb_monitor [-] Hash Ring: Node 95c5ae487d7f53da939d1fd75fda4c96 (host: np0000176389) handling event "create" for row 94cd9510-b9bd-42a4-8565-efc7386e5d90 (table: ACL) {{(pid=103422) notify /opt/stack/neutron/neutron/plugins/ml2/drivers/ovn/mech_driver/ovsdb/ovsdb_monitor.py:986}}
May 26 04:12:48.268783 np0000176389 devstack@neutron-api.service[103423]: DEBUG neutron.plugins.ml2.drivers.ovn.mech_driver.ovsdb.ovsdb_monitor [-] Hash Ring: Node 37bdc6ff928b5e1f8402ddd338850b2e (host: np0000176389) handling event "create" for row 94cd9510-b9bd-42a4-8565-efc7386e5d90 (table: ACL) {{(pid=103423) notify /opt/stack/neutron/neutron/plugins/ml2/drivers/ovn/mech_driver/ovsdb/ovsdb_monitor.py:986}}
May 26 04:12:48.269410 np0000176389 devstack@neutron-api.service[103422]: DEBUG neutron.plugins.ml2.drivers.ovn.mech_driver.ovsdb.ovsdb_monitor [-] Hash Ring: Node 95c5ae487d7f53da939d1fd75fda4c96 (host: np0000176389) handling event "create" for row b3e05874-6943-448d-b941-01fa604fc96e (table: ACL) {{(pid=103422) notify /opt/stack/neutron/neutron/plugins/ml2/drivers/ovn/mech_driver/ovsdb/ovsdb_monitor.py:986}}
May 26 04:12:48.269580 np0000176389 devstack@neutron-api.service[103423]: DEBUG neutron.plugins.ml2.drivers.ovn.mech_driver.ovsdb.ovsdb_monitor [-] Hash Ring: Node 37bdc6ff928b5e1f8402ddd338850b2e (host: np0000176389) handling event "create" for row b3e05874-6943-448d-b941-01fa604fc96e (table: ACL) {{(pid=103423) notify /opt/stack/neutron/neutron/plugins/ml2/drivers/ovn/mech_driver/ovsdb/ovsdb_monitor.py:986}}
May 26 04:12:48.269656 np0000176389 devstack@neutron-api.service[103422]: DEBUG neutron.plugins.ml2.drivers.ovn.mech_driver.ovsdb.ovsdb_monitor [-] Hash Ring: Node 95c5ae487d7f53da939d1fd75fda4c96 (host: np0000176389) handling event "create" for row f52ad459-24bd-4d8b-96f7-04a11510bc77 (table: ACL) {{(pid=103422) notify /opt/stack/neutron/neutron/plugins/ml2/drivers/ovn/mech_driver/ovsdb/ovsdb_monitor.py:986}}
May 26 04:12:48.270601 np0000176389 devstack@neutron-api.service[103423]: DEBUG neutron.plugins.ml2.drivers.ovn.mech_driver.ovsdb.ovsdb_monitor [-] Hash Ring: Node 37bdc6ff928b5e1f8402ddd338850b2e (host: np0000176389) handling event "create" for row f52ad459-24bd-4d8b-96f7-04a11510bc77 (table: ACL) {{(pid=103423) notify /opt/stack/neutron/neutron/plugins/ml2/drivers/ovn/mech_driver/ovsdb/ovsdb_monitor.py:986}}
May 26 04:12:48.270877 np0000176389 devstack@neutron-api.service[103422]: DEBUG neutron.plugins.ml2.drivers.ovn.mech_driver.ovsdb.ovsdb_monitor [-] Hash Ring: Node 95c5ae487d7f53da939d1fd75fda4c96 (host: np0000176389) handling event "create" for row 6831b0fc-03aa-46be-a01b-ca4e102baedf (table: Port_Group) {{(pid=103422) notify /opt/stack/neutron/neutron/plugins/ml2/drivers/ovn/mech_driver/ovsdb/ovsdb_monitor.py:986}}
May 26 04:12:48.303333 np0000176389 devstack@neutron-api.service[103424]: INFO neutron.db.ovn_revision_numbers_db [None req-44030bfc-0726-4f00-beb6-30fb37d6b801 admin admin] Successfully bumped revision number for resource a40533e5-96bc-4812-b1f1-64eecb7c85b3 (type: security_groups) to 1
May 26 04:12:48.321368 np0000176389 devstack@neutron-api.service[103424]: INFO neutron.db.ovn_revision_numbers_db [None req-44030bfc-0726-4f00-beb6-30fb37d6b801 admin admin] Successfully bumped revision number for resource 855ddb59-2686-422f-a027-e13aa48540fe (type: security_group_rules) to 0
May 26 04:12:48.336196 np0000176389 devstack@neutron-api.service[103424]: INFO neutron.db.ovn_revision_numbers_db [None req-44030bfc-0726-4f00-beb6-30fb37d6b801 admin admin] Successfully bumped revision number for resource c2984b2c-4212-4a22-9fff-2d93c4c5867a (type: security_group_rules) to 0
May 26 04:12:48.353442 np0000176389 devstack@neutron-api.service[103424]: INFO neutron.db.ovn_revision_numbers_db [None req-44030bfc-0726-4f00-beb6-30fb37d6b801 admin admin] Successfully bumped revision number for resource d9e5d95c-c13b-4dfd-96bb-070fa773f6c4 (type: security_group_rules) to 0
May 26 04:12:48.372132 np0000176389 devstack@neutron-api.service[103424]: INFO neutron.db.ovn_revision_numbers_db [None req-44030bfc-0726-4f00-beb6-30fb37d6b801 admin admin] Successfully bumped revision number for resource e99d55bc-ac1c-44bd-bb89-8b3d7951b538 (type: security_group_rules) to 0
May 26 04:12:48.414522 np0000176389 devstack@neutron-api.service[103424]: DEBUG neutron.api.rpc.handlers.resources_rpc [None req-44030bfc-0726-4f00-beb6-30fb37d6b801 admin admin] Pushing event updated for resources: {'SecurityGroup': ['ID=a40533e5-96bc-4812-b1f1-64eecb7c85b3,revision_number=1']} {{(pid=103424) push /opt/stack/neutron/neutron/api/rpc/handlers/resources_rpc.py:237}}
May 26 04:12:48.424757 np0000176389 devstack@neutron-api.service[103424]: DEBUG ovsdbapp.backend.ovs_idl.transaction [-] Running txn n=1 command(idx=0): CheckLivenessCommand(_result=None) {{(pid=103424) do_commit /opt/stack/data/venv/lib/python3.12/site-packages/ovsdbapp/backend/ovs_idl/transaction.py:89}}
May 26 04:12:48.429620 np0000176389 devstack@neutron-api.service[103422]: DEBUG neutron.plugins.ml2.drivers.ovn.mech_driver.ovsdb.ovsdb_monitor [-] Hash Ring: Node 95c5ae487d7f53da939d1fd75fda4c96 (host: np0000176389) handling event "update" for row a9b82d8d-d9d8-4991-ba3d-e34d130bd58f (table: NB_Global) {{(pid=103422) notify /opt/stack/neutron/neutron/plugins/ml2/drivers/ovn/mech_driver/ovsdb/ovsdb_monitor.py:986}}
May 26 04:12:48.430572 np0000176389 devstack@neutron-api.service[103423]: DEBUG neutron.plugins.ml2.drivers.ovn.mech_driver.ovsdb.ovsdb_monitor [-] Hash Ring: Node 37bdc6ff928b5e1f8402ddd338850b2e (host: np0000176389) handling event "update" for row a9b82d8d-d9d8-4991-ba3d-e34d130bd58f (table: NB_Global) {{(pid=103423) notify /opt/stack/neutron/neutron/plugins/ml2/drivers/ovn/mech_driver/ovsdb/ovsdb_monitor.py:986}}
May 26 04:12:48.431894 np0000176389 devstack@neutron-api.service[103422]: DEBUG neutron.plugins.ml2.drivers.ovn.mech_driver.ovsdb.ovsdb_monitor [-] Hash Ring: Node 95c5ae487d7f53da939d1fd75fda4c96 (host: np0000176389) handling event "update" for row a9b82d8d-d9d8-4991-ba3d-e34d130bd58f (table: NB_Global) {{(pid=103422) notify /opt/stack/neutron/neutron/plugins/ml2/drivers/ovn/mech_driver/ovsdb/ovsdb_monitor.py:986}}
May 26 04:12:48.432229 np0000176389 devstack@neutron-api.service[103423]: DEBUG neutron.plugins.ml2.drivers.ovn.mech_driver.ovsdb.ovsdb_monitor [-] ChassisAgentWriteEvent : Matched Chassis_Private, update, None None {{(pid=103423) matches /opt/stack/neutron/neutron/plugins/ml2/drivers/ovn/mech_driver/ovsdb/ovsdb_monitor.py:64}}
May 26 04:12:48.433322 np0000176389 devstack@neutron-api.service[103422]: DEBUG neutron.plugins.ml2.drivers.ovn.mech_driver.ovsdb.ovsdb_monitor [-] Hash Ring: Node 95c5ae487d7f53da939d1fd75fda4c96 (host: np0000176389) handling event "update" for row a9b82d8d-d9d8-4991-ba3d-e34d130bd58f (table: NB_Global) {{(pid=103422) notify /opt/stack/neutron/neutron/plugins/ml2/drivers/ovn/mech_driver/ovsdb/ovsdb_monitor.py:986}}
May 26 04:12:48.433669 np0000176389 devstack@neutron-api.service[103421]: DEBUG neutron.plugins.ml2.drivers.ovn.mech_driver.ovsdb.ovsdb_monitor [-] ChassisAgentWriteEvent : Matched Chassis_Private, update, None None {{(pid=103421) matches /opt/stack/neutron/neutron/plugins/ml2/drivers/ovn/mech_driver/ovsdb/ovsdb_monitor.py:64}}
May 26 04:12:48.434353 np0000176389 devstack@neutron-api.service[103424]: DEBUG neutron.api.rpc.callbacks.version_manager [None req-44030bfc-0726-4f00-beb6-30fb37d6b801 admin admin] Tracked resource versions report:
May 26 04:12:48.434353 np0000176389 devstack@neutron-api.service[103424]: pushed versions:
May 26 04:12:48.434353 np0000176389 devstack@neutron-api.service[103424]: { 'AddressGroup': {'1.2'},
May 26 04:12:48.434353 np0000176389 devstack@neutron-api.service[103424]: 'Agent': {'1.1'},
May 26 04:12:48.434353 np0000176389 devstack@neutron-api.service[103424]: 'ConntrackHelper': {'1.0'},
May 26 04:12:48.434353 np0000176389 devstack@neutron-api.service[103424]: 'LocalIPAssociation': {'1.0'},
May 26 04:12:48.434353 np0000176389 devstack@neutron-api.service[103424]: 'Log': {'1.0'},
May 26 04:12:48.434353 np0000176389 devstack@neutron-api.service[103424]: 'NDPProxy': {'1.0'},
May 26 04:12:48.434353 np0000176389 devstack@neutron-api.service[103424]: 'Network': {'1.2'},
May 26 04:12:48.434353 np0000176389 devstack@neutron-api.service[103424]: 'Port': {'1.10'},
May 26 04:12:48.434353 np0000176389 devstack@neutron-api.service[103424]: 'PortForwarding': {'1.3'},
May 26 04:12:48.434353 np0000176389 devstack@neutron-api.service[103424]: 'QosPolicy': {'1.10'},
May 26 04:12:48.434353 np0000176389 devstack@neutron-api.service[103424]: 'SecurityGroup': {'1.6'},
May 26 04:12:48.434353 np0000176389 devstack@neutron-api.service[103424]: 'SecurityGroupRule': {'1.3'},
May 26 04:12:48.434353 np0000176389 devstack@neutron-api.service[103424]: 'SubPort': {'1.0'},
May 26 04:12:48.434353 np0000176389 devstack@neutron-api.service[103424]: 'Subnet': {'1.2'},
May 26 04:12:48.434353 np0000176389 devstack@neutron-api.service[103424]: 'Trunk': {'1.1'}}
May 26 04:12:48.434353 np0000176389 devstack@neutron-api.service[103424]: consumer versions:
May 26 04:12:48.434353 np0000176389 devstack@neutron-api.service[103424]: {}
May 26 04:12:48.434353 np0000176389 devstack@neutron-api.service[103424]: {{(pid=103424) report /opt/stack/neutron/neutron/api/rpc/callbacks/version_manager.py:183}}
May 26 04:12:48.436090 np0000176389 devstack@neutron-api.service[103423]: DEBUG neutron.plugins.ml2.drivers.ovn.mech_driver.ovsdb.ovsdb_monitor [-] Hash Ring: Node 37bdc6ff928b5e1f8402ddd338850b2e (host: np0000176389) handling event "update" for row a9b82d8d-d9d8-4991-ba3d-e34d130bd58f (table: NB_Global) {{(pid=103423) notify /opt/stack/neutron/neutron/plugins/ml2/drivers/ovn/mech_driver/ovsdb/ovsdb_monitor.py:986}}
May 26 04:12:48.436090 np0000176389 devstack@neutron-api.service[103423]: DEBUG neutron.plugins.ml2.drivers.ovn.mech_driver.ovsdb.ovsdb_monitor [-] Hash Ring: Node 37bdc6ff928b5e1f8402ddd338850b2e (host: np0000176389) handling event "update" for row a9b82d8d-d9d8-4991-ba3d-e34d130bd58f (table: NB_Global) {{(pid=103423) notify /opt/stack/neutron/neutron/plugins/ml2/drivers/ovn/mech_driver/ovsdb/ovsdb_monitor.py:986}}
May 26 04:12:48.437378 np0000176389 devstack@neutron-api.service[103422]: DEBUG neutron.plugins.ml2.drivers.ovn.mech_driver.ovsdb.ovsdb_monitor [-] ChassisAgentWriteEvent : Matched Chassis_Private, update, None None {{(pid=103422) matches /opt/stack/neutron/neutron/plugins/ml2/drivers/ovn/mech_driver/ovsdb/ovsdb_monitor.py:64}}
May 26 04:12:48.438169 np0000176389 devstack@neutron-api.service[103423]: DEBUG neutron.plugins.ml2.drivers.ovn.mech_driver.ovsdb.ovsdb_monitor [-] ChassisOVNAgentWriteEvent : Matched Chassis_Private, update, None None {{(pid=103423) matches /opt/stack/neutron/neutron/plugins/ml2/drivers/ovn/mech_driver/ovsdb/ovsdb_monitor.py:64}}
May 26 04:12:48.439127 np0000176389 devstack@neutron-api.service[103421]: DEBUG neutron.plugins.ml2.drivers.ovn.mech_driver.ovsdb.ovsdb_monitor [-] ChassisOVNAgentWriteEvent : Matched Chassis_Private, update, None None {{(pid=103421) matches /opt/stack/neutron/neutron/plugins/ml2/drivers/ovn/mech_driver/ovsdb/ovsdb_monitor.py:64}}
May 26 04:12:48.442776 np0000176389 devstack@neutron-api.service[103422]: DEBUG neutron.common.ovn.hash_ring_manager [-] Allow caching, nodes 4>=4 {{(pid=103422) _wait_startup_before_caching /opt/stack/neutron/neutron/common/ovn/hash_ring_manager.py:65}}
May 26 04:12:48.442922 np0000176389 devstack@neutron-api.service[103422]: DEBUG neutron.plugins.ml2.drivers.ovn.mech_driver.ovsdb.ovsdb_monitor [-] Hash Ring: Node 95c5ae487d7f53da939d1fd75fda4c96 (host: np0000176389) handling event "update" for row 5d8f5543-9981-4838-ae3d-0316e520cb1e (table: Chassis_Private) {{(pid=103422) notify /opt/stack/neutron/neutron/plugins/ml2/drivers/ovn/mech_driver/ovsdb/ovsdb_monitor.py:986}}
May 26 04:12:48.443685 np0000176389 devstack@neutron-api.service[103422]: DEBUG neutron.plugins.ml2.drivers.ovn.mech_driver.ovsdb.ovsdb_monitor [-] ChassisOVNAgentWriteEvent : Matched Chassis_Private, update, None None {{(pid=103422) matches /opt/stack/neutron/neutron/plugins/ml2/drivers/ovn/mech_driver/ovsdb/ovsdb_monitor.py:64}}
May 26 04:12:48.443947 np0000176389 devstack@neutron-api.service[103424]: DEBUG neutron.plugins.ml2.drivers.ovn.mech_driver.ovsdb.ovsdb_monitor [-] ChassisAgentWriteEvent : Matched Chassis_Private, update, None None {{(pid=103424) matches /opt/stack/neutron/neutron/plugins/ml2/drivers/ovn/mech_driver/ovsdb/ovsdb_monitor.py:64}}
May 26 04:12:48.444013 np0000176389 devstack@neutron-api.service[103422]: DEBUG neutron.plugins.ml2.drivers.ovn.mech_driver.ovsdb.ovsdb_monitor [-] Hash Ring: Node 95c5ae487d7f53da939d1fd75fda4c96 (host: np0000176389) handling event "update" for row 5d8f5543-9981-4838-ae3d-0316e520cb1e (table: Chassis_Private) {{(pid=103422) notify /opt/stack/neutron/neutron/plugins/ml2/drivers/ovn/mech_driver/ovsdb/ovsdb_monitor.py:986}}
May 26 04:12:48.446522 np0000176389 devstack@neutron-api.service[103424]: DEBUG neutron.plugins.ml2.drivers.ovn.mech_driver.ovsdb.ovsdb_monitor [-] ChassisOVNAgentWriteEvent : Matched Chassis_Private, update, None None {{(pid=103424) matches /opt/stack/neutron/neutron/plugins/ml2/drivers/ovn/mech_driver/ovsdb/ovsdb_monitor.py:64}}
May 26 04:12:48.505610 np0000176389 devstack@neutron-api.service[103424]: DEBUG neutron.plugins.ml2.drivers.helpers [None req-44030bfc-0726-4f00-beb6-30fb37d6b801 admin admin] geneve segment allocate from pool success with {'geneve_vni': 54281} {{(pid=103424) allocate_partially_specified_segment /opt/stack/neutron/neutron/plugins/ml2/drivers/helpers.py:142}}
May 26 04:12:48.520077 np0000176389 devstack@neutron-api.service[103424]: DEBUG neutron_lib.callbacks.manager [None req-44030bfc-0726-4f00-beb6-30fb37d6b801 admin admin] Publish callbacks ['neutron.services.segments.db._add_segment_host_mapping_for_segment-8524159516726', 'neutron.plugins.ml2.plugin.Ml2Plugin._handle_segment_change-93606'] for segment (99c455eb-678c-4b6e-8db8-f40d9c54a4e5), precommit_create {{(pid=103424) _notify_loop /opt/stack/data/venv/lib/python3.12/site-packages/neutron_lib/callbacks/manager.py:184}}
May 26 04:12:48.520293 np0000176389 devstack@neutron-api.service[103424]: INFO neutron.db.segments_db [None req-44030bfc-0726-4f00-beb6-30fb37d6b801 admin admin] Added segment 99c455eb-678c-4b6e-8db8-f40d9c54a4e5 of type geneve for network 09319029-b286-4d64-99f1-43bb6d51969d
May 26 04:12:48.580671 np0000176389 devstack@neutron-api.service[103424]: DEBUG neutron_lib.callbacks.manager [None req-44030bfc-0726-4f00-beb6-30fb37d6b801 admin admin] Publish callbacks ['neutron.services.auto_allocate.db._ensure_external_network_default_value_callback-8524157514142'] for network (09319029-b286-4d64-99f1-43bb6d51969d), precommit_create {{(pid=103424) _notify_loop /opt/stack/data/venv/lib/python3.12/site-packages/neutron_lib/callbacks/manager.py:184}}
May 26 04:12:48.604416 np0000176389 devstack@neutron-api.service[103424]: DEBUG neutron.plugins.ml2.drivers.ovn.mech_driver.mech_driver [None req-44030bfc-0726-4f00-beb6-30fb37d6b801 admin admin] Validating network segment with type geneve, segmentation ID 54281, physical network None {{(pid=103424) _validate_network_segments /opt/stack/neutron/neutron/plugins/ml2/drivers/ovn/mech_driver/mech_driver.py:641}}
May 26 04:12:48.604544 np0000176389 devstack@neutron-api.service[103424]: DEBUG neutron.db.ovn_revision_numbers_db [None req-44030bfc-0726-4f00-beb6-30fb37d6b801 admin admin] create_initial_revision uuid=09319029-b286-4d64-99f1-43bb6d51969d, type=networks, rev=-1 {{(pid=103424) create_initial_revision /opt/stack/neutron/neutron/db/ovn_revision_numbers_db.py:98}}
May 26 04:12:48.624314 np0000176389 devstack@neutron-api.service[103424]: DEBUG neutron_lib.callbacks.manager [None req-44030bfc-0726-4f00-beb6-30fb37d6b801 admin admin] Publish callbacks ['neutron.plugins.ml2.ovo_rpc._ObjectChangeHandler.handle_event-2042214'] for network (09319029-b286-4d64-99f1-43bb6d51969d), after_create {{(pid=103424) _notify_loop /opt/stack/data/venv/lib/python3.12/site-packages/neutron_lib/callbacks/manager.py:184}}
May 26 04:12:48.672903 np0000176389 devstack@neutron-api.service[103421]: DEBUG dbcounter [-] [103421] Writing DB stats neutron:SELECT=18,neutron:INSERT=2,neutron:DELETE=1 {{(pid=103421) stat_writer /opt/stack/data/venv/lib/python3.12/site-packages/dbcounter.py:115}}
May 26 04:12:48.688906 np0000176389 devstack@neutron-api.service[103424]: DEBUG neutron.api.rpc.handlers.resources_rpc [None req-44030bfc-0726-4f00-beb6-30fb37d6b801 admin admin] Pushing event updated for resources: {'Network': ['ID=09319029-b286-4d64-99f1-43bb6d51969d,revision_number=1']} {{(pid=103424) push /opt/stack/neutron/neutron/api/rpc/handlers/resources_rpc.py:237}}
May 26 04:12:48.699413 np0000176389 devstack@neutron-api.service[103424]: DEBUG ovsdbapp.backend.ovs_idl.transaction [-] Running txn n=1 command(idx=0): AddNetworkCommand(_result=None, network_uuid=09319029-b286-4d64-99f1-43bb6d51969d, may_exist=True, columns={'external_ids': {'neutron:network_name': 'private', 'neutron:mtu': '1372', 'neutron:revision_number': '1', 'neutron:availability_zone_hints': '', 'neutron:provnet-network-type': 'geneve'}, 'other_config': {'mcast_snoop': 'false', 'mcast_flood_unregistered': 'false', 'vlan-passthru': 'false'}}) {{(pid=103424) do_commit /opt/stack/data/venv/lib/python3.12/site-packages/ovsdbapp/backend/ovs_idl/transaction.py:89}}
May 26 04:12:48.700275 np0000176389 devstack@neutron-api.service[103424]: DEBUG neutron.common.ovn.utils [-] OVS persist_uuid supported=True {{(pid=103424) ovs_persist_uuid_supported /opt/stack/neutron/neutron/common/ovn/utils.py:1538}}
May 26 04:12:48.767358 np0000176389 devstack@neutron-api.service[103422]: DEBUG neutron.plugins.ml2.drivers.ovn.mech_driver.ovsdb.ovsdb_monitor [-] Hash Ring: Node 95c5ae487d7f53da939d1fd75fda4c96 (host: np0000176389) handling event "create" for row 09319029-b286-4d64-99f1-43bb6d51969d (table: Logical_Switch) {{(pid=103422) notify /opt/stack/neutron/neutron/plugins/ml2/drivers/ovn/mech_driver/ovsdb/ovsdb_monitor.py:986}}
