May 09 07:22:12.097065 np0000172990 devstack@neutron-api.service[103410]: DEBUG neutron.plugins.ml2.drivers.ovn.mech_driver.ovsdb.ovsdb_monitor [None req-0484c220-7b6a-4d33-b66e-44cb12c05e1f None None] Hash Ring: Node a5f7f2f0354750f1bfed0d055b403135 (host: np0000172990) handling event "create" for row 59823b0b-b118-40c2-80e5-ba5662b46779 (table: Connection) {{(pid=103410) notify /opt/stack/neutron/neutron/plugins/ml2/drivers/ovn/mech_driver/ovsdb/ovsdb_monitor.py:942}}
May 09 07:22:12.098599 np0000172990 devstack@neutron-api.service[103410]: INFO neutron.plugins.ml2.drivers.ovn.mech_driver.ovsdb.impl_idl_ovn [None req-0484c220-7b6a-4d33-b66e-44cb12c05e1f None None] Getting OvsdbSbOvnIdl for WorkerService with retry
May 09 07:22:12.104373 np0000172990 devstack@neutron-api.service[103411]: DEBUG neutron.common.ovn.hash_ring_manager [None req-6a87e4fc-652e-494b-b837-55f2c739a8a6 None None] Allow caching, nodes 4>=4 {{(pid=103411) _wait_startup_before_caching /opt/stack/neutron/neutron/common/ovn/hash_ring_manager.py:65}}
May 09 07:22:12.107792 np0000172990 devstack@neutron-api.service[103409]: DEBUG neutron.common.ovn.hash_ring_manager [None req-5f99de5d-fcb1-4dbe-8408-35031a81ebe5 None None] Allow caching, nodes 4>=4 {{(pid=103409) _wait_startup_before_caching /opt/stack/neutron/neutron/common/ovn/hash_ring_manager.py:65}}
May 09 07:22:12.109031 np0000172990 devstack@neutron-api.service[103411]: DEBUG neutron.common.ovn.hash_ring_manager [None req-6a87e4fc-652e-494b-b837-55f2c739a8a6 None None] Hash Ring loaded. 4 active nodes. 0 offline nodes {{(pid=103411) _load_hash_ring /opt/stack/neutron/neutron/common/ovn/hash_ring_manager.py:102}}
May 09 07:22:12.109364 np0000172990 devstack@neutron-api.service[103411]: DEBUG neutron.plugins.ml2.drivers.ovn.mech_driver.ovsdb.ovsdb_monitor [None req-6a87e4fc-652e-494b-b837-55f2c739a8a6 None None] Hash Ring: Node d5754c7c8a705d2196ac06851a32e17a (host: np0000172990) handling event "create" for row 4997c52e-1cbb-48d6-a0f1-9f3f6f04485a (table: NB_Global) {{(pid=103411) notify /opt/stack/neutron/neutron/plugins/ml2/drivers/ovn/mech_driver/ovsdb/ovsdb_monitor.py:942}}
May 09 07:22:12.109587 np0000172990 devstack@neutron-api.service[103411]: DEBUG neutron.plugins.ml2.drivers.ovn.mech_driver.ovsdb.ovsdb_monitor [None req-6a87e4fc-652e-494b-b837-55f2c739a8a6 None None] Hash Ring: Node d5754c7c8a705d2196ac06851a32e17a (host: np0000172990) handling event "create" for row 0e1cca68-1c2e-488c-99bb-235b98326cdf (table: SSL) {{(pid=103411) notify /opt/stack/neutron/neutron/plugins/ml2/drivers/ovn/mech_driver/ovsdb/ovsdb_monitor.py:942}}
May 09 07:22:12.110604 np0000172990 devstack@neutron-api.service[103411]: INFO neutron.plugins.ml2.drivers.ovn.mech_driver.ovsdb.impl_idl_ovn [None req-6a87e4fc-652e-494b-b837-55f2c739a8a6 None None] Getting OvsdbSbOvnIdl for WorkerService with retry
May 09 07:22:12.113520 np0000172990 devstack@neutron-api.service[103409]: DEBUG neutron.common.ovn.hash_ring_manager [None req-5f99de5d-fcb1-4dbe-8408-35031a81ebe5 None None] Hash Ring loaded. 4 active nodes. 0 offline nodes {{(pid=103409) _load_hash_ring /opt/stack/neutron/neutron/common/ovn/hash_ring_manager.py:102}}
May 09 07:22:12.113860 np0000172990 devstack@neutron-api.service[103409]: DEBUG neutron.plugins.ml2.drivers.ovn.mech_driver.ovsdb.ovsdb_monitor [None req-5f99de5d-fcb1-4dbe-8408-35031a81ebe5 None None] Hash Ring: Node 438ad1a572645cc28072b58a820e8e7d (host: np0000172990) handling event "create" for row 517303d0-58d6-41f3-8da6-6b468352fcb4 (table: ACL) {{(pid=103409) notify /opt/stack/neutron/neutron/plugins/ml2/drivers/ovn/mech_driver/ovsdb/ovsdb_monitor.py:942}}
May 09 07:22:12.114167 np0000172990 devstack@neutron-api.service[103409]: DEBUG neutron.plugins.ml2.drivers.ovn.mech_driver.ovsdb.ovsdb_monitor [None req-5f99de5d-fcb1-4dbe-8408-35031a81ebe5 None None] Hash Ring: Node 438ad1a572645cc28072b58a820e8e7d (host: np0000172990) handling event "create" for row f0905414-577d-49ca-9106-3af6572e4f0b (table: Port_Group) {{(pid=103409) notify /opt/stack/neutron/neutron/plugins/ml2/drivers/ovn/mech_driver/ovsdb/ovsdb_monitor.py:942}}
May 09 07:22:12.115556 np0000172990 devstack@neutron-api.service[103409]: INFO neutron.plugins.ml2.drivers.ovn.mech_driver.ovsdb.impl_idl_ovn [None req-5f99de5d-fcb1-4dbe-8408-35031a81ebe5 None None] Getting OvsdbSbOvnIdl for WorkerService with retry
May 09 07:22:12.134850 np0000172990 devstack@neutron-api.service[103410]: DEBUG ovsdbapp.backend.ovs_idl [None req-0484c220-7b6a-4d33-b66e-44cb12c05e1f None None] Created lookup_table index Chassis.name {{(pid=103410) autocreate_indices /opt/stack/data/venv/lib/python3.12/site-packages/ovsdbapp/backend/ovs_idl/__init__.py:87}}
May 09 07:22:12.134953 np0000172990 devstack@neutron-api.service[103410]: DEBUG ovsdbapp.backend.ovs_idl [None req-0484c220-7b6a-4d33-b66e-44cb12c05e1f None None] Created lookup_table index Port_Binding.logical_port {{(pid=103410) autocreate_indices /opt/stack/data/venv/lib/python3.12/site-packages/ovsdbapp/backend/ovs_idl/__init__.py:87}}
May 09 07:22:12.135049 np0000172990 devstack@neutron-api.service[103410]: DEBUG ovsdbapp.backend.ovs_idl [None req-0484c220-7b6a-4d33-b66e-44cb12c05e1f None None] Created schema index Chassis_Private.name {{(pid=103410) autocreate_indices /opt/stack/data/venv/lib/python3.12/site-packages/ovsdbapp/backend/ovs_idl/__init__.py:106}}
May 09 07:22:12.135144 np0000172990 devstack@neutron-api.service[103410]: DEBUG ovsdbapp.backend.ovs_idl [None req-0484c220-7b6a-4d33-b66e-44cb12c05e1f None None] Created schema index Datapath_Binding.tunnel_key {{(pid=103410) autocreate_indices /opt/stack/data/venv/lib/python3.12/site-packages/ovsdbapp/backend/ovs_idl/__init__.py:106}}
May 09 07:22:12.137060 np0000172990 devstack@neutron-api.service[103410]: INFO ovsdbapp.backend.ovs_idl.vlog [None req-0484c220-7b6a-4d33-b66e-44cb12c05e1f None None] ssl:199.204.45.129:6642: connecting...
May 09 07:22:12.140956 np0000172990 devstack@neutron-api.service[103410]: INFO ovsdbapp.backend.ovs_idl.vlog [None req-0484c220-7b6a-4d33-b66e-44cb12c05e1f None None] ssl:199.204.45.129:6642: connected
May 09 07:22:12.148361 np0000172990 devstack@neutron-api.service[103412]: [pid: 103412|app: 0|req: 1/1] 199.204.45.129 () {62 vars in 988 bytes} [Sat May 9 07:22:12 2026] GET /networking => generated 130 bytes in 3 msecs (HTTP/1.1 200) 3 headers in 91 bytes (1 switches on core 0)
May 09 07:22:12.153370 np0000172990 devstack@neutron-api.service[103411]: DEBUG ovsdbapp.backend.ovs_idl [None req-6a87e4fc-652e-494b-b837-55f2c739a8a6 None None] Created lookup_table index Chassis.name {{(pid=103411) autocreate_indices /opt/stack/data/venv/lib/python3.12/site-packages/ovsdbapp/backend/ovs_idl/__init__.py:87}}
May 09 07:22:12.153464 np0000172990 devstack@neutron-api.service[103411]: DEBUG ovsdbapp.backend.ovs_idl [None req-6a87e4fc-652e-494b-b837-55f2c739a8a6 None None] Created lookup_table index Port_Binding.logical_port {{(pid=103411) autocreate_indices /opt/stack/data/venv/lib/python3.12/site-packages/ovsdbapp/backend/ovs_idl/__init__.py:87}}
May 09 07:22:12.153566 np0000172990 devstack@neutron-api.service[103411]: DEBUG ovsdbapp.backend.ovs_idl [None req-6a87e4fc-652e-494b-b837-55f2c739a8a6 None None] Created schema index Chassis_Private.name {{(pid=103411) autocreate_indices /opt/stack/data/venv/lib/python3.12/site-packages/ovsdbapp/backend/ovs_idl/__init__.py:106}}
May 09 07:22:12.153653 np0000172990 devstack@neutron-api.service[103411]: DEBUG ovsdbapp.backend.ovs_idl [None req-6a87e4fc-652e-494b-b837-55f2c739a8a6 None None] Created schema index Datapath_Binding.tunnel_key {{(pid=103411) autocreate_indices /opt/stack/data/venv/lib/python3.12/site-packages/ovsdbapp/backend/ovs_idl/__init__.py:106}}
May 09 07:22:12.154725 np0000172990 devstack@neutron-api.service[103409]: DEBUG ovsdbapp.backend.ovs_idl [None req-5f99de5d-fcb1-4dbe-8408-35031a81ebe5 None None] Created lookup_table index Chassis.name {{(pid=103409) autocreate_indices /opt/stack/data/venv/lib/python3.12/site-packages/ovsdbapp/backend/ovs_idl/__init__.py:87}}
May 09 07:22:12.154872 np0000172990 devstack@neutron-api.service[103409]: DEBUG ovsdbapp.backend.ovs_idl [None req-5f99de5d-fcb1-4dbe-8408-35031a81ebe5 None None] Created lookup_table index Port_Binding.logical_port {{(pid=103409) autocreate_indices /opt/stack/data/venv/lib/python3.12/site-packages/ovsdbapp/backend/ovs_idl/__init__.py:87}}
May 09 07:22:12.155014 np0000172990 devstack@neutron-api.service[103409]: DEBUG ovsdbapp.backend.ovs_idl [None req-5f99de5d-fcb1-4dbe-8408-35031a81ebe5 None None] Created schema index Chassis_Private.name {{(pid=103409) autocreate_indices /opt/stack/data/venv/lib/python3.12/site-packages/ovsdbapp/backend/ovs_idl/__init__.py:106}}
May 09 07:22:12.155151 np0000172990 devstack@neutron-api.service[103409]: DEBUG ovsdbapp.backend.ovs_idl [None req-5f99de5d-fcb1-4dbe-8408-35031a81ebe5 None None] Created schema index Datapath_Binding.tunnel_key {{(pid=103409) autocreate_indices /opt/stack/data/venv/lib/python3.12/site-packages/ovsdbapp/backend/ovs_idl/__init__.py:106}}
May 09 07:22:12.156385 np0000172990 devstack@neutron-api.service[103411]: INFO ovsdbapp.backend.ovs_idl.vlog [None req-6a87e4fc-652e-494b-b837-55f2c739a8a6 None None] ssl:199.204.45.129:6642: connecting...
May 09 07:22:12.160418 np0000172990 devstack@neutron-api.service[103409]: INFO ovsdbapp.backend.ovs_idl.vlog [None req-5f99de5d-fcb1-4dbe-8408-35031a81ebe5 None None] ssl:199.204.45.129:6642: connecting...
May 09 07:22:12.161273 np0000172990 devstack@neutron-api.service[103411]: INFO ovsdbapp.backend.ovs_idl.vlog [None req-6a87e4fc-652e-494b-b837-55f2c739a8a6 None None] ssl:199.204.45.129:6642: connected
May 09 07:22:12.165561 np0000172990 devstack@neutron-api.service[103409]: INFO ovsdbapp.backend.ovs_idl.vlog [None req-5f99de5d-fcb1-4dbe-8408-35031a81ebe5 None None] ssl:199.204.45.129:6642: connected
May 09 07:22:12.175160 np0000172990 devstack@neutron-api.service[103410]: DEBUG neutron.common.ovn.hash_ring_manager [None req-0484c220-7b6a-4d33-b66e-44cb12c05e1f None None] Allow caching, nodes 4>=4 {{(pid=103410) _wait_startup_before_caching /opt/stack/neutron/neutron/common/ovn/hash_ring_manager.py:65}}
May 09 07:22:12.178463 np0000172990 devstack@neutron-api.service[103410]: DEBUG neutron.common.ovn.hash_ring_manager [None req-0484c220-7b6a-4d33-b66e-44cb12c05e1f None None] Hash Ring loaded. 4 active nodes. 0 offline nodes {{(pid=103410) _load_hash_ring /opt/stack/neutron/neutron/common/ovn/hash_ring_manager.py:102}}
May 09 07:22:12.178669 np0000172990 devstack@neutron-api.service[103410]: DEBUG neutron.plugins.ml2.drivers.ovn.mech_driver.ovsdb.ovsdb_monitor [None req-0484c220-7b6a-4d33-b66e-44cb12c05e1f None None] ChassisAgentWriteEvent : Matched Chassis_Private, create, None None {{(pid=103410) matches /opt/stack/neutron/neutron/plugins/ml2/drivers/ovn/mech_driver/ovsdb/ovsdb_monitor.py:64}}
May 09 07:22:12.178808 np0000172990 devstack@neutron-api.service[103410]: DEBUG neutron.plugins.ml2.drivers.ovn.mech_driver.ovsdb.ovsdb_monitor [None req-0484c220-7b6a-4d33-b66e-44cb12c05e1f None None] ChassisOVNAgentWriteEvent : Matched Chassis_Private, create, None None {{(pid=103410) matches /opt/stack/neutron/neutron/plugins/ml2/drivers/ovn/mech_driver/ovsdb/ovsdb_monitor.py:64}}
May 09 07:22:12.179154 np0000172990 devstack@neutron-api.service[103410]: DEBUG neutron.plugins.ml2.drivers.ovn.mech_driver.ovsdb.ovsdb_monitor [None req-0484c220-7b6a-4d33-b66e-44cb12c05e1f None None] Hash Ring: Node a5f7f2f0354750f1bfed0d055b403135 (host: np0000172990) handling event "create" for row bb3cc663-cf39-401d-8eb1-8c678cfdb37e (table: Encap) {{(pid=103410) notify /opt/stack/neutron/neutron/plugins/ml2/drivers/ovn/mech_driver/ovsdb/ovsdb_monitor.py:942}}
May 09 07:22:12.181396 np0000172990 devstack@neutron-api.service[103410]: INFO neutron.plugins.ml2.drivers.ovn.mech_driver.mech_driver [None req-0484c220-7b6a-4d33-b66e-44cb12c05e1f None None] WorkerService process has finished the post initialization
May 09 07:22:12.182584 np0000172990 devstack@neutron-api.service[103410]: WSGI app 0 (mountpoint='') ready in 7 seconds on interpreter 0x781f72aa3668 pid: 103410 (default app)
May 09 07:22:12.200407 np0000172990 devstack@neutron-api.service[103409]: DEBUG neutron.common.ovn.hash_ring_manager [None req-5f99de5d-fcb1-4dbe-8408-35031a81ebe5 None None] Allow caching, nodes 4>=4 {{(pid=103409) _wait_startup_before_caching /opt/stack/neutron/neutron/common/ovn/hash_ring_manager.py:65}}
May 09 07:22:12.203140 np0000172990 devstack@neutron-api.service[103409]: DEBUG neutron.common.ovn.hash_ring_manager [None req-5f99de5d-fcb1-4dbe-8408-35031a81ebe5 None None] Hash Ring loaded. 4 active nodes. 0 offline nodes {{(pid=103409) _load_hash_ring /opt/stack/neutron/neutron/common/ovn/hash_ring_manager.py:102}}
May 09 07:22:12.203349 np0000172990 devstack@neutron-api.service[103409]: DEBUG neutron.plugins.ml2.drivers.ovn.mech_driver.ovsdb.ovsdb_monitor [None req-5f99de5d-fcb1-4dbe-8408-35031a81ebe5 None None] Hash Ring: Node 438ad1a572645cc28072b58a820e8e7d (host: np0000172990) handling event "create" for row 279388f2-4de7-44a6-8438-2b53a0b9b6ee (table: Chassis) {{(pid=103409) notify /opt/stack/neutron/neutron/plugins/ml2/drivers/ovn/mech_driver/ovsdb/ovsdb_monitor.py:942}}
May 09 07:22:12.204039 np0000172990 devstack@neutron-api.service[103409]: DEBUG ovsdbapp.backend.ovs_idl.event [None req-5f99de5d-fcb1-4dbe-8408-35031a81ebe5 None None] Matched CREATE: ChassisBandwidthConfigEvent(events=('create', 'update'), table='Chassis', conditions=None, old_conditions=None), priority=20 to row=Chassis(uuid=279388f2-4de7-44a6-8438-2b53a0b9b6ee, encaps=[bb3cc663-cf39-401d-8eb1-8c678cfdb37e], external_ids={}, hostname='np0000172990', name='1fe00d7e-d001-42f2-ac15-9165bb2d3b7b', nb_cfg=0, other_config={'ct-commit-nat-v2': 'true', 'ct-commit-to-zone': 'true', 'ct-next-zone': 'true', 'ct-no-masked-label': 'true', 'ct-state-save': 'true', 'datapath-type': 'system', 'fdb-timestamp': 'true', 'iface-types': 'afxdp,afxdp-nonpmd,bareudp,erspan,geneve,gre,gtpu,internal,ip6erspan,ip6gre,lisp,patch,srv6,stt,system,tap,vxlan', 'is-interconn': 'false', 'ls-dpg-column': 'true', 'mac-binding-timestamp': 'true', 'ovn-bridge-mappings': 'public:br-ex', 'ovn-chassis-mac-mappings': '', 'ovn-cms-options': 'enable-chassis-as-gw', 'ovn-ct-lb-related': 'true', 'ovn-enable-lflow-cache': 'true', 'ovn-limit-lflow-cache': '', 'ovn-memlimit-lflow-cache-kb': '', 'ovn-monitor-all': 'false', 'ovn-trim-limit-lflow-cache': '', 'ovn-trim-timeout-ms': '', 'ovn-trim-wmark-perc-lflow-cache': '', 'port-up-notif': 'true'}, transport_zones=[], vtep_logical_switches=[]) old= {{(pid=103409) matches /opt/stack/data/venv/lib/python3.12/site-packages/ovsdbapp/backend/ovs_idl/event.py:55}}
May 09 07:22:12.204545 np0000172990 devstack@neutron-api.service[103409]: DEBUG neutron.plugins.ml2.drivers.ovn.mech_driver.ovsdb.ovsdb_monitor [None req-5f99de5d-fcb1-4dbe-8408-35031a81ebe5 None None] ChassisOVNAgentWriteEvent : Matched Chassis_Private, create, None None {{(pid=103409) matches /opt/stack/neutron/neutron/plugins/ml2/drivers/ovn/mech_driver/ovsdb/ovsdb_monitor.py:64}}
May 09 07:22:12.204660 np0000172990 devstack@neutron-api.service[103409]: DEBUG neutron.plugins.ml2.drivers.ovn.mech_driver.ovsdb.ovsdb_monitor [None req-5f99de5d-fcb1-4dbe-8408-35031a81ebe5 None None] ChassisAgentWriteEvent : Matched Chassis_Private, create, None None {{(pid=103409) matches /opt/stack/neutron/neutron/plugins/ml2/drivers/ovn/mech_driver/ovsdb/ovsdb_monitor.py:64}}
May 09 07:22:12.205513 np0000172990 devstack@neutron-api.service[103411]: DEBUG neutron.common.ovn.hash_ring_manager [None req-6a87e4fc-652e-494b-b837-55f2c739a8a6 None None] Allow caching, nodes 4>=4 {{(pid=103411) _wait_startup_before_caching /opt/stack/neutron/neutron/common/ovn/hash_ring_manager.py:65}}
May 09 07:22:12.206028 np0000172990 devstack@neutron-api.service[103409]: INFO neutron.plugins.ml2.drivers.ovn.mech_driver.mech_driver [None req-5f99de5d-fcb1-4dbe-8408-35031a81ebe5 None None] WorkerService process has finished the post initialization
May 09 07:22:12.206918 np0000172990 devstack@neutron-api.service[103409]: INFO neutron.plugins.ml2.drivers.ovn.mech_driver.ovsdb.extensions.qos [-] Starting OVNClientQosExtension
May 09 07:22:12.207488 np0000172990 devstack@neutron-api.service[103409]: INFO neutron.plugins.ml2.drivers.ovn.mech_driver.ovsdb.extensions.placement [-] Starting OVNClientPlacementExtension
May 09 07:22:12.209273 np0000172990 devstack@neutron-api.service[103409]: WSGI app 0 (mountpoint='') ready in 7 seconds on interpreter 0x781f72aa3668 pid: 103409 (default app)
May 09 07:22:12.209612 np0000172990 devstack@neutron-api.service[103411]: DEBUG neutron.common.ovn.hash_ring_manager [None req-6a87e4fc-652e-494b-b837-55f2c739a8a6 None None] Hash Ring loaded. 4 active nodes. 0 offline nodes {{(pid=103411) _load_hash_ring /opt/stack/neutron/neutron/common/ovn/hash_ring_manager.py:102}}
May 09 07:22:12.209841 np0000172990 devstack@neutron-api.service[103411]: DEBUG neutron.plugins.ml2.drivers.ovn.mech_driver.ovsdb.ovsdb_monitor [None req-6a87e4fc-652e-494b-b837-55f2c739a8a6 None None] ChassisOVNAgentWriteEvent : Matched Chassis_Private, create, None None {{(pid=103411) matches /opt/stack/neutron/neutron/plugins/ml2/drivers/ovn/mech_driver/ovsdb/ovsdb_monitor.py:64}}
May 09 07:22:12.209935 np0000172990 devstack@neutron-api.service[103411]: DEBUG neutron.plugins.ml2.drivers.ovn.mech_driver.ovsdb.ovsdb_monitor [None req-6a87e4fc-652e-494b-b837-55f2c739a8a6 None None] ChassisAgentWriteEvent : Matched Chassis_Private, create, None None {{(pid=103411) matches /opt/stack/neutron/neutron/plugins/ml2/drivers/ovn/mech_driver/ovsdb/ovsdb_monitor.py:64}}
May 09 07:22:12.210224 np0000172990 devstack@neutron-api.service[103411]: DEBUG neutron.plugins.ml2.drivers.ovn.mech_driver.ovsdb.ovsdb_monitor [None req-6a87e4fc-652e-494b-b837-55f2c739a8a6 None None] Hash Ring: Node d5754c7c8a705d2196ac06851a32e17a (host: np0000172990) handling event "create" for row 24075d68-09f8-4ba5-85e0-ea0b6a88809b (table: Chassis_Private) {{(pid=103411) notify /opt/stack/neutron/neutron/plugins/ml2/drivers/ovn/mech_driver/ovsdb/ovsdb_monitor.py:942}}
May 09 07:22:12.212512 np0000172990 devstack@neutron-api.service[103411]: INFO neutron.plugins.ml2.drivers.ovn.mech_driver.mech_driver [None req-6a87e4fc-652e-494b-b837-55f2c739a8a6 None None] WorkerService process has finished the post initialization
May 09 07:22:12.213698 np0000172990 devstack@neutron-api.service[103411]: WSGI app 0 (mountpoint='') ready in 7 seconds on interpreter 0x781f72aa3668 pid: 103411 (default app)
May 09 07:22:14.012963 np0000172990 devstack@neutron-api.service[103410]: DEBUG neutron.plugins.ml2.drivers.ovn.mech_driver.ovsdb.ovsdb_monitor [-] Hash Ring: Node a5f7f2f0354750f1bfed0d055b403135 (host: np0000172990) handling event "update" for row 59823b0b-b118-40c2-80e5-ba5662b46779 (table: Connection) {{(pid=103410) notify /opt/stack/neutron/neutron/plugins/ml2/drivers/ovn/mech_driver/ovsdb/ovsdb_monitor.py:942}}
May 09 07:22:14.020459 np0000172990 devstack@neutron-api.service[103412]: DEBUG neutron.common.ovn.hash_ring_manager [-] Allow caching, nodes 4>=4 {{(pid=103412) _wait_startup_before_caching /opt/stack/neutron/neutron/common/ovn/hash_ring_manager.py:65}}
May 09 07:22:14.020791 np0000172990 devstack@neutron-api.service[103412]: DEBUG neutron.plugins.ml2.drivers.ovn.mech_driver.ovsdb.ovsdb_monitor [-] Hash Ring: Node 43d202a6770655d1b160dd8bf4ac7239 (host: np0000172990) handling event "update" for row 59823b0b-b118-40c2-80e5-ba5662b46779 (table: Connection) {{(pid=103412) notify /opt/stack/neutron/neutron/plugins/ml2/drivers/ovn/mech_driver/ovsdb/ovsdb_monitor.py:942}}
May 09 07:22:16.546614 np0000172990 devstack@neutron-api.service[103410]: DEBUG neutron.plugins.ml2.drivers.ovn.mech_driver.ovsdb.ovsdb_monitor [-] Hash Ring: Node a5f7f2f0354750f1bfed0d055b403135 (host: np0000172990) handling event "update" for row 59823b0b-b118-40c2-80e5-ba5662b46779 (table: Connection) {{(pid=103410) notify /opt/stack/neutron/neutron/plugins/ml2/drivers/ovn/mech_driver/ovsdb/ovsdb_monitor.py:942}}
May 09 07:22:16.546875 np0000172990 devstack@neutron-api.service[103412]: DEBUG neutron.plugins.ml2.drivers.ovn.mech_driver.ovsdb.ovsdb_monitor [-] Hash Ring: Node 43d202a6770655d1b160dd8bf4ac7239 (host: np0000172990) handling event "update" for row 59823b0b-b118-40c2-80e5-ba5662b46779 (table: Connection) {{(pid=103412) notify /opt/stack/neutron/neutron/plugins/ml2/drivers/ovn/mech_driver/ovsdb/ovsdb_monitor.py:942}}
May 09 07:22:18.530247 np0000172990 devstack@neutron-api.service[103412]: DEBUG neutron.api.wsgi [None req-a7d55442-4893-4feb-80a0-17e3c5ee6172 admin admin] Missing Content-Type {{(pid=103412) get_content_type /opt/stack/neutron/neutron/api/wsgi.py:80}}
May 09 07:22:18.531035 np0000172990 devstack@neutron-api.service[103412]: DEBUG neutron.api.wsgi [None req-a7d55442-4893-4feb-80a0-17e3c5ee6172 admin admin] https://199.204.45.129/networking/v2.0/extensions returned with HTTP 200 {{(pid=103412) __call__ /opt/stack/neutron/neutron/api/wsgi.py:540}}
May 09 07:22:18.531035 np0000172990 devstack@neutron-api.service[103412]: [pid: 103412|app: 0|req: 2/2] 199.204.45.129 () {64 vars in 1323 bytes} [Sat May 9 07:22:18 2026] GET /networking/v2.0/extensions => generated 15209 bytes in 270 msecs (HTTP/1.1 200) 4 headers in 159 bytes (1 switches on core 0)
May 09 07:22:18.956904 np0000172990 devstack@neutron-api.service[103410]: DEBUG neutron.api.v2.base [None req-ba8c97af-ade0-4328-acec-d9a1340d216b admin admin] Request body: {'subnetpool': {'shared': True, 'default_prefixlen': 26, 'prefixes': ['10.1.0.0/20'], 'name': 'shared-default-subnetpool-v4', 'is_default': True}} {{(pid=103410) prepare_request_body /opt/stack/neutron/neutron/api/v2/base.py:727}}
May 09 07:22:19.184552 np0000172990 devstack@neutron-api.service[103410]: DEBUG neutron.policy [None req-ba8c97af-ade0-4328-acec-d9a1340d216b admin admin] Loaded default policies from ['neutron'] under neutron.policies entry points {{(pid=103410) register_rules /opt/stack/neutron/neutron/policy.py:65}}
May 09 07:22:19.347099 np0000172990 devstack@neutron-api.service[103410]: DEBUG neutron_lib.callbacks.manager [None req-ba8c97af-ade0-4328-acec-d9a1340d216b admin admin] Publish callbacks ['neutron.objects.securitygroup.RbacNeutronDbObjectMixin.validate_rbac_policy_change-1871466988825', 'neutron.objects.address_group.RbacNeutronDbObjectMixin.validate_rbac_policy_change-1871467028928', 'neutron.objects.network.RbacNeutronDbObjectMixin.validate_rbac_policy_change-1871467079931', 'neutron.objects.qos.policy.RbacNeutronDbObjectMixin.validate_rbac_policy_change-1871467084678', 'neutron.objects.subnetpool.RbacNeutronDbObjectMixin.validate_rbac_policy_change-1871467073786', 'neutron.objects.address_scope.RbacNeutronDbObjectMixin.validate_rbac_policy_change-1871467065143', 'neutron.plugins.ml2.plugin.External_net_db_mixin._process_ext_policy_create-7400947', 'neutron.plugins.ml2.plugin.NeutronDbPluginV2.validate_network_rbac_policy_change-7391583'] for rbac-policy (None), before_create {{(pid=103410) _notify_loop /opt/stack/data/venv/lib/python3.12/site-packages/neutron_lib/callbacks/manager.py:184}}
May 09 07:22:19.399527 np0000172990 devstack@neutron-api.service[103410]: DEBUG neutron_lib.callbacks.manager [None req-ba8c97af-ade0-4328-acec-d9a1340d216b admin admin] Publish callbacks [] for subnetpool (None), before_response {{(pid=103410) _notify_loop /opt/stack/data/venv/lib/python3.12/site-packages/neutron_lib/callbacks/manager.py:184}}
May 09 07:22:19.399990 np0000172990 devstack@neutron-api.service[103410]: [pid: 103410|app: 0|req: 1/3] 199.204.45.129 () {68 vars in 1367 bytes} [Sat May 9 07:22:18 2026] POST /networking/v2.0/subnetpools => generated 533 bytes in 571 msecs (HTTP/1.1 201) 4 headers in 162 bytes (1 switches on core 0)
May 09 07:22:19.720863 np0000172990 devstack@neutron-api.service[103409]: DEBUG neutron.api.v2.base [None req-5f484f82-0947-41d6-b265-26cf379e1aa0 admin admin] Request body: {'subnetpool': {'shared': True, 'default_prefixlen': 64, 'prefixes': ['fd7a:7f60:09f9::/56'], 'name': 'shared-default-subnetpool-v6', 'is_default': True}} {{(pid=103409) prepare_request_body /opt/stack/neutron/neutron/api/v2/base.py:727}}
May 09 07:22:19.905357 np0000172990 devstack@neutron-api.service[103409]: DEBUG neutron.policy [None req-5f484f82-0947-41d6-b265-26cf379e1aa0 admin admin] Loaded default policies from ['neutron'] under neutron.policies entry points {{(pid=103409) register_rules /opt/stack/neutron/neutron/policy.py:65}}
May 09 07:22:20.061847 np0000172990 devstack@neutron-api.service[103409]: DEBUG neutron_lib.callbacks.manager [None req-5f484f82-0947-41d6-b265-26cf379e1aa0 admin admin] Publish callbacks ['neutron.objects.securitygroup.RbacNeutronDbObjectMixin.validate_rbac_policy_change-1871467106899', 'neutron.objects.address_group.RbacNeutronDbObjectMixin.validate_rbac_policy_change-1871467017387', 'neutron.objects.network.RbacNeutronDbObjectMixin.validate_rbac_policy_change-1871467142507', 'neutron.objects.qos.policy.RbacNeutronDbObjectMixin.validate_rbac_policy_change-1871467119602', 'neutron.objects.subnetpool.RbacNeutronDbObjectMixin.validate_rbac_policy_change-1871467135684', 'neutron.objects.address_scope.RbacNeutronDbObjectMixin.validate_rbac_policy_change-1871467134391', 'neutron.plugins.ml2.plugin.External_net_db_mixin._process_ext_policy_create-7367409', 'neutron.plugins.ml2.plugin.NeutronDbPluginV2.validate_network_rbac_policy_change-7379793'] for rbac-policy (None), before_create {{(pid=103409) _notify_loop /opt/stack/data/venv/lib/python3.12/site-packages/neutron_lib/callbacks/manager.py:184}}
May 09 07:22:20.109597 np0000172990 devstack@neutron-api.service[103409]: DEBUG neutron_lib.callbacks.manager [None req-5f484f82-0947-41d6-b265-26cf379e1aa0 admin admin] Publish callbacks [] for subnetpool (None), before_response {{(pid=103409) _notify_loop /opt/stack/data/venv/lib/python3.12/site-packages/neutron_lib/callbacks/manager.py:184}}
May 09 07:22:20.110542 np0000172990 devstack@neutron-api.service[103409]: [pid: 103409|app: 0|req: 1/4] 199.204.45.129 () {68 vars in 1367 bytes} [Sat May 9 07:22:19 2026] POST /networking/v2.0/subnetpools => generated 542 bytes in 497 msecs (HTTP/1.1 201) 4 headers in 162 bytes (1 switches on core 0)
May 09 07:22:20.527362 np0000172990 devstack@neutron-api.service[103411]: DEBUG neutron.api.v2.base [None req-5ac8701b-4076-4311-b653-2d76176a12ff admin admin] Request body: {'network': {'admin_state_up': True, 'name': 'private'}} {{(pid=103411) prepare_request_body /opt/stack/neutron/neutron/api/v2/base.py:727}}
May 09 07:22:20.550927 np0000172990 devstack@neutron-api.service[103411]: DEBUG neutron.pecan_wsgi.hooks.quota_enforcement [None req-5ac8701b-4076-4311-b653-2d76176a12ff admin admin] Made reservation on behalf of 8c1d0336f23a406aa9cf221a1a71685c for: {'network': 1} {{(pid=103411) before /opt/stack/neutron/neutron/pecan_wsgi/hooks/quota_enforcement.py:66}}
May 09 07:22:20.740040 np0000172990 devstack@neutron-api.service[103411]: DEBUG neutron.policy [None req-5ac8701b-4076-4311-b653-2d76176a12ff admin admin] Loaded default policies from ['neutron'] under neutron.policies entry points {{(pid=103411) register_rules /opt/stack/neutron/neutron/policy.py:65}}
May 09 07:22:20.846806 np0000172990 devstack@neutron-api.service[103411]: DEBUG neutron_lib.callbacks.manager [None req-5ac8701b-4076-4311-b653-2d76176a12ff admin admin] Publish callbacks ['neutron.plugins.ml2.plugin.SecurityGroupDbMixin._ensure_default_security_group_handler-8356975'] for network (None), before_create {{(pid=103411) _notify_loop /opt/stack/data/venv/lib/python3.12/site-packages/neutron_lib/callbacks/manager.py:184}}
May 09 07:22:20.870761 np0000172990 devstack@neutron-api.service[103411]: DEBUG neutron_lib.callbacks.manager [None req-5ac8701b-4076-4311-b653-2d76176a12ff admin admin] Publish callbacks [] for security_group (None), before_create {{(pid=103411) _notify_loop /opt/stack/data/venv/lib/python3.12/site-packages/neutron_lib/callbacks/manager.py:184}}
May 09 07:22:20.972834 np0000172990 devstack@neutron-api.service[103411]: DEBUG neutron_lib.callbacks.manager [None req-5ac8701b-4076-4311-b653-2d76176a12ff admin admin] Publish callbacks ['neutron.plugins.ml2.drivers.ovn.mech_driver.mech_driver.OVNMechanismDriver._create_security_group_precommit-169135'] for security_group (46ebb65b-3bb5-454a-853e-74b0a0c43ea6), precommit_create {{(pid=103411) _notify_loop /opt/stack/data/venv/lib/python3.12/site-packages/neutron_lib/callbacks/manager.py:184}}
May 09 07:22:20.973103 np0000172990 devstack@neutron-api.service[103411]: DEBUG neutron.db.ovn_revision_numbers_db [None req-5ac8701b-4076-4311-b653-2d76176a12ff admin admin] create_initial_revision uuid=46ebb65b-3bb5-454a-853e-74b0a0c43ea6, type=security_groups, rev=-1 {{(pid=103411) create_initial_revision /opt/stack/neutron/neutron/db/ovn_revision_numbers_db.py:98}}
May 09 07:22:20.975705 np0000172990 devstack@neutron-api.service[103411]: DEBUG neutron.db.ovn_revision_numbers_db [None req-5ac8701b-4076-4311-b653-2d76176a12ff admin admin] create_initial_revision uuid=2f142ba4-d008-4837-8b55-c119f2be9dd7, type=security_group_rules, rev=-1 {{(pid=103411) create_initial_revision /opt/stack/neutron/neutron/db/ovn_revision_numbers_db.py:98}}
May 09 07:22:20.976894 np0000172990 devstack@neutron-api.service[103411]: DEBUG neutron.db.ovn_revision_numbers_db [None req-5ac8701b-4076-4311-b653-2d76176a12ff admin admin] create_initial_revision uuid=308c2e2d-0e4e-4d0b-8232-22b20942f1e0, type=security_group_rules, rev=-1 {{(pid=103411) create_initial_revision /opt/stack/neutron/neutron/db/ovn_revision_numbers_db.py:98}}
May 09 07:22:20.978200 np0000172990 devstack@neutron-api.service[103411]: DEBUG neutron.db.ovn_revision_numbers_db [None req-5ac8701b-4076-4311-b653-2d76176a12ff admin admin] create_initial_revision uuid=bb92f4cb-9152-4f56-ba18-8326e3110601, type=security_group_rules, rev=-1 {{(pid=103411) create_initial_revision /opt/stack/neutron/neutron/db/ovn_revision_numbers_db.py:98}}
May 09 07:22:20.980202 np0000172990 devstack@neutron-api.service[103411]: DEBUG neutron.db.ovn_revision_numbers_db [None req-5ac8701b-4076-4311-b653-2d76176a12ff admin admin] create_initial_revision uuid=d07f229f-8a70-43c4-b863-4eeeebf5ed62, type=security_group_rules, rev=-1 {{(pid=103411) create_initial_revision /opt/stack/neutron/neutron/db/ovn_revision_numbers_db.py:98}}
May 09 07:22:20.991309 np0000172990 devstack@neutron-api.service[103411]: DEBUG neutron_lib.callbacks.manager [None req-5ac8701b-4076-4311-b653-2d76176a12ff admin admin] Publish callbacks ['neutron.plugins.ml2.drivers.ovn.mech_driver.mech_driver.OVNMechanismDriver._create_security_group-169125', 'neutron.plugins.ml2.ovo_rpc._ObjectChangeHandler.handle_event-2078977'] for security_group (46ebb65b-3bb5-454a-853e-74b0a0c43ea6), after_create {{(pid=103411) _notify_loop /opt/stack/data/venv/lib/python3.12/site-packages/neutron_lib/callbacks/manager.py:184}}
May 09 07:22:20.991632 np0000172990 devstack@neutron-api.service[103411]: INFO neutron.plugins.ml2.drivers.ovn.mech_driver.ovsdb.extensions.qos [None req-5ac8701b-4076-4311-b653-2d76176a12ff admin admin] Starting OVNClientQosExtension
May 09 07:22:20.991919 np0000172990 devstack@neutron-api.service[103411]: INFO neutron.plugins.ml2.drivers.ovn.mech_driver.ovsdb.extensions.placement [None req-5ac8701b-4076-4311-b653-2d76176a12ff admin admin] Starting OVNClientPlacementExtension
May 09 07:22:20.993655 np0000172990 devstack@neutron-api.service[103411]: DEBUG ovsdbapp.backend.ovs_idl.transaction [-] Running txn n=1 command(idx=0): PgAddCommand(_result=None, name=pg_46ebb65b_3bb5_454a_853e_74b0a0c43ea6, may_exist=False, columns={'acls': [], 'external_ids': {'neutron:security_group_id': '46ebb65b-3bb5-454a-853e-74b0a0c43ea6'}}) {{(pid=103411) do_commit /opt/stack/data/venv/lib/python3.12/site-packages/ovsdbapp/backend/ovs_idl/transaction.py:89}}
May 09 07:22:20.995865 np0000172990 devstack@neutron-api.service[103411]: DEBUG ovsdbapp.backend.ovs_idl.transaction [-] Running txn n=1 command(idx=1): PgAclAddCommand(_result=None, entity=pg_46ebb65b_3bb5_454a_853e_74b0a0c43ea6, direction=from-lport, priority=1002, match=inport == @pg_46ebb65b_3bb5_454a_853e_74b0a0c43ea6 && ip4, action=allow-related, log=False, may_exist=True, severity=[], name=[], meter=[], external_ids={'neutron:security_group_rule_id': '2f142ba4-d008-4837-8b55-c119f2be9dd7'}) {{(pid=103411) do_commit /opt/stack/data/venv/lib/python3.12/site-packages/ovsdbapp/backend/ovs_idl/transaction.py:89}}
May 09 07:22:20.996556 np0000172990 devstack@neutron-api.service[103411]: DEBUG ovsdbapp.backend.ovs_idl.transaction [-] Running txn n=1 command(idx=2): PgAclAddCommand(_result=None, entity=pg_46ebb65b_3bb5_454a_853e_74b0a0c43ea6, direction=from-lport, priority=1002, match=inport == @pg_46ebb65b_3bb5_454a_853e_74b0a0c43ea6 && ip6, action=allow-related, log=False, may_exist=True, severity=[], name=[], meter=[], external_ids={'neutron:security_group_rule_id': '308c2e2d-0e4e-4d0b-8232-22b20942f1e0'}) {{(pid=103411) do_commit /opt/stack/data/venv/lib/python3.12/site-packages/ovsdbapp/backend/ovs_idl/transaction.py:89}}
May 09 07:22:20.997048 np0000172990 devstack@neutron-api.service[103411]: DEBUG ovsdbapp.backend.ovs_idl.transaction [-] Running txn n=1 command(idx=3): PgAclAddCommand(_result=None, entity=pg_46ebb65b_3bb5_454a_853e_74b0a0c43ea6, direction=to-lport, priority=1002, match=outport == @pg_46ebb65b_3bb5_454a_853e_74b0a0c43ea6 && ip6 && ip6.src == $pg_46ebb65b_3bb5_454a_853e_74b0a0c43ea6_ip6, action=allow-related, log=False, may_exist=True, severity=[], name=[], meter=[], external_ids={'neutron:security_group_rule_id': 'bb92f4cb-9152-4f56-ba18-8326e3110601'}) {{(pid=103411) do_commit /opt/stack/data/venv/lib/python3.12/site-packages/ovsdbapp/backend/ovs_idl/transaction.py:89}}
May 09 07:22:20.997358 np0000172990 devstack@neutron-api.service[103411]: DEBUG ovsdbapp.backend.ovs_idl.transaction [-] Running txn n=1 command(idx=4): PgAclAddCommand(_result=None, entity=pg_46ebb65b_3bb5_454a_853e_74b0a0c43ea6, direction=to-lport, priority=1002, match=outport == @pg_46ebb65b_3bb5_454a_853e_74b0a0c43ea6 && ip4 && ip4.src == $pg_46ebb65b_3bb5_454a_853e_74b0a0c43ea6_ip4, action=allow-related, log=False, may_exist=True, severity=[], name=[], meter=[], external_ids={'neutron:security_group_rule_id': 'd07f229f-8a70-43c4-b863-4eeeebf5ed62'}) {{(pid=103411) do_commit /opt/stack/data/venv/lib/python3.12/site-packages/ovsdbapp/backend/ovs_idl/transaction.py:89}}
May 09 07:22:21.002216 np0000172990 devstack@neutron-api.service[103411]: DEBUG neutron.plugins.ml2.drivers.ovn.mech_driver.ovsdb.ovsdb_monitor [-] Hash Ring: Node d5754c7c8a705d2196ac06851a32e17a (host: np0000172990) handling event "create" for row 6392c493-9ce3-47b6-bdf4-feba950ccb07 (table: ACL) {{(pid=103411) notify /opt/stack/neutron/neutron/plugins/ml2/drivers/ovn/mech_driver/ovsdb/ovsdb_monitor.py:942}}
May 09 07:22:21.004601 np0000172990 devstack@neutron-api.service[103412]: DEBUG neutron.plugins.ml2.drivers.ovn.mech_driver.ovsdb.ovsdb_monitor [-] Hash Ring: Node 43d202a6770655d1b160dd8bf4ac7239 (host: np0000172990) handling event "create" for row 6392c493-9ce3-47b6-bdf4-feba950ccb07 (table: ACL) {{(pid=103412) notify /opt/stack/neutron/neutron/plugins/ml2/drivers/ovn/mech_driver/ovsdb/ovsdb_monitor.py:942}}
May 09 07:22:21.004914 np0000172990 devstack@neutron-api.service[103412]: DEBUG neutron.plugins.ml2.drivers.ovn.mech_driver.ovsdb.ovsdb_monitor [-] Hash Ring: Node 43d202a6770655d1b160dd8bf4ac7239 (host: np0000172990) handling event "create" for row 9302d9d8-d489-41da-9358-854e73535dc4 (table: ACL) {{(pid=103412) notify /opt/stack/neutron/neutron/plugins/ml2/drivers/ovn/mech_driver/ovsdb/ovsdb_monitor.py:942}}
May 09 07:22:21.005188 np0000172990 devstack@neutron-api.service[103412]: DEBUG neutron.plugins.ml2.drivers.ovn.mech_driver.ovsdb.ovsdb_monitor [-] Hash Ring: Node 43d202a6770655d1b160dd8bf4ac7239 (host: np0000172990) handling event "create" for row f6ca790f-fae4-4f30-ace2-70f0e3466b70 (table: ACL) {{(pid=103412) notify /opt/stack/neutron/neutron/plugins/ml2/drivers/ovn/mech_driver/ovsdb/ovsdb_monitor.py:942}}
May 09 07:22:21.005501 np0000172990 devstack@neutron-api.service[103412]: DEBUG neutron.plugins.ml2.drivers.ovn.mech_driver.ovsdb.ovsdb_monitor [-] Hash Ring: Node 43d202a6770655d1b160dd8bf4ac7239 (host: np0000172990) handling event "create" for row fcab08f4-294c-45bd-b0b8-c0142d642932 (table: ACL) {{(pid=103412) notify /opt/stack/neutron/neutron/plugins/ml2/drivers/ovn/mech_driver/ovsdb/ovsdb_monitor.py:942}}
May 09 07:22:21.005772 np0000172990 devstack@neutron-api.service[103412]: DEBUG neutron.plugins.ml2.drivers.ovn.mech_driver.ovsdb.ovsdb_monitor [-] Hash Ring: Node 43d202a6770655d1b160dd8bf4ac7239 (host: np0000172990) handling event "create" for row 280ac5f8-7acc-40a0-8166-b591a7d5f232 (table: Port_Group) {{(pid=103412) notify /opt/stack/neutron/neutron/plugins/ml2/drivers/ovn/mech_driver/ovsdb/ovsdb_monitor.py:942}}
May 09 07:22:21.006630 np0000172990 devstack@neutron-api.service[103409]: DEBUG neutron.plugins.ml2.drivers.ovn.mech_driver.ovsdb.ovsdb_monitor [-] Hash Ring: Node 438ad1a572645cc28072b58a820e8e7d (host: np0000172990) handling event "create" for row 9302d9d8-d489-41da-9358-854e73535dc4 (table: ACL) {{(pid=103409) notify /opt/stack/neutron/neutron/plugins/ml2/drivers/ovn/mech_driver/ovsdb/ovsdb_monitor.py:942}}
May 09 07:22:21.008430 np0000172990 devstack@neutron-api.service[103410]: DEBUG neutron.plugins.ml2.drivers.ovn.mech_driver.ovsdb.ovsdb_monitor [-] Hash Ring: Node a5f7f2f0354750f1bfed0d055b403135 (host: np0000172990) handling event "create" for row 280ac5f8-7acc-40a0-8166-b591a7d5f232 (table: Port_Group) {{(pid=103410) notify /opt/stack/neutron/neutron/plugins/ml2/drivers/ovn/mech_driver/ovsdb/ovsdb_monitor.py:942}}
May 09 07:22:21.038638 np0000172990 devstack@neutron-api.service[103411]: INFO neutron.db.ovn_revision_numbers_db [None req-5ac8701b-4076-4311-b653-2d76176a12ff admin admin] Successfully bumped revision number for resource 46ebb65b-3bb5-454a-853e-74b0a0c43ea6 (type: security_groups) to 1
May 09 07:22:21.060084 np0000172990 devstack@neutron-api.service[103411]: INFO neutron.db.ovn_revision_numbers_db [None req-5ac8701b-4076-4311-b653-2d76176a12ff admin admin] Successfully bumped revision number for resource 2f142ba4-d008-4837-8b55-c119f2be9dd7 (type: security_group_rules) to 0
May 09 07:22:21.074923 np0000172990 devstack@neutron-api.service[103411]: INFO neutron.db.ovn_revision_numbers_db [None req-5ac8701b-4076-4311-b653-2d76176a12ff admin admin] Successfully bumped revision number for resource 308c2e2d-0e4e-4d0b-8232-22b20942f1e0 (type: security_group_rules) to 0
May 09 07:22:21.089241 np0000172990 devstack@neutron-api.service[103411]: INFO neutron.db.ovn_revision_numbers_db [None req-5ac8701b-4076-4311-b653-2d76176a12ff admin admin] Successfully bumped revision number for resource bb92f4cb-9152-4f56-ba18-8326e3110601 (type: security_group_rules) to 0
May 09 07:22:21.104518 np0000172990 devstack@neutron-api.service[103411]: INFO neutron.db.ovn_revision_numbers_db [None req-5ac8701b-4076-4311-b653-2d76176a12ff admin admin] Successfully bumped revision number for resource d07f229f-8a70-43c4-b863-4eeeebf5ed62 (type: security_group_rules) to 0
May 09 07:22:21.134899 np0000172990 devstack@neutron-api.service[103411]: DEBUG neutron.api.rpc.handlers.resources_rpc [None req-5ac8701b-4076-4311-b653-2d76176a12ff admin admin] Pushing event updated for resources: {'SecurityGroup': ['ID=46ebb65b-3bb5-454a-853e-74b0a0c43ea6,revision_number=1']} {{(pid=103411) push /opt/stack/neutron/neutron/api/rpc/handlers/resources_rpc.py:237}}
May 09 07:22:21.142199 np0000172990 devstack@neutron-api.service[103411]: DEBUG ovsdbapp.backend.ovs_idl.transaction [-] Running txn n=1 command(idx=0): CheckLivenessCommand(_result=None) {{(pid=103411) do_commit /opt/stack/data/venv/lib/python3.12/site-packages/ovsdbapp/backend/ovs_idl/transaction.py:89}}
May 09 07:22:21.145385 np0000172990 devstack@neutron-api.service[103412]: DEBUG neutron.plugins.ml2.drivers.ovn.mech_driver.ovsdb.ovsdb_monitor [-] Hash Ring: Node 43d202a6770655d1b160dd8bf4ac7239 (host: np0000172990) handling event "update" for row 4997c52e-1cbb-48d6-a0f1-9f3f6f04485a (table: NB_Global) {{(pid=103412) notify /opt/stack/neutron/neutron/plugins/ml2/drivers/ovn/mech_driver/ovsdb/ovsdb_monitor.py:942}}
May 09 07:22:21.145869 np0000172990 devstack@neutron-api.service[103411]: DEBUG neutron.plugins.ml2.drivers.ovn.mech_driver.ovsdb.ovsdb_monitor [-] Hash Ring: Node d5754c7c8a705d2196ac06851a32e17a (host: np0000172990) handling event "update" for row 4997c52e-1cbb-48d6-a0f1-9f3f6f04485a (table: NB_Global) {{(pid=103411) notify /opt/stack/neutron/neutron/plugins/ml2/drivers/ovn/mech_driver/ovsdb/ovsdb_monitor.py:942}}
May 09 07:22:21.148178 np0000172990 devstack@neutron-api.service[103411]: DEBUG neutron.plugins.ml2.drivers.ovn.mech_driver.ovsdb.ovsdb_monitor [-] Hash Ring: Node d5754c7c8a705d2196ac06851a32e17a (host: np0000172990) handling event "update" for row 4997c52e-1cbb-48d6-a0f1-9f3f6f04485a (table: NB_Global) {{(pid=103411) notify /opt/stack/neutron/neutron/plugins/ml2/drivers/ovn/mech_driver/ovsdb/ovsdb_monitor.py:942}}
May 09 07:22:21.148855 np0000172990 devstack@neutron-api.service[103409]: DEBUG neutron.plugins.ml2.drivers.ovn.mech_driver.ovsdb.ovsdb_monitor [-] ChassisAgentWriteEvent : Matched Chassis_Private, update, None None {{(pid=103409) matches /opt/stack/neutron/neutron/plugins/ml2/drivers/ovn/mech_driver/ovsdb/ovsdb_monitor.py:64}}
May 09 07:22:21.149254 np0000172990 devstack@neutron-api.service[103412]: DEBUG neutron.plugins.ml2.drivers.ovn.mech_driver.ovsdb.ovsdb_monitor [-] Hash Ring: Node 43d202a6770655d1b160dd8bf4ac7239 (host: np0000172990) handling event "update" for row 4997c52e-1cbb-48d6-a0f1-9f3f6f04485a (table: NB_Global) {{(pid=103412) notify /opt/stack/neutron/neutron/plugins/ml2/drivers/ovn/mech_driver/ovsdb/ovsdb_monitor.py:942}}
May 09 07:22:21.152447 np0000172990 devstack@neutron-api.service[103410]: DEBUG neutron.plugins.ml2.drivers.ovn.mech_driver.ovsdb.ovsdb_monitor [-] ChassisAgentWriteEvent : Matched Chassis_Private, update, None None {{(pid=103410) matches /opt/stack/neutron/neutron/plugins/ml2/drivers/ovn/mech_driver/ovsdb/ovsdb_monitor.py:64}}
May 09 07:22:21.152565 np0000172990 devstack@neutron-api.service[103412]: DEBUG neutron.plugins.ml2.drivers.ovn.mech_driver.ovsdb.ovsdb_monitor [-] ChassisAgentWriteEvent : Matched Chassis_Private, update, None None {{(pid=103412) matches /opt/stack/neutron/neutron/plugins/ml2/drivers/ovn/mech_driver/ovsdb/ovsdb_monitor.py:64}}
May 09 07:22:21.154541 np0000172990 devstack@neutron-api.service[103411]: DEBUG neutron.plugins.ml2.drivers.ovn.mech_driver.ovsdb.ovsdb_monitor [-] Hash Ring: Node d5754c7c8a705d2196ac06851a32e17a (host: np0000172990) handling event "update" for row 4997c52e-1cbb-48d6-a0f1-9f3f6f04485a (table: NB_Global) {{(pid=103411) notify /opt/stack/neutron/neutron/plugins/ml2/drivers/ovn/mech_driver/ovsdb/ovsdb_monitor.py:942}}
May 09 07:22:21.156588 np0000172990 devstack@neutron-api.service[103410]: DEBUG neutron.plugins.ml2.drivers.ovn.mech_driver.ovsdb.ovsdb_monitor [-] ChassisOVNAgentWriteEvent : Matched Chassis_Private, update, None None {{(pid=103410) matches /opt/stack/neutron/neutron/plugins/ml2/drivers/ovn/mech_driver/ovsdb/ovsdb_monitor.py:64}}
May 09 07:22:21.158114 np0000172990 devstack@neutron-api.service[103409]: DEBUG neutron.plugins.ml2.drivers.ovn.mech_driver.ovsdb.ovsdb_monitor [-] ChassisOVNAgentWriteEvent : Matched Chassis_Private, update, None None {{(pid=103409) matches /opt/stack/neutron/neutron/plugins/ml2/drivers/ovn/mech_driver/ovsdb/ovsdb_monitor.py:64}}
May 09 07:22:21.158190 np0000172990 devstack@neutron-api.service[103411]: DEBUG neutron.plugins.ml2.drivers.ovn.mech_driver.ovsdb.ovsdb_monitor [-] Hash Ring: Node d5754c7c8a705d2196ac06851a32e17a (host: np0000172990) handling event "update" for row 4997c52e-1cbb-48d6-a0f1-9f3f6f04485a (table: NB_Global) {{(pid=103411) notify /opt/stack/neutron/neutron/plugins/ml2/drivers/ovn/mech_driver/ovsdb/ovsdb_monitor.py:942}}
May 09 07:22:21.158261 np0000172990 devstack@neutron-api.service[103412]: DEBUG neutron.plugins.ml2.drivers.ovn.mech_driver.ovsdb.ovsdb_monitor [-] Hash Ring: Node 43d202a6770655d1b160dd8bf4ac7239 (host: np0000172990) handling event "update" for row 4997c52e-1cbb-48d6-a0f1-9f3f6f04485a (table: NB_Global) {{(pid=103412) notify /opt/stack/neutron/neutron/plugins/ml2/drivers/ovn/mech_driver/ovsdb/ovsdb_monitor.py:942}}
May 09 07:22:21.158871 np0000172990 devstack@neutron-api.service[103411]: DEBUG neutron.plugins.ml2.drivers.ovn.mech_driver.ovsdb.ovsdb_monitor [-] ChassisAgentWriteEvent : Matched Chassis_Private, update, None None {{(pid=103411) matches /opt/stack/neutron/neutron/plugins/ml2/drivers/ovn/mech_driver/ovsdb/ovsdb_monitor.py:64}}
May 09 07:22:21.158988 np0000172990 devstack@neutron-api.service[103412]: DEBUG neutron.plugins.ml2.drivers.ovn.mech_driver.ovsdb.ovsdb_monitor [-] Hash Ring: Node 43d202a6770655d1b160dd8bf4ac7239 (host: np0000172990) handling event "update" for row 4997c52e-1cbb-48d6-a0f1-9f3f6f04485a (table: NB_Global) {{(pid=103412) notify /opt/stack/neutron/neutron/plugins/ml2/drivers/ovn/mech_driver/ovsdb/ovsdb_monitor.py:942}}
May 09 07:22:21.159370 np0000172990 devstack@neutron-api.service[103411]: DEBUG neutron.plugins.ml2.drivers.ovn.mech_driver.ovsdb.ovsdb_monitor [-] Hash Ring: Node d5754c7c8a705d2196ac06851a32e17a (host: np0000172990) handling event "update" for row 24075d68-09f8-4ba5-85e0-ea0b6a88809b (table: Chassis_Private) {{(pid=103411) notify /opt/stack/neutron/neutron/plugins/ml2/drivers/ovn/mech_driver/ovsdb/ovsdb_monitor.py:942}}
May 09 07:22:21.162055 np0000172990 devstack@neutron-api.service[103412]: DEBUG neutron.common.ovn.hash_ring_manager [-] Allow caching, nodes 4>=4 {{(pid=103412) _wait_startup_before_caching /opt/stack/neutron/neutron/common/ovn/hash_ring_manager.py:65}}
May 09 07:22:21.162237 np0000172990 devstack@neutron-api.service[103412]: DEBUG neutron.plugins.ml2.drivers.ovn.mech_driver.ovsdb.ovsdb_monitor [-] Hash Ring: Node 43d202a6770655d1b160dd8bf4ac7239 (host: np0000172990) handling event "update" for row 24075d68-09f8-4ba5-85e0-ea0b6a88809b (table: Chassis_Private) {{(pid=103412) notify /opt/stack/neutron/neutron/plugins/ml2/drivers/ovn/mech_driver/ovsdb/ovsdb_monitor.py:942}}
May 09 07:22:21.162506 np0000172990 devstack@neutron-api.service[103411]: DEBUG neutron.api.rpc.callbacks.version_manager [None req-5ac8701b-4076-4311-b653-2d76176a12ff admin admin] Tracked resource versions report:
May 09 07:22:21.162506 np0000172990 devstack@neutron-api.service[103411]: pushed versions:
May 09 07:22:21.162506 np0000172990 devstack@neutron-api.service[103411]: { 'AddressGroup': {'1.2'},
May 09 07:22:21.162506 np0000172990 devstack@neutron-api.service[103411]: 'Agent': {'1.1'},
May 09 07:22:21.162506 np0000172990 devstack@neutron-api.service[103411]: 'ConntrackHelper': {'1.0'},
May 09 07:22:21.162506 np0000172990 devstack@neutron-api.service[103411]: 'LocalIPAssociation': {'1.0'},
May 09 07:22:21.162506 np0000172990 devstack@neutron-api.service[103411]: 'Log': {'1.0'},
May 09 07:22:21.162506 np0000172990 devstack@neutron-api.service[103411]: 'NDPProxy': {'1.0'},
May 09 07:22:21.162506 np0000172990 devstack@neutron-api.service[103411]: 'Network': {'1.2'},
May 09 07:22:21.162506 np0000172990 devstack@neutron-api.service[103411]: 'Port': {'1.10'},
May 09 07:22:21.162506 np0000172990 devstack@neutron-api.service[103411]: 'PortForwarding': {'1.3'},
May 09 07:22:21.162506 np0000172990 devstack@neutron-api.service[103411]: 'QosPolicy': {'1.10'},
May 09 07:22:21.162506 np0000172990 devstack@neutron-api.service[103411]: 'SecurityGroup': {'1.6'},
May 09 07:22:21.162506 np0000172990 devstack@neutron-api.service[103411]: 'SecurityGroupRule': {'1.3'},
May 09 07:22:21.162506 np0000172990 devstack@neutron-api.service[103411]: 'SubPort': {'1.0'},
May 09 07:22:21.162506 np0000172990 devstack@neutron-api.service[103411]: 'Subnet': {'1.2'},
May 09 07:22:21.162506 np0000172990 devstack@neutron-api.service[103411]: 'Trunk': {'1.1'}}
May 09 07:22:21.162506 np0000172990 devstack@neutron-api.service[103411]: consumer versions:
May 09 07:22:21.162506 np0000172990 devstack@neutron-api.service[103411]: {}
May 09 07:22:21.162506 np0000172990 devstack@neutron-api.service[103411]: {{(pid=103411) report /opt/stack/neutron/neutron/api/rpc/callbacks/version_manager.py:183}}
May 09 07:22:21.163148 np0000172990 devstack@neutron-api.service[103412]: DEBUG neutron.plugins.ml2.drivers.ovn.mech_driver.ovsdb.ovsdb_monitor [-] ChassisOVNAgentWriteEvent : Matched Chassis_Private, update, None None {{(pid=103412) matches /opt/stack/neutron/neutron/plugins/ml2/drivers/ovn/mech_driver/ovsdb/ovsdb_monitor.py:64}}
May 09 07:22:21.163414 np0000172990 devstack@neutron-api.service[103412]: DEBUG neutron.plugins.ml2.drivers.ovn.mech_driver.ovsdb.ovsdb_monitor [-] Hash Ring: Node 43d202a6770655d1b160dd8bf4ac7239 (host: np0000172990) handling event "update" for row 24075d68-09f8-4ba5-85e0-ea0b6a88809b (table: Chassis_Private) {{(pid=103412) notify /opt/stack/neutron/neutron/plugins/ml2/drivers/ovn/mech_driver/ovsdb/ovsdb_monitor.py:942}}
May 09 07:22:21.168309 np0000172990 devstack@neutron-api.service[103411]: DEBUG neutron.plugins.ml2.drivers.ovn.mech_driver.ovsdb.ovsdb_monitor [-] ChassisOVNAgentWriteEvent : Matched Chassis_Private, update, None None {{(pid=103411) matches /opt/stack/neutron/neutron/plugins/ml2/drivers/ovn/mech_driver/ovsdb/ovsdb_monitor.py:64}}
