Mar 23 05:32:10.222428 np0000160285 neutron-periodic-workers[103701]: DEBUG cotyledon.oslo_config_glue [-] ml2.path_mtu = 0 {{(pid=103701) log_opt_values /opt/stack/data/venv/lib/python3.12/site-packages/oslo_config/cfg.py:3006}}
Mar 23 05:32:10.222428 np0000160285 neutron-periodic-workers[103701]: DEBUG cotyledon.oslo_config_glue [-] ml2.physical_network_mtus = {} {{(pid=103701) log_opt_values /opt/stack/data/venv/lib/python3.12/site-packages/oslo_config/cfg.py:3006}}
Mar 23 05:32:10.222428 np0000160285 neutron-periodic-workers[103701]: DEBUG cotyledon.oslo_config_glue [-] ml2.project_network_types = ['geneve'] {{(pid=103701) log_opt_values /opt/stack/data/venv/lib/python3.12/site-packages/oslo_config/cfg.py:3006}}
Mar 23 05:32:10.222428 np0000160285 neutron-periodic-workers[103701]: DEBUG cotyledon.oslo_config_glue [-] ml2.tunnelled_network_rp_name = rp_tunnelled {{(pid=103701) log_opt_values /opt/stack/data/venv/lib/python3.12/site-packages/oslo_config/cfg.py:3006}}
Mar 23 05:32:10.222428 np0000160285 neutron-periodic-workers[103701]: DEBUG cotyledon.oslo_config_glue [-] ml2.type_drivers = ['local', 'flat', 'vlan', 'geneve'] {{(pid=103701) log_opt_values /opt/stack/data/venv/lib/python3.12/site-packages/oslo_config/cfg.py:3006}}
Mar 23 05:32:10.222428 np0000160285 neutron-periodic-workers[103701]: DEBUG cotyledon.oslo_config_glue [-] ml2_type_flat.flat_networks = ['public'] {{(pid=103701) log_opt_values /opt/stack/data/venv/lib/python3.12/site-packages/oslo_config/cfg.py:3006}}
Mar 23 05:32:10.222428 np0000160285 neutron-periodic-workers[103701]: DEBUG cotyledon.oslo_config_glue [-] ml2_type_geneve.max_header_size = 38 {{(pid=103701) log_opt_values /opt/stack/data/venv/lib/python3.12/site-packages/oslo_config/cfg.py:3006}}
Mar 23 05:32:10.222428 np0000160285 neutron-periodic-workers[103701]: DEBUG cotyledon.oslo_config_glue [-] ml2_type_geneve.vni_ranges = ['1:65536'] {{(pid=103701) log_opt_values /opt/stack/data/venv/lib/python3.12/site-packages/oslo_config/cfg.py:3006}}
Mar 23 05:32:10.222766 np0000160285 neutron-periodic-workers[103701]: DEBUG cotyledon.oslo_config_glue [-] ml2_type_vlan.network_vlan_ranges = ['public'] {{(pid=103701) log_opt_values /opt/stack/data/venv/lib/python3.12/site-packages/oslo_config/cfg.py:3006}}
Mar 23 05:32:10.222766 np0000160285 neutron-periodic-workers[103701]: DEBUG cotyledon.oslo_config_glue [-] network_log.burst_limit = 25 {{(pid=103701) log_opt_values /opt/stack/data/venv/lib/python3.12/site-packages/oslo_config/cfg.py:3006}}
Mar 23 05:32:10.222766 np0000160285 neutron-periodic-workers[103701]: DEBUG cotyledon.oslo_config_glue [-] network_log.local_output_log_base = None {{(pid=103701) log_opt_values /opt/stack/data/venv/lib/python3.12/site-packages/oslo_config/cfg.py:3006}}
Mar 23 05:32:10.222766 np0000160285 neutron-periodic-workers[103701]: DEBUG cotyledon.oslo_config_glue [-] network_log.rate_limit = 100 {{(pid=103701) log_opt_values /opt/stack/data/venv/lib/python3.12/site-packages/oslo_config/cfg.py:3006}}
Mar 23 05:32:10.222766 np0000160285 neutron-periodic-workers[103701]: DEBUG cotyledon.oslo_config_glue [-] database.asyncio_connection = **** {{(pid=103701) log_opt_values /opt/stack/data/venv/lib/python3.12/site-packages/oslo_config/cfg.py:3006}}
Mar 23 05:32:10.222766 np0000160285 neutron-periodic-workers[103701]: DEBUG cotyledon.oslo_config_glue [-] database.asyncio_slave_connection = **** {{(pid=103701) log_opt_values /opt/stack/data/venv/lib/python3.12/site-packages/oslo_config/cfg.py:3006}}
Mar 23 05:32:10.222766 np0000160285 neutron-periodic-workers[103701]: DEBUG cotyledon.oslo_config_glue [-] database.backend = sqlalchemy {{(pid=103701) log_opt_values /opt/stack/data/venv/lib/python3.12/site-packages/oslo_config/cfg.py:3006}}
Mar 23 05:32:10.222766 np0000160285 neutron-periodic-workers[103701]: DEBUG cotyledon.oslo_config_glue [-] database.connection = **** {{(pid=103701) log_opt_values /opt/stack/data/venv/lib/python3.12/site-packages/oslo_config/cfg.py:3006}}
Mar 23 05:32:10.222766 np0000160285 neutron-periodic-workers[103701]: DEBUG cotyledon.oslo_config_glue [-] database.connection_debug = 0 {{(pid=103701) log_opt_values /opt/stack/data/venv/lib/python3.12/site-packages/oslo_config/cfg.py:3006}}
Mar 23 05:32:10.223180 np0000160285 neutron-periodic-workers[103701]: DEBUG cotyledon.oslo_config_glue [-] database.connection_parameters = {{(pid=103701) log_opt_values /opt/stack/data/venv/lib/python3.12/site-packages/oslo_config/cfg.py:3006}}
Mar 23 05:32:10.223180 np0000160285 neutron-periodic-workers[103701]: DEBUG cotyledon.oslo_config_glue [-] database.connection_recycle_time = 3600 {{(pid=103701) log_opt_values /opt/stack/data/venv/lib/python3.12/site-packages/oslo_config/cfg.py:3006}}
Mar 23 05:32:10.223180 np0000160285 neutron-periodic-workers[103701]: DEBUG cotyledon.oslo_config_glue [-] database.connection_trace = False {{(pid=103701) log_opt_values /opt/stack/data/venv/lib/python3.12/site-packages/oslo_config/cfg.py:3006}}
Mar 23 05:32:10.223180 np0000160285 neutron-periodic-workers[103701]: DEBUG cotyledon.oslo_config_glue [-] database.db_inc_retry_interval = True {{(pid=103701) log_opt_values /opt/stack/data/venv/lib/python3.12/site-packages/oslo_config/cfg.py:3006}}
Mar 23 05:32:10.223180 np0000160285 neutron-periodic-workers[103701]: DEBUG cotyledon.oslo_config_glue [-] database.db_max_retries = 20 {{(pid=103701) log_opt_values /opt/stack/data/venv/lib/python3.12/site-packages/oslo_config/cfg.py:3006}}
Mar 23 05:32:10.223180 np0000160285 neutron-periodic-workers[103701]: DEBUG cotyledon.oslo_config_glue [-] database.db_max_retry_interval = 10 {{(pid=103701) log_opt_values /opt/stack/data/venv/lib/python3.12/site-packages/oslo_config/cfg.py:3006}}
Mar 23 05:32:10.223180 np0000160285 neutron-periodic-workers[103701]: DEBUG cotyledon.oslo_config_glue [-] database.db_retry_interval = 1 {{(pid=103701) log_opt_values /opt/stack/data/venv/lib/python3.12/site-packages/oslo_config/cfg.py:3006}}
Mar 23 05:32:10.223180 np0000160285 neutron-periodic-workers[103701]: DEBUG cotyledon.oslo_config_glue [-] database.max_overflow = 50 {{(pid=103701) log_opt_values /opt/stack/data/venv/lib/python3.12/site-packages/oslo_config/cfg.py:3006}}
Mar 23 05:32:10.223180 np0000160285 neutron-periodic-workers[103701]: DEBUG cotyledon.oslo_config_glue [-] database.max_pool_size = 5 {{(pid=103701) log_opt_values /opt/stack/data/venv/lib/python3.12/site-packages/oslo_config/cfg.py:3006}}
Mar 23 05:32:10.223612 np0000160285 neutron-periodic-workers[103701]: DEBUG cotyledon.oslo_config_glue [-] database.max_retries = 10 {{(pid=103701) log_opt_values /opt/stack/data/venv/lib/python3.12/site-packages/oslo_config/cfg.py:3006}}
Mar 23 05:32:10.223612 np0000160285 neutron-periodic-workers[103701]: DEBUG cotyledon.oslo_config_glue [-] database.mysql_sql_mode = TRADITIONAL {{(pid=103701) log_opt_values /opt/stack/data/venv/lib/python3.12/site-packages/oslo_config/cfg.py:3006}}
Mar 23 05:32:10.223612 np0000160285 neutron-periodic-workers[103701]: DEBUG cotyledon.oslo_config_glue [-] database.mysql_wsrep_sync_wait = None {{(pid=103701) log_opt_values /opt/stack/data/venv/lib/python3.12/site-packages/oslo_config/cfg.py:3006}}
Mar 23 05:32:10.223612 np0000160285 neutron-periodic-workers[103701]: DEBUG cotyledon.oslo_config_glue [-] database.pool_timeout = None {{(pid=103701) log_opt_values /opt/stack/data/venv/lib/python3.12/site-packages/oslo_config/cfg.py:3006}}
Mar 23 05:32:10.223612 np0000160285 neutron-periodic-workers[103701]: DEBUG cotyledon.oslo_config_glue [-] database.retry_interval = 10 {{(pid=103701) log_opt_values /opt/stack/data/venv/lib/python3.12/site-packages/oslo_config/cfg.py:3006}}
Mar 23 05:32:10.223612 np0000160285 neutron-periodic-workers[103701]: DEBUG cotyledon.oslo_config_glue [-] database.slave_connection = **** {{(pid=103701) log_opt_values /opt/stack/data/venv/lib/python3.12/site-packages/oslo_config/cfg.py:3006}}
Mar 23 05:32:10.223612 np0000160285 neutron-periodic-workers[103701]: DEBUG cotyledon.oslo_config_glue [-] database.sqlite_synchronous = True {{(pid=103701) log_opt_values /opt/stack/data/venv/lib/python3.12/site-packages/oslo_config/cfg.py:3006}}
Mar 23 05:32:10.223612 np0000160285 neutron-periodic-workers[103701]: DEBUG cotyledon.oslo_config_glue [-] database.synchronous_reader = True {{(pid=103701) log_opt_values /opt/stack/data/venv/lib/python3.12/site-packages/oslo_config/cfg.py:3006}}
Mar 23 05:32:10.223612 np0000160285 neutron-periodic-workers[103701]: DEBUG cotyledon.oslo_config_glue [-] database.use_db_reconnect = False {{(pid=103701) log_opt_values /opt/stack/data/venv/lib/python3.12/site-packages/oslo_config/cfg.py:3006}}
Mar 23 05:32:10.224036 np0000160285 neutron-periodic-workers[103701]: DEBUG cotyledon.oslo_config_glue [-] ovn.bfd_min_rx = 1000 {{(pid=103701) log_opt_values /opt/stack/data/venv/lib/python3.12/site-packages/oslo_config/cfg.py:3006}}
Mar 23 05:32:10.224036 np0000160285 neutron-periodic-workers[103701]: DEBUG cotyledon.oslo_config_glue [-] ovn.bfd_min_tx = 100 {{(pid=103701) log_opt_values /opt/stack/data/venv/lib/python3.12/site-packages/oslo_config/cfg.py:3006}}
Mar 23 05:32:10.224036 np0000160285 neutron-periodic-workers[103701]: DEBUG cotyledon.oslo_config_glue [-] ovn.bfd_mult = 3 {{(pid=103701) log_opt_values /opt/stack/data/venv/lib/python3.12/site-packages/oslo_config/cfg.py:3006}}
Mar 23 05:32:10.224036 np0000160285 neutron-periodic-workers[103701]: DEBUG cotyledon.oslo_config_glue [-] ovn.broadcast_arps_to_all_routers = True {{(pid=103701) log_opt_values /opt/stack/data/venv/lib/python3.12/site-packages/oslo_config/cfg.py:3006}}
Mar 23 05:32:10.224036 np0000160285 neutron-periodic-workers[103701]: DEBUG cotyledon.oslo_config_glue [-] ovn.dhcp_default_lease_time = 43200 {{(pid=103701) log_opt_values /opt/stack/data/venv/lib/python3.12/site-packages/oslo_config/cfg.py:3006}}
Mar 23 05:32:10.224036 np0000160285 neutron-periodic-workers[103701]: DEBUG cotyledon.oslo_config_glue [-] ovn.disable_ovn_dhcp_for_baremetal_ports = False {{(pid=103701) log_opt_values /opt/stack/data/venv/lib/python3.12/site-packages/oslo_config/cfg.py:3006}}
Mar 23 05:32:10.224036 np0000160285 neutron-periodic-workers[103701]: DEBUG cotyledon.oslo_config_glue [-] ovn.dns_records_ovn_owned = False {{(pid=103701) log_opt_values /opt/stack/data/venv/lib/python3.12/site-packages/oslo_config/cfg.py:3006}}
Mar 23 05:32:10.224036 np0000160285 neutron-periodic-workers[103701]: DEBUG cotyledon.oslo_config_glue [-] ovn.dns_servers = [] {{(pid=103701) log_opt_values /opt/stack/data/venv/lib/python3.12/site-packages/oslo_config/cfg.py:3006}}
Mar 23 05:32:10.224036 np0000160285 neutron-periodic-workers[103701]: DEBUG cotyledon.oslo_config_glue [-] ovn.enable_distributed_floating_ip = False {{(pid=103701) log_opt_values /opt/stack/data/venv/lib/python3.12/site-packages/oslo_config/cfg.py:3006}}
Mar 23 05:32:10.224411 np0000160285 neutron-periodic-workers[103701]: DEBUG cotyledon.oslo_config_glue [-] ovn.fdb_age_threshold = 300 {{(pid=103701) log_opt_values /opt/stack/data/venv/lib/python3.12/site-packages/oslo_config/cfg.py:3006}}
Mar 23 05:32:10.224411 np0000160285 neutron-periodic-workers[103701]: DEBUG cotyledon.oslo_config_glue [-] ovn.ha_failover_strategy = normal {{(pid=103701) log_opt_values /opt/stack/data/venv/lib/python3.12/site-packages/oslo_config/cfg.py:3006}}
Mar 23 05:32:10.224411 np0000160285 neutron-periodic-workers[103701]: DEBUG cotyledon.oslo_config_glue [-] ovn.live_migration_activation_strategy = rarp {{(pid=103701) log_opt_values /opt/stack/data/venv/lib/python3.12/site-packages/oslo_config/cfg.py:3006}}
Mar 23 05:32:10.224411 np0000160285 neutron-periodic-workers[103701]: DEBUG cotyledon.oslo_config_glue [-] ovn.localnet_learn_fdb = False {{(pid=103701) log_opt_values /opt/stack/data/venv/lib/python3.12/site-packages/oslo_config/cfg.py:3006}}
Mar 23 05:32:10.224411 np0000160285 neutron-periodic-workers[103701]: DEBUG cotyledon.oslo_config_glue [-] ovn.mac_binding_age_threshold = 300 {{(pid=103701) log_opt_values /opt/stack/data/venv/lib/python3.12/site-packages/oslo_config/cfg.py:3006}}
Mar 23 05:32:10.224411 np0000160285 neutron-periodic-workers[103701]: DEBUG cotyledon.oslo_config_glue [-] ovn.neutron_sync_mode = log {{(pid=103701) log_opt_values /opt/stack/data/venv/lib/python3.12/site-packages/oslo_config/cfg.py:3006}}
Mar 23 05:32:10.224411 np0000160285 neutron-periodic-workers[103701]: DEBUG cotyledon.oslo_config_glue [-] ovn.ovn_dhcp4_global_options = {} {{(pid=103701) log_opt_values /opt/stack/data/venv/lib/python3.12/site-packages/oslo_config/cfg.py:3006}}
Mar 23 05:32:10.224411 np0000160285 neutron-periodic-workers[103701]: DEBUG cotyledon.oslo_config_glue [-] ovn.ovn_dhcp6_global_options = {} {{(pid=103701) log_opt_values /opt/stack/data/venv/lib/python3.12/site-packages/oslo_config/cfg.py:3006}}
Mar 23 05:32:10.224411 np0000160285 neutron-periodic-workers[103701]: DEBUG cotyledon.oslo_config_glue [-] ovn.ovn_l3_scheduler = leastloaded {{(pid=103701) log_opt_values /opt/stack/data/venv/lib/python3.12/site-packages/oslo_config/cfg.py:3006}}
Mar 23 05:32:10.224733 np0000160285 neutron-periodic-workers[103701]: DEBUG cotyledon.oslo_config_glue [-] ovn.ovn_metadata_enabled = True {{(pid=103701) log_opt_values /opt/stack/data/venv/lib/python3.12/site-packages/oslo_config/cfg.py:3006}}
Mar 23 05:32:10.224733 np0000160285 neutron-periodic-workers[103701]: DEBUG cotyledon.oslo_config_glue [-] ovn.ovn_nb_ca_cert = /opt/stack/data/CA/int-ca/ca-chain.pem {{(pid=103701) log_opt_values /opt/stack/data/venv/lib/python3.12/site-packages/oslo_config/cfg.py:3006}}
Mar 23 05:32:10.224733 np0000160285 neutron-periodic-workers[103701]: DEBUG cotyledon.oslo_config_glue [-] ovn.ovn_nb_certificate = /opt/stack/data/CA/int-ca/devstack-cert.crt {{(pid=103701) log_opt_values /opt/stack/data/venv/lib/python3.12/site-packages/oslo_config/cfg.py:3006}}
Mar 23 05:32:10.224733 np0000160285 neutron-periodic-workers[103701]: DEBUG cotyledon.oslo_config_glue [-] ovn.ovn_nb_connection = ['ssl:199.19.213.85:6641'] {{(pid=103701) log_opt_values /opt/stack/data/venv/lib/python3.12/site-packages/oslo_config/cfg.py:3006}}
Mar 23 05:32:10.224733 np0000160285 neutron-periodic-workers[103701]: DEBUG cotyledon.oslo_config_glue [-] ovn.ovn_nb_private_key = /opt/stack/data/CA/int-ca/private/devstack-cert.key {{(pid=103701) log_opt_values /opt/stack/data/venv/lib/python3.12/site-packages/oslo_config/cfg.py:3006}}
Mar 23 05:32:10.224733 np0000160285 neutron-periodic-workers[103701]: DEBUG cotyledon.oslo_config_glue [-] ovn.ovn_router_indirect_snat = False {{(pid=103701) log_opt_values /opt/stack/data/venv/lib/python3.12/site-packages/oslo_config/cfg.py:3006}}
Mar 23 05:32:10.224733 np0000160285 neutron-periodic-workers[103701]: DEBUG cotyledon.oslo_config_glue [-] ovn.ovn_sb_ca_cert = /opt/stack/data/CA/int-ca/ca-chain.pem {{(pid=103701) log_opt_values /opt/stack/data/venv/lib/python3.12/site-packages/oslo_config/cfg.py:3006}}
Mar 23 05:32:10.224733 np0000160285 neutron-periodic-workers[103701]: DEBUG cotyledon.oslo_config_glue [-] ovn.ovn_sb_certificate = /opt/stack/data/CA/int-ca/devstack-cert.crt {{(pid=103701) log_opt_values /opt/stack/data/venv/lib/python3.12/site-packages/oslo_config/cfg.py:3006}}
Mar 23 05:32:10.225039 np0000160285 neutron-periodic-workers[103701]: DEBUG cotyledon.oslo_config_glue [-] ovn.ovn_sb_connection = ['ssl:199.19.213.85:6642'] {{(pid=103701) log_opt_values /opt/stack/data/venv/lib/python3.12/site-packages/oslo_config/cfg.py:3006}}
Mar 23 05:32:10.225039 np0000160285 neutron-periodic-workers[103701]: DEBUG cotyledon.oslo_config_glue [-] ovn.ovn_sb_private_key = /opt/stack/data/CA/int-ca/private/devstack-cert.key {{(pid=103701) log_opt_values /opt/stack/data/venv/lib/python3.12/site-packages/oslo_config/cfg.py:3006}}
Mar 23 05:32:10.225039 np0000160285 neutron-periodic-workers[103701]: DEBUG cotyledon.oslo_config_glue [-] ovn.ovs_create_tap = False {{(pid=103701) log_opt_values /opt/stack/data/venv/lib/python3.12/site-packages/oslo_config/cfg.py:3006}}
Mar 23 05:32:10.225039 np0000160285 neutron-periodic-workers[103701]: DEBUG cotyledon.oslo_config_glue [-] ovn.ovsdb_connection_timeout = 180 {{(pid=103701) log_opt_values /opt/stack/data/venv/lib/python3.12/site-packages/oslo_config/cfg.py:3006}}
Mar 23 05:32:10.225039 np0000160285 neutron-periodic-workers[103701]: DEBUG cotyledon.oslo_config_glue [-] ovn.ovsdb_log_level = INFO {{(pid=103701) log_opt_values /opt/stack/data/venv/lib/python3.12/site-packages/oslo_config/cfg.py:3006}}
Mar 23 05:32:10.225039 np0000160285 neutron-periodic-workers[103701]: DEBUG cotyledon.oslo_config_glue [-] ovn.ovsdb_probe_interval = 60000 {{(pid=103701) log_opt_values /opt/stack/data/venv/lib/python3.12/site-packages/oslo_config/cfg.py:3006}}
Mar 23 05:32:10.225039 np0000160285 neutron-periodic-workers[103701]: DEBUG cotyledon.oslo_config_glue [-] ovn.ovsdb_retry_max_interval = 180 {{(pid=103701) log_opt_values /opt/stack/data/venv/lib/python3.12/site-packages/oslo_config/cfg.py:3006}}
Mar 23 05:32:10.225039 np0000160285 neutron-periodic-workers[103701]: DEBUG cotyledon.oslo_config_glue [-] ovn.stateless_nat_enabled = False {{(pid=103701) log_opt_values /opt/stack/data/venv/lib/python3.12/site-packages/oslo_config/cfg.py:3006}}
Mar 23 05:32:10.225039 np0000160285 neutron-periodic-workers[103701]: DEBUG cotyledon.oslo_config_glue [-] ovn.vhost_sock_dir = /var/run/openvswitch {{(pid=103701) log_opt_values /opt/stack/data/venv/lib/python3.12/site-packages/oslo_config/cfg.py:3006}}
Mar 23 05:32:10.225473 np0000160285 neutron-periodic-workers[103701]: DEBUG cotyledon.oslo_config_glue [-] OVS.bridge_mac_table_size = 50000 {{(pid=103701) log_opt_values /opt/stack/data/venv/lib/python3.12/site-packages/oslo_config/cfg.py:3006}}
Mar 23 05:32:10.225473 np0000160285 neutron-periodic-workers[103701]: DEBUG cotyledon.oslo_config_glue [-] OVS.igmp_flood = False {{(pid=103701) log_opt_values /opt/stack/data/venv/lib/python3.12/site-packages/oslo_config/cfg.py:3006}}
Mar 23 05:32:10.225473 np0000160285 neutron-periodic-workers[103701]: DEBUG cotyledon.oslo_config_glue [-] OVS.igmp_flood_reports = True {{(pid=103701) log_opt_values /opt/stack/data/venv/lib/python3.12/site-packages/oslo_config/cfg.py:3006}}
Mar 23 05:32:10.225473 np0000160285 neutron-periodic-workers[103701]: DEBUG cotyledon.oslo_config_glue [-] OVS.igmp_flood_unregistered = False {{(pid=103701) log_opt_values /opt/stack/data/venv/lib/python3.12/site-packages/oslo_config/cfg.py:3006}}
Mar 23 05:32:10.225473 np0000160285 neutron-periodic-workers[103701]: DEBUG cotyledon.oslo_config_glue [-] OVS.igmp_snooping_enable = False {{(pid=103701) log_opt_values /opt/stack/data/venv/lib/python3.12/site-packages/oslo_config/cfg.py:3006}}
Mar 23 05:32:10.225473 np0000160285 neutron-periodic-workers[103701]: DEBUG cotyledon.oslo_config_glue [-] OVS.ovsdb_timeout = 10 {{(pid=103701) log_opt_values /opt/stack/data/venv/lib/python3.12/site-packages/oslo_config/cfg.py:3006}}
Mar 23 05:32:10.225473 np0000160285 neutron-periodic-workers[103701]: DEBUG cotyledon.oslo_config_glue [-] ovn_nb_global.fdb_removal_limit = 0 {{(pid=103701) log_opt_values /opt/stack/data/venv/lib/python3.12/site-packages/oslo_config/cfg.py:3006}}
Mar 23 05:32:10.225473 np0000160285 neutron-periodic-workers[103701]: DEBUG cotyledon.oslo_config_glue [-] ovn_nb_global.ignore_lsp_down = False {{(pid=103701) log_opt_values /opt/stack/data/venv/lib/python3.12/site-packages/oslo_config/cfg.py:3006}}
Mar 23 05:32:10.225473 np0000160285 neutron-periodic-workers[103701]: DEBUG cotyledon.oslo_config_glue [-] ovn_nb_global.mac_binding_removal_limit = 0 {{(pid=103701) log_opt_values /opt/stack/data/venv/lib/python3.12/site-packages/oslo_config/cfg.py:3006}}
Mar 23 05:32:10.225815 np0000160285 neutron-periodic-workers[103701]: DEBUG cotyledon.oslo_config_glue [-] ******************************************************************************** {{(pid=103701) log_opt_values /opt/stack/data/venv/lib/python3.12/site-packages/oslo_config/cfg.py:3013}}
Mar 23 05:32:10.225815 np0000160285 neutron-periodic-workers[103701]: DEBUG cotyledon._service_worker [-] Run service ServiceWrapper(0) [103701] {{(pid=103701) wait_forever /opt/stack/data/venv/lib/python3.12/site-packages/cotyledon/_service_worker.py:218}}
Mar 23 05:32:19.836545 np0000160285 neutron-periodic-workers[102919]: DEBUG dbcounter [-] [102919] Writing DB stats neutron:SELECT=4 {{(pid=102919) stat_writer /opt/stack/data/venv/lib/python3.12/site-packages/dbcounter.py:115}}
Mar 23 05:32:46.179978 np0000160285 neutron-periodic-workers[103664]: DEBUG oslo_db.sqlalchemy.engines [None req-c12085e7-2532-4a1c-93b4-e61b65f18810 None None] Parent process 102919 forked (103664) with an open database connection, which is being discarded and recreated. {{(pid=103664) checkout /opt/stack/data/venv/lib/python3.12/site-packages/oslo_db/sqlalchemy/engines.py:402}}
Mar 23 05:32:46.208326 np0000160285 neutron-periodic-workers[103664]: DEBUG dbcounter [-] [103664] Writer thread running {{(pid=103664) stat_writer /opt/stack/data/venv/lib/python3.12/site-packages/dbcounter.py:102}}
Mar 23 05:32:46.218060 np0000160285 neutron-periodic-workers[103664]: DEBUG oslo.service.backend._threading.loopingcall [None req-c12085e7-2532-4a1c-93b4-e61b65f18810 None None] Fixed interval looping call 'neutron.services.ovn_l3.plugin.L3_NAT_dbonly_mixin._clean_garbage' sleeping for 299.95 seconds {{(pid=103664) _run_loop /opt/stack/data/venv/lib/python3.12/site-packages/oslo_service/backend/_threading/loopingcall.py:125}}
Mar 23 05:32:50.225474 np0000160285 neutron-periodic-workers[103688]: DEBUG dbcounter [-] [103688] Writer thread running {{(pid=103688) stat_writer /opt/stack/data/venv/lib/python3.12/site-packages/dbcounter.py:102}}
Mar 23 05:32:50.228542 np0000160285 neutron-periodic-workers[103688]: DEBUG neutron.db.agents_db [None req-f34f39c5-67e2-4fcb-adbe-e6416c1c604b None None] Agent healthcheck: found 0 active agents {{(pid=103688) agent_health_check /opt/stack/neutron/neutron/db/agents_db.py:317}}
Mar 23 05:32:50.228710 np0000160285 neutron-periodic-workers[103688]: DEBUG oslo.service.backend._threading.loopingcall [None req-f34f39c5-67e2-4fcb-adbe-e6416c1c604b None None] Fixed interval looping call 'neutron.plugins.ml2.plugin.AgentDbMixin.agent_health_check' sleeping for 36.98 seconds {{(pid=103688) _run_loop /opt/stack/data/venv/lib/python3.12/site-packages/oslo_service/backend/_threading/loopingcall.py:125}}
Mar 23 05:32:56.209181 np0000160285 neutron-periodic-workers[103664]: DEBUG dbcounter [-] [103664] Writing DB stats neutron:SELECT=1 {{(pid=103664) stat_writer /opt/stack/data/venv/lib/python3.12/site-packages/dbcounter.py:115}}
Mar 23 05:32:58.206409 np0000160285 neutron-periodic-workers[103674]: DEBUG dbcounter [-] [103674] Writer thread running {{(pid=103674) stat_writer /opt/stack/data/venv/lib/python3.12/site-packages/dbcounter.py:102}}
Mar 23 05:32:58.214335 np0000160285 neutron-periodic-workers[103674]: DEBUG oslo.service.backend._threading.loopingcall [None req-efe02549-af99-43e3-ae9f-6cf72cb970a3 None None] Fixed interval looping call 'neutron.plugins.ml2.plugin.DhcpAgentSchedulerDbMixin.remove_networks_from_down_agents' sleeping for 36.98 seconds {{(pid=103674) _run_loop /opt/stack/data/venv/lib/python3.12/site-packages/oslo_service/backend/_threading/loopingcall.py:125}}
Mar 23 05:33:00.226629 np0000160285 neutron-periodic-workers[103688]: DEBUG dbcounter [-] [103688] Writing DB stats neutron:SELECT=1 {{(pid=103688) stat_writer /opt/stack/data/venv/lib/python3.12/site-packages/dbcounter.py:115}}
Mar 23 05:33:08.213215 np0000160285 neutron-periodic-workers[103674]: DEBUG dbcounter [-] [103674] Writing DB stats neutron:SELECT=3 {{(pid=103674) stat_writer /opt/stack/data/venv/lib/python3.12/site-packages/dbcounter.py:115}}
Mar 23 05:33:27.214284 np0000160285 neutron-periodic-workers[103688]: DEBUG neutron.db.agents_db [None req-f34f39c5-67e2-4fcb-adbe-e6416c1c604b None None] Agent healthcheck: found 0 active agents {{(pid=103688) agent_health_check /opt/stack/neutron/neutron/db/agents_db.py:317}}
Mar 23 05:33:27.214284 np0000160285 neutron-periodic-workers[103688]: DEBUG oslo.service.backend._threading.loopingcall [None req-f34f39c5-67e2-4fcb-adbe-e6416c1c604b None None] Fixed interval looping call 'neutron.plugins.ml2.plugin.AgentDbMixin.agent_health_check' sleeping for 36.99 seconds {{(pid=103688) _run_loop /opt/stack/data/venv/lib/python3.12/site-packages/oslo_service/backend/_threading/loopingcall.py:125}}
Mar 23 05:33:35.203652 np0000160285 neutron-periodic-workers[103674]: DEBUG oslo.service.backend._threading.loopingcall [None req-efe02549-af99-43e3-ae9f-6cf72cb970a3 None None] Fixed interval looping call 'neutron.plugins.ml2.plugin.DhcpAgentSchedulerDbMixin.remove_networks_from_down_agents' sleeping for 36.99 seconds {{(pid=103674) _run_loop /opt/stack/data/venv/lib/python3.12/site-packages/oslo_service/backend/_threading/loopingcall.py:125}}
Mar 23 05:33:37.212430 np0000160285 neutron-periodic-workers[103688]: DEBUG dbcounter [-] [103688] Writing DB stats neutron:SELECT=1 {{(pid=103688) stat_writer /opt/stack/data/venv/lib/python3.12/site-packages/dbcounter.py:115}}
Mar 23 05:33:45.202395 np0000160285 neutron-periodic-workers[103674]: DEBUG dbcounter [-] [103674] Writing DB stats neutron:SELECT=3 {{(pid=103674) stat_writer /opt/stack/data/venv/lib/python3.12/site-packages/dbcounter.py:115}}
Mar 23 05:34:04.209874 np0000160285 neutron-periodic-workers[103688]: DEBUG neutron.db.agents_db [None req-f34f39c5-67e2-4fcb-adbe-e6416c1c604b None None] Agent healthcheck: found 0 active agents {{(pid=103688) agent_health_check /opt/stack/neutron/neutron/db/agents_db.py:317}}
Mar 23 05:34:04.210481 np0000160285 neutron-periodic-workers[103688]: DEBUG oslo.service.backend._threading.loopingcall [None req-f34f39c5-67e2-4fcb-adbe-e6416c1c604b None None] Fixed interval looping call 'neutron.plugins.ml2.plugin.AgentDbMixin.agent_health_check' sleeping for 36.99 seconds {{(pid=103688) _run_loop /opt/stack/data/venv/lib/python3.12/site-packages/oslo_service/backend/_threading/loopingcall.py:125}}
Mar 23 05:34:10.236808 np0000160285 neutron-periodic-workers[103701]: DEBUG dbcounter [-] [103701] Writer thread running {{(pid=103701) stat_writer /opt/stack/data/venv/lib/python3.12/site-packages/dbcounter.py:102}}
Mar 23 05:34:10.238838 np0000160285 neutron-periodic-workers[103701]: DEBUG oslo.service.backend._threading.loopingcall [None req-1a9cd1e6-f1ac-4110-b5e0-26b7e97239a5 None None] Fixed interval looping call 'neutron.db.quota.driver_nolock.DbQuotaNoLockDriver._remove_expired_reservations' sleeping for 119.99 seconds {{(pid=103701) _run_loop /opt/stack/data/venv/lib/python3.12/site-packages/oslo_service/backend/_threading/loopingcall.py:125}}
Mar 23 05:34:12.204198 np0000160285 neutron-periodic-workers[103674]: DEBUG oslo.service.backend._threading.loopingcall [None req-efe02549-af99-43e3-ae9f-6cf72cb970a3 None None] Fixed interval looping call 'neutron.plugins.ml2.plugin.DhcpAgentSchedulerDbMixin.remove_networks_from_down_agents' sleeping for 36.99 seconds {{(pid=103674) _run_loop /opt/stack/data/venv/lib/python3.12/site-packages/oslo_service/backend/_threading/loopingcall.py:125}}
Mar 23 05:34:14.208679 np0000160285 neutron-periodic-workers[103688]: DEBUG dbcounter [-] [103688] Writing DB stats neutron:SELECT=1 {{(pid=103688) stat_writer /opt/stack/data/venv/lib/python3.12/site-packages/dbcounter.py:115}}
Mar 23 05:34:20.237569 np0000160285 neutron-periodic-workers[103701]: DEBUG dbcounter [-] [103701] Writing DB stats neutron:DELETE=1 {{(pid=103701) stat_writer /opt/stack/data/venv/lib/python3.12/site-packages/dbcounter.py:115}}
Mar 23 05:34:22.202921 np0000160285 neutron-periodic-workers[103674]: DEBUG dbcounter [-] [103674] Writing DB stats neutron:SELECT=3 {{(pid=103674) stat_writer /opt/stack/data/venv/lib/python3.12/site-packages/dbcounter.py:115}}
Mar 23 05:34:41.205529 np0000160285 neutron-periodic-workers[103688]: DEBUG neutron.db.agents_db [None req-f34f39c5-67e2-4fcb-adbe-e6416c1c604b None None] Agent healthcheck: found 0 active agents {{(pid=103688) agent_health_check /opt/stack/neutron/neutron/db/agents_db.py:317}}
Mar 23 05:34:41.206261 np0000160285 neutron-periodic-workers[103688]: DEBUG oslo.service.backend._threading.loopingcall [None req-f34f39c5-67e2-4fcb-adbe-e6416c1c604b None None] Fixed interval looping call 'neutron.plugins.ml2.plugin.AgentDbMixin.agent_health_check' sleeping for 36.99 seconds {{(pid=103688) _run_loop /opt/stack/data/venv/lib/python3.12/site-packages/oslo_service/backend/_threading/loopingcall.py:125}}
Mar 23 05:34:49.206908 np0000160285 neutron-periodic-workers[103674]: DEBUG oslo.service.backend._threading.loopingcall [None req-efe02549-af99-43e3-ae9f-6cf72cb970a3 None None] Fixed interval looping call 'neutron.plugins.ml2.plugin.DhcpAgentSchedulerDbMixin.remove_networks_from_down_agents' sleeping for 36.99 seconds {{(pid=103674) _run_loop /opt/stack/data/venv/lib/python3.12/site-packages/oslo_service/backend/_threading/loopingcall.py:125}}
Mar 23 05:34:51.203559 np0000160285 neutron-periodic-workers[103688]: DEBUG dbcounter [-] [103688] Writing DB stats neutron:SELECT=1 {{(pid=103688) stat_writer /opt/stack/data/venv/lib/python3.12/site-packages/dbcounter.py:115}}
Mar 23 05:34:59.205129 np0000160285 neutron-periodic-workers[103674]: DEBUG dbcounter [-] [103674] Writing DB stats neutron:SELECT=3 {{(pid=103674) stat_writer /opt/stack/data/venv/lib/python3.12/site-packages/dbcounter.py:115}}
Mar 23 05:35:18.201581 np0000160285 neutron-periodic-workers[103688]: DEBUG neutron.db.agents_db [None req-f34f39c5-67e2-4fcb-adbe-e6416c1c604b None None] Agent healthcheck: found 0 active agents {{(pid=103688) agent_health_check /opt/stack/neutron/neutron/db/agents_db.py:317}}
Mar 23 05:35:18.202366 np0000160285 neutron-periodic-workers[103688]: DEBUG oslo.service.backend._threading.loopingcall [None req-f34f39c5-67e2-4fcb-adbe-e6416c1c604b None None] Fixed interval looping call 'neutron.plugins.ml2.plugin.AgentDbMixin.agent_health_check' sleeping for 36.99 seconds {{(pid=103688) _run_loop /opt/stack/data/venv/lib/python3.12/site-packages/oslo_service/backend/_threading/loopingcall.py:125}}
Mar 23 05:35:26.206333 np0000160285 neutron-periodic-workers[103674]: DEBUG oslo.service.backend._threading.loopingcall [None req-efe02549-af99-43e3-ae9f-6cf72cb970a3 None None] Fixed interval looping call 'neutron.plugins.ml2.plugin.DhcpAgentSchedulerDbMixin.remove_networks_from_down_agents' sleeping for 36.99 seconds {{(pid=103674) _run_loop /opt/stack/data/venv/lib/python3.12/site-packages/oslo_service/backend/_threading/loopingcall.py:125}}
Mar 23 05:35:28.199898 np0000160285 neutron-periodic-workers[103688]: DEBUG dbcounter [-] [103688] Writing DB stats neutron:SELECT=1 {{(pid=103688) stat_writer /opt/stack/data/venv/lib/python3.12/site-packages/dbcounter.py:115}}
Mar 23 05:35:36.205224 np0000160285 neutron-periodic-workers[103674]: DEBUG dbcounter [-] [103674] Writing DB stats neutron:SELECT=3 {{(pid=103674) stat_writer /opt/stack/data/venv/lib/python3.12/site-packages/dbcounter.py:115}}
Mar 23 05:35:55.197667 np0000160285 neutron-periodic-workers[103688]: DEBUG neutron.db.agents_db [None req-f34f39c5-67e2-4fcb-adbe-e6416c1c604b None None] Agent healthcheck: found 0 active agents {{(pid=103688) agent_health_check /opt/stack/neutron/neutron/db/agents_db.py:317}}
Mar 23 05:35:55.198220 np0000160285 neutron-periodic-workers[103688]: DEBUG oslo.service.backend._threading.loopingcall [None req-f34f39c5-67e2-4fcb-adbe-e6416c1c604b None None] Fixed interval looping call 'neutron.plugins.ml2.plugin.AgentDbMixin.agent_health_check' sleeping for 36.99 seconds {{(pid=103688) _run_loop /opt/stack/data/venv/lib/python3.12/site-packages/oslo_service/backend/_threading/loopingcall.py:125}}
Mar 23 05:36:03.204914 np0000160285 neutron-periodic-workers[103674]: DEBUG oslo.service.backend._threading.loopingcall [None req-efe02549-af99-43e3-ae9f-6cf72cb970a3 None None] Fixed interval looping call 'neutron.plugins.ml2.plugin.DhcpAgentSchedulerDbMixin.remove_networks_from_down_agents' sleeping for 36.99 seconds {{(pid=103674) _run_loop /opt/stack/data/venv/lib/python3.12/site-packages/oslo_service/backend/_threading/loopingcall.py:125}}
Mar 23 05:36:05.199225 np0000160285 neutron-periodic-workers[103688]: DEBUG dbcounter [-] [103688] Writing DB stats neutron:SELECT=1 {{(pid=103688) stat_writer /opt/stack/data/venv/lib/python3.12/site-packages/dbcounter.py:115}}
Mar 23 05:36:10.234218 np0000160285 neutron-periodic-workers[103701]: DEBUG oslo.service.backend._threading.loopingcall [None req-1a9cd1e6-f1ac-4110-b5e0-26b7e97239a5 None None] Fixed interval looping call 'neutron.db.quota.driver_nolock.DbQuotaNoLockDriver._remove_expired_reservations' sleeping for 120.00 seconds {{(pid=103701) _run_loop /opt/stack/data/venv/lib/python3.12/site-packages/oslo_service/backend/_threading/loopingcall.py:125}}
Mar 23 05:36:13.206388 np0000160285 neutron-periodic-workers[103674]: DEBUG dbcounter [-] [103674] Writing DB stats neutron:SELECT=3 {{(pid=103674) stat_writer /opt/stack/data/venv/lib/python3.12/site-packages/dbcounter.py:115}}
Mar 23 05:36:20.232733 np0000160285 neutron-periodic-workers[103701]: DEBUG dbcounter [-] [103701] Writing DB stats neutron:DELETE=1 {{(pid=103701) stat_writer /opt/stack/data/venv/lib/python3.12/site-packages/dbcounter.py:115}}
Mar 23 05:36:32.194416 np0000160285 neutron-periodic-workers[103688]: DEBUG neutron.db.agents_db [None req-f34f39c5-67e2-4fcb-adbe-e6416c1c604b None None] Agent healthcheck: found 0 active agents {{(pid=103688) agent_health_check /opt/stack/neutron/neutron/db/agents_db.py:317}}
Mar 23 05:36:32.195104 np0000160285 neutron-periodic-workers[103688]: DEBUG oslo.service.backend._threading.loopingcall [None req-f34f39c5-67e2-4fcb-adbe-e6416c1c604b None None] Fixed interval looping call 'neutron.plugins.ml2.plugin.AgentDbMixin.agent_health_check' sleeping for 36.99 seconds {{(pid=103688) _run_loop /opt/stack/data/venv/lib/python3.12/site-packages/oslo_service/backend/_threading/loopingcall.py:125}}
Mar 23 05:36:40.201609 np0000160285 neutron-periodic-workers[103674]: DEBUG oslo.service.backend._threading.loopingcall [None req-efe02549-af99-43e3-ae9f-6cf72cb970a3 None None] Fixed interval looping call 'neutron.plugins.ml2.plugin.DhcpAgentSchedulerDbMixin.remove_networks_from_down_agents' sleeping for 36.99 seconds {{(pid=103674) _run_loop /opt/stack/data/venv/lib/python3.12/site-packages/oslo_service/backend/_threading/loopingcall.py:125}}
Mar 23 05:36:42.192831 np0000160285 neutron-periodic-workers[103688]: DEBUG dbcounter [-] [103688] Writing DB stats neutron:SELECT=1 {{(pid=103688) stat_writer /opt/stack/data/venv/lib/python3.12/site-packages/dbcounter.py:115}}
Mar 23 05:36:50.200784 np0000160285 neutron-periodic-workers[103674]: DEBUG dbcounter [-] [103674] Writing DB stats neutron:SELECT=3 {{(pid=103674) stat_writer /opt/stack/data/venv/lib/python3.12/site-packages/dbcounter.py:115}}
Mar 23 05:37:09.191590 np0000160285 neutron-periodic-workers[103688]: DEBUG neutron.db.agents_db [None req-f34f39c5-67e2-4fcb-adbe-e6416c1c604b None None] Agent healthcheck: found 0 active agents {{(pid=103688) agent_health_check /opt/stack/neutron/neutron/db/agents_db.py:317}}
Mar 23 05:37:09.191973 np0000160285 neutron-periodic-workers[103688]: DEBUG oslo.service.backend._threading.loopingcall [None req-f34f39c5-67e2-4fcb-adbe-e6416c1c604b None None] Fixed interval looping call 'neutron.plugins.ml2.plugin.AgentDbMixin.agent_health_check' sleeping for 36.99 seconds {{(pid=103688) _run_loop /opt/stack/data/venv/lib/python3.12/site-packages/oslo_service/backend/_threading/loopingcall.py:125}}
Mar 23 05:37:17.202793 np0000160285 neutron-periodic-workers[103674]: DEBUG oslo.service.backend._threading.loopingcall [None req-efe02549-af99-43e3-ae9f-6cf72cb970a3 None None] Fixed interval looping call 'neutron.plugins.ml2.plugin.DhcpAgentSchedulerDbMixin.remove_networks_from_down_agents' sleeping for 36.99 seconds {{(pid=103674) _run_loop /opt/stack/data/venv/lib/python3.12/site-packages/oslo_service/backend/_threading/loopingcall.py:125}}
Mar 23 05:37:19.188155 np0000160285 neutron-periodic-workers[103688]: DEBUG dbcounter [-] [103688] Writing DB stats neutron:SELECT=1 {{(pid=103688) stat_writer /opt/stack/data/venv/lib/python3.12/site-packages/dbcounter.py:115}}
Mar 23 05:37:27.201246 np0000160285 neutron-periodic-workers[103674]: DEBUG dbcounter [-] [103674] Writing DB stats neutron:SELECT=3 {{(pid=103674) stat_writer /opt/stack/data/venv/lib/python3.12/site-packages/dbcounter.py:115}}
Mar 23 05:37:46.181142 np0000160285 neutron-periodic-workers[103664]: DEBUG oslo.service.backend._threading.loopingcall [None req-c12085e7-2532-4a1c-93b4-e61b65f18810 None None] Fixed interval looping call 'neutron.services.ovn_l3.plugin.L3_NAT_dbonly_mixin._clean_garbage' sleeping for 299.99 seconds {{(pid=103664) _run_loop /opt/stack/data/venv/lib/python3.12/site-packages/oslo_service/backend/_threading/loopingcall.py:125}}
Mar 23 05:37:46.186794 np0000160285 neutron-periodic-workers[103688]: DEBUG neutron.db.agents_db [None req-f34f39c5-67e2-4fcb-adbe-e6416c1c604b None None] Agent healthcheck: found 0 active agents {{(pid=103688) agent_health_check /opt/stack/neutron/neutron/db/agents_db.py:317}}
Mar 23 05:37:46.187338 np0000160285 neutron-periodic-workers[103688]: DEBUG oslo.service.backend._threading.loopingcall [None req-f34f39c5-67e2-4fcb-adbe-e6416c1c604b None None] Fixed interval looping call 'neutron.plugins.ml2.plugin.AgentDbMixin.agent_health_check' sleeping for 37.00 seconds {{(pid=103688) _run_loop /opt/stack/data/venv/lib/python3.12/site-packages/oslo_service/backend/_threading/loopingcall.py:125}}
Mar 23 05:37:54.200344 np0000160285 neutron-periodic-workers[103674]: DEBUG oslo.service.backend._threading.loopingcall [None req-efe02549-af99-43e3-ae9f-6cf72cb970a3 None None] Fixed interval looping call 'neutron.plugins.ml2.plugin.DhcpAgentSchedulerDbMixin.remove_networks_from_down_agents' sleeping for 36.99 seconds {{(pid=103674) _run_loop /opt/stack/data/venv/lib/python3.12/site-packages/oslo_service/backend/_threading/loopingcall.py:125}}
Mar 23 05:37:56.176476 np0000160285 neutron-periodic-workers[103664]: DEBUG dbcounter [-] [103664] Writing DB stats neutron:SELECT=1 {{(pid=103664) stat_writer /opt/stack/data/venv/lib/python3.12/site-packages/dbcounter.py:115}}
Mar 23 05:37:56.185526 np0000160285 neutron-periodic-workers[103688]: DEBUG dbcounter [-] [103688] Writing DB stats neutron:SELECT=1 {{(pid=103688) stat_writer /opt/stack/data/venv/lib/python3.12/site-packages/dbcounter.py:115}}
Mar 23 05:38:04.199433 np0000160285 neutron-periodic-workers[103674]: DEBUG dbcounter [-] [103674] Writing DB stats neutron:SELECT=3 {{(pid=103674) stat_writer /opt/stack/data/venv/lib/python3.12/site-packages/dbcounter.py:115}}
Mar 23 05:38:10.238658 np0000160285 neutron-periodic-workers[103701]: DEBUG oslo.service.backend._threading.loopingcall [None req-1a9cd1e6-f1ac-4110-b5e0-26b7e97239a5 None None] Fixed interval looping call 'neutron.db.quota.driver_nolock.DbQuotaNoLockDriver._remove_expired_reservations' sleeping for 120.00 seconds {{(pid=103701) _run_loop /opt/stack/data/venv/lib/python3.12/site-packages/oslo_service/backend/_threading/loopingcall.py:125}}
Mar 23 05:38:20.239054 np0000160285 neutron-periodic-workers[103701]: DEBUG dbcounter [-] [103701] Writing DB stats neutron:DELETE=1 {{(pid=103701) stat_writer /opt/stack/data/venv/lib/python3.12/site-packages/dbcounter.py:115}}
Mar 23 05:38:23.193520 np0000160285 neutron-periodic-workers[103688]: DEBUG neutron.db.agents_db [None req-f34f39c5-67e2-4fcb-adbe-e6416c1c604b None None] Agent healthcheck: found 0 active agents {{(pid=103688) agent_health_check /opt/stack/neutron/neutron/db/agents_db.py:317}}
Mar 23 05:38:23.194086 np0000160285 neutron-periodic-workers[103688]: DEBUG oslo.service.backend._threading.loopingcall [None req-f34f39c5-67e2-4fcb-adbe-e6416c1c604b None None] Fixed interval looping call 'neutron.plugins.ml2.plugin.AgentDbMixin.agent_health_check' sleeping for 36.99 seconds {{(pid=103688) _run_loop /opt/stack/data/venv/lib/python3.12/site-packages/oslo_service/backend/_threading/loopingcall.py:125}}
Mar 23 05:38:31.201284 np0000160285 neutron-periodic-workers[103674]: DEBUG oslo.service.backend._threading.loopingcall [None req-efe02549-af99-43e3-ae9f-6cf72cb970a3 None None] Fixed interval looping call 'neutron.plugins.ml2.plugin.DhcpAgentSchedulerDbMixin.remove_networks_from_down_agents' sleeping for 36.99 seconds {{(pid=103674) _run_loop /opt/stack/data/venv/lib/python3.12/site-packages/oslo_service/backend/_threading/loopingcall.py:125}}
Mar 23 05:38:33.192008 np0000160285 neutron-periodic-workers[103688]: DEBUG dbcounter [-] [103688] Writing DB stats neutron:SELECT=1 {{(pid=103688) stat_writer /opt/stack/data/venv/lib/python3.12/site-packages/dbcounter.py:115}}
Mar 23 05:38:41.200126 np0000160285 neutron-periodic-workers[103674]: DEBUG dbcounter [-] [103674] Writing DB stats neutron:SELECT=3 {{(pid=103674) stat_writer /opt/stack/data/venv/lib/python3.12/site-packages/dbcounter.py:115}}
Mar 23 05:39:00.188301 np0000160285 neutron-periodic-workers[103688]: DEBUG neutron.db.agents_db [None req-f34f39c5-67e2-4fcb-adbe-e6416c1c604b None None] Agent healthcheck: found 0 active agents {{(pid=103688) agent_health_check /opt/stack/neutron/neutron/db/agents_db.py:317}}
Mar 23 05:39:00.188301 np0000160285 neutron-periodic-workers[103688]: DEBUG oslo.service.backend._threading.loopingcall [None req-f34f39c5-67e2-4fcb-adbe-e6416c1c604b None None] Fixed interval looping call 'neutron.plugins.ml2.plugin.AgentDbMixin.agent_health_check' sleeping for 37.00 seconds {{(pid=103688) _run_loop /opt/stack/data/venv/lib/python3.12/site-packages/oslo_service/backend/_threading/loopingcall.py:125}}
Mar 23 05:39:08.204726 np0000160285 neutron-periodic-workers[103674]: DEBUG oslo.service.backend._threading.loopingcall [None req-efe02549-af99-43e3-ae9f-6cf72cb970a3 None None] Fixed interval looping call 'neutron.plugins.ml2.plugin.DhcpAgentSchedulerDbMixin.remove_networks_from_down_agents' sleeping for 36.99 seconds {{(pid=103674) _run_loop /opt/stack/data/venv/lib/python3.12/site-packages/oslo_service/backend/_threading/loopingcall.py:125}}
Mar 23 05:39:10.187153 np0000160285 neutron-periodic-workers[103688]: DEBUG dbcounter [-] [103688] Writing DB stats neutron:SELECT=1 {{(pid=103688) stat_writer /opt/stack/data/venv/lib/python3.12/site-packages/dbcounter.py:115}}
Mar 23 05:39:18.203681 np0000160285 neutron-periodic-workers[103674]: DEBUG dbcounter [-] [103674] Writing DB stats neutron:SELECT=3 {{(pid=103674) stat_writer /opt/stack/data/venv/lib/python3.12/site-packages/dbcounter.py:115}}
Mar 23 05:39:37.193582 np0000160285 neutron-periodic-workers[103688]: DEBUG neutron.db.agents_db [None req-f34f39c5-67e2-4fcb-adbe-e6416c1c604b None None] Agent healthcheck: found 0 active agents {{(pid=103688) agent_health_check /opt/stack/neutron/neutron/db/agents_db.py:317}}
Mar 23 05:39:37.194422 np0000160285 neutron-periodic-workers[103688]: DEBUG oslo.service.backend._threading.loopingcall [None req-f34f39c5-67e2-4fcb-adbe-e6416c1c604b None None] Fixed interval looping call 'neutron.plugins.ml2.plugin.AgentDbMixin.agent_health_check' sleeping for 36.99 seconds {{(pid=103688) _run_loop /opt/stack/data/venv/lib/python3.12/site-packages/oslo_service/backend/_threading/loopingcall.py:125}}
Mar 23 05:39:45.206030 np0000160285 neutron-periodic-workers[103674]: DEBUG oslo.service.backend._threading.loopingcall [None req-efe02549-af99-43e3-ae9f-6cf72cb970a3 None None] Fixed interval looping call 'neutron.plugins.ml2.plugin.DhcpAgentSchedulerDbMixin.remove_networks_from_down_agents' sleeping for 36.99 seconds {{(pid=103674) _run_loop /opt/stack/data/venv/lib/python3.12/site-packages/oslo_service/backend/_threading/loopingcall.py:125}}
Mar 23 05:39:47.191945 np0000160285 neutron-periodic-workers[103688]: DEBUG dbcounter [-] [103688] Writing DB stats neutron:SELECT=1 {{(pid=103688) stat_writer /opt/stack/data/venv/lib/python3.12/site-packages/dbcounter.py:115}}
Mar 23 05:39:55.204694 np0000160285 neutron-periodic-workers[103674]: DEBUG dbcounter [-] [103674] Writing DB stats neutron:SELECT=3 {{(pid=103674) stat_writer /opt/stack/data/venv/lib/python3.12/site-packages/dbcounter.py:115}}
Mar 23 05:40:10.243816 np0000160285 neutron-periodic-workers[103701]: DEBUG oslo.service.backend._threading.loopingcall [None req-1a9cd1e6-f1ac-4110-b5e0-26b7e97239a5 None None] Fixed interval looping call 'neutron.db.quota.driver_nolock.DbQuotaNoLockDriver._remove_expired_reservations' sleeping for 120.00 seconds {{(pid=103701) _run_loop /opt/stack/data/venv/lib/python3.12/site-packages/oslo_service/backend/_threading/loopingcall.py:125}}
Mar 23 05:40:14.188842 np0000160285 neutron-periodic-workers[103688]: DEBUG neutron.db.agents_db [None req-f34f39c5-67e2-4fcb-adbe-e6416c1c604b None None] Agent healthcheck: found 0 active agents {{(pid=103688) agent_health_check /opt/stack/neutron/neutron/db/agents_db.py:317}}
Mar 23 05:40:14.188842 np0000160285 neutron-periodic-workers[103688]: DEBUG oslo.service.backend._threading.loopingcall [None req-f34f39c5-67e2-4fcb-adbe-e6416c1c604b None None] Fixed interval looping call 'neutron.plugins.ml2.plugin.AgentDbMixin.agent_health_check' sleeping for 37.00 seconds {{(pid=103688) _run_loop /opt/stack/data/venv/lib/python3.12/site-packages/oslo_service/backend/_threading/loopingcall.py:125}}
Mar 23 05:40:20.243182 np0000160285 neutron-periodic-workers[103701]: DEBUG dbcounter [-] [103701] Writing DB stats neutron:DELETE=1 {{(pid=103701) stat_writer /opt/stack/data/venv/lib/python3.12/site-packages/dbcounter.py:115}}
Mar 23 05:40:22.206550 np0000160285 neutron-periodic-workers[103674]: DEBUG oslo.service.backend._threading.loopingcall [None req-efe02549-af99-43e3-ae9f-6cf72cb970a3 None None] Fixed interval looping call 'neutron.plugins.ml2.plugin.DhcpAgentSchedulerDbMixin.remove_networks_from_down_agents' sleeping for 36.99 seconds {{(pid=103674) _run_loop /opt/stack/data/venv/lib/python3.12/site-packages/oslo_service/backend/_threading/loopingcall.py:125}}
Mar 23 05:40:24.187626 np0000160285 neutron-periodic-workers[103688]: DEBUG dbcounter [-] [103688] Writing DB stats neutron:SELECT=1 {{(pid=103688) stat_writer /opt/stack/data/venv/lib/python3.12/site-packages/dbcounter.py:115}}
Mar 23 05:40:32.205480 np0000160285 neutron-periodic-workers[103674]: DEBUG dbcounter [-] [103674] Writing DB stats neutron:SELECT=3 {{(pid=103674) stat_writer /opt/stack/data/venv/lib/python3.12/site-packages/dbcounter.py:115}}
Mar 23 05:40:51.193202 np0000160285 neutron-periodic-workers[103688]: DEBUG neutron.db.agents_db [None req-f34f39c5-67e2-4fcb-adbe-e6416c1c604b None None] Agent healthcheck: found 0 active agents {{(pid=103688) agent_health_check /opt/stack/neutron/neutron/db/agents_db.py:317}}
Mar 23 05:40:51.193869 np0000160285 neutron-periodic-workers[103688]: DEBUG oslo.service.backend._threading.loopingcall [None req-f34f39c5-67e2-4fcb-adbe-e6416c1c604b None None] Fixed interval looping call 'neutron.plugins.ml2.plugin.AgentDbMixin.agent_health_check' sleeping for 37.00 seconds {{(pid=103688) _run_loop /opt/stack/data/venv/lib/python3.12/site-packages/oslo_service/backend/_threading/loopingcall.py:125}}
Mar 23 05:40:59.207672 np0000160285 neutron-periodic-workers[103674]: DEBUG oslo.service.backend._threading.loopingcall [None req-efe02549-af99-43e3-ae9f-6cf72cb970a3 None None] Fixed interval looping call 'neutron.plugins.ml2.plugin.DhcpAgentSchedulerDbMixin.remove_networks_from_down_agents' sleeping for 36.99 seconds {{(pid=103674) _run_loop /opt/stack/data/venv/lib/python3.12/site-packages/oslo_service/backend/_threading/loopingcall.py:125}}
Mar 23 05:41:01.191440 np0000160285 neutron-periodic-workers[103688]: DEBUG dbcounter [-] [103688] Writing DB stats neutron:SELECT=1 {{(pid=103688) stat_writer /opt/stack/data/venv/lib/python3.12/site-packages/dbcounter.py:115}}
Mar 23 05:41:09.205957 np0000160285 neutron-periodic-workers[103674]: DEBUG dbcounter [-] [103674] Writing DB stats neutron:SELECT=3 {{(pid=103674) stat_writer /opt/stack/data/venv/lib/python3.12/site-packages/dbcounter.py:115}}
Mar 23 05:41:28.198766 np0000160285 neutron-periodic-workers[103688]: DEBUG neutron.db.agents_db [None req-f34f39c5-67e2-4fcb-adbe-e6416c1c604b None None] Agent healthcheck: found 0 active agents {{(pid=103688) agent_health_check /opt/stack/neutron/neutron/db/agents_db.py:317}}
Mar 23 05:41:28.199258 np0000160285 neutron-periodic-workers[103688]: DEBUG oslo.service.backend._threading.loopingcall [None req-f34f39c5-67e2-4fcb-adbe-e6416c1c604b None None] Fixed interval looping call 'neutron.plugins.ml2.plugin.AgentDbMixin.agent_health_check' sleeping for 36.99 seconds {{(pid=103688) _run_loop /opt/stack/data/venv/lib/python3.12/site-packages/oslo_service/backend/_threading/loopingcall.py:125}}
Mar 23 05:41:36.210009 np0000160285 neutron-periodic-workers[103674]: DEBUG oslo.service.backend._threading.loopingcall [None req-efe02549-af99-43e3-ae9f-6cf72cb970a3 None None] Fixed interval looping call 'neutron.plugins.ml2.plugin.DhcpAgentSchedulerDbMixin.remove_networks_from_down_agents' sleeping for 36.99 seconds {{(pid=103674) _run_loop /opt/stack/data/venv/lib/python3.12/site-packages/oslo_service/backend/_threading/loopingcall.py:125}}
Mar 23 05:41:38.196937 np0000160285 neutron-periodic-workers[103688]: DEBUG dbcounter [-] [103688] Writing DB stats neutron:SELECT=1 {{(pid=103688) stat_writer /opt/stack/data/venv/lib/python3.12/site-packages/dbcounter.py:115}}
Mar 23 05:41:46.208924 np0000160285 neutron-periodic-workers[103674]: DEBUG dbcounter [-] [103674] Writing DB stats neutron:SELECT=3 {{(pid=103674) stat_writer /opt/stack/data/venv/lib/python3.12/site-packages/dbcounter.py:115}}
