May 28 16:27:27.857981 np0000177217 devstack@neutron-api.service[102892]: DEBUG ovsdbapp.backend.ovs_idl [None req-f9508fc6-03ef-401e-ba4a-b0b3a28eb4ab None None] Created schema index Logical_Router_Port.name {{(pid=102892) autocreate_indices /opt/stack/data/venv/lib/python3.12/site-packages/ovsdbapp/backend/ovs_idl/__init__.py:106}}
May 28 16:27:27.857981 np0000177217 devstack@neutron-api.service[102892]: DEBUG ovsdbapp.backend.ovs_idl [None req-f9508fc6-03ef-401e-ba4a-b0b3a28eb4ab None None] Created schema index Port_Group.name {{(pid=102892) autocreate_indices /opt/stack/data/venv/lib/python3.12/site-packages/ovsdbapp/backend/ovs_idl/__init__.py:106}}
May 28 16:27:27.858206 np0000177217 devstack@neutron-api.service[102892]: DEBUG ovsdbapp.backend.ovs_idl [None req-f9508fc6-03ef-401e-ba4a-b0b3a28eb4ab None None] Created schema index Logical_Switch_Port.name {{(pid=102892) autocreate_indices /opt/stack/data/venv/lib/python3.12/site-packages/ovsdbapp/backend/ovs_idl/__init__.py:106}}
May 28 16:27:27.860706 np0000177217 devstack@neutron-api.service[102892]: INFO ovsdbapp.backend.ovs_idl.vlog [None req-f9508fc6-03ef-401e-ba4a-b0b3a28eb4ab None None] ssl:199.204.45.95:6641: connecting...
May 28 16:27:27.867219 np0000177217 devstack@neutron-api.service[102892]: INFO ovsdbapp.backend.ovs_idl.vlog [None req-f9508fc6-03ef-401e-ba4a-b0b3a28eb4ab None None] ssl:199.204.45.95:6641: connected
May 28 16:27:27.877509 np0000177217 devstack@neutron-api.service[102890]: DEBUG neutron.common.ovn.hash_ring_manager [None req-2da1f9ff-2e7c-4a95-a927-faecbf486247 None None] Allow caching, nodes 4>=4 {{(pid=102890) _wait_startup_before_caching /opt/stack/neutron/neutron/common/ovn/hash_ring_manager.py:65}}
May 28 16:27:27.887498 np0000177217 devstack@neutron-api.service[102890]: DEBUG neutron.common.ovn.hash_ring_manager [None req-2da1f9ff-2e7c-4a95-a927-faecbf486247 None None] Hash Ring loaded. 4 active nodes. 0 offline nodes {{(pid=102890) _load_hash_ring /opt/stack/neutron/neutron/common/ovn/hash_ring_manager.py:102}}
May 28 16:27:27.887747 np0000177217 devstack@neutron-api.service[102890]: DEBUG neutron.plugins.ml2.drivers.ovn.mech_driver.ovsdb.ovsdb_monitor [None req-2da1f9ff-2e7c-4a95-a927-faecbf486247 None None] Hash Ring: Node 883f2381c26e5476ba86291fc73af342 (host: np0000177217) handling event "create" for row 369f3a49-407d-47c2-a1f2-0fdc08578cdd (table: ACL) {{(pid=102890) notify /opt/stack/neutron/neutron/plugins/ml2/drivers/ovn/mech_driver/ovsdb/ovsdb_monitor.py:986}}
May 28 16:27:27.888059 np0000177217 devstack@neutron-api.service[102890]: DEBUG neutron.plugins.ml2.drivers.ovn.mech_driver.ovsdb.ovsdb_monitor [None req-2da1f9ff-2e7c-4a95-a927-faecbf486247 None None] Hash Ring: Node 883f2381c26e5476ba86291fc73af342 (host: np0000177217) handling event "create" for row 8f818212-0ef6-4e58-98a6-7d8540eacd3e (table: ACL) {{(pid=102890) notify /opt/stack/neutron/neutron/plugins/ml2/drivers/ovn/mech_driver/ovsdb/ovsdb_monitor.py:986}}
May 28 16:27:27.889294 np0000177217 devstack@neutron-api.service[102890]: INFO neutron.plugins.ml2.drivers.ovn.mech_driver.ovsdb.impl_idl_ovn [None req-2da1f9ff-2e7c-4a95-a927-faecbf486247 None None] Getting OvsdbSbOvnIdl for WorkerService with retry
May 28 16:27:27.892353 np0000177217 devstack@neutron-api.service[102893]: DEBUG neutron.common.ovn.hash_ring_manager [None req-f74bc24a-7f33-490e-9673-cc94fff1f30f None None] Allow caching, nodes 4>=4 {{(pid=102893) _wait_startup_before_caching /opt/stack/neutron/neutron/common/ovn/hash_ring_manager.py:65}}
May 28 16:27:27.897147 np0000177217 devstack@neutron-api.service[102893]: DEBUG neutron.common.ovn.hash_ring_manager [None req-f74bc24a-7f33-490e-9673-cc94fff1f30f None None] Hash Ring loaded. 4 active nodes. 0 offline nodes {{(pid=102893) _load_hash_ring /opt/stack/neutron/neutron/common/ovn/hash_ring_manager.py:102}}
May 28 16:27:27.897392 np0000177217 devstack@neutron-api.service[102893]: DEBUG neutron.plugins.ml2.drivers.ovn.mech_driver.ovsdb.ovsdb_monitor [None req-f74bc24a-7f33-490e-9673-cc94fff1f30f None None] Hash Ring: Node c08f16f6800f5bed95f17eb0e907687a (host: np0000177217) handling event "create" for row 04de8eec-1cfc-4cf6-80be-2d3b1b8ce02e (table: Connection) {{(pid=102893) notify /opt/stack/neutron/neutron/plugins/ml2/drivers/ovn/mech_driver/ovsdb/ovsdb_monitor.py:986}}
May 28 16:27:27.897567 np0000177217 devstack@neutron-api.service[102893]: DEBUG neutron.plugins.ml2.drivers.ovn.mech_driver.ovsdb.ovsdb_monitor [None req-f74bc24a-7f33-490e-9673-cc94fff1f30f None None] Hash Ring: Node c08f16f6800f5bed95f17eb0e907687a (host: np0000177217) handling event "create" for row 7bc3205c-78d1-4054-8afe-d27c18c72e44 (table: NB_Global) {{(pid=102893) notify /opt/stack/neutron/neutron/plugins/ml2/drivers/ovn/mech_driver/ovsdb/ovsdb_monitor.py:986}}
May 28 16:27:27.897721 np0000177217 devstack@neutron-api.service[102893]: DEBUG neutron.plugins.ml2.drivers.ovn.mech_driver.ovsdb.ovsdb_monitor [None req-f74bc24a-7f33-490e-9673-cc94fff1f30f None None] Hash Ring: Node c08f16f6800f5bed95f17eb0e907687a (host: np0000177217) handling event "create" for row 2040152b-cad4-4b2f-91c1-d46b3cfe2c63 (table: Port_Group) {{(pid=102893) notify /opt/stack/neutron/neutron/plugins/ml2/drivers/ovn/mech_driver/ovsdb/ovsdb_monitor.py:986}}
May 28 16:27:27.898598 np0000177217 devstack@neutron-api.service[102893]: INFO neutron.plugins.ml2.drivers.ovn.mech_driver.ovsdb.impl_idl_ovn [None req-f74bc24a-7f33-490e-9673-cc94fff1f30f None None] Getting OvsdbSbOvnIdl for WorkerService with retry
May 28 16:27:27.901602 np0000177217 devstack@neutron-api.service[102892]: DEBUG neutron.common.ovn.hash_ring_manager [None req-f9508fc6-03ef-401e-ba4a-b0b3a28eb4ab None None] Allow caching, nodes 4>=4 {{(pid=102892) _wait_startup_before_caching /opt/stack/neutron/neutron/common/ovn/hash_ring_manager.py:65}}
May 28 16:27:27.907401 np0000177217 devstack@neutron-api.service[102892]: DEBUG neutron.common.ovn.hash_ring_manager [None req-f9508fc6-03ef-401e-ba4a-b0b3a28eb4ab None None] Hash Ring loaded. 4 active nodes. 0 offline nodes {{(pid=102892) _load_hash_ring /opt/stack/neutron/neutron/common/ovn/hash_ring_manager.py:102}}
May 28 16:27:27.908343 np0000177217 devstack@neutron-api.service[102892]: INFO neutron.plugins.ml2.drivers.ovn.mech_driver.ovsdb.impl_idl_ovn [None req-f9508fc6-03ef-401e-ba4a-b0b3a28eb4ab None None] Getting OvsdbSbOvnIdl for WorkerService with retry
May 28 16:27:27.922442 np0000177217 devstack@neutron-api.service[102890]: DEBUG ovsdbapp.backend.ovs_idl [None req-2da1f9ff-2e7c-4a95-a927-faecbf486247 None None] Created lookup_table index Chassis.name {{(pid=102890) autocreate_indices /opt/stack/data/venv/lib/python3.12/site-packages/ovsdbapp/backend/ovs_idl/__init__.py:87}}
May 28 16:27:27.922529 np0000177217 devstack@neutron-api.service[102890]: DEBUG ovsdbapp.backend.ovs_idl [None req-2da1f9ff-2e7c-4a95-a927-faecbf486247 None None] Created lookup_table index Port_Binding.logical_port {{(pid=102890) autocreate_indices /opt/stack/data/venv/lib/python3.12/site-packages/ovsdbapp/backend/ovs_idl/__init__.py:87}}
May 28 16:27:27.922630 np0000177217 devstack@neutron-api.service[102890]: DEBUG ovsdbapp.backend.ovs_idl [None req-2da1f9ff-2e7c-4a95-a927-faecbf486247 None None] Created schema index Chassis_Private.name {{(pid=102890) autocreate_indices /opt/stack/data/venv/lib/python3.12/site-packages/ovsdbapp/backend/ovs_idl/__init__.py:106}}
May 28 16:27:27.922776 np0000177217 devstack@neutron-api.service[102890]: DEBUG ovsdbapp.backend.ovs_idl [None req-2da1f9ff-2e7c-4a95-a927-faecbf486247 None None] Created schema index Datapath_Binding.tunnel_key {{(pid=102890) autocreate_indices /opt/stack/data/venv/lib/python3.12/site-packages/ovsdbapp/backend/ovs_idl/__init__.py:106}}
May 28 16:27:27.924618 np0000177217 devstack@neutron-api.service[102890]: INFO ovsdbapp.backend.ovs_idl.vlog [None req-2da1f9ff-2e7c-4a95-a927-faecbf486247 None None] ssl:199.204.45.95:6642: connecting...
May 28 16:27:27.928619 np0000177217 devstack@neutron-api.service[102893]: DEBUG ovsdbapp.backend.ovs_idl [None req-f74bc24a-7f33-490e-9673-cc94fff1f30f None None] Created lookup_table index Chassis.name {{(pid=102893) autocreate_indices /opt/stack/data/venv/lib/python3.12/site-packages/ovsdbapp/backend/ovs_idl/__init__.py:87}}
May 28 16:27:27.928712 np0000177217 devstack@neutron-api.service[102893]: DEBUG ovsdbapp.backend.ovs_idl [None req-f74bc24a-7f33-490e-9673-cc94fff1f30f None None] Created lookup_table index Port_Binding.logical_port {{(pid=102893) autocreate_indices /opt/stack/data/venv/lib/python3.12/site-packages/ovsdbapp/backend/ovs_idl/__init__.py:87}}
May 28 16:27:27.928848 np0000177217 devstack@neutron-api.service[102893]: DEBUG ovsdbapp.backend.ovs_idl [None req-f74bc24a-7f33-490e-9673-cc94fff1f30f None None] Created schema index Chassis_Private.name {{(pid=102893) autocreate_indices /opt/stack/data/venv/lib/python3.12/site-packages/ovsdbapp/backend/ovs_idl/__init__.py:106}}
May 28 16:27:27.928907 np0000177217 devstack@neutron-api.service[102890]: INFO ovsdbapp.backend.ovs_idl.vlog [None req-2da1f9ff-2e7c-4a95-a927-faecbf486247 None None] ssl:199.204.45.95:6642: connected
May 28 16:27:27.929010 np0000177217 devstack@neutron-api.service[102893]: DEBUG ovsdbapp.backend.ovs_idl [None req-f74bc24a-7f33-490e-9673-cc94fff1f30f None None] Created schema index Datapath_Binding.tunnel_key {{(pid=102893) autocreate_indices /opt/stack/data/venv/lib/python3.12/site-packages/ovsdbapp/backend/ovs_idl/__init__.py:106}}
May 28 16:27:27.930789 np0000177217 devstack@neutron-api.service[102893]: INFO ovsdbapp.backend.ovs_idl.vlog [None req-f74bc24a-7f33-490e-9673-cc94fff1f30f None None] ssl:199.204.45.95:6642: connecting...
May 28 16:27:27.935246 np0000177217 devstack@neutron-api.service[102893]: INFO ovsdbapp.backend.ovs_idl.vlog [None req-f74bc24a-7f33-490e-9673-cc94fff1f30f None None] ssl:199.204.45.95:6642: connected
May 28 16:27:27.935947 np0000177217 devstack@neutron-api.service[102892]: DEBUG ovsdbapp.backend.ovs_idl [None req-f9508fc6-03ef-401e-ba4a-b0b3a28eb4ab None None] Created lookup_table index Chassis.name {{(pid=102892) autocreate_indices /opt/stack/data/venv/lib/python3.12/site-packages/ovsdbapp/backend/ovs_idl/__init__.py:87}}
May 28 16:27:27.936043 np0000177217 devstack@neutron-api.service[102892]: DEBUG ovsdbapp.backend.ovs_idl [None req-f9508fc6-03ef-401e-ba4a-b0b3a28eb4ab None None] Created lookup_table index Port_Binding.logical_port {{(pid=102892) autocreate_indices /opt/stack/data/venv/lib/python3.12/site-packages/ovsdbapp/backend/ovs_idl/__init__.py:87}}
May 28 16:27:27.936133 np0000177217 devstack@neutron-api.service[102892]: DEBUG ovsdbapp.backend.ovs_idl [None req-f9508fc6-03ef-401e-ba4a-b0b3a28eb4ab None None] Created schema index Chassis_Private.name {{(pid=102892) autocreate_indices /opt/stack/data/venv/lib/python3.12/site-packages/ovsdbapp/backend/ovs_idl/__init__.py:106}}
May 28 16:27:27.936236 np0000177217 devstack@neutron-api.service[102892]: DEBUG ovsdbapp.backend.ovs_idl [None req-f9508fc6-03ef-401e-ba4a-b0b3a28eb4ab None None] Created schema index Datapath_Binding.tunnel_key {{(pid=102892) autocreate_indices /opt/stack/data/venv/lib/python3.12/site-packages/ovsdbapp/backend/ovs_idl/__init__.py:106}}
May 28 16:27:27.938219 np0000177217 devstack@neutron-api.service[102892]: INFO ovsdbapp.backend.ovs_idl.vlog [None req-f9508fc6-03ef-401e-ba4a-b0b3a28eb4ab None None] ssl:199.204.45.95:6642: connecting...
May 28 16:27:27.942925 np0000177217 devstack@neutron-api.service[102892]: INFO ovsdbapp.backend.ovs_idl.vlog [None req-f9508fc6-03ef-401e-ba4a-b0b3a28eb4ab None None] ssl:199.204.45.95:6642: connected
May 28 16:27:27.955714 np0000177217 devstack@neutron-api.service[102890]: DEBUG neutron.common.ovn.hash_ring_manager [None req-2da1f9ff-2e7c-4a95-a927-faecbf486247 None None] Allow caching, nodes 4>=4 {{(pid=102890) _wait_startup_before_caching /opt/stack/neutron/neutron/common/ovn/hash_ring_manager.py:65}}
May 28 16:27:27.959673 np0000177217 devstack@neutron-api.service[102890]: DEBUG neutron.common.ovn.hash_ring_manager [None req-2da1f9ff-2e7c-4a95-a927-faecbf486247 None None] Hash Ring loaded. 4 active nodes. 0 offline nodes {{(pid=102890) _load_hash_ring /opt/stack/neutron/neutron/common/ovn/hash_ring_manager.py:102}}
May 28 16:27:27.959804 np0000177217 devstack@neutron-api.service[102890]: DEBUG neutron.plugins.ml2.drivers.ovn.mech_driver.ovsdb.ovsdb_monitor [None req-2da1f9ff-2e7c-4a95-a927-faecbf486247 None None] Hash Ring: Node 883f2381c26e5476ba86291fc73af342 (host: np0000177217) handling event "create" for row 85c36027-f965-4471-9163-45945cc2a98c (table: Chassis) {{(pid=102890) notify /opt/stack/neutron/neutron/plugins/ml2/drivers/ovn/mech_driver/ovsdb/ovsdb_monitor.py:986}}
May 28 16:27:27.960543 np0000177217 devstack@neutron-api.service[102890]: DEBUG ovsdbapp.backend.ovs_idl.event [None req-2da1f9ff-2e7c-4a95-a927-faecbf486247 None None] Matched CREATE: ChassisBandwidthConfigEvent(events=('create', 'update'), table='Chassis', conditions=None, old_conditions=None), priority=20 to row=Chassis(uuid=85c36027-f965-4471-9163-45945cc2a98c, encaps=[510eb862-800f-47b6-a8b8-a7dd4ca80ab1], external_ids={}, hostname='np0000177217', name='089c03d5-58f5-4825-8cbf-840bb3d6010e', nb_cfg=0, other_config={'ct-commit-nat-v2': 'true', 'ct-commit-to-zone': 'true', 'ct-next-zone': 'true', 'ct-no-masked-label': 'true', 'ct-state-save': 'true', 'datapath-type': 'system', 'fdb-timestamp': 'true', 'iface-types': 'afxdp,afxdp-nonpmd,bareudp,erspan,geneve,gre,gtpu,internal,ip6erspan,ip6gre,lisp,patch,srv6,stt,system,tap,vxlan', 'is-interconn': 'false', 'ls-dpg-column': 'true', 'mac-binding-timestamp': 'true', 'ovn-bridge-mappings': 'public:br-ex', 'ovn-chassis-mac-mappings': '', 'ovn-cms-options': 'enable-chassis-as-gw', 'ovn-ct-lb-related': 'true', 'ovn-enable-lflow-cache': 'true', 'ovn-limit-lflow-cache': '', 'ovn-memlimit-lflow-cache-kb': '', 'ovn-monitor-all': 'false', 'ovn-trim-limit-lflow-cache': '', 'ovn-trim-timeout-ms': '', 'ovn-trim-wmark-perc-lflow-cache': '', 'port-up-notif': 'true'}, transport_zones=[], vtep_logical_switches=[]) old= {{(pid=102890) matches /opt/stack/data/venv/lib/python3.12/site-packages/ovsdbapp/backend/ovs_idl/event.py:55}}
May 28 16:27:27.961032 np0000177217 devstack@neutron-api.service[102890]: DEBUG neutron.plugins.ml2.drivers.ovn.mech_driver.ovsdb.ovsdb_monitor [None req-2da1f9ff-2e7c-4a95-a927-faecbf486247 None None] ChassisOVNAgentWriteEvent : Matched Chassis_Private, create, None None {{(pid=102890) matches /opt/stack/neutron/neutron/plugins/ml2/drivers/ovn/mech_driver/ovsdb/ovsdb_monitor.py:64}}
May 28 16:27:27.961111 np0000177217 devstack@neutron-api.service[102890]: DEBUG neutron.plugins.ml2.drivers.ovn.mech_driver.ovsdb.ovsdb_monitor [None req-2da1f9ff-2e7c-4a95-a927-faecbf486247 None None] ChassisAgentWriteEvent : Matched Chassis_Private, create, None None {{(pid=102890) matches /opt/stack/neutron/neutron/plugins/ml2/drivers/ovn/mech_driver/ovsdb/ovsdb_monitor.py:64}}
May 28 16:27:27.962453 np0000177217 devstack@neutron-api.service[102890]: INFO neutron.plugins.ml2.drivers.ovn.mech_driver.mech_driver [None req-2da1f9ff-2e7c-4a95-a927-faecbf486247 None None] WorkerService process has finished the post initialization
May 28 16:27:27.963321 np0000177217 devstack@neutron-api.service[102893]: DEBUG neutron.common.ovn.hash_ring_manager [None req-f74bc24a-7f33-490e-9673-cc94fff1f30f None None] Allow caching, nodes 4>=4 {{(pid=102893) _wait_startup_before_caching /opt/stack/neutron/neutron/common/ovn/hash_ring_manager.py:65}}
May 28 16:27:27.963634 np0000177217 devstack@neutron-api.service[102890]: INFO neutron.plugins.ml2.drivers.ovn.mech_driver.ovsdb.extensions.qos [-] Starting OVNClientQosExtension
May 28 16:27:27.964304 np0000177217 devstack@neutron-api.service[102890]: INFO neutron.plugins.ml2.drivers.ovn.mech_driver.ovsdb.extensions.placement [-] Starting OVNClientPlacementExtension
May 28 16:27:27.966917 np0000177217 devstack@neutron-api.service[102890]: WSGI app 0 (mountpoint='') ready in 6 seconds on interpreter 0x7c94704a3668 pid: 102890 (default app)
May 28 16:27:27.967520 np0000177217 devstack@neutron-api.service[102893]: DEBUG neutron.common.ovn.hash_ring_manager [None req-f74bc24a-7f33-490e-9673-cc94fff1f30f None None] Hash Ring loaded. 4 active nodes. 0 offline nodes {{(pid=102893) _load_hash_ring /opt/stack/neutron/neutron/common/ovn/hash_ring_manager.py:102}}
May 28 16:27:27.967664 np0000177217 devstack@neutron-api.service[102893]: DEBUG neutron.plugins.ml2.drivers.ovn.mech_driver.ovsdb.ovsdb_monitor [None req-f74bc24a-7f33-490e-9673-cc94fff1f30f None None] ChassisOVNAgentWriteEvent : Matched Chassis_Private, create, None None {{(pid=102893) matches /opt/stack/neutron/neutron/plugins/ml2/drivers/ovn/mech_driver/ovsdb/ovsdb_monitor.py:64}}
May 28 16:27:27.967664 np0000177217 devstack@neutron-api.service[102893]: DEBUG neutron.plugins.ml2.drivers.ovn.mech_driver.ovsdb.ovsdb_monitor [None req-f74bc24a-7f33-490e-9673-cc94fff1f30f None None] ChassisAgentWriteEvent : Matched Chassis_Private, create, None None {{(pid=102893) matches /opt/stack/neutron/neutron/plugins/ml2/drivers/ovn/mech_driver/ovsdb/ovsdb_monitor.py:64}}
May 28 16:27:27.968128 np0000177217 devstack@neutron-api.service[102893]: DEBUG neutron.plugins.ml2.drivers.ovn.mech_driver.ovsdb.ovsdb_monitor [None req-f74bc24a-7f33-490e-9673-cc94fff1f30f None None] Hash Ring: Node c08f16f6800f5bed95f17eb0e907687a (host: np0000177217) handling event "create" for row 510eb862-800f-47b6-a8b8-a7dd4ca80ab1 (table: Encap) {{(pid=102893) notify /opt/stack/neutron/neutron/plugins/ml2/drivers/ovn/mech_driver/ovsdb/ovsdb_monitor.py:986}}
May 28 16:27:27.969888 np0000177217 devstack@neutron-api.service[102893]: INFO neutron.plugins.ml2.drivers.ovn.mech_driver.mech_driver [None req-f74bc24a-7f33-490e-9673-cc94fff1f30f None None] WorkerService process has finished the post initialization
May 28 16:27:27.971167 np0000177217 devstack@neutron-api.service[102893]: WSGI app 0 (mountpoint='') ready in 6 seconds on interpreter 0x7c94704a3668 pid: 102893 (default app)
May 28 16:27:27.972211 np0000177217 devstack@neutron-api.service[102892]: DEBUG neutron.common.ovn.hash_ring_manager [None req-f9508fc6-03ef-401e-ba4a-b0b3a28eb4ab None None] Allow caching, nodes 4>=4 {{(pid=102892) _wait_startup_before_caching /opt/stack/neutron/neutron/common/ovn/hash_ring_manager.py:65}}
May 28 16:27:27.975944 np0000177217 devstack@neutron-api.service[102892]: DEBUG neutron.common.ovn.hash_ring_manager [None req-f9508fc6-03ef-401e-ba4a-b0b3a28eb4ab None None] Hash Ring loaded. 4 active nodes. 0 offline nodes {{(pid=102892) _load_hash_ring /opt/stack/neutron/neutron/common/ovn/hash_ring_manager.py:102}}
May 28 16:27:27.976156 np0000177217 devstack@neutron-api.service[102892]: DEBUG neutron.plugins.ml2.drivers.ovn.mech_driver.ovsdb.ovsdb_monitor [None req-f9508fc6-03ef-401e-ba4a-b0b3a28eb4ab None None] ChassisOVNAgentWriteEvent : Matched Chassis_Private, create, None None {{(pid=102892) matches /opt/stack/neutron/neutron/plugins/ml2/drivers/ovn/mech_driver/ovsdb/ovsdb_monitor.py:64}}
May 28 16:27:27.976268 np0000177217 devstack@neutron-api.service[102892]: DEBUG neutron.plugins.ml2.drivers.ovn.mech_driver.ovsdb.ovsdb_monitor [None req-f9508fc6-03ef-401e-ba4a-b0b3a28eb4ab None None] ChassisAgentWriteEvent : Matched Chassis_Private, create, None None {{(pid=102892) matches /opt/stack/neutron/neutron/plugins/ml2/drivers/ovn/mech_driver/ovsdb/ovsdb_monitor.py:64}}
May 28 16:27:27.977402 np0000177217 devstack@neutron-api.service[102892]: INFO neutron.plugins.ml2.drivers.ovn.mech_driver.mech_driver [None req-f9508fc6-03ef-401e-ba4a-b0b3a28eb4ab None None] WorkerService process has finished the post initialization
May 28 16:27:27.980289 np0000177217 devstack@neutron-api.service[102892]: WSGI app 0 (mountpoint='') ready in 6 seconds on interpreter 0x7c94704a3668 pid: 102892 (default app)
May 28 16:27:30.368808 np0000177217 devstack@neutron-api.service[102891]: DEBUG neutron.plugins.ml2.drivers.ovn.mech_driver.ovsdb.ovsdb_monitor [-] Hash Ring: Node 8d3c5743e92154f297b9805f31ca3c73 (host: np0000177217) handling event "update" for row 04de8eec-1cfc-4cf6-80be-2d3b1b8ce02e (table: Connection) {{(pid=102891) notify /opt/stack/neutron/neutron/plugins/ml2/drivers/ovn/mech_driver/ovsdb/ovsdb_monitor.py:986}}
May 28 16:27:30.370843 np0000177217 devstack@neutron-api.service[102893]: DEBUG neutron.plugins.ml2.drivers.ovn.mech_driver.ovsdb.ovsdb_monitor [-] Hash Ring: Node c08f16f6800f5bed95f17eb0e907687a (host: np0000177217) handling event "update" for row 04de8eec-1cfc-4cf6-80be-2d3b1b8ce02e (table: Connection) {{(pid=102893) notify /opt/stack/neutron/neutron/plugins/ml2/drivers/ovn/mech_driver/ovsdb/ovsdb_monitor.py:986}}
May 28 16:27:32.872847 np0000177217 devstack@neutron-api.service[102891]: DEBUG neutron.plugins.ml2.drivers.ovn.mech_driver.ovsdb.ovsdb_monitor [-] Hash Ring: Node 8d3c5743e92154f297b9805f31ca3c73 (host: np0000177217) handling event "update" for row 04de8eec-1cfc-4cf6-80be-2d3b1b8ce02e (table: Connection) {{(pid=102891) notify /opt/stack/neutron/neutron/plugins/ml2/drivers/ovn/mech_driver/ovsdb/ovsdb_monitor.py:986}}
May 28 16:27:32.874438 np0000177217 devstack@neutron-api.service[102893]: DEBUG neutron.plugins.ml2.drivers.ovn.mech_driver.ovsdb.ovsdb_monitor [-] Hash Ring: Node c08f16f6800f5bed95f17eb0e907687a (host: np0000177217) handling event "update" for row 04de8eec-1cfc-4cf6-80be-2d3b1b8ce02e (table: Connection) {{(pid=102893) notify /opt/stack/neutron/neutron/plugins/ml2/drivers/ovn/mech_driver/ovsdb/ovsdb_monitor.py:986}}
May 28 16:27:34.006009 np0000177217 devstack@neutron-api.service[102891]: DEBUG neutron.api.wsgi [None req-a25dfa09-24c9-443d-9850-71f196ae9b3a admin admin] Missing Content-Type {{(pid=102891) get_content_type /opt/stack/neutron/neutron/api/wsgi.py:80}}
May 28 16:27:34.006607 np0000177217 devstack@neutron-api.service[102891]: DEBUG neutron.api.wsgi [None req-a25dfa09-24c9-443d-9850-71f196ae9b3a admin admin] https://199.204.45.95/networking/v2.0/extensions returned with HTTP 200 {{(pid=102891) __call__ /opt/stack/neutron/neutron/api/wsgi.py:540}}
May 28 16:27:34.006794 np0000177217 devstack@neutron-api.service[102891]: [pid: 102891|app: 0|req: 2/2] 199.204.45.95 () {64 vars in 1316 bytes} [Thu May 28 16:27:33 2026] GET /networking/v2.0/extensions => generated 15209 bytes in 265 msecs (HTTP/1.1 200) 4 headers in 159 bytes (1 switches on core 0)
May 28 16:27:34.394025 np0000177217 devstack@neutron-api.service[102890]: DEBUG neutron.api.v2.base [None req-ba1949d1-a6a0-451b-ad62-7dd5ae1cb3a5 admin admin] Request body: {'subnetpool': {'is_default': True, 'name': 'shared-default-subnetpool-v4', 'shared': True, 'default_prefixlen': 26, 'prefixes': ['10.1.0.0/20']}} {{(pid=102890) prepare_request_body /opt/stack/neutron/neutron/api/v2/base.py:727}}
May 28 16:27:34.589615 np0000177217 devstack@neutron-api.service[102890]: DEBUG neutron.policy [None req-ba1949d1-a6a0-451b-ad62-7dd5ae1cb3a5 admin admin] Loaded default policies from ['neutron'] under neutron.policies entry points {{(pid=102890) register_rules /opt/stack/neutron/neutron/policy.py:65}}
May 28 16:27:34.733574 np0000177217 devstack@neutron-api.service[102890]: DEBUG neutron_lib.callbacks.manager [None req-ba1949d1-a6a0-451b-ad62-7dd5ae1cb3a5 admin admin] Publish callbacks ['neutron.objects.securitygroup.RbacNeutronDbObjectMixin.validate_rbac_policy_change-2104996864685', 'neutron.objects.address_group.RbacNeutronDbObjectMixin.validate_rbac_policy_change-2104996837758', 'neutron.objects.network.RbacNeutronDbObjectMixin.validate_rbac_policy_change-2104996703696', 'neutron.objects.qos.policy.RbacNeutronDbObjectMixin.validate_rbac_policy_change-2104996715016', 'neutron.objects.subnetpool.RbacNeutronDbObjectMixin.validate_rbac_policy_change-2104996724169', 'neutron.objects.address_scope.RbacNeutronDbObjectMixin.validate_rbac_policy_change-2104996681771', 'neutron.plugins.ml2.plugin.External_net_db_mixin._process_ext_policy_create-176455', 'neutron.plugins.ml2.plugin.NeutronDbPluginV2.validate_network_rbac_policy_change-137535'] for rbac-policy (None), before_create {{(pid=102890) _notify_loop /opt/stack/data/venv/lib/python3.12/site-packages/neutron_lib/callbacks/manager.py:184}}
May 28 16:27:34.782713 np0000177217 devstack@neutron-api.service[102890]: DEBUG neutron_lib.callbacks.manager [None req-ba1949d1-a6a0-451b-ad62-7dd5ae1cb3a5 admin admin] Publish callbacks [] for subnetpool (None), before_response {{(pid=102890) _notify_loop /opt/stack/data/venv/lib/python3.12/site-packages/neutron_lib/callbacks/manager.py:184}}
May 28 16:27:34.782713 np0000177217 devstack@neutron-api.service[102890]: [pid: 102890|app: 0|req: 1/3] 199.204.45.95 () {68 vars in 1360 bytes} [Thu May 28 16:27:34 2026] POST /networking/v2.0/subnetpools => generated 533 bytes in 492 msecs (HTTP/1.1 201) 4 headers in 162 bytes (1 switches on core 0)
May 28 16:27:35.098189 np0000177217 devstack@neutron-api.service[102893]: DEBUG neutron.api.v2.base [None req-4f5fea20-d939-459a-9318-0c88940ffd39 admin admin] Request body: {'subnetpool': {'is_default': True, 'name': 'shared-default-subnetpool-v6', 'shared': True, 'default_prefixlen': 64, 'prefixes': ['fdeb:90e6:8c18::/56']}} {{(pid=102893) prepare_request_body /opt/stack/neutron/neutron/api/v2/base.py:727}}
May 28 16:27:35.274855 np0000177217 devstack@neutron-api.service[102893]: DEBUG neutron.policy [None req-4f5fea20-d939-459a-9318-0c88940ffd39 admin admin] Loaded default policies from ['neutron'] under neutron.policies entry points {{(pid=102893) register_rules /opt/stack/neutron/neutron/policy.py:65}}
May 28 16:27:35.437637 np0000177217 devstack@neutron-api.service[102893]: DEBUG neutron_lib.callbacks.manager [None req-4f5fea20-d939-459a-9318-0c88940ffd39 admin admin] Publish callbacks ['neutron.objects.securitygroup.RbacNeutronDbObjectMixin.validate_rbac_policy_change-2104996881457', 'neutron.objects.address_group.RbacNeutronDbObjectMixin.validate_rbac_policy_change-2104996842461', 'neutron.objects.network.RbacNeutronDbObjectMixin.validate_rbac_policy_change-2104996724259', 'neutron.objects.qos.policy.RbacNeutronDbObjectMixin.validate_rbac_policy_change-2104996719451', 'neutron.objects.subnetpool.RbacNeutronDbObjectMixin.validate_rbac_policy_change-2104996695977', 'neutron.objects.address_scope.RbacNeutronDbObjectMixin.validate_rbac_policy_change-2104996684763', 'neutron.plugins.ml2.plugin.External_net_db_mixin._process_ext_policy_create-39891', 'neutron.plugins.ml2.plugin.NeutronDbPluginV2.validate_network_rbac_policy_change-51179'] for rbac-policy (None), before_create {{(pid=102893) _notify_loop /opt/stack/data/venv/lib/python3.12/site-packages/neutron_lib/callbacks/manager.py:184}}
May 28 16:27:35.484169 np0000177217 devstack@neutron-api.service[102893]: DEBUG neutron_lib.callbacks.manager [None req-4f5fea20-d939-459a-9318-0c88940ffd39 admin admin] Publish callbacks [] for subnetpool (None), before_response {{(pid=102893) _notify_loop /opt/stack/data/venv/lib/python3.12/site-packages/neutron_lib/callbacks/manager.py:184}}
May 28 16:27:35.484418 np0000177217 devstack@neutron-api.service[102893]: [pid: 102893|app: 0|req: 1/4] 199.204.45.95 () {68 vars in 1360 bytes} [Thu May 28 16:27:34 2026] POST /networking/v2.0/subnetpools => generated 543 bytes in 492 msecs (HTTP/1.1 201) 4 headers in 162 bytes (1 switches on core 0)
May 28 16:27:35.890953 np0000177217 devstack@neutron-api.service[102892]: DEBUG neutron.api.v2.base [None req-5d178b86-8f17-4004-8e4c-41e2debf0cff admin admin] Request body: {'network': {'admin_state_up': True, 'name': 'private'}} {{(pid=102892) prepare_request_body /opt/stack/neutron/neutron/api/v2/base.py:727}}
May 28 16:27:35.925995 np0000177217 devstack@neutron-api.service[102892]: DEBUG neutron.pecan_wsgi.hooks.quota_enforcement [None req-5d178b86-8f17-4004-8e4c-41e2debf0cff admin admin] Made reservation on behalf of 3a3d0b1c18144b7096de707fbea5c236 for: {'network': 1} {{(pid=102892) before /opt/stack/neutron/neutron/pecan_wsgi/hooks/quota_enforcement.py:66}}
May 28 16:27:36.097507 np0000177217 devstack@neutron-api.service[102892]: DEBUG neutron.policy [None req-5d178b86-8f17-4004-8e4c-41e2debf0cff admin admin] Loaded default policies from ['neutron'] under neutron.policies entry points {{(pid=102892) register_rules /opt/stack/neutron/neutron/policy.py:65}}
May 28 16:27:36.205988 np0000177217 devstack@neutron-api.service[102892]: DEBUG neutron_lib.callbacks.manager [None req-5d178b86-8f17-4004-8e4c-41e2debf0cff admin admin] Publish callbacks ['neutron.plugins.ml2.plugin.SecurityGroupDbMixin._ensure_default_security_group_handler-147306'] for network (None), before_create {{(pid=102892) _notify_loop /opt/stack/data/venv/lib/python3.12/site-packages/neutron_lib/callbacks/manager.py:184}}
May 28 16:27:36.228207 np0000177217 devstack@neutron-api.service[102892]: DEBUG neutron_lib.callbacks.manager [None req-5d178b86-8f17-4004-8e4c-41e2debf0cff admin admin] Publish callbacks [] for security_group (None), before_create {{(pid=102892) _notify_loop /opt/stack/data/venv/lib/python3.12/site-packages/neutron_lib/callbacks/manager.py:184}}
May 28 16:27:36.327488 np0000177217 devstack@neutron-api.service[102892]: DEBUG neutron_lib.callbacks.manager [None req-5d178b86-8f17-4004-8e4c-41e2debf0cff admin admin] Publish callbacks ['neutron.plugins.ml2.drivers.ovn.mech_driver.mech_driver.OVNMechanismDriver._create_security_group_precommit-467633'] for security_group (9b97a4d5-57a4-4819-8f13-1e0c583aad91), precommit_create {{(pid=102892) _notify_loop /opt/stack/data/venv/lib/python3.12/site-packages/neutron_lib/callbacks/manager.py:184}}
May 28 16:27:36.327855 np0000177217 devstack@neutron-api.service[102892]: DEBUG neutron.db.ovn_revision_numbers_db [None req-5d178b86-8f17-4004-8e4c-41e2debf0cff admin admin] create_initial_revision uuid=9b97a4d5-57a4-4819-8f13-1e0c583aad91, type=security_groups, rev=-1 {{(pid=102892) create_initial_revision /opt/stack/neutron/neutron/db/ovn_revision_numbers_db.py:98}}
May 28 16:27:36.330250 np0000177217 devstack@neutron-api.service[102892]: DEBUG neutron.db.ovn_revision_numbers_db [None req-5d178b86-8f17-4004-8e4c-41e2debf0cff admin admin] create_initial_revision uuid=63b0b592-2f8f-4337-bee9-94b00c9397b8, type=security_group_rules, rev=-1 {{(pid=102892) create_initial_revision /opt/stack/neutron/neutron/db/ovn_revision_numbers_db.py:98}}
May 28 16:27:36.331422 np0000177217 devstack@neutron-api.service[102892]: DEBUG neutron.db.ovn_revision_numbers_db [None req-5d178b86-8f17-4004-8e4c-41e2debf0cff admin admin] create_initial_revision uuid=8971ec33-66d7-455f-b622-1c5cfa431eca, type=security_group_rules, rev=-1 {{(pid=102892) create_initial_revision /opt/stack/neutron/neutron/db/ovn_revision_numbers_db.py:98}}
May 28 16:27:36.332543 np0000177217 devstack@neutron-api.service[102892]: DEBUG neutron.db.ovn_revision_numbers_db [None req-5d178b86-8f17-4004-8e4c-41e2debf0cff admin admin] create_initial_revision uuid=cb090198-6b69-477e-a7c2-0ad47daad70d, type=security_group_rules, rev=-1 {{(pid=102892) create_initial_revision /opt/stack/neutron/neutron/db/ovn_revision_numbers_db.py:98}}
May 28 16:27:36.333848 np0000177217 devstack@neutron-api.service[102892]: DEBUG neutron.db.ovn_revision_numbers_db [None req-5d178b86-8f17-4004-8e4c-41e2debf0cff admin admin] create_initial_revision uuid=f49388c5-56a2-4ce3-866d-f193b9f70f4d, type=security_group_rules, rev=-1 {{(pid=102892) create_initial_revision /opt/stack/neutron/neutron/db/ovn_revision_numbers_db.py:98}}
May 28 16:27:36.340754 np0000177217 devstack@neutron-api.service[102892]: DEBUG neutron_lib.callbacks.manager [None req-5d178b86-8f17-4004-8e4c-41e2debf0cff admin admin] Publish callbacks ['neutron.plugins.ml2.drivers.ovn.mech_driver.mech_driver.OVNMechanismDriver._create_security_group-467643', 'neutron.plugins.ml2.ovo_rpc._ObjectChangeHandler.handle_event-15651770'] for security_group (9b97a4d5-57a4-4819-8f13-1e0c583aad91), after_create {{(pid=102892) _notify_loop /opt/stack/data/venv/lib/python3.12/site-packages/neutron_lib/callbacks/manager.py:184}}
May 28 16:27:36.341120 np0000177217 devstack@neutron-api.service[102892]: INFO neutron.plugins.ml2.drivers.ovn.mech_driver.ovsdb.extensions.qos [None req-5d178b86-8f17-4004-8e4c-41e2debf0cff admin admin] Starting OVNClientQosExtension
May 28 16:27:36.341120 np0000177217 devstack@neutron-api.service[102892]: INFO neutron.plugins.ml2.drivers.ovn.mech_driver.ovsdb.extensions.placement [None req-5d178b86-8f17-4004-8e4c-41e2debf0cff admin admin] Starting OVNClientPlacementExtension
May 28 16:27:36.343046 np0000177217 devstack@neutron-api.service[102892]: DEBUG ovsdbapp.backend.ovs_idl.transaction [-] Running txn n=1 command(idx=0): PgAddCommand(_result=None, name=pg_9b97a4d5_57a4_4819_8f13_1e0c583aad91, may_exist=False, columns={'acls': [], 'external_ids': {'neutron:security_group_id': '9b97a4d5-57a4-4819-8f13-1e0c583aad91'}}) {{(pid=102892) do_commit /opt/stack/data/venv/lib/python3.12/site-packages/ovsdbapp/backend/ovs_idl/transaction.py:89}}
May 28 16:27:36.345602 np0000177217 devstack@neutron-api.service[102892]: DEBUG ovsdbapp.backend.ovs_idl.transaction [-] Running txn n=1 command(idx=1): PgAclAddCommand(_result=None, entity=pg_9b97a4d5_57a4_4819_8f13_1e0c583aad91, direction=from-lport, priority=1002, match=inport == @pg_9b97a4d5_57a4_4819_8f13_1e0c583aad91 && ip6, action=allow-related, log=False, may_exist=True, severity=[], name=[], meter=[], external_ids={'neutron:security_group_rule_id': '63b0b592-2f8f-4337-bee9-94b00c9397b8'}) {{(pid=102892) do_commit /opt/stack/data/venv/lib/python3.12/site-packages/ovsdbapp/backend/ovs_idl/transaction.py:89}}
May 28 16:27:36.346285 np0000177217 devstack@neutron-api.service[102892]: DEBUG ovsdbapp.backend.ovs_idl.transaction [-] Running txn n=1 command(idx=2): PgAclAddCommand(_result=None, entity=pg_9b97a4d5_57a4_4819_8f13_1e0c583aad91, direction=to-lport, priority=1002, match=outport == @pg_9b97a4d5_57a4_4819_8f13_1e0c583aad91 && ip4 && ip4.src == $pg_9b97a4d5_57a4_4819_8f13_1e0c583aad91_ip4, action=allow-related, log=False, may_exist=True, severity=[], name=[], meter=[], external_ids={'neutron:security_group_rule_id': '8971ec33-66d7-455f-b622-1c5cfa431eca'}) {{(pid=102892) do_commit /opt/stack/data/venv/lib/python3.12/site-packages/ovsdbapp/backend/ovs_idl/transaction.py:89}}
May 28 16:27:36.346917 np0000177217 devstack@neutron-api.service[102892]: DEBUG ovsdbapp.backend.ovs_idl.transaction [-] Running txn n=1 command(idx=3): PgAclAddCommand(_result=None, entity=pg_9b97a4d5_57a4_4819_8f13_1e0c583aad91, direction=from-lport, priority=1002, match=inport == @pg_9b97a4d5_57a4_4819_8f13_1e0c583aad91 && ip4, action=allow-related, log=False, may_exist=True, severity=[], name=[], meter=[], external_ids={'neutron:security_group_rule_id': 'cb090198-6b69-477e-a7c2-0ad47daad70d'}) {{(pid=102892) do_commit /opt/stack/data/venv/lib/python3.12/site-packages/ovsdbapp/backend/ovs_idl/transaction.py:89}}
May 28 16:27:36.347218 np0000177217 devstack@neutron-api.service[102892]: DEBUG ovsdbapp.backend.ovs_idl.transaction [-] Running txn n=1 command(idx=4): PgAclAddCommand(_result=None, entity=pg_9b97a4d5_57a4_4819_8f13_1e0c583aad91, direction=to-lport, priority=1002, match=outport == @pg_9b97a4d5_57a4_4819_8f13_1e0c583aad91 && ip6 && ip6.src == $pg_9b97a4d5_57a4_4819_8f13_1e0c583aad91_ip6, action=allow-related, log=False, may_exist=True, severity=[], name=[], meter=[], external_ids={'neutron:security_group_rule_id': 'f49388c5-56a2-4ce3-866d-f193b9f70f4d'}) {{(pid=102892) do_commit /opt/stack/data/venv/lib/python3.12/site-packages/ovsdbapp/backend/ovs_idl/transaction.py:89}}
May 28 16:27:36.352932 np0000177217 devstack@neutron-api.service[102892]: DEBUG neutron.plugins.ml2.drivers.ovn.mech_driver.ovsdb.ovsdb_monitor [-] Hash Ring: Node c0e9fe3e883b5d229e64f2f8f60fc82e (host: np0000177217) handling event "create" for row 0de44f23-ff34-4e35-b17f-816616415f79 (table: ACL) {{(pid=102892) notify /opt/stack/neutron/neutron/plugins/ml2/drivers/ovn/mech_driver/ovsdb/ovsdb_monitor.py:986}}
May 28 16:27:36.353154 np0000177217 devstack@neutron-api.service[102892]: DEBUG neutron.plugins.ml2.drivers.ovn.mech_driver.ovsdb.ovsdb_monitor [-] Hash Ring: Node c0e9fe3e883b5d229e64f2f8f60fc82e (host: np0000177217) handling event "create" for row c43c1496-0a91-4ca0-a746-77245ae6fb89 (table: ACL) {{(pid=102892) notify /opt/stack/neutron/neutron/plugins/ml2/drivers/ovn/mech_driver/ovsdb/ovsdb_monitor.py:986}}
May 28 16:27:36.353154 np0000177217 devstack@neutron-api.service[102892]: DEBUG neutron.plugins.ml2.drivers.ovn.mech_driver.ovsdb.ovsdb_monitor [-] Hash Ring: Node c0e9fe3e883b5d229e64f2f8f60fc82e (host: np0000177217) handling event "create" for row dc0aa7ec-4f8c-455c-afe2-4cf38761d7c8 (table: Port_Group) {{(pid=102892) notify /opt/stack/neutron/neutron/plugins/ml2/drivers/ovn/mech_driver/ovsdb/ovsdb_monitor.py:986}}
May 28 16:27:36.356788 np0000177217 devstack@neutron-api.service[102890]: DEBUG neutron.plugins.ml2.drivers.ovn.mech_driver.ovsdb.ovsdb_monitor [-] Hash Ring: Node 883f2381c26e5476ba86291fc73af342 (host: np0000177217) handling event "create" for row 1a54a82c-a417-436d-9dac-8df70d3d8fba (table: ACL) {{(pid=102890) notify /opt/stack/neutron/neutron/plugins/ml2/drivers/ovn/mech_driver/ovsdb/ovsdb_monitor.py:986}}
May 28 16:27:36.357168 np0000177217 devstack@neutron-api.service[102890]: DEBUG neutron.plugins.ml2.drivers.ovn.mech_driver.ovsdb.ovsdb_monitor [-] Hash Ring: Node 883f2381c26e5476ba86291fc73af342 (host: np0000177217) handling event "create" for row 9a56813d-6c8d-4500-8c01-b777c814c1e8 (table: ACL) {{(pid=102890) notify /opt/stack/neutron/neutron/plugins/ml2/drivers/ovn/mech_driver/ovsdb/ovsdb_monitor.py:986}}
May 28 16:27:36.359398 np0000177217 devstack@neutron-api.service[102891]: DEBUG neutron.plugins.ml2.drivers.ovn.mech_driver.ovsdb.ovsdb_monitor [-] Hash Ring: Node 8d3c5743e92154f297b9805f31ca3c73 (host: np0000177217) handling event "create" for row 0de44f23-ff34-4e35-b17f-816616415f79 (table: ACL) {{(pid=102891) notify /opt/stack/neutron/neutron/plugins/ml2/drivers/ovn/mech_driver/ovsdb/ovsdb_monitor.py:986}}
May 28 16:27:36.359697 np0000177217 devstack@neutron-api.service[102891]: DEBUG neutron.plugins.ml2.drivers.ovn.mech_driver.ovsdb.ovsdb_monitor [-] Hash Ring: Node 8d3c5743e92154f297b9805f31ca3c73 (host: np0000177217) handling event "create" for row 1a54a82c-a417-436d-9dac-8df70d3d8fba (table: ACL) {{(pid=102891) notify /opt/stack/neutron/neutron/plugins/ml2/drivers/ovn/mech_driver/ovsdb/ovsdb_monitor.py:986}}
May 28 16:27:36.359697 np0000177217 devstack@neutron-api.service[102891]: DEBUG neutron.plugins.ml2.drivers.ovn.mech_driver.ovsdb.ovsdb_monitor [-] Hash Ring: Node 8d3c5743e92154f297b9805f31ca3c73 (host: np0000177217) handling event "create" for row 9a56813d-6c8d-4500-8c01-b777c814c1e8 (table: ACL) {{(pid=102891) notify /opt/stack/neutron/neutron/plugins/ml2/drivers/ovn/mech_driver/ovsdb/ovsdb_monitor.py:986}}
May 28 16:27:36.359820 np0000177217 devstack@neutron-api.service[102891]: DEBUG neutron.plugins.ml2.drivers.ovn.mech_driver.ovsdb.ovsdb_monitor [-] Hash Ring: Node 8d3c5743e92154f297b9805f31ca3c73 (host: np0000177217) handling event "create" for row c43c1496-0a91-4ca0-a746-77245ae6fb89 (table: ACL) {{(pid=102891) notify /opt/stack/neutron/neutron/plugins/ml2/drivers/ovn/mech_driver/ovsdb/ovsdb_monitor.py:986}}
May 28 16:27:36.359894 np0000177217 devstack@neutron-api.service[102891]: DEBUG neutron.plugins.ml2.drivers.ovn.mech_driver.ovsdb.ovsdb_monitor [-] Hash Ring: Node 8d3c5743e92154f297b9805f31ca3c73 (host: np0000177217) handling event "create" for row dc0aa7ec-4f8c-455c-afe2-4cf38761d7c8 (table: Port_Group) {{(pid=102891) notify /opt/stack/neutron/neutron/plugins/ml2/drivers/ovn/mech_driver/ovsdb/ovsdb_monitor.py:986}}
May 28 16:27:36.385128 np0000177217 devstack@neutron-api.service[102892]: INFO neutron.db.ovn_revision_numbers_db [None req-5d178b86-8f17-4004-8e4c-41e2debf0cff admin admin] Successfully bumped revision number for resource 9b97a4d5-57a4-4819-8f13-1e0c583aad91 (type: security_groups) to 1
May 28 16:27:36.399451 np0000177217 devstack@neutron-api.service[102892]: INFO neutron.db.ovn_revision_numbers_db [None req-5d178b86-8f17-4004-8e4c-41e2debf0cff admin admin] Successfully bumped revision number for resource 63b0b592-2f8f-4337-bee9-94b00c9397b8 (type: security_group_rules) to 0
May 28 16:27:36.411514 np0000177217 devstack@neutron-api.service[102892]: INFO neutron.db.ovn_revision_numbers_db [None req-5d178b86-8f17-4004-8e4c-41e2debf0cff admin admin] Successfully bumped revision number for resource 8971ec33-66d7-455f-b622-1c5cfa431eca (type: security_group_rules) to 0
May 28 16:27:36.422657 np0000177217 devstack@neutron-api.service[102892]: INFO neutron.db.ovn_revision_numbers_db [None req-5d178b86-8f17-4004-8e4c-41e2debf0cff admin admin] Successfully bumped revision number for resource cb090198-6b69-477e-a7c2-0ad47daad70d (type: security_group_rules) to 0
May 28 16:27:36.434446 np0000177217 devstack@neutron-api.service[102892]: INFO neutron.db.ovn_revision_numbers_db [None req-5d178b86-8f17-4004-8e4c-41e2debf0cff admin admin] Successfully bumped revision number for resource f49388c5-56a2-4ce3-866d-f193b9f70f4d (type: security_group_rules) to 0
May 28 16:27:36.459863 np0000177217 devstack@neutron-api.service[102892]: DEBUG neutron.api.rpc.handlers.resources_rpc [None req-5d178b86-8f17-4004-8e4c-41e2debf0cff admin admin] Pushing event updated for resources: {'SecurityGroup': ['ID=9b97a4d5-57a4-4819-8f13-1e0c583aad91,revision_number=1']} {{(pid=102892) push /opt/stack/neutron/neutron/api/rpc/handlers/resources_rpc.py:237}}
May 28 16:27:36.468506 np0000177217 devstack@neutron-api.service[102892]: DEBUG ovsdbapp.backend.ovs_idl.transaction [-] Running txn n=1 command(idx=0): CheckLivenessCommand(_result=None) {{(pid=102892) do_commit /opt/stack/data/venv/lib/python3.12/site-packages/ovsdbapp/backend/ovs_idl/transaction.py:89}}
May 28 16:27:36.506352 np0000177217 devstack@neutron-api.service[102893]: DEBUG neutron.plugins.ml2.drivers.ovn.mech_driver.ovsdb.ovsdb_monitor [-] Hash Ring: Node c08f16f6800f5bed95f17eb0e907687a (host: np0000177217) handling event "update" for row 7bc3205c-78d1-4054-8afe-d27c18c72e44 (table: NB_Global) {{(pid=102893) notify /opt/stack/neutron/neutron/plugins/ml2/drivers/ovn/mech_driver/ovsdb/ovsdb_monitor.py:986}}
May 28 16:27:36.508135 np0000177217 devstack@neutron-api.service[102891]: DEBUG neutron.plugins.ml2.drivers.ovn.mech_driver.ovsdb.ovsdb_monitor [-] Hash Ring: Node 8d3c5743e92154f297b9805f31ca3c73 (host: np0000177217) handling event "update" for row 7bc3205c-78d1-4054-8afe-d27c18c72e44 (table: NB_Global) {{(pid=102891) notify /opt/stack/neutron/neutron/plugins/ml2/drivers/ovn/mech_driver/ovsdb/ovsdb_monitor.py:986}}
May 28 16:27:36.509085 np0000177217 devstack@neutron-api.service[102893]: DEBUG neutron.plugins.ml2.drivers.ovn.mech_driver.ovsdb.ovsdb_monitor [-] Hash Ring: Node c08f16f6800f5bed95f17eb0e907687a (host: np0000177217) handling event "update" for row 7bc3205c-78d1-4054-8afe-d27c18c72e44 (table: NB_Global) {{(pid=102893) notify /opt/stack/neutron/neutron/plugins/ml2/drivers/ovn/mech_driver/ovsdb/ovsdb_monitor.py:986}}
May 28 16:27:36.509182 np0000177217 devstack@neutron-api.service[102891]: DEBUG neutron.plugins.ml2.drivers.ovn.mech_driver.ovsdb.ovsdb_monitor [-] Hash Ring: Node 8d3c5743e92154f297b9805f31ca3c73 (host: np0000177217) handling event "update" for row 7bc3205c-78d1-4054-8afe-d27c18c72e44 (table: NB_Global) {{(pid=102891) notify /opt/stack/neutron/neutron/plugins/ml2/drivers/ovn/mech_driver/ovsdb/ovsdb_monitor.py:986}}
May 28 16:27:36.509182 np0000177217 devstack@neutron-api.service[102891]: DEBUG neutron.plugins.ml2.drivers.ovn.mech_driver.ovsdb.ovsdb_monitor [-] Hash Ring: Node 8d3c5743e92154f297b9805f31ca3c73 (host: np0000177217) handling event "update" for row 7bc3205c-78d1-4054-8afe-d27c18c72e44 (table: NB_Global) {{(pid=102891) notify /opt/stack/neutron/neutron/plugins/ml2/drivers/ovn/mech_driver/ovsdb/ovsdb_monitor.py:986}}
May 28 16:27:36.511035 np0000177217 devstack@neutron-api.service[102893]: DEBUG neutron.plugins.ml2.drivers.ovn.mech_driver.ovsdb.ovsdb_monitor [-] ChassisAgentWriteEvent : Matched Chassis_Private, update, None None {{(pid=102893) matches /opt/stack/neutron/neutron/plugins/ml2/drivers/ovn/mech_driver/ovsdb/ovsdb_monitor.py:64}}
May 28 16:27:36.511210 np0000177217 devstack@neutron-api.service[102891]: DEBUG neutron.plugins.ml2.drivers.ovn.mech_driver.ovsdb.ovsdb_monitor [-] ChassisAgentWriteEvent : Matched Chassis_Private, update, None None {{(pid=102891) matches /opt/stack/neutron/neutron/plugins/ml2/drivers/ovn/mech_driver/ovsdb/ovsdb_monitor.py:64}}
May 28 16:27:36.513388 np0000177217 devstack@neutron-api.service[102890]: DEBUG neutron.plugins.ml2.drivers.ovn.mech_driver.ovsdb.ovsdb_monitor [-] ChassisAgentWriteEvent : Matched Chassis_Private, update, None None {{(pid=102890) matches /opt/stack/neutron/neutron/plugins/ml2/drivers/ovn/mech_driver/ovsdb/ovsdb_monitor.py:64}}
May 28 16:27:36.514418 np0000177217 devstack@neutron-api.service[102892]: DEBUG neutron.api.rpc.callbacks.version_manager [None req-5d178b86-8f17-4004-8e4c-41e2debf0cff admin admin] Tracked resource versions report:
May 28 16:27:36.514418 np0000177217 devstack@neutron-api.service[102892]: pushed versions:
May 28 16:27:36.514418 np0000177217 devstack@neutron-api.service[102892]: { 'AddressGroup': {'1.2'},
May 28 16:27:36.514418 np0000177217 devstack@neutron-api.service[102892]: 'Agent': {'1.1'},
May 28 16:27:36.514418 np0000177217 devstack@neutron-api.service[102892]: 'ConntrackHelper': {'1.0'},
May 28 16:27:36.514418 np0000177217 devstack@neutron-api.service[102892]: 'LocalIPAssociation': {'1.0'},
May 28 16:27:36.514418 np0000177217 devstack@neutron-api.service[102892]: 'Log': {'1.0'},
May 28 16:27:36.514418 np0000177217 devstack@neutron-api.service[102892]: 'NDPProxy': {'1.0'},
May 28 16:27:36.514418 np0000177217 devstack@neutron-api.service[102892]: 'Network': {'1.3'},
May 28 16:27:36.514418 np0000177217 devstack@neutron-api.service[102892]: 'Port': {'1.11'},
May 28 16:27:36.514418 np0000177217 devstack@neutron-api.service[102892]: 'PortForwarding': {'1.3'},
May 28 16:27:36.514418 np0000177217 devstack@neutron-api.service[102892]: 'QosPolicy': {'1.10'},
May 28 16:27:36.514418 np0000177217 devstack@neutron-api.service[102892]: 'SecurityGroup': {'1.6'},
May 28 16:27:36.514418 np0000177217 devstack@neutron-api.service[102892]: 'SecurityGroupRule': {'1.3'},
May 28 16:27:36.514418 np0000177217 devstack@neutron-api.service[102892]: 'SubPort': {'1.0'},
May 28 16:27:36.514418 np0000177217 devstack@neutron-api.service[102892]: 'Subnet': {'1.2'},
May 28 16:27:36.514418 np0000177217 devstack@neutron-api.service[102892]: 'Trunk': {'1.1'}}
May 28 16:27:36.514418 np0000177217 devstack@neutron-api.service[102892]: consumer versions:
May 28 16:27:36.514418 np0000177217 devstack@neutron-api.service[102892]: {}
May 28 16:27:36.514418 np0000177217 devstack@neutron-api.service[102892]: {{(pid=102892) report /opt/stack/neutron/neutron/api/rpc/callbacks/version_manager.py:183}}
May 28 16:27:36.516771 np0000177217 devstack@neutron-api.service[102893]: DEBUG neutron.plugins.ml2.drivers.ovn.mech_driver.ovsdb.ovsdb_monitor [-] Hash Ring: Node c08f16f6800f5bed95f17eb0e907687a (host: np0000177217) handling event "update" for row 7bc3205c-78d1-4054-8afe-d27c18c72e44 (table: NB_Global) {{(pid=102893) notify /opt/stack/neutron/neutron/plugins/ml2/drivers/ovn/mech_driver/ovsdb/ovsdb_monitor.py:986}}
May 28 16:27:36.517024 np0000177217 devstack@neutron-api.service[102891]: DEBUG neutron.plugins.ml2.drivers.ovn.mech_driver.ovsdb.ovsdb_monitor [-] Hash Ring: Node 8d3c5743e92154f297b9805f31ca3c73 (host: np0000177217) handling event "update" for row 7bc3205c-78d1-4054-8afe-d27c18c72e44 (table: NB_Global) {{(pid=102891) notify /opt/stack/neutron/neutron/plugins/ml2/drivers/ovn/mech_driver/ovsdb/ovsdb_monitor.py:986}}
May 28 16:27:36.517211 np0000177217 devstack@neutron-api.service[102893]: DEBUG neutron.plugins.ml2.drivers.ovn.mech_driver.ovsdb.ovsdb_monitor [-] Hash Ring: Node c08f16f6800f5bed95f17eb0e907687a (host: np0000177217) handling event "update" for row 7bc3205c-78d1-4054-8afe-d27c18c72e44 (table: NB_Global) {{(pid=102893) notify /opt/stack/neutron/neutron/plugins/ml2/drivers/ovn/mech_driver/ovsdb/ovsdb_monitor.py:986}}
May 28 16:27:36.518953 np0000177217 devstack@neutron-api.service[102891]: DEBUG neutron.common.ovn.hash_ring_manager [-] Allow caching, nodes 4>=4 {{(pid=102891) _wait_startup_before_caching /opt/stack/neutron/neutron/common/ovn/hash_ring_manager.py:65}}
May 28 16:27:36.519136 np0000177217 devstack@neutron-api.service[102891]: DEBUG neutron.plugins.ml2.drivers.ovn.mech_driver.ovsdb.ovsdb_monitor [-] Hash Ring: Node 8d3c5743e92154f297b9805f31ca3c73 (host: np0000177217) handling event "update" for row 9eb4407d-8eae-4d64-8a8f-066a56e8076f (table: Chassis_Private) {{(pid=102891) notify /opt/stack/neutron/neutron/plugins/ml2/drivers/ovn/mech_driver/ovsdb/ovsdb_monitor.py:986}}
May 28 16:27:36.519335 np0000177217 devstack@neutron-api.service[102890]: DEBUG neutron.plugins.ml2.drivers.ovn.mech_driver.ovsdb.ovsdb_monitor [-] ChassisOVNAgentWriteEvent : Matched Chassis_Private, update, None None {{(pid=102890) matches /opt/stack/neutron/neutron/plugins/ml2/drivers/ovn/mech_driver/ovsdb/ovsdb_monitor.py:64}}
May 28 16:27:36.519567 np0000177217 devstack@neutron-api.service[102893]: DEBUG neutron.plugins.ml2.drivers.ovn.mech_driver.ovsdb.ovsdb_monitor [-] ChassisOVNAgentWriteEvent : Matched Chassis_Private, update, None None {{(pid=102893) matches /opt/stack/neutron/neutron/plugins/ml2/drivers/ovn/mech_driver/ovsdb/ovsdb_monitor.py:64}}
